2026-02-17T20:09:31.873+0000 7fed90645640 1 -- 10.20.193.75:0/885700144 --> [v2:10.20.193.75:6800/2023304149,v1:10.20.193.75:6801/2023304149] -- command(tid 1: {"prefix": "mgr_status"}) -- 0x7fed8807c380 con 0x7fed640416d0
2026-02-17T20:09:31.921 INFO:teuthology.orchestra.run.trial075.stdout:/usr/bin/ceph: stderr
2026-02-17T20:09:31.874+0000 7fed6f7fe640 1 -- 10.20.193.75:0/885700144 <== mgr.14150 v2:10.20.193.75:6800/2023304149 2 ==== command_reply(tid 1: 0 ) ==== 8+0+52 (secure 0 0 0) 0x7fed8807c380 con 0x7fed640416d0
2026-02-17T20:09:31.921 INFO:teuthology.orchestra.run.trial075.stdout:/usr/bin/ceph: stderr
2026-02-17T20:09:31.874+0000 7fed90645640 1 -- 10.20.193.75:0/885700144 >> [v2:10.20.193.75:6800/2023304149,v1:10.20.193.75:6801/2023304149] conn(0x7fed640416d0 msgr2=0x7fed64043ac0 secure :-1 s=STATE_CONNECTION_ESTABLISHED l=1).mark_down
2026-02-17T20:09:31.921 INFO:teuthology.orchestra.run.trial075.stdout:/usr/bin/ceph: stderr
2026-02-17T20:09:31.874+0000 7fed90645640 1 --2- 10.20.193.75:0/885700144 >> [v2:10.20.193.75:6800/2023304149,v1:10.20.193.75:6801/2023304149] conn(0x7fed640416d0 0x7fed64043ac0 secure :-1 s=READY pgs=2 cs=0 l=1 rev1=1 crypto rx=0x7fed7c003a80 tx=0x7fed7c009290 comp rx=0 tx=0).stop
2026-02-17T20:09:31.921 INFO:teuthology.orchestra.run.trial075.stdout:/usr/bin/ceph: stderr
2026-02-17T20:09:31.874+0000 7fed90645640 1 -- 10.20.193.75:0/885700144 >> [v2:10.20.193.75:3300/0,v1:10.20.193.75:6789/0] conn(0x7fed8807de50 msgr2=0x7fed881a0310 secure :-1 s=STATE_CONNECTION_ESTABLISHED l=1).mark_down
2026-02-17T20:09:31.921 INFO:teuthology.orchestra.run.trial075.stdout:/usr/bin/ceph: stderr
2026-02-17T20:09:31.874+0000 7fed90645640 1 --2- 10.20.193.75:0/885700144 >> [v2:10.20.193.75:3300/0,v1:10.20.193.75:6789/0] conn(0x7fed8807de50 0x7fed881a0310 secure :-1 s=READY pgs=60 cs=0 l=1 rev1=1 crypto rx=0x7fed78037ef0 tx=0x7fed78035dc0 comp rx=0 tx=0).stop
2026-02-17T20:09:31.921 INFO:teuthology.orchestra.run.trial075.stdout:/usr/bin/ceph: stderr
2026-02-17T20:09:31.874+0000 7fed90645640 1 -- 10.20.193.75:0/885700144 shutdown_connections
2026-02-17T20:09:31.921 INFO:teuthology.orchestra.run.trial075.stdout:/usr/bin/ceph: stderr
2026-02-17T20:09:31.874+0000 7fed90645640 1 --2- 10.20.193.75:0/885700144 >> [v2:10.20.193.75:6800/2023304149,v1:10.20.193.75:6801/2023304149] conn(0x7fed640416d0 0x7fed64043ac0 unknown :-1 s=CLOSED pgs=2 cs=0 l=1 rev1=1 crypto rx=0 tx=0 comp rx=0 tx=0).stop
2026-02-17T20:09:31.921 INFO:teuthology.orchestra.run.trial075.stdout:/usr/bin/ceph: stderr
2026-02-17T20:09:31.874+0000 7fed90645640 1 --2- 10.20.193.75:0/885700144 >> [v2:10.20.193.75:6800/4254402747,v1:10.20.193.75:6801/4254402747] conn(0x7fed6403dbf0 0x7fed640400b0 unknown :-1 s=CLOSED pgs=0 cs=0 l=1 rev1=0 crypto rx=0 tx=0 comp rx=0 tx=0).stop
2026-02-17T20:09:31.921 INFO:teuthology.orchestra.run.trial075.stdout:/usr/bin/ceph: stderr
2026-02-17T20:09:31.874+0000 7fed90645640 1 --2- 10.20.193.75:0/885700144 >> [v2:10.20.193.75:3300/0,v1:10.20.193.75:6789/0] conn(0x7fed8807de50 0x7fed881a0310 unknown :-1 s=CLOSED pgs=60 cs=0 l=1 rev1=1 crypto rx=0 tx=0 comp rx=0 tx=0).stop
2026-02-17T20:09:31.921 INFO:teuthology.orchestra.run.trial075.stdout:/usr/bin/ceph: stderr
2026-02-17T20:09:31.874+0000 7fed90645640 1 -- 10.20.193.75:0/885700144 >> 10.20.193.75:0/885700144 conn(0x7fed88103a40 msgr2=0x7fed881045b0 unknown :-1 s=STATE_NONE l=0).mark_down
2026-02-17T20:09:31.921 INFO:teuthology.orchestra.run.trial075.stdout:/usr/bin/ceph: stderr
2026-02-17T20:09:31.874+0000 7fed90645640 1 -- 10.20.193.75:0/885700144 shutdown_connections
2026-02-17T20:09:31.921 INFO:teuthology.orchestra.run.trial075.stdout:/usr/bin/ceph: stderr
2026-02-17T20:09:31.874+0000 7fed90645640 1 -- 10.20.193.75:0/885700144 wait complete.
2026-02-17T20:09:31.922 INFO:teuthology.orchestra.run.trial075.stdout:mgr epoch 9 is available
2026-02-17T20:09:31.922 INFO:teuthology.orchestra.run.trial075.stdout:Generating a dashboard self-signed certificate...
2026-02-17T20:09:32.194 INFO:teuthology.orchestra.run.trial075.stdout:/usr/bin/ceph: stdout Self-signed certificate created
2026-02-17T20:09:32.195 INFO:teuthology.orchestra.run.trial075.stdout:/usr/bin/ceph: stderr
2026-02-17T20:09:32.003+0000 7f857f339640 1 Processor -- start
2026-02-17T20:09:32.195 INFO:teuthology.orchestra.run.trial075.stdout:/usr/bin/ceph: stderr
2026-02-17T20:09:32.003+0000 7f857f339640 1 -- start start
2026-02-17T20:09:32.195 INFO:teuthology.orchestra.run.trial075.stdout:/usr/bin/ceph: stderr
2026-02-17T20:09:32.003+0000 7f857f339640 1 --2- >> [v2:10.20.193.75:3300/0,v1:10.20.193.75:6789/0] conn(0x7f857810a470 0x7f857810a870 unknown :-1 s=NONE pgs=0 cs=0 l=0 rev1=0 crypto rx=0 tx=0 comp rx=0 tx=0).connect
2026-02-17T20:09:32.195 INFO:teuthology.orchestra.run.trial075.stdout:/usr/bin/ceph: stderr
2026-02-17T20:09:32.003+0000 7f857f339640 1 -- --> [v2:10.20.193.75:3300/0,v1:10.20.193.75:6789/0] -- mon_getmap magic: 0 -- 0x7f857810ae40 con 0x7f857810a470
2026-02-17T20:09:32.195 INFO:teuthology.orchestra.run.trial075.stdout:/usr/bin/ceph: stderr
2026-02-17T20:09:32.003+0000 7f857d0ae640 1 --2- >> [v2:10.20.193.75:3300/0,v1:10.20.193.75:6789/0] conn(0x7f857810a470 0x7f857810a870 unknown :-1 s=BANNER_CONNECTING pgs=0 cs=0 l=0 rev1=0 crypto rx=0 tx=0 comp rx=0 tx=0)._handle_peer_banner_payload supported=3 required=0
2026-02-17T20:09:32.195 INFO:teuthology.orchestra.run.trial075.stdout:/usr/bin/ceph: stderr
2026-02-17T20:09:32.004+0000 7f857d0ae640 1 --2- >> [v2:10.20.193.75:3300/0,v1:10.20.193.75:6789/0] conn(0x7f857810a470 0x7f857810a870 unknown :-1 s=HELLO_CONNECTING pgs=0 cs=0 l=0 rev1=1 crypto rx=0 tx=0 comp rx=0 tx=0).handle_hello peer v2:10.20.193.75:3300/0 says I am v2:10.20.193.75:50138/0 (socket says 10.20.193.75:50138)
2026-02-17T20:09:32.195 INFO:teuthology.orchestra.run.trial075.stdout:/usr/bin/ceph: stderr
2026-02-17T20:09:32.004+0000 7f857d0ae640 1 -- 10.20.193.75:0/436926828 learned_addr learned my addr 10.20.193.75:0/436926828 (peer_addr_for_me v2:10.20.193.75:0/0)
2026-02-17T20:09:32.195 INFO:teuthology.orchestra.run.trial075.stdout:/usr/bin/ceph: stderr
2026-02-17T20:09:32.004+0000 7f857d0ae640 1 -- 10.20.193.75:0/436926828 --> [v2:10.20.193.75:3300/0,v1:10.20.193.75:6789/0] -- mon_subscribe({config=0+,monmap=0+}) -- 0x7f857810b620 con 0x7f857810a470
2026-02-17T20:09:32.195 INFO:teuthology.orchestra.run.trial075.stdout:/usr/bin/ceph: stderr
2026-02-17T20:09:32.004+0000 7f857d0ae640 1 --2- 10.20.193.75:0/436926828 >> [v2:10.20.193.75:3300/0,v1:10.20.193.75:6789/0] conn(0x7f857810a470 0x7f857810a870 secure :-1 s=READY pgs=68 cs=0 l=1 rev1=1 crypto rx=0x7f8568009920 tx=0x7f856802ef20 comp rx=0 tx=0).ready entity=mon.0 client_cookie=9edd0d8b09d6bb53 server_cookie=0 in_seq=0 out_seq=0
2026-02-17T20:09:32.195 INFO:teuthology.orchestra.run.trial075.stdout:/usr/bin/ceph: stderr
2026-02-17T20:09:32.004+0000 7f8567fff640 1 -- 10.20.193.75:0/436926828 <== mon.0 v2:10.20.193.75:3300/0 1 ==== mon_map magic: 0 ==== 205+0+0 (secure 0 0 0) 0x7f856803c070 con 0x7f857810a470
2026-02-17T20:09:32.196 INFO:teuthology.orchestra.run.trial075.stdout:/usr/bin/ceph: stderr
2026-02-17T20:09:32.004+0000 7f8567fff640 1 -- 10.20.193.75:0/436926828 <== mon.0 v2:10.20.193.75:3300/0 2 ==== config(26 keys) ==== 1076+0+0 (secure 0 0 0) 0x7f8568037440 con 0x7f857810a470
2026-02-17T20:09:32.196 INFO:teuthology.orchestra.run.trial075.stdout:/usr/bin/ceph: stderr
2026-02-17T20:09:32.004+0000 7f8567fff640 1 -- 10.20.193.75:0/436926828 <== mon.0 v2:10.20.193.75:3300/0 3 ==== mon_map magic: 0 ==== 205+0+0 (secure 0 0 0) 0x7f85680354d0 con 0x7f857810a470
2026-02-17T20:09:32.196 INFO:teuthology.orchestra.run.trial075.stdout:/usr/bin/ceph: stderr
2026-02-17T20:09:32.005+0000 7f857f339640 1 -- 10.20.193.75:0/436926828 >> [v2:10.20.193.75:3300/0,v1:10.20.193.75:6789/0] conn(0x7f857810a470 msgr2=0x7f857810a870 secure :-1 s=STATE_CONNECTION_ESTABLISHED l=1).mark_down
2026-02-17T20:09:32.196 INFO:teuthology.orchestra.run.trial075.stdout:/usr/bin/ceph: stderr
2026-02-17T20:09:32.005+0000 7f857f339640 1 --2- 10.20.193.75:0/436926828 >> [v2:10.20.193.75:3300/0,v1:10.20.193.75:6789/0] conn(0x7f857810a470 0x7f857810a870 secure :-1 s=READY pgs=68 cs=0 l=1 rev1=1 crypto rx=0x7f8568009920 tx=0x7f856802ef20 comp rx=0 tx=0).stop
2026-02-17T20:09:32.196 INFO:teuthology.orchestra.run.trial075.stdout:/usr/bin/ceph: stderr
2026-02-17T20:09:32.005+0000 7f857f339640 1 -- 10.20.193.75:0/436926828 shutdown_connections
2026-02-17T20:09:32.196 INFO:teuthology.orchestra.run.trial075.stdout:/usr/bin/ceph: stderr
2026-02-17T20:09:32.005+0000 7f857f339640 1 --2- 10.20.193.75:0/436926828 >> [v2:10.20.193.75:3300/0,v1:10.20.193.75:6789/0] conn(0x7f857810a470 0x7f857810a870 unknown :-1 s=CLOSED pgs=68 cs=0 l=1 rev1=1 crypto rx=0 tx=0 comp rx=0 tx=0).stop
2026-02-17T20:09:32.196 INFO:teuthology.orchestra.run.trial075.stdout:/usr/bin/ceph: stderr
2026-02-17T20:09:32.005+0000 7f857f339640 1 -- 10.20.193.75:0/436926828 >> 10.20.193.75:0/436926828 conn(0x7f857807dba0 msgr2=0x7f8578108670 unknown :-1 s=STATE_NONE l=0).mark_down
2026-02-17T20:09:32.196 INFO:teuthology.orchestra.run.trial075.stdout:/usr/bin/ceph: stderr
2026-02-17T20:09:32.005+0000 7f857f339640 1 -- 10.20.193.75:0/436926828 shutdown_connections
2026-02-17T20:09:32.196 INFO:teuthology.orchestra.run.trial075.stdout:/usr/bin/ceph: stderr
2026-02-17T20:09:32.005+0000 7f857f339640 1 -- 10.20.193.75:0/436926828 wait complete.
2026-02-17T20:09:32.196 INFO:teuthology.orchestra.run.trial075.stdout:/usr/bin/ceph: stderr
2026-02-17T20:09:32.005+0000 7f857f339640 1 Processor -- start
2026-02-17T20:09:32.196 INFO:teuthology.orchestra.run.trial075.stdout:/usr/bin/ceph: stderr
2026-02-17T20:09:32.005+0000 7f857f339640 1 -- start start
2026-02-17T20:09:32.196 INFO:teuthology.orchestra.run.trial075.stdout:/usr/bin/ceph: stderr
2026-02-17T20:09:32.005+0000 7f857f339640 1 --2- >> [v2:10.20.193.75:3300/0,v1:10.20.193.75:6789/0] conn(0x7f857810a470 0x7f85781a0360 unknown :-1 s=NONE pgs=0 cs=0 l=1 rev1=0 crypto rx=0 tx=0 comp rx=0 tx=0).connect
2026-02-17T20:09:32.197 INFO:teuthology.orchestra.run.trial075.stdout:/usr/bin/ceph: stderr
2026-02-17T20:09:32.005+0000 7f857f339640 1 -- --> [v2:10.20.193.75:3300/0,v1:10.20.193.75:6789/0] -- mon_getmap magic: 0 -- 0x7f857810e9d0 con 0x7f857810a470
2026-02-17T20:09:32.197 INFO:teuthology.orchestra.run.trial075.stdout:/usr/bin/ceph: stderr
2026-02-17T20:09:32.005+0000 7f857d0ae640 1 --2- >> [v2:10.20.193.75:3300/0,v1:10.20.193.75:6789/0] conn(0x7f857810a470 0x7f85781a0360 unknown :-1 s=BANNER_CONNECTING pgs=0 cs=0 l=1 rev1=0 crypto rx=0 tx=0 comp rx=0 tx=0)._handle_peer_banner_payload supported=3 required=0
2026-02-17T20:09:32.197 INFO:teuthology.orchestra.run.trial075.stdout:/usr/bin/ceph: stderr
2026-02-17T20:09:32.006+0000 7f857d0ae640 1 --2- >> [v2:10.20.193.75:3300/0,v1:10.20.193.75:6789/0] conn(0x7f857810a470 0x7f85781a0360 unknown :-1 s=HELLO_CONNECTING pgs=0 cs=0 l=1 rev1=1 crypto rx=0 tx=0 comp rx=0 tx=0).handle_hello peer v2:10.20.193.75:3300/0 says I am v2:10.20.193.75:50146/0 (socket says 10.20.193.75:50146)
2026-02-17T20:09:32.197 INFO:teuthology.orchestra.run.trial075.stdout:/usr/bin/ceph: stderr
2026-02-17T20:09:32.006+0000 7f857d0ae640 1 -- 10.20.193.75:0/146285202 learned_addr learned my addr 10.20.193.75:0/146285202 (peer_addr_for_me v2:10.20.193.75:0/0)
2026-02-17T20:09:32.197 INFO:teuthology.orchestra.run.trial075.stdout:/usr/bin/ceph: stderr
2026-02-17T20:09:32.006+0000 7f857d0ae640 1 -- 10.20.193.75:0/146285202 --> [v2:10.20.193.75:3300/0,v1:10.20.193.75:6789/0] -- mon_subscribe({config=0+,monmap=0+}) -- 0x7f85781a08a0 con 0x7f857810a470
2026-02-17T20:09:32.197 INFO:teuthology.orchestra.run.trial075.stdout:/usr/bin/ceph: stderr
2026-02-17T20:09:32.006+0000 7f857d0ae640 1 --2- 10.20.193.75:0/146285202 >> [v2:10.20.193.75:3300/0,v1:10.20.193.75:6789/0] conn(0x7f857810a470 0x7f85781a0360 secure :-1 s=READY pgs=69 cs=0 l=1 rev1=1 crypto rx=0x7f8568039000 tx=0x7f8568037890 comp rx=0 tx=0).ready entity=mon.0 client_cookie=0 server_cookie=0 in_seq=0 out_seq=0
2026-02-17T20:09:32.197 INFO:teuthology.orchestra.run.trial075.stdout:/usr/bin/ceph: stderr
2026-02-17T20:09:32.006+0000 7f85667fc640 1 -- 10.20.193.75:0/146285202 <== mon.0 v2:10.20.193.75:3300/0 1 ==== mon_map magic: 0 ==== 205+0+0 (secure 0 0 0) 0x7f8568047070 con 0x7f857810a470
2026-02-17T20:09:32.197 INFO:teuthology.orchestra.run.trial075.stdout:/usr/bin/ceph: stderr
2026-02-17T20:09:32.006+0000 7f85667fc640 1 -- 10.20.193.75:0/146285202 <== mon.0 v2:10.20.193.75:3300/0 2 ==== config(26 keys) ==== 1076+0+0 (secure 0 0 0) 0x7f8568042440 con 0x7f857810a470
2026-02-17T20:09:32.197 INFO:teuthology.orchestra.run.trial075.stdout:/usr/bin/ceph: stderr
2026-02-17T20:09:32.006+0000 7f857f339640 1 -- 10.20.193.75:0/146285202 --> [v2:10.20.193.75:3300/0,v1:10.20.193.75:6789/0] -- mon_subscribe({mgrmap=0+}) -- 0x7f85781a0b30 con 0x7f857810a470
2026-02-17T20:09:32.197 INFO:teuthology.orchestra.run.trial075.stdout:/usr/bin/ceph: stderr
2026-02-17T20:09:32.006+0000 7f85667fc640 1 -- 10.20.193.75:0/146285202 <== mon.0 v2:10.20.193.75:3300/0 3 ==== mon_map magic: 0 ==== 205+0+0 (secure 0 0 0) 0x7f856803c070 con 0x7f857810a470
2026-02-17T20:09:32.197 INFO:teuthology.orchestra.run.trial075.stdout:/usr/bin/ceph: stderr
2026-02-17T20:09:32.006+0000 7f857f339640 1 -- 10.20.193.75:0/146285202 --> [v2:10.20.193.75:3300/0,v1:10.20.193.75:6789/0] -- mon_subscribe({osdmap=0}) -- 0x7f85781a3820 con 0x7f857810a470
2026-02-17T20:09:32.197 INFO:teuthology.orchestra.run.trial075.stdout:/usr/bin/ceph: stderr
2026-02-17T20:09:32.006+0000 7f857f339640 1 -- 10.20.193.75:0/146285202 --> [v2:10.20.193.75:3300/0,v1:10.20.193.75:6789/0] -- mon_command({"prefix": "get_command_descriptions"} v 0) -- 0x7f857810eb50 con 0x7f857810a470
2026-02-17T20:09:32.198 INFO:teuthology.orchestra.run.trial075.stdout:/usr/bin/ceph: stderr
2026-02-17T20:09:32.006+0000 7f85667fc640 1 -- 10.20.193.75:0/146285202 <== mon.0 v2:10.20.193.75:3300/0 4 ==== mgrmap(e 11) ==== 50154+0+0 (secure 0 0 0) 0x7f8568035a30 con 0x7f857810a470
2026-02-17T20:09:32.198 INFO:teuthology.orchestra.run.trial075.stdout:/usr/bin/ceph: stderr
2026-02-17T20:09:32.007+0000 7f85667fc640 1 --2- 10.20.193.75:0/146285202 >> [v2:10.20.193.75:6800/2023304149,v1:10.20.193.75:6801/2023304149] conn(0x7f855403db20 0x7f855403ffe0 unknown :-1 s=NONE pgs=0 cs=0 l=1 rev1=0 crypto rx=0 tx=0 comp rx=0 tx=0).connect
2026-02-17T20:09:32.198 INFO:teuthology.orchestra.run.trial075.stdout:/usr/bin/ceph: stderr
2026-02-17T20:09:32.007+0000 7f85667fc640 1 -- 10.20.193.75:0/146285202 <== mon.0 v2:10.20.193.75:3300/0 5 ==== osd_map(3..3 src has 1..3) ==== 1155+0+0 (secure 0 0 0) 0x7f85680769b0 con 0x7f857810a470
2026-02-17T20:09:32.198 INFO:teuthology.orchestra.run.trial075.stdout:/usr/bin/ceph: stderr
2026-02-17T20:09:32.007+0000 7f857c8ad640 1 --2- 10.20.193.75:0/146285202 >> [v2:10.20.193.75:6800/2023304149,v1:10.20.193.75:6801/2023304149] conn(0x7f855403db20 0x7f855403ffe0 unknown :-1 s=BANNER_CONNECTING pgs=0 cs=0 l=1 rev1=0 crypto rx=0 tx=0 comp rx=0 tx=0)._handle_peer_banner_payload supported=3 required=0
2026-02-17T20:09:32.198 INFO:teuthology.orchestra.run.trial075.stdout:/usr/bin/ceph: stderr
2026-02-17T20:09:32.007+0000 7f857c8ad640 1 --2- 10.20.193.75:0/146285202 >> [v2:10.20.193.75:6800/2023304149,v1:10.20.193.75:6801/2023304149] conn(0x7f855403db20 0x7f855403ffe0 secure :-1 s=READY pgs=7 cs=0 l=1 rev1=1 crypto rx=0x7f856c0099c0 tx=0x7f856c006eb0 comp rx=0 tx=0).ready entity=mgr.14150 client_cookie=0 server_cookie=0 in_seq=0 out_seq=0
2026-02-17T20:09:32.198 INFO:teuthology.orchestra.run.trial075.stdout:/usr/bin/ceph: stderr
2026-02-17T20:09:32.009+0000 7f85667fc640 1 -- 10.20.193.75:0/146285202 <== mon.0 v2:10.20.193.75:3300/0 6 ==== mon_command_ack([{"prefix": "get_command_descriptions"}]=0 v0) ==== 72+0+195034 (secure 0 0 0) 0x7f856803d270 con 0x7f857810a470
2026-02-17T20:09:32.198 INFO:teuthology.orchestra.run.trial075.stdout:/usr/bin/ceph: stderr
2026-02-17T20:09:32.094+0000 7f857f339640 1 -- 10.20.193.75:0/146285202 --> [v2:10.20.193.75:6800/2023304149,v1:10.20.193.75:6801/2023304149] -- mgr_command(tid 0: {"prefix": "dashboard create-self-signed-cert", "target": ["mon-mgr", ""]}) -- 0x7f8578108550 con 0x7f855403db20
2026-02-17T20:09:32.198 INFO:teuthology.orchestra.run.trial075.stdout:/usr/bin/ceph: stderr
2026-02-17T20:09:32.166+0000 7f85667fc640 1 -- 10.20.193.75:0/146285202 <== mgr.14150 v2:10.20.193.75:6800/2023304149 1 ==== mgr_command_reply(tid 0: 0 ) ==== 8+0+32 (secure 0 0 0) 0x7f8578108550 con 0x7f855403db20
2026-02-17T20:09:32.198 INFO:teuthology.orchestra.run.trial075.stdout:/usr/bin/ceph: stderr
2026-02-17T20:09:32.167+0000 7f857f339640 1 -- 10.20.193.75:0/146285202 >> [v2:10.20.193.75:6800/2023304149,v1:10.20.193.75:6801/2023304149] conn(0x7f855403db20 msgr2=0x7f855403ffe0 secure :-1 s=STATE_CONNECTION_ESTABLISHED l=1).mark_down
2026-02-17T20:09:32.198 INFO:teuthology.orchestra.run.trial075.stdout:/usr/bin/ceph: stderr
2026-02-17T20:09:32.167+0000 7f857f339640 1 --2- 10.20.193.75:0/146285202 >> [v2:10.20.193.75:6800/2023304149,v1:10.20.193.75:6801/2023304149] conn(0x7f855403db20 0x7f855403ffe0 secure :-1 s=READY pgs=7 cs=0 l=1 rev1=1 crypto rx=0x7f856c0099c0 tx=0x7f856c006eb0 comp rx=0 tx=0).stop
2026-02-17T20:09:32.198 INFO:teuthology.orchestra.run.trial075.stdout:/usr/bin/ceph: stderr
2026-02-17T20:09:32.167+0000 7f857f339640 1 -- 10.20.193.75:0/146285202 >> [v2:10.20.193.75:3300/0,v1:10.20.193.75:6789/0] conn(0x7f857810a470 msgr2=0x7f85781a0360 secure :-1 s=STATE_CONNECTION_ESTABLISHED l=1).mark_down
2026-02-17T20:09:32.198 INFO:teuthology.orchestra.run.trial075.stdout:/usr/bin/ceph: stderr
2026-02-17T20:09:32.167+0000 7f857f339640 1 --2- 10.20.193.75:0/146285202 >> [v2:10.20.193.75:3300/0,v1:10.20.193.75:6789/0] conn(0x7f857810a470 0x7f85781a0360 secure :-1 s=READY pgs=69 cs=0 l=1 rev1=1 crypto rx=0x7f8568039000 tx=0x7f8568037890 comp rx=0 tx=0).stop
2026-02-17T20:09:32.199 INFO:teuthology.orchestra.run.trial075.stdout:/usr/bin/ceph: stderr
2026-02-17T20:09:32.167+0000 7f857f339640 1 -- 10.20.193.75:0/146285202 shutdown_connections
2026-02-17T20:09:32.199 INFO:teuthology.orchestra.run.trial075.stdout:/usr/bin/ceph: stderr
2026-02-17T20:09:32.167+0000 7f857f339640 1 --2- 10.20.193.75:0/146285202 >> [v2:10.20.193.75:6800/2023304149,v1:10.20.193.75:6801/2023304149] conn(0x7f855403db20 0x7f855403ffe0 unknown :-1 s=CLOSED pgs=7 cs=0 l=1 rev1=1 crypto rx=0 tx=0 comp rx=0 tx=0).stop
2026-02-17T20:09:32.199 INFO:teuthology.orchestra.run.trial075.stdout:/usr/bin/ceph: stderr
2026-02-17T20:09:32.167+0000 7f857f339640 1 --2- 10.20.193.75:0/146285202 >> [v2:10.20.193.75:3300/0,v1:10.20.193.75:6789/0] conn(0x7f857810a470 0x7f85781a0360 unknown :-1 s=CLOSED pgs=69 cs=0 l=1 rev1=1 crypto rx=0 tx=0 comp rx=0 tx=0).stop
2026-02-17T20:09:32.199 INFO:teuthology.orchestra.run.trial075.stdout:/usr/bin/ceph: stderr
2026-02-17T20:09:32.167+0000 7f857f339640 1 -- 10.20.193.75:0/146285202 >> 10.20.193.75:0/146285202 conn(0x7f857807dba0 msgr2=0x7f8578107e40 unknown :-1 s=STATE_NONE l=0).mark_down
2026-02-17T20:09:32.199 INFO:teuthology.orchestra.run.trial075.stdout:/usr/bin/ceph: stderr
2026-02-17T20:09:32.167+0000 7f857f339640 1 -- 10.20.193.75:0/146285202 shutdown_connections
2026-02-17T20:09:32.199 INFO:teuthology.orchestra.run.trial075.stdout:/usr/bin/ceph: stderr
2026-02-17T20:09:32.167+0000 7f857f339640 1 -- 10.20.193.75:0/146285202 wait complete.
2026-02-17T20:09:32.199 INFO:teuthology.orchestra.run.trial075.stdout:Creating initial admin user...
2026-02-17T20:09:32.361 INFO:journalctl@ceph.mon.a.trial075.stdout:Feb 17 20:09:32 trial075 ceph-mon[24562]: from='mgr.14150 10.20.193.75:0/2248537201' entity='mgr.x'
2026-02-17T20:09:32.361 INFO:journalctl@ceph.mon.a.trial075.stdout:Feb 17 20:09:32 trial075 ceph-mon[24562]: [17/Feb/2026:20:09:31] ENGINE Bus STARTING
2026-02-17T20:09:32.361 INFO:journalctl@ceph.mon.a.trial075.stdout:Feb 17 20:09:32 trial075 ceph-mon[24562]: [17/Feb/2026:20:09:31] ENGINE Serving on http://10.20.193.75:8765
2026-02-17T20:09:32.361 INFO:journalctl@ceph.mon.a.trial075.stdout:Feb 17 20:09:32 trial075 ceph-mon[24562]: from='mgr.14150 10.20.193.75:0/2248537201' entity='mgr.x'
2026-02-17T20:09:32.361 INFO:journalctl@ceph.mon.a.trial075.stdout:Feb 17 20:09:32 trial075 ceph-mon[24562]: [17/Feb/2026:20:09:31] ENGINE Serving on https://10.20.193.75:7150
2026-02-17T20:09:32.361 INFO:journalctl@ceph.mon.a.trial075.stdout:Feb 17 20:09:32 trial075 ceph-mon[24562]: [17/Feb/2026:20:09:31] ENGINE Bus STARTED
2026-02-17T20:09:32.361 INFO:journalctl@ceph.mon.a.trial075.stdout:Feb 17 20:09:32 trial075 ceph-mon[24562]: [17/Feb/2026:20:09:31] ENGINE Client ('10.20.193.75', 32964) lost — peer dropped the TLS connection suddenly, during handshake: (6, 'TLS/SSL connection has been closed (EOF) (_ssl.c:1147)')
2026-02-17T20:09:32.362 INFO:journalctl@ceph.mon.a.trial075.stdout:Feb 17 20:09:32 trial075 ceph-mon[24562]: from='client.14154 -' entity='client.admin' cmd=[{"prefix": "get_command_descriptions"}]: dispatch
2026-02-17T20:09:32.362 INFO:journalctl@ceph.mon.a.trial075.stdout:Feb 17 20:09:32 trial075 ceph-mon[24562]: mgrmap e11: x(active, since 1.00606s)
2026-02-17T20:09:32.362 INFO:journalctl@ceph.mon.a.trial075.stdout:Feb 17 20:09:32 trial075 ceph-mon[24562]: from='client.14154 -' entity='client.admin' cmd=[{"prefix": "mgr_status"}]: dispatch
2026-02-17T20:09:32.362 INFO:journalctl@ceph.mon.a.trial075.stdout:Feb 17 20:09:32 trial075 ceph-mon[24562]: from='client.14162 -' entity='client.admin' cmd=[{"prefix": "dashboard create-self-signed-cert", "target": ["mon-mgr", ""]}]: dispatch
2026-02-17T20:09:32.362 INFO:journalctl@ceph.mon.a.trial075.stdout:Feb 17 20:09:32 trial075 ceph-mon[24562]: from='mgr.14150 10.20.193.75:0/2248537201' entity='mgr.x'
2026-02-17T20:09:32.362 INFO:journalctl@ceph.mon.a.trial075.stdout:Feb 17 20:09:32 trial075 ceph-mon[24562]: from='mgr.14150 10.20.193.75:0/2248537201' entity='mgr.x'
2026-02-17T20:09:32.541 INFO:teuthology.orchestra.run.trial075.stdout:/usr/bin/ceph: stdout {"username": "admin", "password": "$2b$12$tr5ABBrTcnSSpiAHlV/jteSuYsTse9FPo3dY4G1O4Ep5SPGWOOYPG", "roles": ["administrator"], "name": null, "email": null, "lastUpdate": 1771358972, "enabled": true, "pwdExpirationDate": null, "pwdUpdateRequired": true}
2026-02-17T20:09:32.542 INFO:teuthology.orchestra.run.trial075.stdout:/usr/bin/ceph: stderr
2026-02-17T20:09:32.279+0000 7f4f39e19640 1 Processor -- start
2026-02-17T20:09:32.542 INFO:teuthology.orchestra.run.trial075.stdout:/usr/bin/ceph: stderr
2026-02-17T20:09:32.279+0000 7f4f39e19640 1 -- start start
2026-02-17T20:09:32.542 INFO:teuthology.orchestra.run.trial075.stdout:/usr/bin/ceph: stderr
2026-02-17T20:09:32.279+0000 7f4f39e19640 1 --2- >> [v2:10.20.193.75:3300/0,v1:10.20.193.75:6789/0] conn(0x7f4f3410a470 0x7f4f3410a870 unknown :-1 s=NONE pgs=0 cs=0 l=0 rev1=0 crypto rx=0 tx=0 comp rx=0 tx=0).connect
2026-02-17T20:09:32.542 INFO:teuthology.orchestra.run.trial075.stdout:/usr/bin/ceph: stderr
2026-02-17T20:09:32.279+0000 7f4f39e19640 1 -- --> [v2:10.20.193.75:3300/0,v1:10.20.193.75:6789/0] -- mon_getmap magic: 0 -- 0x7f4f3410ae40 con 0x7f4f3410a470
2026-02-17T20:09:32.542 INFO:teuthology.orchestra.run.trial075.stdout:/usr/bin/ceph: stderr
2026-02-17T20:09:32.279+0000 7f4f337fe640 1 --2- >> [v2:10.20.193.75:3300/0,v1:10.20.193.75:6789/0] conn(0x7f4f3410a470 0x7f4f3410a870 unknown :-1 s=BANNER_CONNECTING pgs=0 cs=0 l=0 rev1=0 crypto rx=0 tx=0 comp rx=0 tx=0)._handle_peer_banner_payload supported=3 required=0
2026-02-17T20:09:32.542 INFO:teuthology.orchestra.run.trial075.stdout:/usr/bin/ceph: stderr
2026-02-17T20:09:32.279+0000 7f4f337fe640 1 --2- >> [v2:10.20.193.75:3300/0,v1:10.20.193.75:6789/0] conn(0x7f4f3410a470 0x7f4f3410a870 unknown :-1 s=HELLO_CONNECTING pgs=0 cs=0 l=0 rev1=1 crypto rx=0 tx=0 comp rx=0 tx=0).handle_hello peer v2:10.20.193.75:3300/0 says I am v2:10.20.193.75:50154/0 (socket says 10.20.193.75:50154)
2026-02-17T20:09:32.542 INFO:teuthology.orchestra.run.trial075.stdout:/usr/bin/ceph: stderr
2026-02-17T20:09:32.279+0000 7f4f337fe640 1 -- 10.20.193.75:0/1870085682 learned_addr learned my addr 10.20.193.75:0/1870085682 (peer_addr_for_me v2:10.20.193.75:0/0)
2026-02-17T20:09:32.542 INFO:teuthology.orchestra.run.trial075.stdout:/usr/bin/ceph: stderr
2026-02-17T20:09:32.279+0000 7f4f337fe640 1 -- 10.20.193.75:0/1870085682 --> [v2:10.20.193.75:3300/0,v1:10.20.193.75:6789/0] -- mon_subscribe({config=0+,monmap=0+}) -- 0x7f4f3410b5f0 con 0x7f4f3410a470
2026-02-17T20:09:32.542 INFO:teuthology.orchestra.run.trial075.stdout:/usr/bin/ceph: stderr
2026-02-17T20:09:32.280+0000 7f4f337fe640 1 --2- 10.20.193.75:0/1870085682 >> [v2:10.20.193.75:3300/0,v1:10.20.193.75:6789/0] conn(0x7f4f3410a470 0x7f4f3410a870 secure :-1 s=READY pgs=70 cs=0 l=1 rev1=1 crypto rx=0x7f4f20009920 tx=0x7f4f2002ef20 comp rx=0 tx=0).ready entity=mon.0 client_cookie=fa61095187d53905 server_cookie=0 in_seq=0 out_seq=0
2026-02-17T20:09:32.542 INFO:teuthology.orchestra.run.trial075.stdout:/usr/bin/ceph: stderr
2026-02-17T20:09:32.280+0000 7f4f327fc640 1 -- 10.20.193.75:0/1870085682 <== mon.0 v2:10.20.193.75:3300/0 1 ==== mon_map magic: 0 ==== 205+0+0 (secure 0 0 0) 0x7f4f2003c070 con 0x7f4f3410a470
2026-02-17T20:09:32.542 INFO:teuthology.orchestra.run.trial075.stdout:/usr/bin/ceph: stderr
2026-02-17T20:09:32.280+0000 7f4f327fc640 1 -- 10.20.193.75:0/1870085682 <== mon.0 v2:10.20.193.75:3300/0 2 ==== config(26 keys) ==== 1076+0+0 (secure 0 0 0) 0x7f4f20037440 con 0x7f4f3410a470
2026-02-17T20:09:32.542 INFO:teuthology.orchestra.run.trial075.stdout:/usr/bin/ceph: stderr
2026-02-17T20:09:32.280+0000 7f4f327fc640 1 -- 10.20.193.75:0/1870085682 <== mon.0 v2:10.20.193.75:3300/0 3 ==== mon_map magic: 0 ==== 205+0+0 (secure 0 0 0) 0x7f4f200354d0 con 0x7f4f3410a470
2026-02-17T20:09:32.543 INFO:teuthology.orchestra.run.trial075.stdout:/usr/bin/ceph: stderr
2026-02-17T20:09:32.280+0000 7f4f39e19640 1 -- 10.20.193.75:0/1870085682 >> [v2:10.20.193.75:3300/0,v1:10.20.193.75:6789/0] conn(0x7f4f3410a470 msgr2=0x7f4f3410a870 secure :-1 s=STATE_CONNECTION_ESTABLISHED l=1).mark_down
2026-02-17T20:09:32.543 INFO:teuthology.orchestra.run.trial075.stdout:/usr/bin/ceph: stderr
2026-02-17T20:09:32.280+0000 7f4f39e19640 1 --2- 10.20.193.75:0/1870085682 >> [v2:10.20.193.75:3300/0,v1:10.20.193.75:6789/0] conn(0x7f4f3410a470 0x7f4f3410a870 secure :-1 s=READY pgs=70 cs=0 l=1 rev1=1 crypto rx=0x7f4f20009920 tx=0x7f4f2002ef20 comp rx=0 tx=0).stop
2026-02-17T20:09:32.543 INFO:teuthology.orchestra.run.trial075.stdout:/usr/bin/ceph: stderr
2026-02-17T20:09:32.280+0000 7f4f39e19640 1 -- 10.20.193.75:0/1870085682 shutdown_connections
2026-02-17T20:09:32.543 INFO:teuthology.orchestra.run.trial075.stdout:/usr/bin/ceph: stderr
2026-02-17T20:09:32.280+0000 7f4f39e19640 1 --2- 10.20.193.75:0/1870085682 >> [v2:10.20.193.75:3300/0,v1:10.20.193.75:6789/0] conn(0x7f4f3410a470 0x7f4f3410a870 unknown :-1 s=CLOSED pgs=70 cs=0 l=1 rev1=1 crypto rx=0 tx=0 comp rx=0 tx=0).stop
2026-02-17T20:09:32.543 INFO:teuthology.orchestra.run.trial075.stdout:/usr/bin/ceph: stderr
2026-02-17T20:09:32.280+0000 7f4f39e19640 1 -- 10.20.193.75:0/1870085682 >> 10.20.193.75:0/1870085682 conn(0x7f4f3407dbf0 msgr2=0x7f4f34108670 unknown :-1 s=STATE_NONE l=0).mark_down
2026-02-17T20:09:32.543 INFO:teuthology.orchestra.run.trial075.stdout:/usr/bin/ceph: stderr
2026-02-17T20:09:32.280+0000 7f4f39e19640 1 -- 10.20.193.75:0/1870085682 shutdown_connections
2026-02-17T20:09:32.543 INFO:teuthology.orchestra.run.trial075.stdout:/usr/bin/ceph: stderr
2026-02-17T20:09:32.280+0000 7f4f39e19640 1 -- 10.20.193.75:0/1870085682 wait complete.
2026-02-17T20:09:32.543 INFO:teuthology.orchestra.run.trial075.stdout:/usr/bin/ceph: stderr
2026-02-17T20:09:32.280+0000 7f4f39e19640 1 Processor -- start
2026-02-17T20:09:32.543 INFO:teuthology.orchestra.run.trial075.stdout:/usr/bin/ceph: stderr
2026-02-17T20:09:32.280+0000 7f4f39e19640 1 -- start start
2026-02-17T20:09:32.543 INFO:teuthology.orchestra.run.trial075.stdout:/usr/bin/ceph: stderr
2026-02-17T20:09:32.281+0000 7f4f39e19640 1 --2- >> [v2:10.20.193.75:3300/0,v1:10.20.193.75:6789/0] conn(0x7f4f3410a470 0x7f4f341a02d0 unknown :-1 s=NONE pgs=0 cs=0 l=1 rev1=0 crypto rx=0 tx=0 comp rx=0 tx=0).connect
2026-02-17T20:09:32.543 INFO:teuthology.orchestra.run.trial075.stdout:/usr/bin/ceph: stderr
2026-02-17T20:09:32.281+0000 7f4f39e19640 1 -- --> [v2:10.20.193.75:3300/0,v1:10.20.193.75:6789/0] -- mon_getmap magic: 0 -- 0x7f4f3410e9a0 con 0x7f4f3410a470
2026-02-17T20:09:32.544 INFO:teuthology.orchestra.run.trial075.stdout:/usr/bin/ceph: stderr
2026-02-17T20:09:32.281+0000 7f4f337fe640 1 --2- >> [v2:10.20.193.75:3300/0,v1:10.20.193.75:6789/0] conn(0x7f4f3410a470 0x7f4f341a02d0 unknown :-1 s=BANNER_CONNECTING pgs=0 cs=0 l=1 rev1=0 crypto rx=0 tx=0 comp rx=0 tx=0)._handle_peer_banner_payload supported=3 required=0
2026-02-17T20:09:32.544 INFO:teuthology.orchestra.run.trial075.stdout:/usr/bin/ceph: stderr
2026-02-17T20:09:32.281+0000 7f4f337fe640 1 --2- >> [v2:10.20.193.75:3300/0,v1:10.20.193.75:6789/0] conn(0x7f4f3410a470 0x7f4f341a02d0 unknown :-1 s=HELLO_CONNECTING pgs=0 cs=0 l=1 rev1=1 crypto rx=0 tx=0 comp rx=0 tx=0).handle_hello peer v2:10.20.193.75:3300/0 says I am v2:10.20.193.75:50166/0 (socket says 10.20.193.75:50166)
2026-02-17T20:09:32.544 INFO:teuthology.orchestra.run.trial075.stdout:/usr/bin/ceph: stderr
2026-02-17T20:09:32.281+0000 7f4f337fe640 1 -- 10.20.193.75:0/3653844521 learned_addr learned my addr 10.20.193.75:0/3653844521 (peer_addr_for_me v2:10.20.193.75:0/0)
2026-02-17T20:09:32.544 INFO:teuthology.orchestra.run.trial075.stdout:/usr/bin/ceph: stderr
2026-02-17T20:09:32.281+0000 7f4f337fe640 1 -- 10.20.193.75:0/3653844521 --> [v2:10.20.193.75:3300/0,v1:10.20.193.75:6789/0] -- mon_subscribe({config=0+,monmap=0+}) -- 0x7f4f341a0810 con 0x7f4f3410a470
2026-02-17T20:09:32.544 INFO:teuthology.orchestra.run.trial075.stdout:/usr/bin/ceph: stderr
2026-02-17T20:09:32.281+0000 7f4f337fe640 1 --2- 10.20.193.75:0/3653844521 >> [v2:10.20.193.75:3300/0,v1:10.20.193.75:6789/0] conn(0x7f4f3410a470 0x7f4f341a02d0 secure :-1 s=READY pgs=71 cs=0 l=1 rev1=1 crypto rx=0x7f4f20039000 tx=0x7f4f20037890 comp rx=0 tx=0).ready entity=mon.0 client_cookie=0 server_cookie=0 in_seq=0 out_seq=0
2026-02-17T20:09:32.544 INFO:teuthology.orchestra.run.trial075.stdout:/usr/bin/ceph: stderr
2026-02-17T20:09:32.281+0000 7f4f30ff9640 1 -- 10.20.193.75:0/3653844521 <== mon.0 v2:10.20.193.75:3300/0 1 ==== mon_map magic: 0 ==== 205+0+0 (secure 0 0 0) 0x7f4f20047070 con 0x7f4f3410a470
2026-02-17T20:09:32.544 INFO:teuthology.orchestra.run.trial075.stdout:/usr/bin/ceph: stderr
2026-02-17T20:09:32.281+0000 7f4f30ff9640 1 -- 10.20.193.75:0/3653844521 <== mon.0 v2:10.20.193.75:3300/0 2 ==== config(26 keys) ==== 1076+0+0 (secure 0 0 0) 0x7f4f20042440 con 0x7f4f3410a470
2026-02-17T20:09:32.544 INFO:teuthology.orchestra.run.trial075.stdout:/usr/bin/ceph: stderr
2026-02-17T20:09:32.281+0000 7f4f39e19640 1 -- 10.20.193.75:0/3653844521 --> [v2:10.20.193.75:3300/0,v1:10.20.193.75:6789/0] -- mon_subscribe({mgrmap=0+}) -- 0x7f4f341a0aa0 con 0x7f4f3410a470
2026-02-17T20:09:32.544 INFO:teuthology.orchestra.run.trial075.stdout:/usr/bin/ceph: stderr
2026-02-17T20:09:32.281+0000 7f4f30ff9640 1 -- 10.20.193.75:0/3653844521 <== mon.0 v2:10.20.193.75:3300/0 3 ==== mon_map magic: 0 ==== 205+0+0 (secure 0 0 0) 0x7f4f2003c070 con 0x7f4f3410a470
2026-02-17T20:09:32.544 INFO:teuthology.orchestra.run.trial075.stdout:/usr/bin/ceph: stderr
2026-02-17T20:09:32.281+0000 7f4f39e19640 1 -- 10.20.193.75:0/3653844521 --> [v2:10.20.193.75:3300/0,v1:10.20.193.75:6789/0] -- mon_subscribe({osdmap=0}) -- 0x7f4f341a3790 con 0x7f4f3410a470
2026-02-17T20:09:32.544 INFO:teuthology.orchestra.run.trial075.stdout:/usr/bin/ceph: stderr
2026-02-17T20:09:32.281+0000 7f4f39e19640 1 -- 10.20.193.75:0/3653844521 --> [v2:10.20.193.75:3300/0,v1:10.20.193.75:6789/0] -- mon_command({"prefix": "get_command_descriptions"} v 0) -- 0x7f4f3410eb20 con 0x7f4f3410a470
2026-02-17T20:09:32.544 INFO:teuthology.orchestra.run.trial075.stdout:/usr/bin/ceph: stderr
2026-02-17T20:09:32.281+0000 7f4f30ff9640 1 -- 10.20.193.75:0/3653844521 <== mon.0 v2:10.20.193.75:3300/0 4 ==== mgrmap(e 11) ==== 50154+0+0 (secure 0 0 0) 0x7f4f20035a30 con 0x7f4f3410a470
2026-02-17T20:09:32.544 INFO:teuthology.orchestra.run.trial075.stdout:/usr/bin/ceph: stderr
2026-02-17T20:09:32.282+0000 7f4f30ff9640 1 --2- 10.20.193.75:0/3653844521 >> [v2:10.20.193.75:6800/2023304149,v1:10.20.193.75:6801/2023304149] conn(0x7f4f0803db20 0x7f4f0803ffe0 unknown :-1 s=NONE pgs=0 cs=0 l=1 rev1=0 crypto rx=0 tx=0 comp rx=0 tx=0).connect
2026-02-17T20:09:32.545 INFO:teuthology.orchestra.run.trial075.stdout:/usr/bin/ceph: stderr
2026-02-17T20:09:32.282+0000 7f4f30ff9640 1 -- 10.20.193.75:0/3653844521 <== mon.0 v2:10.20.193.75:3300/0 5 ==== osd_map(3..3 src has 1..3) ==== 1155+0+0 (secure 0 0 0) 0x7f4f20076980 con 0x7f4f3410a470
2026-02-17T20:09:32.545 INFO:teuthology.orchestra.run.trial075.stdout:/usr/bin/ceph: stderr
2026-02-17T20:09:32.282+0000 7f4f32ffd640 1 --2- 10.20.193.75:0/3653844521 >> [v2:10.20.193.75:6800/2023304149,v1:10.20.193.75:6801/2023304149] conn(0x7f4f0803db20 0x7f4f0803ffe0 unknown :-1 s=BANNER_CONNECTING pgs=0 cs=0 l=1 rev1=0 crypto rx=0 tx=0 comp rx=0 tx=0)._handle_peer_banner_payload supported=3 required=0
2026-02-17T20:09:32.545 INFO:teuthology.orchestra.run.trial075.stdout:/usr/bin/ceph: stderr
2026-02-17T20:09:32.282+0000 7f4f32ffd640 1 --2- 10.20.193.75:0/3653844521 >> [v2:10.20.193.75:6800/2023304149,v1:10.20.193.75:6801/2023304149] conn(0x7f4f0803db20 0x7f4f0803ffe0 secure :-1 s=READY pgs=8 cs=0 l=1 rev1=1 crypto rx=0x7f4f240099c0 tx=0x7f4f24006eb0 comp rx=0 tx=0).ready entity=mgr.14150 client_cookie=0 server_cookie=0 in_seq=0 out_seq=0
2026-02-17T20:09:32.545 INFO:teuthology.orchestra.run.trial075.stdout:/usr/bin/ceph: stderr
2026-02-17T20:09:32.284+0000 7f4f30ff9640 1 -- 10.20.193.75:0/3653844521 <== mon.0 v2:10.20.193.75:3300/0 6 ==== mon_command_ack([{"prefix": "get_command_descriptions"}]=0 v0) ==== 72+0+195034 (secure 0 0 0) 0x7f4f2003d270 con 0x7f4f3410a470
2026-02-17T20:09:32.545 INFO:teuthology.orchestra.run.trial075.stdout:/usr/bin/ceph: stderr
2026-02-17T20:09:32.372+0000 7f4f39e19640 1 -- 10.20.193.75:0/3653844521 --> [v2:10.20.193.75:6800/2023304149,v1:10.20.193.75:6801/2023304149] -- mgr_command(tid 0: {"prefix": "dashboard ac-user-create", "username": "admin", "rolename": "administrator", "force_password": true, "pwd_update_required": true, "target": ["mon-mgr", ""]}) -- 0x7f4f3410a8f0 con 0x7f4f0803db20
2026-02-17T20:09:32.545 INFO:teuthology.orchestra.run.trial075.stdout:/usr/bin/ceph: stderr
2026-02-17T20:09:32.513+0000 7f4f30ff9640 1 -- 10.20.193.75:0/3653844521 <== mgr.14150 v2:10.20.193.75:6800/2023304149 1 ==== mgr_command_reply(tid 0: 0 ) ==== 8+0+252 (secure 0 0 0) 0x7f4f3410a8f0 con 0x7f4f0803db20
2026-02-17T20:09:32.545 INFO:teuthology.orchestra.run.trial075.stdout:/usr/bin/ceph: stderr
2026-02-17T20:09:32.514+0000 7f4f39e19640 1 -- 10.20.193.75:0/3653844521 >> [v2:10.20.193.75:6800/2023304149,v1:10.20.193.75:6801/2023304149] conn(0x7f4f0803db20 msgr2=0x7f4f0803ffe0 secure :-1 s=STATE_CONNECTION_ESTABLISHED l=1).mark_down
2026-02-17T20:09:32.545 INFO:teuthology.orchestra.run.trial075.stdout:/usr/bin/ceph: stderr
2026-02-17T20:09:32.514+0000 7f4f39e19640 1 --2- 10.20.193.75:0/3653844521 >> [v2:10.20.193.75:6800/2023304149,v1:10.20.193.75:6801/2023304149] conn(0x7f4f0803db20 0x7f4f0803ffe0 secure :-1 s=READY pgs=8 cs=0 l=1 rev1=1 crypto rx=0x7f4f240099c0 tx=0x7f4f24006eb0 comp rx=0 tx=0).stop
2026-02-17T20:09:32.545 INFO:teuthology.orchestra.run.trial075.stdout:/usr/bin/ceph: stderr
2026-02-17T20:09:32.514+0000 7f4f39e19640 1 -- 10.20.193.75:0/3653844521 >> [v2:10.20.193.75:3300/0,v1:10.20.193.75:6789/0] conn(0x7f4f3410a470 msgr2=0x7f4f341a02d0 secure :-1 s=STATE_CONNECTION_ESTABLISHED l=1).mark_down
2026-02-17T20:09:32.545 INFO:teuthology.orchestra.run.trial075.stdout:/usr/bin/ceph: stderr
2026-02-17T20:09:32.514+0000 7f4f39e19640 1 --2- 10.20.193.75:0/3653844521 >> [v2:10.20.193.75:3300/0,v1:10.20.193.75:6789/0] conn(0x7f4f3410a470 0x7f4f341a02d0 secure :-1 s=READY pgs=71 cs=0 l=1 rev1=1 crypto rx=0x7f4f20039000 tx=0x7f4f20037890 comp rx=0 tx=0).stop
2026-02-17T20:09:32.545 INFO:teuthology.orchestra.run.trial075.stdout:/usr/bin/ceph: stderr
2026-02-17T20:09:32.514+0000 7f4f39e19640 1 -- 10.20.193.75:0/3653844521 shutdown_connections
2026-02-17T20:09:32.546 INFO:teuthology.orchestra.run.trial075.stdout:/usr/bin/ceph: stderr
2026-02-17T20:09:32.514+0000 7f4f39e19640 1 --2- 10.20.193.75:0/3653844521 >> [v2:10.20.193.75:6800/2023304149,v1:10.20.193.75:6801/2023304149] conn(0x7f4f0803db20 0x7f4f0803ffe0 unknown :-1 s=CLOSED pgs=8 cs=0 l=1 rev1=1 crypto rx=0 tx=0 comp rx=0 tx=0).stop
2026-02-17T20:09:32.546 INFO:teuthology.orchestra.run.trial075.stdout:/usr/bin/ceph: stderr
2026-02-17T20:09:32.514+0000 7f4f39e19640 1 --2- 10.20.193.75:0/3653844521 >> [v2:10.20.193.75:3300/0,v1:10.20.193.75:6789/0] conn(0x7f4f3410a470 0x7f4f341a02d0 unknown :-1 s=CLOSED pgs=71 cs=0 l=1 rev1=1 crypto rx=0 tx=0 comp rx=0 tx=0).stop
2026-02-17T20:09:32.546 INFO:teuthology.orchestra.run.trial075.stdout:/usr/bin/ceph: stderr
2026-02-17T20:09:32.514+0000 7f4f39e19640 1 -- 10.20.193.75:0/3653844521 >> 10.20.193.75:0/3653844521 conn(0x7f4f3407dbf0 msgr2=0x7f4f34107e60 unknown :-1 s=STATE_NONE l=0).mark_down
2026-02-17T20:09:32.546 INFO:teuthology.orchestra.run.trial075.stdout:/usr/bin/ceph: stderr
2026-02-17T20:09:32.514+0000 7f4f39e19640 1 -- 10.20.193.75:0/3653844521 shutdown_connections
2026-02-17T20:09:32.546 INFO:teuthology.orchestra.run.trial075.stdout:/usr/bin/ceph: stderr
2026-02-17T20:09:32.514+0000 7f4f39e19640 1 -- 10.20.193.75:0/3653844521 wait complete.
2026-02-17T20:09:32.546 INFO:teuthology.orchestra.run.trial075.stdout:Fetching dashboard port number...
2026-02-17T20:09:32.745 INFO:teuthology.orchestra.run.trial075.stdout:/usr/bin/ceph: stdout 8443
2026-02-17T20:09:32.745 INFO:teuthology.orchestra.run.trial075.stdout:/usr/bin/ceph: stderr
2026-02-17T20:09:32.631+0000 7f14ad029640 1 Processor -- start
2026-02-17T20:09:32.745 INFO:teuthology.orchestra.run.trial075.stdout:/usr/bin/ceph: stderr
2026-02-17T20:09:32.631+0000 7f14ad029640 1 -- start start
2026-02-17T20:09:32.745 INFO:teuthology.orchestra.run.trial075.stdout:/usr/bin/ceph: stderr
2026-02-17T20:09:32.631+0000 7f14ad029640 1 --2- >> [v2:10.20.193.75:3300/0,v1:10.20.193.75:6789/0] conn(0x7f14a810a470 0x7f14a810a870 unknown :-1 s=NONE pgs=0 cs=0 l=0 rev1=0 crypto rx=0 tx=0 comp rx=0 tx=0).connect
2026-02-17T20:09:32.745 INFO:teuthology.orchestra.run.trial075.stdout:/usr/bin/ceph: stderr
2026-02-17T20:09:32.631+0000 7f14ad029640 1 -- --> [v2:10.20.193.75:3300/0,v1:10.20.193.75:6789/0] -- mon_getmap magic: 0 -- 0x7f14a810ae40 con 0x7f14a810a470
2026-02-17T20:09:32.745 INFO:teuthology.orchestra.run.trial075.stdout:/usr/bin/ceph: stderr
2026-02-17T20:09:32.631+0000 7f14a6d76640 1 --2- >> [v2:10.20.193.75:3300/0,v1:10.20.193.75:6789/0] conn(0x7f14a810a470 0x7f14a810a870 unknown :-1 s=BANNER_CONNECTING pgs=0 cs=0 l=0 rev1=0 crypto rx=0 tx=0 comp rx=0 tx=0)._handle_peer_banner_payload supported=3 required=0
2026-02-17T20:09:32.745 INFO:teuthology.orchestra.run.trial075.stdout:/usr/bin/ceph: stderr
2026-02-17T20:09:32.631+0000 7f14a6d76640 1 --2- >> [v2:10.20.193.75:3300/0,v1:10.20.193.75:6789/0] conn(0x7f14a810a470 0x7f14a810a870 unknown :-1 s=HELLO_CONNECTING pgs=0 cs=0 l=0 rev1=1 crypto rx=0 tx=0 comp rx=0 tx=0).handle_hello peer v2:10.20.193.75:3300/0 says I am v2:10.20.193.75:50182/0 (socket says 10.20.193.75:50182)
2026-02-17T20:09:32.746 INFO:teuthology.orchestra.run.trial075.stdout:/usr/bin/ceph: stderr
2026-02-17T20:09:32.631+0000 7f14a6d76640 1 -- 10.20.193.75:0/2701242916 learned_addr learned my addr 10.20.193.75:0/2701242916 (peer_addr_for_me v2:10.20.193.75:0/0)
2026-02-17T20:09:32.746 INFO:teuthology.orchestra.run.trial075.stdout:/usr/bin/ceph: stderr
2026-02-17T20:09:32.631+0000 7f14a6d76640 1 -- 10.20.193.75:0/2701242916 --> [v2:10.20.193.75:3300/0,v1:10.20.193.75:6789/0] -- mon_subscribe({config=0+,monmap=0+}) -- 0x7f14a810b5f0 con 0x7f14a810a470
2026-02-17T20:09:32.746 INFO:teuthology.orchestra.run.trial075.stdout:/usr/bin/ceph: stderr
2026-02-17T20:09:32.632+0000 7f14a6d76640 1 --2- 10.20.193.75:0/2701242916 >> [v2:10.20.193.75:3300/0,v1:10.20.193.75:6789/0] conn(0x7f14a810a470 0x7f14a810a870 secure :-1 s=READY pgs=72 cs=0 l=1 rev1=1 crypto rx=0x7f149c009920 tx=0x7f149c02ef20 comp rx=0 tx=0).ready entity=mon.0 client_cookie=853afd93b2d21b57 server_cookie=0 in_seq=0 out_seq=0
2026-02-17T20:09:32.746 INFO:teuthology.orchestra.run.trial075.stdout:/usr/bin/ceph: stderr
2026-02-17T20:09:32.632+0000 7f14a5d74640 1 -- 10.20.193.75:0/2701242916 <== mon.0 v2:10.20.193.75:3300/0 1 ==== mon_map magic: 0 ==== 205+0+0 (secure 0 0 0) 0x7f149c03c070 con 0x7f14a810a470
2026-02-17T20:09:32.746 INFO:teuthology.orchestra.run.trial075.stdout:/usr/bin/ceph: stderr
2026-02-17T20:09:32.632+0000 7f14a5d74640 1 -- 10.20.193.75:0/2701242916 <== mon.0 v2:10.20.193.75:3300/0 2 ==== config(26 keys) ==== 1076+0+0 (secure 0 0 0) 0x7f149c037440 con 0x7f14a810a470
2026-02-17T20:09:32.746 INFO:teuthology.orchestra.run.trial075.stdout:/usr/bin/ceph: stderr
2026-02-17T20:09:32.632+0000 7f14a5d74640 1 -- 10.20.193.75:0/2701242916 <== mon.0 v2:10.20.193.75:3300/0 3 ==== mon_map magic: 0 ==== 205+0+0 (secure 0 0 0) 0x7f149c0354d0 con 0x7f14a810a470
2026-02-17T20:09:32.746 INFO:teuthology.orchestra.run.trial075.stdout:/usr/bin/ceph: stderr
2026-02-17T20:09:32.632+0000 7f14ad029640 1 -- 10.20.193.75:0/2701242916 >> [v2:10.20.193.75:3300/0,v1:10.20.193.75:6789/0] conn(0x7f14a810a470 msgr2=0x7f14a810a870 secure :-1 s=STATE_CONNECTION_ESTABLISHED l=1).mark_down
2026-02-17T20:09:32.746 INFO:teuthology.orchestra.run.trial075.stdout:/usr/bin/ceph: stderr
2026-02-17T20:09:32.632+0000 7f14ad029640 1 --2- 10.20.193.75:0/2701242916 >> [v2:10.20.193.75:3300/0,v1:10.20.193.75:6789/0] conn(0x7f14a810a470 0x7f14a810a870 secure :-1 s=READY pgs=72 cs=0 l=1 rev1=1 crypto rx=0x7f149c009920 tx=0x7f149c02ef20 comp rx=0 tx=0).stop
2026-02-17T20:09:32.746 INFO:teuthology.orchestra.run.trial075.stdout:/usr/bin/ceph: stderr
2026-02-17T20:09:32.632+0000 7f14ad029640 1 -- 10.20.193.75:0/2701242916 shutdown_connections
2026-02-17T20:09:32.746 INFO:teuthology.orchestra.run.trial075.stdout:/usr/bin/ceph: stderr
2026-02-17T20:09:32.632+0000 7f14ad029640 1 --2- 10.20.193.75:0/2701242916 >> [v2:10.20.193.75:3300/0,v1:10.20.193.75:6789/0] conn(0x7f14a810a470 0x7f14a810a870 unknown :-1 s=CLOSED pgs=72 cs=0 l=1 rev1=1 crypto rx=0 tx=0 comp rx=0 tx=0).stop
2026-02-17T20:09:32.746 INFO:teuthology.orchestra.run.trial075.stdout:/usr/bin/ceph: stderr
2026-02-17T20:09:32.632+0000 7f14ad029640 1 -- 10.20.193.75:0/2701242916 >> 10.20.193.75:0/2701242916 conn(0x7f14a807dbf0 msgr2=0x7f14a8108670 unknown :-1 s=STATE_NONE l=0).mark_down
2026-02-17T20:09:32.746 INFO:teuthology.orchestra.run.trial075.stdout:/usr/bin/ceph: stderr
2026-02-17T20:09:32.632+0000 7f14ad029640 1 -- 10.20.193.75:0/2701242916 shutdown_connections
2026-02-17T20:09:32.747 INFO:teuthology.orchestra.run.trial075.stdout:/usr/bin/ceph: stderr
2026-02-17T20:09:32.632+0000 7f14ad029640 1 -- 10.20.193.75:0/2701242916 wait complete.
2026-02-17T20:09:32.747 INFO:teuthology.orchestra.run.trial075.stdout:/usr/bin/ceph: stderr
2026-02-17T20:09:32.633+0000 7f14ad029640 1 Processor -- start
2026-02-17T20:09:32.747 INFO:teuthology.orchestra.run.trial075.stdout:/usr/bin/ceph: stderr
2026-02-17T20:09:32.633+0000 7f14ad029640 1 -- start start
2026-02-17T20:09:32.747 INFO:teuthology.orchestra.run.trial075.stdout:/usr/bin/ceph: stderr
2026-02-17T20:09:32.633+0000 7f14ad029640 1 --2- >> [v2:10.20.193.75:3300/0,v1:10.20.193.75:6789/0] conn(0x7f14a810a470 0x7f14a81a02f0 unknown :-1 s=NONE pgs=0 cs=0 l=1 rev1=0 crypto rx=0 tx=0 comp rx=0 tx=0).connect
2026-02-17T20:09:32.747 INFO:teuthology.orchestra.run.trial075.stdout:/usr/bin/ceph: stderr
2026-02-17T20:09:32.633+0000 7f14ad029640 1 -- --> [v2:10.20.193.75:3300/0,v1:10.20.193.75:6789/0] -- mon_getmap magic: 0 -- 0x7f14a810e9a0 con 0x7f14a810a470
2026-02-17T20:09:32.747 INFO:teuthology.orchestra.run.trial075.stdout:/usr/bin/ceph: stderr
2026-02-17T20:09:32.633+0000 7f14a6d76640 1 --2- >> [v2:10.20.193.75:3300/0,v1:10.20.193.75:6789/0] conn(0x7f14a810a470 0x7f14a81a02f0 unknown :-1 s=BANNER_CONNECTING pgs=0 cs=0 l=1 rev1=0 crypto rx=0 tx=0 comp rx=0 tx=0)._handle_peer_banner_payload supported=3 required=0
2026-02-17T20:09:32.747 INFO:teuthology.orchestra.run.trial075.stdout:/usr/bin/ceph: stderr
2026-02-17T20:09:32.633+0000 7f14a6d76640 1 --2- >> [v2:10.20.193.75:3300/0,v1:10.20.193.75:6789/0] conn(0x7f14a810a470 0x7f14a81a02f0 unknown :-1 s=HELLO_CONNECTING pgs=0 cs=0 l=1 rev1=1 crypto rx=0 tx=0 comp rx=0 tx=0).handle_hello peer v2:10.20.193.75:3300/0 says I am v2:10.20.193.75:50188/0 (socket says 10.20.193.75:50188)
2026-02-17T20:09:32.747 INFO:teuthology.orchestra.run.trial075.stdout:/usr/bin/ceph: stderr
2026-02-17T20:09:32.633+0000 7f14a6d76640 1 -- 10.20.193.75:0/676839300 learned_addr learned my addr 10.20.193.75:0/676839300 (peer_addr_for_me v2:10.20.193.75:0/0)
2026-02-17T20:09:32.747 INFO:teuthology.orchestra.run.trial075.stdout:/usr/bin/ceph: stderr
2026-02-17T20:09:32.633+0000 7f14a6d76640 1 -- 10.20.193.75:0/676839300 --> [v2:10.20.193.75:3300/0,v1:10.20.193.75:6789/0] -- mon_subscribe({config=0+,monmap=0+}) -- 0x7f14a81a0830 con 0x7f14a810a470
2026-02-17T20:09:32.747 INFO:teuthology.orchestra.run.trial075.stdout:/usr/bin/ceph: stderr
2026-02-17T20:09:32.633+0000 7f14a6d76640 1 --2- 10.20.193.75:0/676839300 >> [v2:10.20.193.75:3300/0,v1:10.20.193.75:6789/0] conn(0x7f14a810a470 0x7f14a81a02f0 secure :-1 s=READY pgs=73 cs=0 l=1 rev1=1 crypto rx=0x7f149c002410 tx=0x7f149c037820 comp rx=0 tx=0).ready entity=mon.0 client_cookie=0 server_cookie=0 in_seq=0 out_seq=0
2026-02-17T20:09:32.747 INFO:teuthology.orchestra.run.trial075.stdout:/usr/bin/ceph: stderr
2026-02-17T20:09:32.633+0000 7f1487fff640 1 -- 10.20.193.75:0/676839300 <== mon.0 v2:10.20.193.75:3300/0 1 ==== mon_map magic: 0 ==== 205+0+0 (secure 0 0 0) 0x7f149c047070 con 0x7f14a810a470
2026-02-17T20:09:32.747 INFO:teuthology.orchestra.run.trial075.stdout:/usr/bin/ceph: stderr
2026-02-17T20:09:32.633+0000 7f1487fff640 1 -- 10.20.193.75:0/676839300 <== mon.0 v2:10.20.193.75:3300/0 2 ==== config(26 keys) ==== 1076+0+0 (secure 0 0 0) 0x7f149c035e80 con 0x7f14a810a470
2026-02-17T20:09:32.747 INFO:teuthology.orchestra.run.trial075.stdout:/usr/bin/ceph: stderr
2026-02-17T20:09:32.633+0000 7f14ad029640 1 -- 10.20.193.75:0/676839300 --> [v2:10.20.193.75:3300/0,v1:10.20.193.75:6789/0] -- mon_subscribe({mgrmap=0+}) -- 0x7f14a81a0ac0 con 0x7f14a810a470
2026-02-17T20:09:32.748 INFO:teuthology.orchestra.run.trial075.stdout:/usr/bin/ceph: stderr
2026-02-17T20:09:32.633+0000 7f1487fff640 1 -- 10.20.193.75:0/676839300 <== mon.0 v2:10.20.193.75:3300/0 3 ==== mon_map magic: 0 ==== 205+0+0 (secure 0 0 0) 0x7f149c03c070 con 0x7f14a810a470
2026-02-17T20:09:32.748 INFO:teuthology.orchestra.run.trial075.stdout:/usr/bin/ceph: stderr
2026-02-17T20:09:32.633+0000 7f14ad029640 1 -- 10.20.193.75:0/676839300 --> [v2:10.20.193.75:3300/0,v1:10.20.193.75:6789/0] -- mon_subscribe({osdmap=0}) -- 0x7f14a81a37b0 con 0x7f14a810a470
2026-02-17T20:09:32.748 INFO:teuthology.orchestra.run.trial075.stdout:/usr/bin/ceph: stderr
2026-02-17T20:09:32.634+0000 7f14ad029640 1 -- 10.20.193.75:0/676839300 --> [v2:10.20.193.75:3300/0,v1:10.20.193.75:6789/0] -- mon_command({"prefix": "get_command_descriptions"} v 0) -- 0x7f14a810eb20 con 0x7f14a810a470
2026-02-17T20:09:32.748 INFO:teuthology.orchestra.run.trial075.stdout:/usr/bin/ceph: stderr
2026-02-17T20:09:32.634+0000 7f1487fff640 1 -- 10.20.193.75:0/676839300 <== mon.0 v2:10.20.193.75:3300/0 4 ==== mgrmap(e 11) ==== 50154+0+0 (secure 0 0 0) 0x7f149c042660 con 0x7f14a810a470
2026-02-17T20:09:32.748 INFO:teuthology.orchestra.run.trial075.stdout:/usr/bin/ceph: stderr
2026-02-17T20:09:32.634+0000 7f1487fff640 1 --2- 10.20.193.75:0/676839300 >> [v2:10.20.193.75:6800/2023304149,v1:10.20.193.75:6801/2023304149] conn(0x7f147c03db20 0x7f147c03ffe0 unknown :-1 s=NONE pgs=0 cs=0 l=1 rev1=0 crypto rx=0 tx=0 comp rx=0 tx=0).connect
2026-02-17T20:09:32.748 INFO:teuthology.orchestra.run.trial075.stdout:/usr/bin/ceph: stderr
2026-02-17T20:09:32.634+0000 7f1487fff640 1 -- 10.20.193.75:0/676839300 <== mon.0 v2:10.20.193.75:3300/0 5 ==== osd_map(3..3 src has 1..3) ==== 1155+0+0 (secure 0 0 0) 0x7f149c076bb0 con 0x7f14a810a470
2026-02-17T20:09:32.748 INFO:teuthology.orchestra.run.trial075.stdout:/usr/bin/ceph: stderr
2026-02-17T20:09:32.634+0000 7f14a6575640 1 --2- 10.20.193.75:0/676839300 >> [v2:10.20.193.75:6800/2023304149,v1:10.20.193.75:6801/2023304149] conn(0x7f147c03db20 0x7f147c03ffe0 unknown :-1 s=BANNER_CONNECTING pgs=0 cs=0 l=1 rev1=0 crypto rx=0 tx=0 comp rx=0 tx=0)._handle_peer_banner_payload supported=3 required=0
2026-02-17T20:09:32.748 INFO:teuthology.orchestra.run.trial075.stdout:/usr/bin/ceph: stderr
2026-02-17T20:09:32.634+0000 7f14a6575640 1 --2- 10.20.193.75:0/676839300 >> [v2:10.20.193.75:6800/2023304149,v1:10.20.193.75:6801/2023304149] conn(0x7f147c03db20 0x7f147c03ffe0 secure :-1 s=READY pgs=9 cs=0 l=1 rev1=1 crypto rx=0x7f14900099c0 tx=0x7f1490006eb0 comp rx=0 tx=0).ready entity=mgr.14150 client_cookie=0 server_cookie=0 in_seq=0 out_seq=0
2026-02-17T20:09:32.748 INFO:teuthology.orchestra.run.trial075.stdout:/usr/bin/ceph: stderr
2026-02-17T20:09:32.637+0000 7f1487fff640 1 -- 10.20.193.75:0/676839300 <== mon.0 v2:10.20.193.75:3300/0 6 ==== mon_command_ack([{"prefix": "get_command_descriptions"}]=0 v0) ==== 72+0+195034 (secure 0 0 0) 0x7f149c0342a0 con 0x7f14a810a470
2026-02-17T20:09:32.748 INFO:teuthology.orchestra.run.trial075.stdout:/usr/bin/ceph: stderr
