2026-02-17T20:09:24.147+0000 7f0a237fe640 1 --2- 10.20.193.75:0/643978700 >> [v2:10.20.193.75:6800/4254402747,v1:10.20.193.75:6801/4254402747] conn(0x7f09f803dad0 0x7f09f803ff90 unknown :-1 s=BANNER_CONNECTING pgs=0 cs=0 l=1 rev1=0 crypto rx=0 tx=0 comp rx=0 tx=0)._handle_peer_banner_payload supported=3 required=0
2026-02-17T20:09:24.265 INFO:teuthology.orchestra.run.trial075.stdout:/usr/bin/ceph: stderr
2026-02-17T20:09:24.148+0000 7f0a237fe640 1 --2- 10.20.193.75:0/643978700 >> [v2:10.20.193.75:6800/4254402747,v1:10.20.193.75:6801/4254402747] conn(0x7f09f803dad0 0x7f09f803ff90 secure :-1 s=READY pgs=10 cs=0 l=1 rev1=1 crypto rx=0x7f0a140099c0 tx=0x7f0a14006eb0 comp rx=0 tx=0).ready entity=mgr.14118 client_cookie=0 server_cookie=0 in_seq=0 out_seq=0
2026-02-17T20:09:24.265 INFO:teuthology.orchestra.run.trial075.stdout:/usr/bin/ceph: stderr
2026-02-17T20:09:24.150+0000 7f0a217fa640 1 -- 10.20.193.75:0/643978700 <== mon.0 v2:10.20.193.75:3300/0 6 ==== mon_command_ack([{"prefix": "get_command_descriptions"}]=0 v0) ==== 72+0+195034 (secure 0 0 0) 0x7f0a1003f3b0 con 0x7f0a2410a470
2026-02-17T20:09:24.265 INFO:teuthology.orchestra.run.trial075.stdout:/usr/bin/ceph: stderr
2026-02-17T20:09:24.233+0000 7f0a2a2e8640 1 -- 10.20.193.75:0/643978700 --> [v2:10.20.193.75:6800/4254402747,v1:10.20.193.75:6801/4254402747] -- mgr_command(tid 0: {"prefix": "cephadm get-pub-key", "target": ["mon-mgr", ""]}) -- 0x7f0a241085c0 con 0x7f09f803dad0
2026-02-17T20:09:24.265 INFO:teuthology.orchestra.run.trial075.stdout:/usr/bin/ceph: stderr
2026-02-17T20:09:24.234+0000 7f0a217fa640 1 -- 10.20.193.75:0/643978700 <== mgr.14118 v2:10.20.193.75:6800/4254402747 1 ==== mgr_command_reply(tid 0: 0 ) ==== 8+0+123 (secure 0 0 0) 0x7f0a241085c0 con 0x7f09f803dad0
2026-02-17T20:09:24.265 INFO:teuthology.orchestra.run.trial075.stdout:/usr/bin/ceph: stderr
2026-02-17T20:09:24.235+0000 7f0a2a2e8640 1 -- 10.20.193.75:0/643978700 >> [v2:10.20.193.75:6800/4254402747,v1:10.20.193.75:6801/4254402747] conn(0x7f09f803dad0 msgr2=0x7f09f803ff90 secure :-1 s=STATE_CONNECTION_ESTABLISHED l=1).mark_down
2026-02-17T20:09:24.265 INFO:teuthology.orchestra.run.trial075.stdout:/usr/bin/ceph: stderr
2026-02-17T20:09:24.235+0000 7f0a2a2e8640 1 --2- 10.20.193.75:0/643978700 >> [v2:10.20.193.75:6800/4254402747,v1:10.20.193.75:6801/4254402747] conn(0x7f09f803dad0 0x7f09f803ff90 secure :-1 s=READY pgs=10 cs=0 l=1 rev1=1 crypto rx=0x7f0a140099c0 tx=0x7f0a14006eb0 comp rx=0 tx=0).stop
2026-02-17T20:09:24.265 INFO:teuthology.orchestra.run.trial075.stdout:/usr/bin/ceph: stderr
2026-02-17T20:09:24.235+0000 7f0a2a2e8640 1 -- 10.20.193.75:0/643978700 >> [v2:10.20.193.75:3300/0,v1:10.20.193.75:6789/0] conn(0x7f0a2410a470 msgr2=0x7f0a241a0340 secure :-1 s=STATE_CONNECTION_ESTABLISHED l=1).mark_down
2026-02-17T20:09:24.265 INFO:teuthology.orchestra.run.trial075.stdout:/usr/bin/ceph: stderr
2026-02-17T20:09:24.235+0000 7f0a2a2e8640 1 --2- 10.20.193.75:0/643978700 >> [v2:10.20.193.75:3300/0,v1:10.20.193.75:6789/0] conn(0x7f0a2410a470 0x7f0a241a0340 secure :-1 s=READY pgs=42 cs=0 l=1 rev1=1 crypto rx=0x7f0a10006fd0 tx=0x7f0a10037bb0 comp rx=0 tx=0).stop
2026-02-17T20:09:24.266 INFO:teuthology.orchestra.run.trial075.stdout:/usr/bin/ceph: stderr
2026-02-17T20:09:24.235+0000 7f0a2a2e8640 1 -- 10.20.193.75:0/643978700 shutdown_connections
2026-02-17T20:09:24.266 INFO:teuthology.orchestra.run.trial075.stdout:/usr/bin/ceph: stderr
2026-02-17T20:09:24.235+0000 7f0a2a2e8640 1 --2- 10.20.193.75:0/643978700 >> [v2:10.20.193.75:6800/4254402747,v1:10.20.193.75:6801/4254402747] conn(0x7f09f803dad0 0x7f09f803ff90 unknown :-1 s=CLOSED pgs=10 cs=0 l=1 rev1=1 crypto rx=0 tx=0 comp rx=0 tx=0).stop
2026-02-17T20:09:24.266 INFO:teuthology.orchestra.run.trial075.stdout:/usr/bin/ceph: stderr
2026-02-17T20:09:24.235+0000 7f0a2a2e8640 1 --2- 10.20.193.75:0/643978700 >> [v2:10.20.193.75:3300/0,v1:10.20.193.75:6789/0] conn(0x7f0a2410a470 0x7f0a241a0340 unknown :-1 s=CLOSED pgs=42 cs=0 l=1 rev1=1 crypto rx=0 tx=0 comp rx=0 tx=0).stop
2026-02-17T20:09:24.266 INFO:teuthology.orchestra.run.trial075.stdout:/usr/bin/ceph: stderr
2026-02-17T20:09:24.235+0000 7f0a2a2e8640 1 -- 10.20.193.75:0/643978700 >> 10.20.193.75:0/643978700 conn(0x7f0a2407dbf0 msgr2=0x7f0a24107eb0 unknown :-1 s=STATE_NONE l=0).mark_down
2026-02-17T20:09:24.266 INFO:teuthology.orchestra.run.trial075.stdout:/usr/bin/ceph: stderr
2026-02-17T20:09:24.235+0000 7f0a2a2e8640 1 -- 10.20.193.75:0/643978700 shutdown_connections
2026-02-17T20:09:24.266 INFO:teuthology.orchestra.run.trial075.stdout:/usr/bin/ceph: stderr
2026-02-17T20:09:24.235+0000 7f0a2a2e8640 1 -- 10.20.193.75:0/643978700 wait complete.
2026-02-17T20:09:24.266 INFO:teuthology.orchestra.run.trial075.stdout:Wrote public SSH key to /home/ubuntu/cephtest/ceph.pub
2026-02-17T20:09:24.266 INFO:teuthology.orchestra.run.trial075.stdout:Adding key to root@localhost authorized_keys...
2026-02-17T20:09:24.266 INFO:teuthology.orchestra.run.trial075.stdout:Adding host trial075...
2026-02-17T20:09:24.499 INFO:journalctl@ceph.mon.a.trial075.stdout:Feb 17 20:09:24 trial075 ceph-mon[24562]: [17/Feb/2026:20:09:23] ENGINE Bus STARTING
2026-02-17T20:09:24.500 INFO:journalctl@ceph.mon.a.trial075.stdout:Feb 17 20:09:24 trial075 ceph-mon[24562]: [17/Feb/2026:20:09:23] ENGINE Serving on http://10.20.193.75:8765
2026-02-17T20:09:24.500 INFO:journalctl@ceph.mon.a.trial075.stdout:Feb 17 20:09:24 trial075 ceph-mon[24562]: from='client.14122 -' entity='client.admin' cmd=[{"prefix": "get_command_descriptions"}]: dispatch
2026-02-17T20:09:24.500 INFO:journalctl@ceph.mon.a.trial075.stdout:Feb 17 20:09:24 trial075 ceph-mon[24562]: from='client.14122 -' entity='client.admin' cmd=[{"prefix": "mgr_status"}]: dispatch
2026-02-17T20:09:24.500 INFO:journalctl@ceph.mon.a.trial075.stdout:Feb 17 20:09:24 trial075 ceph-mon[24562]: [17/Feb/2026:20:09:23] ENGINE Serving on https://10.20.193.75:7150
2026-02-17T20:09:24.500 INFO:journalctl@ceph.mon.a.trial075.stdout:Feb 17 20:09:24 trial075 ceph-mon[24562]: [17/Feb/2026:20:09:23] ENGINE Bus STARTED
2026-02-17T20:09:24.500 INFO:journalctl@ceph.mon.a.trial075.stdout:Feb 17 20:09:24 trial075 ceph-mon[24562]: [17/Feb/2026:20:09:23] ENGINE Client ('10.20.193.75', 32946) lost — peer dropped the TLS connection suddenly, during handshake: (6, 'TLS/SSL connection has been closed (EOF) (_ssl.c:1147)')
2026-02-17T20:09:24.500 INFO:journalctl@ceph.mon.a.trial075.stdout:Feb 17 20:09:24 trial075 ceph-mon[24562]: from='mgr.14118 10.20.193.75:0/3224544701' entity='mgr.x' cmd=[{"prefix": "config dump", "format": "json"}]: dispatch
2026-02-17T20:09:24.500 INFO:journalctl@ceph.mon.a.trial075.stdout:Feb 17 20:09:24 trial075 ceph-mon[24562]: from='client.14130 -' entity='client.admin' cmd=[{"prefix": "orch set backend", "module_name": "cephadm", "target": ["mon-mgr", ""]}]: dispatch
2026-02-17T20:09:24.500 INFO:journalctl@ceph.mon.a.trial075.stdout:Feb 17 20:09:24 trial075 ceph-mon[24562]: from='mgr.14118 10.20.193.75:0/3224544701' entity='mgr.x'
2026-02-17T20:09:24.500 INFO:journalctl@ceph.mon.a.trial075.stdout:Feb 17 20:09:24 trial075 ceph-mon[24562]: from='mgr.14118 10.20.193.75:0/3224544701' entity='mgr.x' cmd=[{"prefix": "config dump", "format": "json"}]: dispatch
2026-02-17T20:09:24.501 INFO:journalctl@ceph.mon.a.trial075.stdout:Feb 17 20:09:24 trial075 ceph-mon[24562]: from='mgr.14118 10.20.193.75:0/3224544701' entity='mgr.x'
2026-02-17T20:09:24.501 INFO:journalctl@ceph.mon.a.trial075.stdout:Feb 17 20:09:24 trial075 ceph-mon[24562]: from='mgr.14118 10.20.193.75:0/3224544701' entity='mgr.x'
2026-02-17T20:09:25.685 INFO:journalctl@ceph.mon.a.trial075.stdout:Feb 17 20:09:25 trial075 ceph-mon[24562]: from='client.14132 -' entity='client.admin' cmd=[{"prefix": "cephadm set-user", "user": "root", "target": ["mon-mgr", ""]}]: dispatch
2026-02-17T20:09:25.685 INFO:journalctl@ceph.mon.a.trial075.stdout:Feb 17 20:09:25 trial075 ceph-mon[24562]: from='client.14134 -' entity='client.admin' cmd=[{"prefix": "cephadm generate-key", "target": ["mon-mgr", ""]}]: dispatch
2026-02-17T20:09:25.685 INFO:journalctl@ceph.mon.a.trial075.stdout:Feb 17 20:09:25 trial075 ceph-mon[24562]: Generating ssh key...
2026-02-17T20:09:25.685 INFO:journalctl@ceph.mon.a.trial075.stdout:Feb 17 20:09:25 trial075 ceph-mon[24562]: from='client.14136 -' entity='client.admin' cmd=[{"prefix": "cephadm get-pub-key", "target": ["mon-mgr", ""]}]: dispatch
2026-02-17T20:09:25.685 INFO:journalctl@ceph.mon.a.trial075.stdout:Feb 17 20:09:25 trial075 ceph-mon[24562]: from='client.14138 -' entity='client.admin' cmd=[{"prefix": "orch host add", "hostname": "trial075", "addr": "10.20.193.75", "target": ["mon-mgr", ""]}]: dispatch
2026-02-17T20:09:25.685 INFO:journalctl@ceph.mon.a.trial075.stdout:Feb 17 20:09:25 trial075 ceph-mon[24562]: mgrmap e8: x(active, since 2s)
2026-02-17T20:09:26.352 INFO:teuthology.orchestra.run.trial075.stdout:/usr/bin/ceph: stdout Added host 'trial075' with addr '10.20.193.75'
2026-02-17T20:09:26.353 INFO:teuthology.orchestra.run.trial075.stdout:/usr/bin/ceph: stderr
2026-02-17T20:09:24.346+0000 7fb0def8a640 1 Processor -- start
2026-02-17T20:09:26.353 INFO:teuthology.orchestra.run.trial075.stdout:/usr/bin/ceph: stderr
2026-02-17T20:09:24.346+0000 7fb0def8a640 1 -- start start
2026-02-17T20:09:26.353 INFO:teuthology.orchestra.run.trial075.stdout:/usr/bin/ceph: stderr
2026-02-17T20:09:24.347+0000 7fb0def8a640 1 --2- >> [v2:10.20.193.75:3300/0,v1:10.20.193.75:6789/0] conn(0x7fb0d81082a0 0x7fb0d81086a0 unknown :-1 s=NONE pgs=0 cs=0 l=0 rev1=0 crypto rx=0 tx=0 comp rx=0 tx=0).connect
2026-02-17T20:09:26.353 INFO:teuthology.orchestra.run.trial075.stdout:/usr/bin/ceph: stderr
2026-02-17T20:09:24.347+0000 7fb0def8a640 1 -- --> [v2:10.20.193.75:3300/0,v1:10.20.193.75:6789/0] -- mon_getmap magic: 0 -- 0x7fb0d8108c70 con 0x7fb0d81082a0
2026-02-17T20:09:26.353 INFO:teuthology.orchestra.run.trial075.stdout:/usr/bin/ceph: stderr
2026-02-17T20:09:24.347+0000 7fb0dccff640 1 --2- >> [v2:10.20.193.75:3300/0,v1:10.20.193.75:6789/0] conn(0x7fb0d81082a0 0x7fb0d81086a0 unknown :-1 s=BANNER_CONNECTING pgs=0 cs=0 l=0 rev1=0 crypto rx=0 tx=0 comp rx=0 tx=0)._handle_peer_banner_payload supported=3 required=0
2026-02-17T20:09:26.353 INFO:teuthology.orchestra.run.trial075.stdout:/usr/bin/ceph: stderr
2026-02-17T20:09:24.347+0000 7fb0dccff640 1 --2- >> [v2:10.20.193.75:3300/0,v1:10.20.193.75:6789/0] conn(0x7fb0d81082a0 0x7fb0d81086a0 unknown :-1 s=HELLO_CONNECTING pgs=0 cs=0 l=0 rev1=1 crypto rx=0 tx=0 comp rx=0 tx=0).handle_hello peer v2:10.20.193.75:3300/0 says I am v2:10.20.193.75:49948/0 (socket says 10.20.193.75:49948)
2026-02-17T20:09:26.353 INFO:teuthology.orchestra.run.trial075.stdout:/usr/bin/ceph: stderr
2026-02-17T20:09:24.347+0000 7fb0dccff640 1 -- 10.20.193.75:0/2054441926 learned_addr learned my addr 10.20.193.75:0/2054441926 (peer_addr_for_me v2:10.20.193.75:0/0)
2026-02-17T20:09:26.353 INFO:teuthology.orchestra.run.trial075.stdout:/usr/bin/ceph: stderr
2026-02-17T20:09:24.347+0000 7fb0dccff640 1 -- 10.20.193.75:0/2054441926 --> [v2:10.20.193.75:3300/0,v1:10.20.193.75:6789/0] -- mon_subscribe({config=0+,monmap=0+}) -- 0x7fb0d8109400 con 0x7fb0d81082a0
2026-02-17T20:09:26.353 INFO:teuthology.orchestra.run.trial075.stdout:/usr/bin/ceph: stderr
2026-02-17T20:09:24.347+0000 7fb0dccff640 1 --2- 10.20.193.75:0/2054441926 >> [v2:10.20.193.75:3300/0,v1:10.20.193.75:6789/0] conn(0x7fb0d81082a0 0x7fb0d81086a0 secure :-1 s=READY pgs=43 cs=0 l=1 rev1=1 crypto rx=0x7fb0c8009920 tx=0x7fb0c802ef20 comp rx=0 tx=0).ready entity=mon.0 client_cookie=7ed86325654aa3b2 server_cookie=0 in_seq=0 out_seq=0
2026-02-17T20:09:26.353 INFO:teuthology.orchestra.run.trial075.stdout:/usr/bin/ceph: stderr
2026-02-17T20:09:24.348+0000 7fb0cf7fe640 1 -- 10.20.193.75:0/2054441926 <== mon.0 v2:10.20.193.75:3300/0 1 ==== mon_map magic: 0 ==== 205+0+0 (secure 0 0 0) 0x7fb0c803c070 con 0x7fb0d81082a0
2026-02-17T20:09:26.354 INFO:teuthology.orchestra.run.trial075.stdout:/usr/bin/ceph: stderr
2026-02-17T20:09:24.348+0000 7fb0cf7fe640 1 -- 10.20.193.75:0/2054441926 <== mon.0 v2:10.20.193.75:3300/0 2 ==== config(26 keys) ==== 1045+0+0 (secure 0 0 0) 0x7fb0c8037440 con 0x7fb0d81082a0
2026-02-17T20:09:26.354 INFO:teuthology.orchestra.run.trial075.stdout:/usr/bin/ceph: stderr
2026-02-17T20:09:24.348+0000 7fb0cf7fe640 1 -- 10.20.193.75:0/2054441926 <== mon.0 v2:10.20.193.75:3300/0 3 ==== mon_map magic: 0 ==== 205+0+0 (secure 0 0 0) 0x7fb0c80354b0 con 0x7fb0d81082a0
2026-02-17T20:09:26.354 INFO:teuthology.orchestra.run.trial075.stdout:/usr/bin/ceph: stderr
2026-02-17T20:09:24.348+0000 7fb0def8a640 1 -- 10.20.193.75:0/2054441926 >> [v2:10.20.193.75:3300/0,v1:10.20.193.75:6789/0] conn(0x7fb0d81082a0 msgr2=0x7fb0d81086a0 secure :-1 s=STATE_CONNECTION_ESTABLISHED l=1).mark_down
2026-02-17T20:09:26.354 INFO:teuthology.orchestra.run.trial075.stdout:/usr/bin/ceph: stderr
2026-02-17T20:09:24.348+0000 7fb0def8a640 1 --2- 10.20.193.75:0/2054441926 >> [v2:10.20.193.75:3300/0,v1:10.20.193.75:6789/0] conn(0x7fb0d81082a0 0x7fb0d81086a0 secure :-1 s=READY pgs=43 cs=0 l=1 rev1=1 crypto rx=0x7fb0c8009920 tx=0x7fb0c802ef20 comp rx=0 tx=0).stop
2026-02-17T20:09:26.354 INFO:teuthology.orchestra.run.trial075.stdout:/usr/bin/ceph: stderr
2026-02-17T20:09:24.348+0000 7fb0def8a640 1 -- 10.20.193.75:0/2054441926 shutdown_connections
2026-02-17T20:09:26.354 INFO:teuthology.orchestra.run.trial075.stdout:/usr/bin/ceph: stderr
2026-02-17T20:09:24.348+0000 7fb0def8a640 1 --2- 10.20.193.75:0/2054441926 >> [v2:10.20.193.75:3300/0,v1:10.20.193.75:6789/0] conn(0x7fb0d81082a0 0x7fb0d81086a0 unknown :-1 s=CLOSED pgs=43 cs=0 l=1 rev1=1 crypto rx=0 tx=0 comp rx=0 tx=0).stop
2026-02-17T20:09:26.354 INFO:teuthology.orchestra.run.trial075.stdout:/usr/bin/ceph: stderr
2026-02-17T20:09:24.348+0000 7fb0def8a640 1 -- 10.20.193.75:0/2054441926 >> 10.20.193.75:0/2054441926 conn(0x7fb0d8103a70 msgr2=0x7fb0d8105e90 unknown :-1 s=STATE_NONE l=0).mark_down
2026-02-17T20:09:26.354 INFO:teuthology.orchestra.run.trial075.stdout:/usr/bin/ceph: stderr
2026-02-17T20:09:24.348+0000 7fb0def8a640 1 -- 10.20.193.75:0/2054441926 shutdown_connections
2026-02-17T20:09:26.354 INFO:teuthology.orchestra.run.trial075.stdout:/usr/bin/ceph: stderr
2026-02-17T20:09:24.348+0000 7fb0def8a640 1 -- 10.20.193.75:0/2054441926 wait complete.
2026-02-17T20:09:26.354 INFO:teuthology.orchestra.run.trial075.stdout:/usr/bin/ceph: stderr
2026-02-17T20:09:24.348+0000 7fb0def8a640 1 Processor -- start
2026-02-17T20:09:26.354 INFO:teuthology.orchestra.run.trial075.stdout:/usr/bin/ceph: stderr
2026-02-17T20:09:24.348+0000 7fb0def8a640 1 -- start start
2026-02-17T20:09:26.354 INFO:teuthology.orchestra.run.trial075.stdout:/usr/bin/ceph: stderr
2026-02-17T20:09:24.348+0000 7fb0def8a640 1 --2- >> [v2:10.20.193.75:3300/0,v1:10.20.193.75:6789/0] conn(0x7fb0d81082a0 0x7fb0d819e160 unknown :-1 s=NONE pgs=0 cs=0 l=1 rev1=0 crypto rx=0 tx=0 comp rx=0 tx=0).connect
2026-02-17T20:09:26.355 INFO:teuthology.orchestra.run.trial075.stdout:/usr/bin/ceph: stderr
2026-02-17T20:09:24.348+0000 7fb0def8a640 1 -- --> [v2:10.20.193.75:3300/0,v1:10.20.193.75:6789/0] -- mon_getmap magic: 0 -- 0x7fb0d810c630 con 0x7fb0d81082a0
2026-02-17T20:09:26.355 INFO:teuthology.orchestra.run.trial075.stdout:/usr/bin/ceph: stderr
2026-02-17T20:09:24.348+0000 7fb0dccff640 1 --2- >> [v2:10.20.193.75:3300/0,v1:10.20.193.75:6789/0] conn(0x7fb0d81082a0 0x7fb0d819e160 unknown :-1 s=BANNER_CONNECTING pgs=0 cs=0 l=1 rev1=0 crypto rx=0 tx=0 comp rx=0 tx=0)._handle_peer_banner_payload supported=3 required=0
2026-02-17T20:09:26.355 INFO:teuthology.orchestra.run.trial075.stdout:/usr/bin/ceph: stderr
2026-02-17T20:09:24.348+0000 7fb0dccff640 1 --2- >> [v2:10.20.193.75:3300/0,v1:10.20.193.75:6789/0] conn(0x7fb0d81082a0 0x7fb0d819e160 unknown :-1 s=HELLO_CONNECTING pgs=0 cs=0 l=1 rev1=1 crypto rx=0 tx=0 comp rx=0 tx=0).handle_hello peer v2:10.20.193.75:3300/0 says I am v2:10.20.193.75:49950/0 (socket says 10.20.193.75:49950)
2026-02-17T20:09:26.355 INFO:teuthology.orchestra.run.trial075.stdout:/usr/bin/ceph: stderr
2026-02-17T20:09:24.349+0000 7fb0dccff640 1 -- 10.20.193.75:0/2393490938 learned_addr learned my addr 10.20.193.75:0/2393490938 (peer_addr_for_me v2:10.20.193.75:0/0)
2026-02-17T20:09:26.355 INFO:teuthology.orchestra.run.trial075.stdout:/usr/bin/ceph: stderr
2026-02-17T20:09:24.349+0000 7fb0dccff640 1 -- 10.20.193.75:0/2393490938 --> [v2:10.20.193.75:3300/0,v1:10.20.193.75:6789/0] -- mon_subscribe({config=0+,monmap=0+}) -- 0x7fb0d819e6a0 con 0x7fb0d81082a0
2026-02-17T20:09:26.355 INFO:teuthology.orchestra.run.trial075.stdout:/usr/bin/ceph: stderr
2026-02-17T20:09:24.349+0000 7fb0dccff640 1 --2- 10.20.193.75:0/2393490938 >> [v2:10.20.193.75:3300/0,v1:10.20.193.75:6789/0] conn(0x7fb0d81082a0 0x7fb0d819e160 secure :-1 s=READY pgs=44 cs=0 l=1 rev1=1 crypto rx=0x7fb0c8006fd0 tx=0x7fb0c8037bb0 comp rx=0 tx=0).ready entity=mon.0 client_cookie=0 server_cookie=0 in_seq=0 out_seq=0
2026-02-17T20:09:26.355 INFO:teuthology.orchestra.run.trial075.stdout:/usr/bin/ceph: stderr
2026-02-17T20:09:24.349+0000 7fb0cdffb640 1 -- 10.20.193.75:0/2393490938 <== mon.0 v2:10.20.193.75:3300/0 1 ==== mon_map magic: 0 ==== 205+0+0 (secure 0 0 0) 0x7fb0c8045070 con 0x7fb0d81082a0
2026-02-17T20:09:26.355 INFO:teuthology.orchestra.run.trial075.stdout:/usr/bin/ceph: stderr
2026-02-17T20:09:24.349+0000 7fb0cdffb640 1 -- 10.20.193.75:0/2393490938 <== mon.0 v2:10.20.193.75:3300/0 2 ==== config(26 keys) ==== 1045+0+0 (secure 0 0 0) 0x7fb0c8040450 con 0x7fb0d81082a0
2026-02-17T20:09:26.355 INFO:teuthology.orchestra.run.trial075.stdout:/usr/bin/ceph: stderr
2026-02-17T20:09:24.349+0000 7fb0def8a640 1 -- 10.20.193.75:0/2393490938 --> [v2:10.20.193.75:3300/0,v1:10.20.193.75:6789/0] -- mon_subscribe({mgrmap=0+}) -- 0x7fb0d819e930 con 0x7fb0d81082a0
2026-02-17T20:09:26.355 INFO:teuthology.orchestra.run.trial075.stdout:/usr/bin/ceph: stderr
2026-02-17T20:09:24.349+0000 7fb0cdffb640 1 -- 10.20.193.75:0/2393490938 <== mon.0 v2:10.20.193.75:3300/0 3 ==== mon_map magic: 0 ==== 205+0+0 (secure 0 0 0) 0x7fb0c803c070 con 0x7fb0d81082a0
2026-02-17T20:09:26.355 INFO:teuthology.orchestra.run.trial075.stdout:/usr/bin/ceph: stderr
2026-02-17T20:09:24.349+0000 7fb0def8a640 1 -- 10.20.193.75:0/2393490938 --> [v2:10.20.193.75:3300/0,v1:10.20.193.75:6789/0] -- mon_subscribe({osdmap=0}) -- 0x7fb0d81a1620 con 0x7fb0d81082a0
2026-02-17T20:09:26.355 INFO:teuthology.orchestra.run.trial075.stdout:/usr/bin/ceph: stderr
2026-02-17T20:09:24.349+0000 7fb0cdffb640 1 -- 10.20.193.75:0/2393490938 <== mon.0 v2:10.20.193.75:3300/0 4 ==== mgrmap(e 7) ==== 50141+0+0 (secure 0 0 0) 0x7fb0c803e5f0 con 0x7fb0d81082a0
2026-02-17T20:09:26.356 INFO:teuthology.orchestra.run.trial075.stdout:/usr/bin/ceph: stderr
2026-02-17T20:09:24.349+0000 7fb0def8a640 1 -- 10.20.193.75:0/2393490938 --> [v2:10.20.193.75:3300/0,v1:10.20.193.75:6789/0] -- mon_command({"prefix": "get_command_descriptions"} v 0) -- 0x7fb0d8108720 con 0x7fb0d81082a0
2026-02-17T20:09:26.356 INFO:teuthology.orchestra.run.trial075.stdout:/usr/bin/ceph: stderr
2026-02-17T20:09:24.350+0000 7fb0cdffb640 1 --2- 10.20.193.75:0/2393490938 >> [v2:10.20.193.75:6800/4254402747,v1:10.20.193.75:6801/4254402747] conn(0x7fb0b403dad0 0x7fb0b403ff90 unknown :-1 s=NONE pgs=0 cs=0 l=1 rev1=0 crypto rx=0 tx=0 comp rx=0 tx=0).connect
2026-02-17T20:09:26.356 INFO:teuthology.orchestra.run.trial075.stdout:/usr/bin/ceph: stderr
2026-02-17T20:09:24.350+0000 7fb0cdffb640 1 -- 10.20.193.75:0/2393490938 <== mon.0 v2:10.20.193.75:3300/0 5 ==== osd_map(2..2 src has 1..2) ==== 940+0+0 (secure 0 0 0) 0x7fb0c8076530 con 0x7fb0d81082a0
2026-02-17T20:09:26.356 INFO:teuthology.orchestra.run.trial075.stdout:/usr/bin/ceph: stderr
2026-02-17T20:09:24.350+0000 7fb0cffff640 1 --2- 10.20.193.75:0/2393490938 >> [v2:10.20.193.75:6800/4254402747,v1:10.20.193.75:6801/4254402747] conn(0x7fb0b403dad0 0x7fb0b403ff90 unknown :-1 s=BANNER_CONNECTING pgs=0 cs=0 l=1 rev1=0 crypto rx=0 tx=0 comp rx=0 tx=0)._handle_peer_banner_payload supported=3 required=0
2026-02-17T20:09:26.356 INFO:teuthology.orchestra.run.trial075.stdout:/usr/bin/ceph: stderr
2026-02-17T20:09:24.350+0000 7fb0cffff640 1 --2- 10.20.193.75:0/2393490938 >> [v2:10.20.193.75:6800/4254402747,v1:10.20.193.75:6801/4254402747] conn(0x7fb0b403dad0 0x7fb0b403ff90 secure :-1 s=READY pgs=11 cs=0 l=1 rev1=1 crypto rx=0x7fb0c00099c0 tx=0x7fb0c0006eb0 comp rx=0 tx=0).ready entity=mgr.14118 client_cookie=0 server_cookie=0 in_seq=0 out_seq=0
2026-02-17T20:09:26.356 INFO:teuthology.orchestra.run.trial075.stdout:/usr/bin/ceph: stderr
2026-02-17T20:09:24.352+0000 7fb0cdffb640 1 -- 10.20.193.75:0/2393490938 <== mon.0 v2:10.20.193.75:3300/0 6 ==== mon_command_ack([{"prefix": "get_command_descriptions"}]=0 v0) ==== 72+0+195034 (secure 0 0 0) 0x7fb0c8040900 con 0x7fb0d81082a0
2026-02-17T20:09:26.356 INFO:teuthology.orchestra.run.trial075.stdout:/usr/bin/ceph: stderr
2026-02-17T20:09:24.437+0000 7fb0def8a640 1 -- 10.20.193.75:0/2393490938 --> [v2:10.20.193.75:6800/4254402747,v1:10.20.193.75:6801/4254402747] -- mgr_command(tid 0: {"prefix": "orch host add", "hostname": "trial075", "addr": "10.20.193.75", "target": ["mon-mgr", ""]}) -- 0x7fb0d8104dc0 con 0x7fb0b403dad0
2026-02-17T20:09:26.356 INFO:teuthology.orchestra.run.trial075.stdout:/usr/bin/ceph: stderr
2026-02-17T20:09:25.031+0000 7fb0cdffb640 1 -- 10.20.193.75:0/2393490938 <== mon.0 v2:10.20.193.75:3300/0 7 ==== mgrmap(e 8) ==== 50247+0+0 (secure 0 0 0) 0x7fb0c80363a0 con 0x7fb0d81082a0
2026-02-17T20:09:26.356 INFO:teuthology.orchestra.run.trial075.stdout:/usr/bin/ceph: stderr
2026-02-17T20:09:25.925+0000 7fb0cdffb640 1 -- 10.20.193.75:0/2393490938 <== mgr.14118 v2:10.20.193.75:6800/4254402747 1 ==== mgr_command_reply(tid 0: 0 ) ==== 8+0+47 (secure 0 0 0) 0x7fb0d8104dc0 con 0x7fb0b403dad0
2026-02-17T20:09:26.356 INFO:teuthology.orchestra.run.trial075.stdout:/usr/bin/ceph: stderr
2026-02-17T20:09:25.927+0000 7fb0def8a640 1 -- 10.20.193.75:0/2393490938 >> [v2:10.20.193.75:6800/4254402747,v1:10.20.193.75:6801/4254402747] conn(0x7fb0b403dad0 msgr2=0x7fb0b403ff90 secure :-1 s=STATE_CONNECTION_ESTABLISHED l=1).mark_down
2026-02-17T20:09:26.356 INFO:teuthology.orchestra.run.trial075.stdout:/usr/bin/ceph: stderr
2026-02-17T20:09:25.927+0000 7fb0def8a640 1 --2- 10.20.193.75:0/2393490938 >> [v2:10.20.193.75:6800/4254402747,v1:10.20.193.75:6801/4254402747] conn(0x7fb0b403dad0 0x7fb0b403ff90 secure :-1 s=READY pgs=11 cs=0 l=1 rev1=1 crypto rx=0x7fb0c00099c0 tx=0x7fb0c0006eb0 comp rx=0 tx=0).stop
2026-02-17T20:09:26.356 INFO:teuthology.orchestra.run.trial075.stdout:/usr/bin/ceph: stderr
2026-02-17T20:09:25.927+0000 7fb0def8a640 1 -- 10.20.193.75:0/2393490938 >> [v2:10.20.193.75:3300/0,v1:10.20.193.75:6789/0] conn(0x7fb0d81082a0 msgr2=0x7fb0d819e160 secure :-1 s=STATE_CONNECTION_ESTABLISHED l=1).mark_down
2026-02-17T20:09:26.357 INFO:teuthology.orchestra.run.trial075.stdout:/usr/bin/ceph: stderr
2026-02-17T20:09:25.927+0000 7fb0def8a640 1 --2- 10.20.193.75:0/2393490938 >> [v2:10.20.193.75:3300/0,v1:10.20.193.75:6789/0] conn(0x7fb0d81082a0 0x7fb0d819e160 secure :-1 s=READY pgs=44 cs=0 l=1 rev1=1 crypto rx=0x7fb0c8006fd0 tx=0x7fb0c8037bb0 comp rx=0 tx=0).stop
2026-02-17T20:09:26.357 INFO:teuthology.orchestra.run.trial075.stdout:/usr/bin/ceph: stderr
2026-02-17T20:09:25.927+0000 7fb0def8a640 1 -- 10.20.193.75:0/2393490938 shutdown_connections
2026-02-17T20:09:26.357 INFO:teuthology.orchestra.run.trial075.stdout:/usr/bin/ceph: stderr
2026-02-17T20:09:25.927+0000 7fb0def8a640 1 --2- 10.20.193.75:0/2393490938 >> [v2:10.20.193.75:6800/4254402747,v1:10.20.193.75:6801/4254402747] conn(0x7fb0b403dad0 0x7fb0b403ff90 unknown :-1 s=CLOSED pgs=11 cs=0 l=1 rev1=1 crypto rx=0 tx=0 comp rx=0 tx=0).stop
2026-02-17T20:09:26.357 INFO:teuthology.orchestra.run.trial075.stdout:/usr/bin/ceph: stderr
2026-02-17T20:09:25.927+0000 7fb0def8a640 1 --2- 10.20.193.75:0/2393490938 >> [v2:10.20.193.75:3300/0,v1:10.20.193.75:6789/0] conn(0x7fb0d81082a0 0x7fb0d819e160 unknown :-1 s=CLOSED pgs=44 cs=0 l=1 rev1=1 crypto rx=0 tx=0 comp rx=0 tx=0).stop
2026-02-17T20:09:26.357 INFO:teuthology.orchestra.run.trial075.stdout:/usr/bin/ceph: stderr
2026-02-17T20:09:25.927+0000 7fb0def8a640 1 -- 10.20.193.75:0/2393490938 >> 10.20.193.75:0/2393490938 conn(0x7fb0d8103a70 msgr2=0x7fb0d81046b0 unknown :-1 s=STATE_NONE l=0).mark_down
2026-02-17T20:09:26.357 INFO:teuthology.orchestra.run.trial075.stdout:/usr/bin/ceph: stderr
2026-02-17T20:09:25.927+0000 7fb0def8a640 1 -- 10.20.193.75:0/2393490938 shutdown_connections
2026-02-17T20:09:26.357 INFO:teuthology.orchestra.run.trial075.stdout:/usr/bin/ceph: stderr
2026-02-17T20:09:25.927+0000 7fb0def8a640 1 -- 10.20.193.75:0/2393490938 wait complete.
2026-02-17T20:09:26.357 INFO:teuthology.orchestra.run.trial075.stdout:Deploying unmanaged mon service...
2026-02-17T20:09:26.571 INFO:journalctl@ceph.mon.a.trial075.stdout:Feb 17 20:09:26 trial075 ceph-mon[24562]: Deploying cephadm binary to trial075
2026-02-17T20:09:26.571 INFO:journalctl@ceph.mon.a.trial075.stdout:Feb 17 20:09:26 trial075 ceph-mon[24562]: from='mgr.14118 10.20.193.75:0/3224544701' entity='mgr.x'
2026-02-17T20:09:26.571 INFO:journalctl@ceph.mon.a.trial075.stdout:Feb 17 20:09:26 trial075 ceph-mon[24562]: from='mgr.14118 10.20.193.75:0/3224544701' entity='mgr.x' cmd=[{"prefix": "config dump", "format": "json"}]: dispatch
2026-02-17T20:09:26.576 INFO:teuthology.orchestra.run.trial075.stdout:/usr/bin/ceph: stdout Scheduled mon update...
2026-02-17T20:09:26.576 INFO:teuthology.orchestra.run.trial075.stdout:/usr/bin/ceph: stderr
2026-02-17T20:09:26.453+0000 7f612a41a640 1 Processor -- start
2026-02-17T20:09:26.577 INFO:teuthology.orchestra.run.trial075.stdout:/usr/bin/ceph: stderr
2026-02-17T20:09:26.453+0000 7f612a41a640 1 -- start start
2026-02-17T20:09:26.577 INFO:teuthology.orchestra.run.trial075.stdout:/usr/bin/ceph: stderr
2026-02-17T20:09:26.453+0000 7f612a41a640 1 --2- >> [v2:10.20.193.75:3300/0,v1:10.20.193.75:6789/0] conn(0x7f612410a470 0x7f612410a870 unknown :-1 s=NONE pgs=0 cs=0 l=0 rev1=0 crypto rx=0 tx=0 comp rx=0 tx=0).connect
2026-02-17T20:09:26.577 INFO:teuthology.orchestra.run.trial075.stdout:/usr/bin/ceph: stderr
2026-02-17T20:09:26.453+0000 7f612a41a640 1 -- --> [v2:10.20.193.75:3300/0,v1:10.20.193.75:6789/0] -- mon_getmap magic: 0 -- 0x7f612410ae40 con 0x7f612410a470
2026-02-17T20:09:26.577 INFO:teuthology.orchestra.run.trial075.stdout:/usr/bin/ceph: stderr
2026-02-17T20:09:26.453+0000 7f6123fff640 1 --2- >> [v2:10.20.193.75:3300/0,v1:10.20.193.75:6789/0] conn(0x7f612410a470 0x7f612410a870 unknown :-1 s=BANNER_CONNECTING pgs=0 cs=0 l=0 rev1=0 crypto rx=0 tx=0 comp rx=0 tx=0)._handle_peer_banner_payload supported=3 required=0
2026-02-17T20:09:26.577 INFO:teuthology.orchestra.run.trial075.stdout:/usr/bin/ceph: stderr
2026-02-17T20:09:26.453+0000 7f6123fff640 1 --2- >> [v2:10.20.193.75:3300/0,v1:10.20.193.75:6789/0] conn(0x7f612410a470 0x7f612410a870 unknown :-1 s=HELLO_CONNECTING pgs=0 cs=0 l=0 rev1=1 crypto rx=0 tx=0 comp rx=0 tx=0).handle_hello peer v2:10.20.193.75:3300/0 says I am v2:10.20.193.75:49960/0 (socket says 10.20.193.75:49960)
2026-02-17T20:09:26.577 INFO:teuthology.orchestra.run.trial075.stdout:/usr/bin/ceph: stderr
2026-02-17T20:09:26.453+0000 7f6123fff640 1 -- 10.20.193.75:0/1160132698 learned_addr learned my addr 10.20.193.75:0/1160132698 (peer_addr_for_me v2:10.20.193.75:0/0)
2026-02-17T20:09:26.577 INFO:teuthology.orchestra.run.trial075.stdout:/usr/bin/ceph: stderr
2026-02-17T20:09:26.453+0000 7f6123fff640 1 -- 10.20.193.75:0/1160132698 --> [v2:10.20.193.75:3300/0,v1:10.20.193.75:6789/0] -- mon_subscribe({config=0+,monmap=0+}) -- 0x7f612410b620 con 0x7f612410a470
2026-02-17T20:09:26.577 INFO:teuthology.orchestra.run.trial075.stdout:/usr/bin/ceph: stderr
2026-02-17T20:09:26.454+0000 7f6123fff640 1 --2- 10.20.193.75:0/1160132698 >> [v2:10.20.193.75:3300/0,v1:10.20.193.75:6789/0] conn(0x7f612410a470 0x7f612410a870 secure :-1 s=READY pgs=45 cs=0 l=1 rev1=1 crypto rx=0x7f6110009920 tx=0x7f611002ef20 comp rx=0 tx=0).ready entity=mon.0 client_cookie=223b2f71ae6371b8 server_cookie=0 in_seq=0 out_seq=0
2026-02-17T20:09:26.577 INFO:teuthology.orchestra.run.trial075.stdout:/usr/bin/ceph: stderr
2026-02-17T20:09:26.454+0000 7f6122ffd640 1 -- 10.20.193.75:0/1160132698 <== mon.0 v2:10.20.193.75:3300/0 1 ==== mon_map magic: 0 ==== 205+0+0 (secure 0 0 0) 0x7f611003c070 con 0x7f612410a470
2026-02-17T20:09:26.577 INFO:teuthology.orchestra.run.trial075.stdout:/usr/bin/ceph: stderr
2026-02-17T20:09:26.454+0000 7f6122ffd640 1 -- 10.20.193.75:0/1160132698 <== mon.0 v2:10.20.193.75:3300/0 2 ==== config(26 keys) ==== 1045+0+0 (secure 0 0 0) 0x7f6110037440 con 0x7f612410a470
2026-02-17T20:09:26.577 INFO:teuthology.orchestra.run.trial075.stdout:/usr/bin/ceph: stderr
2026-02-17T20:09:26.454+0000 7f6122ffd640 1 -- 10.20.193.75:0/1160132698 <== mon.0 v2:10.20.193.75:3300/0 3 ==== mon_map magic: 0 ==== 205+0+0 (secure 0 0 0) 0x7f61100354b0 con 0x7f612410a470
2026-02-17T20:09:26.578 INFO:teuthology.orchestra.run.trial075.stdout:/usr/bin/ceph: stderr
2026-02-17T20:09:26.454+0000 7f612a41a640 1 -- 10.20.193.75:0/1160132698 >> [v2:10.20.193.75:3300/0,v1:10.20.193.75:6789/0] conn(0x7f612410a470 msgr2=0x7f612410a870 secure :-1 s=STATE_CONNECTION_ESTABLISHED l=1).mark_down
2026-02-17T20:09:26.578 INFO:teuthology.orchestra.run.trial075.stdout:/usr/bin/ceph: stderr
2026-02-17T20:09:26.454+0000 7f612a41a640 1 --2- 10.20.193.75:0/1160132698 >> [v2:10.20.193.75:3300/0,v1:10.20.193.75:6789/0] conn(0x7f612410a470 0x7f612410a870 secure :-1 s=READY pgs=45 cs=0 l=1 rev1=1 crypto rx=0x7f6110009920 tx=0x7f611002ef20 comp rx=0 tx=0).stop
2026-02-17T20:09:26.579 INFO:teuthology.orchestra.run.trial075.stdout:/usr/bin/ceph: stderr
2026-02-17T20:09:26.454+0000 7f612a41a640 1 -- 10.20.193.75:0/1160132698 shutdown_connections
2026-02-17T20:09:26.579 INFO:teuthology.orchestra.run.trial075.stdout:/usr/bin/ceph: stderr
2026-02-17T20:09:26.454+0000 7f612a41a640 1 --2- 10.20.193.75:0/1160132698 >> [v2:10.20.193.75:3300/0,v1:10.20.193.75:6789/0] conn(0x7f612410a470 0x7f612410a870 unknown :-1 s=CLOSED pgs=45 cs=0 l=1 rev1=1 crypto rx=0 tx=0 comp rx=0 tx=0).stop
2026-02-17T20:09:26.579 INFO:teuthology.orchestra.run.trial075.stdout:/usr/bin/ceph: stderr
2026-02-17T20:09:26.454+0000 7f612a41a640 1 -- 10.20.193.75:0/1160132698 >> 10.20.193.75:0/1160132698 conn(0x7f612407dba0 msgr2=0x7f6124108670 unknown :-1 s=STATE_NONE l=0).mark_down
2026-02-17T20:09:26.579 INFO:teuthology.orchestra.run.trial075.stdout:/usr/bin/ceph: stderr
2026-02-17T20:09:26.454+0000 7f612a41a640 1 -- 10.20.193.75:0/1160132698 shutdown_connections
2026-02-17T20:09:26.579 INFO:teuthology.orchestra.run.trial075.stdout:/usr/bin/ceph: stderr
2026-02-17T20:09:26.454+0000 7f612a41a640 1 -- 10.20.193.75:0/1160132698 wait complete.
2026-02-17T20:09:26.579 INFO:teuthology.orchestra.run.trial075.stdout:/usr/bin/ceph: stderr
2026-02-17T20:09:26.455+0000 7f612a41a640 1 Processor -- start
2026-02-17T20:09:26.580 INFO:teuthology.orchestra.run.trial075.stdout:/usr/bin/ceph: stderr
2026-02-17T20:09:26.455+0000 7f612a41a640 1 -- start start
2026-02-17T20:09:26.580 INFO:teuthology.orchestra.run.trial075.stdout:/usr/bin/ceph: stderr
2026-02-17T20:09:26.455+0000 7f612a41a640 1 --2- >> [v2:10.20.193.75:3300/0,v1:10.20.193.75:6789/0] conn(0x7f612410a470 0x7f61241a0370 unknown :-1 s=NONE pgs=0 cs=0 l=1 rev1=0 crypto rx=0 tx=0 comp rx=0 tx=0).connect
2026-02-17T20:09:26.580 INFO:teuthology.orchestra.run.trial075.stdout:/usr/bin/ceph: stderr
2026-02-17T20:09:26.455+0000 7f612a41a640 1 -- --> [v2:10.20.193.75:3300/0,v1:10.20.193.75:6789/0] -- mon_getmap magic: 0 -- 0x7f612410e850 con 0x7f612410a470
2026-02-17T20:09:26.581 INFO:teuthology.orchestra.run.trial075.stdout:/usr/bin/ceph: stderr
2026-02-17T20:09:26.455+0000 7f6123fff640 1 --2- >> [v2:10.20.193.75:3300/0,v1:10.20.193.75:6789/0] conn(0x7f612410a470 0x7f61241a0370 unknown :-1 s=BANNER_CONNECTING pgs=0 cs=0 l=1 rev1=0 crypto rx=0 tx=0 comp rx=0 tx=0)._handle_peer_banner_payload supported=3 required=0
2026-02-17T20:09:26.581 INFO:teuthology.orchestra.run.trial075.stdout:/usr/bin/ceph: stderr
2026-02-17T20:09:26.455+0000 7f6123fff640 1 --2- >> [v2:10.20.193.75:3300/0,v1:10.20.193.75:6789/0] conn(0x7f612410a470 0x7f61241a0370 unknown :-1 s=HELLO_CONNECTING pgs=0 cs=0 l=1 rev1=1 crypto rx=0 tx=0 comp rx=0 tx=0).handle_hello peer v2:10.20.193.75:3300/0 says I am v2:10.20.193.75:49962/0 (socket says 10.20.193.75:49962)
2026-02-17T20:09:26.581 INFO:teuthology.orchestra.run.trial075.stdout:/usr/bin/ceph: stderr
2026-02-17T20:09:26.455+0000 7f6123fff640 1 -- 10.20.193.75:0/3853589012 learned_addr learned my addr 10.20.193.75:0/3853589012 (peer_addr_for_me v2:10.20.193.75:0/0)
2026-02-17T20:09:26.581 INFO:teuthology.orchestra.run.trial075.stdout:/usr/bin/ceph: stderr
2026-02-17T20:09:26.455+0000 7f6123fff640 1 -- 10.20.193.75:0/3853589012 --> [v2:10.20.193.75:3300/0,v1:10.20.193.75:6789/0] -- mon_subscribe({config=0+,monmap=0+}) -- 0x7f61241a08b0 con 0x7f612410a470
2026-02-17T20:09:26.581 INFO:teuthology.orchestra.run.trial075.stdout:/usr/bin/ceph: stderr
2026-02-17T20:09:26.455+0000 7f6123fff640 1 --2- 10.20.193.75:0/3853589012 >> [v2:10.20.193.75:3300/0,v1:10.20.193.75:6789/0] conn(0x7f612410a470 0x7f61241a0370 secure :-1 s=READY pgs=46 cs=0 l=1 rev1=1 crypto rx=0x7f6110006fd0 tx=0x7f6110037bb0 comp rx=0 tx=0).ready entity=mon.0 client_cookie=0 server_cookie=0 in_seq=0 out_seq=0
2026-02-17T20:09:26.581 INFO:teuthology.orchestra.run.trial075.stdout:/usr/bin/ceph: stderr
2026-02-17T20:09:26.455+0000 7f61217fa640 1 -- 10.20.193.75:0/3853589012 <== mon.0 v2:10.20.193.75:3300/0 1 ==== mon_map magic: 0 ==== 205+0+0 (secure 0 0 0) 0x7f6110045070 con 0x7f612410a470
2026-02-17T20:09:26.581 INFO:teuthology.orchestra.run.trial075.stdout:/usr/bin/ceph: stderr
2026-02-17T20:09:26.455+0000 7f61217fa640 1 -- 10.20.193.75:0/3853589012 <== mon.0 v2:10.20.193.75:3300/0 2 ==== config(26 keys) ==== 1045+0+0 (secure 0 0 0) 0x7f6110040450 con 0x7f612410a470
2026-02-17T20:09:26.581 INFO:teuthology.orchestra.run.trial075.stdout:/usr/bin/ceph: stderr
2026-02-17T20:09:26.455+0000 7f612a41a640 1 -- 10.20.193.75:0/3853589012 --> [v2:10.20.193.75:3300/0,v1:10.20.193.75:6789/0] -- mon_subscribe({mgrmap=0+}) -- 0x7f61241a0b40 con 0x7f612410a470
2026-02-17T20:09:26.581 INFO:teuthology.orchestra.run.trial075.stdout:/usr/bin/ceph: stderr
2026-02-17T20:09:26.455+0000 7f61217fa640 1 -- 10.20.193.75:0/3853589012 <== mon.0 v2:10.20.193.75:3300/0 3 ==== mon_map magic: 0 ==== 205+0+0 (secure 0 0 0) 0x7f611003c070 con 0x7f612410a470
2026-02-17T20:09:26.582 INFO:teuthology.orchestra.run.trial075.stdout:/usr/bin/ceph: stderr
2026-02-17T20:09:26.455+0000 7f612a41a640 1 -- 10.20.193.75:0/3853589012 --> [v2:10.20.193.75:3300/0,v1:10.20.193.75:6789/0] -- mon_subscribe({osdmap=0}) -- 0x7f61241a3830 con 0x7f612410a470
2026-02-17T20:09:26.582 INFO:teuthology.orchestra.run.trial075.stdout:/usr/bin/ceph: stderr
2026-02-17T20:09:26.456+0000 7f612a41a640 1 -- 10.20.193.75:0/3853589012 --> [v2:10.20.193.75:3300/0,v1:10.20.193.75:6789/0] -- mon_command({"prefix": "get_command_descriptions"} v 0) -- 0x7f612410a8f0 con 0x7f612410a470
2026-02-17T20:09:26.582 INFO:teuthology.orchestra.run.trial075.stdout:/usr/bin/ceph: stderr
2026-02-17T20:09:26.456+0000 7f61217fa640 1 -- 10.20.193.75:0/3853589012 <== mon.0 v2:10.20.193.75:3300/0 4 ==== mgrmap(e 8) ==== 50247+0+0 (secure 0 0 0) 0x7f6110035af0 con 0x7f612410a470
2026-02-17T20:09:26.582 INFO:teuthology.orchestra.run.trial075.stdout:/usr/bin/ceph: stderr
2026-02-17T20:09:26.456+0000 7f61217fa640 1 --2- 10.20.193.75:0/3853589012 >> [v2:10.20.193.75:6800/4254402747,v1:10.20.193.75:6801/4254402747] conn(0x7f60f803dbf0 0x7f60f80400b0 unknown :-1 s=NONE pgs=0 cs=0 l=1 rev1=0 crypto rx=0 tx=0 comp rx=0 tx=0).connect
2026-02-17T20:09:26.582 INFO:teuthology.orchestra.run.trial075.stdout:/usr/bin/ceph: stderr
2026-02-17T20:09:26.456+0000 7f61217fa640 1 -- 10.20.193.75:0/3853589012 <== mon.0 v2:10.20.193.75:3300/0 5 ==== osd_map(2..2 src has 1..2) ==== 940+0+0 (secure 0 0 0) 0x7f6110076710 con 0x7f612410a470
2026-02-17T20:09:26.582 INFO:teuthology.orchestra.run.trial075.stdout:/usr/bin/ceph: stderr
2026-02-17T20:09:26.456+0000 7f61237fe640 1 --2- 10.20.193.75:0/3853589012 >> [v2:10.20.193.75:6800/4254402747,v1:10.20.193.75:6801/4254402747] conn(0x7f60f803dbf0 0x7f60f80400b0 unknown :-1 s=BANNER_CONNECTING pgs=0 cs=0 l=1 rev1=0 crypto rx=0 tx=0 comp rx=0 tx=0)._handle_peer_banner_payload supported=3 required=0
2026-02-17T20:09:26.582 INFO:teuthology.orchestra.run.trial075.stdout:/usr/bin/ceph: stderr
2026-02-17T20:09:26.456+0000 7f61237fe640 1 --2- 10.20.193.75:0/3853589012 >> [v2:10.20.193.75:6800/4254402747,v1:10.20.193.75:6801/4254402747] conn(0x7f60f803dbf0 0x7f60f80400b0 secure :-1 s=READY pgs=12 cs=0 l=1 rev1=1 crypto rx=0x7f61140099c0 tx=0x7f6114006eb0 comp rx=0 tx=0).ready entity=mgr.14118 client_cookie=0 server_cookie=0 in_seq=0 out_seq=0
2026-02-17T20:09:26.582 INFO:teuthology.orchestra.run.trial075.stdout:/usr/bin/ceph: stderr
2026-02-17T20:09:26.458+0000 7f61217fa640 1 -- 10.20.193.75:0/3853589012 <== mon.0 v2:10.20.193.75:3300/0 6 ==== mon_command_ack([{"prefix": "get_command_descriptions"}]=0 v0) ==== 72+0+195034 (secure 0 0 0) 0x7f6110033200 con 0x7f612410a470
2026-02-17T20:09:26.582 INFO:teuthology.orchestra.run.trial075.stdout:/usr/bin/ceph: stderr
2026-02-17T20:09:26.548+0000 7f612a41a640 1 -- 10.20.193.75:0/3853589012 --> [v2:10.20.193.75:6800/4254402747,v1:10.20.193.75:6801/4254402747] -- mgr_command(tid 0: {"prefix": "orch apply", "service_type": "mon", "unmanaged": true, "target": ["mon-mgr", ""]}) -- 0x7f6124108600 con 0x7f60f803dbf0
2026-02-17T20:09:26.582 INFO:teuthology.orchestra.run.trial075.stdout:/usr/bin/ceph: stderr
2026-02-17T20:09:26.551+0000 7f61217fa640 1 -- 10.20.193.75:0/3853589012 <== mgr.14118 v2:10.20.193.75:6800/4254402747 1 ==== mgr_command_reply(tid 0: 0 ) ==== 8+0+24 (secure 0 0 0) 0x7f6124108600 con 0x7f60f803dbf0
2026-02-17T20:09:26.583 INFO:teuthology.orchestra.run.trial075.stdout:/usr/bin/ceph: stderr
2026-02-17T20:09:26.552+0000 7f612a41a640 1 -- 10.20.193.75:0/3853589012 >> [v2:10.20.193.75:6800/4254402747,v1:10.20.193.75:6801/4254402747] conn(0x7f60f803dbf0 msgr2=0x7f60f80400b0 secure :-1 s=STATE_CONNECTION_ESTABLISHED l=1).mark_down
2026-02-17T20:09:26.583 INFO:teuthology.orchestra.run.trial075.stdout:/usr/bin/ceph: stderr
2026-02-17T20:09:26.552+0000 7f612a41a640 1 --2- 10.20.193.75:0/3853589012 >> [v2:10.20.193.75:6800/4254402747,v1:10.20.193.75:6801/4254402747] conn(0x7f60f803dbf0 0x7f60f80400b0 secure :-1 s=READY pgs=12 cs=0 l=1 rev1=1 crypto rx=0x7f61140099c0 tx=0x7f6114006eb0 comp rx=0 tx=0).stop
2026-02-17T20:09:26.583 INFO:teuthology.orchestra.run.trial075.stdout:/usr/bin/ceph: stderr
2026-02-17T20:09:26.552+0000 7f612a41a640 1 -- 10.20.193.75:0/3853589012 >> [v2:10.20.193.75:3300/0,v1:10.20.193.75:6789/0] conn(0x7f612410a470 msgr2=0x7f61241a0370 secure :-1 s=STATE_CONNECTION_ESTABLISHED l=1).mark_down
2026-02-17T20:09:26.583 INFO:teuthology.orchestra.run.trial075.stdout:/usr/bin/ceph: stderr
2026-02-17T20:09:26.552+0000 7f612a41a640 1 --2- 10.20.193.75:0/3853589012 >> [v2:10.20.193.75:3300/0,v1:10.20.193.75:6789/0] conn(0x7f612410a470 0x7f61241a0370 secure :-1 s=READY pgs=46 cs=0 l=1 rev1=1 crypto rx=0x7f6110006fd0 tx=0x7f6110037bb0 comp rx=0 tx=0).stop
2026-02-17T20:09:26.583 INFO:teuthology.orchestra.run.trial075.stdout:/usr/bin/ceph: stderr
2026-02-17T20:09:26.552+0000 7f612a41a640 1 -- 10.20.193.75:0/3853589012 shutdown_connections
2026-02-17T20:09:26.583 INFO:teuthology.orchestra.run.trial075.stdout:/usr/bin/ceph: stderr
2026-02-17T20:09:26.552+0000 7f612a41a640 1 --2- 10.20.193.75:0/3853589012 >> [v2:10.20.193.75:6800/4254402747,v1:10.20.193.75:6801/4254402747] conn(0x7f60f803dbf0 0x7f60f80400b0 unknown :-1 s=CLOSED pgs=12 cs=0 l=1 rev1=1 crypto rx=0 tx=0 comp rx=0 tx=0).stop
2026-02-17T20:09:26.583 INFO:teuthology.orchestra.run.trial075.stdout:/usr/bin/ceph: stderr
2026-02-17T20:09:26.552+0000 7f612a41a640 1 --2- 10.20.193.75:0/3853589012 >> [v2:10.20.193.75:3300/0,v1:10.20.193.75:6789/0] conn(0x7f612410a470 0x7f61241a0370 unknown :-1 s=CLOSED pgs=46 cs=0 l=1 rev1=1 crypto rx=0 tx=0 comp rx=0 tx=0).stop
2026-02-17T20:09:26.583 INFO:teuthology.orchestra.run.trial075.stdout:/usr/bin/ceph: stderr
2026-02-17T20:09:26.552+0000 7f612a41a640 1 -- 10.20.193.75:0/3853589012 >> 10.20.193.75:0/3853589012 conn(0x7f612407dba0 msgr2=0x7f6124107ef0 unknown :-1 s=STATE_NONE l=0).mark_down
2026-02-17T20:09:26.583 INFO:teuthology.orchestra.run.trial075.stdout:/usr/bin/ceph: stderr
2026-02-17T20:09:26.552+0000 7f612a41a640 1 -- 10.20.193.75:0/3853589012 shutdown_connections
2026-02-17T20:09:26.584 INFO:teuthology.orchestra.run.trial075.stdout:/usr/bin/ceph: stderr
2026-02-17T20:09:26.552+0000 7f612a41a640 1 -- 10.20.193.75:0/3853589012 wait complete.
2026-02-17T20:09:26.584 INFO:teuthology.orchestra.run.trial075.stdout:Deploying unmanaged mgr service...
2026-02-17T20:09:26.785 INFO:teuthology.orchestra.run.trial075.stdout:/usr/bin/ceph: stdout Scheduled mgr update...
2026-02-17T20:09:26.786 INFO:teuthology.orchestra.run.trial075.stdout:/usr/bin/ceph: stderr
2026-02-17T20:09:26.657+0000 7fc629d30640 1 Processor -- start
2026-02-17T20:09:26.786 INFO:teuthology.orchestra.run.trial075.stdout:/usr/bin/ceph: stderr
2026-02-17T20:09:26.657+0000 7fc629d30640 1 -- start start
2026-02-17T20:09:26.786 INFO:teuthology.orchestra.run.trial075.stdout:/usr/bin/ceph: stderr
2026-02-17T20:09:26.657+0000 7fc629d30640 1 --2- >> [v2:10.20.193.75:3300/0,v1:10.20.193.75:6789/0] conn(0x7fc62410a490 0x7fc62410a890 unknown :-1 s=NONE pgs=0 cs=0 l=0 rev1=0 crypto rx=0 tx=0 comp rx=0 tx=0).connect
2026-02-17T20:09:26.786 INFO:teuthology.orchestra.run.trial075.stdout:/usr/bin/ceph: stderr
2026-02-17T20:09:26.657+0000 7fc629d30640 1 -- --> [v2:10.20.193.75:3300/0,v1:10.20.193.75:6789/0] -- mon_getmap magic: 0 -- 0x7fc62410ae60 con 0x7fc62410a490
2026-02-17T20:09:26.786 INFO:teuthology.orchestra.run.trial075.stdout:/usr/bin/ceph: stderr
2026-02-17T20:09:26.657+0000 7fc6237fe640 1 --2- >> [v2:10.20.193.75:3300/0,v1:10.20.193.75:6789/0] conn(0x7fc62410a490 0x7fc62410a890 unknown :-1 s=BANNER_CONNECTING pgs=0 cs=0 l=0 rev1=0 crypto rx=0 tx=0 comp rx=0 tx=0)._handle_peer_banner_payload supported=3 required=0
2026-02-17T20:09:26.786 INFO:teuthology.orchestra.run.trial075.stdout:/usr/bin/ceph: stderr
2026-02-17T20:09:26.657+0000 7fc6237fe640 1 --2- >> [v2:10.20.193.75:3300/0,v1:10.20.193.75:6789/0] conn(0x7fc62410a490 0x7fc62410a890 unknown :-1 s=HELLO_CONNECTING pgs=0 cs=0 l=0 rev1=1 crypto rx=0 tx=0 comp rx=0 tx=0).handle_hello peer v2:10.20.193.75:3300/0 says I am v2:10.20.193.75:49970/0 (socket says 10.20.193.75:49970)
2026-02-17T20:09:26.786 INFO:teuthology.orchestra.run.trial075.stdout:/usr/bin/ceph: stderr
2026-02-17T20:09:26.657+0000 7fc6237fe640 1 -- 10.20.193.75:0/414042714 learned_addr learned my addr 10.20.193.75:0/414042714 (peer_addr_for_me v2:10.20.193.75:0/0)
2026-02-17T20:09:26.786 INFO:teuthology.orchestra.run.trial075.stdout:/usr/bin/ceph: stderr
2026-02-17T20:09:26.657+0000 7fc6237fe640 1 -- 10.20.193.75:0/414042714 --> [v2:10.20.193.75:3300/0,v1:10.20.193.75:6789/0] -- mon_subscribe({config=0+,monmap=0+}) -- 0x7fc62410b640 con 0x7fc62410a490
2026-02-17T20:09:26.786 INFO:teuthology.orchestra.run.trial075.stdout:/usr/bin/ceph: stderr
2026-02-17T20:09:26.658+0000 7fc6237fe640 1 --2- 10.20.193.75:0/414042714 >> [v2:10.20.193.75:3300/0,v1:10.20.193.75:6789/0] conn(0x7fc62410a490 0x7fc62410a890 secure :-1 s=READY pgs=47 cs=0 l=1 rev1=1 crypto rx=0x7fc610009920 tx=0x7fc61002ef20 comp rx=0 tx=0).ready entity=mon.0 client_cookie=506d5976b464d8d9 server_cookie=0 in_seq=0 out_seq=0
2026-02-17T20:09:26.787 INFO:teuthology.orchestra.run.trial075.stdout:/usr/bin/ceph: stderr
2026-02-17T20:09:26.658+0000 7fc6227fc640 1 -- 10.20.193.75:0/414042714 <== mon.0 v2:10.20.193.75:3300/0 1 ==== mon_map magic: 0 ==== 205+0+0 (secure 0 0 0) 0x7fc61003c070 con 0x7fc62410a490
2026-02-17T20:09:26.787 INFO:teuthology.orchestra.run.trial075.stdout:/usr/bin/ceph: stderr
2026-02-17T20:09:26.658+0000 7fc6227fc640 1 -- 10.20.193.75:0/414042714 <== mon.0 v2:10.20.193.75:3300/0 2 ==== config(26 keys) ==== 1045+0+0 (secure 0 0 0) 0x7fc610037440 con 0x7fc62410a490
2026-02-17T20:09:26.787 INFO:teuthology.orchestra.run.trial075.stdout:/usr/bin/ceph: stderr
2026-02-17T20:09:26.658+0000 7fc6227fc640 1 -- 10.20.193.75:0/414042714 <== mon.0 v2:10.20.193.75:3300/0 3 ==== mon_map magic: 0 ==== 205+0+0 (secure 0 0 0) 0x7fc6100354b0 con 0x7fc62410a490
2026-02-17T20:09:26.787 INFO:teuthology.orchestra.run.trial075.stdout:/usr/bin/ceph: stderr
2026-02-17T20:09:26.659+0000 7fc629d30640 1 -- 10.20.193.75:0/414042714 >> [v2:10.20.193.75:3300/0,v1:10.20.193.75:6789/0] conn(0x7fc62410a490 msgr2=0x7fc62410a890 secure :-1 s=STATE_CONNECTION_ESTABLISHED l=1).mark_down
2026-02-17T20:09:26.787 INFO:teuthology.orchestra.run.trial075.stdout:/usr/bin/ceph: stderr
2026-02-17T20:09:26.659+0000 7fc629d30640 1 --2- 10.20.193.75:0/414042714 >> [v2:10.20.193.75:3300/0,v1:10.20.193.75:6789/0] conn(0x7fc62410a490 0x7fc62410a890 secure :-1 s=READY pgs=47 cs=0 l=1 rev1=1 crypto rx=0x7fc610009920 tx=0x7fc61002ef20 comp rx=0 tx=0).stop
2026-02-17T20:09:26.787 INFO:teuthology.orchestra.run.trial075.stdout:/usr/bin/ceph: stderr
2026-02-17T20:09:26.659+0000 7fc629d30640 1 -- 10.20.193.75:0/414042714 shutdown_connections
2026-02-17T20:09:26.787 INFO:teuthology.orchestra.run.trial075.stdout:/usr/bin/ceph: stderr
2026-02-17T20:09:26.659+0000 7fc629d30640 1 --2- 10.20.193.75:0/414042714 >> [v2:10.20.193.75:3300/0,v1:10.20.193.75:6789/0] conn(0x7fc62410a490 0x7fc62410a890 unknown :-1 s=CLOSED pgs=47 cs=0 l=1 rev1=1 crypto rx=0 tx=0 comp rx=0 tx=0).stop
2026-02-17T20:09:26.787 INFO:teuthology.orchestra.run.trial075.stdout:/usr/bin/ceph: stderr
2026-02-17T20:09:26.659+0000 7fc629d30640 1 -- 10.20.193.75:0/414042714 >> 10.20.193.75:0/414042714 conn(0x7fc62407d9a0 msgr2=0x7fc624108670 unknown :-1 s=STATE_NONE l=0).mark_down
2026-02-17T20:09:26.787 INFO:teuthology.orchestra.run.trial075.stdout:/usr/bin/ceph: stderr
2026-02-17T20:09:26.659+0000 7fc629d30640 1 -- 10.20.193.75:0/414042714 shutdown_connections
2026-02-17T20:09:26.787 INFO:teuthology.orchestra.run.trial075.stdout:/usr/bin/ceph: stderr
2026-02-17T20:09:26.659+0000 7fc629d30640 1 -- 10.20.193.75:0/414042714 wait complete.
2026-02-17T20:09:26.787 INFO:teuthology.orchestra.run.trial075.stdout:/usr/bin/ceph: stderr
2026-02-17T20:09:26.659+0000 7fc629d30640 1 Processor -- start
2026-02-17T20:09:26.787 INFO:teuthology.orchestra.run.trial075.stdout:/usr/bin/ceph: stderr
2026-02-17T20:09:26.659+0000 7fc629d30640 1 -- start start
2026-02-17T20:09:26.788 INFO:teuthology.orchestra.run.trial075.stdout:/usr/bin/ceph: stderr
2026-02-17T20:09:26.659+0000 7fc629d30640 1 --2- >> [v2:10.20.193.75:3300/0,v1:10.20.193.75:6789/0] conn(0x7fc62410a490 0x7fc6241a0370 unknown :-1 s=NONE pgs=0 cs=0 l=1 rev1=0 crypto rx=0 tx=0 comp rx=0 tx=0).connect
2026-02-17T20:09:26.788 INFO:teuthology.orchestra.run.trial075.stdout:/usr/bin/ceph: stderr
2026-02-17T20:09:26.659+0000 7fc629d30640 1 -- --> [v2:10.20.193.75:3300/0,v1:10.20.193.75:6789/0] -- mon_getmap magic: 0 -- 0x7fc62410e870 con 0x7fc62410a490
2026-02-17T20:09:26.788 INFO:teuthology.orchestra.run.trial075.stdout:/usr/bin/ceph: stderr
2026-02-17T20:09:26.659+0000 7fc6237fe640 1 --2- >> [v2:10.20.193.75:3300/0,v1:10.20.193.75:6789/0] conn(0x7fc62410a490 0x7fc6241a0370 unknown :-1 s=BANNER_CONNECTING pgs=0 cs=0 l=1 rev1=0 crypto rx=0 tx=0 comp rx=0 tx=0)._handle_peer_banner_payload supported=3 required=0
2026-02-17T20:09:26.788 INFO:teuthology.orchestra.run.trial075.stdout:/usr/bin/ceph: stderr
2026-02-17T20:09:26.659+0000 7fc6237fe640 1 --2- >> [v2:10.20.193.75:3300/0,v1:10.20.193.75:6789/0] conn(0x7fc62410a490 0x7fc6241a0370 unknown :-1 s=HELLO_CONNECTING pgs=0 cs=0 l=1 rev1=1 crypto rx=0 tx=0 comp rx=0 tx=0).handle_hello peer v2:10.20.193.75:3300/0 says I am v2:10.20.193.75:49980/0 (socket says 10.20.193.75:49980)
2026-02-17T20:09:26.788 INFO:teuthology.orchestra.run.trial075.stdout:/usr/bin/ceph: stderr
2026-02-17T20:09:26.659+0000 7fc6237fe640 1 -- 10.20.193.75:0/1580551162 learned_addr learned my addr 10.20.193.75:0/1580551162 (peer_addr_for_me v2:10.20.193.75:0/0)
2026-02-17T20:09:26.788 INFO:teuthology.orchestra.run.trial075.stdout:/usr/bin/ceph: stderr
2026-02-17T20:09:26.659+0000 7fc6237fe640 1 -- 10.20.193.75:0/1580551162 --> [v2:10.20.193.75:3300/0,v1:10.20.193.75:6789/0] -- mon_subscribe({config=0+,monmap=0+}) -- 0x7fc6241a08b0 con 0x7fc62410a490
2026-02-17T20:09:26.788 INFO:teuthology.orchestra.run.trial075.stdout:/usr/bin/ceph: stderr
2026-02-17T20:09:26.660+0000 7fc6237fe640 1 --2- 10.20.193.75:0/1580551162 >> [v2:10.20.193.75:3300/0,v1:10.20.193.75:6789/0] conn(0x7fc62410a490 0x7fc6241a0370 secure :-1 s=READY pgs=48 cs=0 l=1 rev1=1 crypto rx=0x7fc610006fd0 tx=0x7fc610037bb0 comp rx=0 tx=0).ready entity=mon.0 client_cookie=0 server_cookie=0 in_seq=0 out_seq=0
2026-02-17T20:09:26.788 INFO:teuthology.orchestra.run.trial075.stdout:/usr/bin/ceph: stderr
2026-02-17T20:09:26.660+0000 7fc620ff9640 1 -- 10.20.193.75:0/1580551162 <== mon.0 v2:10.20.193.75:3300/0 1 ==== mon_map magic: 0 ==== 205+0+0 (secure 0 0 0) 0x7fc610045070 con 0x7fc62410a490
2026-02-17T20:09:26.788 INFO:teuthology.orchestra.run.trial075.stdout:/usr/bin/ceph: stderr
2026-02-17T20:09:26.660+0000 7fc620ff9640 1 -- 10.20.193.75:0/1580551162 <== mon.0 v2:10.20.193.75:3300/0 2 ==== config(26 keys) ==== 1045+0+0 (secure 0 0 0) 0x7fc610040450 con 0x7fc62410a490
2026-02-17T20:09:26.788 INFO:teuthology.orchestra.run.trial075.stdout:/usr/bin/ceph: stderr
2026-02-17T20:09:26.660+0000 7fc629d30640 1 -- 10.20.193.75:0/1580551162 --> [v2:10.20.193.75:3300/0,v1:10.20.193.75:6789/0] -- mon_subscribe({mgrmap=0+}) -- 0x7fc6241a0b40 con 0x7fc62410a490
2026-02-17T20:09:26.788 INFO:teuthology.orchestra.run.trial075.stdout:/usr/bin/ceph: stderr
