2026-02-17T20:10:43.305+0000 7ff259ffb640 1 -- 10.20.193.41:0/288421343 <== mon.0 v2:10.20.193.41:3300/0 3 ==== mon_map magic: 0 ==== 205+0+0 (secure 0 0 0) 0x7ff250007580 con 0x7ff25c10a2c0
2026-02-17T20:10:44.927 INFO:teuthology.orchestra.run.trial041.stdout:/usr/bin/ceph: stderr
2026-02-17T20:10:43.305+0000 7ff261566640 1 -- 10.20.193.41:0/288421343 >> [v2:10.20.193.41:3300/0,v1:10.20.193.41:6789/0] conn(0x7ff25c10a2c0 msgr2=0x7ff25c10a6c0 secure :-1 s=STATE_CONNECTION_ESTABLISHED l=1).mark_down
2026-02-17T20:10:44.927 INFO:teuthology.orchestra.run.trial041.stdout:/usr/bin/ceph: stderr
2026-02-17T20:10:43.305+0000 7ff261566640 1 --2- 10.20.193.41:0/288421343 >> [v2:10.20.193.41:3300/0,v1:10.20.193.41:6789/0] conn(0x7ff25c10a2c0 0x7ff25c10a6c0 secure :-1 s=READY pgs=43 cs=0 l=1 rev1=1 crypto rx=0x7ff250009e80 tx=0x7ff25002f360 comp rx=0 tx=0).stop
2026-02-17T20:10:44.927 INFO:teuthology.orchestra.run.trial041.stdout:/usr/bin/ceph: stderr
2026-02-17T20:10:43.305+0000 7ff261566640 1 -- 10.20.193.41:0/288421343 shutdown_connections
2026-02-17T20:10:44.928 INFO:teuthology.orchestra.run.trial041.stdout:/usr/bin/ceph: stderr
2026-02-17T20:10:43.305+0000 7ff261566640 1 --2- 10.20.193.41:0/288421343 >> [v2:10.20.193.41:3300/0,v1:10.20.193.41:6789/0] conn(0x7ff25c10a2c0 0x7ff25c10a6c0 unknown :-1 s=CLOSED pgs=43 cs=0 l=1 rev1=1 crypto rx=0 tx=0 comp rx=0 tx=0).stop
2026-02-17T20:10:44.928 INFO:teuthology.orchestra.run.trial041.stdout:/usr/bin/ceph: stderr
2026-02-17T20:10:43.305+0000 7ff261566640 1 -- 10.20.193.41:0/288421343 >> 10.20.193.41:0/288421343 conn(0x7ff25c07d8c0 msgr2=0x7ff25c108670 unknown :-1 s=STATE_NONE l=0).mark_down
2026-02-17T20:10:44.928 INFO:teuthology.orchestra.run.trial041.stdout:/usr/bin/ceph: stderr
2026-02-17T20:10:43.305+0000 7ff261566640 1 -- 10.20.193.41:0/288421343 shutdown_connections
2026-02-17T20:10:44.928 INFO:teuthology.orchestra.run.trial041.stdout:/usr/bin/ceph: stderr
2026-02-17T20:10:43.305+0000 7ff261566640 1 -- 10.20.193.41:0/288421343 wait complete.
2026-02-17T20:10:44.928 INFO:teuthology.orchestra.run.trial041.stdout:/usr/bin/ceph: stderr
2026-02-17T20:10:43.306+0000 7ff261566640 1 Processor -- start
2026-02-17T20:10:44.928 INFO:teuthology.orchestra.run.trial041.stdout:/usr/bin/ceph: stderr
2026-02-17T20:10:43.306+0000 7ff261566640 1 -- start start
2026-02-17T20:10:44.928 INFO:teuthology.orchestra.run.trial041.stdout:/usr/bin/ceph: stderr
2026-02-17T20:10:43.306+0000 7ff261566640 1 --2- >> [v2:10.20.193.41:3300/0,v1:10.20.193.41:6789/0] conn(0x7ff25c10a2c0 0x7ff25c1a0060 unknown :-1 s=NONE pgs=0 cs=0 l=1 rev1=0 crypto rx=0 tx=0 comp rx=0 tx=0).connect
2026-02-17T20:10:44.928 INFO:teuthology.orchestra.run.trial041.stdout:/usr/bin/ceph: stderr
2026-02-17T20:10:43.306+0000 7ff261566640 1 -- --> [v2:10.20.193.41:3300/0,v1:10.20.193.41:6789/0] -- mon_getmap magic: 0 -- 0x7ff25c10e690 con 0x7ff25c10a2c0
2026-02-17T20:10:44.928 INFO:teuthology.orchestra.run.trial041.stdout:/usr/bin/ceph: stderr
2026-02-17T20:10:43.306+0000 7ff25affd640 1 --2- >> [v2:10.20.193.41:3300/0,v1:10.20.193.41:6789/0] conn(0x7ff25c10a2c0 0x7ff25c1a0060 unknown :-1 s=BANNER_CONNECTING pgs=0 cs=0 l=1 rev1=0 crypto rx=0 tx=0 comp rx=0 tx=0)._handle_peer_banner_payload supported=3 required=0
2026-02-17T20:10:44.928 INFO:teuthology.orchestra.run.trial041.stdout:/usr/bin/ceph: stderr
2026-02-17T20:10:43.306+0000 7ff25affd640 1 --2- >> [v2:10.20.193.41:3300/0,v1:10.20.193.41:6789/0] conn(0x7ff25c10a2c0 0x7ff25c1a0060 unknown :-1 s=HELLO_CONNECTING pgs=0 cs=0 l=1 rev1=1 crypto rx=0 tx=0 comp rx=0 tx=0).handle_hello peer v2:10.20.193.41:3300/0 says I am v2:10.20.193.41:55218/0 (socket says 10.20.193.41:55218)
2026-02-17T20:10:44.929 INFO:teuthology.orchestra.run.trial041.stdout:/usr/bin/ceph: stderr
2026-02-17T20:10:43.306+0000 7ff25affd640 1 -- 10.20.193.41:0/583701655 learned_addr learned my addr 10.20.193.41:0/583701655 (peer_addr_for_me v2:10.20.193.41:0/0)
2026-02-17T20:10:44.929 INFO:teuthology.orchestra.run.trial041.stdout:/usr/bin/ceph: stderr
2026-02-17T20:10:43.306+0000 7ff25affd640 1 -- 10.20.193.41:0/583701655 --> [v2:10.20.193.41:3300/0,v1:10.20.193.41:6789/0] -- mon_subscribe({config=0+,monmap=0+}) -- 0x7ff25c1a05a0 con 0x7ff25c10a2c0
2026-02-17T20:10:44.929 INFO:teuthology.orchestra.run.trial041.stdout:/usr/bin/ceph: stderr
2026-02-17T20:10:43.306+0000 7ff25affd640 1 --2- 10.20.193.41:0/583701655 >> [v2:10.20.193.41:3300/0,v1:10.20.193.41:6789/0] conn(0x7ff25c10a2c0 0x7ff25c1a0060 secure :-1 s=READY pgs=44 cs=0 l=1 rev1=1 crypto rx=0x7ff25000c090 tx=0x7ff250007ec0 comp rx=0 tx=0).ready entity=mon.0 client_cookie=0 server_cookie=0 in_seq=0 out_seq=0
2026-02-17T20:10:44.929 INFO:teuthology.orchestra.run.trial041.stdout:/usr/bin/ceph: stderr
2026-02-17T20:10:43.306+0000 7ff23bfff640 1 -- 10.20.193.41:0/583701655 <== mon.0 v2:10.20.193.41:3300/0 1 ==== mon_map magic: 0 ==== 205+0+0 (secure 0 0 0) 0x7ff250045020 con 0x7ff25c10a2c0
2026-02-17T20:10:44.929 INFO:teuthology.orchestra.run.trial041.stdout:/usr/bin/ceph: stderr
2026-02-17T20:10:43.306+0000 7ff23bfff640 1 -- 10.20.193.41:0/583701655 <== mon.0 v2:10.20.193.41:3300/0 2 ==== config(25 keys) ==== 1007+0+0 (secure 0 0 0) 0x7ff250041400 con 0x7ff25c10a2c0
2026-02-17T20:10:44.929 INFO:teuthology.orchestra.run.trial041.stdout:/usr/bin/ceph: stderr
2026-02-17T20:10:43.306+0000 7ff261566640 1 -- 10.20.193.41:0/583701655 --> [v2:10.20.193.41:3300/0,v1:10.20.193.41:6789/0] -- mon_subscribe({mgrmap=0+}) -- 0x7ff25c1a0830 con 0x7ff25c10a2c0
2026-02-17T20:10:44.929 INFO:teuthology.orchestra.run.trial041.stdout:/usr/bin/ceph: stderr
2026-02-17T20:10:43.306+0000 7ff23bfff640 1 -- 10.20.193.41:0/583701655 <== mon.0 v2:10.20.193.41:3300/0 3 ==== mon_map magic: 0 ==== 205+0+0 (secure 0 0 0) 0x7ff25003f3d0 con 0x7ff25c10a2c0
2026-02-17T20:10:44.929 INFO:teuthology.orchestra.run.trial041.stdout:/usr/bin/ceph: stderr
2026-02-17T20:10:43.306+0000 7ff261566640 1 -- 10.20.193.41:0/583701655 --> [v2:10.20.193.41:3300/0,v1:10.20.193.41:6789/0] -- mon_subscribe({osdmap=0}) -- 0x7ff25c1a3520 con 0x7ff25c10a2c0
2026-02-17T20:10:44.929 INFO:teuthology.orchestra.run.trial041.stdout:/usr/bin/ceph: stderr
2026-02-17T20:10:43.307+0000 7ff261566640 1 -- 10.20.193.41:0/583701655 --> [v2:10.20.193.41:3300/0,v1:10.20.193.41:6789/0] -- mon_command({"prefix": "get_command_descriptions"} v 0) -- 0x7ff25c10a740 con 0x7ff25c10a2c0
2026-02-17T20:10:44.929 INFO:teuthology.orchestra.run.trial041.stdout:/usr/bin/ceph: stderr
2026-02-17T20:10:43.307+0000 7ff23bfff640 1 -- 10.20.193.41:0/583701655 <== mon.0 v2:10.20.193.41:3300/0 4 ==== mgrmap(e 7) ==== 50141+0+0 (secure 0 0 0) 0x7ff250041870 con 0x7ff25c10a2c0
2026-02-17T20:10:44.929 INFO:teuthology.orchestra.run.trial041.stdout:/usr/bin/ceph: stderr
2026-02-17T20:10:43.307+0000 7ff23bfff640 1 --2- 10.20.193.41:0/583701655 >> [v2:10.20.193.41:6800/2251249757,v1:10.20.193.41:6801/2251249757] conn(0x7ff23003da80 0x7ff23003ff40 unknown :-1 s=NONE pgs=0 cs=0 l=1 rev1=0 crypto rx=0 tx=0 comp rx=0 tx=0).connect
2026-02-17T20:10:44.929 INFO:teuthology.orchestra.run.trial041.stdout:/usr/bin/ceph: stderr
2026-02-17T20:10:43.307+0000 7ff23bfff640 1 -- 10.20.193.41:0/583701655 <== mon.0 v2:10.20.193.41:3300/0 5 ==== osd_map(2..2 src has 1..2) ==== 940+0+0 (secure 0 0 0) 0x7ff250077620 con 0x7ff25c10a2c0
2026-02-17T20:10:44.929 INFO:teuthology.orchestra.run.trial041.stdout:/usr/bin/ceph: stderr
2026-02-17T20:10:43.307+0000 7ff25a7fc640 1 --2- 10.20.193.41:0/583701655 >> [v2:10.20.193.41:6800/2251249757,v1:10.20.193.41:6801/2251249757] conn(0x7ff23003da80 0x7ff23003ff40 unknown :-1 s=BANNER_CONNECTING pgs=0 cs=0 l=1 rev1=0 crypto rx=0 tx=0 comp rx=0 tx=0)._handle_peer_banner_payload supported=3 required=0
2026-02-17T20:10:44.929 INFO:teuthology.orchestra.run.trial041.stdout:/usr/bin/ceph: stderr
2026-02-17T20:10:43.307+0000 7ff25a7fc640 1 --2- 10.20.193.41:0/583701655 >> [v2:10.20.193.41:6800/2251249757,v1:10.20.193.41:6801/2251249757] conn(0x7ff23003da80 0x7ff23003ff40 secure :-1 s=READY pgs=11 cs=0 l=1 rev1=1 crypto rx=0x7ff2440099c0 tx=0x7ff244006eb0 comp rx=0 tx=0).ready entity=mgr.14118 client_cookie=0 server_cookie=0 in_seq=0 out_seq=0
2026-02-17T20:10:44.929 INFO:teuthology.orchestra.run.trial041.stdout:/usr/bin/ceph: stderr
2026-02-17T20:10:43.310+0000 7ff23bfff640 1 -- 10.20.193.41:0/583701655 <== mon.0 v2:10.20.193.41:3300/0 6 ==== mon_command_ack([{"prefix": "get_command_descriptions"}]=0 v0) ==== 72+0+195034 (secure 0 0 0) 0x7ff25004f070 con 0x7ff25c10a2c0
2026-02-17T20:10:44.929 INFO:teuthology.orchestra.run.trial041.stdout:/usr/bin/ceph: stderr
2026-02-17T20:10:43.396+0000 7ff261566640 1 -- 10.20.193.41:0/583701655 --> [v2:10.20.193.41:6800/2251249757,v1:10.20.193.41:6801/2251249757] -- mgr_command(tid 0: {"prefix": "orch host add", "hostname": "trial041", "addr": "10.20.193.41", "target": ["mon-mgr", ""]}) -- 0x7ff25c108530 con 0x7ff23003da80
2026-02-17T20:10:44.929 INFO:teuthology.orchestra.run.trial041.stdout:/usr/bin/ceph: stderr
2026-02-17T20:10:43.971+0000 7ff23bfff640 1 -- 10.20.193.41:0/583701655 <== mon.0 v2:10.20.193.41:3300/0 7 ==== mgrmap(e 8) ==== 50247+0+0 (secure 0 0 0) 0x7ff250037730 con 0x7ff25c10a2c0
2026-02-17T20:10:44.929 INFO:teuthology.orchestra.run.trial041.stdout:/usr/bin/ceph: stderr
2026-02-17T20:10:44.872+0000 7ff23bfff640 1 -- 10.20.193.41:0/583701655 <== mgr.14118 v2:10.20.193.41:6800/2251249757 1 ==== mgr_command_reply(tid 0: 0 ) ==== 8+0+47 (secure 0 0 0) 0x7ff25c108530 con 0x7ff23003da80
2026-02-17T20:10:44.929 INFO:teuthology.orchestra.run.trial041.stdout:/usr/bin/ceph: stderr
2026-02-17T20:10:44.874+0000 7ff261566640 1 -- 10.20.193.41:0/583701655 >> [v2:10.20.193.41:6800/2251249757,v1:10.20.193.41:6801/2251249757] conn(0x7ff23003da80 msgr2=0x7ff23003ff40 secure :-1 s=STATE_CONNECTION_ESTABLISHED l=1).mark_down
2026-02-17T20:10:44.929 INFO:teuthology.orchestra.run.trial041.stdout:/usr/bin/ceph: stderr
2026-02-17T20:10:44.874+0000 7ff261566640 1 --2- 10.20.193.41:0/583701655 >> [v2:10.20.193.41:6800/2251249757,v1:10.20.193.41:6801/2251249757] conn(0x7ff23003da80 0x7ff23003ff40 secure :-1 s=READY pgs=11 cs=0 l=1 rev1=1 crypto rx=0x7ff2440099c0 tx=0x7ff244006eb0 comp rx=0 tx=0).stop
2026-02-17T20:10:44.929 INFO:teuthology.orchestra.run.trial041.stdout:/usr/bin/ceph: stderr
2026-02-17T20:10:44.874+0000 7ff261566640 1 -- 10.20.193.41:0/583701655 >> [v2:10.20.193.41:3300/0,v1:10.20.193.41:6789/0] conn(0x7ff25c10a2c0 msgr2=0x7ff25c1a0060 secure :-1 s=STATE_CONNECTION_ESTABLISHED l=1).mark_down
2026-02-17T20:10:44.929 INFO:teuthology.orchestra.run.trial041.stdout:/usr/bin/ceph: stderr
2026-02-17T20:10:44.874+0000 7ff261566640 1 --2- 10.20.193.41:0/583701655 >> [v2:10.20.193.41:3300/0,v1:10.20.193.41:6789/0] conn(0x7ff25c10a2c0 0x7ff25c1a0060 secure :-1 s=READY pgs=44 cs=0 l=1 rev1=1 crypto rx=0x7ff25000c090 tx=0x7ff250007ec0 comp rx=0 tx=0).stop
2026-02-17T20:10:44.929 INFO:teuthology.orchestra.run.trial041.stdout:/usr/bin/ceph: stderr
2026-02-17T20:10:44.874+0000 7ff261566640 1 -- 10.20.193.41:0/583701655 shutdown_connections
2026-02-17T20:10:44.929 INFO:teuthology.orchestra.run.trial041.stdout:/usr/bin/ceph: stderr
2026-02-17T20:10:44.874+0000 7ff261566640 1 --2- 10.20.193.41:0/583701655 >> [v2:10.20.193.41:6800/2251249757,v1:10.20.193.41:6801/2251249757] conn(0x7ff23003da80 0x7ff23003ff40 unknown :-1 s=CLOSED pgs=11 cs=0 l=1 rev1=1 crypto rx=0 tx=0 comp rx=0 tx=0).stop
2026-02-17T20:10:44.929 INFO:teuthology.orchestra.run.trial041.stdout:/usr/bin/ceph: stderr
2026-02-17T20:10:44.874+0000 7ff261566640 1 --2- 10.20.193.41:0/583701655 >> [v2:10.20.193.41:3300/0,v1:10.20.193.41:6789/0] conn(0x7ff25c10a2c0 0x7ff25c1a0060 unknown :-1 s=CLOSED pgs=44 cs=0 l=1 rev1=1 crypto rx=0 tx=0 comp rx=0 tx=0).stop
2026-02-17T20:10:44.929 INFO:teuthology.orchestra.run.trial041.stdout:/usr/bin/ceph: stderr
2026-02-17T20:10:44.874+0000 7ff261566640 1 -- 10.20.193.41:0/583701655 >> 10.20.193.41:0/583701655 conn(0x7ff25c07d8c0 msgr2=0x7ff25c107e20 unknown :-1 s=STATE_NONE l=0).mark_down
2026-02-17T20:10:44.929 INFO:teuthology.orchestra.run.trial041.stdout:/usr/bin/ceph: stderr
2026-02-17T20:10:44.874+0000 7ff261566640 1 -- 10.20.193.41:0/583701655 shutdown_connections
2026-02-17T20:10:44.929 INFO:teuthology.orchestra.run.trial041.stdout:/usr/bin/ceph: stderr
2026-02-17T20:10:44.874+0000 7ff261566640 1 -- 10.20.193.41:0/583701655 wait complete.
2026-02-17T20:10:44.929 INFO:teuthology.orchestra.run.trial041.stdout:Deploying unmanaged mon service...
2026-02-17T20:10:45.145 INFO:teuthology.orchestra.run.trial041.stdout:/usr/bin/ceph: stdout Scheduled mon update...
2026-02-17T20:10:45.145 INFO:teuthology.orchestra.run.trial041.stdout:/usr/bin/ceph: stderr
2026-02-17T20:10:45.024+0000 7f5ffc8a4640 1 Processor -- start
2026-02-17T20:10:45.145 INFO:teuthology.orchestra.run.trial041.stdout:/usr/bin/ceph: stderr
2026-02-17T20:10:45.024+0000 7f5ffc8a4640 1 -- start start
2026-02-17T20:10:45.145 INFO:teuthology.orchestra.run.trial041.stdout:/usr/bin/ceph: stderr
2026-02-17T20:10:45.024+0000 7f5ffc8a4640 1 --2- >> [v2:10.20.193.41:3300/0,v1:10.20.193.41:6789/0] conn(0x7f5ff410a2a0 0x7f5ff410a6a0 unknown :-1 s=NONE pgs=0 cs=0 l=0 rev1=0 crypto rx=0 tx=0 comp rx=0 tx=0).connect
2026-02-17T20:10:45.145 INFO:teuthology.orchestra.run.trial041.stdout:/usr/bin/ceph: stderr
2026-02-17T20:10:45.024+0000 7f5ffc8a4640 1 -- --> [v2:10.20.193.41:3300/0,v1:10.20.193.41:6789/0] -- mon_getmap magic: 0 -- 0x7f5ff410ac70 con 0x7f5ff410a2a0
2026-02-17T20:10:45.145 INFO:teuthology.orchestra.run.trial041.stdout:/usr/bin/ceph: stderr
2026-02-17T20:10:45.025+0000 7f5ffa619640 1 --2- >> [v2:10.20.193.41:3300/0,v1:10.20.193.41:6789/0] conn(0x7f5ff410a2a0 0x7f5ff410a6a0 unknown :-1 s=BANNER_CONNECTING pgs=0 cs=0 l=0 rev1=0 crypto rx=0 tx=0 comp rx=0 tx=0)._handle_peer_banner_payload supported=3 required=0
2026-02-17T20:10:45.146 INFO:teuthology.orchestra.run.trial041.stdout:/usr/bin/ceph: stderr
2026-02-17T20:10:45.025+0000 7f5ffa619640 1 --2- >> [v2:10.20.193.41:3300/0,v1:10.20.193.41:6789/0] conn(0x7f5ff410a2a0 0x7f5ff410a6a0 unknown :-1 s=HELLO_CONNECTING pgs=0 cs=0 l=0 rev1=1 crypto rx=0 tx=0 comp rx=0 tx=0).handle_hello peer v2:10.20.193.41:3300/0 says I am v2:10.20.193.41:55234/0 (socket says 10.20.193.41:55234)
2026-02-17T20:10:45.146 INFO:teuthology.orchestra.run.trial041.stdout:/usr/bin/ceph: stderr
2026-02-17T20:10:45.025+0000 7f5ffa619640 1 -- 10.20.193.41:0/2516820503 learned_addr learned my addr 10.20.193.41:0/2516820503 (peer_addr_for_me v2:10.20.193.41:0/0)
2026-02-17T20:10:45.146 INFO:teuthology.orchestra.run.trial041.stdout:/usr/bin/ceph: stderr
2026-02-17T20:10:45.025+0000 7f5ffa619640 1 -- 10.20.193.41:0/2516820503 --> [v2:10.20.193.41:3300/0,v1:10.20.193.41:6789/0] -- mon_subscribe({config=0+,monmap=0+}) -- 0x7f5ff410b450 con 0x7f5ff410a2a0
2026-02-17T20:10:45.146 INFO:teuthology.orchestra.run.trial041.stdout:/usr/bin/ceph: stderr
2026-02-17T20:10:45.025+0000 7f5ffa619640 1 --2- 10.20.193.41:0/2516820503 >> [v2:10.20.193.41:3300/0,v1:10.20.193.41:6789/0] conn(0x7f5ff410a2a0 0x7f5ff410a6a0 secure :-1 s=READY pgs=45 cs=0 l=1 rev1=1 crypto rx=0x7f5fec009920 tx=0x7f5fec02ef20 comp rx=0 tx=0).ready entity=mon.0 client_cookie=11038d013c2eda0a server_cookie=0 in_seq=0 out_seq=0
2026-02-17T20:10:45.146 INFO:teuthology.orchestra.run.trial041.stdout:/usr/bin/ceph: stderr
2026-02-17T20:10:45.025+0000 7f5ff9617640 1 -- 10.20.193.41:0/2516820503 <== mon.0 v2:10.20.193.41:3300/0 1 ==== mon_map magic: 0 ==== 205+0+0 (secure 0 0 0) 0x7f5fec03c070 con 0x7f5ff410a2a0
2026-02-17T20:10:45.146 INFO:teuthology.orchestra.run.trial041.stdout:/usr/bin/ceph: stderr
2026-02-17T20:10:45.025+0000 7f5ff9617640 1 -- 10.20.193.41:0/2516820503 <== mon.0 v2:10.20.193.41:3300/0 2 ==== config(25 keys) ==== 1007+0+0 (secure 0 0 0) 0x7f5fec037440 con 0x7f5ff410a2a0
2026-02-17T20:10:45.146 INFO:teuthology.orchestra.run.trial041.stdout:/usr/bin/ceph: stderr
2026-02-17T20:10:45.025+0000 7f5ff9617640 1 -- 10.20.193.41:0/2516820503 <== mon.0 v2:10.20.193.41:3300/0 3 ==== mon_map magic: 0 ==== 205+0+0 (secure 0 0 0) 0x7f5fec0354d0 con 0x7f5ff410a2a0
2026-02-17T20:10:45.146 INFO:teuthology.orchestra.run.trial041.stdout:/usr/bin/ceph: stderr
2026-02-17T20:10:45.026+0000 7f5ffc8a4640 1 -- 10.20.193.41:0/2516820503 >> [v2:10.20.193.41:3300/0,v1:10.20.193.41:6789/0] conn(0x7f5ff410a2a0 msgr2=0x7f5ff410a6a0 secure :-1 s=STATE_CONNECTION_ESTABLISHED l=1).mark_down
2026-02-17T20:10:45.146 INFO:teuthology.orchestra.run.trial041.stdout:/usr/bin/ceph: stderr
2026-02-17T20:10:45.026+0000 7f5ffc8a4640 1 --2- 10.20.193.41:0/2516820503 >> [v2:10.20.193.41:3300/0,v1:10.20.193.41:6789/0] conn(0x7f5ff410a2a0 0x7f5ff410a6a0 secure :-1 s=READY pgs=45 cs=0 l=1 rev1=1 crypto rx=0x7f5fec009920 tx=0x7f5fec02ef20 comp rx=0 tx=0).stop
2026-02-17T20:10:45.146 INFO:teuthology.orchestra.run.trial041.stdout:/usr/bin/ceph: stderr
2026-02-17T20:10:45.026+0000 7f5ffc8a4640 1 -- 10.20.193.41:0/2516820503 shutdown_connections
2026-02-17T20:10:45.146 INFO:teuthology.orchestra.run.trial041.stdout:/usr/bin/ceph: stderr
2026-02-17T20:10:45.026+0000 7f5ffc8a4640 1 --2- 10.20.193.41:0/2516820503 >> [v2:10.20.193.41:3300/0,v1:10.20.193.41:6789/0] conn(0x7f5ff410a2a0 0x7f5ff410a6a0 unknown :-1 s=CLOSED pgs=45 cs=0 l=1 rev1=1 crypto rx=0 tx=0 comp rx=0 tx=0).stop
2026-02-17T20:10:45.146 INFO:teuthology.orchestra.run.trial041.stdout:/usr/bin/ceph: stderr
2026-02-17T20:10:45.026+0000 7f5ffc8a4640 1 -- 10.20.193.41:0/2516820503 >> 10.20.193.41:0/2516820503 conn(0x7f5ff407d890 msgr2=0x7f5ff4108670 unknown :-1 s=STATE_NONE l=0).mark_down
2026-02-17T20:10:45.146 INFO:teuthology.orchestra.run.trial041.stdout:/usr/bin/ceph: stderr
2026-02-17T20:10:45.026+0000 7f5ffc8a4640 1 -- 10.20.193.41:0/2516820503 shutdown_connections
2026-02-17T20:10:45.146 INFO:teuthology.orchestra.run.trial041.stdout:/usr/bin/ceph: stderr
2026-02-17T20:10:45.026+0000 7f5ffc8a4640 1 -- 10.20.193.41:0/2516820503 wait complete.
2026-02-17T20:10:45.146 INFO:teuthology.orchestra.run.trial041.stdout:/usr/bin/ceph: stderr
2026-02-17T20:10:45.026+0000 7f5ffc8a4640 1 Processor -- start
2026-02-17T20:10:45.146 INFO:teuthology.orchestra.run.trial041.stdout:/usr/bin/ceph: stderr
2026-02-17T20:10:45.026+0000 7f5ffc8a4640 1 -- start start
2026-02-17T20:10:45.146 INFO:teuthology.orchestra.run.trial041.stdout:/usr/bin/ceph: stderr
2026-02-17T20:10:45.026+0000 7f5ffc8a4640 1 --2- >> [v2:10.20.193.41:3300/0,v1:10.20.193.41:6789/0] conn(0x7f5ff410a2a0 0x7f5ff41a0100 unknown :-1 s=NONE pgs=0 cs=0 l=1 rev1=0 crypto rx=0 tx=0 comp rx=0 tx=0).connect
2026-02-17T20:10:45.146 INFO:teuthology.orchestra.run.trial041.stdout:/usr/bin/ceph: stderr
2026-02-17T20:10:45.026+0000 7f5ffc8a4640 1 -- --> [v2:10.20.193.41:3300/0,v1:10.20.193.41:6789/0] -- mon_getmap magic: 0 -- 0x7f5ff410e680 con 0x7f5ff410a2a0
2026-02-17T20:10:45.146 INFO:teuthology.orchestra.run.trial041.stdout:/usr/bin/ceph: stderr
2026-02-17T20:10:45.026+0000 7f5ffa619640 1 --2- >> [v2:10.20.193.41:3300/0,v1:10.20.193.41:6789/0] conn(0x7f5ff410a2a0 0x7f5ff41a0100 unknown :-1 s=BANNER_CONNECTING pgs=0 cs=0 l=1 rev1=0 crypto rx=0 tx=0 comp rx=0 tx=0)._handle_peer_banner_payload supported=3 required=0
2026-02-17T20:10:45.146 INFO:teuthology.orchestra.run.trial041.stdout:/usr/bin/ceph: stderr
2026-02-17T20:10:45.026+0000 7f5ffa619640 1 --2- >> [v2:10.20.193.41:3300/0,v1:10.20.193.41:6789/0] conn(0x7f5ff410a2a0 0x7f5ff41a0100 unknown :-1 s=HELLO_CONNECTING pgs=0 cs=0 l=1 rev1=1 crypto rx=0 tx=0 comp rx=0 tx=0).handle_hello peer v2:10.20.193.41:3300/0 says I am v2:10.20.193.41:55238/0 (socket says 10.20.193.41:55238)
2026-02-17T20:10:45.146 INFO:teuthology.orchestra.run.trial041.stdout:/usr/bin/ceph: stderr
2026-02-17T20:10:45.026+0000 7f5ffa619640 1 -- 10.20.193.41:0/19578027 learned_addr learned my addr 10.20.193.41:0/19578027 (peer_addr_for_me v2:10.20.193.41:0/0)
2026-02-17T20:10:45.146 INFO:teuthology.orchestra.run.trial041.stdout:/usr/bin/ceph: stderr
2026-02-17T20:10:45.026+0000 7f5ffa619640 1 -- 10.20.193.41:0/19578027 --> [v2:10.20.193.41:3300/0,v1:10.20.193.41:6789/0] -- mon_subscribe({config=0+,monmap=0+}) -- 0x7f5ff41a0640 con 0x7f5ff410a2a0
2026-02-17T20:10:45.146 INFO:teuthology.orchestra.run.trial041.stdout:/usr/bin/ceph: stderr
2026-02-17T20:10:45.026+0000 7f5ffa619640 1 --2- 10.20.193.41:0/19578027 >> [v2:10.20.193.41:3300/0,v1:10.20.193.41:6789/0] conn(0x7f5ff410a2a0 0x7f5ff41a0100 secure :-1 s=READY pgs=46 cs=0 l=1 rev1=1 crypto rx=0x7f5fec035e10 tx=0x7f5fec035e40 comp rx=0 tx=0).ready entity=mon.0 client_cookie=0 server_cookie=0 in_seq=0 out_seq=0
2026-02-17T20:10:45.146 INFO:teuthology.orchestra.run.trial041.stdout:/usr/bin/ceph: stderr
2026-02-17T20:10:45.027+0000 7f5fdf7fe640 1 -- 10.20.193.41:0/19578027 <== mon.0 v2:10.20.193.41:3300/0 1 ==== mon_map magic: 0 ==== 205+0+0 (secure 0 0 0) 0x7f5fec045070 con 0x7f5ff410a2a0
2026-02-17T20:10:45.146 INFO:teuthology.orchestra.run.trial041.stdout:/usr/bin/ceph: stderr
2026-02-17T20:10:45.027+0000 7f5fdf7fe640 1 -- 10.20.193.41:0/19578027 <== mon.0 v2:10.20.193.41:3300/0 2 ==== config(25 keys) ==== 1007+0+0 (secure 0 0 0) 0x7f5fec040450 con 0x7f5ff410a2a0
2026-02-17T20:10:45.146 INFO:teuthology.orchestra.run.trial041.stdout:/usr/bin/ceph: stderr
2026-02-17T20:10:45.027+0000 7f5ffc8a4640 1 -- 10.20.193.41:0/19578027 --> [v2:10.20.193.41:3300/0,v1:10.20.193.41:6789/0] -- mon_subscribe({mgrmap=0+}) -- 0x7f5ff41a08d0 con 0x7f5ff410a2a0
2026-02-17T20:10:45.146 INFO:teuthology.orchestra.run.trial041.stdout:/usr/bin/ceph: stderr
2026-02-17T20:10:45.027+0000 7f5fdf7fe640 1 -- 10.20.193.41:0/19578027 <== mon.0 v2:10.20.193.41:3300/0 3 ==== mon_map magic: 0 ==== 205+0+0 (secure 0 0 0) 0x7f5fec03c070 con 0x7f5ff410a2a0
2026-02-17T20:10:45.146 INFO:teuthology.orchestra.run.trial041.stdout:/usr/bin/ceph: stderr
2026-02-17T20:10:45.027+0000 7f5ffc8a4640 1 -- 10.20.193.41:0/19578027 --> [v2:10.20.193.41:3300/0,v1:10.20.193.41:6789/0] -- mon_subscribe({osdmap=0}) -- 0x7f5ff41a35c0 con 0x7f5ff410a2a0
2026-02-17T20:10:45.146 INFO:teuthology.orchestra.run.trial041.stdout:/usr/bin/ceph: stderr
2026-02-17T20:10:45.027+0000 7f5fdf7fe640 1 -- 10.20.193.41:0/19578027 <== mon.0 v2:10.20.193.41:3300/0 4 ==== mgrmap(e 8) ==== 50247+0+0 (secure 0 0 0) 0x7f5fec03e5f0 con 0x7f5ff410a2a0
2026-02-17T20:10:45.146 INFO:teuthology.orchestra.run.trial041.stdout:/usr/bin/ceph: stderr
2026-02-17T20:10:45.027+0000 7f5ffc8a4640 1 -- 10.20.193.41:0/19578027 --> [v2:10.20.193.41:3300/0,v1:10.20.193.41:6789/0] -- mon_command({"prefix": "get_command_descriptions"} v 0) -- 0x7f5ff410a720 con 0x7f5ff410a2a0
2026-02-17T20:10:45.146 INFO:teuthology.orchestra.run.trial041.stdout:/usr/bin/ceph: stderr
2026-02-17T20:10:45.028+0000 7f5fdf7fe640 1 --2- 10.20.193.41:0/19578027 >> [v2:10.20.193.41:6800/2251249757,v1:10.20.193.41:6801/2251249757] conn(0x7f5fd003dbf0 0x7f5fd00400b0 unknown :-1 s=NONE pgs=0 cs=0 l=1 rev1=0 crypto rx=0 tx=0 comp rx=0 tx=0).connect
2026-02-17T20:10:45.146 INFO:teuthology.orchestra.run.trial041.stdout:/usr/bin/ceph: stderr
2026-02-17T20:10:45.028+0000 7f5fdf7fe640 1 -- 10.20.193.41:0/19578027 <== mon.0 v2:10.20.193.41:3300/0 5 ==== osd_map(2..2 src has 1..2) ==== 940+0+0 (secure 0 0 0) 0x7f5fec076860 con 0x7f5ff410a2a0
2026-02-17T20:10:45.146 INFO:teuthology.orchestra.run.trial041.stdout:/usr/bin/ceph: stderr
2026-02-17T20:10:45.028+0000 7f5ff9e18640 1 --2- 10.20.193.41:0/19578027 >> [v2:10.20.193.41:6800/2251249757,v1:10.20.193.41:6801/2251249757] conn(0x7f5fd003dbf0 0x7f5fd00400b0 unknown :-1 s=BANNER_CONNECTING pgs=0 cs=0 l=1 rev1=0 crypto rx=0 tx=0 comp rx=0 tx=0)._handle_peer_banner_payload supported=3 required=0
2026-02-17T20:10:45.146 INFO:teuthology.orchestra.run.trial041.stdout:/usr/bin/ceph: stderr
2026-02-17T20:10:45.028+0000 7f5ff9e18640 1 --2- 10.20.193.41:0/19578027 >> [v2:10.20.193.41:6800/2251249757,v1:10.20.193.41:6801/2251249757] conn(0x7f5fd003dbf0 0x7f5fd00400b0 secure :-1 s=READY pgs=12 cs=0 l=1 rev1=1 crypto rx=0x7f5fe00099c0 tx=0x7f5fe0006eb0 comp rx=0 tx=0).ready entity=mgr.14118 client_cookie=0 server_cookie=0 in_seq=0 out_seq=0
2026-02-17T20:10:45.146 INFO:teuthology.orchestra.run.trial041.stdout:/usr/bin/ceph: stderr
2026-02-17T20:10:45.030+0000 7f5fdf7fe640 1 -- 10.20.193.41:0/19578027 <== mon.0 v2:10.20.193.41:3300/0 6 ==== mon_command_ack([{"prefix": "get_command_descriptions"}]=0 v0) ==== 72+0+195034 (secure 0 0 0) 0x7f5fec03f3b0 con 0x7f5ff410a2a0
2026-02-17T20:10:45.146 INFO:teuthology.orchestra.run.trial041.stdout:/usr/bin/ceph: stderr
2026-02-17T20:10:45.117+0000 7f5ffc8a4640 1 -- 10.20.193.41:0/19578027 --> [v2:10.20.193.41:6800/2251249757,v1:10.20.193.41:6801/2251249757] -- mgr_command(tid 0: {"prefix": "orch apply", "service_type": "mon", "unmanaged": true, "target": ["mon-mgr", ""]}) -- 0x7f5ff4108590 con 0x7f5fd003dbf0
2026-02-17T20:10:45.146 INFO:teuthology.orchestra.run.trial041.stdout:/usr/bin/ceph: stderr
2026-02-17T20:10:45.121+0000 7f5fdf7fe640 1 -- 10.20.193.41:0/19578027 <== mgr.14118 v2:10.20.193.41:6800/2251249757 1 ==== mgr_command_reply(tid 0: 0 ) ==== 8+0+24 (secure 0 0 0) 0x7f5ff4108590 con 0x7f5fd003dbf0
2026-02-17T20:10:45.147 INFO:teuthology.orchestra.run.trial041.stdout:/usr/bin/ceph: stderr
2026-02-17T20:10:45.122+0000 7f5ffc8a4640 1 -- 10.20.193.41:0/19578027 >> [v2:10.20.193.41:6800/2251249757,v1:10.20.193.41:6801/2251249757] conn(0x7f5fd003dbf0 msgr2=0x7f5fd00400b0 secure :-1 s=STATE_CONNECTION_ESTABLISHED l=1).mark_down
2026-02-17T20:10:45.147 INFO:teuthology.orchestra.run.trial041.stdout:/usr/bin/ceph: stderr
2026-02-17T20:10:45.122+0000 7f5ffc8a4640 1 --2- 10.20.193.41:0/19578027 >> [v2:10.20.193.41:6800/2251249757,v1:10.20.193.41:6801/2251249757] conn(0x7f5fd003dbf0 0x7f5fd00400b0 secure :-1 s=READY pgs=12 cs=0 l=1 rev1=1 crypto rx=0x7f5fe00099c0 tx=0x7f5fe0006eb0 comp rx=0 tx=0).stop
2026-02-17T20:10:45.147 INFO:teuthology.orchestra.run.trial041.stdout:/usr/bin/ceph: stderr
2026-02-17T20:10:45.122+0000 7f5ffc8a4640 1 -- 10.20.193.41:0/19578027 >> [v2:10.20.193.41:3300/0,v1:10.20.193.41:6789/0] conn(0x7f5ff410a2a0 msgr2=0x7f5ff41a0100 secure :-1 s=STATE_CONNECTION_ESTABLISHED l=1).mark_down
2026-02-17T20:10:45.147 INFO:teuthology.orchestra.run.trial041.stdout:/usr/bin/ceph: stderr
2026-02-17T20:10:45.122+0000 7f5ffc8a4640 1 --2- 10.20.193.41:0/19578027 >> [v2:10.20.193.41:3300/0,v1:10.20.193.41:6789/0] conn(0x7f5ff410a2a0 0x7f5ff41a0100 secure :-1 s=READY pgs=46 cs=0 l=1 rev1=1 crypto rx=0x7f5fec035e10 tx=0x7f5fec035e40 comp rx=0 tx=0).stop
2026-02-17T20:10:45.147 INFO:teuthology.orchestra.run.trial041.stdout:/usr/bin/ceph: stderr
2026-02-17T20:10:45.122+0000 7f5ffc8a4640 1 -- 10.20.193.41:0/19578027 shutdown_connections
2026-02-17T20:10:45.147 INFO:teuthology.orchestra.run.trial041.stdout:/usr/bin/ceph: stderr
2026-02-17T20:10:45.122+0000 7f5ffc8a4640 1 --2- 10.20.193.41:0/19578027 >> [v2:10.20.193.41:6800/2251249757,v1:10.20.193.41:6801/2251249757] conn(0x7f5fd003dbf0 0x7f5fd00400b0 unknown :-1 s=CLOSED pgs=12 cs=0 l=1 rev1=1 crypto rx=0 tx=0 comp rx=0 tx=0).stop
2026-02-17T20:10:45.147 INFO:teuthology.orchestra.run.trial041.stdout:/usr/bin/ceph: stderr
2026-02-17T20:10:45.122+0000 7f5ffc8a4640 1 --2- 10.20.193.41:0/19578027 >> [v2:10.20.193.41:3300/0,v1:10.20.193.41:6789/0] conn(0x7f5ff410a2a0 0x7f5ff41a0100 unknown :-1 s=CLOSED pgs=46 cs=0 l=1 rev1=1 crypto rx=0 tx=0 comp rx=0 tx=0).stop
2026-02-17T20:10:45.147 INFO:teuthology.orchestra.run.trial041.stdout:/usr/bin/ceph: stderr
2026-02-17T20:10:45.122+0000 7f5ffc8a4640 1 -- 10.20.193.41:0/19578027 >> 10.20.193.41:0/19578027 conn(0x7f5ff407d890 msgr2=0x7f5ff4107e80 unknown :-1 s=STATE_NONE l=0).mark_down
2026-02-17T20:10:45.147 INFO:teuthology.orchestra.run.trial041.stdout:/usr/bin/ceph: stderr
2026-02-17T20:10:45.122+0000 7f5ffc8a4640 1 -- 10.20.193.41:0/19578027 shutdown_connections
2026-02-17T20:10:45.147 INFO:teuthology.orchestra.run.trial041.stdout:/usr/bin/ceph: stderr
2026-02-17T20:10:45.122+0000 7f5ffc8a4640 1 -- 10.20.193.41:0/19578027 wait complete.
2026-02-17T20:10:45.147 INFO:teuthology.orchestra.run.trial041.stdout:Deploying unmanaged mgr service...
2026-02-17T20:10:45.368 INFO:teuthology.orchestra.run.trial041.stdout:/usr/bin/ceph: stdout Scheduled mgr update...
2026-02-17T20:10:45.368 INFO:teuthology.orchestra.run.trial041.stdout:/usr/bin/ceph: stderr
2026-02-17T20:10:45.241+0000 7f21a716c640 1 Processor -- start
2026-02-17T20:10:45.368 INFO:teuthology.orchestra.run.trial041.stdout:/usr/bin/ceph: stderr
2026-02-17T20:10:45.241+0000 7f21a716c640 1 -- start start
2026-02-17T20:10:45.368 INFO:teuthology.orchestra.run.trial041.stdout:/usr/bin/ceph: stderr
2026-02-17T20:10:45.241+0000 7f21a716c640 1 --2- >> [v2:10.20.193.41:3300/0,v1:10.20.193.41:6789/0] conn(0x7f21a0107ff0 0x7f21a01083f0 unknown :-1 s=NONE pgs=0 cs=0 l=0 rev1=0 crypto rx=0 tx=0 comp rx=0 tx=0).connect
2026-02-17T20:10:45.368 INFO:teuthology.orchestra.run.trial041.stdout:/usr/bin/ceph: stderr
2026-02-17T20:10:45.241+0000 7f21a716c640 1 -- --> [v2:10.20.193.41:3300/0,v1:10.20.193.41:6789/0] -- mon_getmap magic: 0 -- 0x7f21a01089c0 con 0x7f21a0107ff0
2026-02-17T20:10:45.369 INFO:teuthology.orchestra.run.trial041.stdout:/usr/bin/ceph: stderr
2026-02-17T20:10:45.241+0000 7f21a4ee1640 1 --2- >> [v2:10.20.193.41:3300/0,v1:10.20.193.41:6789/0] conn(0x7f21a0107ff0 0x7f21a01083f0 unknown :-1 s=BANNER_CONNECTING pgs=0 cs=0 l=0 rev1=0 crypto rx=0 tx=0 comp rx=0 tx=0)._handle_peer_banner_payload supported=3 required=0
2026-02-17T20:10:45.369 INFO:teuthology.orchestra.run.trial041.stdout:/usr/bin/ceph: stderr
2026-02-17T20:10:45.241+0000 7f21a4ee1640 1 --2- >> [v2:10.20.193.41:3300/0,v1:10.20.193.41:6789/0] conn(0x7f21a0107ff0 0x7f21a01083f0 unknown :-1 s=HELLO_CONNECTING pgs=0 cs=0 l=0 rev1=1 crypto rx=0 tx=0 comp rx=0 tx=0).handle_hello peer v2:10.20.193.41:3300/0 says I am v2:10.20.193.41:55246/0 (socket says 10.20.193.41:55246)
2026-02-17T20:10:45.369 INFO:teuthology.orchestra.run.trial041.stdout:/usr/bin/ceph: stderr
2026-02-17T20:10:45.241+0000 7f21a4ee1640 1 -- 10.20.193.41:0/76109608 learned_addr learned my addr 10.20.193.41:0/76109608 (peer_addr_for_me v2:10.20.193.41:0/0)
2026-02-17T20:10:45.369 INFO:teuthology.orchestra.run.trial041.stdout:/usr/bin/ceph: stderr
2026-02-17T20:10:45.242+0000 7f21a4ee1640 1 -- 10.20.193.41:0/76109608 --> [v2:10.20.193.41:3300/0,v1:10.20.193.41:6789/0] -- mon_subscribe({config=0+,monmap=0+}) -- 0x7f21a01091a0 con 0x7f21a0107ff0
2026-02-17T20:10:45.369 INFO:teuthology.orchestra.run.trial041.stdout:/usr/bin/ceph: stderr
2026-02-17T20:10:45.242+0000 7f21a4ee1640 1 --2- 10.20.193.41:0/76109608 >> [v2:10.20.193.41:3300/0,v1:10.20.193.41:6789/0] conn(0x7f21a0107ff0 0x7f21a01083f0 secure :-1 s=READY pgs=47 cs=0 l=1 rev1=1 crypto rx=0x7f2190009920 tx=0x7f219002ef20 comp rx=0 tx=0).ready entity=mon.0 client_cookie=2f2422089ddce39c server_cookie=0 in_seq=0 out_seq=0
2026-02-17T20:10:45.369 INFO:teuthology.orchestra.run.trial041.stdout:/usr/bin/ceph: stderr
2026-02-17T20:10:45.242+0000 7f21977fe640 1 -- 10.20.193.41:0/76109608 <== mon.0 v2:10.20.193.41:3300/0 1 ==== mon_map magic: 0 ==== 205+0+0 (secure 0 0 0) 0x7f219003c070 con 0x7f21a0107ff0
2026-02-17T20:10:45.369 INFO:teuthology.orchestra.run.trial041.stdout:/usr/bin/ceph: stderr
2026-02-17T20:10:45.242+0000 7f21977fe640 1 -- 10.20.193.41:0/76109608 <== mon.0 v2:10.20.193.41:3300/0 2 ==== config(25 keys) ==== 1007+0+0 (secure 0 0 0) 0x7f2190037440 con 0x7f21a0107ff0
2026-02-17T20:10:45.369 INFO:teuthology.orchestra.run.trial041.stdout:/usr/bin/ceph: stderr
2026-02-17T20:10:45.242+0000 7f21977fe640 1 -- 10.20.193.41:0/76109608 <== mon.0 v2:10.20.193.41:3300/0 3 ==== mon_map magic: 0 ==== 205+0+0 (secure 0 0 0) 0x7f21900354d0 con 0x7f21a0107ff0
2026-02-17T20:10:45.369 INFO:teuthology.orchestra.run.trial041.stdout:/usr/bin/ceph: stderr
2026-02-17T20:10:45.243+0000 7f21a716c640 1 -- 10.20.193.41:0/76109608 >> [v2:10.20.193.41:3300/0,v1:10.20.193.41:6789/0] conn(0x7f21a0107ff0 msgr2=0x7f21a01083f0 secure :-1 s=STATE_CONNECTION_ESTABLISHED l=1).mark_down
2026-02-17T20:10:45.369 INFO:teuthology.orchestra.run.trial041.stdout:/usr/bin/ceph: stderr
2026-02-17T20:10:45.243+0000 7f21a716c640 1 --2- 10.20.193.41:0/76109608 >> [v2:10.20.193.41:3300/0,v1:10.20.193.41:6789/0] conn(0x7f21a0107ff0 0x7f21a01083f0 secure :-1 s=READY pgs=47 cs=0 l=1 rev1=1 crypto rx=0x7f2190009920 tx=0x7f219002ef20 comp rx=0 tx=0).stop
2026-02-17T20:10:45.369 INFO:teuthology.orchestra.run.trial041.stdout:/usr/bin/ceph: stderr
2026-02-17T20:10:45.243+0000 7f21a716c640 1 -- 10.20.193.41:0/76109608 shutdown_connections
2026-02-17T20:10:45.370 INFO:teuthology.orchestra.run.trial041.stdout:/usr/bin/ceph: stderr
2026-02-17T20:10:45.243+0000 7f21a716c640 1 --2- 10.20.193.41:0/76109608 >> [v2:10.20.193.41:3300/0,v1:10.20.193.41:6789/0] conn(0x7f21a0107ff0 0x7f21a01083f0 unknown :-1 s=CLOSED pgs=47 cs=0 l=1 rev1=1 crypto rx=0 tx=0 comp rx=0 tx=0).stop
2026-02-17T20:10:45.370 INFO:teuthology.orchestra.run.trial041.stdout:/usr/bin/ceph: stderr
2026-02-17T20:10:45.243+0000 7f21a716c640 1 -- 10.20.193.41:0/76109608 >> 10.20.193.41:0/76109608 conn(0x7f21a0103780 msgr2=0x7f21a0105bc0 unknown :-1 s=STATE_NONE l=0).mark_down
2026-02-17T20:10:45.370 INFO:teuthology.orchestra.run.trial041.stdout:/usr/bin/ceph: stderr
2026-02-17T20:10:45.243+0000 7f21a716c640 1 -- 10.20.193.41:0/76109608 shutdown_connections
2026-02-17T20:10:45.370 INFO:teuthology.orchestra.run.trial041.stdout:/usr/bin/ceph: stderr
2026-02-17T20:10:45.243+0000 7f21a716c640 1 -- 10.20.193.41:0/76109608 wait complete.
2026-02-17T20:10:45.370 INFO:teuthology.orchestra.run.trial041.stdout:/usr/bin/ceph: stderr
2026-02-17T20:10:45.243+0000 7f21a716c640 1 Processor -- start
2026-02-17T20:10:45.370 INFO:teuthology.orchestra.run.trial041.stdout:/usr/bin/ceph: stderr
2026-02-17T20:10:45.243+0000 7f21a716c640 1 -- start start
2026-02-17T20:10:45.370 INFO:teuthology.orchestra.run.trial041.stdout:/usr/bin/ceph: stderr
2026-02-17T20:10:45.243+0000 7f21a716c640 1 --2- >> [v2:10.20.193.41:3300/0,v1:10.20.193.41:6789/0] conn(0x7f21a0107ff0 0x7f21a019de50 unknown :-1 s=NONE pgs=0 cs=0 l=1 rev1=0 crypto rx=0 tx=0 comp rx=0 tx=0).connect
2026-02-17T20:10:45.370 INFO:teuthology.orchestra.run.trial041.stdout:/usr/bin/ceph: stderr
2026-02-17T20:10:45.243+0000 7f21a716c640 1 -- --> [v2:10.20.193.41:3300/0,v1:10.20.193.41:6789/0] -- mon_getmap magic: 0 -- 0x7f21a010c3d0 con 0x7f21a0107ff0
2026-02-17T20:10:45.370 INFO:teuthology.orchestra.run.trial041.stdout:/usr/bin/ceph: stderr
2026-02-17T20:10:45.243+0000 7f21a4ee1640 1 --2- >> [v2:10.20.193.41:3300/0,v1:10.20.193.41:6789/0] conn(0x7f21a0107ff0 0x7f21a019de50 unknown :-1 s=BANNER_CONNECTING pgs=0 cs=0 l=1 rev1=0 crypto rx=0 tx=0 comp rx=0 tx=0)._handle_peer_banner_payload supported=3 required=0
2026-02-17T20:10:45.370 INFO:teuthology.orchestra.run.trial041.stdout:/usr/bin/ceph: stderr
2026-02-17T20:10:45.243+0000 7f21a4ee1640 1 --2- >> [v2:10.20.193.41:3300/0,v1:10.20.193.41:6789/0] conn(0x7f21a0107ff0 0x7f21a019de50 unknown :-1 s=HELLO_CONNECTING pgs=0 cs=0 l=1 rev1=1 crypto rx=0 tx=0 comp rx=0 tx=0).handle_hello peer v2:10.20.193.41:3300/0 says I am v2:10.20.193.41:55250/0 (socket says 10.20.193.41:55250)
2026-02-17T20:10:45.370 INFO:teuthology.orchestra.run.trial041.stdout:/usr/bin/ceph: stderr
2026-02-17T20:10:45.243+0000 7f21a4ee1640 1 -- 10.20.193.41:0/208200845 learned_addr learned my addr 10.20.193.41:0/208200845 (peer_addr_for_me v2:10.20.193.41:0/0)
2026-02-17T20:10:45.370 INFO:teuthology.orchestra.run.trial041.stdout:/usr/bin/ceph: stderr
2026-02-17T20:10:45.243+0000 7f21a4ee1640 1 -- 10.20.193.41:0/208200845 --> [v2:10.20.193.41:3300/0,v1:10.20.193.41:6789/0] -- mon_subscribe({config=0+,monmap=0+}) -- 0x7f21a019e390 con 0x7f21a0107ff0
2026-02-17T20:10:45.371 INFO:teuthology.orchestra.run.trial041.stdout:/usr/bin/ceph: stderr
2026-02-17T20:10:45.244+0000 7f21a4ee1640 1 --2- 10.20.193.41:0/208200845 >> [v2:10.20.193.41:3300/0,v1:10.20.193.41:6789/0] conn(0x7f21a0107ff0 0x7f21a019de50 secure :-1 s=READY pgs=48 cs=0 l=1 rev1=1 crypto rx=0x7f2190035e10 tx=0x7f2190035e40 comp rx=0 tx=0).ready entity=mon.0 client_cookie=0 server_cookie=0 in_seq=0 out_seq=0
2026-02-17T20:10:45.371 INFO:teuthology.orchestra.run.trial041.stdout:/usr/bin/ceph: stderr
2026-02-17T20:10:45.244+0000 7f2195ffb640 1 -- 10.20.193.41:0/208200845 <== mon.0 v2:10.20.193.41:3300/0 1 ==== mon_map magic: 0 ==== 205+0+0 (secure 0 0 0) 0x7f2190045070 con 0x7f21a0107ff0
2026-02-17T20:10:45.371 INFO:teuthology.orchestra.run.trial041.stdout:/usr/bin/ceph: stderr
2026-02-17T20:10:45.244+0000 7f2195ffb640 1 -- 10.20.193.41:0/208200845 <== mon.0 v2:10.20.193.41:3300/0 2 ==== config(25 keys) ==== 1007+0+0 (secure 0 0 0) 0x7f2190040450 con 0x7f21a0107ff0
2026-02-17T20:10:45.371 INFO:teuthology.orchestra.run.trial041.stdout:/usr/bin/ceph: stderr
2026-02-17T20:10:45.244+0000 7f21a716c640 1 -- 10.20.193.41:0/208200845 --> [v2:10.20.193.41:3300/0,v1:10.20.193.41:6789/0] -- mon_subscribe({mgrmap=0+}) -- 0x7f21a019e620 con 0x7f21a0107ff0
2026-02-17T20:10:45.371 INFO:teuthology.orchestra.run.trial041.stdout:/usr/bin/ceph: stderr
2026-02-17T20:10:45.244+0000 7f2195ffb640 1 -- 10.20.193.41:0/208200845 <== mon.0 v2:10.20.193.41:3300/0 3 ==== mon_map magic: 0 ==== 205+0+0 (secure 0 0 0) 0x7f219003c070 con 0x7f21a0107ff0
2026-02-17T20:10:45.371 INFO:teuthology.orchestra.run.trial041.stdout:/usr/bin/ceph: stderr
2026-02-17T20:10:45.244+0000 7f21a716c640 1 -- 10.20.193.41:0/208200845 --> [v2:10.20.193.41:3300/0,v1:10.20.193.41:6789/0] -- mon_subscribe({osdmap=0}) -- 0x7f21a01a1310 con 0x7f21a0107ff0
2026-02-17T20:10:45.371 INFO:teuthology.orchestra.run.trial041.stdout:/usr/bin/ceph: stderr
2026-02-17T20:10:45.244+0000 7f21a716c640 1 -- 10.20.193.41:0/208200845 --> [v2:10.20.193.41:3300/0,v1:10.20.193.41:6789/0] -- mon_command({"prefix": "get_command_descriptions"} v 0) -- 0x7f21a0108470 con 0x7f21a0107ff0
2026-02-17T20:10:45.371 INFO:teuthology.orchestra.run.trial041.stdout:/usr/bin/ceph: stderr
2026-02-17T20:10:45.244+0000 7f2195ffb640 1 -- 10.20.193.41:0/208200845 <== mon.0 v2:10.20.193.41:3300/0 4 ==== mgrmap(e 8) ==== 50247+0+0 (secure 0 0 0) 0x7f2190040600 con 0x7f21a0107ff0
2026-02-17T20:10:45.371 INFO:teuthology.orchestra.run.trial041.stdout:/usr/bin/ceph: stderr
2026-02-17T20:10:45.244+0000 7f2195ffb640 1 --2- 10.20.193.41:0/208200845 >> [v2:10.20.193.41:6800/2251249757,v1:10.20.193.41:6801/2251249757] conn(0x7f217c03dbf0 0x7f217c0400b0 unknown :-1 s=NONE pgs=0 cs=0 l=1 rev1=0 crypto rx=0 tx=0 comp rx=0 tx=0).connect
2026-02-17T20:10:45.371 INFO:teuthology.orchestra.run.trial041.stdout:/usr/bin/ceph: stderr
2026-02-17T20:10:45.244+0000 7f2195ffb640 1 -- 10.20.193.41:0/208200845 <== mon.0 v2:10.20.193.41:3300/0 5 ==== osd_map(2..2 src has 1..2) ==== 940+0+0 (secure 0 0 0) 0x7f2190076810 con 0x7f21a0107ff0
2026-02-17T20:10:45.371 INFO:teuthology.orchestra.run.trial041.stdout:/usr/bin/ceph: stderr
2026-02-17T20:10:45.245+0000 7f2197fff640 1 --2- 10.20.193.41:0/208200845 >> [v2:10.20.193.41:6800/2251249757,v1:10.20.193.41:6801/2251249757] conn(0x7f217c03dbf0 0x7f217c0400b0 unknown :-1 s=BANNER_CONNECTING pgs=0 cs=0 l=1 rev1=0 crypto rx=0 tx=0 comp rx=0 tx=0)._handle_peer_banner_payload supported=3 required=0
2026-02-17T20:10:45.371 INFO:teuthology.orchestra.run.trial041.stdout:/usr/bin/ceph: stderr
2026-02-17T20:10:45.245+0000 7f2197fff640 1 --2- 10.20.193.41:0/208200845 >> [v2:10.20.193.41:6800/2251249757,v1:10.20.193.41:6801/2251249757] conn(0x7f217c03dbf0 0x7f217c0400b0 secure :-1 s=READY pgs=13 cs=0 l=1 rev1=1 crypto rx=0x7f21880099c0 tx=0x7f2188006eb0 comp rx=0 tx=0).ready entity=mgr.14118 client_cookie=0 server_cookie=0 in_seq=0 out_seq=0
2026-02-17T20:10:45.372 INFO:teuthology.orchestra.run.trial041.stdout:/usr/bin/ceph: stderr
2026-02-17T20:10:45.247+0000 7f2195ffb640 1 -- 10.20.193.41:0/208200845 <== mon.0 v2:10.20.193.41:3300/0 6 ==== mon_command_ack([{"prefix": "get_command_descriptions"}]=0 v0) ==== 72+0+195034 (secure 0 0 0) 0x7f2190048360 con 0x7f21a0107ff0
2026-02-17T20:10:45.372 INFO:teuthology.orchestra.run.trial041.stdout:/usr/bin/ceph: stderr
2026-02-17T20:10:45.335+0000 7f21a716c640 1 -- 10.20.193.41:0/208200845 --> [v2:10.20.193.41:6800/2251249757,v1:10.20.193.41:6801/2251249757] -- mgr_command(tid 0: {"prefix": "orch apply", "service_type": "mgr", "unmanaged": true, "target": ["mon-mgr", ""]}) -- 0x7f21a0104a50 con 0x7f217c03dbf0
2026-02-17T20:10:45.372 INFO:teuthology.orchestra.run.trial041.stdout:/usr/bin/ceph: stderr
2026-02-17T20:10:45.338+0000 7f2195ffb640 1 -- 10.20.193.41:0/208200845 <== mgr.14118 v2:10.20.193.41:6800/2251249757 1 ==== mgr_command_reply(tid 0: 0 ) ==== 8+0+24 (secure 0 0 0) 0x7f21a0104a50 con 0x7f217c03dbf0
2026-02-17T20:10:45.372 INFO:teuthology.orchestra.run.trial041.stdout:/usr/bin/ceph: stderr
2026-02-17T20:10:45.340+0000 7f21a716c640 1 -- 10.20.193.41:0/208200845 >> [v2:10.20.193.41:6800/2251249757,v1:10.20.193.41:6801/2251249757] conn(0x7f217c03dbf0 msgr2=0x7f217c0400b0 secure :-1 s=STATE_CONNECTION_ESTABLISHED l=1).mark_down
2026-02-17T20:10:45.372 INFO:teuthology.orchestra.run.trial041.stdout:/usr/bin/ceph: stderr
2026-02-17T20:10:45.340+0000 7f21a716c640 1 --2- 10.20.193.41:0/208200845 >> [v2:10.20.193.41:6800/2251249757,v1:10.20.193.41:6801/2251249757] conn(0x7f217c03dbf0 0x7f217c0400b0 secure :-1 s=READY pgs=13 cs=0 l=1 rev1=1 crypto rx=0x7f21880099c0 tx=0x7f2188006eb0 comp rx=0 tx=0).stop
2026-02-17T20:10:45.372 INFO:teuthology.orchestra.run.trial041.stdout:/usr/bin/ceph: stderr
2026-02-17T20:10:45.340+0000 7f21a716c640 1 -- 10.20.193.41:0/208200845 >> [v2:10.20.193.41:3300/0,v1:10.20.193.41:6789/0] conn(0x7f21a0107ff0 msgr2=0x7f21a019de50 secure :-1 s=STATE_CONNECTION_ESTABLISHED l=1).mark_down
2026-02-17T20:10:45.372 INFO:teuthology.orchestra.run.trial041.stdout:/usr/bin/ceph: stderr
2026-02-17T20:10:45.340+0000 7f21a716c640 1 --2- 10.20.193.41:0/208200845 >> [v2:10.20.193.41:3300/0,v1:10.20.193.41:6789/0] conn(0x7f21a0107ff0 0x7f21a019de50 secure :-1 s=READY pgs=48 cs=0 l=1 rev1=1 crypto rx=0x7f2190035e10 tx=0x7f2190035e40 comp rx=0 tx=0).stop
2026-02-17T20:10:45.372 INFO:teuthology.orchestra.run.trial041.stdout:/usr/bin/ceph: stderr
2026-02-17T20:10:45.340+0000 7f21a716c640 1 -- 10.20.193.41:0/208200845 shutdown_connections
2026-02-17T20:10:45.372 INFO:teuthology.orchestra.run.trial041.stdout:/usr/bin/ceph: stderr
2026-02-17T20:10:45.340+0000 7f21a716c640 1 --2- 10.20.193.41:0/208200845 >> [v2:10.20.193.41:6800/2251249757,v1:10.20.193.41:6801/2251249757] conn(0x7f217c03dbf0 0x7f217c0400b0 unknown :-1 s=CLOSED pgs=13 cs=0 l=1 rev1=1 crypto rx=0 tx=0 comp rx=0 tx=0).stop
2026-02-17T20:10:45.372 INFO:teuthology.orchestra.run.trial041.stdout:/usr/bin/ceph: stderr
2026-02-17T20:10:45.340+0000 7f21a716c640 1 --2- 10.20.193.41:0/208200845 >> [v2:10.20.193.41:3300/0,v1:10.20.193.41:6789/0] conn(0x7f21a0107ff0 0x7f21a019de50 unknown :-1 s=CLOSED pgs=48 cs=0 l=1 rev1=1 crypto rx=0 tx=0 comp rx=0 tx=0).stop
2026-02-17T20:10:45.372 INFO:teuthology.orchestra.run.trial041.stdout:/usr/bin/ceph: stderr
2026-02-17T20:10:45.340+0000 7f21a716c640 1 -- 10.20.193.41:0/208200845 >> 10.20.193.41:0/208200845 conn(0x7f21a0103780 msgr2=0x7f21a0104340 unknown :-1 s=STATE_NONE l=0).mark_down
2026-02-17T20:10:45.372 INFO:teuthology.orchestra.run.trial041.stdout:/usr/bin/ceph: stderr
2026-02-17T20:10:45.340+0000 7f21a716c640 1 -- 10.20.193.41:0/208200845 shutdown_connections
2026-02-17T20:10:45.372 INFO:teuthology.orchestra.run.trial041.stdout:/usr/bin/ceph: stderr
2026-02-17T20:10:45.340+0000 7f21a716c640 1 -- 10.20.193.41:0/208200845 wait complete.
2026-02-17T20:10:45.585 INFO:teuthology.orchestra.run.trial041.stdout:/usr/bin/ceph: stderr
2026-02-17T20:10:45.465+0000 7f054d49f640 1 Processor -- start
2026-02-17T20:10:45.585 INFO:teuthology.orchestra.run.trial041.stdout:/usr/bin/ceph: stderr
2026-02-17T20:10:45.465+0000 7f054d49f640 1 -- start start
2026-02-17T20:10:45.585 INFO:teuthology.orchestra.run.trial041.stdout:/usr/bin/ceph: stderr
2026-02-17T20:10:45.466+0000 7f054d49f640 1 --2- >> [v2:10.20.193.41:3300/0,v1:10.20.193.41:6789/0] conn(0x7f0548107e30 0x7f0548108230 unknown :-1 s=NONE pgs=0 cs=0 l=0 rev1=0 crypto rx=0 tx=0 comp rx=0 tx=0).connect
2026-02-17T20:10:45.585 INFO:teuthology.orchestra.run.trial041.stdout:/usr/bin/ceph: stderr
2026-02-17T20:10:45.466+0000 7f054d49f640 1 -- --> [v2:10.20.193.41:3300/0,v1:10.20.193.41:6789/0] -- mon_getmap magic: 0 -- 0x7f0548108800 con 0x7f0548107e30
2026-02-17T20:10:45.585 INFO:teuthology.orchestra.run.trial041.stdout:/usr/bin/ceph: stderr
2026-02-17T20:10:45.466+0000 7f0547fff640 1 --2- >> [v2:10.20.193.41:3300/0,v1:10.20.193.41:6789/0] conn(0x7f0548107e30 0x7f0548108230 unknown :-1 s=BANNER_CONNECTING pgs=0 cs=0 l=0 rev1=0 crypto rx=0 tx=0 comp rx=0 tx=0)._handle_peer_banner_payload supported=3 required=0
2026-02-17T20:10:45.585 INFO:teuthology.orchestra.run.trial041.stdout:/usr/bin/ceph: stderr
2026-02-17T20:10:45.466+0000 7f0547fff640 1 --2- >> [v2:10.20.193.41:3300/0,v1:10.20.193.41:6789/0] conn(0x7f0548107e30 0x7f0548108230 unknown :-1 s=HELLO_CONNECTING pgs=0 cs=0 l=0 rev1=1 crypto rx=0 tx=0 comp rx=0 tx=0).handle_hello peer v2:10.20.193.41:3300/0 says I am v2:10.20.193.41:55254/0 (socket says 10.20.193.41:55254)
2026-02-17T20:10:45.586 INFO:teuthology.orchestra.run.trial041.stdout:/usr/bin/ceph: stderr
2026-02-17T20:10:45.466+0000 7f0547fff640 1 -- 10.20.193.41:0/495561630 learned_addr learned my addr 10.20.193.41:0/495561630 (peer_addr_for_me v2:10.20.193.41:0/0)
2026-02-17T20:10:45.586 INFO:teuthology.orchestra.run.trial041.stdout:/usr/bin/ceph: stderr
2026-02-17T20:10:45.466+0000 7f0547fff640 1 -- 10.20.193.41:0/495561630 --> [v2:10.20.193.41:3300/0,v1:10.20.193.41:6789/0] -- mon_subscribe({config=0+,monmap=0+}) -- 0x7f0548108fe0 con 0x7f0548107e30
2026-02-17T20:10:45.586 INFO:teuthology.orchestra.run.trial041.stdout:/usr/bin/ceph: stderr
2026-02-17T20:10:45.466+0000 7f0547fff640 1 --2- 10.20.193.41:0/495561630 >> [v2:10.20.193.41:3300/0,v1:10.20.193.41:6789/0] conn(0x7f0548107e30 0x7f0548108230 secure :-1 s=READY pgs=49 cs=0 l=1 rev1=1 crypto rx=0x7f0534009920 tx=0x7f053402ef20 comp rx=0 tx=0).ready entity=mon.0 client_cookie=77ac5979c99d0e44 server_cookie=0 in_seq=0 out_seq=0
2026-02-17T20:10:45.586 INFO:teuthology.orchestra.run.trial041.stdout:/usr/bin/ceph: stderr
2026-02-17T20:10:45.466+0000 7f0546ffd640 1 -- 10.20.193.41:0/495561630 <== mon.0 v2:10.20.193.41:3300/0 1 ==== mon_map magic: 0 ==== 205+0+0 (secure 0 0 0) 0x7f053403c070 con 0x7f0548107e30
2026-02-17T20:10:45.586 INFO:teuthology.orchestra.run.trial041.stdout:/usr/bin/ceph: stderr
2026-02-17T20:10:45.466+0000 7f0546ffd640 1 -- 10.20.193.41:0/495561630 <== mon.0 v2:10.20.193.41:3300/0 2 ==== config(25 keys) ==== 1038+0+0 (secure 0 0 0) 0x7f0534037440 con 0x7f0548107e30
2026-02-17T20:10:45.586 INFO:teuthology.orchestra.run.trial041.stdout:/usr/bin/ceph: stderr
2026-02-17T20:10:45.467+0000 7f0546ffd640 1 -- 10.20.193.41:0/495561630 <== mon.0 v2:10.20.193.41:3300/0 3 ==== mon_map magic: 0 ==== 205+0+0 (secure 0 0 0) 0x7f05340354d0 con 0x7f0548107e30
2026-02-17T20:10:45.586 INFO:teuthology.orchestra.run.trial041.stdout:/usr/bin/ceph: stderr
2026-02-17T20:10:45.467+0000 7f054d49f640 1 -- 10.20.193.41:0/495561630 >> [v2:10.20.193.41:3300/0,v1:10.20.193.41:6789/0] conn(0x7f0548107e30 msgr2=0x7f0548108230 secure :-1 s=STATE_CONNECTION_ESTABLISHED l=1).mark_down
2026-02-17T20:10:45.586 INFO:teuthology.orchestra.run.trial041.stdout:/usr/bin/ceph: stderr
2026-02-17T20:10:45.467+0000 7f054d49f640 1 --2- 10.20.193.41:0/495561630 >> [v2:10.20.193.41:3300/0,v1:10.20.193.41:6789/0] conn(0x7f0548107e30 0x7f0548108230 secure :-1 s=READY pgs=49 cs=0 l=1 rev1=1 crypto rx=0x7f0534009920 tx=0x7f053402ef20 comp rx=0 tx=0).stop
2026-02-17T20:10:45.586 INFO:teuthology.orchestra.run.trial041.stdout:/usr/bin/ceph: stderr
2026-02-17T20:10:45.467+0000 7f054d49f640 1 -- 10.20.193.41:0/495561630 shutdown_connections
2026-02-17T20:10:45.586 INFO:teuthology.orchestra.run.trial041.stdout:/usr/bin/ceph: stderr
2026-02-17T20:10:45.467+0000 7f054d49f640 1 --2- 10.20.193.41:0/495561630 >> [v2:10.20.193.41:3300/0,v1:10.20.193.41:6789/0] conn(0x7f0548107e30 0x7f0548108230 unknown :-1 s=CLOSED pgs=49 cs=0 l=1 rev1=1 crypto rx=0 tx=0 comp rx=0 tx=0).stop
2026-02-17T20:10:45.586 INFO:teuthology.orchestra.run.trial041.stdout:/usr/bin/ceph: stderr
2026-02-17T20:10:45.467+0000 7f054d49f640 1 -- 10.20.193.41:0/495561630 >> 10.20.193.41:0/495561630 conn(0x7f05481035a0 msgr2=0x7f0548105a00 unknown :-1 s=STATE_NONE l=0).mark_down
2026-02-17T20:10:45.587 INFO:teuthology.orchestra.run.trial041.stdout:/usr/bin/ceph: stderr
2026-02-17T20:10:45.467+0000 7f054d49f640 1 -- 10.20.193.41:0/495561630 shutdown_connections
2026-02-17T20:10:45.587 INFO:teuthology.orchestra.run.trial041.stdout:/usr/bin/ceph: stderr
2026-02-17T20:10:45.467+0000 7f054d49f640 1 -- 10.20.193.41:0/495561630 wait complete.
2026-02-17T20:10:45.587 INFO:teuthology.orchestra.run.trial041.stdout:/usr/bin/ceph: stderr
2026-02-17T20:10:45.467+0000 7f054d49f640 1 Processor -- start
2026-02-17T20:10:45.587 INFO:teuthology.orchestra.run.trial041.stdout:/usr/bin/ceph: stderr
2026-02-17T20:10:45.467+0000 7f054d49f640 1 -- start start
2026-02-17T20:10:45.587 INFO:teuthology.orchestra.run.trial041.stdout:/usr/bin/ceph: stderr
2026-02-17T20:10:45.467+0000 7f054d49f640 1 --2- >> [v2:10.20.193.41:3300/0,v1:10.20.193.41:6789/0] conn(0x7f0548107e30 0x7f054819dc60 unknown :-1 s=NONE pgs=0 cs=0 l=1 rev1=0 crypto rx=0 tx=0 comp rx=0 tx=0).connect
2026-02-17T20:10:45.587 INFO:teuthology.orchestra.run.trial041.stdout:/usr/bin/ceph: stderr
2026-02-17T20:10:45.467+0000 7f054d49f640 1 -- --> [v2:10.20.193.41:3300/0,v1:10.20.193.41:6789/0] -- mon_getmap magic: 0 -- 0x7f054810c210 con 0x7f0548107e30
2026-02-17T20:10:45.587 INFO:teuthology.orchestra.run.trial041.stdout:/usr/bin/ceph: stderr
