2026-02-17T20:10:50.772+0000 7f1b437fe640 1 -- 10.20.193.41:0/748900320 <== mon.0 v2:10.20.193.41:3300/0 2 ==== config(25 keys) ==== 1038+0+0 (secure 0 0 0) 0x7f1b50035d70 con 0x7f1b5c10a2a0
2026-02-17T20:10:50.972 INFO:teuthology.orchestra.run.trial041.stdout:/usr/bin/ceph: stderr
2026-02-17T20:10:50.772+0000 7f1b60abc640 1 -- 10.20.193.41:0/748900320 --> [v2:10.20.193.41:3300/0,v1:10.20.193.41:6789/0] -- mon_subscribe({mgrmap=0+}) -- 0x7f1b5c1a0850 con 0x7f1b5c10a2a0
2026-02-17T20:10:50.972 INFO:teuthology.orchestra.run.trial041.stdout:/usr/bin/ceph: stderr
2026-02-17T20:10:50.772+0000 7f1b437fe640 1 -- 10.20.193.41:0/748900320 <== mon.0 v2:10.20.193.41:3300/0 3 ==== mon_map magic: 0 ==== 205+0+0 (secure 0 0 0) 0x7f1b50042d90 con 0x7f1b5c10a2a0
2026-02-17T20:10:50.972 INFO:teuthology.orchestra.run.trial041.stdout:/usr/bin/ceph: stderr
2026-02-17T20:10:50.772+0000 7f1b60abc640 1 -- 10.20.193.41:0/748900320 --> [v2:10.20.193.41:3300/0,v1:10.20.193.41:6789/0] -- mon_subscribe({osdmap=0}) -- 0x7f1b5c1a3540 con 0x7f1b5c10a2a0
2026-02-17T20:10:50.972 INFO:teuthology.orchestra.run.trial041.stdout:/usr/bin/ceph: stderr
2026-02-17T20:10:50.772+0000 7f1b60abc640 1 -- 10.20.193.41:0/748900320 --> [v2:10.20.193.41:3300/0,v1:10.20.193.41:6789/0] -- mon_command({"prefix": "get_command_descriptions"} v 0) -- 0x7f1b5c10a720 con 0x7f1b5c10a2a0
2026-02-17T20:10:50.972 INFO:teuthology.orchestra.run.trial041.stdout:/usr/bin/ceph: stderr
2026-02-17T20:10:50.772+0000 7f1b437fe640 1 -- 10.20.193.41:0/748900320 <== mon.0 v2:10.20.193.41:3300/0 4 ==== mgrmap(e 11) ==== 50154+0+0 (secure 0 0 0) 0x7f1b500425f0 con 0x7f1b5c10a2a0
2026-02-17T20:10:50.972 INFO:teuthology.orchestra.run.trial041.stdout:/usr/bin/ceph: stderr
2026-02-17T20:10:50.773+0000 7f1b437fe640 1 --2- 10.20.193.41:0/748900320 >> [v2:10.20.193.41:6800/2543335182,v1:10.20.193.41:6801/2543335182] conn(0x7f1b3403dad0 0x7f1b3403ff90 unknown :-1 s=NONE pgs=0 cs=0 l=1 rev1=0 crypto rx=0 tx=0 comp rx=0 tx=0).connect
2026-02-17T20:10:50.972 INFO:teuthology.orchestra.run.trial041.stdout:/usr/bin/ceph: stderr
2026-02-17T20:10:50.773+0000 7f1b437fe640 1 -- 10.20.193.41:0/748900320 <== mon.0 v2:10.20.193.41:3300/0 5 ==== osd_map(3..3 src has 1..3) ==== 1155+0+0 (secure 0 0 0) 0x7f1b50076920 con 0x7f1b5c10a2a0
2026-02-17T20:10:50.972 INFO:teuthology.orchestra.run.trial041.stdout:/usr/bin/ceph: stderr
2026-02-17T20:10:50.773+0000 7f1b59d74640 1 --2- 10.20.193.41:0/748900320 >> [v2:10.20.193.41:6800/2543335182,v1:10.20.193.41:6801/2543335182] conn(0x7f1b3403dad0 0x7f1b3403ff90 unknown :-1 s=BANNER_CONNECTING pgs=0 cs=0 l=1 rev1=0 crypto rx=0 tx=0 comp rx=0 tx=0)._handle_peer_banner_payload supported=3 required=0
2026-02-17T20:10:50.973 INFO:teuthology.orchestra.run.trial041.stdout:/usr/bin/ceph: stderr
2026-02-17T20:10:50.773+0000 7f1b59d74640 1 --2- 10.20.193.41:0/748900320 >> [v2:10.20.193.41:6800/2543335182,v1:10.20.193.41:6801/2543335182] conn(0x7f1b3403dad0 0x7f1b3403ff90 secure :-1 s=READY pgs=7 cs=0 l=1 rev1=1 crypto rx=0x7f1b440099c0 tx=0x7f1b44006eb0 comp rx=0 tx=0).ready entity=mgr.14150 client_cookie=0 server_cookie=0 in_seq=0 out_seq=0
2026-02-17T20:10:50.973 INFO:teuthology.orchestra.run.trial041.stdout:/usr/bin/ceph: stderr
2026-02-17T20:10:50.775+0000 7f1b437fe640 1 -- 10.20.193.41:0/748900320 <== mon.0 v2:10.20.193.41:3300/0 6 ==== mon_command_ack([{"prefix": "get_command_descriptions"}]=0 v0) ==== 72+0+195034 (secure 0 0 0) 0x7f1b5003d270 con 0x7f1b5c10a2a0
2026-02-17T20:10:50.973 INFO:teuthology.orchestra.run.trial041.stdout:/usr/bin/ceph: stderr
2026-02-17T20:10:50.861+0000 7f1b60abc640 1 -- 10.20.193.41:0/748900320 --> [v2:10.20.193.41:6800/2543335182,v1:10.20.193.41:6801/2543335182] -- mgr_command(tid 0: {"prefix": "dashboard create-self-signed-cert", "target": ["mon-mgr", ""]}) -- 0x7f1b5c108420 con 0x7f1b3403dad0
2026-02-17T20:10:50.973 INFO:teuthology.orchestra.run.trial041.stdout:/usr/bin/ceph: stderr
2026-02-17T20:10:50.939+0000 7f1b437fe640 1 -- 10.20.193.41:0/748900320 <== mgr.14150 v2:10.20.193.41:6800/2543335182 1 ==== mgr_command_reply(tid 0: 0 ) ==== 8+0+32 (secure 0 0 0) 0x7f1b5c108420 con 0x7f1b3403dad0
2026-02-17T20:10:50.973 INFO:teuthology.orchestra.run.trial041.stdout:/usr/bin/ceph: stderr
2026-02-17T20:10:50.941+0000 7f1b60abc640 1 -- 10.20.193.41:0/748900320 >> [v2:10.20.193.41:6800/2543335182,v1:10.20.193.41:6801/2543335182] conn(0x7f1b3403dad0 msgr2=0x7f1b3403ff90 secure :-1 s=STATE_CONNECTION_ESTABLISHED l=1).mark_down
2026-02-17T20:10:50.973 INFO:teuthology.orchestra.run.trial041.stdout:/usr/bin/ceph: stderr
2026-02-17T20:10:50.941+0000 7f1b60abc640 1 --2- 10.20.193.41:0/748900320 >> [v2:10.20.193.41:6800/2543335182,v1:10.20.193.41:6801/2543335182] conn(0x7f1b3403dad0 0x7f1b3403ff90 secure :-1 s=READY pgs=7 cs=0 l=1 rev1=1 crypto rx=0x7f1b440099c0 tx=0x7f1b44006eb0 comp rx=0 tx=0).stop
2026-02-17T20:10:50.973 INFO:teuthology.orchestra.run.trial041.stdout:/usr/bin/ceph: stderr
2026-02-17T20:10:50.941+0000 7f1b60abc640 1 -- 10.20.193.41:0/748900320 >> [v2:10.20.193.41:3300/0,v1:10.20.193.41:6789/0] conn(0x7f1b5c10a2a0 msgr2=0x7f1b5c1a0080 secure :-1 s=STATE_CONNECTION_ESTABLISHED l=1).mark_down
2026-02-17T20:10:50.973 INFO:teuthology.orchestra.run.trial041.stdout:/usr/bin/ceph: stderr
2026-02-17T20:10:50.941+0000 7f1b60abc640 1 --2- 10.20.193.41:0/748900320 >> [v2:10.20.193.41:3300/0,v1:10.20.193.41:6789/0] conn(0x7f1b5c10a2a0 0x7f1b5c1a0080 secure :-1 s=READY pgs=69 cs=0 l=1 rev1=1 crypto rx=0x7f1b50037820 tx=0x7f1b50037850 comp rx=0 tx=0).stop
2026-02-17T20:10:50.973 INFO:teuthology.orchestra.run.trial041.stdout:/usr/bin/ceph: stderr
2026-02-17T20:10:50.941+0000 7f1b60abc640 1 -- 10.20.193.41:0/748900320 shutdown_connections
2026-02-17T20:10:50.973 INFO:teuthology.orchestra.run.trial041.stdout:/usr/bin/ceph: stderr
2026-02-17T20:10:50.941+0000 7f1b60abc640 1 --2- 10.20.193.41:0/748900320 >> [v2:10.20.193.41:6800/2543335182,v1:10.20.193.41:6801/2543335182] conn(0x7f1b3403dad0 0x7f1b3403ff90 unknown :-1 s=CLOSED pgs=7 cs=0 l=1 rev1=1 crypto rx=0 tx=0 comp rx=0 tx=0).stop
2026-02-17T20:10:50.973 INFO:teuthology.orchestra.run.trial041.stdout:/usr/bin/ceph: stderr
2026-02-17T20:10:50.941+0000 7f1b60abc640 1 --2- 10.20.193.41:0/748900320 >> [v2:10.20.193.41:3300/0,v1:10.20.193.41:6789/0] conn(0x7f1b5c10a2a0 0x7f1b5c1a0080 unknown :-1 s=CLOSED pgs=69 cs=0 l=1 rev1=1 crypto rx=0 tx=0 comp rx=0 tx=0).stop
2026-02-17T20:10:50.973 INFO:teuthology.orchestra.run.trial041.stdout:/usr/bin/ceph: stderr
2026-02-17T20:10:50.941+0000 7f1b60abc640 1 -- 10.20.193.41:0/748900320 >> 10.20.193.41:0/748900320 conn(0x7f1b5c07d890 msgr2=0x7f1b5c107d10 unknown :-1 s=STATE_NONE l=0).mark_down
2026-02-17T20:10:50.974 INFO:teuthology.orchestra.run.trial041.stdout:/usr/bin/ceph: stderr
2026-02-17T20:10:50.941+0000 7f1b60abc640 1 -- 10.20.193.41:0/748900320 shutdown_connections
2026-02-17T20:10:50.974 INFO:teuthology.orchestra.run.trial041.stdout:/usr/bin/ceph: stderr
2026-02-17T20:10:50.941+0000 7f1b60abc640 1 -- 10.20.193.41:0/748900320 wait complete.
2026-02-17T20:10:50.974 INFO:teuthology.orchestra.run.trial041.stdout:Creating initial admin user...
2026-02-17T20:10:51.297 INFO:journalctl@ceph.mon.a.trial041.stdout:Feb 17 20:10:51 trial041 ceph-mon[24216]: from='mgr.14150 10.20.193.41:0/3994189520' entity='mgr.x'
2026-02-17T20:10:51.297 INFO:journalctl@ceph.mon.a.trial041.stdout:Feb 17 20:10:51 trial041 ceph-mon[24216]: [17/Feb/2026:20:10:50] ENGINE Bus STARTING
2026-02-17T20:10:51.297 INFO:journalctl@ceph.mon.a.trial041.stdout:Feb 17 20:10:51 trial041 ceph-mon[24216]: from='mgr.14150 10.20.193.41:0/3994189520' entity='mgr.x'
2026-02-17T20:10:51.297 INFO:journalctl@ceph.mon.a.trial041.stdout:Feb 17 20:10:51 trial041 ceph-mon[24216]: [17/Feb/2026:20:10:50] ENGINE Serving on https://10.20.193.41:7150
2026-02-17T20:10:51.298 INFO:journalctl@ceph.mon.a.trial041.stdout:Feb 17 20:10:51 trial041 ceph-mon[24216]: [17/Feb/2026:20:10:50] ENGINE Client ('10.20.193.41', 54936) lost — peer dropped the TLS connection suddenly, during handshake: (6, 'TLS/SSL connection has been closed (EOF) (_ssl.c:1147)')
2026-02-17T20:10:51.298 INFO:journalctl@ceph.mon.a.trial041.stdout:Feb 17 20:10:51 trial041 ceph-mon[24216]: [17/Feb/2026:20:10:50] ENGINE Serving on http://10.20.193.41:8765
2026-02-17T20:10:51.298 INFO:journalctl@ceph.mon.a.trial041.stdout:Feb 17 20:10:51 trial041 ceph-mon[24216]: [17/Feb/2026:20:10:50] ENGINE Bus STARTED
2026-02-17T20:10:51.298 INFO:journalctl@ceph.mon.a.trial041.stdout:Feb 17 20:10:51 trial041 ceph-mon[24216]: from='client.14154 -' entity='client.admin' cmd=[{"prefix": "get_command_descriptions"}]: dispatch
2026-02-17T20:10:51.298 INFO:journalctl@ceph.mon.a.trial041.stdout:Feb 17 20:10:51 trial041 ceph-mon[24216]: mgrmap e11: x(active, since 1.00511s)
2026-02-17T20:10:51.298 INFO:journalctl@ceph.mon.a.trial041.stdout:Feb 17 20:10:51 trial041 ceph-mon[24216]: from='client.14154 -' entity='client.admin' cmd=[{"prefix": "mgr_status"}]: dispatch
2026-02-17T20:10:51.298 INFO:journalctl@ceph.mon.a.trial041.stdout:Feb 17 20:10:51 trial041 ceph-mon[24216]: from='client.14162 -' entity='client.admin' cmd=[{"prefix": "dashboard create-self-signed-cert", "target": ["mon-mgr", ""]}]: dispatch
2026-02-17T20:10:51.298 INFO:journalctl@ceph.mon.a.trial041.stdout:Feb 17 20:10:51 trial041 ceph-mon[24216]: from='mgr.14150 10.20.193.41:0/3994189520' entity='mgr.x'
2026-02-17T20:10:51.298 INFO:journalctl@ceph.mon.a.trial041.stdout:Feb 17 20:10:51 trial041 ceph-mon[24216]: from='mgr.14150 10.20.193.41:0/3994189520' entity='mgr.x'
2026-02-17T20:10:51.336 INFO:teuthology.orchestra.run.trial041.stdout:/usr/bin/ceph: stdout {"username": "admin", "password": "$2b$12$aSZId.fghmVyQA0nt8JJO.cenmG8ShoBErWWoVco4rX76EuXz8l.K", "roles": ["administrator"], "name": null, "email": null, "lastUpdate": 1771359051, "enabled": true, "pwdExpirationDate": null, "pwdUpdateRequired": true}
2026-02-17T20:10:51.337 INFO:teuthology.orchestra.run.trial041.stdout:/usr/bin/ceph: stderr
2026-02-17T20:10:51.059+0000 7faba12bd640 1 Processor -- start
2026-02-17T20:10:51.337 INFO:teuthology.orchestra.run.trial041.stdout:/usr/bin/ceph: stderr
2026-02-17T20:10:51.059+0000 7faba12bd640 1 -- start start
2026-02-17T20:10:51.337 INFO:teuthology.orchestra.run.trial041.stdout:/usr/bin/ceph: stderr
2026-02-17T20:10:51.060+0000 7faba12bd640 1 --2- >> [v2:10.20.193.41:3300/0,v1:10.20.193.41:6789/0] conn(0x7fab9c10a2a0 0x7fab9c10a6a0 unknown :-1 s=NONE pgs=0 cs=0 l=0 rev1=0 crypto rx=0 tx=0 comp rx=0 tx=0).connect
2026-02-17T20:10:51.337 INFO:teuthology.orchestra.run.trial041.stdout:/usr/bin/ceph: stderr
2026-02-17T20:10:51.060+0000 7faba12bd640 1 -- --> [v2:10.20.193.41:3300/0,v1:10.20.193.41:6789/0] -- mon_getmap magic: 0 -- 0x7fab9c10ac70 con 0x7fab9c10a2a0
2026-02-17T20:10:51.337 INFO:teuthology.orchestra.run.trial041.stdout:/usr/bin/ceph: stderr
2026-02-17T20:10:51.060+0000 7fab9affd640 1 --2- >> [v2:10.20.193.41:3300/0,v1:10.20.193.41:6789/0] conn(0x7fab9c10a2a0 0x7fab9c10a6a0 unknown :-1 s=BANNER_CONNECTING pgs=0 cs=0 l=0 rev1=0 crypto rx=0 tx=0 comp rx=0 tx=0)._handle_peer_banner_payload supported=3 required=0
2026-02-17T20:10:51.337 INFO:teuthology.orchestra.run.trial041.stdout:/usr/bin/ceph: stderr
2026-02-17T20:10:51.060+0000 7fab9affd640 1 --2- >> [v2:10.20.193.41:3300/0,v1:10.20.193.41:6789/0] conn(0x7fab9c10a2a0 0x7fab9c10a6a0 unknown :-1 s=HELLO_CONNECTING pgs=0 cs=0 l=0 rev1=1 crypto rx=0 tx=0 comp rx=0 tx=0).handle_hello peer v2:10.20.193.41:3300/0 says I am v2:10.20.193.41:55466/0 (socket says 10.20.193.41:55466)
2026-02-17T20:10:51.337 INFO:teuthology.orchestra.run.trial041.stdout:/usr/bin/ceph: stderr
2026-02-17T20:10:51.060+0000 7fab9affd640 1 -- 10.20.193.41:0/1777544804 learned_addr learned my addr 10.20.193.41:0/1777544804 (peer_addr_for_me v2:10.20.193.41:0/0)
2026-02-17T20:10:51.337 INFO:teuthology.orchestra.run.trial041.stdout:/usr/bin/ceph: stderr
2026-02-17T20:10:51.060+0000 7fab9affd640 1 -- 10.20.193.41:0/1777544804 --> [v2:10.20.193.41:3300/0,v1:10.20.193.41:6789/0] -- mon_subscribe({config=0+,monmap=0+}) -- 0x7fab9c10b450 con 0x7fab9c10a2a0
2026-02-17T20:10:51.338 INFO:teuthology.orchestra.run.trial041.stdout:/usr/bin/ceph: stderr
2026-02-17T20:10:51.060+0000 7fab9affd640 1 --2- 10.20.193.41:0/1777544804 >> [v2:10.20.193.41:3300/0,v1:10.20.193.41:6789/0] conn(0x7fab9c10a2a0 0x7fab9c10a6a0 secure :-1 s=READY pgs=70 cs=0 l=1 rev1=1 crypto rx=0x7fab90009920 tx=0x7fab9002ef20 comp rx=0 tx=0).ready entity=mon.0 client_cookie=30a102f773103739 server_cookie=0 in_seq=0 out_seq=0
2026-02-17T20:10:51.338 INFO:teuthology.orchestra.run.trial041.stdout:/usr/bin/ceph: stderr
2026-02-17T20:10:51.060+0000 7fab99ffb640 1 -- 10.20.193.41:0/1777544804 <== mon.0 v2:10.20.193.41:3300/0 1 ==== mon_map magic: 0 ==== 205+0+0 (secure 0 0 0) 0x7fab9003c070 con 0x7fab9c10a2a0
2026-02-17T20:10:51.338 INFO:teuthology.orchestra.run.trial041.stdout:/usr/bin/ceph: stderr
2026-02-17T20:10:51.060+0000 7fab99ffb640 1 -- 10.20.193.41:0/1777544804 <== mon.0 v2:10.20.193.41:3300/0 2 ==== config(25 keys) ==== 1038+0+0 (secure 0 0 0) 0x7fab90037440 con 0x7fab9c10a2a0
2026-02-17T20:10:51.338 INFO:teuthology.orchestra.run.trial041.stdout:/usr/bin/ceph: stderr
2026-02-17T20:10:51.060+0000 7fab99ffb640 1 -- 10.20.193.41:0/1777544804 <== mon.0 v2:10.20.193.41:3300/0 3 ==== mon_map magic: 0 ==== 205+0+0 (secure 0 0 0) 0x7fab900354d0 con 0x7fab9c10a2a0
2026-02-17T20:10:51.338 INFO:teuthology.orchestra.run.trial041.stdout:/usr/bin/ceph: stderr
2026-02-17T20:10:51.061+0000 7faba12bd640 1 -- 10.20.193.41:0/1777544804 >> [v2:10.20.193.41:3300/0,v1:10.20.193.41:6789/0] conn(0x7fab9c10a2a0 msgr2=0x7fab9c10a6a0 secure :-1 s=STATE_CONNECTION_ESTABLISHED l=1).mark_down
2026-02-17T20:10:51.338 INFO:teuthology.orchestra.run.trial041.stdout:/usr/bin/ceph: stderr
2026-02-17T20:10:51.061+0000 7faba12bd640 1 --2- 10.20.193.41:0/1777544804 >> [v2:10.20.193.41:3300/0,v1:10.20.193.41:6789/0] conn(0x7fab9c10a2a0 0x7fab9c10a6a0 secure :-1 s=READY pgs=70 cs=0 l=1 rev1=1 crypto rx=0x7fab90009920 tx=0x7fab9002ef20 comp rx=0 tx=0).stop
2026-02-17T20:10:51.338 INFO:teuthology.orchestra.run.trial041.stdout:/usr/bin/ceph: stderr
2026-02-17T20:10:51.061+0000 7faba12bd640 1 -- 10.20.193.41:0/1777544804 shutdown_connections
2026-02-17T20:10:51.338 INFO:teuthology.orchestra.run.trial041.stdout:/usr/bin/ceph: stderr
2026-02-17T20:10:51.061+0000 7faba12bd640 1 --2- 10.20.193.41:0/1777544804 >> [v2:10.20.193.41:3300/0,v1:10.20.193.41:6789/0] conn(0x7fab9c10a2a0 0x7fab9c10a6a0 unknown :-1 s=CLOSED pgs=70 cs=0 l=1 rev1=1 crypto rx=0 tx=0 comp rx=0 tx=0).stop
2026-02-17T20:10:51.338 INFO:teuthology.orchestra.run.trial041.stdout:/usr/bin/ceph: stderr
2026-02-17T20:10:51.061+0000 7faba12bd640 1 -- 10.20.193.41:0/1777544804 >> 10.20.193.41:0/1777544804 conn(0x7fab9c07d890 msgr2=0x7fab9c108670 unknown :-1 s=STATE_NONE l=0).mark_down
2026-02-17T20:10:51.338 INFO:teuthology.orchestra.run.trial041.stdout:/usr/bin/ceph: stderr
2026-02-17T20:10:51.061+0000 7faba12bd640 1 -- 10.20.193.41:0/1777544804 shutdown_connections
2026-02-17T20:10:51.338 INFO:teuthology.orchestra.run.trial041.stdout:/usr/bin/ceph: stderr
2026-02-17T20:10:51.061+0000 7faba12bd640 1 -- 10.20.193.41:0/1777544804 wait complete.
2026-02-17T20:10:51.338 INFO:teuthology.orchestra.run.trial041.stdout:/usr/bin/ceph: stderr
2026-02-17T20:10:51.061+0000 7faba12bd640 1 Processor -- start
2026-02-17T20:10:51.339 INFO:teuthology.orchestra.run.trial041.stdout:/usr/bin/ceph: stderr
2026-02-17T20:10:51.061+0000 7faba12bd640 1 -- start start
2026-02-17T20:10:51.339 INFO:teuthology.orchestra.run.trial041.stdout:/usr/bin/ceph: stderr
2026-02-17T20:10:51.061+0000 7faba12bd640 1 --2- >> [v2:10.20.193.41:3300/0,v1:10.20.193.41:6789/0] conn(0x7fab9c10a2a0 0x7fab9c1a00b0 unknown :-1 s=NONE pgs=0 cs=0 l=1 rev1=0 crypto rx=0 tx=0 comp rx=0 tx=0).connect
2026-02-17T20:10:51.339 INFO:teuthology.orchestra.run.trial041.stdout:/usr/bin/ceph: stderr
2026-02-17T20:10:51.061+0000 7faba12bd640 1 -- --> [v2:10.20.193.41:3300/0,v1:10.20.193.41:6789/0] -- mon_getmap magic: 0 -- 0x7fab9c10e680 con 0x7fab9c10a2a0
2026-02-17T20:10:51.339 INFO:teuthology.orchestra.run.trial041.stdout:/usr/bin/ceph: stderr
2026-02-17T20:10:51.061+0000 7fab9affd640 1 --2- >> [v2:10.20.193.41:3300/0,v1:10.20.193.41:6789/0] conn(0x7fab9c10a2a0 0x7fab9c1a00b0 unknown :-1 s=BANNER_CONNECTING pgs=0 cs=0 l=1 rev1=0 crypto rx=0 tx=0 comp rx=0 tx=0)._handle_peer_banner_payload supported=3 required=0
2026-02-17T20:10:51.339 INFO:teuthology.orchestra.run.trial041.stdout:/usr/bin/ceph: stderr
2026-02-17T20:10:51.061+0000 7fab9affd640 1 --2- >> [v2:10.20.193.41:3300/0,v1:10.20.193.41:6789/0] conn(0x7fab9c10a2a0 0x7fab9c1a00b0 unknown :-1 s=HELLO_CONNECTING pgs=0 cs=0 l=1 rev1=1 crypto rx=0 tx=0 comp rx=0 tx=0).handle_hello peer v2:10.20.193.41:3300/0 says I am v2:10.20.193.41:55470/0 (socket says 10.20.193.41:55470)
2026-02-17T20:10:51.339 INFO:teuthology.orchestra.run.trial041.stdout:/usr/bin/ceph: stderr
2026-02-17T20:10:51.061+0000 7fab9affd640 1 -- 10.20.193.41:0/11025393 learned_addr learned my addr 10.20.193.41:0/11025393 (peer_addr_for_me v2:10.20.193.41:0/0)
2026-02-17T20:10:51.339 INFO:teuthology.orchestra.run.trial041.stdout:/usr/bin/ceph: stderr
2026-02-17T20:10:51.062+0000 7fab9affd640 1 -- 10.20.193.41:0/11025393 --> [v2:10.20.193.41:3300/0,v1:10.20.193.41:6789/0] -- mon_subscribe({config=0+,monmap=0+}) -- 0x7fab9c1a05f0 con 0x7fab9c10a2a0
2026-02-17T20:10:51.339 INFO:teuthology.orchestra.run.trial041.stdout:/usr/bin/ceph: stderr
2026-02-17T20:10:51.062+0000 7fab9affd640 1 --2- 10.20.193.41:0/11025393 >> [v2:10.20.193.41:3300/0,v1:10.20.193.41:6789/0] conn(0x7fab9c10a2a0 0x7fab9c1a00b0 secure :-1 s=READY pgs=71 cs=0 l=1 rev1=1 crypto rx=0x7fab90037820 tx=0x7fab90037850 comp rx=0 tx=0).ready entity=mon.0 client_cookie=0 server_cookie=0 in_seq=0 out_seq=0
2026-02-17T20:10:51.339 INFO:teuthology.orchestra.run.trial041.stdout:/usr/bin/ceph: stderr
2026-02-17T20:10:51.062+0000 7fab7bfff640 1 -- 10.20.193.41:0/11025393 <== mon.0 v2:10.20.193.41:3300/0 1 ==== mon_map magic: 0 ==== 205+0+0 (secure 0 0 0) 0x7fab9003c070 con 0x7fab9c10a2a0
2026-02-17T20:10:51.339 INFO:teuthology.orchestra.run.trial041.stdout:/usr/bin/ceph: stderr
2026-02-17T20:10:51.062+0000 7fab7bfff640 1 -- 10.20.193.41:0/11025393 <== mon.0 v2:10.20.193.41:3300/0 2 ==== config(25 keys) ==== 1038+0+0 (secure 0 0 0) 0x7fab90035d70 con 0x7fab9c10a2a0
2026-02-17T20:10:51.339 INFO:teuthology.orchestra.run.trial041.stdout:/usr/bin/ceph: stderr
2026-02-17T20:10:51.062+0000 7faba12bd640 1 -- 10.20.193.41:0/11025393 --> [v2:10.20.193.41:3300/0,v1:10.20.193.41:6789/0] -- mon_subscribe({mgrmap=0+}) -- 0x7fab9c1a0880 con 0x7fab9c10a2a0
2026-02-17T20:10:51.339 INFO:teuthology.orchestra.run.trial041.stdout:/usr/bin/ceph: stderr
2026-02-17T20:10:51.062+0000 7fab7bfff640 1 -- 10.20.193.41:0/11025393 <== mon.0 v2:10.20.193.41:3300/0 3 ==== mon_map magic: 0 ==== 205+0+0 (secure 0 0 0) 0x7fab90042d90 con 0x7fab9c10a2a0
2026-02-17T20:10:51.340 INFO:teuthology.orchestra.run.trial041.stdout:/usr/bin/ceph: stderr
2026-02-17T20:10:51.062+0000 7faba12bd640 1 -- 10.20.193.41:0/11025393 --> [v2:10.20.193.41:3300/0,v1:10.20.193.41:6789/0] -- mon_subscribe({osdmap=0}) -- 0x7fab9c1a3570 con 0x7fab9c10a2a0
2026-02-17T20:10:51.340 INFO:teuthology.orchestra.run.trial041.stdout:/usr/bin/ceph: stderr
2026-02-17T20:10:51.062+0000 7faba12bd640 1 -- 10.20.193.41:0/11025393 --> [v2:10.20.193.41:3300/0,v1:10.20.193.41:6789/0] -- mon_command({"prefix": "get_command_descriptions"} v 0) -- 0x7fab9c10a720 con 0x7fab9c10a2a0
2026-02-17T20:10:51.340 INFO:teuthology.orchestra.run.trial041.stdout:/usr/bin/ceph: stderr
2026-02-17T20:10:51.062+0000 7fab7bfff640 1 -- 10.20.193.41:0/11025393 <== mon.0 v2:10.20.193.41:3300/0 4 ==== mgrmap(e 11) ==== 50154+0+0 (secure 0 0 0) 0x7fab900425f0 con 0x7fab9c10a2a0
2026-02-17T20:10:51.340 INFO:teuthology.orchestra.run.trial041.stdout:/usr/bin/ceph: stderr
2026-02-17T20:10:51.063+0000 7fab7bfff640 1 --2- 10.20.193.41:0/11025393 >> [v2:10.20.193.41:6800/2543335182,v1:10.20.193.41:6801/2543335182] conn(0x7fab7003dad0 0x7fab7003ff90 unknown :-1 s=NONE pgs=0 cs=0 l=1 rev1=0 crypto rx=0 tx=0 comp rx=0 tx=0).connect
2026-02-17T20:10:51.340 INFO:teuthology.orchestra.run.trial041.stdout:/usr/bin/ceph: stderr
2026-02-17T20:10:51.063+0000 7fab7bfff640 1 -- 10.20.193.41:0/11025393 <== mon.0 v2:10.20.193.41:3300/0 5 ==== osd_map(3..3 src has 1..3) ==== 1155+0+0 (secure 0 0 0) 0x7fab900769b0 con 0x7fab9c10a2a0
2026-02-17T20:10:51.340 INFO:teuthology.orchestra.run.trial041.stdout:/usr/bin/ceph: stderr
2026-02-17T20:10:51.063+0000 7fab9a7fc640 1 --2- 10.20.193.41:0/11025393 >> [v2:10.20.193.41:6800/2543335182,v1:10.20.193.41:6801/2543335182] conn(0x7fab7003dad0 0x7fab7003ff90 unknown :-1 s=BANNER_CONNECTING pgs=0 cs=0 l=1 rev1=0 crypto rx=0 tx=0 comp rx=0 tx=0)._handle_peer_banner_payload supported=3 required=0
2026-02-17T20:10:51.340 INFO:teuthology.orchestra.run.trial041.stdout:/usr/bin/ceph: stderr
2026-02-17T20:10:51.063+0000 7fab9a7fc640 1 --2- 10.20.193.41:0/11025393 >> [v2:10.20.193.41:6800/2543335182,v1:10.20.193.41:6801/2543335182] conn(0x7fab7003dad0 0x7fab7003ff90 secure :-1 s=READY pgs=8 cs=0 l=1 rev1=1 crypto rx=0x7fab840099c0 tx=0x7fab84006eb0 comp rx=0 tx=0).ready entity=mgr.14150 client_cookie=0 server_cookie=0 in_seq=0 out_seq=0
2026-02-17T20:10:51.340 INFO:teuthology.orchestra.run.trial041.stdout:/usr/bin/ceph: stderr
2026-02-17T20:10:51.065+0000 7fab7bfff640 1 -- 10.20.193.41:0/11025393 <== mon.0 v2:10.20.193.41:3300/0 6 ==== mon_command_ack([{"prefix": "get_command_descriptions"}]=0 v0) ==== 72+0+195034 (secure 0 0 0) 0x7fab9003d270 con 0x7fab9c10a2a0
2026-02-17T20:10:51.340 INFO:teuthology.orchestra.run.trial041.stdout:/usr/bin/ceph: stderr
2026-02-17T20:10:51.153+0000 7faba12bd640 1 -- 10.20.193.41:0/11025393 --> [v2:10.20.193.41:6800/2543335182,v1:10.20.193.41:6801/2543335182] -- mgr_command(tid 0: {"prefix": "dashboard ac-user-create", "username": "admin", "rolename": "administrator", "force_password": true, "pwd_update_required": true, "target": ["mon-mgr", ""]}) -- 0x7fab9c108480 con 0x7fab7003dad0
2026-02-17T20:10:51.340 INFO:teuthology.orchestra.run.trial041.stdout:/usr/bin/ceph: stderr
2026-02-17T20:10:51.294+0000 7fab7bfff640 1 -- 10.20.193.41:0/11025393 <== mgr.14150 v2:10.20.193.41:6800/2543335182 1 ==== mgr_command_reply(tid 0: 0 ) ==== 8+0+252 (secure 0 0 0) 0x7fab9c108480 con 0x7fab7003dad0
2026-02-17T20:10:51.340 INFO:teuthology.orchestra.run.trial041.stdout:/usr/bin/ceph: stderr
2026-02-17T20:10:51.294+0000 7faba12bd640 1 -- 10.20.193.41:0/11025393 >> [v2:10.20.193.41:6800/2543335182,v1:10.20.193.41:6801/2543335182] conn(0x7fab7003dad0 msgr2=0x7fab7003ff90 secure :-1 s=STATE_CONNECTION_ESTABLISHED l=1).mark_down
2026-02-17T20:10:51.340 INFO:teuthology.orchestra.run.trial041.stdout:/usr/bin/ceph: stderr
2026-02-17T20:10:51.294+0000 7faba12bd640 1 --2- 10.20.193.41:0/11025393 >> [v2:10.20.193.41:6800/2543335182,v1:10.20.193.41:6801/2543335182] conn(0x7fab7003dad0 0x7fab7003ff90 secure :-1 s=READY pgs=8 cs=0 l=1 rev1=1 crypto rx=0x7fab840099c0 tx=0x7fab84006eb0 comp rx=0 tx=0).stop
2026-02-17T20:10:51.341 INFO:teuthology.orchestra.run.trial041.stdout:/usr/bin/ceph: stderr
2026-02-17T20:10:51.294+0000 7faba12bd640 1 -- 10.20.193.41:0/11025393 >> [v2:10.20.193.41:3300/0,v1:10.20.193.41:6789/0] conn(0x7fab9c10a2a0 msgr2=0x7fab9c1a00b0 secure :-1 s=STATE_CONNECTION_ESTABLISHED l=1).mark_down
2026-02-17T20:10:51.341 INFO:teuthology.orchestra.run.trial041.stdout:/usr/bin/ceph: stderr
2026-02-17T20:10:51.294+0000 7faba12bd640 1 --2- 10.20.193.41:0/11025393 >> [v2:10.20.193.41:3300/0,v1:10.20.193.41:6789/0] conn(0x7fab9c10a2a0 0x7fab9c1a00b0 secure :-1 s=READY pgs=71 cs=0 l=1 rev1=1 crypto rx=0x7fab90037820 tx=0x7fab90037850 comp rx=0 tx=0).stop
2026-02-17T20:10:51.341 INFO:teuthology.orchestra.run.trial041.stdout:/usr/bin/ceph: stderr
2026-02-17T20:10:51.294+0000 7faba12bd640 1 -- 10.20.193.41:0/11025393 shutdown_connections
2026-02-17T20:10:51.341 INFO:teuthology.orchestra.run.trial041.stdout:/usr/bin/ceph: stderr
2026-02-17T20:10:51.294+0000 7faba12bd640 1 --2- 10.20.193.41:0/11025393 >> [v2:10.20.193.41:6800/2543335182,v1:10.20.193.41:6801/2543335182] conn(0x7fab7003dad0 0x7fab7003ff90 unknown :-1 s=CLOSED pgs=8 cs=0 l=1 rev1=1 crypto rx=0 tx=0 comp rx=0 tx=0).stop
2026-02-17T20:10:51.341 INFO:teuthology.orchestra.run.trial041.stdout:/usr/bin/ceph: stderr
2026-02-17T20:10:51.294+0000 7faba12bd640 1 --2- 10.20.193.41:0/11025393 >> [v2:10.20.193.41:3300/0,v1:10.20.193.41:6789/0] conn(0x7fab9c10a2a0 0x7fab9c1a00b0 unknown :-1 s=CLOSED pgs=71 cs=0 l=1 rev1=1 crypto rx=0 tx=0 comp rx=0 tx=0).stop
2026-02-17T20:10:51.341 INFO:teuthology.orchestra.run.trial041.stdout:/usr/bin/ceph: stderr
2026-02-17T20:10:51.294+0000 7faba12bd640 1 -- 10.20.193.41:0/11025393 >> 10.20.193.41:0/11025393 conn(0x7fab9c07d890 msgr2=0x7fab9c107d70 unknown :-1 s=STATE_NONE l=0).mark_down
2026-02-17T20:10:51.341 INFO:teuthology.orchestra.run.trial041.stdout:/usr/bin/ceph: stderr
2026-02-17T20:10:51.294+0000 7faba12bd640 1 -- 10.20.193.41:0/11025393 shutdown_connections
2026-02-17T20:10:51.341 INFO:teuthology.orchestra.run.trial041.stdout:/usr/bin/ceph: stderr
2026-02-17T20:10:51.295+0000 7faba12bd640 1 -- 10.20.193.41:0/11025393 wait complete.
2026-02-17T20:10:51.341 INFO:teuthology.orchestra.run.trial041.stdout:Fetching dashboard port number...
2026-02-17T20:10:51.542 INFO:teuthology.orchestra.run.trial041.stdout:/usr/bin/ceph: stdout 8443
2026-02-17T20:10:51.542 INFO:teuthology.orchestra.run.trial041.stdout:/usr/bin/ceph: stderr
2026-02-17T20:10:51.427+0000 7f4bc65f3640 1 Processor -- start
2026-02-17T20:10:51.543 INFO:teuthology.orchestra.run.trial041.stdout:/usr/bin/ceph: stderr
2026-02-17T20:10:51.427+0000 7f4bc65f3640 1 -- start start
2026-02-17T20:10:51.543 INFO:teuthology.orchestra.run.trial041.stdout:/usr/bin/ceph: stderr
2026-02-17T20:10:51.427+0000 7f4bc65f3640 1 --2- >> [v2:10.20.193.41:3300/0,v1:10.20.193.41:6789/0] conn(0x7f4bc010a2c0 0x7f4bc010a6c0 unknown :-1 s=NONE pgs=0 cs=0 l=0 rev1=0 crypto rx=0 tx=0 comp rx=0 tx=0).connect
2026-02-17T20:10:51.543 INFO:teuthology.orchestra.run.trial041.stdout:/usr/bin/ceph: stderr
2026-02-17T20:10:51.427+0000 7f4bc65f3640 1 -- --> [v2:10.20.193.41:3300/0,v1:10.20.193.41:6789/0] -- mon_getmap magic: 0 -- 0x7f4bc010ac90 con 0x7f4bc010a2c0
2026-02-17T20:10:51.543 INFO:teuthology.orchestra.run.trial041.stdout:/usr/bin/ceph: stderr
2026-02-17T20:10:51.428+0000 7f4bbffff640 1 --2- >> [v2:10.20.193.41:3300/0,v1:10.20.193.41:6789/0] conn(0x7f4bc010a2c0 0x7f4bc010a6c0 unknown :-1 s=BANNER_CONNECTING pgs=0 cs=0 l=0 rev1=0 crypto rx=0 tx=0 comp rx=0 tx=0)._handle_peer_banner_payload supported=3 required=0
2026-02-17T20:10:51.543 INFO:teuthology.orchestra.run.trial041.stdout:/usr/bin/ceph: stderr
2026-02-17T20:10:51.428+0000 7f4bbffff640 1 --2- >> [v2:10.20.193.41:3300/0,v1:10.20.193.41:6789/0] conn(0x7f4bc010a2c0 0x7f4bc010a6c0 unknown :-1 s=HELLO_CONNECTING pgs=0 cs=0 l=0 rev1=1 crypto rx=0 tx=0 comp rx=0 tx=0).handle_hello peer v2:10.20.193.41:3300/0 says I am v2:10.20.193.41:55484/0 (socket says 10.20.193.41:55484)
2026-02-17T20:10:51.543 INFO:teuthology.orchestra.run.trial041.stdout:/usr/bin/ceph: stderr
2026-02-17T20:10:51.428+0000 7f4bbffff640 1 -- 10.20.193.41:0/3348970875 learned_addr learned my addr 10.20.193.41:0/3348970875 (peer_addr_for_me v2:10.20.193.41:0/0)
2026-02-17T20:10:51.543 INFO:teuthology.orchestra.run.trial041.stdout:/usr/bin/ceph: stderr
2026-02-17T20:10:51.428+0000 7f4bbffff640 1 -- 10.20.193.41:0/3348970875 --> [v2:10.20.193.41:3300/0,v1:10.20.193.41:6789/0] -- mon_subscribe({config=0+,monmap=0+}) -- 0x7f4bc010b460 con 0x7f4bc010a2c0
2026-02-17T20:10:51.543 INFO:teuthology.orchestra.run.trial041.stdout:/usr/bin/ceph: stderr
2026-02-17T20:10:51.428+0000 7f4bbffff640 1 --2- 10.20.193.41:0/3348970875 >> [v2:10.20.193.41:3300/0,v1:10.20.193.41:6789/0] conn(0x7f4bc010a2c0 0x7f4bc010a6c0 secure :-1 s=READY pgs=72 cs=0 l=1 rev1=1 crypto rx=0x7f4bac009920 tx=0x7f4bac02ef20 comp rx=0 tx=0).ready entity=mon.0 client_cookie=e444f9f5c7dc9dbf server_cookie=0 in_seq=0 out_seq=0
2026-02-17T20:10:51.543 INFO:teuthology.orchestra.run.trial041.stdout:/usr/bin/ceph: stderr
2026-02-17T20:10:51.428+0000 7f4bbeffd640 1 -- 10.20.193.41:0/3348970875 <== mon.0 v2:10.20.193.41:3300/0 1 ==== mon_map magic: 0 ==== 205+0+0 (secure 0 0 0) 0x7f4bac03c070 con 0x7f4bc010a2c0
2026-02-17T20:10:51.543 INFO:teuthology.orchestra.run.trial041.stdout:/usr/bin/ceph: stderr
2026-02-17T20:10:51.428+0000 7f4bbeffd640 1 -- 10.20.193.41:0/3348970875 <== mon.0 v2:10.20.193.41:3300/0 2 ==== config(25 keys) ==== 1038+0+0 (secure 0 0 0) 0x7f4bac037440 con 0x7f4bc010a2c0
2026-02-17T20:10:51.544 INFO:teuthology.orchestra.run.trial041.stdout:/usr/bin/ceph: stderr
2026-02-17T20:10:51.428+0000 7f4bbeffd640 1 -- 10.20.193.41:0/3348970875 <== mon.0 v2:10.20.193.41:3300/0 3 ==== mon_map magic: 0 ==== 205+0+0 (secure 0 0 0) 0x7f4bac0354d0 con 0x7f4bc010a2c0
2026-02-17T20:10:51.544 INFO:teuthology.orchestra.run.trial041.stdout:/usr/bin/ceph: stderr
2026-02-17T20:10:51.429+0000 7f4bc65f3640 1 -- 10.20.193.41:0/3348970875 >> [v2:10.20.193.41:3300/0,v1:10.20.193.41:6789/0] conn(0x7f4bc010a2c0 msgr2=0x7f4bc010a6c0 secure :-1 s=STATE_CONNECTION_ESTABLISHED l=1).mark_down
2026-02-17T20:10:51.544 INFO:teuthology.orchestra.run.trial041.stdout:/usr/bin/ceph: stderr
2026-02-17T20:10:51.429+0000 7f4bc65f3640 1 --2- 10.20.193.41:0/3348970875 >> [v2:10.20.193.41:3300/0,v1:10.20.193.41:6789/0] conn(0x7f4bc010a2c0 0x7f4bc010a6c0 secure :-1 s=READY pgs=72 cs=0 l=1 rev1=1 crypto rx=0x7f4bac009920 tx=0x7f4bac02ef20 comp rx=0 tx=0).stop
2026-02-17T20:10:51.544 INFO:teuthology.orchestra.run.trial041.stdout:/usr/bin/ceph: stderr
2026-02-17T20:10:51.429+0000 7f4bc65f3640 1 -- 10.20.193.41:0/3348970875 shutdown_connections
2026-02-17T20:10:51.544 INFO:teuthology.orchestra.run.trial041.stdout:/usr/bin/ceph: stderr
2026-02-17T20:10:51.429+0000 7f4bc65f3640 1 --2- 10.20.193.41:0/3348970875 >> [v2:10.20.193.41:3300/0,v1:10.20.193.41:6789/0] conn(0x7f4bc010a2c0 0x7f4bc010a6c0 unknown :-1 s=CLOSED pgs=72 cs=0 l=1 rev1=1 crypto rx=0 tx=0 comp rx=0 tx=0).stop
2026-02-17T20:10:51.544 INFO:teuthology.orchestra.run.trial041.stdout:/usr/bin/ceph: stderr
2026-02-17T20:10:51.429+0000 7f4bc65f3640 1 -- 10.20.193.41:0/3348970875 >> 10.20.193.41:0/3348970875 conn(0x7f4bc007d8c0 msgr2=0x7f4bc0108670 unknown :-1 s=STATE_NONE l=0).mark_down
2026-02-17T20:10:51.544 INFO:teuthology.orchestra.run.trial041.stdout:/usr/bin/ceph: stderr
2026-02-17T20:10:51.429+0000 7f4bc65f3640 1 -- 10.20.193.41:0/3348970875 shutdown_connections
2026-02-17T20:10:51.544 INFO:teuthology.orchestra.run.trial041.stdout:/usr/bin/ceph: stderr
2026-02-17T20:10:51.429+0000 7f4bc65f3640 1 -- 10.20.193.41:0/3348970875 wait complete.
2026-02-17T20:10:51.544 INFO:teuthology.orchestra.run.trial041.stdout:/usr/bin/ceph: stderr
2026-02-17T20:10:51.429+0000 7f4bc65f3640 1 Processor -- start
2026-02-17T20:10:51.544 INFO:teuthology.orchestra.run.trial041.stdout:/usr/bin/ceph: stderr
2026-02-17T20:10:51.429+0000 7f4bc65f3640 1 -- start start
2026-02-17T20:10:51.544 INFO:teuthology.orchestra.run.trial041.stdout:/usr/bin/ceph: stderr
2026-02-17T20:10:51.429+0000 7f4bc65f3640 1 --2- >> [v2:10.20.193.41:3300/0,v1:10.20.193.41:6789/0] conn(0x7f4bc010a2c0 0x7f4bc01a0140 unknown :-1 s=NONE pgs=0 cs=0 l=1 rev1=0 crypto rx=0 tx=0 comp rx=0 tx=0).connect
2026-02-17T20:10:51.545 INFO:teuthology.orchestra.run.trial041.stdout:/usr/bin/ceph: stderr
2026-02-17T20:10:51.429+0000 7f4bc65f3640 1 -- --> [v2:10.20.193.41:3300/0,v1:10.20.193.41:6789/0] -- mon_getmap magic: 0 -- 0x7f4bc010e690 con 0x7f4bc010a2c0
2026-02-17T20:10:51.545 INFO:teuthology.orchestra.run.trial041.stdout:/usr/bin/ceph: stderr
2026-02-17T20:10:51.429+0000 7f4bbffff640 1 --2- >> [v2:10.20.193.41:3300/0,v1:10.20.193.41:6789/0] conn(0x7f4bc010a2c0 0x7f4bc01a0140 unknown :-1 s=BANNER_CONNECTING pgs=0 cs=0 l=1 rev1=0 crypto rx=0 tx=0 comp rx=0 tx=0)._handle_peer_banner_payload supported=3 required=0
2026-02-17T20:10:51.545 INFO:teuthology.orchestra.run.trial041.stdout:/usr/bin/ceph: stderr
2026-02-17T20:10:51.429+0000 7f4bbffff640 1 --2- >> [v2:10.20.193.41:3300/0,v1:10.20.193.41:6789/0] conn(0x7f4bc010a2c0 0x7f4bc01a0140 unknown :-1 s=HELLO_CONNECTING pgs=0 cs=0 l=1 rev1=1 crypto rx=0 tx=0 comp rx=0 tx=0).handle_hello peer v2:10.20.193.41:3300/0 says I am v2:10.20.193.41:55498/0 (socket says 10.20.193.41:55498)
2026-02-17T20:10:51.545 INFO:teuthology.orchestra.run.trial041.stdout:/usr/bin/ceph: stderr
2026-02-17T20:10:51.429+0000 7f4bbffff640 1 -- 10.20.193.41:0/4158542374 learned_addr learned my addr 10.20.193.41:0/4158542374 (peer_addr_for_me v2:10.20.193.41:0/0)
2026-02-17T20:10:51.545 INFO:teuthology.orchestra.run.trial041.stdout:/usr/bin/ceph: stderr
2026-02-17T20:10:51.429+0000 7f4bbffff640 1 -- 10.20.193.41:0/4158542374 --> [v2:10.20.193.41:3300/0,v1:10.20.193.41:6789/0] -- mon_subscribe({config=0+,monmap=0+}) -- 0x7f4bc01a0680 con 0x7f4bc010a2c0
2026-02-17T20:10:51.545 INFO:teuthology.orchestra.run.trial041.stdout:/usr/bin/ceph: stderr
2026-02-17T20:10:51.429+0000 7f4bbffff640 1 --2- 10.20.193.41:0/4158542374 >> [v2:10.20.193.41:3300/0,v1:10.20.193.41:6789/0] conn(0x7f4bc010a2c0 0x7f4bc01a0140 secure :-1 s=READY pgs=73 cs=0 l=1 rev1=1 crypto rx=0x7f4bac037820 tx=0x7f4bac037850 comp rx=0 tx=0).ready entity=mon.0 client_cookie=0 server_cookie=0 in_seq=0 out_seq=0
2026-02-17T20:10:51.545 INFO:teuthology.orchestra.run.trial041.stdout:/usr/bin/ceph: stderr
2026-02-17T20:10:51.429+0000 7f4bbd7fa640 1 -- 10.20.193.41:0/4158542374 <== mon.0 v2:10.20.193.41:3300/0 1 ==== mon_map magic: 0 ==== 205+0+0 (secure 0 0 0) 0x7f4bac047070 con 0x7f4bc010a2c0
2026-02-17T20:10:51.545 INFO:teuthology.orchestra.run.trial041.stdout:/usr/bin/ceph: stderr
2026-02-17T20:10:51.429+0000 7f4bbd7fa640 1 -- 10.20.193.41:0/4158542374 <== mon.0 v2:10.20.193.41:3300/0 2 ==== config(25 keys) ==== 1038+0+0 (secure 0 0 0) 0x7f4bac035d70 con 0x7f4bc010a2c0
2026-02-17T20:10:51.545 INFO:teuthology.orchestra.run.trial041.stdout:/usr/bin/ceph: stderr
2026-02-17T20:10:51.429+0000 7f4bc65f3640 1 -- 10.20.193.41:0/4158542374 --> [v2:10.20.193.41:3300/0,v1:10.20.193.41:6789/0] -- mon_subscribe({mgrmap=0+}) -- 0x7f4bc01a0910 con 0x7f4bc010a2c0
2026-02-17T20:10:51.545 INFO:teuthology.orchestra.run.trial041.stdout:/usr/bin/ceph: stderr
2026-02-17T20:10:51.429+0000 7f4bbd7fa640 1 -- 10.20.193.41:0/4158542374 <== mon.0 v2:10.20.193.41:3300/0 3 ==== mon_map magic: 0 ==== 205+0+0 (secure 0 0 0) 0x7f4bac03c070 con 0x7f4bc010a2c0
2026-02-17T20:10:51.545 INFO:teuthology.orchestra.run.trial041.stdout:/usr/bin/ceph: stderr
2026-02-17T20:10:51.429+0000 7f4bc65f3640 1 -- 10.20.193.41:0/4158542374 --> [v2:10.20.193.41:3300/0,v1:10.20.193.41:6789/0] -- mon_subscribe({osdmap=0}) -- 0x7f4bc01a3600 con 0x7f4bc010a2c0
2026-02-17T20:10:51.545 INFO:teuthology.orchestra.run.trial041.stdout:/usr/bin/ceph: stderr
2026-02-17T20:10:51.430+0000 7f4bc65f3640 1 -- 10.20.193.41:0/4158542374 --> [v2:10.20.193.41:3300/0,v1:10.20.193.41:6789/0] -- mon_command({"prefix": "get_command_descriptions"} v 0) -- 0x7f4bc010a740 con 0x7f4bc010a2c0
2026-02-17T20:10:51.546 INFO:teuthology.orchestra.run.trial041.stdout:/usr/bin/ceph: stderr
2026-02-17T20:10:51.430+0000 7f4bbd7fa640 1 -- 10.20.193.41:0/4158542374 <== mon.0 v2:10.20.193.41:3300/0 4 ==== mgrmap(e 11) ==== 50154+0+0 (secure 0 0 0) 0x7f4bac04c440 con 0x7f4bc010a2c0
2026-02-17T20:10:51.546 INFO:teuthology.orchestra.run.trial041.stdout:/usr/bin/ceph: stderr
2026-02-17T20:10:51.430+0000 7f4bbd7fa640 1 --2- 10.20.193.41:0/4158542374 >> [v2:10.20.193.41:6800/2543335182,v1:10.20.193.41:6801/2543335182] conn(0x7f4b9403db20 0x7f4b9403ffe0 unknown :-1 s=NONE pgs=0 cs=0 l=1 rev1=0 crypto rx=0 tx=0 comp rx=0 tx=0).connect
2026-02-17T20:10:51.546 INFO:teuthology.orchestra.run.trial041.stdout:/usr/bin/ceph: stderr
2026-02-17T20:10:51.430+0000 7f4bbd7fa640 1 -- 10.20.193.41:0/4158542374 <== mon.0 v2:10.20.193.41:3300/0 5 ==== osd_map(3..3 src has 1..3) ==== 1155+0+0 (secure 0 0 0) 0x7f4bac076cf0 con 0x7f4bc010a2c0
2026-02-17T20:10:51.546 INFO:teuthology.orchestra.run.trial041.stdout:/usr/bin/ceph: stderr
2026-02-17T20:10:51.431+0000 7f4bbf7fe640 1 --2- 10.20.193.41:0/4158542374 >> [v2:10.20.193.41:6800/2543335182,v1:10.20.193.41:6801/2543335182] conn(0x7f4b9403db20 0x7f4b9403ffe0 unknown :-1 s=BANNER_CONNECTING pgs=0 cs=0 l=1 rev1=0 crypto rx=0 tx=0 comp rx=0 tx=0)._handle_peer_banner_payload supported=3 required=0
2026-02-17T20:10:51.546 INFO:teuthology.orchestra.run.trial041.stdout:/usr/bin/ceph: stderr
2026-02-17T20:10:51.431+0000 7f4bbf7fe640 1 --2- 10.20.193.41:0/4158542374 >> [v2:10.20.193.41:6800/2543335182,v1:10.20.193.41:6801/2543335182] conn(0x7f4b9403db20 0x7f4b9403ffe0 secure :-1 s=READY pgs=9 cs=0 l=1 rev1=1 crypto rx=0x7f4bb00099c0 tx=0x7f4bb0006eb0 comp rx=0 tx=0).ready entity=mgr.14150 client_cookie=0 server_cookie=0 in_seq=0 out_seq=0
2026-02-17T20:10:51.546 INFO:teuthology.orchestra.run.trial041.stdout:/usr/bin/ceph: stderr
2026-02-17T20:10:51.433+0000 7f4bbd7fa640 1 -- 10.20.193.41:0/4158542374 <== mon.0 v2:10.20.193.41:3300/0 6 ==== mon_command_ack([{"prefix": "get_command_descriptions"}]=0 v0) ==== 72+0+195034 (secure 0 0 0) 0x7f4bac0342a0 con 0x7f4bc010a2c0
2026-02-17T20:10:51.546 INFO:teuthology.orchestra.run.trial041.stdout:/usr/bin/ceph: stderr
2026-02-17T20:10:51.514+0000 7f4bc65f3640 1 -- 10.20.193.41:0/4158542374 --> [v2:10.20.193.41:3300/0,v1:10.20.193.41:6789/0] -- mon_command({"prefix": "config get", "who": "mgr", "key": "mgr/dashboard/ssl_server_port"} v 0) -- 0x7f4bc01a3ca0 con 0x7f4bc010a2c0
2026-02-17T20:10:51.546 INFO:teuthology.orchestra.run.trial041.stdout:/usr/bin/ceph: stderr
2026-02-17T20:10:51.514+0000 7f4bbd7fa640 1 -- 10.20.193.41:0/4158542374 <== mon.0 v2:10.20.193.41:3300/0 7 ==== mon_command_ack([{"prefix": "config get", "who": "mgr", "key": "mgr/dashboard/ssl_server_port"}]=0 v8) ==== 112+0+5 (secure 0 0 0) 0x7f4bac0425d0 con 0x7f4bc010a2c0
2026-02-17T20:10:51.546 INFO:teuthology.orchestra.run.trial041.stdout:/usr/bin/ceph: stderr
2026-02-17T20:10:51.515+0000 7f4bc65f3640 1 -- 10.20.193.41:0/4158542374 >> [v2:10.20.193.41:6800/2543335182,v1:10.20.193.41:6801/2543335182] conn(0x7f4b9403db20 msgr2=0x7f4b9403ffe0 secure :-1 s=STATE_CONNECTION_ESTABLISHED l=1).mark_down
2026-02-17T20:10:51.546 INFO:teuthology.orchestra.run.trial041.stdout:/usr/bin/ceph: stderr
2026-02-17T20:10:51.515+0000 7f4bc65f3640 1 --2- 10.20.193.41:0/4158542374 >> [v2:10.20.193.41:6800/2543335182,v1:10.20.193.41:6801/2543335182] conn(0x7f4b9403db20 0x7f4b9403ffe0 secure :-1 s=READY pgs=9 cs=0 l=1 rev1=1 crypto rx=0x7f4bb00099c0 tx=0x7f4bb0006eb0 comp rx=0 tx=0).stop
2026-02-17T20:10:51.546 INFO:teuthology.orchestra.run.trial041.stdout:/usr/bin/ceph: stderr
2026-02-17T20:10:51.515+0000 7f4bc65f3640 1 -- 10.20.193.41:0/4158542374 >> [v2:10.20.193.41:3300/0,v1:10.20.193.41:6789/0] conn(0x7f4bc010a2c0 msgr2=0x7f4bc01a0140 secure :-1 s=STATE_CONNECTION_ESTABLISHED l=1).mark_down
2026-02-17T20:10:51.546 INFO:teuthology.orchestra.run.trial041.stdout:/usr/bin/ceph: stderr
2026-02-17T20:10:51.515+0000 7f4bc65f3640 1 --2- 10.20.193.41:0/4158542374 >> [v2:10.20.193.41:3300/0,v1:10.20.193.41:6789/0] conn(0x7f4bc010a2c0 0x7f4bc01a0140 secure :-1 s=READY pgs=73 cs=0 l=1 rev1=1 crypto rx=0x7f4bac037820 tx=0x7f4bac037850 comp rx=0 tx=0).stop
2026-02-17T20:10:51.547 INFO:teuthology.orchestra.run.trial041.stdout:/usr/bin/ceph: stderr
2026-02-17T20:10:51.515+0000 7f4bc65f3640 1 -- 10.20.193.41:0/4158542374 shutdown_connections
2026-02-17T20:10:51.547 INFO:teuthology.orchestra.run.trial041.stdout:/usr/bin/ceph: stderr
2026-02-17T20:10:51.515+0000 7f4bc65f3640 1 --2- 10.20.193.41:0/4158542374 >> [v2:10.20.193.41:6800/2543335182,v1:10.20.193.41:6801/2543335182] conn(0x7f4b9403db20 0x7f4b9403ffe0 unknown :-1 s=CLOSED pgs=9 cs=0 l=1 rev1=1 crypto rx=0 tx=0 comp rx=0 tx=0).stop
2026-02-17T20:10:51.547 INFO:teuthology.orchestra.run.trial041.stdout:/usr/bin/ceph: stderr
2026-02-17T20:10:51.515+0000 7f4bc65f3640 1 --2- 10.20.193.41:0/4158542374 >> [v2:10.20.193.41:3300/0,v1:10.20.193.41:6789/0] conn(0x7f4bc010a2c0 0x7f4bc01a0140 unknown :-1 s=CLOSED pgs=73 cs=0 l=1 rev1=1 crypto rx=0 tx=0 comp rx=0 tx=0).stop
2026-02-17T20:10:51.547 INFO:teuthology.orchestra.run.trial041.stdout:/usr/bin/ceph: stderr
2026-02-17T20:10:51.515+0000 7f4bc65f3640 1 -- 10.20.193.41:0/4158542374 >> 10.20.193.41:0/4158542374 conn(0x7f4bc007d8c0 msgr2=0x7f4bc0107e60 unknown :-1 s=STATE_NONE l=0).mark_down
2026-02-17T20:10:51.547 INFO:teuthology.orchestra.run.trial041.stdout:/usr/bin/ceph: stderr
2026-02-17T20:10:51.515+0000 7f4bc65f3640 1 -- 10.20.193.41:0/4158542374 shutdown_connections
2026-02-17T20:10:51.547 INFO:teuthology.orchestra.run.trial041.stdout:/usr/bin/ceph: stderr
2026-02-17T20:10:51.515+0000 7f4bc65f3640 1 -- 10.20.193.41:0/4158542374 wait complete.
2026-02-17T20:10:51.548 INFO:teuthology.orchestra.run.trial041.stdout:Non-zero exit code 1 from systemctl is-enabled firewalld.service
2026-02-17T20:10:51.548 INFO:teuthology.orchestra.run.trial041.stdout:systemctl: stdout disabled
2026-02-17T20:10:51.551 INFO:teuthology.orchestra.run.trial041.stdout:Non-zero exit code 3 from systemctl is-active firewalld.service
2026-02-17T20:10:51.552 INFO:teuthology.orchestra.run.trial041.stdout:systemctl: stdout inactive
2026-02-17T20:10:51.552 INFO:teuthology.orchestra.run.trial041.stdout:firewalld.service is not enabled
2026-02-17T20:10:51.552 INFO:teuthology.orchestra.run.trial041.stdout:Not possible to open ports <[8443]>. firewalld.service is not available
2026-02-17T20:10:51.553 INFO:teuthology.orchestra.run.trial041.stdout:Ceph Dashboard is now available at:
2026-02-17T20:10:51.553 INFO:teuthology.orchestra.run.trial041.stdout:
2026-02-17T20:10:51.553 INFO:teuthology.orchestra.run.trial041.stdout: URL: https://trial041:8443/
2026-02-17T20:10:51.554 INFO:teuthology.orchestra.run.trial041.stdout: User: admin
2026-02-17T20:10:51.554 INFO:teuthology.orchestra.run.trial041.stdout: Password: crxu6r2xkm
2026-02-17T20:10:51.554 INFO:teuthology.orchestra.run.trial041.stdout:
2026-02-17T20:10:51.554 INFO:teuthology.orchestra.run.trial041.stdout:Saving cluster configuration to /var/lib/ceph/aea7ca9f-0c3c-11f1-aced-d404e6e7d460/config directory
2026-02-17T20:10:51.806 INFO:teuthology.orchestra.run.trial041.stdout:/usr/bin/ceph: stderr
2026-02-17T20:10:51.647+0000 7fdf61158640 1 Processor -- start
2026-02-17T20:10:51.806 INFO:teuthology.orchestra.run.trial041.stdout:/usr/bin/ceph: stderr
2026-02-17T20:10:51.648+0000 7fdf61158640 1 -- start start
2026-02-17T20:10:51.806 INFO:teuthology.orchestra.run.trial041.stdout:/usr/bin/ceph: stderr
2026-02-17T20:10:51.648+0000 7fdf61158640 1 --2- >> [v2:10.20.193.41:3300/0,v1:10.20.193.41:6789/0] conn(0x7fdf5c10a2e0 0x7fdf5c10a6e0 unknown :-1 s=NONE pgs=0 cs=0 l=0 rev1=0 crypto rx=0 tx=0 comp rx=0 tx=0).connect
2026-02-17T20:10:51.806 INFO:teuthology.orchestra.run.trial041.stdout:/usr/bin/ceph: stderr
2026-02-17T20:10:51.648+0000 7fdf61158640 1 -- --> [v2:10.20.193.41:3300/0,v1:10.20.193.41:6789/0] -- mon_getmap magic: 0 -- 0x7fdf5c10acb0 con 0x7fdf5c10a2e0
2026-02-17T20:10:51.806 INFO:teuthology.orchestra.run.trial041.stdout:/usr/bin/ceph: stderr
2026-02-17T20:10:51.648+0000 7fdf5ad76640 1 --2- >> [v2:10.20.193.41:3300/0,v1:10.20.193.41:6789/0] conn(0x7fdf5c10a2e0 0x7fdf5c10a6e0 unknown :-1 s=BANNER_CONNECTING pgs=0 cs=0 l=0 rev1=0 crypto rx=0 tx=0 comp rx=0 tx=0)._handle_peer_banner_payload supported=3 required=0
2026-02-17T20:10:51.806 INFO:teuthology.orchestra.run.trial041.stdout:/usr/bin/ceph: stderr
2026-02-17T20:10:51.648+0000 7fdf5ad76640 1 --2- >> [v2:10.20.193.41:3300/0,v1:10.20.193.41:6789/0] conn(0x7fdf5c10a2e0 0x7fdf5c10a6e0 unknown :-1 s=HELLO_CONNECTING pgs=0 cs=0 l=0 rev1=1 crypto rx=0 tx=0 comp rx=0 tx=0).handle_hello peer v2:10.20.193.41:3300/0 says I am v2:10.20.193.41:55502/0 (socket says 10.20.193.41:55502)
2026-02-17T20:10:51.806 INFO:teuthology.orchestra.run.trial041.stdout:/usr/bin/ceph: stderr
2026-02-17T20:10:51.648+0000 7fdf5ad76640 1 -- 10.20.193.41:0/2084828139 learned_addr learned my addr 10.20.193.41:0/2084828139 (peer_addr_for_me v2:10.20.193.41:0/0)
2026-02-17T20:10:51.806 INFO:teuthology.orchestra.run.trial041.stdout:/usr/bin/ceph: stderr
2026-02-17T20:10:51.648+0000 7fdf5ad76640 1 -- 10.20.193.41:0/2084828139 --> [v2:10.20.193.41:3300/0,v1:10.20.193.41:6789/0] -- mon_subscribe({config=0+,monmap=0+}) -- 0x7fdf5c10b490 con 0x7fdf5c10a2e0
2026-02-17T20:10:51.806 INFO:teuthology.orchestra.run.trial041.stdout:/usr/bin/ceph: stderr
2026-02-17T20:10:51.648+0000 7fdf5ad76640 1 --2- 10.20.193.41:0/2084828139 >> [v2:10.20.193.41:3300/0,v1:10.20.193.41:6789/0] conn(0x7fdf5c10a2e0 0x7fdf5c10a6e0 secure :-1 s=READY pgs=74 cs=0 l=1 rev1=1 crypto rx=0x7fdf50009920 tx=0x7fdf5002ef20 comp rx=0 tx=0).ready entity=mon.0 client_cookie=f38c5597b66151e5 server_cookie=0 in_seq=0 out_seq=0
2026-02-17T20:10:51.806 INFO:teuthology.orchestra.run.trial041.stdout:/usr/bin/ceph: stderr
2026-02-17T20:10:51.649+0000 7fdf59d74640 1 -- 10.20.193.41:0/2084828139 <== mon.0 v2:10.20.193.41:3300/0 1 ==== mon_map magic: 0 ==== 205+0+0 (secure 0 0 0) 0x7fdf5003c070 con 0x7fdf5c10a2e0
2026-02-17T20:10:51.807 INFO:teuthology.orchestra.run.trial041.stdout:/usr/bin/ceph: stderr
2026-02-17T20:10:51.649+0000 7fdf59d74640 1 -- 10.20.193.41:0/2084828139 <== mon.0 v2:10.20.193.41:3300/0 2 ==== config(25 keys) ==== 1038+0+0 (secure 0 0 0) 0x7fdf50037440 con 0x7fdf5c10a2e0
2026-02-17T20:10:51.807 INFO:teuthology.orchestra.run.trial041.stdout:/usr/bin/ceph: stderr
2026-02-17T20:10:51.649+0000 7fdf59d74640 1 -- 10.20.193.41:0/2084828139 <== mon.0 v2:10.20.193.41:3300/0 3 ==== mon_map magic: 0 ==== 205+0+0 (secure 0 0 0) 0x7fdf500354d0 con 0x7fdf5c10a2e0
2026-02-17T20:10:51.807 INFO:teuthology.orchestra.run.trial041.stdout:/usr/bin/ceph: stderr
2026-02-17T20:10:51.649+0000 7fdf61158640 1 -- 10.20.193.41:0/2084828139 >> [v2:10.20.193.41:3300/0,v1:10.20.193.41:6789/0] conn(0x7fdf5c10a2e0 msgr2=0x7fdf5c10a6e0 secure :-1 s=STATE_CONNECTION_ESTABLISHED l=1).mark_down
2026-02-17T20:10:51.807 INFO:teuthology.orchestra.run.trial041.stdout:/usr/bin/ceph: stderr
2026-02-17T20:10:51.649+0000 7fdf61158640 1 --2- 10.20.193.41:0/2084828139 >> [v2:10.20.193.41:3300/0,v1:10.20.193.41:6789/0] conn(0x7fdf5c10a2e0 0x7fdf5c10a6e0 secure :-1 s=READY pgs=74 cs=0 l=1 rev1=1 crypto rx=0x7fdf50009920 tx=0x7fdf5002ef20 comp rx=0 tx=0).stop
2026-02-17T20:10:51.807 INFO:teuthology.orchestra.run.trial041.stdout:/usr/bin/ceph: stderr
2026-02-17T20:10:51.649+0000 7fdf61158640 1 -- 10.20.193.41:0/2084828139 shutdown_connections
2026-02-17T20:10:51.807 INFO:teuthology.orchestra.run.trial041.stdout:/usr/bin/ceph: stderr
2026-02-17T20:10:51.649+0000 7fdf61158640 1 --2- 10.20.193.41:0/2084828139 >> [v2:10.20.193.41:3300/0,v1:10.20.193.41:6789/0] conn(0x7fdf5c10a2e0 0x7fdf5c10a6e0 unknown :-1 s=CLOSED pgs=74 cs=0 l=1 rev1=1 crypto rx=0 tx=0 comp rx=0 tx=0).stop
2026-02-17T20:10:51.807 INFO:teuthology.orchestra.run.trial041.stdout:/usr/bin/ceph: stderr
2026-02-17T20:10:51.649+0000 7fdf61158640 1 -- 10.20.193.41:0/2084828139 >> 10.20.193.41:0/2084828139 conn(0x7fdf5c07d820 msgr2=0x7fdf5c07dc50 unknown :-1 s=STATE_NONE l=0).mark_down
2026-02-17T20:10:51.807 INFO:teuthology.orchestra.run.trial041.stdout:/usr/bin/ceph: stderr
2026-02-17T20:10:51.649+0000 7fdf61158640 1 -- 10.20.193.41:0/2084828139 shutdown_connections
2026-02-17T20:10:51.807 INFO:teuthology.orchestra.run.trial041.stdout:/usr/bin/ceph: stderr
2026-02-17T20:10:51.649+0000 7fdf61158640 1 -- 10.20.193.41:0/2084828139 wait complete.
2026-02-17T20:10:51.807 INFO:teuthology.orchestra.run.trial041.stdout:/usr/bin/ceph: stderr
2026-02-17T20:10:51.649+0000 7fdf61158640 1 Processor -- start
2026-02-17T20:10:51.807 INFO:teuthology.orchestra.run.trial041.stdout:/usr/bin/ceph: stderr
2026-02-17T20:10:51.649+0000 7fdf61158640 1 -- start start
2026-02-17T20:10:51.807 INFO:teuthology.orchestra.run.trial041.stdout:/usr/bin/ceph: stderr
2026-02-17T20:10:51.649+0000 7fdf61158640 1 --2- >> [v2:10.20.193.41:3300/0,v1:10.20.193.41:6789/0] conn(0x7fdf5c10a2e0 0x7fdf5c1a0110 unknown :-1 s=NONE pgs=0 cs=0 l=1 rev1=0 crypto rx=0 tx=0 comp rx=0 tx=0).connect
2026-02-17T20:10:51.807 INFO:teuthology.orchestra.run.trial041.stdout:/usr/bin/ceph: stderr
2026-02-17T20:10:51.649+0000 7fdf61158640 1 -- --> [v2:10.20.193.41:3300/0,v1:10.20.193.41:6789/0] -- mon_getmap magic: 0 -- 0x7fdf5c10e6c0 con 0x7fdf5c10a2e0
2026-02-17T20:10:51.807 INFO:teuthology.orchestra.run.trial041.stdout:/usr/bin/ceph: stderr
2026-02-17T20:10:51.649+0000 7fdf5ad76640 1 --2- >> [v2:10.20.193.41:3300/0,v1:10.20.193.41:6789/0] conn(0x7fdf5c10a2e0 0x7fdf5c1a0110 unknown :-1 s=BANNER_CONNECTING pgs=0 cs=0 l=1 rev1=0 crypto rx=0 tx=0 comp rx=0 tx=0)._handle_peer_banner_payload supported=3 required=0
2026-02-17T20:10:51.807 INFO:teuthology.orchestra.run.trial041.stdout:/usr/bin/ceph: stderr
2026-02-17T20:10:51.649+0000 7fdf5ad76640 1 --2- >> [v2:10.20.193.41:3300/0,v1:10.20.193.41:6789/0] conn(0x7fdf5c10a2e0 0x7fdf5c1a0110 unknown :-1 s=HELLO_CONNECTING pgs=0 cs=0 l=1 rev1=1 crypto rx=0 tx=0 comp rx=0 tx=0).handle_hello peer v2:10.20.193.41:3300/0 says I am v2:10.20.193.41:55504/0 (socket says 10.20.193.41:55504)
2026-02-17T20:10:51.808 INFO:teuthology.orchestra.run.trial041.stdout:/usr/bin/ceph: stderr
2026-02-17T20:10:51.649+0000 7fdf5ad76640 1 -- 10.20.193.41:0/1927539464 learned_addr learned my addr 10.20.193.41:0/1927539464 (peer_addr_for_me v2:10.20.193.41:0/0)
2026-02-17T20:10:51.808 INFO:teuthology.orchestra.run.trial041.stdout:/usr/bin/ceph: stderr
2026-02-17T20:10:51.650+0000 7fdf5ad76640 1 -- 10.20.193.41:0/1927539464 --> [v2:10.20.193.41:3300/0,v1:10.20.193.41:6789/0] -- mon_subscribe({config=0+,monmap=0+}) -- 0x7fdf5c1a0650 con 0x7fdf5c10a2e0
2026-02-17T20:10:51.808 INFO:teuthology.orchestra.run.trial041.stdout:/usr/bin/ceph: stderr
