2026-02-17T20:12:38.331+0000 7fd775ff9640 1 -- 10.20.193.116:0/3418353041 >> [v2:10.20.193.116:3300/0,v1:10.20.193.116:6789/0] conn(0x7fd77007ee90 msgr2=0x7fd77007d2f0 secure :-1 s=STATE_CONNECTION_ESTABLISHED l=1).mark_down
2026-02-17T20:12:38.449 INFO:teuthology.orchestra.run.trial116.stdout:/usr/bin/ceph: stderr
2026-02-17T20:12:38.331+0000 7fd775ff9640 1 --2- 10.20.193.116:0/3418353041 >> [v2:10.20.193.116:3300/0,v1:10.20.193.116:6789/0] conn(0x7fd77007ee90 0x7fd77007d2f0 secure :-1 s=READY pgs=72 cs=0 l=1 rev1=1 crypto rx=0x7fd75c009920 tx=0x7fd75c02ef20 comp rx=0 tx=0).stop
2026-02-17T20:12:38.450 INFO:teuthology.orchestra.run.trial116.stdout:/usr/bin/ceph: stderr
2026-02-17T20:12:38.331+0000 7fd775ff9640 1 -- 10.20.193.116:0/3418353041 shutdown_connections
2026-02-17T20:12:38.450 INFO:teuthology.orchestra.run.trial116.stdout:/usr/bin/ceph: stderr
2026-02-17T20:12:38.331+0000 7fd775ff9640 1 --2- 10.20.193.116:0/3418353041 >> [v2:10.20.193.116:3300/0,v1:10.20.193.116:6789/0] conn(0x7fd77007ee90 0x7fd77007d2f0 unknown :-1 s=CLOSED pgs=72 cs=0 l=1 rev1=1 crypto rx=0 tx=0 comp rx=0 tx=0).stop
2026-02-17T20:12:38.450 INFO:teuthology.orchestra.run.trial116.stdout:/usr/bin/ceph: stderr
2026-02-17T20:12:38.331+0000 7fd775ff9640 1 -- 10.20.193.116:0/3418353041 >> 10.20.193.116:0/3418353041 conn(0x7fd770103a20 msgr2=0x7fd770105e40 unknown :-1 s=STATE_NONE l=0).mark_down
2026-02-17T20:12:38.450 INFO:teuthology.orchestra.run.trial116.stdout:/usr/bin/ceph: stderr
2026-02-17T20:12:38.332+0000 7fd775ff9640 1 -- 10.20.193.116:0/3418353041 shutdown_connections
2026-02-17T20:12:38.450 INFO:teuthology.orchestra.run.trial116.stdout:/usr/bin/ceph: stderr
2026-02-17T20:12:38.332+0000 7fd775ff9640 1 -- 10.20.193.116:0/3418353041 wait complete.
2026-02-17T20:12:38.450 INFO:teuthology.orchestra.run.trial116.stdout:/usr/bin/ceph: stderr
2026-02-17T20:12:38.332+0000 7fd775ff9640 1 Processor -- start
2026-02-17T20:12:38.450 INFO:teuthology.orchestra.run.trial116.stdout:/usr/bin/ceph: stderr
2026-02-17T20:12:38.332+0000 7fd775ff9640 1 -- start start
2026-02-17T20:12:38.450 INFO:teuthology.orchestra.run.trial116.stdout:/usr/bin/ceph: stderr
2026-02-17T20:12:38.332+0000 7fd775ff9640 1 --2- >> [v2:10.20.193.116:3300/0,v1:10.20.193.116:6789/0] conn(0x7fd77007ee90 0x7fd7701a0320 unknown :-1 s=NONE pgs=0 cs=0 l=1 rev1=0 crypto rx=0 tx=0 comp rx=0 tx=0).connect
2026-02-17T20:12:38.450 INFO:teuthology.orchestra.run.trial116.stdout:/usr/bin/ceph: stderr
2026-02-17T20:12:38.332+0000 7fd775ff9640 1 -- --> [v2:10.20.193.116:3300/0,v1:10.20.193.116:6789/0] -- mon_getmap magic: 0 -- 0x7fd77010e870 con 0x7fd77007ee90
2026-02-17T20:12:38.450 INFO:teuthology.orchestra.run.trial116.stdout:/usr/bin/ceph: stderr
2026-02-17T20:12:38.332+0000 7fd76f7fe640 1 --2- >> [v2:10.20.193.116:3300/0,v1:10.20.193.116:6789/0] conn(0x7fd77007ee90 0x7fd7701a0320 unknown :-1 s=BANNER_CONNECTING pgs=0 cs=0 l=1 rev1=0 crypto rx=0 tx=0 comp rx=0 tx=0)._handle_peer_banner_payload supported=3 required=0
2026-02-17T20:12:38.450 INFO:teuthology.orchestra.run.trial116.stdout:/usr/bin/ceph: stderr
2026-02-17T20:12:38.332+0000 7fd76f7fe640 1 --2- >> [v2:10.20.193.116:3300/0,v1:10.20.193.116:6789/0] conn(0x7fd77007ee90 0x7fd7701a0320 unknown :-1 s=HELLO_CONNECTING pgs=0 cs=0 l=1 rev1=1 crypto rx=0 tx=0 comp rx=0 tx=0).handle_hello peer v2:10.20.193.116:3300/0 says I am v2:10.20.193.116:42480/0 (socket says 10.20.193.116:42480)
2026-02-17T20:12:38.451 INFO:teuthology.orchestra.run.trial116.stdout:/usr/bin/ceph: stderr
2026-02-17T20:12:38.332+0000 7fd76f7fe640 1 -- 10.20.193.116:0/4029396700 learned_addr learned my addr 10.20.193.116:0/4029396700 (peer_addr_for_me v2:10.20.193.116:0/0)
2026-02-17T20:12:38.451 INFO:teuthology.orchestra.run.trial116.stdout:/usr/bin/ceph: stderr
2026-02-17T20:12:38.332+0000 7fd76f7fe640 1 -- 10.20.193.116:0/4029396700 --> [v2:10.20.193.116:3300/0,v1:10.20.193.116:6789/0] -- mon_subscribe({config=0+,monmap=0+}) -- 0x7fd7701a0860 con 0x7fd77007ee90
2026-02-17T20:12:38.451 INFO:teuthology.orchestra.run.trial116.stdout:/usr/bin/ceph: stderr
2026-02-17T20:12:38.332+0000 7fd76f7fe640 1 --2- 10.20.193.116:0/4029396700 >> [v2:10.20.193.116:3300/0,v1:10.20.193.116:6789/0] conn(0x7fd77007ee90 0x7fd7701a0320 secure :-1 s=READY pgs=73 cs=0 l=1 rev1=1 crypto rx=0x7fd75c039000 tx=0x7fd75c037820 comp rx=0 tx=0).ready entity=mon.0 client_cookie=0 server_cookie=0 in_seq=0 out_seq=0
2026-02-17T20:12:38.451 INFO:teuthology.orchestra.run.trial116.stdout:/usr/bin/ceph: stderr
2026-02-17T20:12:38.332+0000 7fd76cff9640 1 -- 10.20.193.116:0/4029396700 <== mon.0 v2:10.20.193.116:3300/0 1 ==== mon_map magic: 0 ==== 205+0+0 (secure 0 0 0) 0x7fd75c047070 con 0x7fd77007ee90
2026-02-17T20:12:38.451 INFO:teuthology.orchestra.run.trial116.stdout:/usr/bin/ceph: stderr
2026-02-17T20:12:38.332+0000 7fd76cff9640 1 -- 10.20.193.116:0/4029396700 <== mon.0 v2:10.20.193.116:3300/0 2 ==== config(26 keys) ==== 1076+0+0 (secure 0 0 0) 0x7fd75c035df0 con 0x7fd77007ee90
2026-02-17T20:12:38.451 INFO:teuthology.orchestra.run.trial116.stdout:/usr/bin/ceph: stderr
2026-02-17T20:12:38.332+0000 7fd775ff9640 1 -- 10.20.193.116:0/4029396700 --> [v2:10.20.193.116:3300/0,v1:10.20.193.116:6789/0] -- mon_subscribe({mgrmap=0+}) -- 0x7fd7701a0af0 con 0x7fd77007ee90
2026-02-17T20:12:38.451 INFO:teuthology.orchestra.run.trial116.stdout:/usr/bin/ceph: stderr
2026-02-17T20:12:38.332+0000 7fd76cff9640 1 -- 10.20.193.116:0/4029396700 <== mon.0 v2:10.20.193.116:3300/0 3 ==== mon_map magic: 0 ==== 205+0+0 (secure 0 0 0) 0x7fd75c03c070 con 0x7fd77007ee90
2026-02-17T20:12:38.451 INFO:teuthology.orchestra.run.trial116.stdout:/usr/bin/ceph: stderr
2026-02-17T20:12:38.332+0000 7fd775ff9640 1 -- 10.20.193.116:0/4029396700 --> [v2:10.20.193.116:3300/0,v1:10.20.193.116:6789/0] -- mon_subscribe({osdmap=0}) -- 0x7fd7701a37e0 con 0x7fd77007ee90
2026-02-17T20:12:38.451 INFO:teuthology.orchestra.run.trial116.stdout:/usr/bin/ceph: stderr
2026-02-17T20:12:38.333+0000 7fd775ff9640 1 -- 10.20.193.116:0/4029396700 --> [v2:10.20.193.116:3300/0,v1:10.20.193.116:6789/0] -- mon_command({"prefix": "get_command_descriptions"} v 0) -- 0x7fd77007d370 con 0x7fd77007ee90
2026-02-17T20:12:38.451 INFO:teuthology.orchestra.run.trial116.stdout:/usr/bin/ceph: stderr
2026-02-17T20:12:38.333+0000 7fd76cff9640 1 -- 10.20.193.116:0/4029396700 <== mon.0 v2:10.20.193.116:3300/0 4 ==== mgrmap(e 11) ==== 50154+0+0 (secure 0 0 0) 0x7fd75c042640 con 0x7fd77007ee90
2026-02-17T20:12:38.451 INFO:teuthology.orchestra.run.trial116.stdout:/usr/bin/ceph: stderr
2026-02-17T20:12:38.333+0000 7fd76cff9640 1 --2- 10.20.193.116:0/4029396700 >> [v2:10.20.193.116:6800/2224408537,v1:10.20.193.116:6801/2224408537] conn(0x7fd74403db20 0x7fd74403ffe0 unknown :-1 s=NONE pgs=0 cs=0 l=1 rev1=0 crypto rx=0 tx=0 comp rx=0 tx=0).connect
2026-02-17T20:12:38.451 INFO:teuthology.orchestra.run.trial116.stdout:/usr/bin/ceph: stderr
2026-02-17T20:12:38.333+0000 7fd76cff9640 1 -- 10.20.193.116:0/4029396700 <== mon.0 v2:10.20.193.116:3300/0 5 ==== osd_map(3..3 src has 1..3) ==== 1155+0+0 (secure 0 0 0) 0x7fd75c076be0 con 0x7fd77007ee90
2026-02-17T20:12:38.452 INFO:teuthology.orchestra.run.trial116.stdout:/usr/bin/ceph: stderr
2026-02-17T20:12:38.333+0000 7fd76effd640 1 --2- 10.20.193.116:0/4029396700 >> [v2:10.20.193.116:6800/2224408537,v1:10.20.193.116:6801/2224408537] conn(0x7fd74403db20 0x7fd74403ffe0 unknown :-1 s=BANNER_CONNECTING pgs=0 cs=0 l=1 rev1=0 crypto rx=0 tx=0 comp rx=0 tx=0)._handle_peer_banner_payload supported=3 required=0
2026-02-17T20:12:38.452 INFO:teuthology.orchestra.run.trial116.stdout:/usr/bin/ceph: stderr
2026-02-17T20:12:38.334+0000 7fd76effd640 1 --2- 10.20.193.116:0/4029396700 >> [v2:10.20.193.116:6800/2224408537,v1:10.20.193.116:6801/2224408537] conn(0x7fd74403db20 0x7fd74403ffe0 secure :-1 s=READY pgs=9 cs=0 l=1 rev1=1 crypto rx=0x7fd7600099c0 tx=0x7fd760006eb0 comp rx=0 tx=0).ready entity=mgr.14150 client_cookie=0 server_cookie=0 in_seq=0 out_seq=0
2026-02-17T20:12:38.452 INFO:teuthology.orchestra.run.trial116.stdout:/usr/bin/ceph: stderr
2026-02-17T20:12:38.336+0000 7fd76cff9640 1 -- 10.20.193.116:0/4029396700 <== mon.0 v2:10.20.193.116:3300/0 6 ==== mon_command_ack([{"prefix": "get_command_descriptions"}]=0 v0) ==== 72+0+195034 (secure 0 0 0) 0x7fd75c0342a0 con 0x7fd77007ee90
2026-02-17T20:12:38.452 INFO:teuthology.orchestra.run.trial116.stdout:/usr/bin/ceph: stderr
2026-02-17T20:12:38.422+0000 7fd775ff9640 1 -- 10.20.193.116:0/4029396700 --> [v2:10.20.193.116:3300/0,v1:10.20.193.116:6789/0] -- mon_command({"prefix": "config get", "who": "mgr", "key": "mgr/dashboard/ssl_server_port"} v 0) -- 0x7fd7701a3e60 con 0x7fd77007ee90
2026-02-17T20:12:38.452 INFO:teuthology.orchestra.run.trial116.stdout:/usr/bin/ceph: stderr
2026-02-17T20:12:38.422+0000 7fd76cff9640 1 -- 10.20.193.116:0/4029396700 <== mon.0 v2:10.20.193.116:3300/0 7 ==== mon_command_ack([{"prefix": "config get", "who": "mgr", "key": "mgr/dashboard/ssl_server_port"}]=0 v8) ==== 112+0+5 (secure 0 0 0) 0x7fd75c033c90 con 0x7fd77007ee90
2026-02-17T20:12:38.452 INFO:teuthology.orchestra.run.trial116.stdout:/usr/bin/ceph: stderr
2026-02-17T20:12:38.423+0000 7fd775ff9640 1 -- 10.20.193.116:0/4029396700 >> [v2:10.20.193.116:6800/2224408537,v1:10.20.193.116:6801/2224408537] conn(0x7fd74403db20 msgr2=0x7fd74403ffe0 secure :-1 s=STATE_CONNECTION_ESTABLISHED l=1).mark_down
2026-02-17T20:12:38.452 INFO:teuthology.orchestra.run.trial116.stdout:/usr/bin/ceph: stderr
2026-02-17T20:12:38.423+0000 7fd775ff9640 1 --2- 10.20.193.116:0/4029396700 >> [v2:10.20.193.116:6800/2224408537,v1:10.20.193.116:6801/2224408537] conn(0x7fd74403db20 0x7fd74403ffe0 secure :-1 s=READY pgs=9 cs=0 l=1 rev1=1 crypto rx=0x7fd7600099c0 tx=0x7fd760006eb0 comp rx=0 tx=0).stop
2026-02-17T20:12:38.452 INFO:teuthology.orchestra.run.trial116.stdout:/usr/bin/ceph: stderr
2026-02-17T20:12:38.423+0000 7fd775ff9640 1 -- 10.20.193.116:0/4029396700 >> [v2:10.20.193.116:3300/0,v1:10.20.193.116:6789/0] conn(0x7fd77007ee90 msgr2=0x7fd7701a0320 secure :-1 s=STATE_CONNECTION_ESTABLISHED l=1).mark_down
2026-02-17T20:12:38.452 INFO:teuthology.orchestra.run.trial116.stdout:/usr/bin/ceph: stderr
2026-02-17T20:12:38.423+0000 7fd775ff9640 1 --2- 10.20.193.116:0/4029396700 >> [v2:10.20.193.116:3300/0,v1:10.20.193.116:6789/0] conn(0x7fd77007ee90 0x7fd7701a0320 secure :-1 s=READY pgs=73 cs=0 l=1 rev1=1 crypto rx=0x7fd75c039000 tx=0x7fd75c037820 comp rx=0 tx=0).stop
2026-02-17T20:12:38.452 INFO:teuthology.orchestra.run.trial116.stdout:/usr/bin/ceph: stderr
2026-02-17T20:12:38.423+0000 7fd775ff9640 1 -- 10.20.193.116:0/4029396700 shutdown_connections
2026-02-17T20:12:38.452 INFO:teuthology.orchestra.run.trial116.stdout:/usr/bin/ceph: stderr
2026-02-17T20:12:38.423+0000 7fd775ff9640 1 --2- 10.20.193.116:0/4029396700 >> [v2:10.20.193.116:6800/2224408537,v1:10.20.193.116:6801/2224408537] conn(0x7fd74403db20 0x7fd74403ffe0 unknown :-1 s=CLOSED pgs=9 cs=0 l=1 rev1=1 crypto rx=0 tx=0 comp rx=0 tx=0).stop
2026-02-17T20:12:38.452 INFO:teuthology.orchestra.run.trial116.stdout:/usr/bin/ceph: stderr
2026-02-17T20:12:38.423+0000 7fd775ff9640 1 --2- 10.20.193.116:0/4029396700 >> [v2:10.20.193.116:3300/0,v1:10.20.193.116:6789/0] conn(0x7fd77007ee90 0x7fd7701a0320 unknown :-1 s=CLOSED pgs=73 cs=0 l=1 rev1=1 crypto rx=0 tx=0 comp rx=0 tx=0).stop
2026-02-17T20:12:38.453 INFO:teuthology.orchestra.run.trial116.stdout:/usr/bin/ceph: stderr
2026-02-17T20:12:38.423+0000 7fd775ff9640 1 -- 10.20.193.116:0/4029396700 >> 10.20.193.116:0/4029396700 conn(0x7fd770103a20 msgr2=0x7fd770104530 unknown :-1 s=STATE_NONE l=0).mark_down
2026-02-17T20:12:38.453 INFO:teuthology.orchestra.run.trial116.stdout:/usr/bin/ceph: stderr
2026-02-17T20:12:38.423+0000 7fd775ff9640 1 -- 10.20.193.116:0/4029396700 shutdown_connections
2026-02-17T20:12:38.453 INFO:teuthology.orchestra.run.trial116.stdout:/usr/bin/ceph: stderr
2026-02-17T20:12:38.423+0000 7fd775ff9640 1 -- 10.20.193.116:0/4029396700 wait complete.
2026-02-17T20:12:38.453 INFO:teuthology.orchestra.run.trial116.stdout:Non-zero exit code 1 from systemctl is-enabled firewalld.service
2026-02-17T20:12:38.453 INFO:teuthology.orchestra.run.trial116.stdout:systemctl: stdout disabled
2026-02-17T20:12:38.458 INFO:teuthology.orchestra.run.trial116.stdout:Non-zero exit code 3 from systemctl is-active firewalld.service
2026-02-17T20:12:38.458 INFO:teuthology.orchestra.run.trial116.stdout:systemctl: stdout inactive
2026-02-17T20:12:38.459 INFO:teuthology.orchestra.run.trial116.stdout:firewalld.service is not enabled
2026-02-17T20:12:38.459 INFO:teuthology.orchestra.run.trial116.stdout:Not possible to open ports <[8443]>. firewalld.service is not available
2026-02-17T20:12:38.459 INFO:teuthology.orchestra.run.trial116.stdout:Ceph Dashboard is now available at:
2026-02-17T20:12:38.459 INFO:teuthology.orchestra.run.trial116.stdout:
2026-02-17T20:12:38.460 INFO:teuthology.orchestra.run.trial116.stdout: URL: https://trial116:8443/
2026-02-17T20:12:38.460 INFO:teuthology.orchestra.run.trial116.stdout: User: admin
2026-02-17T20:12:38.460 INFO:teuthology.orchestra.run.trial116.stdout: Password: p4cwj0etn5
2026-02-17T20:12:38.460 INFO:teuthology.orchestra.run.trial116.stdout:
2026-02-17T20:12:38.460 INFO:teuthology.orchestra.run.trial116.stdout:Saving cluster configuration to /var/lib/ceph/ee3fb66f-0c3c-11f1-83e2-d404e6e7d460/config directory
2026-02-17T20:12:38.716 INFO:teuthology.orchestra.run.trial116.stdout:/usr/bin/ceph: stderr
2026-02-17T20:12:38.553+0000 7fd27681d640 1 Processor -- start
2026-02-17T20:12:38.716 INFO:teuthology.orchestra.run.trial116.stdout:/usr/bin/ceph: stderr
2026-02-17T20:12:38.553+0000 7fd27681d640 1 -- start start
2026-02-17T20:12:38.716 INFO:teuthology.orchestra.run.trial116.stdout:/usr/bin/ceph: stderr
2026-02-17T20:12:38.554+0000 7fd27681d640 1 --2- >> [v2:10.20.193.116:3300/0,v1:10.20.193.116:6789/0] conn(0x7fd27007eeb0 0x7fd27007d310 unknown :-1 s=NONE pgs=0 cs=0 l=0 rev1=0 crypto rx=0 tx=0 comp rx=0 tx=0).connect
2026-02-17T20:12:38.716 INFO:teuthology.orchestra.run.trial116.stdout:/usr/bin/ceph: stderr
2026-02-17T20:12:38.554+0000 7fd27681d640 1 -- --> [v2:10.20.193.116:3300/0,v1:10.20.193.116:6789/0] -- mon_getmap magic: 0 -- 0x7fd27007d850 con 0x7fd27007eeb0
2026-02-17T20:12:38.717 INFO:teuthology.orchestra.run.trial116.stdout:/usr/bin/ceph: stderr
2026-02-17T20:12:38.554+0000 7fd26ffff640 1 --2- >> [v2:10.20.193.116:3300/0,v1:10.20.193.116:6789/0] conn(0x7fd27007eeb0 0x7fd27007d310 unknown :-1 s=BANNER_CONNECTING pgs=0 cs=0 l=0 rev1=0 crypto rx=0 tx=0 comp rx=0 tx=0)._handle_peer_banner_payload supported=3 required=0
2026-02-17T20:12:38.717 INFO:teuthology.orchestra.run.trial116.stdout:/usr/bin/ceph: stderr
2026-02-17T20:12:38.554+0000 7fd26ffff640 1 --2- >> [v2:10.20.193.116:3300/0,v1:10.20.193.116:6789/0] conn(0x7fd27007eeb0 0x7fd27007d310 unknown :-1 s=HELLO_CONNECTING pgs=0 cs=0 l=0 rev1=1 crypto rx=0 tx=0 comp rx=0 tx=0).handle_hello peer v2:10.20.193.116:3300/0 says I am v2:10.20.193.116:42486/0 (socket says 10.20.193.116:42486)
2026-02-17T20:12:38.717 INFO:teuthology.orchestra.run.trial116.stdout:/usr/bin/ceph: stderr
2026-02-17T20:12:38.554+0000 7fd26ffff640 1 -- 10.20.193.116:0/2849978300 learned_addr learned my addr 10.20.193.116:0/2849978300 (peer_addr_for_me v2:10.20.193.116:0/0)
2026-02-17T20:12:38.717 INFO:teuthology.orchestra.run.trial116.stdout:/usr/bin/ceph: stderr
2026-02-17T20:12:38.554+0000 7fd26ffff640 1 -- 10.20.193.116:0/2849978300 --> [v2:10.20.193.116:3300/0,v1:10.20.193.116:6789/0] -- mon_subscribe({config=0+,monmap=0+}) -- 0x7fd27007d9d0 con 0x7fd27007eeb0
2026-02-17T20:12:38.717 INFO:teuthology.orchestra.run.trial116.stdout:/usr/bin/ceph: stderr
2026-02-17T20:12:38.554+0000 7fd26ffff640 1 --2- 10.20.193.116:0/2849978300 >> [v2:10.20.193.116:3300/0,v1:10.20.193.116:6789/0] conn(0x7fd27007eeb0 0x7fd27007d310 secure :-1 s=READY pgs=74 cs=0 l=1 rev1=1 crypto rx=0x7fd25c009920 tx=0x7fd25c02ef20 comp rx=0 tx=0).ready entity=mon.0 client_cookie=f3da02640c41a92c server_cookie=0 in_seq=0 out_seq=0
2026-02-17T20:12:38.717 INFO:teuthology.orchestra.run.trial116.stdout:/usr/bin/ceph: stderr
2026-02-17T20:12:38.554+0000 7fd26effd640 1 -- 10.20.193.116:0/2849978300 <== mon.0 v2:10.20.193.116:3300/0 1 ==== mon_map magic: 0 ==== 205+0+0 (secure 0 0 0) 0x7fd25c03c070 con 0x7fd27007eeb0
2026-02-17T20:12:38.717 INFO:teuthology.orchestra.run.trial116.stdout:/usr/bin/ceph: stderr
2026-02-17T20:12:38.554+0000 7fd26effd640 1 -- 10.20.193.116:0/2849978300 <== mon.0 v2:10.20.193.116:3300/0 2 ==== config(26 keys) ==== 1076+0+0 (secure 0 0 0) 0x7fd25c037440 con 0x7fd27007eeb0
2026-02-17T20:12:38.717 INFO:teuthology.orchestra.run.trial116.stdout:/usr/bin/ceph: stderr
2026-02-17T20:12:38.554+0000 7fd26effd640 1 -- 10.20.193.116:0/2849978300 <== mon.0 v2:10.20.193.116:3300/0 3 ==== mon_map magic: 0 ==== 205+0+0 (secure 0 0 0) 0x7fd25c0354d0 con 0x7fd27007eeb0
2026-02-17T20:12:38.717 INFO:teuthology.orchestra.run.trial116.stdout:/usr/bin/ceph: stderr
2026-02-17T20:12:38.555+0000 7fd27681d640 1 -- 10.20.193.116:0/2849978300 >> [v2:10.20.193.116:3300/0,v1:10.20.193.116:6789/0] conn(0x7fd27007eeb0 msgr2=0x7fd27007d310 secure :-1 s=STATE_CONNECTION_ESTABLISHED l=1).mark_down
2026-02-17T20:12:38.717 INFO:teuthology.orchestra.run.trial116.stdout:/usr/bin/ceph: stderr
2026-02-17T20:12:38.555+0000 7fd27681d640 1 --2- 10.20.193.116:0/2849978300 >> [v2:10.20.193.116:3300/0,v1:10.20.193.116:6789/0] conn(0x7fd27007eeb0 0x7fd27007d310 secure :-1 s=READY pgs=74 cs=0 l=1 rev1=1 crypto rx=0x7fd25c009920 tx=0x7fd25c02ef20 comp rx=0 tx=0).stop
2026-02-17T20:12:38.717 INFO:teuthology.orchestra.run.trial116.stdout:/usr/bin/ceph: stderr
2026-02-17T20:12:38.555+0000 7fd27681d640 1 -- 10.20.193.116:0/2849978300 shutdown_connections
2026-02-17T20:12:38.718 INFO:teuthology.orchestra.run.trial116.stdout:/usr/bin/ceph: stderr
2026-02-17T20:12:38.555+0000 7fd27681d640 1 --2- 10.20.193.116:0/2849978300 >> [v2:10.20.193.116:3300/0,v1:10.20.193.116:6789/0] conn(0x7fd27007eeb0 0x7fd27007d310 unknown :-1 s=CLOSED pgs=74 cs=0 l=1 rev1=1 crypto rx=0 tx=0 comp rx=0 tx=0).stop
2026-02-17T20:12:38.718 INFO:teuthology.orchestra.run.trial116.stdout:/usr/bin/ceph: stderr
2026-02-17T20:12:38.555+0000 7fd27681d640 1 -- 10.20.193.116:0/2849978300 >> 10.20.193.116:0/2849978300 conn(0x7fd270103a20 msgr2=0x7fd270105e40 unknown :-1 s=STATE_NONE l=0).mark_down
2026-02-17T20:12:38.718 INFO:teuthology.orchestra.run.trial116.stdout:/usr/bin/ceph: stderr
2026-02-17T20:12:38.555+0000 7fd27681d640 1 -- 10.20.193.116:0/2849978300 shutdown_connections
2026-02-17T20:12:38.718 INFO:teuthology.orchestra.run.trial116.stdout:/usr/bin/ceph: stderr
2026-02-17T20:12:38.555+0000 7fd27681d640 1 -- 10.20.193.116:0/2849978300 wait complete.
2026-02-17T20:12:38.718 INFO:teuthology.orchestra.run.trial116.stdout:/usr/bin/ceph: stderr
2026-02-17T20:12:38.555+0000 7fd27681d640 1 Processor -- start
2026-02-17T20:12:38.718 INFO:teuthology.orchestra.run.trial116.stdout:/usr/bin/ceph: stderr
2026-02-17T20:12:38.555+0000 7fd27681d640 1 -- start start
2026-02-17T20:12:38.718 INFO:teuthology.orchestra.run.trial116.stdout:/usr/bin/ceph: stderr
2026-02-17T20:12:38.555+0000 7fd27681d640 1 --2- >> [v2:10.20.193.116:3300/0,v1:10.20.193.116:6789/0] conn(0x7fd27007eeb0 0x7fd2701a0320 unknown :-1 s=NONE pgs=0 cs=0 l=1 rev1=0 crypto rx=0 tx=0 comp rx=0 tx=0).connect
2026-02-17T20:12:38.718 INFO:teuthology.orchestra.run.trial116.stdout:/usr/bin/ceph: stderr
2026-02-17T20:12:38.555+0000 7fd27681d640 1 -- --> [v2:10.20.193.116:3300/0,v1:10.20.193.116:6789/0] -- mon_getmap magic: 0 -- 0x7fd27010e850 con 0x7fd27007eeb0
2026-02-17T20:12:38.718 INFO:teuthology.orchestra.run.trial116.stdout:/usr/bin/ceph: stderr
2026-02-17T20:12:38.555+0000 7fd26ffff640 1 --2- >> [v2:10.20.193.116:3300/0,v1:10.20.193.116:6789/0] conn(0x7fd27007eeb0 0x7fd2701a0320 unknown :-1 s=BANNER_CONNECTING pgs=0 cs=0 l=1 rev1=0 crypto rx=0 tx=0 comp rx=0 tx=0)._handle_peer_banner_payload supported=3 required=0
2026-02-17T20:12:38.718 INFO:teuthology.orchestra.run.trial116.stdout:/usr/bin/ceph: stderr
2026-02-17T20:12:38.555+0000 7fd26ffff640 1 --2- >> [v2:10.20.193.116:3300/0,v1:10.20.193.116:6789/0] conn(0x7fd27007eeb0 0x7fd2701a0320 unknown :-1 s=HELLO_CONNECTING pgs=0 cs=0 l=1 rev1=1 crypto rx=0 tx=0 comp rx=0 tx=0).handle_hello peer v2:10.20.193.116:3300/0 says I am v2:10.20.193.116:42500/0 (socket says 10.20.193.116:42500)
2026-02-17T20:12:38.718 INFO:teuthology.orchestra.run.trial116.stdout:/usr/bin/ceph: stderr
2026-02-17T20:12:38.555+0000 7fd26ffff640 1 -- 10.20.193.116:0/1187750019 learned_addr learned my addr 10.20.193.116:0/1187750019 (peer_addr_for_me v2:10.20.193.116:0/0)
2026-02-17T20:12:38.719 INFO:teuthology.orchestra.run.trial116.stdout:/usr/bin/ceph: stderr
2026-02-17T20:12:38.555+0000 7fd26ffff640 1 -- 10.20.193.116:0/1187750019 --> [v2:10.20.193.116:3300/0,v1:10.20.193.116:6789/0] -- mon_subscribe({config=0+,monmap=0+}) -- 0x7fd2701a0860 con 0x7fd27007eeb0
2026-02-17T20:12:38.719 INFO:teuthology.orchestra.run.trial116.stdout:/usr/bin/ceph: stderr
2026-02-17T20:12:38.556+0000 7fd26ffff640 1 --2- 10.20.193.116:0/1187750019 >> [v2:10.20.193.116:3300/0,v1:10.20.193.116:6789/0] conn(0x7fd27007eeb0 0x7fd2701a0320 secure :-1 s=READY pgs=75 cs=0 l=1 rev1=1 crypto rx=0x7fd25c039000 tx=0x7fd25c037820 comp rx=0 tx=0).ready entity=mon.0 client_cookie=0 server_cookie=0 in_seq=0 out_seq=0
2026-02-17T20:12:38.719 INFO:teuthology.orchestra.run.trial116.stdout:/usr/bin/ceph: stderr
2026-02-17T20:12:38.556+0000 7fd26d7fa640 1 -- 10.20.193.116:0/1187750019 <== mon.0 v2:10.20.193.116:3300/0 1 ==== mon_map magic: 0 ==== 205+0+0 (secure 0 0 0) 0x7fd25c047070 con 0x7fd27007eeb0
2026-02-17T20:12:38.719 INFO:teuthology.orchestra.run.trial116.stdout:/usr/bin/ceph: stderr
2026-02-17T20:12:38.556+0000 7fd26d7fa640 1 -- 10.20.193.116:0/1187750019 <== mon.0 v2:10.20.193.116:3300/0 2 ==== config(26 keys) ==== 1076+0+0 (secure 0 0 0) 0x7fd25c035df0 con 0x7fd27007eeb0
2026-02-17T20:12:38.719 INFO:teuthology.orchestra.run.trial116.stdout:/usr/bin/ceph: stderr
2026-02-17T20:12:38.556+0000 7fd27681d640 1 -- 10.20.193.116:0/1187750019 --> [v2:10.20.193.116:3300/0,v1:10.20.193.116:6789/0] -- mon_subscribe({mgrmap=0+}) -- 0x7fd2701a0af0 con 0x7fd27007eeb0
2026-02-17T20:12:38.719 INFO:teuthology.orchestra.run.trial116.stdout:/usr/bin/ceph: stderr
2026-02-17T20:12:38.556+0000 7fd26d7fa640 1 -- 10.20.193.116:0/1187750019 <== mon.0 v2:10.20.193.116:3300/0 3 ==== mon_map magic: 0 ==== 205+0+0 (secure 0 0 0) 0x7fd25c03c070 con 0x7fd27007eeb0
2026-02-17T20:12:38.719 INFO:teuthology.orchestra.run.trial116.stdout:/usr/bin/ceph: stderr
2026-02-17T20:12:38.556+0000 7fd27681d640 1 -- 10.20.193.116:0/1187750019 --> [v2:10.20.193.116:3300/0,v1:10.20.193.116:6789/0] -- mon_subscribe({osdmap=0}) -- 0x7fd2701a37e0 con 0x7fd27007eeb0
2026-02-17T20:12:38.719 INFO:teuthology.orchestra.run.trial116.stdout:/usr/bin/ceph: stderr
2026-02-17T20:12:38.556+0000 7fd27681d640 1 -- 10.20.193.116:0/1187750019 --> [v2:10.20.193.116:3300/0,v1:10.20.193.116:6789/0] -- mon_command({"prefix": "get_command_descriptions"} v 0) -- 0x7fd27007d390 con 0x7fd27007eeb0
2026-02-17T20:12:38.719 INFO:teuthology.orchestra.run.trial116.stdout:/usr/bin/ceph: stderr
2026-02-17T20:12:38.556+0000 7fd26d7fa640 1 -- 10.20.193.116:0/1187750019 <== mon.0 v2:10.20.193.116:3300/0 4 ==== mgrmap(e 11) ==== 50154+0+0 (secure 0 0 0) 0x7fd25c042640 con 0x7fd27007eeb0
2026-02-17T20:12:38.719 INFO:teuthology.orchestra.run.trial116.stdout:/usr/bin/ceph: stderr
2026-02-17T20:12:38.557+0000 7fd26d7fa640 1 --2- 10.20.193.116:0/1187750019 >> [v2:10.20.193.116:6800/2224408537,v1:10.20.193.116:6801/2224408537] conn(0x7fd24403db20 0x7fd24403ffe0 unknown :-1 s=NONE pgs=0 cs=0 l=1 rev1=0 crypto rx=0 tx=0 comp rx=0 tx=0).connect
2026-02-17T20:12:38.719 INFO:teuthology.orchestra.run.trial116.stdout:/usr/bin/ceph: stderr
2026-02-17T20:12:38.557+0000 7fd26d7fa640 1 -- 10.20.193.116:0/1187750019 <== mon.0 v2:10.20.193.116:3300/0 5 ==== osd_map(3..3 src has 1..3) ==== 1155+0+0 (secure 0 0 0) 0x7fd25c076be0 con 0x7fd27007eeb0
2026-02-17T20:12:38.719 INFO:teuthology.orchestra.run.trial116.stdout:/usr/bin/ceph: stderr
2026-02-17T20:12:38.557+0000 7fd26f7fe640 1 --2- 10.20.193.116:0/1187750019 >> [v2:10.20.193.116:6800/2224408537,v1:10.20.193.116:6801/2224408537] conn(0x7fd24403db20 0x7fd24403ffe0 unknown :-1 s=BANNER_CONNECTING pgs=0 cs=0 l=1 rev1=0 crypto rx=0 tx=0 comp rx=0 tx=0)._handle_peer_banner_payload supported=3 required=0
2026-02-17T20:12:38.720 INFO:teuthology.orchestra.run.trial116.stdout:/usr/bin/ceph: stderr
2026-02-17T20:12:38.557+0000 7fd26f7fe640 1 --2- 10.20.193.116:0/1187750019 >> [v2:10.20.193.116:6800/2224408537,v1:10.20.193.116:6801/2224408537] conn(0x7fd24403db20 0x7fd24403ffe0 secure :-1 s=READY pgs=10 cs=0 l=1 rev1=1 crypto rx=0x7fd2600099c0 tx=0x7fd260006eb0 comp rx=0 tx=0).ready entity=mgr.14150 client_cookie=0 server_cookie=0 in_seq=0 out_seq=0
2026-02-17T20:12:38.720 INFO:teuthology.orchestra.run.trial116.stdout:/usr/bin/ceph: stderr
2026-02-17T20:12:38.559+0000 7fd26d7fa640 1 -- 10.20.193.116:0/1187750019 <== mon.0 v2:10.20.193.116:3300/0 6 ==== mon_command_ack([{"prefix": "get_command_descriptions"}]=0 v0) ==== 72+0+195034 (secure 0 0 0) 0x7fd25c033c90 con 0x7fd27007eeb0
2026-02-17T20:12:38.720 INFO:teuthology.orchestra.run.trial116.stdout:/usr/bin/ceph: stderr
2026-02-17T20:12:38.688+0000 7fd27681d640 1 -- 10.20.193.116:0/1187750019 --> [v2:10.20.193.116:3300/0,v1:10.20.193.116:6789/0] -- mon_command([{prefix=config-key set, key=mgr/dashboard/cluster/status}] v 0) -- 0x7fd2701a3e80 con 0x7fd27007eeb0
2026-02-17T20:12:38.720 INFO:teuthology.orchestra.run.trial116.stdout:/usr/bin/ceph: stderr
2026-02-17T20:12:38.690+0000 7fd26d7fa640 1 -- 10.20.193.116:0/1187750019 <== mon.0 v2:10.20.193.116:3300/0 7 ==== mon_command_ack([{prefix=config-key set, key=mgr/dashboard/cluster/status}]=0 set mgr/dashboard/cluster/status v28)=0 set mgr/dashboard/cluster/status v28) ==== 153+0+0 (secure 0 0 0) 0x7fd25c035950 con 0x7fd27007eeb0
2026-02-17T20:12:38.720 INFO:teuthology.orchestra.run.trial116.stdout:/usr/bin/ceph: stderr set mgr/dashboard/cluster/status
2026-02-17T20:12:38.720 INFO:teuthology.orchestra.run.trial116.stdout:/usr/bin/ceph: stderr
2026-02-17T20:12:38.692+0000 7fd27681d640 1 -- 10.20.193.116:0/1187750019 >> [v2:10.20.193.116:6800/2224408537,v1:10.20.193.116:6801/2224408537] conn(0x7fd24403db20 msgr2=0x7fd24403ffe0 secure :-1 s=STATE_CONNECTION_ESTABLISHED l=1).mark_down
2026-02-17T20:12:38.720 INFO:teuthology.orchestra.run.trial116.stdout:/usr/bin/ceph: stderr
2026-02-17T20:12:38.692+0000 7fd27681d640 1 --2- 10.20.193.116:0/1187750019 >> [v2:10.20.193.116:6800/2224408537,v1:10.20.193.116:6801/2224408537] conn(0x7fd24403db20 0x7fd24403ffe0 secure :-1 s=READY pgs=10 cs=0 l=1 rev1=1 crypto rx=0x7fd2600099c0 tx=0x7fd260006eb0 comp rx=0 tx=0).stop
2026-02-17T20:12:38.720 INFO:teuthology.orchestra.run.trial116.stdout:/usr/bin/ceph: stderr
2026-02-17T20:12:38.692+0000 7fd27681d640 1 -- 10.20.193.116:0/1187750019 >> [v2:10.20.193.116:3300/0,v1:10.20.193.116:6789/0] conn(0x7fd27007eeb0 msgr2=0x7fd2701a0320 secure :-1 s=STATE_CONNECTION_ESTABLISHED l=1).mark_down
2026-02-17T20:12:38.720 INFO:teuthology.orchestra.run.trial116.stdout:/usr/bin/ceph: stderr
2026-02-17T20:12:38.692+0000 7fd27681d640 1 --2- 10.20.193.116:0/1187750019 >> [v2:10.20.193.116:3300/0,v1:10.20.193.116:6789/0] conn(0x7fd27007eeb0 0x7fd2701a0320 secure :-1 s=READY pgs=75 cs=0 l=1 rev1=1 crypto rx=0x7fd25c039000 tx=0x7fd25c037820 comp rx=0 tx=0).stop
2026-02-17T20:12:38.720 INFO:teuthology.orchestra.run.trial116.stdout:/usr/bin/ceph: stderr
2026-02-17T20:12:38.692+0000 7fd27681d640 1 -- 10.20.193.116:0/1187750019 shutdown_connections
2026-02-17T20:12:38.720 INFO:teuthology.orchestra.run.trial116.stdout:/usr/bin/ceph: stderr
2026-02-17T20:12:38.692+0000 7fd27681d640 1 --2- 10.20.193.116:0/1187750019 >> [v2:10.20.193.116:6800/2224408537,v1:10.20.193.116:6801/2224408537] conn(0x7fd24403db20 0x7fd24403ffe0 unknown :-1 s=CLOSED pgs=10 cs=0 l=1 rev1=1 crypto rx=0 tx=0 comp rx=0 tx=0).stop
2026-02-17T20:12:38.720 INFO:teuthology.orchestra.run.trial116.stdout:/usr/bin/ceph: stderr
2026-02-17T20:12:38.692+0000 7fd27681d640 1 --2- 10.20.193.116:0/1187750019 >> [v2:10.20.193.116:3300/0,v1:10.20.193.116:6789/0] conn(0x7fd27007eeb0 0x7fd2701a0320 unknown :-1 s=CLOSED pgs=75 cs=0 l=1 rev1=1 crypto rx=0 tx=0 comp rx=0 tx=0).stop
2026-02-17T20:12:38.721 INFO:teuthology.orchestra.run.trial116.stdout:/usr/bin/ceph: stderr
2026-02-17T20:12:38.692+0000 7fd27681d640 1 -- 10.20.193.116:0/1187750019 >> 10.20.193.116:0/1187750019 conn(0x7fd270103a20 msgr2=0x7fd270104530 unknown :-1 s=STATE_NONE l=0).mark_down
2026-02-17T20:12:38.721 INFO:teuthology.orchestra.run.trial116.stdout:/usr/bin/ceph: stderr
2026-02-17T20:12:38.692+0000 7fd27681d640 1 -- 10.20.193.116:0/1187750019 shutdown_connections
2026-02-17T20:12:38.721 INFO:teuthology.orchestra.run.trial116.stdout:/usr/bin/ceph: stderr
2026-02-17T20:12:38.692+0000 7fd27681d640 1 -- 10.20.193.116:0/1187750019 wait complete.
2026-02-17T20:12:38.721 INFO:teuthology.orchestra.run.trial116.stdout:You can access the Ceph CLI as following in case of multi-cluster or non-default config:
2026-02-17T20:12:38.721 INFO:teuthology.orchestra.run.trial116.stdout:
2026-02-17T20:12:38.721 INFO:teuthology.orchestra.run.trial116.stdout: sudo /home/ubuntu/cephtest/cephadm shell --fsid ee3fb66f-0c3c-11f1-83e2-d404e6e7d460 -c /etc/ceph/ceph.conf -k /etc/ceph/ceph.client.admin.keyring
2026-02-17T20:12:38.721 INFO:teuthology.orchestra.run.trial116.stdout:
2026-02-17T20:12:38.721 INFO:teuthology.orchestra.run.trial116.stdout:Or, if you are only running a single cluster on this host:
2026-02-17T20:12:38.721 INFO:teuthology.orchestra.run.trial116.stdout:
2026-02-17T20:12:38.721 INFO:teuthology.orchestra.run.trial116.stdout: sudo /home/ubuntu/cephtest/cephadm shell
2026-02-17T20:12:38.721 INFO:teuthology.orchestra.run.trial116.stdout:
2026-02-17T20:12:38.721 INFO:teuthology.orchestra.run.trial116.stdout:Please consider enabling telemetry to help improve Ceph:
2026-02-17T20:12:38.722 INFO:teuthology.orchestra.run.trial116.stdout:
2026-02-17T20:12:38.722 INFO:teuthology.orchestra.run.trial116.stdout: ceph telemetry on
2026-02-17T20:12:38.722 INFO:teuthology.orchestra.run.trial116.stdout:
2026-02-17T20:12:38.722 INFO:teuthology.orchestra.run.trial116.stdout:For more information see:
2026-02-17T20:12:38.722 INFO:teuthology.orchestra.run.trial116.stdout:
2026-02-17T20:12:38.722 INFO:teuthology.orchestra.run.trial116.stdout: https://docs.ceph.com/en/latest/mgr/telemetry/
2026-02-17T20:12:38.722 INFO:teuthology.orchestra.run.trial116.stdout:
2026-02-17T20:12:38.722 INFO:teuthology.orchestra.run.trial116.stdout:Bootstrap complete.
2026-02-17T20:12:38.741 INFO:tasks.cephadm:Fetching config...
2026-02-17T20:12:38.741 DEBUG:teuthology.orchestra.run.trial116:> set -ex
2026-02-17T20:12:38.742 DEBUG:teuthology.orchestra.run.trial116:> dd if=/etc/ceph/ceph.conf of=/dev/stdout
2026-02-17T20:12:38.760 INFO:tasks.cephadm:Fetching client.admin keyring...
2026-02-17T20:12:38.760 DEBUG:teuthology.orchestra.run.trial116:> set -ex
2026-02-17T20:12:38.760 DEBUG:teuthology.orchestra.run.trial116:> dd if=/etc/ceph/ceph.client.admin.keyring of=/dev/stdout
2026-02-17T20:12:38.818 INFO:tasks.cephadm:Fetching mon keyring...
2026-02-17T20:12:38.818 DEBUG:teuthology.orchestra.run.trial116:> set -ex
2026-02-17T20:12:38.818 DEBUG:teuthology.orchestra.run.trial116:> sudo dd if=/var/lib/ceph/ee3fb66f-0c3c-11f1-83e2-d404e6e7d460/mon.a/keyring of=/dev/stdout
2026-02-17T20:12:38.884 INFO:tasks.cephadm:Fetching pub ssh key...
2026-02-17T20:12:38.884 DEBUG:teuthology.orchestra.run.trial116:> set -ex
2026-02-17T20:12:38.884 DEBUG:teuthology.orchestra.run.trial116:> dd if=/home/ubuntu/cephtest/ceph.pub of=/dev/stdout
2026-02-17T20:12:38.941 INFO:tasks.cephadm:Installing pub ssh key for root users...
2026-02-17T20:12:38.941 DEBUG:teuthology.orchestra.run.trial116:> sudo install -d -m 0700 /root/.ssh && echo 'ssh-ed25519 AAAAC3NzaC1lZDI1NTE5AAAAIBm6Amsbs21+ZKSjq+mpS6ZOAG+AwLQN5020gS8EUbWm ceph-ee3fb66f-0c3c-11f1-83e2-d404e6e7d460' | sudo tee -a /root/.ssh/authorized_keys && sudo chmod 0600 /root/.ssh/authorized_keys
2026-02-17T20:12:39.014 INFO:teuthology.orchestra.run.trial116.stdout:ssh-ed25519 AAAAC3NzaC1lZDI1NTE5AAAAIBm6Amsbs21+ZKSjq+mpS6ZOAG+AwLQN5020gS8EUbWm ceph-ee3fb66f-0c3c-11f1-83e2-d404e6e7d460
2026-02-17T20:12:39.024 DEBUG:teuthology.orchestra.run.trial149:> sudo install -d -m 0700 /root/.ssh && echo 'ssh-ed25519 AAAAC3NzaC1lZDI1NTE5AAAAIBm6Amsbs21+ZKSjq+mpS6ZOAG+AwLQN5020gS8EUbWm ceph-ee3fb66f-0c3c-11f1-83e2-d404e6e7d460' | sudo tee -a /root/.ssh/authorized_keys && sudo chmod 0600 /root/.ssh/authorized_keys
2026-02-17T20:12:39.060 INFO:teuthology.orchestra.run.trial149.stdout:ssh-ed25519 AAAAC3NzaC1lZDI1NTE5AAAAIBm6Amsbs21+ZKSjq+mpS6ZOAG+AwLQN5020gS8EUbWm ceph-ee3fb66f-0c3c-11f1-83e2-d404e6e7d460
2026-02-17T20:12:39.070 DEBUG:teuthology.orchestra.run.trial164:> sudo install -d -m 0700 /root/.ssh && echo 'ssh-ed25519 AAAAC3NzaC1lZDI1NTE5AAAAIBm6Amsbs21+ZKSjq+mpS6ZOAG+AwLQN5020gS8EUbWm ceph-ee3fb66f-0c3c-11f1-83e2-d404e6e7d460' | sudo tee -a /root/.ssh/authorized_keys && sudo chmod 0600 /root/.ssh/authorized_keys
2026-02-17T20:12:39.104 INFO:teuthology.orchestra.run.trial164.stdout:ssh-ed25519 AAAAC3NzaC1lZDI1NTE5AAAAIBm6Amsbs21+ZKSjq+mpS6ZOAG+AwLQN5020gS8EUbWm ceph-ee3fb66f-0c3c-11f1-83e2-d404e6e7d460
2026-02-17T20:12:39.115 DEBUG:teuthology.orchestra.run.trial116:> sudo /home/ubuntu/cephtest/cephadm --image quay.ceph.io/ceph-ci/ceph:0a9403ad6667fb8ffa43f11d9a5d3062d3558d8e shell -c /etc/ceph/ceph.conf -k /etc/ceph/ceph.client.admin.keyring --fsid ee3fb66f-0c3c-11f1-83e2-d404e6e7d460 -- ceph config set mgr mgr/cephadm/allow_ptrace true
2026-02-17T20:12:39.258 INFO:journalctl@ceph.mon.a.trial116.stdout:Feb 17 20:12:39 trial116 ceph-mon[24180]: from='client.14164 -' entity='client.admin' cmd=[{"prefix": "dashboard ac-user-create", "username": "admin", "rolename": "administrator", "force_password": true, "pwd_update_required": true, "target": ["mon-mgr", ""]}]: dispatch
2026-02-17T20:12:39.258 INFO:journalctl@ceph.mon.a.trial116.stdout:Feb 17 20:12:39 trial116 ceph-mon[24180]: from='mgr.14150 10.20.193.116:0/3711033600' entity='mgr.x'
2026-02-17T20:12:39.258 INFO:journalctl@ceph.mon.a.trial116.stdout:Feb 17 20:12:39 trial116 ceph-mon[24180]: from='client.? 10.20.193.116:0/4029396700' entity='client.admin' cmd=[{"prefix": "config get", "who": "mgr", "key": "mgr/dashboard/ssl_server_port"}]: dispatch
2026-02-17T20:12:39.258 INFO:journalctl@ceph.mon.a.trial116.stdout:Feb 17 20:12:39 trial116 ceph-mon[24180]: from='client.? 10.20.193.116:0/1187750019' entity='client.admin'
2026-02-17T20:12:39.292 INFO:teuthology.orchestra.run.trial116.stderr:Inferring config /var/lib/ceph/ee3fb66f-0c3c-11f1-83e2-d404e6e7d460/mon.a/config
2026-02-17T20:12:39.405 INFO:teuthology.orchestra.run.trial116.stderr:2026-02-17T20:12:39.402+0000 7fe793fff640 1 -- 10.20.193.116:0/3365137719 >> [v2:10.20.193.116:3300/0,v1:10.20.193.116:6789/0] conn(0x7fe794102160 msgr2=0x7fe794102560 secure :-1 s=STATE_CONNECTION_ESTABLISHED l=1).mark_down
2026-02-17T20:12:39.406 INFO:teuthology.orchestra.run.trial116.stderr:2026-02-17T20:12:39.402+0000 7fe793fff640 1 --2- 10.20.193.116:0/3365137719 >> [v2:10.20.193.116:3300/0,v1:10.20.193.116:6789/0] conn(0x7fe794102160 0x7fe794102560 secure :-1 s=READY pgs=76 cs=0 l=1 rev1=1 crypto rx=0x7fe7880099b0 tx=0x7fe78802f2b0 comp rx=0 tx=0).stop
2026-02-17T20:12:39.406 INFO:teuthology.orchestra.run.trial116.stderr:2026-02-17T20:12:39.402+0000 7fe793fff640 1 -- 10.20.193.116:0/3365137719 shutdown_connections
2026-02-17T20:12:39.406 INFO:teuthology.orchestra.run.trial116.stderr:2026-02-17T20:12:39.402+0000 7fe793fff640 1 --2- 10.20.193.116:0/3365137719 >> [v2:10.20.193.116:3300/0,v1:10.20.193.116:6789/0] conn(0x7fe794102160 0x7fe794102560 unknown :-1 s=CLOSED pgs=76 cs=0 l=1 rev1=1 crypto rx=0 tx=0 comp rx=0 tx=0).stop
2026-02-17T20:12:39.406 INFO:teuthology.orchestra.run.trial116.stderr:2026-02-17T20:12:39.402+0000 7fe793fff640 1 -- 10.20.193.116:0/3365137719 >> 10.20.193.116:0/3365137719 conn(0x7fe7940fd930 msgr2=0x7fe7940ffd50 unknown :-1 s=STATE_NONE l=0).mark_down
2026-02-17T20:12:39.406 INFO:teuthology.orchestra.run.trial116.stderr:2026-02-17T20:12:39.402+0000 7fe793fff640 1 -- 10.20.193.116:0/3365137719 shutdown_connections
2026-02-17T20:12:39.406 INFO:teuthology.orchestra.run.trial116.stderr:2026-02-17T20:12:39.402+0000 7fe793fff640 1 -- 10.20.193.116:0/3365137719 wait complete.
2026-02-17T20:12:39.406 INFO:teuthology.orchestra.run.trial116.stderr:2026-02-17T20:12:39.402+0000 7fe793fff640 1 Processor -- start
2026-02-17T20:12:39.406 INFO:teuthology.orchestra.run.trial116.stderr:2026-02-17T20:12:39.402+0000 7fe793fff640 1 -- start start
2026-02-17T20:12:39.407 INFO:teuthology.orchestra.run.trial116.stderr:2026-02-17T20:12:39.402+0000 7fe793fff640 1 --2- >> [v2:10.20.193.116:3300/0,v1:10.20.193.116:6789/0] conn(0x7fe794102160 0x7fe794199700 unknown :-1 s=NONE pgs=0 cs=0 l=1 rev1=0 crypto rx=0 tx=0 comp rx=0 tx=0).connect
2026-02-17T20:12:39.407 INFO:teuthology.orchestra.run.trial116.stderr:2026-02-17T20:12:39.402+0000 7fe793fff640 1 -- --> [v2:10.20.193.116:3300/0,v1:10.20.193.116:6789/0] -- mon_getmap magic: 0 -- 0x7fe7941080f0 con 0x7fe794102160
2026-02-17T20:12:39.407 INFO:teuthology.orchestra.run.trial116.stderr:2026-02-17T20:12:39.403+0000 7fe792ffd640 1 --2- >> [v2:10.20.193.116:3300/0,v1:10.20.193.116:6789/0] conn(0x7fe794102160 0x7fe794199700 unknown :-1 s=BANNER_CONNECTING pgs=0 cs=0 l=1 rev1=0 crypto rx=0 tx=0 comp rx=0 tx=0)._handle_peer_banner_payload supported=3 required=0
2026-02-17T20:12:39.407 INFO:teuthology.orchestra.run.trial116.stderr:2026-02-17T20:12:39.403+0000 7fe792ffd640 1 --2- >> [v2:10.20.193.116:3300/0,v1:10.20.193.116:6789/0] conn(0x7fe794102160 0x7fe794199700 unknown :-1 s=HELLO_CONNECTING pgs=0 cs=0 l=1 rev1=1 crypto rx=0 tx=0 comp rx=0 tx=0).handle_hello peer v2:10.20.193.116:3300/0 says I am v2:10.20.193.116:42530/0 (socket says 10.20.193.116:42530)
2026-02-17T20:12:39.407 INFO:teuthology.orchestra.run.trial116.stderr:2026-02-17T20:12:39.403+0000 7fe792ffd640 1 -- 10.20.193.116:0/2900845853 learned_addr learned my addr 10.20.193.116:0/2900845853 (peer_addr_for_me v2:10.20.193.116:0/0)
2026-02-17T20:12:39.407 INFO:teuthology.orchestra.run.trial116.stderr:2026-02-17T20:12:39.403+0000 7fe792ffd640 1 -- 10.20.193.116:0/2900845853 --> [v2:10.20.193.116:3300/0,v1:10.20.193.116:6789/0] -- mon_subscribe({config=0+,monmap=0+}) -- 0x7fe794199c40 con 0x7fe794102160
2026-02-17T20:12:39.407 INFO:teuthology.orchestra.run.trial116.stderr:2026-02-17T20:12:39.403+0000 7fe792ffd640 1 --2- 10.20.193.116:0/2900845853 >> [v2:10.20.193.116:3300/0,v1:10.20.193.116:6789/0] conn(0x7fe794102160 0x7fe794199700 secure :-1 s=READY pgs=77 cs=0 l=1 rev1=1 crypto rx=0x7fe7880042c0 tx=0x7fe7880042f0 comp rx=0 tx=0).ready entity=mon.0 client_cookie=0 server_cookie=0 in_seq=0 out_seq=0
2026-02-17T20:12:39.407 INFO:teuthology.orchestra.run.trial116.stderr:2026-02-17T20:12:39.403+0000 7fe76bfff640 1 -- 10.20.193.116:0/2900845853 <== mon.0 v2:10.20.193.116:3300/0 1 ==== mon_map magic: 0 ==== 205+0+0 (secure 0 0 0) 0x7fe788002e40 con 0x7fe794102160
2026-02-17T20:12:39.407 INFO:teuthology.orchestra.run.trial116.stderr:2026-02-17T20:12:39.403+0000 7fe76bfff640 1 -- 10.20.193.116:0/2900845853 <== mon.0 v2:10.20.193.116:3300/0 2 ==== config(26 keys) ==== 1076+0+0 (secure 0 0 0) 0x7fe788046070 con 0x7fe794102160
2026-02-17T20:12:39.407 INFO:teuthology.orchestra.run.trial116.stderr:2026-02-17T20:12:39.403+0000 7fe76bfff640 1 -- 10.20.193.116:0/2900845853 <== mon.0 v2:10.20.193.116:3300/0 3 ==== mon_map magic: 0 ==== 205+0+0 (secure 0 0 0) 0x7fe788041970 con 0x7fe794102160
2026-02-17T20:12:39.407 INFO:teuthology.orchestra.run.trial116.stderr:2026-02-17T20:12:39.403+0000 7fe793fff640 1 -- 10.20.193.116:0/2900845853 --> [v2:10.20.193.116:3300/0,v1:10.20.193.116:6789/0] -- mon_subscribe({mgrmap=0+}) -- 0x7fe794199ed0 con 0x7fe794102160
2026-02-17T20:12:39.408 INFO:teuthology.orchestra.run.trial116.stderr:2026-02-17T20:12:39.403+0000 7fe793fff640 1 -- 10.20.193.116:0/2900845853 --> [v2:10.20.193.116:3300/0,v1:10.20.193.116:6789/0] -- mon_subscribe({osdmap=0}) -- 0x7fe79419cbc0 con 0x7fe794102160
2026-02-17T20:12:39.408 INFO:teuthology.orchestra.run.trial116.stderr:2026-02-17T20:12:39.403+0000 7fe793fff640 1 -- 10.20.193.116:0/2900845853 --> [v2:10.20.193.116:3300/0,v1:10.20.193.116:6789/0] -- mon_command({"prefix": "get_command_descriptions"} v 0) -- 0x7fe794108890 con 0x7fe794102160
2026-02-17T20:12:39.408 INFO:teuthology.orchestra.run.trial116.stderr:2026-02-17T20:12:39.404+0000 7fe76bfff640 1 -- 10.20.193.116:0/2900845853 <== mon.0 v2:10.20.193.116:3300/0 4 ==== mgrmap(e 12) ==== 50260+0+0 (secure 0 0 0) 0x7fe788038770 con 0x7fe794102160
2026-02-17T20:12:39.408 INFO:teuthology.orchestra.run.trial116.stderr:2026-02-17T20:12:39.404+0000 7fe76bfff640 1 --2- 10.20.193.116:0/2900845853 >> [v2:10.20.193.116:6800/2224408537,v1:10.20.193.116:6801/2224408537] conn(0x7fe76403dbf0 0x7fe7640400b0 unknown :-1 s=NONE pgs=0 cs=0 l=1 rev1=0 crypto rx=0 tx=0 comp rx=0 tx=0).connect
2026-02-17T20:12:39.408 INFO:teuthology.orchestra.run.trial116.stderr:2026-02-17T20:12:39.404+0000 7fe76bfff640 1 -- 10.20.193.116:0/2900845853 <== mon.0 v2:10.20.193.116:3300/0 5 ==== osd_map(3..3 src has 1..3) ==== 1155+0+0 (secure 0 0 0) 0x7fe7880770e0 con 0x7fe794102160
2026-02-17T20:12:39.408 INFO:teuthology.orchestra.run.trial116.stderr:2026-02-17T20:12:39.404+0000 7fe7927fc640 1 --2- 10.20.193.116:0/2900845853 >> [v2:10.20.193.116:6800/2224408537,v1:10.20.193.116:6801/2224408537] conn(0x7fe76403dbf0 0x7fe7640400b0 unknown :-1 s=BANNER_CONNECTING pgs=0 cs=0 l=1 rev1=0 crypto rx=0 tx=0 comp rx=0 tx=0)._handle_peer_banner_payload supported=3 required=0
2026-02-17T20:12:39.408 INFO:teuthology.orchestra.run.trial116.stderr:2026-02-17T20:12:39.404+0000 7fe7927fc640 1 --2- 10.20.193.116:0/2900845853 >> [v2:10.20.193.116:6800/2224408537,v1:10.20.193.116:6801/2224408537] conn(0x7fe76403dbf0 0x7fe7640400b0 secure :-1 s=READY pgs=11 cs=0 l=1 rev1=1 crypto rx=0x7fe77c0099c0 tx=0x7fe77c006eb0 comp rx=0 tx=0).ready entity=mgr.14150 client_cookie=0 server_cookie=0 in_seq=0 out_seq=0
2026-02-17T20:12:39.408 INFO:teuthology.orchestra.run.trial116.stderr:2026-02-17T20:12:39.407+0000 7fe76bfff640 1 -- 10.20.193.116:0/2900845853 <== mon.0 v2:10.20.193.116:3300/0 6 ==== mon_command_ack([{"prefix": "get_command_descriptions"}]=0 v0) ==== 72+0+195034 (secure 0 0 0) 0x7fe788040360 con 0x7fe794102160
2026-02-17T20:12:39.489 INFO:teuthology.orchestra.run.trial116.stderr:2026-02-17T20:12:39.488+0000 7fe793fff640 1 -- 10.20.193.116:0/2900845853 --> [v2:10.20.193.116:3300/0,v1:10.20.193.116:6789/0] -- mon_command([{prefix=config set, name=mgr/cephadm/allow_ptrace}] v 0) -- 0x7fe794192b90 con 0x7fe794102160
2026-02-17T20:12:39.491 INFO:teuthology.orchestra.run.trial116.stderr:2026-02-17T20:12:39.490+0000 7fe76bfff640 1 -- 10.20.193.116:0/2900845853 <== mon.0 v2:10.20.193.116:3300/0 7 ==== mon_command_ack([{prefix=config set, name=mgr/cephadm/allow_ptrace}]=0 v9)=0 v9) ==== 125+0+0 (secure 0 0 0) 0x7fe788038dc0 con 0x7fe794102160
2026-02-17T20:12:39.493 INFO:teuthology.orchestra.run.trial116.stderr:2026-02-17T20:12:39.491+0000 7fe793fff640 1 -- 10.20.193.116:0/2900845853 >> [v2:10.20.193.116:6800/2224408537,v1:10.20.193.116:6801/2224408537] conn(0x7fe76403dbf0 msgr2=0x7fe7640400b0 secure :-1 s=STATE_CONNECTION_ESTABLISHED l=1).mark_down
2026-02-17T20:12:39.493 INFO:teuthology.orchestra.run.trial116.stderr:2026-02-17T20:12:39.491+0000 7fe793fff640 1 --2- 10.20.193.116:0/2900845853 >> [v2:10.20.193.116:6800/2224408537,v1:10.20.193.116:6801/2224408537] conn(0x7fe76403dbf0 0x7fe7640400b0 secure :-1 s=READY pgs=11 cs=0 l=1 rev1=1 crypto rx=0x7fe77c0099c0 tx=0x7fe77c006eb0 comp rx=0 tx=0).stop
2026-02-17T20:12:39.493 INFO:teuthology.orchestra.run.trial116.stderr:2026-02-17T20:12:39.491+0000 7fe793fff640 1 -- 10.20.193.116:0/2900845853 >> [v2:10.20.193.116:3300/0,v1:10.20.193.116:6789/0] conn(0x7fe794102160 msgr2=0x7fe794199700 secure :-1 s=STATE_CONNECTION_ESTABLISHED l=1).mark_down
2026-02-17T20:12:39.493 INFO:teuthology.orchestra.run.trial116.stderr:2026-02-17T20:12:39.491+0000 7fe793fff640 1 --2- 10.20.193.116:0/2900845853 >> [v2:10.20.193.116:3300/0,v1:10.20.193.116:6789/0] conn(0x7fe794102160 0x7fe794199700 secure :-1 s=READY pgs=77 cs=0 l=1 rev1=1 crypto rx=0x7fe7880042c0 tx=0x7fe7880042f0 comp rx=0 tx=0).stop
2026-02-17T20:12:39.493 INFO:teuthology.orchestra.run.trial116.stderr:2026-02-17T20:12:39.491+0000 7fe793fff640 1 -- 10.20.193.116:0/2900845853 shutdown_connections
2026-02-17T20:12:39.493 INFO:teuthology.orchestra.run.trial116.stderr:2026-02-17T20:12:39.491+0000 7fe793fff640 1 --2- 10.20.193.116:0/2900845853 >> [v2:10.20.193.116:6800/2224408537,v1:10.20.193.116:6801/2224408537] conn(0x7fe76403dbf0 0x7fe7640400b0 unknown :-1 s=CLOSED pgs=11 cs=0 l=1 rev1=1 crypto rx=0 tx=0 comp rx=0 tx=0).stop
2026-02-17T20:12:39.493 INFO:teuthology.orchestra.run.trial116.stderr:2026-02-17T20:12:39.491+0000 7fe793fff640 1 --2- 10.20.193.116:0/2900845853 >> [v2:10.20.193.116:3300/0,v1:10.20.193.116:6789/0] conn(0x7fe794102160 0x7fe794199700 unknown :-1 s=CLOSED pgs=77 cs=0 l=1 rev1=1 crypto rx=0 tx=0 comp rx=0 tx=0).stop
2026-02-17T20:12:39.493 INFO:teuthology.orchestra.run.trial116.stderr:2026-02-17T20:12:39.491+0000 7fe793fff640 1 -- 10.20.193.116:0/2900845853 >> 10.20.193.116:0/2900845853 conn(0x7fe7940fd930 msgr2=0x7fe7940fe350 unknown :-1 s=STATE_NONE l=0).mark_down
2026-02-17T20:12:39.494 INFO:teuthology.orchestra.run.trial116.stderr:2026-02-17T20:12:39.491+0000 7fe793fff640 1 -- 10.20.193.116:0/2900845853 shutdown_connections
2026-02-17T20:12:39.494 INFO:teuthology.orchestra.run.trial116.stderr:2026-02-17T20:12:39.491+0000 7fe793fff640 1 -- 10.20.193.116:0/2900845853 wait complete.
2026-02-17T20:12:39.528 INFO:tasks.cephadm:Distributing conf and client.admin keyring to all hosts + 0755
2026-02-17T20:12:39.528 DEBUG:teuthology.orchestra.run.trial116:> sudo /home/ubuntu/cephtest/cephadm --image quay.ceph.io/ceph-ci/ceph:0a9403ad6667fb8ffa43f11d9a5d3062d3558d8e shell -c /etc/ceph/ceph.conf -k /etc/ceph/ceph.client.admin.keyring --fsid ee3fb66f-0c3c-11f1-83e2-d404e6e7d460 -- ceph orch client-keyring set client.admin '*' --mode 0755
2026-02-17T20:12:39.678 INFO:teuthology.orchestra.run.trial116.stderr:Inferring config /var/lib/ceph/ee3fb66f-0c3c-11f1-83e2-d404e6e7d460/mon.a/config
2026-02-17T20:12:39.824 INFO:teuthology.orchestra.run.trial116.stderr:2026-02-17T20:12:39.821+0000 7f0abcd88640 1 -- 10.20.193.116:0/3889386713 >> [v2:10.20.193.116:3300/0,v1:10.20.193.116:6789/0] conn(0x7f0ab81045f0 msgr2=0x7f0ab81049f0 secure :-1 s=STATE_CONNECTION_ESTABLISHED l=1).mark_down
2026-02-17T20:12:39.824 INFO:teuthology.orchestra.run.trial116.stderr:2026-02-17T20:12:39.821+0000 7f0abcd88640 1 --2- 10.20.193.116:0/3889386713 >> [v2:10.20.193.116:3300/0,v1:10.20.193.116:6789/0] conn(0x7f0ab81045f0 0x7f0ab81049f0 secure :-1 s=READY pgs=78 cs=0 l=1 rev1=1 crypto rx=0x7f0aac0099b0 tx=0x7f0aac02f2b0 comp rx=0 tx=0).stop
2026-02-17T20:12:39.825 INFO:teuthology.orchestra.run.trial116.stderr:2026-02-17T20:12:39.821+0000 7f0abcd88640 1 -- 10.20.193.116:0/3889386713 shutdown_connections
2026-02-17T20:12:39.825 INFO:teuthology.orchestra.run.trial116.stderr:2026-02-17T20:12:39.821+0000 7f0abcd88640 1 --2- 10.20.193.116:0/3889386713 >> [v2:10.20.193.116:3300/0,v1:10.20.193.116:6789/0] conn(0x7f0ab81045f0 0x7f0ab81049f0 unknown :-1 s=CLOSED pgs=78 cs=0 l=1 rev1=1 crypto rx=0 tx=0 comp rx=0 tx=0).stop
2026-02-17T20:12:39.825 INFO:teuthology.orchestra.run.trial116.stderr:2026-02-17T20:12:39.821+0000 7f0abcd88640 1 -- 10.20.193.116:0/3889386713 >> 10.20.193.116:0/3889386713 conn(0x7f0ab80ffda0 msgr2=0x7f0ab81021c0 unknown :-1 s=STATE_NONE l=0).mark_down
2026-02-17T20:12:39.825 INFO:teuthology.orchestra.run.trial116.stderr:2026-02-17T20:12:39.821+0000 7f0abcd88640 1 -- 10.20.193.116:0/3889386713 shutdown_connections
2026-02-17T20:12:39.825 INFO:teuthology.orchestra.run.trial116.stderr:2026-02-17T20:12:39.821+0000 7f0abcd88640 1 -- 10.20.193.116:0/3889386713 wait complete.
2026-02-17T20:12:39.825 INFO:teuthology.orchestra.run.trial116.stderr:2026-02-17T20:12:39.821+0000 7f0abcd88640 1 Processor -- start
2026-02-17T20:12:39.825 INFO:teuthology.orchestra.run.trial116.stderr:2026-02-17T20:12:39.822+0000 7f0abcd88640 1 -- start start
2026-02-17T20:12:39.825 INFO:teuthology.orchestra.run.trial116.stderr:2026-02-17T20:12:39.822+0000 7f0abcd88640 1 --2- >> [v2:10.20.193.116:3300/0,v1:10.20.193.116:6789/0] conn(0x7f0ab81045f0 0x7f0ab819bb90 unknown :-1 s=NONE pgs=0 cs=0 l=1 rev1=0 crypto rx=0 tx=0 comp rx=0 tx=0).connect
2026-02-17T20:12:39.825 INFO:teuthology.orchestra.run.trial116.stderr:2026-02-17T20:12:39.822+0000 7f0abcd88640 1 -- --> [v2:10.20.193.116:3300/0,v1:10.20.193.116:6789/0] -- mon_getmap magic: 0 -- 0x7f0ab810a580 con 0x7f0ab81045f0
2026-02-17T20:12:39.825 INFO:teuthology.orchestra.run.trial116.stderr:2026-02-17T20:12:39.822+0000 7f0ab6575640 1 --2- >> [v2:10.20.193.116:3300/0,v1:10.20.193.116:6789/0] conn(0x7f0ab81045f0 0x7f0ab819bb90 unknown :-1 s=BANNER_CONNECTING pgs=0 cs=0 l=1 rev1=0 crypto rx=0 tx=0 comp rx=0 tx=0)._handle_peer_banner_payload supported=3 required=0
2026-02-17T20:12:39.825 INFO:teuthology.orchestra.run.trial116.stderr:2026-02-17T20:12:39.822+0000 7f0ab6575640 1 --2- >> [v2:10.20.193.116:3300/0,v1:10.20.193.116:6789/0] conn(0x7f0ab81045f0 0x7f0ab819bb90 unknown :-1 s=HELLO_CONNECTING pgs=0 cs=0 l=1 rev1=1 crypto rx=0 tx=0 comp rx=0 tx=0).handle_hello peer v2:10.20.193.116:3300/0 says I am v2:10.20.193.116:42558/0 (socket says 10.20.193.116:42558)
