2026-02-17T20:15:05.476+0000 7f547bfff640 1 -- 10.20.193.40:0/562479505 >> [v2:10.20.193.40:3300/0,v1:10.20.193.40:6789/0] conn(0x7f547c06f7e0 msgr2=0x7f547c06dc40 secure :-1 s=STATE_CONNECTION_ESTABLISHED l=1).mark_down
2026-02-17T20:15:05.595 INFO:teuthology.orchestra.run.trial040.stdout:/usr/bin/ceph: stderr
2026-02-17T20:15:05.476+0000 7f547bfff640 1 --2- 10.20.193.40:0/562479505 >> [v2:10.20.193.40:3300/0,v1:10.20.193.40:6789/0] conn(0x7f547c06f7e0 0x7f547c06dc40 secure :-1 s=READY pgs=7 cs=0 l=1 rev1=1 crypto rx=0x7f5470009920 tx=0x7f547002ef20 comp rx=0 tx=0).stop
2026-02-17T20:15:05.595 INFO:teuthology.orchestra.run.trial040.stdout:/usr/bin/ceph: stderr
2026-02-17T20:15:05.476+0000 7f547bfff640 1 -- 10.20.193.40:0/562479505 shutdown_connections
2026-02-17T20:15:05.595 INFO:teuthology.orchestra.run.trial040.stdout:/usr/bin/ceph: stderr
2026-02-17T20:15:05.476+0000 7f547bfff640 1 --2- 10.20.193.40:0/562479505 >> [v2:10.20.193.40:3300/0,v1:10.20.193.40:6789/0] conn(0x7f547c06f7e0 0x7f547c06dc40 unknown :-1 s=CLOSED pgs=7 cs=0 l=1 rev1=1 crypto rx=0 tx=0 comp rx=0 tx=0).stop
2026-02-17T20:15:05.595 INFO:teuthology.orchestra.run.trial040.stdout:/usr/bin/ceph: stderr
2026-02-17T20:15:05.476+0000 7f547bfff640 1 -- 10.20.193.40:0/562479505 >> 10.20.193.40:0/562479505 conn(0x7f547c071490 msgr2=0x7f547c0738b0 unknown :-1 s=STATE_NONE l=0).mark_down
2026-02-17T20:15:05.595 INFO:teuthology.orchestra.run.trial040.stdout:/usr/bin/ceph: stderr
2026-02-17T20:15:05.477+0000 7f547bfff640 1 -- 10.20.193.40:0/562479505 shutdown_connections
2026-02-17T20:15:05.595 INFO:teuthology.orchestra.run.trial040.stdout:/usr/bin/ceph: stderr
2026-02-17T20:15:05.477+0000 7f547bfff640 1 -- 10.20.193.40:0/562479505 wait complete.
2026-02-17T20:15:05.595 INFO:teuthology.orchestra.run.trial040.stdout:/usr/bin/ceph: stderr
2026-02-17T20:15:05.477+0000 7f547bfff640 1 Processor -- start
2026-02-17T20:15:05.595 INFO:teuthology.orchestra.run.trial040.stdout:/usr/bin/ceph: stderr
2026-02-17T20:15:05.477+0000 7f547bfff640 1 -- start start
2026-02-17T20:15:05.595 INFO:teuthology.orchestra.run.trial040.stdout:/usr/bin/ceph: stderr
2026-02-17T20:15:05.478+0000 7f547bfff640 1 --2- >> [v2:10.20.193.40:3300/0,v1:10.20.193.40:6789/0] conn(0x7f547c06f7e0 0x7f547c1b5c00 unknown :-1 s=NONE pgs=0 cs=0 l=1 rev1=0 crypto rx=0 tx=0 comp rx=0 tx=0).connect
2026-02-17T20:15:05.595 INFO:teuthology.orchestra.run.trial040.stdout:/usr/bin/ceph: stderr
2026-02-17T20:15:05.478+0000 7f547bfff640 1 -- --> [v2:10.20.193.40:3300/0,v1:10.20.193.40:6789/0] -- mon_getmap magic: 0 -- 0x7f547c112bb0 con 0x7f547c06f7e0
2026-02-17T20:15:05.595 INFO:teuthology.orchestra.run.trial040.stdout:/usr/bin/ceph: stderr
2026-02-17T20:15:05.478+0000 7f547affd640 1 --2- >> [v2:10.20.193.40:3300/0,v1:10.20.193.40:6789/0] conn(0x7f547c06f7e0 0x7f547c1b5c00 unknown :-1 s=BANNER_CONNECTING pgs=0 cs=0 l=1 rev1=0 crypto rx=0 tx=0 comp rx=0 tx=0)._handle_peer_banner_payload supported=3 required=0
2026-02-17T20:15:05.595 INFO:teuthology.orchestra.run.trial040.stdout:/usr/bin/ceph: stderr
2026-02-17T20:15:05.478+0000 7f547affd640 1 --2- >> [v2:10.20.193.40:3300/0,v1:10.20.193.40:6789/0] conn(0x7f547c06f7e0 0x7f547c1b5c00 unknown :-1 s=HELLO_CONNECTING pgs=0 cs=0 l=1 rev1=1 crypto rx=0 tx=0 comp rx=0 tx=0).handle_hello peer v2:10.20.193.40:3300/0 says I am v2:10.20.193.40:38466/0 (socket says 10.20.193.40:38466)
2026-02-17T20:15:05.595 INFO:teuthology.orchestra.run.trial040.stdout:/usr/bin/ceph: stderr
2026-02-17T20:15:05.478+0000 7f547affd640 1 -- 10.20.193.40:0/578849867 learned_addr learned my addr 10.20.193.40:0/578849867 (peer_addr_for_me v2:10.20.193.40:0/0)
2026-02-17T20:15:05.595 INFO:teuthology.orchestra.run.trial040.stdout:/usr/bin/ceph: stderr
2026-02-17T20:15:05.479+0000 7f547affd640 1 -- 10.20.193.40:0/578849867 --> [v2:10.20.193.40:3300/0,v1:10.20.193.40:6789/0] -- mon_subscribe({config=0+,monmap=0+}) -- 0x7f547c1b6140 con 0x7f547c06f7e0
2026-02-17T20:15:05.595 INFO:teuthology.orchestra.run.trial040.stdout:/usr/bin/ceph: stderr
2026-02-17T20:15:05.479+0000 7f547affd640 1 --2- 10.20.193.40:0/578849867 >> [v2:10.20.193.40:3300/0,v1:10.20.193.40:6789/0] conn(0x7f547c06f7e0 0x7f547c1b5c00 secure :-1 s=READY pgs=8 cs=0 l=1 rev1=1 crypto rx=0x7f5470037f10 tx=0x7f5470035ac0 comp rx=0 tx=0).ready entity=mon.0 client_cookie=0 server_cookie=0 in_seq=0 out_seq=0
2026-02-17T20:15:05.595 INFO:teuthology.orchestra.run.trial040.stdout:/usr/bin/ceph: stderr
2026-02-17T20:15:05.479+0000 7f545bfff640 1 -- 10.20.193.40:0/578849867 <== mon.0 v2:10.20.193.40:3300/0 1 ==== mon_map magic: 0 ==== 205+0+0 (secure 0 0 0) 0x7f5470045070 con 0x7f547c06f7e0
2026-02-17T20:15:05.595 INFO:teuthology.orchestra.run.trial040.stdout:/usr/bin/ceph: stderr
2026-02-17T20:15:05.479+0000 7f545bfff640 1 -- 10.20.193.40:0/578849867 <== mon.0 v2:10.20.193.40:3300/0 2 ==== config(27 keys) ==== 1079+0+0 (secure 0 0 0) 0x7f547002fe50 con 0x7f547c06f7e0
2026-02-17T20:15:05.595 INFO:teuthology.orchestra.run.trial040.stdout:/usr/bin/ceph: stderr
2026-02-17T20:15:05.479+0000 7f545bfff640 1 -- 10.20.193.40:0/578849867 <== mon.0 v2:10.20.193.40:3300/0 3 ==== mon_map magic: 0 ==== 205+0+0 (secure 0 0 0) 0x7f547003c070 con 0x7f547c06f7e0
2026-02-17T20:15:05.595 INFO:teuthology.orchestra.run.trial040.stdout:/usr/bin/ceph: stderr
2026-02-17T20:15:05.479+0000 7f547bfff640 1 -- 10.20.193.40:0/578849867 --> [v2:10.20.193.40:3300/0,v1:10.20.193.40:6789/0] -- mon_subscribe({mgrmap=0+}) -- 0x7f547c1b63d0 con 0x7f547c06f7e0
2026-02-17T20:15:05.595 INFO:teuthology.orchestra.run.trial040.stdout:/usr/bin/ceph: stderr
2026-02-17T20:15:05.479+0000 7f547bfff640 1 -- 10.20.193.40:0/578849867 --> [v2:10.20.193.40:3300/0,v1:10.20.193.40:6789/0] -- mon_subscribe({osdmap=0}) -- 0x7f547c1b90c0 con 0x7f547c06f7e0
2026-02-17T20:15:05.595 INFO:teuthology.orchestra.run.trial040.stdout:/usr/bin/ceph: stderr
2026-02-17T20:15:05.479+0000 7f545bfff640 1 -- 10.20.193.40:0/578849867 <== mon.0 v2:10.20.193.40:3300/0 4 ==== mgrmap(e 1) ==== 811+0+0 (secure 0 0 0) 0x7f547002f9b0 con 0x7f547c06f7e0
2026-02-17T20:15:05.595 INFO:teuthology.orchestra.run.trial040.stdout:/usr/bin/ceph: stderr
2026-02-17T20:15:05.480+0000 7f545bfff640 1 -- 10.20.193.40:0/578849867 <== mon.0 v2:10.20.193.40:3300/0 5 ==== osd_map(1..1 src has 1..1) ==== 725+0+0 (secure 0 0 0) 0x7f5470049730 con 0x7f547c06f7e0
2026-02-17T20:15:05.595 INFO:teuthology.orchestra.run.trial040.stdout:/usr/bin/ceph: stderr
2026-02-17T20:15:05.480+0000 7f547bfff640 1 -- 10.20.193.40:0/578849867 --> [v2:10.20.193.40:3300/0,v1:10.20.193.40:6789/0] -- mon_command({"prefix": "get_command_descriptions"} v 0) -- 0x7f547c06dcc0 con 0x7f547c06f7e0
2026-02-17T20:15:05.595 INFO:teuthology.orchestra.run.trial040.stdout:/usr/bin/ceph: stderr
2026-02-17T20:15:05.481+0000 7f545bfff640 1 -- 10.20.193.40:0/578849867 <== mon.0 v2:10.20.193.40:3300/0 6 ==== mon_command_ack([{"prefix": "get_command_descriptions"}]=0 v0) ==== 72+0+75931 (secure 0 0 0) 0x7f547004f030 con 0x7f547c06f7e0
2026-02-17T20:15:05.595 INFO:teuthology.orchestra.run.trial040.stdout:/usr/bin/ceph: stderr
2026-02-17T20:15:05.513+0000 7f547bfff640 1 -- 10.20.193.40:0/578849867 --> [v2:10.20.193.40:3300/0,v1:10.20.193.40:6789/0] -- mon_command({"prefix": "status", "format": "json-pretty"} v 0) -- 0x7f547c1172a0 con 0x7f547c06f7e0
2026-02-17T20:15:05.595 INFO:teuthology.orchestra.run.trial040.stdout:/usr/bin/ceph: stderr
2026-02-17T20:15:05.514+0000 7f545bfff640 1 -- 10.20.193.40:0/578849867 <== mon.0 v2:10.20.193.40:3300/0 7 ==== mon_command_ack([{"prefix": "status", "format": "json-pretty"}]=0 v0) ==== 79+0+1291 (secure 0 0 0) 0x7f5470040450 con 0x7f547c06f7e0
2026-02-17T20:15:05.595 INFO:teuthology.orchestra.run.trial040.stdout:/usr/bin/ceph: stderr
2026-02-17T20:15:05.515+0000 7f547bfff640 1 -- 10.20.193.40:0/578849867 >> [v2:10.20.193.40:3300/0,v1:10.20.193.40:6789/0] conn(0x7f547c06f7e0 msgr2=0x7f547c1b5c00 secure :-1 s=STATE_CONNECTION_ESTABLISHED l=1).mark_down
2026-02-17T20:15:05.595 INFO:teuthology.orchestra.run.trial040.stdout:/usr/bin/ceph: stderr
2026-02-17T20:15:05.515+0000 7f547bfff640 1 --2- 10.20.193.40:0/578849867 >> [v2:10.20.193.40:3300/0,v1:10.20.193.40:6789/0] conn(0x7f547c06f7e0 0x7f547c1b5c00 secure :-1 s=READY pgs=8 cs=0 l=1 rev1=1 crypto rx=0x7f5470037f10 tx=0x7f5470035ac0 comp rx=0 tx=0).stop
2026-02-17T20:15:05.595 INFO:teuthology.orchestra.run.trial040.stdout:/usr/bin/ceph: stderr
2026-02-17T20:15:05.515+0000 7f547bfff640 1 -- 10.20.193.40:0/578849867 shutdown_connections
2026-02-17T20:15:05.595 INFO:teuthology.orchestra.run.trial040.stdout:/usr/bin/ceph: stderr
2026-02-17T20:15:05.515+0000 7f547bfff640 1 --2- 10.20.193.40:0/578849867 >> [v2:10.20.193.40:3300/0,v1:10.20.193.40:6789/0] conn(0x7f547c06f7e0 0x7f547c1b5c00 unknown :-1 s=CLOSED pgs=8 cs=0 l=1 rev1=1 crypto rx=0 tx=0 comp rx=0 tx=0).stop
2026-02-17T20:15:05.595 INFO:teuthology.orchestra.run.trial040.stdout:/usr/bin/ceph: stderr
2026-02-17T20:15:05.515+0000 7f547bfff640 1 -- 10.20.193.40:0/578849867 >> 10.20.193.40:0/578849867 conn(0x7f547c071490 msgr2=0x7f547c114a00 unknown :-1 s=STATE_NONE l=0).mark_down
2026-02-17T20:15:05.595 INFO:teuthology.orchestra.run.trial040.stdout:/usr/bin/ceph: stderr
2026-02-17T20:15:05.515+0000 7f547bfff640 1 -- 10.20.193.40:0/578849867 shutdown_connections
2026-02-17T20:15:05.595 INFO:teuthology.orchestra.run.trial040.stdout:/usr/bin/ceph: stderr
2026-02-17T20:15:05.515+0000 7f547bfff640 1 -- 10.20.193.40:0/578849867 wait complete.
2026-02-17T20:15:05.596 INFO:teuthology.orchestra.run.trial040.stdout:mgr not available, waiting (2/15)...
2026-02-17T20:15:05.905 INFO:journalctl@ceph.mon.a.trial040.stdout:Feb 17 20:15:05 trial040 ceph-mon[22678]: from='client.? 10.20.193.40:0/578849867' entity='client.admin' cmd=[{"prefix": "status", "format": "json-pretty"}]: dispatch
2026-02-17T20:15:06.405 INFO:journalctl@ceph.mgr.x.trial040.stdout:Feb 17 20:15:06 trial040 ceph-4c029118-0c3d-11f1-8fe1-d404e6e7d460-mgr-x[22903]:
2026-02-17T20:15:06.024+0000 7f14d675d140 -1 mgr[py] Module volumes has missing NOTIFY_TYPES member
2026-02-17T20:15:06.406 INFO:journalctl@ceph.mgr.x.trial040.stdout:Feb 17 20:15:06 trial040 ceph-4c029118-0c3d-11f1-8fe1-d404e6e7d460-mgr-x[22903]:
2026-02-17T20:15:06.064+0000 7f14d675d140 -1 mgr[py] Module zabbix has missing NOTIFY_TYPES member
2026-02-17T20:15:06.906 INFO:journalctl@ceph.mon.a.trial040.stdout:Feb 17 20:15:06 trial040 ceph-mon[22678]: Activating manager daemon x
2026-02-17T20:15:06.906 INFO:journalctl@ceph.mon.a.trial040.stdout:Feb 17 20:15:06 trial040 ceph-mon[22678]: mgrmap e2: x(active, starting, since 0.0037595s)
2026-02-17T20:15:06.906 INFO:journalctl@ceph.mon.a.trial040.stdout:Feb 17 20:15:06 trial040 ceph-mon[22678]: from='mgr.14100 10.20.193.40:0/635800035' entity='mgr.x' cmd=[{"prefix": "mds metadata"}]: dispatch
2026-02-17T20:15:06.906 INFO:journalctl@ceph.mon.a.trial040.stdout:Feb 17 20:15:06 trial040 ceph-mon[22678]: from='mgr.14100 10.20.193.40:0/635800035' entity='mgr.x' cmd=[{"prefix": "osd metadata"}]: dispatch
2026-02-17T20:15:06.906 INFO:journalctl@ceph.mon.a.trial040.stdout:Feb 17 20:15:06 trial040 ceph-mon[22678]: from='mgr.14100 10.20.193.40:0/635800035' entity='mgr.x' cmd=[{"prefix": "mon metadata"}]: dispatch
2026-02-17T20:15:06.906 INFO:journalctl@ceph.mon.a.trial040.stdout:Feb 17 20:15:06 trial040 ceph-mon[22678]: from='mgr.14100 10.20.193.40:0/635800035' entity='mgr.x' cmd=[{"prefix": "mon metadata", "id": "a"}]: dispatch
2026-02-17T20:15:06.906 INFO:journalctl@ceph.mon.a.trial040.stdout:Feb 17 20:15:06 trial040 ceph-mon[22678]: from='mgr.14100 10.20.193.40:0/635800035' entity='mgr.x' cmd=[{"prefix": "mgr metadata", "who": "x", "id": "x"}]: dispatch
2026-02-17T20:15:06.906 INFO:journalctl@ceph.mon.a.trial040.stdout:Feb 17 20:15:06 trial040 ceph-mon[22678]: Manager daemon x is now available
2026-02-17T20:15:06.906 INFO:journalctl@ceph.mon.a.trial040.stdout:Feb 17 20:15:06 trial040 ceph-mon[22678]: from='mgr.14100 10.20.193.40:0/635800035' entity='mgr.x' cmd=[{"prefix":"config rm","who":"mgr","name":"mgr/rbd_support/x/mirror_snapshot_schedule"}]: dispatch
2026-02-17T20:15:06.906 INFO:journalctl@ceph.mon.a.trial040.stdout:Feb 17 20:15:06 trial040 ceph-mon[22678]: from='mgr.14100 10.20.193.40:0/635800035' entity='mgr.x' cmd=[{"prefix":"config rm","who":"mgr","name":"mgr/rbd_support/x/trash_purge_schedule"}]: dispatch
2026-02-17T20:15:06.906 INFO:journalctl@ceph.mon.a.trial040.stdout:Feb 17 20:15:06 trial040 ceph-mon[22678]: from='mgr.14100 10.20.193.40:0/635800035' entity='mgr.x'
2026-02-17T20:15:06.906 INFO:journalctl@ceph.mon.a.trial040.stdout:Feb 17 20:15:06 trial040 ceph-mon[22678]: from='mgr.14100 10.20.193.40:0/635800035' entity='mgr.x'
2026-02-17T20:15:06.906 INFO:journalctl@ceph.mon.a.trial040.stdout:Feb 17 20:15:06 trial040 ceph-mon[22678]: from='mgr.14100 10.20.193.40:0/635800035' entity='mgr.x'
2026-02-17T20:15:06.906 INFO:journalctl@ceph.mgr.x.trial040.stdout:Feb 17 20:15:06 trial040 ceph-4c029118-0c3d-11f1-8fe1-d404e6e7d460-mgr-x[22903]:
2026-02-17T20:15:06.643+0000 7f14d675d140 -1 mgr[py] Module influx has missing NOTIFY_TYPES member
2026-02-17T20:15:07.982 INFO:teuthology.orchestra.run.trial040.stdout:/usr/bin/ceph: stdout
2026-02-17T20:15:07.983 INFO:teuthology.orchestra.run.trial040.stdout:/usr/bin/ceph: stdout {
2026-02-17T20:15:07.983 INFO:teuthology.orchestra.run.trial040.stdout:/usr/bin/ceph: stdout "fsid": "4c029118-0c3d-11f1-8fe1-d404e6e7d460",
2026-02-17T20:15:07.983 INFO:teuthology.orchestra.run.trial040.stdout:/usr/bin/ceph: stdout "health": {
2026-02-17T20:15:07.983 INFO:teuthology.orchestra.run.trial040.stdout:/usr/bin/ceph: stdout "status": "HEALTH_OK",
2026-02-17T20:15:07.983 INFO:teuthology.orchestra.run.trial040.stdout:/usr/bin/ceph: stdout "checks": {},
2026-02-17T20:15:07.983 INFO:teuthology.orchestra.run.trial040.stdout:/usr/bin/ceph: stdout "mutes": []
2026-02-17T20:15:07.983 INFO:teuthology.orchestra.run.trial040.stdout:/usr/bin/ceph: stdout },
2026-02-17T20:15:07.983 INFO:teuthology.orchestra.run.trial040.stdout:/usr/bin/ceph: stdout "election_epoch": 5,
2026-02-17T20:15:07.983 INFO:teuthology.orchestra.run.trial040.stdout:/usr/bin/ceph: stdout "quorum": [
2026-02-17T20:15:07.983 INFO:teuthology.orchestra.run.trial040.stdout:/usr/bin/ceph: stdout 0
2026-02-17T20:15:07.983 INFO:teuthology.orchestra.run.trial040.stdout:/usr/bin/ceph: stdout ],
2026-02-17T20:15:07.984 INFO:teuthology.orchestra.run.trial040.stdout:/usr/bin/ceph: stdout "quorum_names": [
2026-02-17T20:15:07.984 INFO:teuthology.orchestra.run.trial040.stdout:/usr/bin/ceph: stdout "a"
2026-02-17T20:15:07.984 INFO:teuthology.orchestra.run.trial040.stdout:/usr/bin/ceph: stdout ],
2026-02-17T20:15:07.984 INFO:teuthology.orchestra.run.trial040.stdout:/usr/bin/ceph: stdout "quorum_age": 5,
2026-02-17T20:15:07.984 INFO:teuthology.orchestra.run.trial040.stdout:/usr/bin/ceph: stdout "monmap": {
2026-02-17T20:15:07.984 INFO:teuthology.orchestra.run.trial040.stdout:/usr/bin/ceph: stdout "epoch": 1,
2026-02-17T20:15:07.984 INFO:teuthology.orchestra.run.trial040.stdout:/usr/bin/ceph: stdout "min_mon_release_name": "squid",
2026-02-17T20:15:07.984 INFO:teuthology.orchestra.run.trial040.stdout:/usr/bin/ceph: stdout "num_mons": 1
2026-02-17T20:15:07.984 INFO:teuthology.orchestra.run.trial040.stdout:/usr/bin/ceph: stdout },
2026-02-17T20:15:07.984 INFO:teuthology.orchestra.run.trial040.stdout:/usr/bin/ceph: stdout "osdmap": {
2026-02-17T20:15:07.984 INFO:teuthology.orchestra.run.trial040.stdout:/usr/bin/ceph: stdout "epoch": 1,
2026-02-17T20:15:07.984 INFO:teuthology.orchestra.run.trial040.stdout:/usr/bin/ceph: stdout "num_osds": 0,
2026-02-17T20:15:07.985 INFO:teuthology.orchestra.run.trial040.stdout:/usr/bin/ceph: stdout "num_up_osds": 0,
2026-02-17T20:15:07.985 INFO:teuthology.orchestra.run.trial040.stdout:/usr/bin/ceph: stdout "osd_up_since": 0,
2026-02-17T20:15:07.985 INFO:teuthology.orchestra.run.trial040.stdout:/usr/bin/ceph: stdout "num_in_osds": 0,
2026-02-17T20:15:07.985 INFO:teuthology.orchestra.run.trial040.stdout:/usr/bin/ceph: stdout "osd_in_since": 0,
2026-02-17T20:15:07.985 INFO:teuthology.orchestra.run.trial040.stdout:/usr/bin/ceph: stdout "num_remapped_pgs": 0
2026-02-17T20:15:07.985 INFO:teuthology.orchestra.run.trial040.stdout:/usr/bin/ceph: stdout },
2026-02-17T20:15:07.985 INFO:teuthology.orchestra.run.trial040.stdout:/usr/bin/ceph: stdout "pgmap": {
2026-02-17T20:15:07.985 INFO:teuthology.orchestra.run.trial040.stdout:/usr/bin/ceph: stdout "pgs_by_state": [],
2026-02-17T20:15:07.985 INFO:teuthology.orchestra.run.trial040.stdout:/usr/bin/ceph: stdout "num_pgs": 0,
2026-02-17T20:15:07.985 INFO:teuthology.orchestra.run.trial040.stdout:/usr/bin/ceph: stdout "num_pools": 0,
2026-02-17T20:15:07.985 INFO:teuthology.orchestra.run.trial040.stdout:/usr/bin/ceph: stdout "num_objects": 0,
2026-02-17T20:15:07.985 INFO:teuthology.orchestra.run.trial040.stdout:/usr/bin/ceph: stdout "data_bytes": 0,
2026-02-17T20:15:07.986 INFO:teuthology.orchestra.run.trial040.stdout:/usr/bin/ceph: stdout "bytes_used": 0,
2026-02-17T20:15:07.986 INFO:teuthology.orchestra.run.trial040.stdout:/usr/bin/ceph: stdout "bytes_avail": 0,
2026-02-17T20:15:07.986 INFO:teuthology.orchestra.run.trial040.stdout:/usr/bin/ceph: stdout "bytes_total": 0
2026-02-17T20:15:07.986 INFO:teuthology.orchestra.run.trial040.stdout:/usr/bin/ceph: stdout },
2026-02-17T20:15:07.986 INFO:teuthology.orchestra.run.trial040.stdout:/usr/bin/ceph: stdout "fsmap": {
2026-02-17T20:15:07.986 INFO:teuthology.orchestra.run.trial040.stdout:/usr/bin/ceph: stdout "epoch": 1,
2026-02-17T20:15:07.986 INFO:teuthology.orchestra.run.trial040.stdout:/usr/bin/ceph: stdout "btime": "2026-02-17T20:15:00:487309+0000",
2026-02-17T20:15:07.986 INFO:teuthology.orchestra.run.trial040.stdout:/usr/bin/ceph: stdout "by_rank": [],
2026-02-17T20:15:07.986 INFO:teuthology.orchestra.run.trial040.stdout:/usr/bin/ceph: stdout "up:standby": 0
2026-02-17T20:15:07.986 INFO:teuthology.orchestra.run.trial040.stdout:/usr/bin/ceph: stdout },
2026-02-17T20:15:07.986 INFO:teuthology.orchestra.run.trial040.stdout:/usr/bin/ceph: stdout "mgrmap": {
2026-02-17T20:15:07.986 INFO:teuthology.orchestra.run.trial040.stdout:/usr/bin/ceph: stdout "available": true,
2026-02-17T20:15:07.986 INFO:teuthology.orchestra.run.trial040.stdout:/usr/bin/ceph: stdout "num_standbys": 0,
2026-02-17T20:15:07.987 INFO:teuthology.orchestra.run.trial040.stdout:/usr/bin/ceph: stdout "modules": [
2026-02-17T20:15:07.987 INFO:teuthology.orchestra.run.trial040.stdout:/usr/bin/ceph: stdout "iostat",
2026-02-17T20:15:07.987 INFO:teuthology.orchestra.run.trial040.stdout:/usr/bin/ceph: stdout "nfs",
2026-02-17T20:15:07.987 INFO:teuthology.orchestra.run.trial040.stdout:/usr/bin/ceph: stdout "restful"
2026-02-17T20:15:07.987 INFO:teuthology.orchestra.run.trial040.stdout:/usr/bin/ceph: stdout ],
2026-02-17T20:15:07.987 INFO:teuthology.orchestra.run.trial040.stdout:/usr/bin/ceph: stdout "services": {}
2026-02-17T20:15:07.987 INFO:teuthology.orchestra.run.trial040.stdout:/usr/bin/ceph: stdout },
2026-02-17T20:15:07.987 INFO:teuthology.orchestra.run.trial040.stdout:/usr/bin/ceph: stdout "servicemap": {
2026-02-17T20:15:07.987 INFO:teuthology.orchestra.run.trial040.stdout:/usr/bin/ceph: stdout "epoch": 1,
2026-02-17T20:15:07.987 INFO:teuthology.orchestra.run.trial040.stdout:/usr/bin/ceph: stdout "modified": "2026-02-17T20:15:00.487830+0000",
2026-02-17T20:15:07.987 INFO:teuthology.orchestra.run.trial040.stdout:/usr/bin/ceph: stdout "services": {}
2026-02-17T20:15:07.987 INFO:teuthology.orchestra.run.trial040.stdout:/usr/bin/ceph: stdout },
2026-02-17T20:15:07.988 INFO:teuthology.orchestra.run.trial040.stdout:/usr/bin/ceph: stdout "progress_events": {}
2026-02-17T20:15:07.988 INFO:teuthology.orchestra.run.trial040.stdout:/usr/bin/ceph: stdout }
2026-02-17T20:15:07.988 INFO:teuthology.orchestra.run.trial040.stdout:/usr/bin/ceph: stderr
2026-02-17T20:15:07.764+0000 7fb299ff3640 1 Processor -- start
2026-02-17T20:15:07.988 INFO:teuthology.orchestra.run.trial040.stdout:/usr/bin/ceph: stderr
2026-02-17T20:15:07.764+0000 7fb299ff3640 1 -- start start
2026-02-17T20:15:07.988 INFO:teuthology.orchestra.run.trial040.stdout:/usr/bin/ceph: stderr
2026-02-17T20:15:07.765+0000 7fb299ff3640 1 --2- >> [v2:10.20.193.40:3300/0,v1:10.20.193.40:6789/0] conn(0x7fb29410f090 0x7fb294111480 unknown :-1 s=NONE pgs=0 cs=0 l=0 rev1=0 crypto rx=0 tx=0 comp rx=0 tx=0).connect
2026-02-17T20:15:07.988 INFO:teuthology.orchestra.run.trial040.stdout:/usr/bin/ceph: stderr
2026-02-17T20:15:07.765+0000 7fb299ff3640 1 -- --> [v2:10.20.193.40:3300/0,v1:10.20.193.40:6789/0] -- mon_getmap magic: 0 -- 0x7fb294111a50 con 0x7fb29410f090
2026-02-17T20:15:07.988 INFO:teuthology.orchestra.run.trial040.stdout:/usr/bin/ceph: stderr
2026-02-17T20:15:07.765+0000 7fb298ff1640 1 --2- >> [v2:10.20.193.40:3300/0,v1:10.20.193.40:6789/0] conn(0x7fb29410f090 0x7fb294111480 unknown :-1 s=BANNER_CONNECTING pgs=0 cs=0 l=0 rev1=0 crypto rx=0 tx=0 comp rx=0 tx=0)._handle_peer_banner_payload supported=3 required=0
2026-02-17T20:15:07.988 INFO:teuthology.orchestra.run.trial040.stdout:/usr/bin/ceph: stderr
2026-02-17T20:15:07.765+0000 7fb298ff1640 1 --2- >> [v2:10.20.193.40:3300/0,v1:10.20.193.40:6789/0] conn(0x7fb29410f090 0x7fb294111480 unknown :-1 s=HELLO_CONNECTING pgs=0 cs=0 l=0 rev1=1 crypto rx=0 tx=0 comp rx=0 tx=0).handle_hello peer v2:10.20.193.40:3300/0 says I am v2:10.20.193.40:38536/0 (socket says 10.20.193.40:38536)
2026-02-17T20:15:07.988 INFO:teuthology.orchestra.run.trial040.stdout:/usr/bin/ceph: stderr
2026-02-17T20:15:07.765+0000 7fb298ff1640 1 -- 10.20.193.40:0/3423932462 learned_addr learned my addr 10.20.193.40:0/3423932462 (peer_addr_for_me v2:10.20.193.40:0/0)
2026-02-17T20:15:07.988 INFO:teuthology.orchestra.run.trial040.stdout:/usr/bin/ceph: stderr
2026-02-17T20:15:07.765+0000 7fb298ff1640 1 -- 10.20.193.40:0/3423932462 --> [v2:10.20.193.40:3300/0,v1:10.20.193.40:6789/0] -- mon_subscribe({config=0+,monmap=0+}) -- 0x7fb294111bd0 con 0x7fb29410f090
2026-02-17T20:15:07.988 INFO:teuthology.orchestra.run.trial040.stdout:/usr/bin/ceph: stderr
2026-02-17T20:15:07.766+0000 7fb298ff1640 1 --2- 10.20.193.40:0/3423932462 >> [v2:10.20.193.40:3300/0,v1:10.20.193.40:6789/0] conn(0x7fb29410f090 0x7fb294111480 secure :-1 s=READY pgs=16 cs=0 l=1 rev1=1 crypto rx=0x7fb284009920 tx=0x7fb28402ef20 comp rx=0 tx=0).ready entity=mon.0 client_cookie=67830295f632f23 server_cookie=0 in_seq=0 out_seq=0
2026-02-17T20:15:07.988 INFO:teuthology.orchestra.run.trial040.stdout:/usr/bin/ceph: stderr
2026-02-17T20:15:07.766+0000 7fb28b7fe640 1 -- 10.20.193.40:0/3423932462 <== mon.0 v2:10.20.193.40:3300/0 1 ==== mon_map magic: 0 ==== 205+0+0 (secure 0 0 0) 0x7fb28403c070 con 0x7fb29410f090
2026-02-17T20:15:07.989 INFO:teuthology.orchestra.run.trial040.stdout:/usr/bin/ceph: stderr
2026-02-17T20:15:07.766+0000 7fb28b7fe640 1 -- 10.20.193.40:0/3423932462 <== mon.0 v2:10.20.193.40:3300/0 2 ==== config(27 keys) ==== 1079+0+0 (secure 0 0 0) 0x7fb284037440 con 0x7fb29410f090
2026-02-17T20:15:07.989 INFO:teuthology.orchestra.run.trial040.stdout:/usr/bin/ceph: stderr
2026-02-17T20:15:07.766+0000 7fb28b7fe640 1 -- 10.20.193.40:0/3423932462 <== mon.0 v2:10.20.193.40:3300/0 3 ==== mon_map magic: 0 ==== 205+0+0 (secure 0 0 0) 0x7fb2840354d0 con 0x7fb29410f090
2026-02-17T20:15:07.989 INFO:teuthology.orchestra.run.trial040.stdout:/usr/bin/ceph: stderr
2026-02-17T20:15:07.766+0000 7fb299ff3640 1 -- 10.20.193.40:0/3423932462 >> [v2:10.20.193.40:3300/0,v1:10.20.193.40:6789/0] conn(0x7fb29410f090 msgr2=0x7fb294111480 secure :-1 s=STATE_CONNECTION_ESTABLISHED l=1).mark_down
2026-02-17T20:15:07.989 INFO:teuthology.orchestra.run.trial040.stdout:/usr/bin/ceph: stderr
2026-02-17T20:15:07.766+0000 7fb299ff3640 1 --2- 10.20.193.40:0/3423932462 >> [v2:10.20.193.40:3300/0,v1:10.20.193.40:6789/0] conn(0x7fb29410f090 0x7fb294111480 secure :-1 s=READY pgs=16 cs=0 l=1 rev1=1 crypto rx=0x7fb284009920 tx=0x7fb28402ef20 comp rx=0 tx=0).stop
2026-02-17T20:15:07.989 INFO:teuthology.orchestra.run.trial040.stdout:/usr/bin/ceph: stderr
2026-02-17T20:15:07.767+0000 7fb299ff3640 1 -- 10.20.193.40:0/3423932462 shutdown_connections
2026-02-17T20:15:07.989 INFO:teuthology.orchestra.run.trial040.stdout:/usr/bin/ceph: stderr
2026-02-17T20:15:07.767+0000 7fb299ff3640 1 --2- 10.20.193.40:0/3423932462 >> [v2:10.20.193.40:3300/0,v1:10.20.193.40:6789/0] conn(0x7fb29410f090 0x7fb294111480 unknown :-1 s=CLOSED pgs=16 cs=0 l=1 rev1=1 crypto rx=0 tx=0 comp rx=0 tx=0).stop
2026-02-17T20:15:07.989 INFO:teuthology.orchestra.run.trial040.stdout:/usr/bin/ceph: stderr
2026-02-17T20:15:07.767+0000 7fb299ff3640 1 -- 10.20.193.40:0/3423932462 >> 10.20.193.40:0/3423932462 conn(0x7fb29407d980 msgr2=0x7fb29407fde0 unknown :-1 s=STATE_NONE l=0).mark_down
2026-02-17T20:15:07.989 INFO:teuthology.orchestra.run.trial040.stdout:/usr/bin/ceph: stderr
2026-02-17T20:15:07.767+0000 7fb299ff3640 1 -- 10.20.193.40:0/3423932462 shutdown_connections
2026-02-17T20:15:07.989 INFO:teuthology.orchestra.run.trial040.stdout:/usr/bin/ceph: stderr
2026-02-17T20:15:07.767+0000 7fb299ff3640 1 -- 10.20.193.40:0/3423932462 wait complete.
2026-02-17T20:15:07.989 INFO:teuthology.orchestra.run.trial040.stdout:/usr/bin/ceph: stderr
2026-02-17T20:15:07.767+0000 7fb299ff3640 1 Processor -- start
2026-02-17T20:15:07.989 INFO:teuthology.orchestra.run.trial040.stdout:/usr/bin/ceph: stderr
2026-02-17T20:15:07.767+0000 7fb299ff3640 1 -- start start
2026-02-17T20:15:07.989 INFO:teuthology.orchestra.run.trial040.stdout:/usr/bin/ceph: stderr
2026-02-17T20:15:07.768+0000 7fb299ff3640 1 --2- >> [v2:10.20.193.40:3300/0,v1:10.20.193.40:6789/0] conn(0x7fb29410f090 0x7fb2941a4710 unknown :-1 s=NONE pgs=0 cs=0 l=1 rev1=0 crypto rx=0 tx=0 comp rx=0 tx=0).connect
2026-02-17T20:15:07.990 INFO:teuthology.orchestra.run.trial040.stdout:/usr/bin/ceph: stderr
2026-02-17T20:15:07.768+0000 7fb299ff3640 1 -- --> [v2:10.20.193.40:3300/0,v1:10.20.193.40:6789/0] -- mon_getmap magic: 0 -- 0x7fb294112b10 con 0x7fb29410f090
2026-02-17T20:15:07.990 INFO:teuthology.orchestra.run.trial040.stdout:/usr/bin/ceph: stderr
2026-02-17T20:15:07.768+0000 7fb298ff1640 1 --2- >> [v2:10.20.193.40:3300/0,v1:10.20.193.40:6789/0] conn(0x7fb29410f090 0x7fb2941a4710 unknown :-1 s=BANNER_CONNECTING pgs=0 cs=0 l=1 rev1=0 crypto rx=0 tx=0 comp rx=0 tx=0)._handle_peer_banner_payload supported=3 required=0
2026-02-17T20:15:07.990 INFO:teuthology.orchestra.run.trial040.stdout:/usr/bin/ceph: stderr
2026-02-17T20:15:07.768+0000 7fb298ff1640 1 --2- >> [v2:10.20.193.40:3300/0,v1:10.20.193.40:6789/0] conn(0x7fb29410f090 0x7fb2941a4710 unknown :-1 s=HELLO_CONNECTING pgs=0 cs=0 l=1 rev1=1 crypto rx=0 tx=0 comp rx=0 tx=0).handle_hello peer v2:10.20.193.40:3300/0 says I am v2:10.20.193.40:38550/0 (socket says 10.20.193.40:38550)
2026-02-17T20:15:07.990 INFO:teuthology.orchestra.run.trial040.stdout:/usr/bin/ceph: stderr
2026-02-17T20:15:07.768+0000 7fb298ff1640 1 -- 10.20.193.40:0/3939142377 learned_addr learned my addr 10.20.193.40:0/3939142377 (peer_addr_for_me v2:10.20.193.40:0/0)
2026-02-17T20:15:07.990 INFO:teuthology.orchestra.run.trial040.stdout:/usr/bin/ceph: stderr
2026-02-17T20:15:07.768+0000 7fb298ff1640 1 -- 10.20.193.40:0/3939142377 --> [v2:10.20.193.40:3300/0,v1:10.20.193.40:6789/0] -- mon_subscribe({config=0+,monmap=0+}) -- 0x7fb2941a4c50 con 0x7fb29410f090
2026-02-17T20:15:07.990 INFO:teuthology.orchestra.run.trial040.stdout:/usr/bin/ceph: stderr
2026-02-17T20:15:07.768+0000 7fb298ff1640 1 --2- 10.20.193.40:0/3939142377 >> [v2:10.20.193.40:3300/0,v1:10.20.193.40:6789/0] conn(0x7fb29410f090 0x7fb2941a4710 secure :-1 s=READY pgs=17 cs=0 l=1 rev1=1 crypto rx=0x7fb284009a50 tx=0x7fb284035ac0 comp rx=0 tx=0).ready entity=mon.0 client_cookie=0 server_cookie=0 in_seq=0 out_seq=0
2026-02-17T20:15:07.990 INFO:teuthology.orchestra.run.trial040.stdout:/usr/bin/ceph: stderr
2026-02-17T20:15:07.768+0000 7fb289ffb640 1 -- 10.20.193.40:0/3939142377 <== mon.0 v2:10.20.193.40:3300/0 1 ==== mon_map magic: 0 ==== 205+0+0 (secure 0 0 0) 0x7fb284045070 con 0x7fb29410f090
2026-02-17T20:15:07.990 INFO:teuthology.orchestra.run.trial040.stdout:/usr/bin/ceph: stderr
2026-02-17T20:15:07.769+0000 7fb289ffb640 1 -- 10.20.193.40:0/3939142377 <== mon.0 v2:10.20.193.40:3300/0 2 ==== config(27 keys) ==== 1079+0+0 (secure 0 0 0) 0x7fb28402fe50 con 0x7fb29410f090
2026-02-17T20:15:07.990 INFO:teuthology.orchestra.run.trial040.stdout:/usr/bin/ceph: stderr
2026-02-17T20:15:07.769+0000 7fb289ffb640 1 -- 10.20.193.40:0/3939142377 <== mon.0 v2:10.20.193.40:3300/0 3 ==== mon_map magic: 0 ==== 205+0+0 (secure 0 0 0) 0x7fb28403c070 con 0x7fb29410f090
2026-02-17T20:15:07.990 INFO:teuthology.orchestra.run.trial040.stdout:/usr/bin/ceph: stderr
2026-02-17T20:15:07.769+0000 7fb299ff3640 1 -- 10.20.193.40:0/3939142377 --> [v2:10.20.193.40:3300/0,v1:10.20.193.40:6789/0] -- mon_subscribe({mgrmap=0+}) -- 0x7fb2941a4f40 con 0x7fb29410f090
2026-02-17T20:15:07.990 INFO:teuthology.orchestra.run.trial040.stdout:/usr/bin/ceph: stderr
2026-02-17T20:15:07.769+0000 7fb299ff3640 1 -- 10.20.193.40:0/3939142377 --> [v2:10.20.193.40:3300/0,v1:10.20.193.40:6789/0] -- mon_subscribe({osdmap=0}) -- 0x7fb2941a7bd0 con 0x7fb29410f090
2026-02-17T20:15:07.991 INFO:teuthology.orchestra.run.trial040.stdout:/usr/bin/ceph: stderr
2026-02-17T20:15:07.769+0000 7fb299ff3640 1 -- 10.20.193.40:0/3939142377 --> [v2:10.20.193.40:3300/0,v1:10.20.193.40:6789/0] -- mon_command({"prefix": "get_command_descriptions"} v 0) -- 0x7fb29410f4f0 con 0x7fb29410f090
2026-02-17T20:15:07.991 INFO:teuthology.orchestra.run.trial040.stdout:/usr/bin/ceph: stderr
2026-02-17T20:15:07.769+0000 7fb289ffb640 1 -- 10.20.193.40:0/3939142377 <== mon.0 v2:10.20.193.40:3300/0 4 ==== mgrmap(e 3) ==== 50130+0+0 (secure 0 0 0) 0x7fb2840405e0 con 0x7fb29410f090
2026-02-17T20:15:07.991 INFO:teuthology.orchestra.run.trial040.stdout:/usr/bin/ceph: stderr
2026-02-17T20:15:07.770+0000 7fb289ffb640 1 --2- 10.20.193.40:0/3939142377 >> [v2:10.20.193.40:6800/1611373821,v1:10.20.193.40:6801/1611373821] conn(0x7fb27003da80 0x7fb27003ff40 unknown :-1 s=NONE pgs=0 cs=0 l=1 rev1=0 crypto rx=0 tx=0 comp rx=0 tx=0).connect
2026-02-17T20:15:07.991 INFO:teuthology.orchestra.run.trial040.stdout:/usr/bin/ceph: stderr
2026-02-17T20:15:07.770+0000 7fb289ffb640 1 -- 10.20.193.40:0/3939142377 <== mon.0 v2:10.20.193.40:3300/0 5 ==== osd_map(1..1 src has 1..1) ==== 725+0+0 (secure 0 0 0) 0x7fb2840764b0 con 0x7fb29410f090
2026-02-17T20:15:07.991 INFO:teuthology.orchestra.run.trial040.stdout:/usr/bin/ceph: stderr
2026-02-17T20:15:07.770+0000 7fb28bfff640 1 --2- 10.20.193.40:0/3939142377 >> [v2:10.20.193.40:6800/1611373821,v1:10.20.193.40:6801/1611373821] conn(0x7fb27003da80 0x7fb27003ff40 unknown :-1 s=BANNER_CONNECTING pgs=0 cs=0 l=1 rev1=0 crypto rx=0 tx=0 comp rx=0 tx=0)._handle_peer_banner_payload supported=3 required=0
2026-02-17T20:15:07.991 INFO:teuthology.orchestra.run.trial040.stdout:/usr/bin/ceph: stderr
2026-02-17T20:15:07.771+0000 7fb28bfff640 1 --2- 10.20.193.40:0/3939142377 >> [v2:10.20.193.40:6800/1611373821,v1:10.20.193.40:6801/1611373821] conn(0x7fb27003da80 0x7fb27003ff40 secure :-1 s=READY pgs=6 cs=0 l=1 rev1=1 crypto rx=0x7fb27c0099c0 tx=0x7fb27c006eb0 comp rx=0 tx=0).ready entity=mgr.14100 client_cookie=0 server_cookie=0 in_seq=0 out_seq=0
2026-02-17T20:15:07.991 INFO:teuthology.orchestra.run.trial040.stdout:/usr/bin/ceph: stderr
2026-02-17T20:15:07.773+0000 7fb289ffb640 1 -- 10.20.193.40:0/3939142377 <== mon.0 v2:10.20.193.40:3300/0 6 ==== mon_command_ack([{"prefix": "get_command_descriptions"}]=0 v0) ==== 72+0+195034 (secure 0 0 0) 0x7fb284036e30 con 0x7fb29410f090
2026-02-17T20:15:07.991 INFO:teuthology.orchestra.run.trial040.stdout:/usr/bin/ceph: stderr
2026-02-17T20:15:07.896+0000 7fb299ff3640 1 -- 10.20.193.40:0/3939142377 --> [v2:10.20.193.40:3300/0,v1:10.20.193.40:6789/0] -- mon_command({"prefix": "status", "format": "json-pretty"} v 0) -- 0x7fb2941a8330 con 0x7fb29410f090
2026-02-17T20:15:07.991 INFO:teuthology.orchestra.run.trial040.stdout:/usr/bin/ceph: stderr
2026-02-17T20:15:07.896+0000 7fb289ffb640 1 -- 10.20.193.40:0/3939142377 <== mon.0 v2:10.20.193.40:3300/0 7 ==== mon_command_ack([{"prefix": "status", "format": "json-pretty"}]=0 v0) ==== 79+0+1290 (secure 0 0 0) 0x7fb284049dd0 con 0x7fb29410f090
2026-02-17T20:15:07.991 INFO:teuthology.orchestra.run.trial040.stdout:/usr/bin/ceph: stderr
2026-02-17T20:15:07.897+0000 7fb299ff3640 1 -- 10.20.193.40:0/3939142377 >> [v2:10.20.193.40:6800/1611373821,v1:10.20.193.40:6801/1611373821] conn(0x7fb27003da80 msgr2=0x7fb27003ff40 secure :-1 s=STATE_CONNECTION_ESTABLISHED l=1).mark_down
2026-02-17T20:15:07.991 INFO:teuthology.orchestra.run.trial040.stdout:/usr/bin/ceph: stderr
2026-02-17T20:15:07.897+0000 7fb299ff3640 1 --2- 10.20.193.40:0/3939142377 >> [v2:10.20.193.40:6800/1611373821,v1:10.20.193.40:6801/1611373821] conn(0x7fb27003da80 0x7fb27003ff40 secure :-1 s=READY pgs=6 cs=0 l=1 rev1=1 crypto rx=0x7fb27c0099c0 tx=0x7fb27c006eb0 comp rx=0 tx=0).stop
2026-02-17T20:15:07.991 INFO:teuthology.orchestra.run.trial040.stdout:/usr/bin/ceph: stderr
2026-02-17T20:15:07.897+0000 7fb299ff3640 1 -- 10.20.193.40:0/3939142377 >> [v2:10.20.193.40:3300/0,v1:10.20.193.40:6789/0] conn(0x7fb29410f090 msgr2=0x7fb2941a4710 secure :-1 s=STATE_CONNECTION_ESTABLISHED l=1).mark_down
2026-02-17T20:15:07.991 INFO:teuthology.orchestra.run.trial040.stdout:/usr/bin/ceph: stderr
2026-02-17T20:15:07.897+0000 7fb299ff3640 1 --2- 10.20.193.40:0/3939142377 >> [v2:10.20.193.40:3300/0,v1:10.20.193.40:6789/0] conn(0x7fb29410f090 0x7fb2941a4710 secure :-1 s=READY pgs=17 cs=0 l=1 rev1=1 crypto rx=0x7fb284009a50 tx=0x7fb284035ac0 comp rx=0 tx=0).stop
2026-02-17T20:15:07.992 INFO:teuthology.orchestra.run.trial040.stdout:/usr/bin/ceph: stderr
2026-02-17T20:15:07.898+0000 7fb299ff3640 1 -- 10.20.193.40:0/3939142377 shutdown_connections
2026-02-17T20:15:07.992 INFO:teuthology.orchestra.run.trial040.stdout:/usr/bin/ceph: stderr
2026-02-17T20:15:07.898+0000 7fb299ff3640 1 --2- 10.20.193.40:0/3939142377 >> [v2:10.20.193.40:6800/1611373821,v1:10.20.193.40:6801/1611373821] conn(0x7fb27003da80 0x7fb27003ff40 unknown :-1 s=CLOSED pgs=6 cs=0 l=1 rev1=1 crypto rx=0 tx=0 comp rx=0 tx=0).stop
2026-02-17T20:15:07.992 INFO:teuthology.orchestra.run.trial040.stdout:/usr/bin/ceph: stderr
2026-02-17T20:15:07.898+0000 7fb299ff3640 1 --2- 10.20.193.40:0/3939142377 >> [v2:10.20.193.40:3300/0,v1:10.20.193.40:6789/0] conn(0x7fb29410f090 0x7fb2941a4710 unknown :-1 s=CLOSED pgs=17 cs=0 l=1 rev1=1 crypto rx=0 tx=0 comp rx=0 tx=0).stop
2026-02-17T20:15:07.992 INFO:teuthology.orchestra.run.trial040.stdout:/usr/bin/ceph: stderr
2026-02-17T20:15:07.898+0000 7fb299ff3640 1 -- 10.20.193.40:0/3939142377 >> 10.20.193.40:0/3939142377 conn(0x7fb29407d980 msgr2=0x7fb29407f560 unknown :-1 s=STATE_NONE l=0).mark_down
2026-02-17T20:15:07.992 INFO:teuthology.orchestra.run.trial040.stdout:/usr/bin/ceph: stderr
2026-02-17T20:15:07.898+0000 7fb299ff3640 1 -- 10.20.193.40:0/3939142377 shutdown_connections
2026-02-17T20:15:07.992 INFO:teuthology.orchestra.run.trial040.stdout:/usr/bin/ceph: stderr
2026-02-17T20:15:07.898+0000 7fb299ff3640 1 -- 10.20.193.40:0/3939142377 wait complete.
2026-02-17T20:15:07.992 INFO:teuthology.orchestra.run.trial040.stdout:mgr is available
2026-02-17T20:15:08.326 INFO:teuthology.orchestra.run.trial040.stdout:/usr/bin/ceph: stdout
2026-02-17T20:15:08.326 INFO:teuthology.orchestra.run.trial040.stdout:/usr/bin/ceph: stdout [global]
2026-02-17T20:15:08.326 INFO:teuthology.orchestra.run.trial040.stdout:/usr/bin/ceph: stdout fsid = 4c029118-0c3d-11f1-8fe1-d404e6e7d460
2026-02-17T20:15:08.326 INFO:teuthology.orchestra.run.trial040.stdout:/usr/bin/ceph: stdout mon_cluster_log_file_level = debug
2026-02-17T20:15:08.326 INFO:teuthology.orchestra.run.trial040.stdout:/usr/bin/ceph: stdout mon_host = [v2:10.20.193.40:3300,v1:10.20.193.40:6789]
2026-02-17T20:15:08.326 INFO:teuthology.orchestra.run.trial040.stdout:/usr/bin/ceph: stdout mon_osd_allow_pg_remap = true
2026-02-17T20:15:08.326 INFO:teuthology.orchestra.run.trial040.stdout:/usr/bin/ceph: stdout mon_osd_allow_primary_affinity = true
2026-02-17T20:15:08.326 INFO:teuthology.orchestra.run.trial040.stdout:/usr/bin/ceph: stdout mon_warn_on_no_sortbitwise = false
2026-02-17T20:15:08.326 INFO:teuthology.orchestra.run.trial040.stdout:/usr/bin/ceph: stdout osd_crush_chooseleaf_type = 0
2026-02-17T20:15:08.326 INFO:teuthology.orchestra.run.trial040.stdout:/usr/bin/ceph: stdout
2026-02-17T20:15:08.326 INFO:teuthology.orchestra.run.trial040.stdout:/usr/bin/ceph: stdout [mgr]
2026-02-17T20:15:08.326 INFO:teuthology.orchestra.run.trial040.stdout:/usr/bin/ceph: stdout mgr/telemetry/nag = false
2026-02-17T20:15:08.327 INFO:teuthology.orchestra.run.trial040.stdout:/usr/bin/ceph: stdout
2026-02-17T20:15:08.327 INFO:teuthology.orchestra.run.trial040.stdout:/usr/bin/ceph: stdout [osd]
2026-02-17T20:15:08.327 INFO:teuthology.orchestra.run.trial040.stdout:/usr/bin/ceph: stdout mon_osd_backfillfull_ratio = 0.85
2026-02-17T20:15:08.327 INFO:teuthology.orchestra.run.trial040.stdout:/usr/bin/ceph: stdout mon_osd_full_ratio = 0.9
2026-02-17T20:15:08.327 INFO:teuthology.orchestra.run.trial040.stdout:/usr/bin/ceph: stdout mon_osd_nearfull_ratio = 0.8
2026-02-17T20:15:08.327 INFO:teuthology.orchestra.run.trial040.stdout:/usr/bin/ceph: stdout osd_map_max_advance = 10
2026-02-17T20:15:08.328 INFO:teuthology.orchestra.run.trial040.stdout:/usr/bin/ceph: stdout osd_sloppy_crc = true
2026-02-17T20:15:08.328 INFO:teuthology.orchestra.run.trial040.stdout:/usr/bin/ceph: stderr
2026-02-17T20:15:08.146+0000 7fc4bc971640 1 Processor -- start
2026-02-17T20:15:08.328 INFO:teuthology.orchestra.run.trial040.stdout:/usr/bin/ceph: stderr
2026-02-17T20:15:08.146+0000 7fc4bc971640 1 -- start start
2026-02-17T20:15:08.328 INFO:teuthology.orchestra.run.trial040.stdout:/usr/bin/ceph: stderr
2026-02-17T20:15:08.147+0000 7fc4bc971640 1 --2- >> [v2:10.20.193.40:3300/0,v1:10.20.193.40:6789/0] conn(0x7fc4b8073690 0x7fc4b8073a90 unknown :-1 s=NONE pgs=0 cs=0 l=0 rev1=0 crypto rx=0 tx=0 comp rx=0 tx=0).connect
2026-02-17T20:15:08.328 INFO:teuthology.orchestra.run.trial040.stdout:/usr/bin/ceph: stderr
2026-02-17T20:15:08.147+0000 7fc4bc971640 1 -- --> [v2:10.20.193.40:3300/0,v1:10.20.193.40:6789/0] -- mon_getmap magic: 0 -- 0x7fc4b81121b0 con 0x7fc4b8073690
2026-02-17T20:15:08.328 INFO:teuthology.orchestra.run.trial040.stdout:/usr/bin/ceph: stderr
2026-02-17T20:15:08.147+0000 7fc4b6d76640 1 --2- >> [v2:10.20.193.40:3300/0,v1:10.20.193.40:6789/0] conn(0x7fc4b8073690 0x7fc4b8073a90 unknown :-1 s=BANNER_CONNECTING pgs=0 cs=0 l=0 rev1=0 crypto rx=0 tx=0 comp rx=0 tx=0)._handle_peer_banner_payload supported=3 required=0
2026-02-17T20:15:08.328 INFO:teuthology.orchestra.run.trial040.stdout:/usr/bin/ceph: stderr
2026-02-17T20:15:08.147+0000 7fc4b6d76640 1 --2- >> [v2:10.20.193.40:3300/0,v1:10.20.193.40:6789/0] conn(0x7fc4b8073690 0x7fc4b8073a90 unknown :-1 s=HELLO_CONNECTING pgs=0 cs=0 l=0 rev1=1 crypto rx=0 tx=0 comp rx=0 tx=0).handle_hello peer v2:10.20.193.40:3300/0 says I am v2:10.20.193.40:38554/0 (socket says 10.20.193.40:38554)
2026-02-17T20:15:08.328 INFO:teuthology.orchestra.run.trial040.stdout:/usr/bin/ceph: stderr
2026-02-17T20:15:08.147+0000 7fc4b6d76640 1 -- 10.20.193.40:0/2550644407 learned_addr learned my addr 10.20.193.40:0/2550644407 (peer_addr_for_me v2:10.20.193.40:0/0)
2026-02-17T20:15:08.328 INFO:teuthology.orchestra.run.trial040.stdout:/usr/bin/ceph: stderr
2026-02-17T20:15:08.147+0000 7fc4b6d76640 1 -- 10.20.193.40:0/2550644407 --> [v2:10.20.193.40:3300/0,v1:10.20.193.40:6789/0] -- mon_subscribe({config=0+,monmap=0+}) -- 0x7fc4b8073fd0 con 0x7fc4b8073690
2026-02-17T20:15:08.328 INFO:teuthology.orchestra.run.trial040.stdout:/usr/bin/ceph: stderr
2026-02-17T20:15:08.148+0000 7fc4b6d76640 1 --2- 10.20.193.40:0/2550644407 >> [v2:10.20.193.40:3300/0,v1:10.20.193.40:6789/0] conn(0x7fc4b8073690 0x7fc4b8073a90 secure :-1 s=READY pgs=18 cs=0 l=1 rev1=1 crypto rx=0x7fc4ac009920 tx=0x7fc4ac02ef20 comp rx=0 tx=0).ready entity=mon.0 client_cookie=4cd3ef36a8ad1d1 server_cookie=0 in_seq=0 out_seq=0
2026-02-17T20:15:08.328 INFO:teuthology.orchestra.run.trial040.stdout:/usr/bin/ceph: stderr
2026-02-17T20:15:08.148+0000 7fc4b5d74640 1 -- 10.20.193.40:0/2550644407 <== mon.0 v2:10.20.193.40:3300/0 1 ==== mon_map magic: 0 ==== 205+0+0 (secure 0 0 0) 0x7fc4ac03c070 con 0x7fc4b8073690
2026-02-17T20:15:08.328 INFO:teuthology.orchestra.run.trial040.stdout:/usr/bin/ceph: stderr
2026-02-17T20:15:08.148+0000 7fc4b5d74640 1 -- 10.20.193.40:0/2550644407 <== mon.0 v2:10.20.193.40:3300/0 2 ==== config(27 keys) ==== 1079+0+0 (secure 0 0 0) 0x7fc4ac037440 con 0x7fc4b8073690
2026-02-17T20:15:08.328 INFO:teuthology.orchestra.run.trial040.stdout:/usr/bin/ceph: stderr
2026-02-17T20:15:08.148+0000 7fc4b5d74640 1 -- 10.20.193.40:0/2550644407 <== mon.0 v2:10.20.193.40:3300/0 3 ==== mon_map magic: 0 ==== 205+0+0 (secure 0 0 0) 0x7fc4ac0354d0 con 0x7fc4b8073690
2026-02-17T20:15:08.328 INFO:teuthology.orchestra.run.trial040.stdout:/usr/bin/ceph: stderr
2026-02-17T20:15:08.150+0000 7fc4bc971640 1 -- 10.20.193.40:0/2550644407 >> [v2:10.20.193.40:3300/0,v1:10.20.193.40:6789/0] conn(0x7fc4b8073690 msgr2=0x7fc4b8073a90 secure :-1 s=STATE_CONNECTION_ESTABLISHED l=1).mark_down
2026-02-17T20:15:08.328 INFO:teuthology.orchestra.run.trial040.stdout:/usr/bin/ceph: stderr
2026-02-17T20:15:08.150+0000 7fc4bc971640 1 --2- 10.20.193.40:0/2550644407 >> [v2:10.20.193.40:3300/0,v1:10.20.193.40:6789/0] conn(0x7fc4b8073690 0x7fc4b8073a90 secure :-1 s=READY pgs=18 cs=0 l=1 rev1=1 crypto rx=0x7fc4ac009920 tx=0x7fc4ac02ef20 comp rx=0 tx=0).stop
2026-02-17T20:15:08.328 INFO:teuthology.orchestra.run.trial040.stdout:/usr/bin/ceph: stderr
2026-02-17T20:15:08.150+0000 7fc4bc971640 1 -- 10.20.193.40:0/2550644407 shutdown_connections
2026-02-17T20:15:08.328 INFO:teuthology.orchestra.run.trial040.stdout:/usr/bin/ceph: stderr
2026-02-17T20:15:08.150+0000 7fc4bc971640 1 --2- 10.20.193.40:0/2550644407 >> [v2:10.20.193.40:3300/0,v1:10.20.193.40:6789/0] conn(0x7fc4b8073690 0x7fc4b8073a90 unknown :-1 s=CLOSED pgs=18 cs=0 l=1 rev1=1 crypto rx=0 tx=0 comp rx=0 tx=0).stop
2026-02-17T20:15:08.328 INFO:teuthology.orchestra.run.trial040.stdout:/usr/bin/ceph: stderr
2026-02-17T20:15:08.150+0000 7fc4bc971640 1 -- 10.20.193.40:0/2550644407 >> 10.20.193.40:0/2550644407 conn(0x7fc4b806f690 msgr2=0x7fc4b8071b10 unknown :-1 s=STATE_NONE l=0).mark_down
2026-02-17T20:15:08.328 INFO:teuthology.orchestra.run.trial040.stdout:/usr/bin/ceph: stderr
2026-02-17T20:15:08.150+0000 7fc4bc971640 1 -- 10.20.193.40:0/2550644407 shutdown_connections
2026-02-17T20:15:08.328 INFO:teuthology.orchestra.run.trial040.stdout:/usr/bin/ceph: stderr
2026-02-17T20:15:08.150+0000 7fc4bc971640 1 -- 10.20.193.40:0/2550644407 wait complete.
2026-02-17T20:15:08.328 INFO:teuthology.orchestra.run.trial040.stdout:/usr/bin/ceph: stderr
2026-02-17T20:15:08.151+0000 7fc4bc971640 1 Processor -- start
2026-02-17T20:15:08.328 INFO:teuthology.orchestra.run.trial040.stdout:/usr/bin/ceph: stderr
2026-02-17T20:15:08.151+0000 7fc4bc971640 1 -- start start
2026-02-17T20:15:08.328 INFO:teuthology.orchestra.run.trial040.stdout:/usr/bin/ceph: stderr
2026-02-17T20:15:08.151+0000 7fc4bc971640 1 --2- >> [v2:10.20.193.40:3300/0,v1:10.20.193.40:6789/0] conn(0x7fc4b8073690 0x7fc4b81a8c80 unknown :-1 s=NONE pgs=0 cs=0 l=1 rev1=0 crypto rx=0 tx=0 comp rx=0 tx=0).connect
2026-02-17T20:15:08.328 INFO:teuthology.orchestra.run.trial040.stdout:/usr/bin/ceph: stderr
2026-02-17T20:15:08.151+0000 7fc4bc971640 1 -- --> [v2:10.20.193.40:3300/0,v1:10.20.193.40:6789/0] -- mon_getmap magic: 0 -- 0x7fc4b81170b0 con 0x7fc4b8073690
2026-02-17T20:15:08.328 INFO:teuthology.orchestra.run.trial040.stdout:/usr/bin/ceph: stderr
2026-02-17T20:15:08.151+0000 7fc4b6d76640 1 --2- >> [v2:10.20.193.40:3300/0,v1:10.20.193.40:6789/0] conn(0x7fc4b8073690 0x7fc4b81a8c80 unknown :-1 s=BANNER_CONNECTING pgs=0 cs=0 l=1 rev1=0 crypto rx=0 tx=0 comp rx=0 tx=0)._handle_peer_banner_payload supported=3 required=0
2026-02-17T20:15:08.328 INFO:teuthology.orchestra.run.trial040.stdout:/usr/bin/ceph: stderr
2026-02-17T20:15:08.151+0000 7fc4b6d76640 1 --2- >> [v2:10.20.193.40:3300/0,v1:10.20.193.40:6789/0] conn(0x7fc4b8073690 0x7fc4b81a8c80 unknown :-1 s=HELLO_CONNECTING pgs=0 cs=0 l=1 rev1=1 crypto rx=0 tx=0 comp rx=0 tx=0).handle_hello peer v2:10.20.193.40:3300/0 says I am v2:10.20.193.40:38556/0 (socket says 10.20.193.40:38556)
2026-02-17T20:15:08.328 INFO:teuthology.orchestra.run.trial040.stdout:/usr/bin/ceph: stderr
2026-02-17T20:15:08.151+0000 7fc4b6d76640 1 -- 10.20.193.40:0/2958631084 learned_addr learned my addr 10.20.193.40:0/2958631084 (peer_addr_for_me v2:10.20.193.40:0/0)
2026-02-17T20:15:08.328 INFO:teuthology.orchestra.run.trial040.stdout:/usr/bin/ceph: stderr
2026-02-17T20:15:08.152+0000 7fc4b6d76640 1 -- 10.20.193.40:0/2958631084 --> [v2:10.20.193.40:3300/0,v1:10.20.193.40:6789/0] -- mon_subscribe({config=0+,monmap=0+}) -- 0x7fc4b81a91c0 con 0x7fc4b8073690
2026-02-17T20:15:08.328 INFO:teuthology.orchestra.run.trial040.stdout:/usr/bin/ceph: stderr
2026-02-17T20:15:08.152+0000 7fc4b6d76640 1 --2- 10.20.193.40:0/2958631084 >> [v2:10.20.193.40:3300/0,v1:10.20.193.40:6789/0] conn(0x7fc4b8073690 0x7fc4b81a8c80 secure :-1 s=READY pgs=19 cs=0 l=1 rev1=1 crypto rx=0x7fc4ac009a50 tx=0x7fc4ac035ac0 comp rx=0 tx=0).ready entity=mon.0 client_cookie=0 server_cookie=0 in_seq=0 out_seq=0
2026-02-17T20:15:08.328 INFO:teuthology.orchestra.run.trial040.stdout:/usr/bin/ceph: stderr
2026-02-17T20:15:08.152+0000 7fc48ffff640 1 -- 10.20.193.40:0/2958631084 <== mon.0 v2:10.20.193.40:3300/0 1 ==== mon_map magic: 0 ==== 205+0+0 (secure 0 0 0) 0x7fc4ac045070 con 0x7fc4b8073690
2026-02-17T20:15:08.329 INFO:teuthology.orchestra.run.trial040.stdout:/usr/bin/ceph: stderr
2026-02-17T20:15:08.152+0000 7fc48ffff640 1 -- 10.20.193.40:0/2958631084 <== mon.0 v2:10.20.193.40:3300/0 2 ==== config(27 keys) ==== 1079+0+0 (secure 0 0 0) 0x7fc4ac02fe50 con 0x7fc4b8073690
2026-02-17T20:15:08.329 INFO:teuthology.orchestra.run.trial040.stdout:/usr/bin/ceph: stderr
2026-02-17T20:15:08.152+0000 7fc48ffff640 1 -- 10.20.193.40:0/2958631084 <== mon.0 v2:10.20.193.40:3300/0 3 ==== mon_map magic: 0 ==== 205+0+0 (secure 0 0 0) 0x7fc4ac03c070 con 0x7fc4b8073690
2026-02-17T20:15:08.329 INFO:teuthology.orchestra.run.trial040.stdout:/usr/bin/ceph: stderr
2026-02-17T20:15:08.152+0000 7fc4bc971640 1 -- 10.20.193.40:0/2958631084 --> [v2:10.20.193.40:3300/0,v1:10.20.193.40:6789/0] -- mon_subscribe({mgrmap=0+}) -- 0x7fc4b81a9450 con 0x7fc4b8073690
2026-02-17T20:15:08.329 INFO:teuthology.orchestra.run.trial040.stdout:/usr/bin/ceph: stderr
2026-02-17T20:15:08.152+0000 7fc4bc971640 1 -- 10.20.193.40:0/2958631084 --> [v2:10.20.193.40:3300/0,v1:10.20.193.40:6789/0] -- mon_subscribe({osdmap=0}) -- 0x7fc4b81ac140 con 0x7fc4b8073690
2026-02-17T20:15:08.329 INFO:teuthology.orchestra.run.trial040.stdout:/usr/bin/ceph: stderr
2026-02-17T20:15:08.153+0000 7fc4bc971640 1 -- 10.20.193.40:0/2958631084 --> [v2:10.20.193.40:3300/0,v1:10.20.193.40:6789/0] -- mon_command({"prefix": "get_command_descriptions"} v 0) -- 0x7fc4b8073b10 con 0x7fc4b8073690
2026-02-17T20:15:08.329 INFO:teuthology.orchestra.run.trial040.stdout:/usr/bin/ceph: stderr
2026-02-17T20:15:08.153+0000 7fc48ffff640 1 -- 10.20.193.40:0/2958631084 <== mon.0 v2:10.20.193.40:3300/0 4 ==== mgrmap(e 3) ==== 50130+0+0 (secure 0 0 0) 0x7fc4ac0405e0 con 0x7fc4b8073690
2026-02-17T20:15:08.329 INFO:teuthology.orchestra.run.trial040.stdout:/usr/bin/ceph: stderr
2026-02-17T20:15:08.153+0000 7fc48ffff640 1 --2- 10.20.193.40:0/2958631084 >> [v2:10.20.193.40:6800/1611373821,v1:10.20.193.40:6801/1611373821] conn(0x7fc48803da80 0x7fc48803ff40 unknown :-1 s=NONE pgs=0 cs=0 l=1 rev1=0 crypto rx=0 tx=0 comp rx=0 tx=0).connect
2026-02-17T20:15:08.329 INFO:teuthology.orchestra.run.trial040.stdout:/usr/bin/ceph: stderr
2026-02-17T20:15:08.154+0000 7fc48ffff640 1 -- 10.20.193.40:0/2958631084 <== mon.0 v2:10.20.193.40:3300/0 5 ==== osd_map(1..1 src has 1..1) ==== 725+0+0 (secure 0 0 0) 0x7fc4ac076310 con 0x7fc4b8073690
2026-02-17T20:15:08.329 INFO:teuthology.orchestra.run.trial040.stdout:/usr/bin/ceph: stderr
2026-02-17T20:15:08.154+0000 7fc4b6575640 1 --2- 10.20.193.40:0/2958631084 >> [v2:10.20.193.40:6800/1611373821,v1:10.20.193.40:6801/1611373821] conn(0x7fc48803da80 0x7fc48803ff40 unknown :-1 s=BANNER_CONNECTING pgs=0 cs=0 l=1 rev1=0 crypto rx=0 tx=0 comp rx=0 tx=0)._handle_peer_banner_payload supported=3 required=0
2026-02-17T20:15:08.329 INFO:teuthology.orchestra.run.trial040.stdout:/usr/bin/ceph: stderr
2026-02-17T20:15:08.155+0000 7fc4b6575640 1 --2- 10.20.193.40:0/2958631084 >> [v2:10.20.193.40:6800/1611373821,v1:10.20.193.40:6801/1611373821] conn(0x7fc48803da80 0x7fc48803ff40 secure :-1 s=READY pgs=7 cs=0 l=1 rev1=1 crypto rx=0x7fc4a00099c0 tx=0x7fc4a0006eb0 comp rx=0 tx=0).ready entity=mgr.14100 client_cookie=0 server_cookie=0 in_seq=0 out_seq=0
2026-02-17T20:15:08.329 INFO:teuthology.orchestra.run.trial040.stdout:/usr/bin/ceph: stderr
2026-02-17T20:15:08.156+0000 7fc48ffff640 1 -- 10.20.193.40:0/2958631084 <== mon.0 v2:10.20.193.40:3300/0 6 ==== mon_command_ack([{"prefix": "get_command_descriptions"}]=0 v0) ==== 72+0+195034 (secure 0 0 0) 0x7fc4ac033200 con 0x7fc4b8073690
2026-02-17T20:15:08.329 INFO:teuthology.orchestra.run.trial040.stdout:/usr/bin/ceph: stderr
2026-02-17T20:15:08.248+0000 7fc4bc971640 1 -- 10.20.193.40:0/2958631084 --> [v2:10.20.193.40:3300/0,v1:10.20.193.40:6789/0] -- mon_command({"prefix": "config assimilate-conf"} v 0) -- 0x7fc4b81ad960 con 0x7fc4b8073690
2026-02-17T20:15:08.329 INFO:teuthology.orchestra.run.trial040.stdout:/usr/bin/ceph: stderr
2026-02-17T20:15:08.249+0000 7fc48ffff640 1 -- 10.20.193.40:0/2958631084 <== mon.0 v2:10.20.193.40:3300/0 7 ==== mon_command_ack([{"prefix": "config assimilate-conf"}]=0 v3) ==== 70+0+465 (secure 0 0 0) 0x7fc4ac02f9b0 con 0x7fc4b8073690
2026-02-17T20:15:08.329 INFO:teuthology.orchestra.run.trial040.stdout:/usr/bin/ceph: stderr
