2026-02-17T20:23:44.076+0000 7fd2994ca640 1 --2- 10.20.193.59:0/1533529163 >> [v2:10.20.193.59:3300/0,v1:10.20.193.59:6789/0] conn(0x7fd29410a480 0x7fd29410a880 secure :-1 s=READY pgs=26 cs=0 l=1 rev1=1 crypto rx=0x7fd284009920 tx=0x7fd28402ef20 comp rx=0 tx=0).ready entity=mon.0 client_cookie=768326cb5ec51b22 server_cookie=0 in_seq=0 out_seq=0
2026-02-17T20:23:47.397 INFO:teuthology.orchestra.run.trial059.stdout:/usr/bin/ceph: stderr
2026-02-17T20:23:44.076+0000 7fd283fff640 1 -- 10.20.193.59:0/1533529163 <== mon.0 v2:10.20.193.59:3300/0 1 ==== mon_map magic: 0 ==== 205+0+0 (secure 0 0 0) 0x7fd28403c070 con 0x7fd29410a480
2026-02-17T20:23:47.397 INFO:teuthology.orchestra.run.trial059.stdout:/usr/bin/ceph: stderr
2026-02-17T20:23:44.076+0000 7fd283fff640 1 -- 10.20.193.59:0/1533529163 <== mon.0 v2:10.20.193.59:3300/0 2 ==== config(25 keys) ==== 1007+0+0 (secure 0 0 0) 0x7fd284037440 con 0x7fd29410a480
2026-02-17T20:23:47.397 INFO:teuthology.orchestra.run.trial059.stdout:/usr/bin/ceph: stderr
2026-02-17T20:23:44.076+0000 7fd283fff640 1 -- 10.20.193.59:0/1533529163 <== mon.0 v2:10.20.193.59:3300/0 3 ==== mon_map magic: 0 ==== 205+0+0 (secure 0 0 0) 0x7fd2840354d0 con 0x7fd29410a480
2026-02-17T20:23:47.397 INFO:teuthology.orchestra.run.trial059.stdout:/usr/bin/ceph: stderr
2026-02-17T20:23:44.077+0000 7fd29b755640 1 -- 10.20.193.59:0/1533529163 >> [v2:10.20.193.59:3300/0,v1:10.20.193.59:6789/0] conn(0x7fd29410a480 msgr2=0x7fd29410a880 secure :-1 s=STATE_CONNECTION_ESTABLISHED l=1).mark_down
2026-02-17T20:23:47.397 INFO:teuthology.orchestra.run.trial059.stdout:/usr/bin/ceph: stderr
2026-02-17T20:23:44.077+0000 7fd29b755640 1 --2- 10.20.193.59:0/1533529163 >> [v2:10.20.193.59:3300/0,v1:10.20.193.59:6789/0] conn(0x7fd29410a480 0x7fd29410a880 secure :-1 s=READY pgs=26 cs=0 l=1 rev1=1 crypto rx=0x7fd284009920 tx=0x7fd28402ef20 comp rx=0 tx=0).stop
2026-02-17T20:23:47.397 INFO:teuthology.orchestra.run.trial059.stdout:/usr/bin/ceph: stderr
2026-02-17T20:23:44.077+0000 7fd29b755640 1 -- 10.20.193.59:0/1533529163 shutdown_connections
2026-02-17T20:23:47.397 INFO:teuthology.orchestra.run.trial059.stdout:/usr/bin/ceph: stderr
2026-02-17T20:23:44.077+0000 7fd29b755640 1 --2- 10.20.193.59:0/1533529163 >> [v2:10.20.193.59:3300/0,v1:10.20.193.59:6789/0] conn(0x7fd29410a480 0x7fd29410a880 unknown :-1 s=CLOSED pgs=26 cs=0 l=1 rev1=1 crypto rx=0 tx=0 comp rx=0 tx=0).stop
2026-02-17T20:23:47.397 INFO:teuthology.orchestra.run.trial059.stdout:/usr/bin/ceph: stderr
2026-02-17T20:23:44.077+0000 7fd29b755640 1 -- 10.20.193.59:0/1533529163 >> 10.20.193.59:0/1533529163 conn(0x7fd29407dbf0 msgr2=0x7fd294108680 unknown :-1 s=STATE_NONE l=0).mark_down
2026-02-17T20:23:47.397 INFO:teuthology.orchestra.run.trial059.stdout:/usr/bin/ceph: stderr
2026-02-17T20:23:44.077+0000 7fd29b755640 1 -- 10.20.193.59:0/1533529163 shutdown_connections
2026-02-17T20:23:47.397 INFO:teuthology.orchestra.run.trial059.stdout:/usr/bin/ceph: stderr
2026-02-17T20:23:44.077+0000 7fd29b755640 1 -- 10.20.193.59:0/1533529163 wait complete.
2026-02-17T20:23:47.398 INFO:teuthology.orchestra.run.trial059.stdout:/usr/bin/ceph: stderr
2026-02-17T20:23:44.077+0000 7fd29b755640 1 Processor -- start
2026-02-17T20:23:47.398 INFO:teuthology.orchestra.run.trial059.stdout:/usr/bin/ceph: stderr
2026-02-17T20:23:44.077+0000 7fd29b755640 1 -- start start
2026-02-17T20:23:47.398 INFO:teuthology.orchestra.run.trial059.stdout:/usr/bin/ceph: stderr
2026-02-17T20:23:44.077+0000 7fd29b755640 1 --2- >> [v2:10.20.193.59:3300/0,v1:10.20.193.59:6789/0] conn(0x7fd29410a480 0x7fd2941a0280 unknown :-1 s=NONE pgs=0 cs=0 l=1 rev1=0 crypto rx=0 tx=0 comp rx=0 tx=0).connect
2026-02-17T20:23:47.398 INFO:teuthology.orchestra.run.trial059.stdout:/usr/bin/ceph: stderr
2026-02-17T20:23:44.077+0000 7fd29b755640 1 -- --> [v2:10.20.193.59:3300/0,v1:10.20.193.59:6789/0] -- mon_getmap magic: 0 -- 0x7fd29410e830 con 0x7fd29410a480
2026-02-17T20:23:47.398 INFO:teuthology.orchestra.run.trial059.stdout:/usr/bin/ceph: stderr
2026-02-17T20:23:44.078+0000 7fd2994ca640 1 --2- >> [v2:10.20.193.59:3300/0,v1:10.20.193.59:6789/0] conn(0x7fd29410a480 0x7fd2941a0280 unknown :-1 s=BANNER_CONNECTING pgs=0 cs=0 l=1 rev1=0 crypto rx=0 tx=0 comp rx=0 tx=0)._handle_peer_banner_payload supported=3 required=0
2026-02-17T20:23:47.398 INFO:teuthology.orchestra.run.trial059.stdout:/usr/bin/ceph: stderr
2026-02-17T20:23:44.078+0000 7fd2994ca640 1 --2- >> [v2:10.20.193.59:3300/0,v1:10.20.193.59:6789/0] conn(0x7fd29410a480 0x7fd2941a0280 unknown :-1 s=HELLO_CONNECTING pgs=0 cs=0 l=1 rev1=1 crypto rx=0 tx=0 comp rx=0 tx=0).handle_hello peer v2:10.20.193.59:3300/0 says I am v2:10.20.193.59:33360/0 (socket says 10.20.193.59:33360)
2026-02-17T20:23:47.398 INFO:teuthology.orchestra.run.trial059.stdout:/usr/bin/ceph: stderr
2026-02-17T20:23:44.078+0000 7fd2994ca640 1 -- 10.20.193.59:0/3325355473 learned_addr learned my addr 10.20.193.59:0/3325355473 (peer_addr_for_me v2:10.20.193.59:0/0)
2026-02-17T20:23:47.398 INFO:teuthology.orchestra.run.trial059.stdout:/usr/bin/ceph: stderr
2026-02-17T20:23:44.078+0000 7fd2994ca640 1 -- 10.20.193.59:0/3325355473 --> [v2:10.20.193.59:3300/0,v1:10.20.193.59:6789/0] -- mon_subscribe({config=0+,monmap=0+}) -- 0x7fd2941a07c0 con 0x7fd29410a480
2026-02-17T20:23:47.398 INFO:teuthology.orchestra.run.trial059.stdout:/usr/bin/ceph: stderr
2026-02-17T20:23:44.078+0000 7fd2994ca640 1 --2- 10.20.193.59:0/3325355473 >> [v2:10.20.193.59:3300/0,v1:10.20.193.59:6789/0] conn(0x7fd29410a480 0x7fd2941a0280 secure :-1 s=READY pgs=27 cs=0 l=1 rev1=1 crypto rx=0x7fd284006fd0 tx=0x7fd284035e10 comp rx=0 tx=0).ready entity=mon.0 client_cookie=0 server_cookie=0 in_seq=0 out_seq=0
2026-02-17T20:23:47.398 INFO:teuthology.orchestra.run.trial059.stdout:/usr/bin/ceph: stderr
2026-02-17T20:23:44.078+0000 7fd2827fc640 1 -- 10.20.193.59:0/3325355473 <== mon.0 v2:10.20.193.59:3300/0 1 ==== mon_map magic: 0 ==== 205+0+0 (secure 0 0 0) 0x7fd284045070 con 0x7fd29410a480
2026-02-17T20:23:47.398 INFO:teuthology.orchestra.run.trial059.stdout:/usr/bin/ceph: stderr
2026-02-17T20:23:44.078+0000 7fd2827fc640 1 -- 10.20.193.59:0/3325355473 <== mon.0 v2:10.20.193.59:3300/0 2 ==== config(25 keys) ==== 1007+0+0 (secure 0 0 0) 0x7fd284040450 con 0x7fd29410a480
2026-02-17T20:23:47.398 INFO:teuthology.orchestra.run.trial059.stdout:/usr/bin/ceph: stderr
2026-02-17T20:23:44.078+0000 7fd29b755640 1 -- 10.20.193.59:0/3325355473 --> [v2:10.20.193.59:3300/0,v1:10.20.193.59:6789/0] -- mon_subscribe({mgrmap=0+}) -- 0x7fd2941a0a50 con 0x7fd29410a480
2026-02-17T20:23:47.399 INFO:teuthology.orchestra.run.trial059.stdout:/usr/bin/ceph: stderr
2026-02-17T20:23:44.078+0000 7fd2827fc640 1 -- 10.20.193.59:0/3325355473 <== mon.0 v2:10.20.193.59:3300/0 3 ==== mon_map magic: 0 ==== 205+0+0 (secure 0 0 0) 0x7fd28403c070 con 0x7fd29410a480
2026-02-17T20:23:47.399 INFO:teuthology.orchestra.run.trial059.stdout:/usr/bin/ceph: stderr
2026-02-17T20:23:44.078+0000 7fd29b755640 1 -- 10.20.193.59:0/3325355473 --> [v2:10.20.193.59:3300/0,v1:10.20.193.59:6789/0] -- mon_subscribe({osdmap=0}) -- 0x7fd2941a3740 con 0x7fd29410a480
2026-02-17T20:23:47.399 INFO:teuthology.orchestra.run.trial059.stdout:/usr/bin/ceph: stderr
2026-02-17T20:23:44.079+0000 7fd2827fc640 1 -- 10.20.193.59:0/3325355473 <== mon.0 v2:10.20.193.59:3300/0 4 ==== mgrmap(e 5) ==== 50247+0+0 (secure 0 0 0) 0x7fd28403e5f0 con 0x7fd29410a480
2026-02-17T20:23:47.399 INFO:teuthology.orchestra.run.trial059.stdout:/usr/bin/ceph: stderr
2026-02-17T20:23:44.079+0000 7fd2827fc640 1 --2- 10.20.193.59:0/3325355473 >> [v2:10.20.193.59:6800/4017627278,v1:10.20.193.59:6801/4017627278] conn(0x7fd27003dbf0 0x7fd2700400b0 unknown :-1 s=NONE pgs=0 cs=0 l=1 rev1=0 crypto rx=0 tx=0 comp rx=0 tx=0).connect
2026-02-17T20:23:47.399 INFO:teuthology.orchestra.run.trial059.stdout:/usr/bin/ceph: stderr
2026-02-17T20:23:44.079+0000 7fd2827fc640 1 -- 10.20.193.59:0/3325355473 --> [v2:10.20.193.59:6800/4017627278,v1:10.20.193.59:6801/4017627278] -- command(tid 0: {"prefix": "get_command_descriptions"}) -- 0x7fd2700407c0 con 0x7fd27003dbf0
2026-02-17T20:23:47.399 INFO:teuthology.orchestra.run.trial059.stdout:/usr/bin/ceph: stderr
2026-02-17T20:23:44.079+0000 7fd298cc9640 1 -- 10.20.193.59:0/3325355473 >> [v2:10.20.193.59:6800/4017627278,v1:10.20.193.59:6801/4017627278] conn(0x7fd27003dbf0 msgr2=0x7fd2700400b0 unknown :-1 s=STATE_CONNECTING_RE l=1).process reconnect failed to v2:10.20.193.59:6800/4017627278
2026-02-17T20:23:47.399 INFO:teuthology.orchestra.run.trial059.stdout:/usr/bin/ceph: stderr
2026-02-17T20:23:44.079+0000 7fd2827fc640 1 -- 10.20.193.59:0/3325355473 <== mon.0 v2:10.20.193.59:3300/0 5 ==== osd_map(1..1 src has 1..1) ==== 725+0+0 (secure 0 0 0) 0x7fd2840767c0 con 0x7fd29410a480
2026-02-17T20:23:47.399 INFO:teuthology.orchestra.run.trial059.stdout:/usr/bin/ceph: stderr
2026-02-17T20:23:44.079+0000 7fd298cc9640 1 --2- 10.20.193.59:0/3325355473 >> [v2:10.20.193.59:6800/4017627278,v1:10.20.193.59:6801/4017627278] conn(0x7fd27003dbf0 0x7fd2700400b0 unknown :-1 s=START_CONNECT pgs=0 cs=0 l=1 rev1=0 crypto rx=0 tx=0 comp rx=0 tx=0)._fault waiting 0.200000
2026-02-17T20:23:47.399 INFO:teuthology.orchestra.run.trial059.stdout:/usr/bin/ceph: stderr
2026-02-17T20:23:44.280+0000 7fd298cc9640 1 -- 10.20.193.59:0/3325355473 >> [v2:10.20.193.59:6800/4017627278,v1:10.20.193.59:6801/4017627278] conn(0x7fd27003dbf0 msgr2=0x7fd2700400b0 unknown :-1 s=STATE_CONNECTING_RE l=1).process reconnect failed to v2:10.20.193.59:6800/4017627278
2026-02-17T20:23:47.399 INFO:teuthology.orchestra.run.trial059.stdout:/usr/bin/ceph: stderr
2026-02-17T20:23:44.280+0000 7fd298cc9640 1 --2- 10.20.193.59:0/3325355473 >> [v2:10.20.193.59:6800/4017627278,v1:10.20.193.59:6801/4017627278] conn(0x7fd27003dbf0 0x7fd2700400b0 unknown :-1 s=START_CONNECT pgs=0 cs=0 l=1 rev1=0 crypto rx=0 tx=0 comp rx=0 tx=0)._fault waiting 0.400000
2026-02-17T20:23:47.399 INFO:teuthology.orchestra.run.trial059.stdout:/usr/bin/ceph: stderr
2026-02-17T20:23:44.681+0000 7fd298cc9640 1 -- 10.20.193.59:0/3325355473 >> [v2:10.20.193.59:6800/4017627278,v1:10.20.193.59:6801/4017627278] conn(0x7fd27003dbf0 msgr2=0x7fd2700400b0 unknown :-1 s=STATE_CONNECTING_RE l=1).process reconnect failed to v2:10.20.193.59:6800/4017627278
2026-02-17T20:23:47.399 INFO:teuthology.orchestra.run.trial059.stdout:/usr/bin/ceph: stderr
2026-02-17T20:23:44.681+0000 7fd298cc9640 1 --2- 10.20.193.59:0/3325355473 >> [v2:10.20.193.59:6800/4017627278,v1:10.20.193.59:6801/4017627278] conn(0x7fd27003dbf0 0x7fd2700400b0 unknown :-1 s=START_CONNECT pgs=0 cs=0 l=1 rev1=0 crypto rx=0 tx=0 comp rx=0 tx=0)._fault waiting 0.800000
2026-02-17T20:23:47.400 INFO:teuthology.orchestra.run.trial059.stdout:/usr/bin/ceph: stderr
2026-02-17T20:23:45.482+0000 7fd298cc9640 1 -- 10.20.193.59:0/3325355473 >> [v2:10.20.193.59:6800/4017627278,v1:10.20.193.59:6801/4017627278] conn(0x7fd27003dbf0 msgr2=0x7fd2700400b0 unknown :-1 s=STATE_CONNECTING_RE l=1).process reconnect failed to v2:10.20.193.59:6800/4017627278
2026-02-17T20:23:47.400 INFO:teuthology.orchestra.run.trial059.stdout:/usr/bin/ceph: stderr
2026-02-17T20:23:45.482+0000 7fd298cc9640 1 --2- 10.20.193.59:0/3325355473 >> [v2:10.20.193.59:6800/4017627278,v1:10.20.193.59:6801/4017627278] conn(0x7fd27003dbf0 0x7fd2700400b0 unknown :-1 s=START_CONNECT pgs=0 cs=0 l=1 rev1=0 crypto rx=0 tx=0 comp rx=0 tx=0)._fault waiting 1.600000
2026-02-17T20:23:47.400 INFO:teuthology.orchestra.run.trial059.stdout:/usr/bin/ceph: stderr
2026-02-17T20:23:46.363+0000 7fd2827fc640 1 -- 10.20.193.59:0/3325355473 <== mon.0 v2:10.20.193.59:3300/0 6 ==== mgrmap(e 6) ==== 50014+0+0 (secure 0 0 0) 0x7fd284075280 con 0x7fd29410a480
2026-02-17T20:23:47.400 INFO:teuthology.orchestra.run.trial059.stdout:/usr/bin/ceph: stderr
2026-02-17T20:23:46.363+0000 7fd2827fc640 1 -- 10.20.193.59:0/3325355473 >> [v2:10.20.193.59:6800/4017627278,v1:10.20.193.59:6801/4017627278] conn(0x7fd27003dbf0 msgr2=0x7fd2700400b0 unknown :-1 s=STATE_CONNECTING l=1).mark_down
2026-02-17T20:23:47.400 INFO:teuthology.orchestra.run.trial059.stdout:/usr/bin/ceph: stderr
2026-02-17T20:23:46.363+0000 7fd2827fc640 1 --2- 10.20.193.59:0/3325355473 >> [v2:10.20.193.59:6800/4017627278,v1:10.20.193.59:6801/4017627278] conn(0x7fd27003dbf0 0x7fd2700400b0 unknown :-1 s=START_CONNECT pgs=0 cs=0 l=1 rev1=0 crypto rx=0 tx=0 comp rx=0 tx=0).stop
2026-02-17T20:23:47.400 INFO:teuthology.orchestra.run.trial059.stdout:/usr/bin/ceph: stderr
2026-02-17T20:23:47.363+0000 7fd2827fc640 1 -- 10.20.193.59:0/3325355473 <== mon.0 v2:10.20.193.59:3300/0 7 ==== mgrmap(e 7) ==== 50141+0+0 (secure 0 0 0) 0x7fd284075980 con 0x7fd29410a480
2026-02-17T20:23:47.400 INFO:teuthology.orchestra.run.trial059.stdout:/usr/bin/ceph: stderr
2026-02-17T20:23:47.364+0000 7fd2827fc640 1 --2- 10.20.193.59:0/3325355473 >> [v2:10.20.193.59:6800/33793758,v1:10.20.193.59:6801/33793758] conn(0x7fd270041540 0x7fd270043930 unknown :-1 s=NONE pgs=0 cs=0 l=1 rev1=0 crypto rx=0 tx=0 comp rx=0 tx=0).connect
2026-02-17T20:23:47.400 INFO:teuthology.orchestra.run.trial059.stdout:/usr/bin/ceph: stderr
2026-02-17T20:23:47.364+0000 7fd2827fc640 1 -- 10.20.193.59:0/3325355473 --> [v2:10.20.193.59:6800/33793758,v1:10.20.193.59:6801/33793758] -- command(tid 0: {"prefix": "get_command_descriptions"}) -- 0x7fd284042ec0 con 0x7fd270041540
2026-02-17T20:23:47.400 INFO:teuthology.orchestra.run.trial059.stdout:/usr/bin/ceph: stderr
2026-02-17T20:23:47.364+0000 7fd298cc9640 1 --2- 10.20.193.59:0/3325355473 >> [v2:10.20.193.59:6800/33793758,v1:10.20.193.59:6801/33793758] conn(0x7fd270041540 0x7fd270043930 unknown :-1 s=BANNER_CONNECTING pgs=0 cs=0 l=1 rev1=0 crypto rx=0 tx=0 comp rx=0 tx=0)._handle_peer_banner_payload supported=3 required=0
2026-02-17T20:23:47.400 INFO:teuthology.orchestra.run.trial059.stdout:/usr/bin/ceph: stderr
2026-02-17T20:23:47.364+0000 7fd298cc9640 1 --2- 10.20.193.59:0/3325355473 >> [v2:10.20.193.59:6800/33793758,v1:10.20.193.59:6801/33793758] conn(0x7fd270041540 0x7fd270043930 secure :-1 s=READY pgs=1 cs=0 l=1 rev1=1 crypto rx=0x7fd288003a80 tx=0x7fd2880092b0 comp rx=0 tx=0).ready entity=mgr.14118 client_cookie=0 server_cookie=0 in_seq=0 out_seq=0
2026-02-17T20:23:47.400 INFO:teuthology.orchestra.run.trial059.stdout:/usr/bin/ceph: stderr
2026-02-17T20:23:47.365+0000 7fd2827fc640 1 -- 10.20.193.59:0/3325355473 <== mgr.14118 v2:10.20.193.59:6800/33793758 1 ==== command_reply(tid 0: 0 ) ==== 8+0+8901 (secure 0 0 0) 0x7fd284042ec0 con 0x7fd270041540
2026-02-17T20:23:47.400 INFO:teuthology.orchestra.run.trial059.stdout:/usr/bin/ceph: stderr
2026-02-17T20:23:47.368+0000 7fd29b755640 1 -- 10.20.193.59:0/3325355473 --> [v2:10.20.193.59:6800/33793758,v1:10.20.193.59:6801/33793758] -- command(tid 1: {"prefix": "mgr_status"}) -- 0x7fd2941a0f30 con 0x7fd270041540
2026-02-17T20:23:47.401 INFO:teuthology.orchestra.run.trial059.stdout:/usr/bin/ceph: stderr
2026-02-17T20:23:47.368+0000 7fd2827fc640 1 -- 10.20.193.59:0/3325355473 <== mgr.14118 v2:10.20.193.59:6800/33793758 2 ==== command_reply(tid 1: 0 ) ==== 8+0+51 (secure 0 0 0) 0x7fd2941a0f30 con 0x7fd270041540
2026-02-17T20:23:47.401 INFO:teuthology.orchestra.run.trial059.stdout:/usr/bin/ceph: stderr
2026-02-17T20:23:47.368+0000 7fd29b755640 1 -- 10.20.193.59:0/3325355473 >> [v2:10.20.193.59:6800/33793758,v1:10.20.193.59:6801/33793758] conn(0x7fd270041540 msgr2=0x7fd270043930 secure :-1 s=STATE_CONNECTION_ESTABLISHED l=1).mark_down
2026-02-17T20:23:47.401 INFO:teuthology.orchestra.run.trial059.stdout:/usr/bin/ceph: stderr
2026-02-17T20:23:47.368+0000 7fd29b755640 1 --2- 10.20.193.59:0/3325355473 >> [v2:10.20.193.59:6800/33793758,v1:10.20.193.59:6801/33793758] conn(0x7fd270041540 0x7fd270043930 secure :-1 s=READY pgs=1 cs=0 l=1 rev1=1 crypto rx=0x7fd288003a80 tx=0x7fd2880092b0 comp rx=0 tx=0).stop
2026-02-17T20:23:47.401 INFO:teuthology.orchestra.run.trial059.stdout:/usr/bin/ceph: stderr
2026-02-17T20:23:47.368+0000 7fd29b755640 1 -- 10.20.193.59:0/3325355473 >> [v2:10.20.193.59:3300/0,v1:10.20.193.59:6789/0] conn(0x7fd29410a480 msgr2=0x7fd2941a0280 secure :-1 s=STATE_CONNECTION_ESTABLISHED l=1).mark_down
2026-02-17T20:23:47.401 INFO:teuthology.orchestra.run.trial059.stdout:/usr/bin/ceph: stderr
2026-02-17T20:23:47.368+0000 7fd29b755640 1 --2- 10.20.193.59:0/3325355473 >> [v2:10.20.193.59:3300/0,v1:10.20.193.59:6789/0] conn(0x7fd29410a480 0x7fd2941a0280 secure :-1 s=READY pgs=27 cs=0 l=1 rev1=1 crypto rx=0x7fd284006fd0 tx=0x7fd284035e10 comp rx=0 tx=0).stop
2026-02-17T20:23:47.401 INFO:teuthology.orchestra.run.trial059.stdout:/usr/bin/ceph: stderr
2026-02-17T20:23:47.368+0000 7fd29b755640 1 -- 10.20.193.59:0/3325355473 shutdown_connections
2026-02-17T20:23:47.401 INFO:teuthology.orchestra.run.trial059.stdout:/usr/bin/ceph: stderr
2026-02-17T20:23:47.368+0000 7fd29b755640 1 --2- 10.20.193.59:0/3325355473 >> [v2:10.20.193.59:6800/33793758,v1:10.20.193.59:6801/33793758] conn(0x7fd270041540 0x7fd270043930 unknown :-1 s=CLOSED pgs=1 cs=0 l=1 rev1=1 crypto rx=0 tx=0 comp rx=0 tx=0).stop
2026-02-17T20:23:47.401 INFO:teuthology.orchestra.run.trial059.stdout:/usr/bin/ceph: stderr
2026-02-17T20:23:47.368+0000 7fd29b755640 1 --2- 10.20.193.59:0/3325355473 >> [v2:10.20.193.59:6800/4017627278,v1:10.20.193.59:6801/4017627278] conn(0x7fd27003dbf0 0x7fd2700400b0 unknown :-1 s=CLOSED pgs=0 cs=0 l=1 rev1=0 crypto rx=0 tx=0 comp rx=0 tx=0).stop
2026-02-17T20:23:47.401 INFO:teuthology.orchestra.run.trial059.stdout:/usr/bin/ceph: stderr
2026-02-17T20:23:47.368+0000 7fd29b755640 1 --2- 10.20.193.59:0/3325355473 >> [v2:10.20.193.59:3300/0,v1:10.20.193.59:6789/0] conn(0x7fd29410a480 0x7fd2941a0280 unknown :-1 s=CLOSED pgs=27 cs=0 l=1 rev1=1 crypto rx=0 tx=0 comp rx=0 tx=0).stop
2026-02-17T20:23:47.401 INFO:teuthology.orchestra.run.trial059.stdout:/usr/bin/ceph: stderr
2026-02-17T20:23:47.368+0000 7fd29b755640 1 -- 10.20.193.59:0/3325355473 >> 10.20.193.59:0/3325355473 conn(0x7fd29407dbf0 msgr2=0x7fd294107e40 unknown :-1 s=STATE_NONE l=0).mark_down
2026-02-17T20:23:47.401 INFO:teuthology.orchestra.run.trial059.stdout:/usr/bin/ceph: stderr
2026-02-17T20:23:47.368+0000 7fd29b755640 1 -- 10.20.193.59:0/3325355473 shutdown_connections
2026-02-17T20:23:47.401 INFO:teuthology.orchestra.run.trial059.stdout:/usr/bin/ceph: stderr
2026-02-17T20:23:47.368+0000 7fd29b755640 1 -- 10.20.193.59:0/3325355473 wait complete.
2026-02-17T20:23:47.401 INFO:teuthology.orchestra.run.trial059.stdout:mgr epoch 5 is available
2026-02-17T20:23:47.402 INFO:teuthology.orchestra.run.trial059.stdout:Setting orchestrator backend to cephadm...
2026-02-17T20:23:47.612 INFO:teuthology.orchestra.run.trial059.stdout:/usr/bin/ceph: stderr
2026-02-17T20:23:47.490+0000 7fa9478d1640 1 Processor -- start
2026-02-17T20:23:47.612 INFO:teuthology.orchestra.run.trial059.stdout:/usr/bin/ceph: stderr
2026-02-17T20:23:47.490+0000 7fa9478d1640 1 -- start start
2026-02-17T20:23:47.612 INFO:teuthology.orchestra.run.trial059.stdout:/usr/bin/ceph: stderr
2026-02-17T20:23:47.491+0000 7fa9478d1640 1 --2- >> [v2:10.20.193.59:3300/0,v1:10.20.193.59:6789/0] conn(0x7fa94010a440 0x7fa94010a860 unknown :-1 s=NONE pgs=0 cs=0 l=0 rev1=0 crypto rx=0 tx=0 comp rx=0 tx=0).connect
2026-02-17T20:23:47.612 INFO:teuthology.orchestra.run.trial059.stdout:/usr/bin/ceph: stderr
2026-02-17T20:23:47.491+0000 7fa9478d1640 1 -- --> [v2:10.20.193.59:3300/0,v1:10.20.193.59:6789/0] -- mon_getmap magic: 0 -- 0x7fa94010ae30 con 0x7fa94010a440
2026-02-17T20:23:47.612 INFO:teuthology.orchestra.run.trial059.stdout:/usr/bin/ceph: stderr
2026-02-17T20:23:47.491+0000 7fa945646640 1 --2- >> [v2:10.20.193.59:3300/0,v1:10.20.193.59:6789/0] conn(0x7fa94010a440 0x7fa94010a860 unknown :-1 s=BANNER_CONNECTING pgs=0 cs=0 l=0 rev1=0 crypto rx=0 tx=0 comp rx=0 tx=0)._handle_peer_banner_payload supported=3 required=0
2026-02-17T20:23:47.612 INFO:teuthology.orchestra.run.trial059.stdout:/usr/bin/ceph: stderr
2026-02-17T20:23:47.491+0000 7fa945646640 1 --2- >> [v2:10.20.193.59:3300/0,v1:10.20.193.59:6789/0] conn(0x7fa94010a440 0x7fa94010a860 unknown :-1 s=HELLO_CONNECTING pgs=0 cs=0 l=0 rev1=1 crypto rx=0 tx=0 comp rx=0 tx=0).handle_hello peer v2:10.20.193.59:3300/0 says I am v2:10.20.193.59:53874/0 (socket says 10.20.193.59:53874)
2026-02-17T20:23:47.612 INFO:teuthology.orchestra.run.trial059.stdout:/usr/bin/ceph: stderr
2026-02-17T20:23:47.491+0000 7fa945646640 1 -- 10.20.193.59:0/1260183868 learned_addr learned my addr 10.20.193.59:0/1260183868 (peer_addr_for_me v2:10.20.193.59:0/0)
2026-02-17T20:23:47.612 INFO:teuthology.orchestra.run.trial059.stdout:/usr/bin/ceph: stderr
2026-02-17T20:23:47.491+0000 7fa945646640 1 -- 10.20.193.59:0/1260183868 --> [v2:10.20.193.59:3300/0,v1:10.20.193.59:6789/0] -- mon_subscribe({config=0+,monmap=0+}) -- 0x7fa94010b5e0 con 0x7fa94010a440
2026-02-17T20:23:47.612 INFO:teuthology.orchestra.run.trial059.stdout:/usr/bin/ceph: stderr
2026-02-17T20:23:47.491+0000 7fa945646640 1 --2- 10.20.193.59:0/1260183868 >> [v2:10.20.193.59:3300/0,v1:10.20.193.59:6789/0] conn(0x7fa94010a440 0x7fa94010a860 secure :-1 s=READY pgs=35 cs=0 l=1 rev1=1 crypto rx=0x7fa930009920 tx=0x7fa93002ef20 comp rx=0 tx=0).ready entity=mon.0 client_cookie=92af63c626c38b3d server_cookie=0 in_seq=0 out_seq=0
2026-02-17T20:23:47.612 INFO:teuthology.orchestra.run.trial059.stdout:/usr/bin/ceph: stderr
2026-02-17T20:23:47.491+0000 7fa92ffff640 1 -- 10.20.193.59:0/1260183868 <== mon.0 v2:10.20.193.59:3300/0 1 ==== mon_map magic: 0 ==== 205+0+0 (secure 0 0 0) 0x7fa93003c070 con 0x7fa94010a440
2026-02-17T20:23:47.612 INFO:teuthology.orchestra.run.trial059.stdout:/usr/bin/ceph: stderr
2026-02-17T20:23:47.491+0000 7fa92ffff640 1 -- 10.20.193.59:0/1260183868 <== mon.0 v2:10.20.193.59:3300/0 2 ==== config(25 keys) ==== 1007+0+0 (secure 0 0 0) 0x7fa930037440 con 0x7fa94010a440
2026-02-17T20:23:47.612 INFO:teuthology.orchestra.run.trial059.stdout:/usr/bin/ceph: stderr
2026-02-17T20:23:47.491+0000 7fa92ffff640 1 -- 10.20.193.59:0/1260183868 <== mon.0 v2:10.20.193.59:3300/0 3 ==== mon_map magic: 0 ==== 205+0+0 (secure 0 0 0) 0x7fa9300354d0 con 0x7fa94010a440
2026-02-17T20:23:47.612 INFO:teuthology.orchestra.run.trial059.stdout:/usr/bin/ceph: stderr
2026-02-17T20:23:47.492+0000 7fa9478d1640 1 -- 10.20.193.59:0/1260183868 >> [v2:10.20.193.59:3300/0,v1:10.20.193.59:6789/0] conn(0x7fa94010a440 msgr2=0x7fa94010a860 secure :-1 s=STATE_CONNECTION_ESTABLISHED l=1).mark_down
2026-02-17T20:23:47.612 INFO:teuthology.orchestra.run.trial059.stdout:/usr/bin/ceph: stderr
2026-02-17T20:23:47.492+0000 7fa9478d1640 1 --2- 10.20.193.59:0/1260183868 >> [v2:10.20.193.59:3300/0,v1:10.20.193.59:6789/0] conn(0x7fa94010a440 0x7fa94010a860 secure :-1 s=READY pgs=35 cs=0 l=1 rev1=1 crypto rx=0x7fa930009920 tx=0x7fa93002ef20 comp rx=0 tx=0).stop
2026-02-17T20:23:47.612 INFO:teuthology.orchestra.run.trial059.stdout:/usr/bin/ceph: stderr
2026-02-17T20:23:47.492+0000 7fa9478d1640 1 -- 10.20.193.59:0/1260183868 shutdown_connections
2026-02-17T20:23:47.612 INFO:teuthology.orchestra.run.trial059.stdout:/usr/bin/ceph: stderr
2026-02-17T20:23:47.492+0000 7fa9478d1640 1 --2- 10.20.193.59:0/1260183868 >> [v2:10.20.193.59:3300/0,v1:10.20.193.59:6789/0] conn(0x7fa94010a440 0x7fa94010a860 unknown :-1 s=CLOSED pgs=35 cs=0 l=1 rev1=1 crypto rx=0 tx=0 comp rx=0 tx=0).stop
2026-02-17T20:23:47.612 INFO:teuthology.orchestra.run.trial059.stdout:/usr/bin/ceph: stderr
2026-02-17T20:23:47.492+0000 7fa9478d1640 1 -- 10.20.193.59:0/1260183868 >> 10.20.193.59:0/1260183868 conn(0x7fa94007dbe0 msgr2=0x7fa940108680 unknown :-1 s=STATE_NONE l=0).mark_down
2026-02-17T20:23:47.612 INFO:teuthology.orchestra.run.trial059.stdout:/usr/bin/ceph: stderr
2026-02-17T20:23:47.492+0000 7fa9478d1640 1 -- 10.20.193.59:0/1260183868 shutdown_connections
2026-02-17T20:23:47.612 INFO:teuthology.orchestra.run.trial059.stdout:/usr/bin/ceph: stderr
2026-02-17T20:23:47.492+0000 7fa9478d1640 1 -- 10.20.193.59:0/1260183868 wait complete.
2026-02-17T20:23:47.612 INFO:teuthology.orchestra.run.trial059.stdout:/usr/bin/ceph: stderr
2026-02-17T20:23:47.492+0000 7fa9478d1640 1 Processor -- start
2026-02-17T20:23:47.612 INFO:teuthology.orchestra.run.trial059.stdout:/usr/bin/ceph: stderr
2026-02-17T20:23:47.492+0000 7fa9478d1640 1 -- start start
2026-02-17T20:23:47.612 INFO:teuthology.orchestra.run.trial059.stdout:/usr/bin/ceph: stderr
2026-02-17T20:23:47.492+0000 7fa9478d1640 1 --2- >> [v2:10.20.193.59:3300/0,v1:10.20.193.59:6789/0] conn(0x7fa94010a440 0x7fa9401a0210 unknown :-1 s=NONE pgs=0 cs=0 l=1 rev1=0 crypto rx=0 tx=0 comp rx=0 tx=0).connect
2026-02-17T20:23:47.612 INFO:teuthology.orchestra.run.trial059.stdout:/usr/bin/ceph: stderr
2026-02-17T20:23:47.492+0000 7fa9478d1640 1 -- --> [v2:10.20.193.59:3300/0,v1:10.20.193.59:6789/0] -- mon_getmap magic: 0 -- 0x7fa94010e810 con 0x7fa94010a440
2026-02-17T20:23:47.612 INFO:teuthology.orchestra.run.trial059.stdout:/usr/bin/ceph: stderr
2026-02-17T20:23:47.492+0000 7fa945646640 1 --2- >> [v2:10.20.193.59:3300/0,v1:10.20.193.59:6789/0] conn(0x7fa94010a440 0x7fa9401a0210 unknown :-1 s=BANNER_CONNECTING pgs=0 cs=0 l=1 rev1=0 crypto rx=0 tx=0 comp rx=0 tx=0)._handle_peer_banner_payload supported=3 required=0
2026-02-17T20:23:47.612 INFO:teuthology.orchestra.run.trial059.stdout:/usr/bin/ceph: stderr
2026-02-17T20:23:47.492+0000 7fa945646640 1 --2- >> [v2:10.20.193.59:3300/0,v1:10.20.193.59:6789/0] conn(0x7fa94010a440 0x7fa9401a0210 unknown :-1 s=HELLO_CONNECTING pgs=0 cs=0 l=1 rev1=1 crypto rx=0 tx=0 comp rx=0 tx=0).handle_hello peer v2:10.20.193.59:3300/0 says I am v2:10.20.193.59:53880/0 (socket says 10.20.193.59:53880)
2026-02-17T20:23:47.613 INFO:teuthology.orchestra.run.trial059.stdout:/usr/bin/ceph: stderr
2026-02-17T20:23:47.492+0000 7fa945646640 1 -- 10.20.193.59:0/2838770522 learned_addr learned my addr 10.20.193.59:0/2838770522 (peer_addr_for_me v2:10.20.193.59:0/0)
2026-02-17T20:23:47.613 INFO:teuthology.orchestra.run.trial059.stdout:/usr/bin/ceph: stderr
2026-02-17T20:23:47.493+0000 7fa945646640 1 -- 10.20.193.59:0/2838770522 --> [v2:10.20.193.59:3300/0,v1:10.20.193.59:6789/0] -- mon_subscribe({config=0+,monmap=0+}) -- 0x7fa9401a0750 con 0x7fa94010a440
2026-02-17T20:23:47.613 INFO:teuthology.orchestra.run.trial059.stdout:/usr/bin/ceph: stderr
2026-02-17T20:23:47.493+0000 7fa945646640 1 --2- 10.20.193.59:0/2838770522 >> [v2:10.20.193.59:3300/0,v1:10.20.193.59:6789/0] conn(0x7fa94010a440 0x7fa9401a0210 secure :-1 s=READY pgs=36 cs=0 l=1 rev1=1 crypto rx=0x7fa930002410 tx=0x7fa930035ac0 comp rx=0 tx=0).ready entity=mon.0 client_cookie=0 server_cookie=0 in_seq=0 out_seq=0
2026-02-17T20:23:47.613 INFO:teuthology.orchestra.run.trial059.stdout:/usr/bin/ceph: stderr
2026-02-17T20:23:47.493+0000 7fa92e7fc640 1 -- 10.20.193.59:0/2838770522 <== mon.0 v2:10.20.193.59:3300/0 1 ==== mon_map magic: 0 ==== 205+0+0 (secure 0 0 0) 0x7fa930045070 con 0x7fa94010a440
2026-02-17T20:23:47.613 INFO:teuthology.orchestra.run.trial059.stdout:/usr/bin/ceph: stderr
2026-02-17T20:23:47.493+0000 7fa92e7fc640 1 -- 10.20.193.59:0/2838770522 <== mon.0 v2:10.20.193.59:3300/0 2 ==== config(25 keys) ==== 1007+0+0 (secure 0 0 0) 0x7fa93002fe00 con 0x7fa94010a440
2026-02-17T20:23:47.613 INFO:teuthology.orchestra.run.trial059.stdout:/usr/bin/ceph: stderr
2026-02-17T20:23:47.493+0000 7fa92e7fc640 1 -- 10.20.193.59:0/2838770522 <== mon.0 v2:10.20.193.59:3300/0 3 ==== mon_map magic: 0 ==== 205+0+0 (secure 0 0 0) 0x7fa93003c070 con 0x7fa94010a440
2026-02-17T20:23:47.613 INFO:teuthology.orchestra.run.trial059.stdout:/usr/bin/ceph: stderr
2026-02-17T20:23:47.493+0000 7fa9478d1640 1 -- 10.20.193.59:0/2838770522 --> [v2:10.20.193.59:3300/0,v1:10.20.193.59:6789/0] -- mon_subscribe({mgrmap=0+}) -- 0x7fa9401a09e0 con 0x7fa94010a440
2026-02-17T20:23:47.613 INFO:teuthology.orchestra.run.trial059.stdout:/usr/bin/ceph: stderr
2026-02-17T20:23:47.493+0000 7fa9478d1640 1 -- 10.20.193.59:0/2838770522 --> [v2:10.20.193.59:3300/0,v1:10.20.193.59:6789/0] -- mon_subscribe({osdmap=0}) -- 0x7fa9401a36d0 con 0x7fa94010a440
2026-02-17T20:23:47.613 INFO:teuthology.orchestra.run.trial059.stdout:/usr/bin/ceph: stderr
2026-02-17T20:23:47.493+0000 7fa9478d1640 1 -- 10.20.193.59:0/2838770522 --> [v2:10.20.193.59:3300/0,v1:10.20.193.59:6789/0] -- mon_command({"prefix": "get_command_descriptions"} v 0) -- 0x7fa94010a8e0 con 0x7fa94010a440
2026-02-17T20:23:47.613 INFO:teuthology.orchestra.run.trial059.stdout:/usr/bin/ceph: stderr
2026-02-17T20:23:47.493+0000 7fa92e7fc640 1 -- 10.20.193.59:0/2838770522 <== mon.0 v2:10.20.193.59:3300/0 4 ==== mgrmap(e 7) ==== 50141+0+0 (secure 0 0 0) 0x7fa930040650 con 0x7fa94010a440
2026-02-17T20:23:47.613 INFO:teuthology.orchestra.run.trial059.stdout:/usr/bin/ceph: stderr
2026-02-17T20:23:47.493+0000 7fa92e7fc640 1 --2- 10.20.193.59:0/2838770522 >> [v2:10.20.193.59:6800/33793758,v1:10.20.193.59:6801/33793758] conn(0x7fa91c03dad0 0x7fa91c03ff90 unknown :-1 s=NONE pgs=0 cs=0 l=1 rev1=0 crypto rx=0 tx=0 comp rx=0 tx=0).connect
2026-02-17T20:23:47.613 INFO:teuthology.orchestra.run.trial059.stdout:/usr/bin/ceph: stderr
2026-02-17T20:23:47.493+0000 7fa92e7fc640 1 -- 10.20.193.59:0/2838770522 <== mon.0 v2:10.20.193.59:3300/0 5 ==== osd_map(2..2 src has 1..2) ==== 940+0+0 (secure 0 0 0) 0x7fa930076730 con 0x7fa94010a440
2026-02-17T20:23:47.613 INFO:teuthology.orchestra.run.trial059.stdout:/usr/bin/ceph: stderr
2026-02-17T20:23:47.494+0000 7fa944e45640 1 --2- 10.20.193.59:0/2838770522 >> [v2:10.20.193.59:6800/33793758,v1:10.20.193.59:6801/33793758] conn(0x7fa91c03dad0 0x7fa91c03ff90 unknown :-1 s=BANNER_CONNECTING pgs=0 cs=0 l=1 rev1=0 crypto rx=0 tx=0 comp rx=0 tx=0)._handle_peer_banner_payload supported=3 required=0
2026-02-17T20:23:47.613 INFO:teuthology.orchestra.run.trial059.stdout:/usr/bin/ceph: stderr
2026-02-17T20:23:47.494+0000 7fa944e45640 1 --2- 10.20.193.59:0/2838770522 >> [v2:10.20.193.59:6800/33793758,v1:10.20.193.59:6801/33793758] conn(0x7fa91c03dad0 0x7fa91c03ff90 secure :-1 s=READY pgs=7 cs=0 l=1 rev1=1 crypto rx=0x7fa9340099c0 tx=0x7fa934006eb0 comp rx=0 tx=0).ready entity=mgr.14118 client_cookie=0 server_cookie=0 in_seq=0 out_seq=0
2026-02-17T20:23:47.613 INFO:teuthology.orchestra.run.trial059.stdout:/usr/bin/ceph: stderr
2026-02-17T20:23:47.496+0000 7fa92e7fc640 1 -- 10.20.193.59:0/2838770522 <== mon.0 v2:10.20.193.59:3300/0 6 ==== mon_command_ack([{"prefix": "get_command_descriptions"}]=0 v0) ==== 72+0+195034 (secure 0 0 0) 0x7fa93003c210 con 0x7fa94010a440
2026-02-17T20:23:47.613 INFO:teuthology.orchestra.run.trial059.stdout:/usr/bin/ceph: stderr
2026-02-17T20:23:47.587+0000 7fa9478d1640 1 -- 10.20.193.59:0/2838770522 --> [v2:10.20.193.59:6800/33793758,v1:10.20.193.59:6801/33793758] -- mgr_command(tid 0: {"prefix": "orch set backend", "module_name": "cephadm", "target": ["mon-mgr", ""]}) -- 0x7fa9401084f0 con 0x7fa91c03dad0
2026-02-17T20:23:47.613 INFO:teuthology.orchestra.run.trial059.stdout:/usr/bin/ceph: stderr
2026-02-17T20:23:47.590+0000 7fa92e7fc640 1 -- 10.20.193.59:0/2838770522 <== mgr.14118 v2:10.20.193.59:6800/33793758 1 ==== mgr_command_reply(tid 0: 0 ) ==== 8+0+0 (secure 0 0 0) 0x7fa9401084f0 con 0x7fa91c03dad0
2026-02-17T20:23:47.613 INFO:teuthology.orchestra.run.trial059.stdout:/usr/bin/ceph: stderr
2026-02-17T20:23:47.591+0000 7fa9478d1640 1 -- 10.20.193.59:0/2838770522 >> [v2:10.20.193.59:6800/33793758,v1:10.20.193.59:6801/33793758] conn(0x7fa91c03dad0 msgr2=0x7fa91c03ff90 secure :-1 s=STATE_CONNECTION_ESTABLISHED l=1).mark_down
2026-02-17T20:23:47.613 INFO:teuthology.orchestra.run.trial059.stdout:/usr/bin/ceph: stderr
2026-02-17T20:23:47.591+0000 7fa9478d1640 1 --2- 10.20.193.59:0/2838770522 >> [v2:10.20.193.59:6800/33793758,v1:10.20.193.59:6801/33793758] conn(0x7fa91c03dad0 0x7fa91c03ff90 secure :-1 s=READY pgs=7 cs=0 l=1 rev1=1 crypto rx=0x7fa9340099c0 tx=0x7fa934006eb0 comp rx=0 tx=0).stop
2026-02-17T20:23:47.613 INFO:teuthology.orchestra.run.trial059.stdout:/usr/bin/ceph: stderr
2026-02-17T20:23:47.591+0000 7fa9478d1640 1 -- 10.20.193.59:0/2838770522 >> [v2:10.20.193.59:3300/0,v1:10.20.193.59:6789/0] conn(0x7fa94010a440 msgr2=0x7fa9401a0210 secure :-1 s=STATE_CONNECTION_ESTABLISHED l=1).mark_down
2026-02-17T20:23:47.613 INFO:teuthology.orchestra.run.trial059.stdout:/usr/bin/ceph: stderr
2026-02-17T20:23:47.591+0000 7fa9478d1640 1 --2- 10.20.193.59:0/2838770522 >> [v2:10.20.193.59:3300/0,v1:10.20.193.59:6789/0] conn(0x7fa94010a440 0x7fa9401a0210 secure :-1 s=READY pgs=36 cs=0 l=1 rev1=1 crypto rx=0x7fa930002410 tx=0x7fa930035ac0 comp rx=0 tx=0).stop
2026-02-17T20:23:47.613 INFO:teuthology.orchestra.run.trial059.stdout:/usr/bin/ceph: stderr
2026-02-17T20:23:47.591+0000 7fa9478d1640 1 -- 10.20.193.59:0/2838770522 shutdown_connections
2026-02-17T20:23:47.613 INFO:teuthology.orchestra.run.trial059.stdout:/usr/bin/ceph: stderr
2026-02-17T20:23:47.591+0000 7fa9478d1640 1 --2- 10.20.193.59:0/2838770522 >> [v2:10.20.193.59:6800/33793758,v1:10.20.193.59:6801/33793758] conn(0x7fa91c03dad0 0x7fa91c03ff90 unknown :-1 s=CLOSED pgs=7 cs=0 l=1 rev1=1 crypto rx=0 tx=0 comp rx=0 tx=0).stop
2026-02-17T20:23:47.613 INFO:teuthology.orchestra.run.trial059.stdout:/usr/bin/ceph: stderr
2026-02-17T20:23:47.591+0000 7fa9478d1640 1 --2- 10.20.193.59:0/2838770522 >> [v2:10.20.193.59:3300/0,v1:10.20.193.59:6789/0] conn(0x7fa94010a440 0x7fa9401a0210 unknown :-1 s=CLOSED pgs=36 cs=0 l=1 rev1=1 crypto rx=0 tx=0 comp rx=0 tx=0).stop
2026-02-17T20:23:47.613 INFO:teuthology.orchestra.run.trial059.stdout:/usr/bin/ceph: stderr
2026-02-17T20:23:47.591+0000 7fa9478d1640 1 -- 10.20.193.59:0/2838770522 >> 10.20.193.59:0/2838770522 conn(0x7fa94007dbe0 msgr2=0x7fa940107de0 unknown :-1 s=STATE_NONE l=0).mark_down
2026-02-17T20:23:47.613 INFO:teuthology.orchestra.run.trial059.stdout:/usr/bin/ceph: stderr
2026-02-17T20:23:47.591+0000 7fa9478d1640 1 -- 10.20.193.59:0/2838770522 shutdown_connections
2026-02-17T20:23:47.613 INFO:teuthology.orchestra.run.trial059.stdout:/usr/bin/ceph: stderr
2026-02-17T20:23:47.591+0000 7fa9478d1640 1 -- 10.20.193.59:0/2838770522 wait complete.
2026-02-17T20:23:47.634 INFO:journalctl@ceph.mon.a.trial059.stdout:Feb 17 20:23:47 trial059 ceph-mon[24791]: Found migration_current of "None". Setting to last migration.
2026-02-17T20:23:47.634 INFO:journalctl@ceph.mon.a.trial059.stdout:Feb 17 20:23:47 trial059 ceph-mon[24791]: from='mgr.14118 10.20.193.59:0/2814416042' entity='mgr.x'
2026-02-17T20:23:47.634 INFO:journalctl@ceph.mon.a.trial059.stdout:Feb 17 20:23:47 trial059 ceph-mon[24791]: from='mgr.14118 10.20.193.59:0/2814416042' entity='mgr.x'
2026-02-17T20:23:47.634 INFO:journalctl@ceph.mon.a.trial059.stdout:Feb 17 20:23:47 trial059 ceph-mon[24791]: mgrmap e7: x(active, since 1.00438s)
2026-02-17T20:23:47.835 INFO:teuthology.orchestra.run.trial059.stdout:/usr/bin/ceph: stdout value unchanged
2026-02-17T20:23:47.836 INFO:teuthology.orchestra.run.trial059.stdout:/usr/bin/ceph: stderr
2026-02-17T20:23:47.720+0000 7fba01e49640 1 Processor -- start
2026-02-17T20:23:47.836 INFO:teuthology.orchestra.run.trial059.stdout:/usr/bin/ceph: stderr
2026-02-17T20:23:47.720+0000 7fba01e49640 1 -- start start
2026-02-17T20:23:47.836 INFO:teuthology.orchestra.run.trial059.stdout:/usr/bin/ceph: stderr
2026-02-17T20:23:47.721+0000 7fba01e49640 1 --2- >> [v2:10.20.193.59:3300/0,v1:10.20.193.59:6789/0] conn(0x7fb9fc07dda0 0x7fb9fc07c310 unknown :-1 s=NONE pgs=0 cs=0 l=0 rev1=0 crypto rx=0 tx=0 comp rx=0 tx=0).connect
2026-02-17T20:23:47.836 INFO:teuthology.orchestra.run.trial059.stdout:/usr/bin/ceph: stderr
2026-02-17T20:23:47.721+0000 7fba01e49640 1 -- --> [v2:10.20.193.59:3300/0,v1:10.20.193.59:6789/0] -- mon_getmap magic: 0 -- 0x7fb9fc07e1a0 con 0x7fb9fc07dda0
2026-02-17T20:23:47.836 INFO:teuthology.orchestra.run.trial059.stdout:/usr/bin/ceph: stderr
2026-02-17T20:23:47.721+0000 7fb9fb7fe640 1 --2- >> [v2:10.20.193.59:3300/0,v1:10.20.193.59:6789/0] conn(0x7fb9fc07dda0 0x7fb9fc07c310 unknown :-1 s=BANNER_CONNECTING pgs=0 cs=0 l=0 rev1=0 crypto rx=0 tx=0 comp rx=0 tx=0)._handle_peer_banner_payload supported=3 required=0
2026-02-17T20:23:47.836 INFO:teuthology.orchestra.run.trial059.stdout:/usr/bin/ceph: stderr
2026-02-17T20:23:47.721+0000 7fb9fb7fe640 1 --2- >> [v2:10.20.193.59:3300/0,v1:10.20.193.59:6789/0] conn(0x7fb9fc07dda0 0x7fb9fc07c310 unknown :-1 s=HELLO_CONNECTING pgs=0 cs=0 l=0 rev1=1 crypto rx=0 tx=0 comp rx=0 tx=0).handle_hello peer v2:10.20.193.59:3300/0 says I am v2:10.20.193.59:53896/0 (socket says 10.20.193.59:53896)
2026-02-17T20:23:47.836 INFO:teuthology.orchestra.run.trial059.stdout:/usr/bin/ceph: stderr
2026-02-17T20:23:47.721+0000 7fb9fb7fe640 1 -- 10.20.193.59:0/2298063944 learned_addr learned my addr 10.20.193.59:0/2298063944 (peer_addr_for_me v2:10.20.193.59:0/0)
2026-02-17T20:23:47.836 INFO:teuthology.orchestra.run.trial059.stdout:/usr/bin/ceph: stderr
2026-02-17T20:23:47.721+0000 7fb9fb7fe640 1 -- 10.20.193.59:0/2298063944 --> [v2:10.20.193.59:3300/0,v1:10.20.193.59:6789/0] -- mon_subscribe({config=0+,monmap=0+}) -- 0x7fb9fc07c850 con 0x7fb9fc07dda0
2026-02-17T20:23:47.836 INFO:teuthology.orchestra.run.trial059.stdout:/usr/bin/ceph: stderr
2026-02-17T20:23:47.721+0000 7fb9fb7fe640 1 --2- 10.20.193.59:0/2298063944 >> [v2:10.20.193.59:3300/0,v1:10.20.193.59:6789/0] conn(0x7fb9fc07dda0 0x7fb9fc07c310 secure :-1 s=READY pgs=37 cs=0 l=1 rev1=1 crypto rx=0x7fb9e8009920 tx=0x7fb9e802ef20 comp rx=0 tx=0).ready entity=mon.0 client_cookie=3f5442236c340d05 server_cookie=0 in_seq=0 out_seq=0
2026-02-17T20:23:47.836 INFO:teuthology.orchestra.run.trial059.stdout:/usr/bin/ceph: stderr
2026-02-17T20:23:47.721+0000 7fb9fa7fc640 1 -- 10.20.193.59:0/2298063944 <== mon.0 v2:10.20.193.59:3300/0 1 ==== mon_map magic: 0 ==== 205+0+0 (secure 0 0 0) 0x7fb9e803c070 con 0x7fb9fc07dda0
2026-02-17T20:23:47.836 INFO:teuthology.orchestra.run.trial059.stdout:/usr/bin/ceph: stderr
2026-02-17T20:23:47.721+0000 7fb9fa7fc640 1 -- 10.20.193.59:0/2298063944 <== mon.0 v2:10.20.193.59:3300/0 2 ==== config(25 keys) ==== 1007+0+0 (secure 0 0 0) 0x7fb9e8037440 con 0x7fb9fc07dda0
2026-02-17T20:23:47.837 INFO:teuthology.orchestra.run.trial059.stdout:/usr/bin/ceph: stderr
2026-02-17T20:23:47.721+0000 7fb9fa7fc640 1 -- 10.20.193.59:0/2298063944 <== mon.0 v2:10.20.193.59:3300/0 3 ==== mon_map magic: 0 ==== 205+0+0 (secure 0 0 0) 0x7fb9e80354d0 con 0x7fb9fc07dda0
2026-02-17T20:23:47.837 INFO:teuthology.orchestra.run.trial059.stdout:/usr/bin/ceph: stderr
2026-02-17T20:23:47.722+0000 7fba01e49640 1 -- 10.20.193.59:0/2298063944 >> [v2:10.20.193.59:3300/0,v1:10.20.193.59:6789/0] conn(0x7fb9fc07dda0 msgr2=0x7fb9fc07c310 secure :-1 s=STATE_CONNECTION_ESTABLISHED l=1).mark_down
2026-02-17T20:23:47.837 INFO:teuthology.orchestra.run.trial059.stdout:/usr/bin/ceph: stderr
2026-02-17T20:23:47.722+0000 7fba01e49640 1 --2- 10.20.193.59:0/2298063944 >> [v2:10.20.193.59:3300/0,v1:10.20.193.59:6789/0] conn(0x7fb9fc07dda0 0x7fb9fc07c310 secure :-1 s=READY pgs=37 cs=0 l=1 rev1=1 crypto rx=0x7fb9e8009920 tx=0x7fb9e802ef20 comp rx=0 tx=0).stop
2026-02-17T20:23:47.837 INFO:teuthology.orchestra.run.trial059.stdout:/usr/bin/ceph: stderr
2026-02-17T20:23:47.722+0000 7fba01e49640 1 -- 10.20.193.59:0/2298063944 shutdown_connections
2026-02-17T20:23:47.837 INFO:teuthology.orchestra.run.trial059.stdout:/usr/bin/ceph: stderr
2026-02-17T20:23:47.722+0000 7fba01e49640 1 --2- 10.20.193.59:0/2298063944 >> [v2:10.20.193.59:3300/0,v1:10.20.193.59:6789/0] conn(0x7fb9fc07dda0 0x7fb9fc07c310 unknown :-1 s=CLOSED pgs=37 cs=0 l=1 rev1=1 crypto rx=0 tx=0 comp rx=0 tx=0).stop
2026-02-17T20:23:47.837 INFO:teuthology.orchestra.run.trial059.stdout:/usr/bin/ceph: stderr
2026-02-17T20:23:47.722+0000 7fba01e49640 1 -- 10.20.193.59:0/2298063944 >> 10.20.193.59:0/2298063944 conn(0x7fb9fc103a00 msgr2=0x7fb9fc105e40 unknown :-1 s=STATE_NONE l=0).mark_down
2026-02-17T20:23:47.837 INFO:teuthology.orchestra.run.trial059.stdout:/usr/bin/ceph: stderr
2026-02-17T20:23:47.722+0000 7fba01e49640 1 -- 10.20.193.59:0/2298063944 shutdown_connections
2026-02-17T20:23:47.837 INFO:teuthology.orchestra.run.trial059.stdout:/usr/bin/ceph: stderr
2026-02-17T20:23:47.722+0000 7fba01e49640 1 -- 10.20.193.59:0/2298063944 wait complete.
2026-02-17T20:23:47.837 INFO:teuthology.orchestra.run.trial059.stdout:/usr/bin/ceph: stderr
2026-02-17T20:23:47.722+0000 7fba01e49640 1 Processor -- start
2026-02-17T20:23:47.837 INFO:teuthology.orchestra.run.trial059.stdout:/usr/bin/ceph: stderr
2026-02-17T20:23:47.722+0000 7fba01e49640 1 -- start start
2026-02-17T20:23:47.837 INFO:teuthology.orchestra.run.trial059.stdout:/usr/bin/ceph: stderr
2026-02-17T20:23:47.723+0000 7fba01e49640 1 --2- >> [v2:10.20.193.59:3300/0,v1:10.20.193.59:6789/0] conn(0x7fb9fc07dda0 0x7fb9fc1a0280 unknown :-1 s=NONE pgs=0 cs=0 l=1 rev1=0 crypto rx=0 tx=0 comp rx=0 tx=0).connect
2026-02-17T20:23:47.837 INFO:teuthology.orchestra.run.trial059.stdout:/usr/bin/ceph: stderr
2026-02-17T20:23:47.723+0000 7fba01e49640 1 -- --> [v2:10.20.193.59:3300/0,v1:10.20.193.59:6789/0] -- mon_getmap magic: 0 -- 0x7fb9fc10e5c0 con 0x7fb9fc07dda0
2026-02-17T20:23:47.838 INFO:teuthology.orchestra.run.trial059.stdout:/usr/bin/ceph: stderr
2026-02-17T20:23:47.723+0000 7fb9fb7fe640 1 --2- >> [v2:10.20.193.59:3300/0,v1:10.20.193.59:6789/0] conn(0x7fb9fc07dda0 0x7fb9fc1a0280 unknown :-1 s=BANNER_CONNECTING pgs=0 cs=0 l=1 rev1=0 crypto rx=0 tx=0 comp rx=0 tx=0)._handle_peer_banner_payload supported=3 required=0
2026-02-17T20:23:47.838 INFO:teuthology.orchestra.run.trial059.stdout:/usr/bin/ceph: stderr
2026-02-17T20:23:47.723+0000 7fb9fb7fe640 1 --2- >> [v2:10.20.193.59:3300/0,v1:10.20.193.59:6789/0] conn(0x7fb9fc07dda0 0x7fb9fc1a0280 unknown :-1 s=HELLO_CONNECTING pgs=0 cs=0 l=1 rev1=1 crypto rx=0 tx=0 comp rx=0 tx=0).handle_hello peer v2:10.20.193.59:3300/0 says I am v2:10.20.193.59:53904/0 (socket says 10.20.193.59:53904)
2026-02-17T20:23:47.838 INFO:teuthology.orchestra.run.trial059.stdout:/usr/bin/ceph: stderr
2026-02-17T20:23:47.723+0000 7fb9fb7fe640 1 -- 10.20.193.59:0/686546557 learned_addr learned my addr 10.20.193.59:0/686546557 (peer_addr_for_me v2:10.20.193.59:0/0)
2026-02-17T20:23:47.838 INFO:teuthology.orchestra.run.trial059.stdout:/usr/bin/ceph: stderr
2026-02-17T20:23:47.723+0000 7fb9fb7fe640 1 -- 10.20.193.59:0/686546557 --> [v2:10.20.193.59:3300/0,v1:10.20.193.59:6789/0] -- mon_subscribe({config=0+,monmap=0+}) -- 0x7fb9fc1a07c0 con 0x7fb9fc07dda0
2026-02-17T20:23:47.838 INFO:teuthology.orchestra.run.trial059.stdout:/usr/bin/ceph: stderr
2026-02-17T20:23:47.723+0000 7fb9fb7fe640 1 --2- 10.20.193.59:0/686546557 >> [v2:10.20.193.59:3300/0,v1:10.20.193.59:6789/0] conn(0x7fb9fc07dda0 0x7fb9fc1a0280 secure :-1 s=READY pgs=38 cs=0 l=1 rev1=1 crypto rx=0x7fb9e8002410 tx=0x7fb9e8035ae0 comp rx=0 tx=0).ready entity=mon.0 client_cookie=0 server_cookie=0 in_seq=0 out_seq=0
2026-02-17T20:23:47.838 INFO:teuthology.orchestra.run.trial059.stdout:/usr/bin/ceph: stderr
2026-02-17T20:23:47.723+0000 7fb9f8ff9640 1 -- 10.20.193.59:0/686546557 <== mon.0 v2:10.20.193.59:3300/0 1 ==== mon_map magic: 0 ==== 205+0+0 (secure 0 0 0) 0x7fb9e8045070 con 0x7fb9fc07dda0
2026-02-17T20:23:47.838 INFO:teuthology.orchestra.run.trial059.stdout:/usr/bin/ceph: stderr
2026-02-17T20:23:47.723+0000 7fb9f8ff9640 1 -- 10.20.193.59:0/686546557 <== mon.0 v2:10.20.193.59:3300/0 2 ==== config(25 keys) ==== 1007+0+0 (secure 0 0 0) 0x7fb9e802fe00 con 0x7fb9fc07dda0
2026-02-17T20:23:47.838 INFO:teuthology.orchestra.run.trial059.stdout:/usr/bin/ceph: stderr
2026-02-17T20:23:47.723+0000 7fba01e49640 1 -- 10.20.193.59:0/686546557 --> [v2:10.20.193.59:3300/0,v1:10.20.193.59:6789/0] -- mon_subscribe({mgrmap=0+}) -- 0x7fb9fc1a0a50 con 0x7fb9fc07dda0
2026-02-17T20:23:47.838 INFO:teuthology.orchestra.run.trial059.stdout:/usr/bin/ceph: stderr
2026-02-17T20:23:47.723+0000 7fb9f8ff9640 1 -- 10.20.193.59:0/686546557 <== mon.0 v2:10.20.193.59:3300/0 3 ==== mon_map magic: 0 ==== 205+0+0 (secure 0 0 0) 0x7fb9e803c070 con 0x7fb9fc07dda0
2026-02-17T20:23:47.838 INFO:teuthology.orchestra.run.trial059.stdout:/usr/bin/ceph: stderr
2026-02-17T20:23:47.723+0000 7fba01e49640 1 -- 10.20.193.59:0/686546557 --> [v2:10.20.193.59:3300/0,v1:10.20.193.59:6789/0] -- mon_subscribe({osdmap=0}) -- 0x7fb9fc1a3740 con 0x7fb9fc07dda0
2026-02-17T20:23:47.838 INFO:teuthology.orchestra.run.trial059.stdout:/usr/bin/ceph: stderr
2026-02-17T20:23:47.723+0000 7fba01e49640 1 -- 10.20.193.59:0/686546557 --> [v2:10.20.193.59:3300/0,v1:10.20.193.59:6789/0] -- mon_command({"prefix": "get_command_descriptions"} v 0) -- 0x7fb9fc07c390 con 0x7fb9fc07dda0
2026-02-17T20:23:47.838 INFO:teuthology.orchestra.run.trial059.stdout:/usr/bin/ceph: stderr
2026-02-17T20:23:47.723+0000 7fb9f8ff9640 1 -- 10.20.193.59:0/686546557 <== mon.0 v2:10.20.193.59:3300/0 4 ==== mgrmap(e 7) ==== 50141+0+0 (secure 0 0 0) 0x7fb9e8040670 con 0x7fb9fc07dda0
2026-02-17T20:23:47.839 INFO:teuthology.orchestra.run.trial059.stdout:/usr/bin/ceph: stderr
2026-02-17T20:23:47.724+0000 7fb9f8ff9640 1 --2- 10.20.193.59:0/686546557 >> [v2:10.20.193.59:6800/33793758,v1:10.20.193.59:6801/33793758] conn(0x7fb9d003dad0 0x7fb9d003ff90 unknown :-1 s=NONE pgs=0 cs=0 l=1 rev1=0 crypto rx=0 tx=0 comp rx=0 tx=0).connect
2026-02-17T20:23:47.839 INFO:teuthology.orchestra.run.trial059.stdout:/usr/bin/ceph: stderr
2026-02-17T20:23:47.724+0000 7fb9f8ff9640 1 -- 10.20.193.59:0/686546557 <== mon.0 v2:10.20.193.59:3300/0 5 ==== osd_map(2..2 src has 1..2) ==== 940+0+0 (secure 0 0 0) 0x7fb9e8076720 con 0x7fb9fc07dda0
2026-02-17T20:23:47.839 INFO:teuthology.orchestra.run.trial059.stdout:/usr/bin/ceph: stderr
2026-02-17T20:23:47.724+0000 7fb9faffd640 1 --2- 10.20.193.59:0/686546557 >> [v2:10.20.193.59:6800/33793758,v1:10.20.193.59:6801/33793758] conn(0x7fb9d003dad0 0x7fb9d003ff90 unknown :-1 s=BANNER_CONNECTING pgs=0 cs=0 l=1 rev1=0 crypto rx=0 tx=0 comp rx=0 tx=0)._handle_peer_banner_payload supported=3 required=0
2026-02-17T20:23:47.839 INFO:teuthology.orchestra.run.trial059.stdout:/usr/bin/ceph: stderr
2026-02-17T20:23:47.724+0000 7fb9faffd640 1 --2- 10.20.193.59:0/686546557 >> [v2:10.20.193.59:6800/33793758,v1:10.20.193.59:6801/33793758] conn(0x7fb9d003dad0 0x7fb9d003ff90 secure :-1 s=READY pgs=8 cs=0 l=1 rev1=1 crypto rx=0x7fb9ec0099c0 tx=0x7fb9ec006eb0 comp rx=0 tx=0).ready entity=mgr.14118 client_cookie=0 server_cookie=0 in_seq=0 out_seq=0
2026-02-17T20:23:47.839 INFO:teuthology.orchestra.run.trial059.stdout:/usr/bin/ceph: stderr
2026-02-17T20:23:47.726+0000 7fb9f8ff9640 1 -- 10.20.193.59:0/686546557 <== mon.0 v2:10.20.193.59:3300/0 6 ==== mon_command_ack([{"prefix": "get_command_descriptions"}]=0 v0) ==== 72+0+195034 (secure 0 0 0) 0x7fb9e803c210 con 0x7fb9fc07dda0
2026-02-17T20:23:47.839 INFO:teuthology.orchestra.run.trial059.stdout:/usr/bin/ceph: stderr
2026-02-17T20:23:47.809+0000 7fba01e49640 1 -- 10.20.193.59:0/686546557 --> [v2:10.20.193.59:6800/33793758,v1:10.20.193.59:6801/33793758] -- mgr_command(tid 0: {"prefix": "cephadm set-user", "user": "root", "target": ["mon-mgr", ""]}) -- 0x7fb9fc104cf0 con 0x7fb9d003dad0
2026-02-17T20:23:47.839 INFO:teuthology.orchestra.run.trial059.stdout:/usr/bin/ceph: stderr
2026-02-17T20:23:47.810+0000 7fb9f8ff9640 1 -- 10.20.193.59:0/686546557 <== mgr.14118 v2:10.20.193.59:6800/33793758 1 ==== mgr_command_reply(tid 0: 0 ) ==== 8+0+16 (secure 0 0 0) 0x7fb9fc104cf0 con 0x7fb9d003dad0
2026-02-17T20:23:47.839 INFO:teuthology.orchestra.run.trial059.stdout:/usr/bin/ceph: stderr
2026-02-17T20:23:47.810+0000 7fba01e49640 1 -- 10.20.193.59:0/686546557 >> [v2:10.20.193.59:6800/33793758,v1:10.20.193.59:6801/33793758] conn(0x7fb9d003dad0 msgr2=0x7fb9d003ff90 secure :-1 s=STATE_CONNECTION_ESTABLISHED l=1).mark_down
2026-02-17T20:23:47.839 INFO:teuthology.orchestra.run.trial059.stdout:/usr/bin/ceph: stderr
2026-02-17T20:23:47.810+0000 7fba01e49640 1 --2- 10.20.193.59:0/686546557 >> [v2:10.20.193.59:6800/33793758,v1:10.20.193.59:6801/33793758] conn(0x7fb9d003dad0 0x7fb9d003ff90 secure :-1 s=READY pgs=8 cs=0 l=1 rev1=1 crypto rx=0x7fb9ec0099c0 tx=0x7fb9ec006eb0 comp rx=0 tx=0).stop
2026-02-17T20:23:47.839 INFO:teuthology.orchestra.run.trial059.stdout:/usr/bin/ceph: stderr
2026-02-17T20:23:47.810+0000 7fba01e49640 1 -- 10.20.193.59:0/686546557 >> [v2:10.20.193.59:3300/0,v1:10.20.193.59:6789/0] conn(0x7fb9fc07dda0 msgr2=0x7fb9fc1a0280 secure :-1 s=STATE_CONNECTION_ESTABLISHED l=1).mark_down
2026-02-17T20:23:47.839 INFO:teuthology.orchestra.run.trial059.stdout:/usr/bin/ceph: stderr
2026-02-17T20:23:47.810+0000 7fba01e49640 1 --2- 10.20.193.59:0/686546557 >> [v2:10.20.193.59:3300/0,v1:10.20.193.59:6789/0] conn(0x7fb9fc07dda0 0x7fb9fc1a0280 secure :-1 s=READY pgs=38 cs=0 l=1 rev1=1 crypto rx=0x7fb9e8002410 tx=0x7fb9e8035ae0 comp rx=0 tx=0).stop
2026-02-17T20:23:47.839 INFO:teuthology.orchestra.run.trial059.stdout:/usr/bin/ceph: stderr
2026-02-17T20:23:47.810+0000 7fba01e49640 1 -- 10.20.193.59:0/686546557 shutdown_connections
2026-02-17T20:23:47.840 INFO:teuthology.orchestra.run.trial059.stdout:/usr/bin/ceph: stderr
2026-02-17T20:23:47.810+0000 7fba01e49640 1 --2- 10.20.193.59:0/686546557 >> [v2:10.20.193.59:6800/33793758,v1:10.20.193.59:6801/33793758] conn(0x7fb9d003dad0 0x7fb9d003ff90 unknown :-1 s=CLOSED pgs=8 cs=0 l=1 rev1=1 crypto rx=0 tx=0 comp rx=0 tx=0).stop
2026-02-17T20:23:47.840 INFO:teuthology.orchestra.run.trial059.stdout:/usr/bin/ceph: stderr
2026-02-17T20:23:47.810+0000 7fba01e49640 1 --2- 10.20.193.59:0/686546557 >> [v2:10.20.193.59:3300/0,v1:10.20.193.59:6789/0] conn(0x7fb9fc07dda0 0x7fb9fc1a0280 unknown :-1 s=CLOSED pgs=38 cs=0 l=1 rev1=1 crypto rx=0 tx=0 comp rx=0 tx=0).stop
2026-02-17T20:23:47.840 INFO:teuthology.orchestra.run.trial059.stdout:/usr/bin/ceph: stderr
2026-02-17T20:23:47.810+0000 7fba01e49640 1 -- 10.20.193.59:0/686546557 >> 10.20.193.59:0/686546557 conn(0x7fb9fc103a00 msgr2=0x7fb9fc1045e0 unknown :-1 s=STATE_NONE l=0).mark_down
2026-02-17T20:23:47.840 INFO:teuthology.orchestra.run.trial059.stdout:/usr/bin/ceph: stderr
2026-02-17T20:23:47.810+0000 7fba01e49640 1 -- 10.20.193.59:0/686546557 shutdown_connections
2026-02-17T20:23:47.840 INFO:teuthology.orchestra.run.trial059.stdout:/usr/bin/ceph: stderr
2026-02-17T20:23:47.810+0000 7fba01e49640 1 -- 10.20.193.59:0/686546557 wait complete.
