2026-02-17T20:25:07.870+0000 7f0762068640 1 -- 10.20.193.109:0/3106215674 learned_addr learned my addr 10.20.193.109:0/3106215674 (peer_addr_for_me v2:10.20.193.109:0/0)
2026-02-17T20:25:07.991 INFO:teuthology.orchestra.run.trial109.stdout:/usr/bin/ceph: stderr
2026-02-17T20:25:07.870+0000 7f0762068640 1 -- 10.20.193.109:0/3106215674 --> [v2:10.20.193.109:3300/0,v1:10.20.193.109:6789/0] -- mon_subscribe({config=0+,monmap=0+}) -- 0x7f075c10a6b0 con 0x7f075c10ba50
2026-02-17T20:25:07.991 INFO:teuthology.orchestra.run.trial109.stdout:/usr/bin/ceph: stderr
2026-02-17T20:25:07.871+0000 7f0762068640 1 --2- 10.20.193.109:0/3106215674 >> [v2:10.20.193.109:3300/0,v1:10.20.193.109:6789/0] conn(0x7f075c10ba50 0x7f075c10be50 secure :-1 s=READY pgs=41 cs=0 l=1 rev1=1 crypto rx=0x7f074c009920 tx=0x7f074c02ef20 comp rx=0 tx=0).ready entity=mon.0 client_cookie=28e6ea8efcc7a797 server_cookie=0 in_seq=0 out_seq=0
2026-02-17T20:25:07.991 INFO:teuthology.orchestra.run.trial109.stdout:/usr/bin/ceph: stderr
2026-02-17T20:25:07.871+0000 7f0761066640 1 -- 10.20.193.109:0/3106215674 <== mon.0 v2:10.20.193.109:3300/0 1 ==== mon_map magic: 0 ==== 205+0+0 (secure 0 0 0) 0x7f074c03c070 con 0x7f075c10ba50
2026-02-17T20:25:07.991 INFO:teuthology.orchestra.run.trial109.stdout:/usr/bin/ceph: stderr
2026-02-17T20:25:07.871+0000 7f0761066640 1 -- 10.20.193.109:0/3106215674 <== mon.0 v2:10.20.193.109:3300/0 2 ==== config(26 keys) ==== 1045+0+0 (secure 0 0 0) 0x7f074c037440 con 0x7f075c10ba50
2026-02-17T20:25:07.991 INFO:teuthology.orchestra.run.trial109.stdout:/usr/bin/ceph: stderr
2026-02-17T20:25:07.871+0000 7f0761066640 1 -- 10.20.193.109:0/3106215674 <== mon.0 v2:10.20.193.109:3300/0 3 ==== mon_map magic: 0 ==== 205+0+0 (secure 0 0 0) 0x7f074c0354b0 con 0x7f075c10ba50
2026-02-17T20:25:07.991 INFO:teuthology.orchestra.run.trial109.stdout:/usr/bin/ceph: stderr
2026-02-17T20:25:07.871+0000 7f07642f3640 1 -- 10.20.193.109:0/3106215674 >> [v2:10.20.193.109:3300/0,v1:10.20.193.109:6789/0] conn(0x7f075c10ba50 msgr2=0x7f075c10be50 secure :-1 s=STATE_CONNECTION_ESTABLISHED l=1).mark_down
2026-02-17T20:25:07.991 INFO:teuthology.orchestra.run.trial109.stdout:/usr/bin/ceph: stderr
2026-02-17T20:25:07.871+0000 7f07642f3640 1 --2- 10.20.193.109:0/3106215674 >> [v2:10.20.193.109:3300/0,v1:10.20.193.109:6789/0] conn(0x7f075c10ba50 0x7f075c10be50 secure :-1 s=READY pgs=41 cs=0 l=1 rev1=1 crypto rx=0x7f074c009920 tx=0x7f074c02ef20 comp rx=0 tx=0).stop
2026-02-17T20:25:07.992 INFO:teuthology.orchestra.run.trial109.stdout:/usr/bin/ceph: stderr
2026-02-17T20:25:07.871+0000 7f07642f3640 1 -- 10.20.193.109:0/3106215674 shutdown_connections
2026-02-17T20:25:07.992 INFO:teuthology.orchestra.run.trial109.stdout:/usr/bin/ceph: stderr
2026-02-17T20:25:07.871+0000 7f07642f3640 1 --2- 10.20.193.109:0/3106215674 >> [v2:10.20.193.109:3300/0,v1:10.20.193.109:6789/0] conn(0x7f075c10ba50 0x7f075c10be50 unknown :-1 s=CLOSED pgs=41 cs=0 l=1 rev1=1 crypto rx=0 tx=0 comp rx=0 tx=0).stop
2026-02-17T20:25:07.992 INFO:teuthology.orchestra.run.trial109.stdout:/usr/bin/ceph: stderr
2026-02-17T20:25:07.871+0000 7f07642f3640 1 -- 10.20.193.109:0/3106215674 >> 10.20.193.109:0/3106215674 conn(0x7f075c07daf0 msgr2=0x7f075c07df20 unknown :-1 s=STATE_NONE l=0).mark_down
2026-02-17T20:25:07.992 INFO:teuthology.orchestra.run.trial109.stdout:/usr/bin/ceph: stderr
2026-02-17T20:25:07.871+0000 7f07642f3640 1 -- 10.20.193.109:0/3106215674 shutdown_connections
2026-02-17T20:25:07.992 INFO:teuthology.orchestra.run.trial109.stdout:/usr/bin/ceph: stderr
2026-02-17T20:25:07.871+0000 7f07642f3640 1 -- 10.20.193.109:0/3106215674 wait complete.
2026-02-17T20:25:07.992 INFO:teuthology.orchestra.run.trial109.stdout:/usr/bin/ceph: stderr
2026-02-17T20:25:07.872+0000 7f07642f3640 1 Processor -- start
2026-02-17T20:25:07.992 INFO:teuthology.orchestra.run.trial109.stdout:/usr/bin/ceph: stderr
2026-02-17T20:25:07.872+0000 7f07642f3640 1 -- start start
2026-02-17T20:25:07.992 INFO:teuthology.orchestra.run.trial109.stdout:/usr/bin/ceph: stderr
2026-02-17T20:25:07.872+0000 7f07642f3640 1 --2- >> [v2:10.20.193.109:3300/0,v1:10.20.193.109:6789/0] conn(0x7f075c10ba50 0x7f075c1a03a0 unknown :-1 s=NONE pgs=0 cs=0 l=1 rev1=0 crypto rx=0 tx=0 comp rx=0 tx=0).connect
2026-02-17T20:25:07.992 INFO:teuthology.orchestra.run.trial109.stdout:/usr/bin/ceph: stderr
2026-02-17T20:25:07.872+0000 7f07642f3640 1 -- --> [v2:10.20.193.109:3300/0,v1:10.20.193.109:6789/0] -- mon_getmap magic: 0 -- 0x7f075c10e8f0 con 0x7f075c10ba50
2026-02-17T20:25:07.992 INFO:teuthology.orchestra.run.trial109.stdout:/usr/bin/ceph: stderr
2026-02-17T20:25:07.872+0000 7f0762068640 1 --2- >> [v2:10.20.193.109:3300/0,v1:10.20.193.109:6789/0] conn(0x7f075c10ba50 0x7f075c1a03a0 unknown :-1 s=BANNER_CONNECTING pgs=0 cs=0 l=1 rev1=0 crypto rx=0 tx=0 comp rx=0 tx=0)._handle_peer_banner_payload supported=3 required=0
2026-02-17T20:25:07.992 INFO:teuthology.orchestra.run.trial109.stdout:/usr/bin/ceph: stderr
2026-02-17T20:25:07.872+0000 7f0762068640 1 --2- >> [v2:10.20.193.109:3300/0,v1:10.20.193.109:6789/0] conn(0x7f075c10ba50 0x7f075c1a03a0 unknown :-1 s=HELLO_CONNECTING pgs=0 cs=0 l=1 rev1=1 crypto rx=0 tx=0 comp rx=0 tx=0).handle_hello peer v2:10.20.193.109:3300/0 says I am v2:10.20.193.109:44558/0 (socket says 10.20.193.109:44558)
2026-02-17T20:25:07.992 INFO:teuthology.orchestra.run.trial109.stdout:/usr/bin/ceph: stderr
2026-02-17T20:25:07.872+0000 7f0762068640 1 -- 10.20.193.109:0/2255185075 learned_addr learned my addr 10.20.193.109:0/2255185075 (peer_addr_for_me v2:10.20.193.109:0/0)
2026-02-17T20:25:07.993 INFO:teuthology.orchestra.run.trial109.stdout:/usr/bin/ceph: stderr
2026-02-17T20:25:07.872+0000 7f0762068640 1 -- 10.20.193.109:0/2255185075 --> [v2:10.20.193.109:3300/0,v1:10.20.193.109:6789/0] -- mon_subscribe({config=0+,monmap=0+}) -- 0x7f075c1a08e0 con 0x7f075c10ba50
2026-02-17T20:25:07.993 INFO:teuthology.orchestra.run.trial109.stdout:/usr/bin/ceph: stderr
2026-02-17T20:25:07.872+0000 7f0762068640 1 --2- 10.20.193.109:0/2255185075 >> [v2:10.20.193.109:3300/0,v1:10.20.193.109:6789/0] conn(0x7f075c10ba50 0x7f075c1a03a0 secure :-1 s=READY pgs=42 cs=0 l=1 rev1=1 crypto rx=0x7f074c006fd0 tx=0x7f074c037bb0 comp rx=0 tx=0).ready entity=mon.0 client_cookie=0 server_cookie=0 in_seq=0 out_seq=0
2026-02-17T20:25:07.993 INFO:teuthology.orchestra.run.trial109.stdout:/usr/bin/ceph: stderr
2026-02-17T20:25:07.872+0000 7f07437fe640 1 -- 10.20.193.109:0/2255185075 <== mon.0 v2:10.20.193.109:3300/0 1 ==== mon_map magic: 0 ==== 205+0+0 (secure 0 0 0) 0x7f074c045070 con 0x7f075c10ba50
2026-02-17T20:25:07.993 INFO:teuthology.orchestra.run.trial109.stdout:/usr/bin/ceph: stderr
2026-02-17T20:25:07.872+0000 7f07437fe640 1 -- 10.20.193.109:0/2255185075 <== mon.0 v2:10.20.193.109:3300/0 2 ==== config(26 keys) ==== 1045+0+0 (secure 0 0 0) 0x7f074c040450 con 0x7f075c10ba50
2026-02-17T20:25:07.993 INFO:teuthology.orchestra.run.trial109.stdout:/usr/bin/ceph: stderr
2026-02-17T20:25:07.872+0000 7f07437fe640 1 -- 10.20.193.109:0/2255185075 <== mon.0 v2:10.20.193.109:3300/0 3 ==== mon_map magic: 0 ==== 205+0+0 (secure 0 0 0) 0x7f074c03c070 con 0x7f075c10ba50
2026-02-17T20:25:07.993 INFO:teuthology.orchestra.run.trial109.stdout:/usr/bin/ceph: stderr
2026-02-17T20:25:07.872+0000 7f07642f3640 1 -- 10.20.193.109:0/2255185075 --> [v2:10.20.193.109:3300/0,v1:10.20.193.109:6789/0] -- mon_subscribe({mgrmap=0+}) -- 0x7f075c1a0b70 con 0x7f075c10ba50
2026-02-17T20:25:07.993 INFO:teuthology.orchestra.run.trial109.stdout:/usr/bin/ceph: stderr
2026-02-17T20:25:07.872+0000 7f07642f3640 1 -- 10.20.193.109:0/2255185075 --> [v2:10.20.193.109:3300/0,v1:10.20.193.109:6789/0] -- mon_subscribe({osdmap=0}) -- 0x7f075c1a3860 con 0x7f075c10ba50
2026-02-17T20:25:07.993 INFO:teuthology.orchestra.run.trial109.stdout:/usr/bin/ceph: stderr
2026-02-17T20:25:07.873+0000 7f07642f3640 1 -- 10.20.193.109:0/2255185075 --> [v2:10.20.193.109:3300/0,v1:10.20.193.109:6789/0] -- mon_command({"prefix": "get_command_descriptions"} v 0) -- 0x7f075c10bed0 con 0x7f075c10ba50
2026-02-17T20:25:07.993 INFO:teuthology.orchestra.run.trial109.stdout:/usr/bin/ceph: stderr
2026-02-17T20:25:07.873+0000 7f07437fe640 1 -- 10.20.193.109:0/2255185075 <== mon.0 v2:10.20.193.109:3300/0 4 ==== mgrmap(e 7) ==== 50141+0+0 (secure 0 0 0) 0x7f074c040900 con 0x7f075c10ba50
2026-02-17T20:25:07.993 INFO:teuthology.orchestra.run.trial109.stdout:/usr/bin/ceph: stderr
2026-02-17T20:25:07.873+0000 7f07437fe640 1 --2- 10.20.193.109:0/2255185075 >> [v2:10.20.193.109:6800/4189950942,v1:10.20.193.109:6801/4189950942] conn(0x7f073803dad0 0x7f073803ff90 unknown :-1 s=NONE pgs=0 cs=0 l=1 rev1=0 crypto rx=0 tx=0 comp rx=0 tx=0).connect
2026-02-17T20:25:07.993 INFO:teuthology.orchestra.run.trial109.stdout:/usr/bin/ceph: stderr
2026-02-17T20:25:07.873+0000 7f07437fe640 1 -- 10.20.193.109:0/2255185075 <== mon.0 v2:10.20.193.109:3300/0 5 ==== osd_map(2..2 src has 1..2) ==== 940+0+0 (secure 0 0 0) 0x7f074c076550 con 0x7f075c10ba50
2026-02-17T20:25:07.993 INFO:teuthology.orchestra.run.trial109.stdout:/usr/bin/ceph: stderr
2026-02-17T20:25:07.873+0000 7f0761867640 1 --2- 10.20.193.109:0/2255185075 >> [v2:10.20.193.109:6800/4189950942,v1:10.20.193.109:6801/4189950942] conn(0x7f073803dad0 0x7f073803ff90 unknown :-1 s=BANNER_CONNECTING pgs=0 cs=0 l=1 rev1=0 crypto rx=0 tx=0 comp rx=0 tx=0)._handle_peer_banner_payload supported=3 required=0
2026-02-17T20:25:07.994 INFO:teuthology.orchestra.run.trial109.stdout:/usr/bin/ceph: stderr
2026-02-17T20:25:07.873+0000 7f0761867640 1 --2- 10.20.193.109:0/2255185075 >> [v2:10.20.193.109:6800/4189950942,v1:10.20.193.109:6801/4189950942] conn(0x7f073803dad0 0x7f073803ff90 secure :-1 s=READY pgs=10 cs=0 l=1 rev1=1 crypto rx=0x7f07500099c0 tx=0x7f0750006eb0 comp rx=0 tx=0).ready entity=mgr.14118 client_cookie=0 server_cookie=0 in_seq=0 out_seq=0
2026-02-17T20:25:07.994 INFO:teuthology.orchestra.run.trial109.stdout:/usr/bin/ceph: stderr
2026-02-17T20:25:07.876+0000 7f07437fe640 1 -- 10.20.193.109:0/2255185075 <== mon.0 v2:10.20.193.109:3300/0 6 ==== mon_command_ack([{"prefix": "get_command_descriptions"}]=0 v0) ==== 72+0+195034 (secure 0 0 0) 0x7f074c0406b0 con 0x7f075c10ba50
2026-02-17T20:25:07.994 INFO:teuthology.orchestra.run.trial109.stdout:/usr/bin/ceph: stderr
2026-02-17T20:25:07.963+0000 7f07642f3640 1 -- 10.20.193.109:0/2255185075 --> [v2:10.20.193.109:6800/4189950942,v1:10.20.193.109:6801/4189950942] -- mgr_command(tid 0: {"prefix": "cephadm get-pub-key", "target": ["mon-mgr", ""]}) -- 0x7f075c108ed0 con 0x7f073803dad0
2026-02-17T20:25:07.994 INFO:teuthology.orchestra.run.trial109.stdout:/usr/bin/ceph: stderr
2026-02-17T20:25:07.964+0000 7f07437fe640 1 -- 10.20.193.109:0/2255185075 <== mgr.14118 v2:10.20.193.109:6800/4189950942 1 ==== mgr_command_reply(tid 0: 0 ) ==== 8+0+123 (secure 0 0 0) 0x7f075c108ed0 con 0x7f073803dad0
2026-02-17T20:25:07.994 INFO:teuthology.orchestra.run.trial109.stdout:/usr/bin/ceph: stderr
2026-02-17T20:25:07.965+0000 7f07642f3640 1 -- 10.20.193.109:0/2255185075 >> [v2:10.20.193.109:6800/4189950942,v1:10.20.193.109:6801/4189950942] conn(0x7f073803dad0 msgr2=0x7f073803ff90 secure :-1 s=STATE_CONNECTION_ESTABLISHED l=1).mark_down
2026-02-17T20:25:07.994 INFO:teuthology.orchestra.run.trial109.stdout:/usr/bin/ceph: stderr
2026-02-17T20:25:07.965+0000 7f07642f3640 1 --2- 10.20.193.109:0/2255185075 >> [v2:10.20.193.109:6800/4189950942,v1:10.20.193.109:6801/4189950942] conn(0x7f073803dad0 0x7f073803ff90 secure :-1 s=READY pgs=10 cs=0 l=1 rev1=1 crypto rx=0x7f07500099c0 tx=0x7f0750006eb0 comp rx=0 tx=0).stop
2026-02-17T20:25:07.994 INFO:teuthology.orchestra.run.trial109.stdout:/usr/bin/ceph: stderr
2026-02-17T20:25:07.965+0000 7f07642f3640 1 -- 10.20.193.109:0/2255185075 >> [v2:10.20.193.109:3300/0,v1:10.20.193.109:6789/0] conn(0x7f075c10ba50 msgr2=0x7f075c1a03a0 secure :-1 s=STATE_CONNECTION_ESTABLISHED l=1).mark_down
2026-02-17T20:25:07.994 INFO:teuthology.orchestra.run.trial109.stdout:/usr/bin/ceph: stderr
2026-02-17T20:25:07.965+0000 7f07642f3640 1 --2- 10.20.193.109:0/2255185075 >> [v2:10.20.193.109:3300/0,v1:10.20.193.109:6789/0] conn(0x7f075c10ba50 0x7f075c1a03a0 secure :-1 s=READY pgs=42 cs=0 l=1 rev1=1 crypto rx=0x7f074c006fd0 tx=0x7f074c037bb0 comp rx=0 tx=0).stop
2026-02-17T20:25:07.994 INFO:teuthology.orchestra.run.trial109.stdout:/usr/bin/ceph: stderr
2026-02-17T20:25:07.965+0000 7f07642f3640 1 -- 10.20.193.109:0/2255185075 shutdown_connections
2026-02-17T20:25:07.994 INFO:teuthology.orchestra.run.trial109.stdout:/usr/bin/ceph: stderr
2026-02-17T20:25:07.965+0000 7f07642f3640 1 --2- 10.20.193.109:0/2255185075 >> [v2:10.20.193.109:6800/4189950942,v1:10.20.193.109:6801/4189950942] conn(0x7f073803dad0 0x7f073803ff90 unknown :-1 s=CLOSED pgs=10 cs=0 l=1 rev1=1 crypto rx=0 tx=0 comp rx=0 tx=0).stop
2026-02-17T20:25:07.994 INFO:teuthology.orchestra.run.trial109.stdout:/usr/bin/ceph: stderr
2026-02-17T20:25:07.965+0000 7f07642f3640 1 --2- 10.20.193.109:0/2255185075 >> [v2:10.20.193.109:3300/0,v1:10.20.193.109:6789/0] conn(0x7f075c10ba50 0x7f075c1a03a0 unknown :-1 s=CLOSED pgs=42 cs=0 l=1 rev1=1 crypto rx=0 tx=0 comp rx=0 tx=0).stop
2026-02-17T20:25:07.994 INFO:teuthology.orchestra.run.trial109.stdout:/usr/bin/ceph: stderr
2026-02-17T20:25:07.965+0000 7f07642f3640 1 -- 10.20.193.109:0/2255185075 >> 10.20.193.109:0/2255185075 conn(0x7f075c07daf0 msgr2=0x7f075c1087c0 unknown :-1 s=STATE_NONE l=0).mark_down
2026-02-17T20:25:07.994 INFO:teuthology.orchestra.run.trial109.stdout:/usr/bin/ceph: stderr
2026-02-17T20:25:07.965+0000 7f07642f3640 1 -- 10.20.193.109:0/2255185075 shutdown_connections
2026-02-17T20:25:07.995 INFO:teuthology.orchestra.run.trial109.stdout:/usr/bin/ceph: stderr
2026-02-17T20:25:07.965+0000 7f07642f3640 1 -- 10.20.193.109:0/2255185075 wait complete.
2026-02-17T20:25:07.995 INFO:teuthology.orchestra.run.trial109.stdout:Wrote public SSH key to /home/ubuntu/cephtest/ceph.pub
2026-02-17T20:25:07.995 INFO:teuthology.orchestra.run.trial109.stdout:Adding key to root@localhost authorized_keys...
2026-02-17T20:25:07.995 INFO:teuthology.orchestra.run.trial109.stdout:Adding host trial109...
2026-02-17T20:25:08.500 INFO:journalctl@ceph.mon.a.trial109.stdout:Feb 17 20:25:08 trial109 ceph-mon[24593]: [17/Feb/2026:20:25:07] ENGINE Bus STARTING
2026-02-17T20:25:08.500 INFO:journalctl@ceph.mon.a.trial109.stdout:Feb 17 20:25:08 trial109 ceph-mon[24593]: from='client.14122 -' entity='client.admin' cmd=[{"prefix": "get_command_descriptions"}]: dispatch
2026-02-17T20:25:08.500 INFO:journalctl@ceph.mon.a.trial109.stdout:Feb 17 20:25:08 trial109 ceph-mon[24593]: from='client.14122 -' entity='client.admin' cmd=[{"prefix": "mgr_status"}]: dispatch
2026-02-17T20:25:08.500 INFO:journalctl@ceph.mon.a.trial109.stdout:Feb 17 20:25:08 trial109 ceph-mon[24593]: [17/Feb/2026:20:25:07] ENGINE Serving on https://10.20.193.109:7150
2026-02-17T20:25:08.500 INFO:journalctl@ceph.mon.a.trial109.stdout:Feb 17 20:25:08 trial109 ceph-mon[24593]: [17/Feb/2026:20:25:07] ENGINE Client ('10.20.193.109', 33488) lost — peer dropped the TLS connection suddenly, during handshake: (6, 'TLS/SSL connection has been closed (EOF) (_ssl.c:1147)')
2026-02-17T20:25:08.500 INFO:journalctl@ceph.mon.a.trial109.stdout:Feb 17 20:25:08 trial109 ceph-mon[24593]: [17/Feb/2026:20:25:07] ENGINE Serving on http://10.20.193.109:8765
2026-02-17T20:25:08.500 INFO:journalctl@ceph.mon.a.trial109.stdout:Feb 17 20:25:08 trial109 ceph-mon[24593]: [17/Feb/2026:20:25:07] ENGINE Bus STARTED
2026-02-17T20:25:08.501 INFO:journalctl@ceph.mon.a.trial109.stdout:Feb 17 20:25:08 trial109 ceph-mon[24593]: from='client.14130 -' entity='client.admin' cmd=[{"prefix": "orch set backend", "module_name": "cephadm", "target": ["mon-mgr", ""]}]: dispatch
2026-02-17T20:25:08.501 INFO:journalctl@ceph.mon.a.trial109.stdout:Feb 17 20:25:08 trial109 ceph-mon[24593]: from='mgr.14118 10.20.193.109:0/47481672' entity='mgr.x'
2026-02-17T20:25:08.501 INFO:journalctl@ceph.mon.a.trial109.stdout:Feb 17 20:25:08 trial109 ceph-mon[24593]: from='mgr.14118 10.20.193.109:0/47481672' entity='mgr.x'
2026-02-17T20:25:09.654 INFO:journalctl@ceph.mon.a.trial109.stdout:Feb 17 20:25:09 trial109 ceph-mon[24593]: from='client.14132 -' entity='client.admin' cmd=[{"prefix": "cephadm set-user", "user": "root", "target": ["mon-mgr", ""]}]: dispatch
2026-02-17T20:25:09.654 INFO:journalctl@ceph.mon.a.trial109.stdout:Feb 17 20:25:09 trial109 ceph-mon[24593]: from='client.14134 -' entity='client.admin' cmd=[{"prefix": "cephadm generate-key", "target": ["mon-mgr", ""]}]: dispatch
2026-02-17T20:25:09.654 INFO:journalctl@ceph.mon.a.trial109.stdout:Feb 17 20:25:09 trial109 ceph-mon[24593]: Generating ssh key...
2026-02-17T20:25:09.654 INFO:journalctl@ceph.mon.a.trial109.stdout:Feb 17 20:25:09 trial109 ceph-mon[24593]: from='client.14136 -' entity='client.admin' cmd=[{"prefix": "cephadm get-pub-key", "target": ["mon-mgr", ""]}]: dispatch
2026-02-17T20:25:09.654 INFO:journalctl@ceph.mon.a.trial109.stdout:Feb 17 20:25:09 trial109 ceph-mon[24593]: from='client.14138 -' entity='client.admin' cmd=[{"prefix": "orch host add", "hostname": "trial109", "addr": "10.20.193.109", "target": ["mon-mgr", ""]}]: dispatch
2026-02-17T20:25:09.654 INFO:journalctl@ceph.mon.a.trial109.stdout:Feb 17 20:25:09 trial109 ceph-mon[24593]: mgrmap e8: x(active, since 2s)
2026-02-17T20:25:10.041 INFO:teuthology.orchestra.run.trial109.stdout:/usr/bin/ceph: stdout Added host 'trial109' with addr '10.20.193.109'
2026-02-17T20:25:10.041 INFO:teuthology.orchestra.run.trial109.stdout:/usr/bin/ceph: stderr
2026-02-17T20:25:08.081+0000 7fafa5b3f640 1 Processor -- start
2026-02-17T20:25:10.041 INFO:teuthology.orchestra.run.trial109.stdout:/usr/bin/ceph: stderr
2026-02-17T20:25:08.081+0000 7fafa5b3f640 1 -- start start
2026-02-17T20:25:10.042 INFO:teuthology.orchestra.run.trial109.stdout:/usr/bin/ceph: stderr
2026-02-17T20:25:08.081+0000 7fafa5b3f640 1 --2- >> [v2:10.20.193.109:3300/0,v1:10.20.193.109:6789/0] conn(0x7fafa010ba50 0x7fafa010be50 unknown :-1 s=NONE pgs=0 cs=0 l=0 rev1=0 crypto rx=0 tx=0 comp rx=0 tx=0).connect
2026-02-17T20:25:10.042 INFO:teuthology.orchestra.run.trial109.stdout:/usr/bin/ceph: stderr
2026-02-17T20:25:08.081+0000 7fafa5b3f640 1 -- --> [v2:10.20.193.109:3300/0,v1:10.20.193.109:6789/0] -- mon_getmap magic: 0 -- 0x7fafa010c420 con 0x7fafa010ba50
2026-02-17T20:25:10.042 INFO:teuthology.orchestra.run.trial109.stdout:/usr/bin/ceph: stderr
2026-02-17T20:25:08.081+0000 7faf9f7fe640 1 --2- >> [v2:10.20.193.109:3300/0,v1:10.20.193.109:6789/0] conn(0x7fafa010ba50 0x7fafa010be50 unknown :-1 s=BANNER_CONNECTING pgs=0 cs=0 l=0 rev1=0 crypto rx=0 tx=0 comp rx=0 tx=0)._handle_peer_banner_payload supported=3 required=0
2026-02-17T20:25:10.042 INFO:teuthology.orchestra.run.trial109.stdout:/usr/bin/ceph: stderr
2026-02-17T20:25:08.081+0000 7faf9f7fe640 1 --2- >> [v2:10.20.193.109:3300/0,v1:10.20.193.109:6789/0] conn(0x7fafa010ba50 0x7fafa010be50 unknown :-1 s=HELLO_CONNECTING pgs=0 cs=0 l=0 rev1=1 crypto rx=0 tx=0 comp rx=0 tx=0).handle_hello peer v2:10.20.193.109:3300/0 says I am v2:10.20.193.109:44574/0 (socket says 10.20.193.109:44574)
2026-02-17T20:25:10.042 INFO:teuthology.orchestra.run.trial109.stdout:/usr/bin/ceph: stderr
2026-02-17T20:25:08.081+0000 7faf9f7fe640 1 -- 10.20.193.109:0/3695090412 learned_addr learned my addr 10.20.193.109:0/3695090412 (peer_addr_for_me v2:10.20.193.109:0/0)
2026-02-17T20:25:10.042 INFO:teuthology.orchestra.run.trial109.stdout:/usr/bin/ceph: stderr
2026-02-17T20:25:08.081+0000 7faf9f7fe640 1 -- 10.20.193.109:0/3695090412 --> [v2:10.20.193.109:3300/0,v1:10.20.193.109:6789/0] -- mon_subscribe({config=0+,monmap=0+}) -- 0x7fafa010a6b0 con 0x7fafa010ba50
2026-02-17T20:25:10.042 INFO:teuthology.orchestra.run.trial109.stdout:/usr/bin/ceph: stderr
2026-02-17T20:25:08.082+0000 7faf9f7fe640 1 --2- 10.20.193.109:0/3695090412 >> [v2:10.20.193.109:3300/0,v1:10.20.193.109:6789/0] conn(0x7fafa010ba50 0x7fafa010be50 secure :-1 s=READY pgs=43 cs=0 l=1 rev1=1 crypto rx=0x7faf8c009920 tx=0x7faf8c02ef20 comp rx=0 tx=0).ready entity=mon.0 client_cookie=817a70ee953100cc server_cookie=0 in_seq=0 out_seq=0
2026-02-17T20:25:10.042 INFO:teuthology.orchestra.run.trial109.stdout:/usr/bin/ceph: stderr
2026-02-17T20:25:08.082+0000 7faf9e7fc640 1 -- 10.20.193.109:0/3695090412 <== mon.0 v2:10.20.193.109:3300/0 1 ==== mon_map magic: 0 ==== 205+0+0 (secure 0 0 0) 0x7faf8c03c070 con 0x7fafa010ba50
2026-02-17T20:25:10.042 INFO:teuthology.orchestra.run.trial109.stdout:/usr/bin/ceph: stderr
2026-02-17T20:25:08.082+0000 7faf9e7fc640 1 -- 10.20.193.109:0/3695090412 <== mon.0 v2:10.20.193.109:3300/0 2 ==== config(26 keys) ==== 1045+0+0 (secure 0 0 0) 0x7faf8c037440 con 0x7fafa010ba50
2026-02-17T20:25:10.042 INFO:teuthology.orchestra.run.trial109.stdout:/usr/bin/ceph: stderr
2026-02-17T20:25:08.082+0000 7faf9e7fc640 1 -- 10.20.193.109:0/3695090412 <== mon.0 v2:10.20.193.109:3300/0 3 ==== mon_map magic: 0 ==== 205+0+0 (secure 0 0 0) 0x7faf8c0354b0 con 0x7fafa010ba50
2026-02-17T20:25:10.043 INFO:teuthology.orchestra.run.trial109.stdout:/usr/bin/ceph: stderr
2026-02-17T20:25:08.082+0000 7fafa5b3f640 1 -- 10.20.193.109:0/3695090412 >> [v2:10.20.193.109:3300/0,v1:10.20.193.109:6789/0] conn(0x7fafa010ba50 msgr2=0x7fafa010be50 secure :-1 s=STATE_CONNECTION_ESTABLISHED l=1).mark_down
2026-02-17T20:25:10.043 INFO:teuthology.orchestra.run.trial109.stdout:/usr/bin/ceph: stderr
2026-02-17T20:25:08.082+0000 7fafa5b3f640 1 --2- 10.20.193.109:0/3695090412 >> [v2:10.20.193.109:3300/0,v1:10.20.193.109:6789/0] conn(0x7fafa010ba50 0x7fafa010be50 secure :-1 s=READY pgs=43 cs=0 l=1 rev1=1 crypto rx=0x7faf8c009920 tx=0x7faf8c02ef20 comp rx=0 tx=0).stop
2026-02-17T20:25:10.043 INFO:teuthology.orchestra.run.trial109.stdout:/usr/bin/ceph: stderr
2026-02-17T20:25:08.082+0000 7fafa5b3f640 1 -- 10.20.193.109:0/3695090412 shutdown_connections
2026-02-17T20:25:10.043 INFO:teuthology.orchestra.run.trial109.stdout:/usr/bin/ceph: stderr
2026-02-17T20:25:08.082+0000 7fafa5b3f640 1 --2- 10.20.193.109:0/3695090412 >> [v2:10.20.193.109:3300/0,v1:10.20.193.109:6789/0] conn(0x7fafa010ba50 0x7fafa010be50 unknown :-1 s=CLOSED pgs=43 cs=0 l=1 rev1=1 crypto rx=0 tx=0 comp rx=0 tx=0).stop
2026-02-17T20:25:10.043 INFO:teuthology.orchestra.run.trial109.stdout:/usr/bin/ceph: stderr
2026-02-17T20:25:08.082+0000 7fafa5b3f640 1 -- 10.20.193.109:0/3695090412 >> 10.20.193.109:0/3695090412 conn(0x7fafa007db40 msgr2=0x7fafa007df50 unknown :-1 s=STATE_NONE l=0).mark_down
2026-02-17T20:25:10.043 INFO:teuthology.orchestra.run.trial109.stdout:/usr/bin/ceph: stderr
2026-02-17T20:25:08.082+0000 7fafa5b3f640 1 -- 10.20.193.109:0/3695090412 shutdown_connections
2026-02-17T20:25:10.043 INFO:teuthology.orchestra.run.trial109.stdout:/usr/bin/ceph: stderr
2026-02-17T20:25:08.082+0000 7fafa5b3f640 1 -- 10.20.193.109:0/3695090412 wait complete.
2026-02-17T20:25:10.043 INFO:teuthology.orchestra.run.trial109.stdout:/usr/bin/ceph: stderr
2026-02-17T20:25:08.083+0000 7fafa5b3f640 1 Processor -- start
2026-02-17T20:25:10.043 INFO:teuthology.orchestra.run.trial109.stdout:/usr/bin/ceph: stderr
2026-02-17T20:25:08.083+0000 7fafa5b3f640 1 -- start start
2026-02-17T20:25:10.043 INFO:teuthology.orchestra.run.trial109.stdout:/usr/bin/ceph: stderr
2026-02-17T20:25:08.083+0000 7fafa5b3f640 1 --2- >> [v2:10.20.193.109:3300/0,v1:10.20.193.109:6789/0] conn(0x7fafa010ba50 0x7fafa01a03a0 unknown :-1 s=NONE pgs=0 cs=0 l=1 rev1=0 crypto rx=0 tx=0 comp rx=0 tx=0).connect
2026-02-17T20:25:10.043 INFO:teuthology.orchestra.run.trial109.stdout:/usr/bin/ceph: stderr
2026-02-17T20:25:08.083+0000 7fafa5b3f640 1 -- --> [v2:10.20.193.109:3300/0,v1:10.20.193.109:6789/0] -- mon_getmap magic: 0 -- 0x7fafa010e8f0 con 0x7fafa010ba50
2026-02-17T20:25:10.044 INFO:teuthology.orchestra.run.trial109.stdout:/usr/bin/ceph: stderr
2026-02-17T20:25:08.083+0000 7faf9f7fe640 1 --2- >> [v2:10.20.193.109:3300/0,v1:10.20.193.109:6789/0] conn(0x7fafa010ba50 0x7fafa01a03a0 unknown :-1 s=BANNER_CONNECTING pgs=0 cs=0 l=1 rev1=0 crypto rx=0 tx=0 comp rx=0 tx=0)._handle_peer_banner_payload supported=3 required=0
2026-02-17T20:25:10.044 INFO:teuthology.orchestra.run.trial109.stdout:/usr/bin/ceph: stderr
2026-02-17T20:25:08.083+0000 7faf9f7fe640 1 --2- >> [v2:10.20.193.109:3300/0,v1:10.20.193.109:6789/0] conn(0x7fafa010ba50 0x7fafa01a03a0 unknown :-1 s=HELLO_CONNECTING pgs=0 cs=0 l=1 rev1=1 crypto rx=0 tx=0 comp rx=0 tx=0).handle_hello peer v2:10.20.193.109:3300/0 says I am v2:10.20.193.109:44578/0 (socket says 10.20.193.109:44578)
2026-02-17T20:25:10.044 INFO:teuthology.orchestra.run.trial109.stdout:/usr/bin/ceph: stderr
2026-02-17T20:25:08.083+0000 7faf9f7fe640 1 -- 10.20.193.109:0/1702689631 learned_addr learned my addr 10.20.193.109:0/1702689631 (peer_addr_for_me v2:10.20.193.109:0/0)
2026-02-17T20:25:10.044 INFO:teuthology.orchestra.run.trial109.stdout:/usr/bin/ceph: stderr
2026-02-17T20:25:08.083+0000 7faf9f7fe640 1 -- 10.20.193.109:0/1702689631 --> [v2:10.20.193.109:3300/0,v1:10.20.193.109:6789/0] -- mon_subscribe({config=0+,monmap=0+}) -- 0x7fafa01a08e0 con 0x7fafa010ba50
2026-02-17T20:25:10.044 INFO:teuthology.orchestra.run.trial109.stdout:/usr/bin/ceph: stderr
2026-02-17T20:25:08.083+0000 7faf9f7fe640 1 --2- 10.20.193.109:0/1702689631 >> [v2:10.20.193.109:3300/0,v1:10.20.193.109:6789/0] conn(0x7fafa010ba50 0x7fafa01a03a0 secure :-1 s=READY pgs=44 cs=0 l=1 rev1=1 crypto rx=0x7faf8c037cd0 tx=0x7faf8c037b90 comp rx=0 tx=0).ready entity=mon.0 client_cookie=0 server_cookie=0 in_seq=0 out_seq=0
2026-02-17T20:25:10.044 INFO:teuthology.orchestra.run.trial109.stdout:/usr/bin/ceph: stderr
2026-02-17T20:25:08.083+0000 7faf9cff9640 1 -- 10.20.193.109:0/1702689631 <== mon.0 v2:10.20.193.109:3300/0 1 ==== mon_map magic: 0 ==== 205+0+0 (secure 0 0 0) 0x7faf8c045070 con 0x7fafa010ba50
2026-02-17T20:25:10.044 INFO:teuthology.orchestra.run.trial109.stdout:/usr/bin/ceph: stderr
2026-02-17T20:25:08.083+0000 7faf9cff9640 1 -- 10.20.193.109:0/1702689631 <== mon.0 v2:10.20.193.109:3300/0 2 ==== config(26 keys) ==== 1045+0+0 (secure 0 0 0) 0x7faf8c035df0 con 0x7fafa010ba50
2026-02-17T20:25:10.044 INFO:teuthology.orchestra.run.trial109.stdout:/usr/bin/ceph: stderr
2026-02-17T20:25:08.083+0000 7faf9cff9640 1 -- 10.20.193.109:0/1702689631 <== mon.0 v2:10.20.193.109:3300/0 3 ==== mon_map magic: 0 ==== 205+0+0 (secure 0 0 0) 0x7faf8c03c070 con 0x7fafa010ba50
2026-02-17T20:25:10.044 INFO:teuthology.orchestra.run.trial109.stdout:/usr/bin/ceph: stderr
2026-02-17T20:25:08.083+0000 7fafa5b3f640 1 -- 10.20.193.109:0/1702689631 --> [v2:10.20.193.109:3300/0,v1:10.20.193.109:6789/0] -- mon_subscribe({mgrmap=0+}) -- 0x7fafa01a0b70 con 0x7fafa010ba50
2026-02-17T20:25:10.044 INFO:teuthology.orchestra.run.trial109.stdout:/usr/bin/ceph: stderr
2026-02-17T20:25:08.083+0000 7fafa5b3f640 1 -- 10.20.193.109:0/1702689631 --> [v2:10.20.193.109:3300/0,v1:10.20.193.109:6789/0] -- mon_subscribe({osdmap=0}) -- 0x7fafa01a3860 con 0x7fafa010ba50
2026-02-17T20:25:10.044 INFO:teuthology.orchestra.run.trial109.stdout:/usr/bin/ceph: stderr
2026-02-17T20:25:08.084+0000 7fafa5b3f640 1 -- 10.20.193.109:0/1702689631 --> [v2:10.20.193.109:3300/0,v1:10.20.193.109:6789/0] -- mon_command({"prefix": "get_command_descriptions"} v 0) -- 0x7fafa010bed0 con 0x7fafa010ba50
2026-02-17T20:25:10.045 INFO:teuthology.orchestra.run.trial109.stdout:/usr/bin/ceph: stderr
2026-02-17T20:25:08.084+0000 7faf9cff9640 1 -- 10.20.193.109:0/1702689631 <== mon.0 v2:10.20.193.109:3300/0 4 ==== mgrmap(e 7) ==== 50141+0+0 (secure 0 0 0) 0x7faf8c040630 con 0x7fafa010ba50
2026-02-17T20:25:10.045 INFO:teuthology.orchestra.run.trial109.stdout:/usr/bin/ceph: stderr
2026-02-17T20:25:08.084+0000 7faf9cff9640 1 --2- 10.20.193.109:0/1702689631 >> [v2:10.20.193.109:6800/4189950942,v1:10.20.193.109:6801/4189950942] conn(0x7faf7403dad0 0x7faf7403ff90 unknown :-1 s=NONE pgs=0 cs=0 l=1 rev1=0 crypto rx=0 tx=0 comp rx=0 tx=0).connect
2026-02-17T20:25:10.045 INFO:teuthology.orchestra.run.trial109.stdout:/usr/bin/ceph: stderr
2026-02-17T20:25:08.084+0000 7faf9cff9640 1 -- 10.20.193.109:0/1702689631 <== mon.0 v2:10.20.193.109:3300/0 5 ==== osd_map(2..2 src has 1..2) ==== 940+0+0 (secure 0 0 0) 0x7faf8c076470 con 0x7fafa010ba50
2026-02-17T20:25:10.045 INFO:teuthology.orchestra.run.trial109.stdout:/usr/bin/ceph: stderr
2026-02-17T20:25:08.084+0000 7faf9effd640 1 --2- 10.20.193.109:0/1702689631 >> [v2:10.20.193.109:6800/4189950942,v1:10.20.193.109:6801/4189950942] conn(0x7faf7403dad0 0x7faf7403ff90 unknown :-1 s=BANNER_CONNECTING pgs=0 cs=0 l=1 rev1=0 crypto rx=0 tx=0 comp rx=0 tx=0)._handle_peer_banner_payload supported=3 required=0
2026-02-17T20:25:10.045 INFO:teuthology.orchestra.run.trial109.stdout:/usr/bin/ceph: stderr
2026-02-17T20:25:08.084+0000 7faf9effd640 1 --2- 10.20.193.109:0/1702689631 >> [v2:10.20.193.109:6800/4189950942,v1:10.20.193.109:6801/4189950942] conn(0x7faf7403dad0 0x7faf7403ff90 secure :-1 s=READY pgs=11 cs=0 l=1 rev1=1 crypto rx=0x7faf900099c0 tx=0x7faf90006eb0 comp rx=0 tx=0).ready entity=mgr.14118 client_cookie=0 server_cookie=0 in_seq=0 out_seq=0
2026-02-17T20:25:10.045 INFO:teuthology.orchestra.run.trial109.stdout:/usr/bin/ceph: stderr
2026-02-17T20:25:08.086+0000 7faf9cff9640 1 -- 10.20.193.109:0/1702689631 <== mon.0 v2:10.20.193.109:3300/0 6 ==== mon_command_ack([{"prefix": "get_command_descriptions"}]=0 v0) ==== 72+0+195034 (secure 0 0 0) 0x7faf8c03c210 con 0x7fafa010ba50
2026-02-17T20:25:10.045 INFO:teuthology.orchestra.run.trial109.stdout:/usr/bin/ceph: stderr
2026-02-17T20:25:08.170+0000 7fafa5b3f640 1 -- 10.20.193.109:0/1702689631 --> [v2:10.20.193.109:6800/4189950942,v1:10.20.193.109:6801/4189950942] -- mgr_command(tid 0: {"prefix": "orch host add", "hostname": "trial109", "addr": "10.20.193.109", "target": ["mon-mgr", ""]}) -- 0x7fafa0108e50 con 0x7faf7403dad0
2026-02-17T20:25:10.045 INFO:teuthology.orchestra.run.trial109.stdout:/usr/bin/ceph: stderr
2026-02-17T20:25:08.757+0000 7faf9cff9640 1 -- 10.20.193.109:0/1702689631 <== mon.0 v2:10.20.193.109:3300/0 7 ==== mgrmap(e 8) ==== 50247+0+0 (secure 0 0 0) 0x7faf8c035970 con 0x7fafa010ba50
2026-02-17T20:25:10.045 INFO:teuthology.orchestra.run.trial109.stdout:/usr/bin/ceph: stderr
2026-02-17T20:25:09.651+0000 7faf9cff9640 1 -- 10.20.193.109:0/1702689631 <== mgr.14118 v2:10.20.193.109:6800/4189950942 1 ==== mgr_command_reply(tid 0: 0 ) ==== 8+0+48 (secure 0 0 0) 0x7fafa0108e50 con 0x7faf7403dad0
2026-02-17T20:25:10.046 INFO:teuthology.orchestra.run.trial109.stdout:/usr/bin/ceph: stderr
2026-02-17T20:25:09.653+0000 7fafa5b3f640 1 -- 10.20.193.109:0/1702689631 >> [v2:10.20.193.109:6800/4189950942,v1:10.20.193.109:6801/4189950942] conn(0x7faf7403dad0 msgr2=0x7faf7403ff90 secure :-1 s=STATE_CONNECTION_ESTABLISHED l=1).mark_down
2026-02-17T20:25:10.046 INFO:teuthology.orchestra.run.trial109.stdout:/usr/bin/ceph: stderr
2026-02-17T20:25:09.653+0000 7fafa5b3f640 1 --2- 10.20.193.109:0/1702689631 >> [v2:10.20.193.109:6800/4189950942,v1:10.20.193.109:6801/4189950942] conn(0x7faf7403dad0 0x7faf7403ff90 secure :-1 s=READY pgs=11 cs=0 l=1 rev1=1 crypto rx=0x7faf900099c0 tx=0x7faf90006eb0 comp rx=0 tx=0).stop
2026-02-17T20:25:10.046 INFO:teuthology.orchestra.run.trial109.stdout:/usr/bin/ceph: stderr
2026-02-17T20:25:09.653+0000 7fafa5b3f640 1 -- 10.20.193.109:0/1702689631 >> [v2:10.20.193.109:3300/0,v1:10.20.193.109:6789/0] conn(0x7fafa010ba50 msgr2=0x7fafa01a03a0 secure :-1 s=STATE_CONNECTION_ESTABLISHED l=1).mark_down
2026-02-17T20:25:10.046 INFO:teuthology.orchestra.run.trial109.stdout:/usr/bin/ceph: stderr
2026-02-17T20:25:09.653+0000 7fafa5b3f640 1 --2- 10.20.193.109:0/1702689631 >> [v2:10.20.193.109:3300/0,v1:10.20.193.109:6789/0] conn(0x7fafa010ba50 0x7fafa01a03a0 secure :-1 s=READY pgs=44 cs=0 l=1 rev1=1 crypto rx=0x7faf8c037cd0 tx=0x7faf8c037b90 comp rx=0 tx=0).stop
2026-02-17T20:25:10.046 INFO:teuthology.orchestra.run.trial109.stdout:/usr/bin/ceph: stderr
2026-02-17T20:25:09.653+0000 7fafa5b3f640 1 -- 10.20.193.109:0/1702689631 shutdown_connections
2026-02-17T20:25:10.046 INFO:teuthology.orchestra.run.trial109.stdout:/usr/bin/ceph: stderr
2026-02-17T20:25:09.653+0000 7fafa5b3f640 1 --2- 10.20.193.109:0/1702689631 >> [v2:10.20.193.109:6800/4189950942,v1:10.20.193.109:6801/4189950942] conn(0x7faf7403dad0 0x7faf7403ff90 unknown :-1 s=CLOSED pgs=11 cs=0 l=1 rev1=1 crypto rx=0 tx=0 comp rx=0 tx=0).stop
2026-02-17T20:25:10.046 INFO:teuthology.orchestra.run.trial109.stdout:/usr/bin/ceph: stderr
2026-02-17T20:25:09.653+0000 7fafa5b3f640 1 --2- 10.20.193.109:0/1702689631 >> [v2:10.20.193.109:3300/0,v1:10.20.193.109:6789/0] conn(0x7fafa010ba50 0x7fafa01a03a0 unknown :-1 s=CLOSED pgs=44 cs=0 l=1 rev1=1 crypto rx=0 tx=0 comp rx=0 tx=0).stop
2026-02-17T20:25:10.046 INFO:teuthology.orchestra.run.trial109.stdout:/usr/bin/ceph: stderr
2026-02-17T20:25:09.653+0000 7fafa5b3f640 1 -- 10.20.193.109:0/1702689631 >> 10.20.193.109:0/1702689631 conn(0x7fafa007db40 msgr2=0x7fafa0108740 unknown :-1 s=STATE_NONE l=0).mark_down
2026-02-17T20:25:10.046 INFO:teuthology.orchestra.run.trial109.stdout:/usr/bin/ceph: stderr
2026-02-17T20:25:09.653+0000 7fafa5b3f640 1 -- 10.20.193.109:0/1702689631 shutdown_connections
2026-02-17T20:25:10.046 INFO:teuthology.orchestra.run.trial109.stdout:/usr/bin/ceph: stderr
2026-02-17T20:25:09.653+0000 7fafa5b3f640 1 -- 10.20.193.109:0/1702689631 wait complete.
2026-02-17T20:25:10.046 INFO:teuthology.orchestra.run.trial109.stdout:Deploying unmanaged mon service...
2026-02-17T20:25:10.272 INFO:teuthology.orchestra.run.trial109.stdout:/usr/bin/ceph: stdout Scheduled mon update...
2026-02-17T20:25:10.272 INFO:teuthology.orchestra.run.trial109.stdout:/usr/bin/ceph: stderr
2026-02-17T20:25:10.146+0000 7fc34d6db640 1 Processor -- start
2026-02-17T20:25:10.272 INFO:teuthology.orchestra.run.trial109.stdout:/usr/bin/ceph: stderr
2026-02-17T20:25:10.146+0000 7fc34d6db640 1 -- start start
2026-02-17T20:25:10.272 INFO:teuthology.orchestra.run.trial109.stdout:/usr/bin/ceph: stderr
2026-02-17T20:25:10.146+0000 7fc34d6db640 1 --2- >> [v2:10.20.193.109:3300/0,v1:10.20.193.109:6789/0] conn(0x7fc34810ba50 0x7fc34810be50 unknown :-1 s=NONE pgs=0 cs=0 l=0 rev1=0 crypto rx=0 tx=0 comp rx=0 tx=0).connect
2026-02-17T20:25:10.272 INFO:teuthology.orchestra.run.trial109.stdout:/usr/bin/ceph: stderr
2026-02-17T20:25:10.146+0000 7fc34d6db640 1 -- --> [v2:10.20.193.109:3300/0,v1:10.20.193.109:6789/0] -- mon_getmap magic: 0 -- 0x7fc34810c420 con 0x7fc34810ba50
2026-02-17T20:25:10.272 INFO:teuthology.orchestra.run.trial109.stdout:/usr/bin/ceph: stderr
2026-02-17T20:25:10.146+0000 7fc346ffd640 1 --2- >> [v2:10.20.193.109:3300/0,v1:10.20.193.109:6789/0] conn(0x7fc34810ba50 0x7fc34810be50 unknown :-1 s=BANNER_CONNECTING pgs=0 cs=0 l=0 rev1=0 crypto rx=0 tx=0 comp rx=0 tx=0)._handle_peer_banner_payload supported=3 required=0
2026-02-17T20:25:10.272 INFO:teuthology.orchestra.run.trial109.stdout:/usr/bin/ceph: stderr
2026-02-17T20:25:10.146+0000 7fc346ffd640 1 --2- >> [v2:10.20.193.109:3300/0,v1:10.20.193.109:6789/0] conn(0x7fc34810ba50 0x7fc34810be50 unknown :-1 s=HELLO_CONNECTING pgs=0 cs=0 l=0 rev1=1 crypto rx=0 tx=0 comp rx=0 tx=0).handle_hello peer v2:10.20.193.109:3300/0 says I am v2:10.20.193.109:44594/0 (socket says 10.20.193.109:44594)
2026-02-17T20:25:10.273 INFO:teuthology.orchestra.run.trial109.stdout:/usr/bin/ceph: stderr
2026-02-17T20:25:10.146+0000 7fc346ffd640 1 -- 10.20.193.109:0/1883447691 learned_addr learned my addr 10.20.193.109:0/1883447691 (peer_addr_for_me v2:10.20.193.109:0/0)
2026-02-17T20:25:10.273 INFO:teuthology.orchestra.run.trial109.stdout:/usr/bin/ceph: stderr
2026-02-17T20:25:10.146+0000 7fc346ffd640 1 -- 10.20.193.109:0/1883447691 --> [v2:10.20.193.109:3300/0,v1:10.20.193.109:6789/0] -- mon_subscribe({config=0+,monmap=0+}) -- 0x7fc34810a6b0 con 0x7fc34810ba50
2026-02-17T20:25:10.273 INFO:teuthology.orchestra.run.trial109.stdout:/usr/bin/ceph: stderr
2026-02-17T20:25:10.147+0000 7fc346ffd640 1 --2- 10.20.193.109:0/1883447691 >> [v2:10.20.193.109:3300/0,v1:10.20.193.109:6789/0] conn(0x7fc34810ba50 0x7fc34810be50 secure :-1 s=READY pgs=45 cs=0 l=1 rev1=1 crypto rx=0x7fc33c009920 tx=0x7fc33c02ef20 comp rx=0 tx=0).ready entity=mon.0 client_cookie=1f7f93c3e37e649e server_cookie=0 in_seq=0 out_seq=0
2026-02-17T20:25:10.273 INFO:teuthology.orchestra.run.trial109.stdout:/usr/bin/ceph: stderr
2026-02-17T20:25:10.147+0000 7fc345ffb640 1 -- 10.20.193.109:0/1883447691 <== mon.0 v2:10.20.193.109:3300/0 1 ==== mon_map magic: 0 ==== 205+0+0 (secure 0 0 0) 0x7fc33c03c070 con 0x7fc34810ba50
2026-02-17T20:25:10.273 INFO:teuthology.orchestra.run.trial109.stdout:/usr/bin/ceph: stderr
2026-02-17T20:25:10.147+0000 7fc345ffb640 1 -- 10.20.193.109:0/1883447691 <== mon.0 v2:10.20.193.109:3300/0 2 ==== config(26 keys) ==== 1045+0+0 (secure 0 0 0) 0x7fc33c037440 con 0x7fc34810ba50
2026-02-17T20:25:10.273 INFO:teuthology.orchestra.run.trial109.stdout:/usr/bin/ceph: stderr
2026-02-17T20:25:10.147+0000 7fc345ffb640 1 -- 10.20.193.109:0/1883447691 <== mon.0 v2:10.20.193.109:3300/0 3 ==== mon_map magic: 0 ==== 205+0+0 (secure 0 0 0) 0x7fc33c0354b0 con 0x7fc34810ba50
2026-02-17T20:25:10.273 INFO:teuthology.orchestra.run.trial109.stdout:/usr/bin/ceph: stderr
2026-02-17T20:25:10.147+0000 7fc34d6db640 1 -- 10.20.193.109:0/1883447691 >> [v2:10.20.193.109:3300/0,v1:10.20.193.109:6789/0] conn(0x7fc34810ba50 msgr2=0x7fc34810be50 secure :-1 s=STATE_CONNECTION_ESTABLISHED l=1).mark_down
2026-02-17T20:25:10.273 INFO:teuthology.orchestra.run.trial109.stdout:/usr/bin/ceph: stderr
2026-02-17T20:25:10.147+0000 7fc34d6db640 1 --2- 10.20.193.109:0/1883447691 >> [v2:10.20.193.109:3300/0,v1:10.20.193.109:6789/0] conn(0x7fc34810ba50 0x7fc34810be50 secure :-1 s=READY pgs=45 cs=0 l=1 rev1=1 crypto rx=0x7fc33c009920 tx=0x7fc33c02ef20 comp rx=0 tx=0).stop
2026-02-17T20:25:10.273 INFO:teuthology.orchestra.run.trial109.stdout:/usr/bin/ceph: stderr
2026-02-17T20:25:10.147+0000 7fc34d6db640 1 -- 10.20.193.109:0/1883447691 shutdown_connections
2026-02-17T20:25:10.273 INFO:teuthology.orchestra.run.trial109.stdout:/usr/bin/ceph: stderr
2026-02-17T20:25:10.147+0000 7fc34d6db640 1 --2- 10.20.193.109:0/1883447691 >> [v2:10.20.193.109:3300/0,v1:10.20.193.109:6789/0] conn(0x7fc34810ba50 0x7fc34810be50 unknown :-1 s=CLOSED pgs=45 cs=0 l=1 rev1=1 crypto rx=0 tx=0 comp rx=0 tx=0).stop
2026-02-17T20:25:10.273 INFO:teuthology.orchestra.run.trial109.stdout:/usr/bin/ceph: stderr
2026-02-17T20:25:10.147+0000 7fc34d6db640 1 -- 10.20.193.109:0/1883447691 >> 10.20.193.109:0/1883447691 conn(0x7fc34807daf0 msgr2=0x7fc34807df20 unknown :-1 s=STATE_NONE l=0).mark_down
2026-02-17T20:25:10.274 INFO:teuthology.orchestra.run.trial109.stdout:/usr/bin/ceph: stderr
2026-02-17T20:25:10.147+0000 7fc34d6db640 1 -- 10.20.193.109:0/1883447691 shutdown_connections
2026-02-17T20:25:10.274 INFO:teuthology.orchestra.run.trial109.stdout:/usr/bin/ceph: stderr
2026-02-17T20:25:10.147+0000 7fc34d6db640 1 -- 10.20.193.109:0/1883447691 wait complete.
2026-02-17T20:25:10.274 INFO:teuthology.orchestra.run.trial109.stdout:/usr/bin/ceph: stderr
2026-02-17T20:25:10.148+0000 7fc34d6db640 1 Processor -- start
2026-02-17T20:25:10.274 INFO:teuthology.orchestra.run.trial109.stdout:/usr/bin/ceph: stderr
2026-02-17T20:25:10.148+0000 7fc34d6db640 1 -- start start
2026-02-17T20:25:10.274 INFO:teuthology.orchestra.run.trial109.stdout:/usr/bin/ceph: stderr
2026-02-17T20:25:10.148+0000 7fc34d6db640 1 --2- >> [v2:10.20.193.109:3300/0,v1:10.20.193.109:6789/0] conn(0x7fc34810ba50 0x7fc3481a03a0 unknown :-1 s=NONE pgs=0 cs=0 l=1 rev1=0 crypto rx=0 tx=0 comp rx=0 tx=0).connect
2026-02-17T20:25:10.274 INFO:teuthology.orchestra.run.trial109.stdout:/usr/bin/ceph: stderr
2026-02-17T20:25:10.148+0000 7fc34d6db640 1 -- --> [v2:10.20.193.109:3300/0,v1:10.20.193.109:6789/0] -- mon_getmap magic: 0 -- 0x7fc34810e8f0 con 0x7fc34810ba50
2026-02-17T20:25:10.274 INFO:teuthology.orchestra.run.trial109.stdout:/usr/bin/ceph: stderr
2026-02-17T20:25:10.148+0000 7fc346ffd640 1 --2- >> [v2:10.20.193.109:3300/0,v1:10.20.193.109:6789/0] conn(0x7fc34810ba50 0x7fc3481a03a0 unknown :-1 s=BANNER_CONNECTING pgs=0 cs=0 l=1 rev1=0 crypto rx=0 tx=0 comp rx=0 tx=0)._handle_peer_banner_payload supported=3 required=0
2026-02-17T20:25:10.274 INFO:teuthology.orchestra.run.trial109.stdout:/usr/bin/ceph: stderr
2026-02-17T20:25:10.148+0000 7fc346ffd640 1 --2- >> [v2:10.20.193.109:3300/0,v1:10.20.193.109:6789/0] conn(0x7fc34810ba50 0x7fc3481a03a0 unknown :-1 s=HELLO_CONNECTING pgs=0 cs=0 l=1 rev1=1 crypto rx=0 tx=0 comp rx=0 tx=0).handle_hello peer v2:10.20.193.109:3300/0 says I am v2:10.20.193.109:44602/0 (socket says 10.20.193.109:44602)
2026-02-17T20:25:10.274 INFO:teuthology.orchestra.run.trial109.stdout:/usr/bin/ceph: stderr
2026-02-17T20:25:10.148+0000 7fc346ffd640 1 -- 10.20.193.109:0/1229814917 learned_addr learned my addr 10.20.193.109:0/1229814917 (peer_addr_for_me v2:10.20.193.109:0/0)
2026-02-17T20:25:10.274 INFO:teuthology.orchestra.run.trial109.stdout:/usr/bin/ceph: stderr
2026-02-17T20:25:10.148+0000 7fc346ffd640 1 -- 10.20.193.109:0/1229814917 --> [v2:10.20.193.109:3300/0,v1:10.20.193.109:6789/0] -- mon_subscribe({config=0+,monmap=0+}) -- 0x7fc3481a08e0 con 0x7fc34810ba50
2026-02-17T20:25:10.274 INFO:teuthology.orchestra.run.trial109.stdout:/usr/bin/ceph: stderr
2026-02-17T20:25:10.148+0000 7fc346ffd640 1 --2- 10.20.193.109:0/1229814917 >> [v2:10.20.193.109:3300/0,v1:10.20.193.109:6789/0] conn(0x7fc34810ba50 0x7fc3481a03a0 secure :-1 s=READY pgs=46 cs=0 l=1 rev1=1 crypto rx=0x7fc33c006fd0 tx=0x7fc33c037bb0 comp rx=0 tx=0).ready entity=mon.0 client_cookie=0 server_cookie=0 in_seq=0 out_seq=0
2026-02-17T20:25:10.274 INFO:teuthology.orchestra.run.trial109.stdout:/usr/bin/ceph: stderr
2026-02-17T20:25:10.148+0000 7fc327fff640 1 -- 10.20.193.109:0/1229814917 <== mon.0 v2:10.20.193.109:3300/0 1 ==== mon_map magic: 0 ==== 205+0+0 (secure 0 0 0) 0x7fc33c045070 con 0x7fc34810ba50
2026-02-17T20:25:10.275 INFO:teuthology.orchestra.run.trial109.stdout:/usr/bin/ceph: stderr
2026-02-17T20:25:10.148+0000 7fc34d6db640 1 -- 10.20.193.109:0/1229814917 --> [v2:10.20.193.109:3300/0,v1:10.20.193.109:6789/0] -- mon_subscribe({mgrmap=0+}) -- 0x7fc3481a0b70 con 0x7fc34810ba50
2026-02-17T20:25:10.275 INFO:teuthology.orchestra.run.trial109.stdout:/usr/bin/ceph: stderr
2026-02-17T20:25:10.148+0000 7fc327fff640 1 -- 10.20.193.109:0/1229814917 <== mon.0 v2:10.20.193.109:3300/0 2 ==== config(26 keys) ==== 1045+0+0 (secure 0 0 0) 0x7fc33c040450 con 0x7fc34810ba50
2026-02-17T20:25:10.275 INFO:teuthology.orchestra.run.trial109.stdout:/usr/bin/ceph: stderr
2026-02-17T20:25:10.148+0000 7fc327fff640 1 -- 10.20.193.109:0/1229814917 <== mon.0 v2:10.20.193.109:3300/0 3 ==== mon_map magic: 0 ==== 205+0+0 (secure 0 0 0) 0x7fc33c03c070 con 0x7fc34810ba50
2026-02-17T20:25:10.275 INFO:teuthology.orchestra.run.trial109.stdout:/usr/bin/ceph: stderr
2026-02-17T20:25:10.148+0000 7fc34d6db640 1 -- 10.20.193.109:0/1229814917 --> [v2:10.20.193.109:3300/0,v1:10.20.193.109:6789/0] -- mon_subscribe({osdmap=0}) -- 0x7fc3481a3860 con 0x7fc34810ba50
2026-02-17T20:25:10.275 INFO:teuthology.orchestra.run.trial109.stdout:/usr/bin/ceph: stderr
2026-02-17T20:25:10.149+0000 7fc34d6db640 1 -- 10.20.193.109:0/1229814917 --> [v2:10.20.193.109:3300/0,v1:10.20.193.109:6789/0] -- mon_command({"prefix": "get_command_descriptions"} v 0) -- 0x7fc34810bed0 con 0x7fc34810ba50
2026-02-17T20:25:10.275 INFO:teuthology.orchestra.run.trial109.stdout:/usr/bin/ceph: stderr
2026-02-17T20:25:10.149+0000 7fc327fff640 1 -- 10.20.193.109:0/1229814917 <== mon.0 v2:10.20.193.109:3300/0 4 ==== mgrmap(e 8) ==== 50247+0+0 (secure 0 0 0) 0x7fc33c040900 con 0x7fc34810ba50
2026-02-17T20:25:10.275 INFO:teuthology.orchestra.run.trial109.stdout:/usr/bin/ceph: stderr
2026-02-17T20:25:10.149+0000 7fc327fff640 1 --2- 10.20.193.109:0/1229814917 >> [v2:10.20.193.109:6800/4189950942,v1:10.20.193.109:6801/4189950942] conn(0x7fc31c03dba0 0x7fc31c040060 unknown :-1 s=NONE pgs=0 cs=0 l=1 rev1=0 crypto rx=0 tx=0 comp rx=0 tx=0).connect
2026-02-17T20:25:10.275 INFO:teuthology.orchestra.run.trial109.stdout:/usr/bin/ceph: stderr
2026-02-17T20:25:10.149+0000 7fc327fff640 1 -- 10.20.193.109:0/1229814917 <== mon.0 v2:10.20.193.109:3300/0 5 ==== osd_map(2..2 src has 1..2) ==== 940+0+0 (secure 0 0 0) 0x7fc33c076750 con 0x7fc34810ba50
2026-02-17T20:25:10.275 INFO:teuthology.orchestra.run.trial109.stdout:/usr/bin/ceph: stderr
2026-02-17T20:25:10.149+0000 7fc3467fc640 1 --2- 10.20.193.109:0/1229814917 >> [v2:10.20.193.109:6800/4189950942,v1:10.20.193.109:6801/4189950942] conn(0x7fc31c03dba0 0x7fc31c040060 unknown :-1 s=BANNER_CONNECTING pgs=0 cs=0 l=1 rev1=0 crypto rx=0 tx=0 comp rx=0 tx=0)._handle_peer_banner_payload supported=3 required=0
2026-02-17T20:25:10.275 INFO:teuthology.orchestra.run.trial109.stdout:/usr/bin/ceph: stderr
2026-02-17T20:25:10.150+0000 7fc3467fc640 1 --2- 10.20.193.109:0/1229814917 >> [v2:10.20.193.109:6800/4189950942,v1:10.20.193.109:6801/4189950942] conn(0x7fc31c03dba0 0x7fc31c040060 secure :-1 s=READY pgs=12 cs=0 l=1 rev1=1 crypto rx=0x7fc3300099c0 tx=0x7fc330006eb0 comp rx=0 tx=0).ready entity=mgr.14118 client_cookie=0 server_cookie=0 in_seq=0 out_seq=0
2026-02-17T20:25:10.275 INFO:teuthology.orchestra.run.trial109.stdout:/usr/bin/ceph: stderr
2026-02-17T20:25:10.152+0000 7fc327fff640 1 -- 10.20.193.109:0/1229814917 <== mon.0 v2:10.20.193.109:3300/0 6 ==== mon_command_ack([{"prefix": "get_command_descriptions"}]=0 v0) ==== 72+0+195034 (secure 0 0 0) 0x7fc33c0760e0 con 0x7fc34810ba50
2026-02-17T20:25:10.276 INFO:teuthology.orchestra.run.trial109.stdout:/usr/bin/ceph: stderr
2026-02-17T20:25:10.175+0000 7fc327fff640 1 -- 10.20.193.109:0/1229814917 <== mon.0 v2:10.20.193.109:3300/0 7 ==== config(26 keys) ==== 1076+0+0 (secure 0 0 0) 0x7fc33c036580 con 0x7fc34810ba50
2026-02-17T20:25:10.276 INFO:teuthology.orchestra.run.trial109.stdout:/usr/bin/ceph: stderr
2026-02-17T20:25:10.240+0000 7fc34d6db640 1 -- 10.20.193.109:0/1229814917 --> [v2:10.20.193.109:6800/4189950942,v1:10.20.193.109:6801/4189950942] -- mgr_command(tid 0: {"prefix": "orch apply", "service_type": "mon", "unmanaged": true, "target": ["mon-mgr", ""]}) -- 0x7fc348108ed0 con 0x7fc31c03dba0
2026-02-17T20:25:10.276 INFO:teuthology.orchestra.run.trial109.stdout:/usr/bin/ceph: stderr
2026-02-17T20:25:10.244+0000 7fc327fff640 1 -- 10.20.193.109:0/1229814917 <== mgr.14118 v2:10.20.193.109:6800/4189950942 1 ==== mgr_command_reply(tid 0: 0 ) ==== 8+0+24 (secure 0 0 0) 0x7fc348108ed0 con 0x7fc31c03dba0
2026-02-17T20:25:10.276 INFO:teuthology.orchestra.run.trial109.stdout:/usr/bin/ceph: stderr
2026-02-17T20:25:10.245+0000 7fc34d6db640 1 -- 10.20.193.109:0/1229814917 >> [v2:10.20.193.109:6800/4189950942,v1:10.20.193.109:6801/4189950942] conn(0x7fc31c03dba0 msgr2=0x7fc31c040060 secure :-1 s=STATE_CONNECTION_ESTABLISHED l=1).mark_down
2026-02-17T20:25:10.276 INFO:teuthology.orchestra.run.trial109.stdout:/usr/bin/ceph: stderr
2026-02-17T20:25:10.245+0000 7fc34d6db640 1 --2- 10.20.193.109:0/1229814917 >> [v2:10.20.193.109:6800/4189950942,v1:10.20.193.109:6801/4189950942] conn(0x7fc31c03dba0 0x7fc31c040060 secure :-1 s=READY pgs=12 cs=0 l=1 rev1=1 crypto rx=0x7fc3300099c0 tx=0x7fc330006eb0 comp rx=0 tx=0).stop
2026-02-17T20:25:10.276 INFO:teuthology.orchestra.run.trial109.stdout:/usr/bin/ceph: stderr
2026-02-17T20:25:10.245+0000 7fc34d6db640 1 -- 10.20.193.109:0/1229814917 >> [v2:10.20.193.109:3300/0,v1:10.20.193.109:6789/0] conn(0x7fc34810ba50 msgr2=0x7fc3481a03a0 secure :-1 s=STATE_CONNECTION_ESTABLISHED l=1).mark_down
2026-02-17T20:25:10.276 INFO:teuthology.orchestra.run.trial109.stdout:/usr/bin/ceph: stderr
2026-02-17T20:25:10.245+0000 7fc34d6db640 1 --2- 10.20.193.109:0/1229814917 >> [v2:10.20.193.109:3300/0,v1:10.20.193.109:6789/0] conn(0x7fc34810ba50 0x7fc3481a03a0 secure :-1 s=READY pgs=46 cs=0 l=1 rev1=1 crypto rx=0x7fc33c006fd0 tx=0x7fc33c037bb0 comp rx=0 tx=0).stop
2026-02-17T20:25:10.276 INFO:teuthology.orchestra.run.trial109.stdout:/usr/bin/ceph: stderr
2026-02-17T20:25:10.245+0000 7fc34d6db640 1 -- 10.20.193.109:0/1229814917 shutdown_connections
2026-02-17T20:25:10.276 INFO:teuthology.orchestra.run.trial109.stdout:/usr/bin/ceph: stderr
2026-02-17T20:25:10.245+0000 7fc34d6db640 1 --2- 10.20.193.109:0/1229814917 >> [v2:10.20.193.109:6800/4189950942,v1:10.20.193.109:6801/4189950942] conn(0x7fc31c03dba0 0x7fc31c040060 unknown :-1 s=CLOSED pgs=12 cs=0 l=1 rev1=1 crypto rx=0 tx=0 comp rx=0 tx=0).stop
2026-02-17T20:25:10.276 INFO:teuthology.orchestra.run.trial109.stdout:/usr/bin/ceph: stderr
2026-02-17T20:25:10.245+0000 7fc34d6db640 1 --2- 10.20.193.109:0/1229814917 >> [v2:10.20.193.109:3300/0,v1:10.20.193.109:6789/0] conn(0x7fc34810ba50 0x7fc3481a03a0 unknown :-1 s=CLOSED pgs=46 cs=0 l=1 rev1=1 crypto rx=0 tx=0 comp rx=0 tx=0).stop
2026-02-17T20:25:10.276 INFO:teuthology.orchestra.run.trial109.stdout:/usr/bin/ceph: stderr
2026-02-17T20:25:10.245+0000 7fc34d6db640 1 -- 10.20.193.109:0/1229814917 >> 10.20.193.109:0/1229814917 conn(0x7fc34807daf0 msgr2=0x7fc3481087c0 unknown :-1 s=STATE_NONE l=0).mark_down
2026-02-17T20:25:10.276 INFO:teuthology.orchestra.run.trial109.stdout:/usr/bin/ceph: stderr
2026-02-17T20:25:10.246+0000 7fc34d6db640 1 -- 10.20.193.109:0/1229814917 shutdown_connections
2026-02-17T20:25:10.277 INFO:teuthology.orchestra.run.trial109.stdout:/usr/bin/ceph: stderr
2026-02-17T20:25:10.246+0000 7fc34d6db640 1 -- 10.20.193.109:0/1229814917 wait complete.
2026-02-17T20:25:10.277 INFO:teuthology.orchestra.run.trial109.stdout:Deploying unmanaged mgr service...
2026-02-17T20:25:10.483 INFO:teuthology.orchestra.run.trial109.stdout:/usr/bin/ceph: stdout Scheduled mgr update...
2026-02-17T20:25:10.489 INFO:teuthology.orchestra.run.trial109.stdout:/usr/bin/ceph: stderr
2026-02-17T20:25:10.362+0000 7f84f0f1d640 1 Processor -- start
2026-02-17T20:25:10.489 INFO:teuthology.orchestra.run.trial109.stdout:/usr/bin/ceph: stderr
2026-02-17T20:25:10.362+0000 7f84f0f1d640 1 -- start start
2026-02-17T20:25:10.489 INFO:teuthology.orchestra.run.trial109.stdout:/usr/bin/ceph: stderr
