2026-02-17T20:25:10.362+0000 7f84f0f1d640 1 --2- >> [v2:10.20.193.109:3300/0,v1:10.20.193.109:6789/0] conn(0x7f84ec10ba00 0x7f84ec10be00 unknown :-1 s=NONE pgs=0 cs=0 l=0 rev1=0 crypto rx=0 tx=0 comp rx=0 tx=0).connect
2026-02-17T20:25:10.489 INFO:teuthology.orchestra.run.trial109.stdout:/usr/bin/ceph: stderr
2026-02-17T20:25:10.362+0000 7f84f0f1d640 1 -- --> [v2:10.20.193.109:3300/0,v1:10.20.193.109:6789/0] -- mon_getmap magic: 0 -- 0x7f84ec10c340 con 0x7f84ec10ba00
2026-02-17T20:25:10.489 INFO:teuthology.orchestra.run.trial109.stdout:/usr/bin/ceph: stderr
2026-02-17T20:25:10.362+0000 7f84ea575640 1 --2- >> [v2:10.20.193.109:3300/0,v1:10.20.193.109:6789/0] conn(0x7f84ec10ba00 0x7f84ec10be00 unknown :-1 s=BANNER_CONNECTING pgs=0 cs=0 l=0 rev1=0 crypto rx=0 tx=0 comp rx=0 tx=0)._handle_peer_banner_payload supported=3 required=0
2026-02-17T20:25:10.489 INFO:teuthology.orchestra.run.trial109.stdout:/usr/bin/ceph: stderr
2026-02-17T20:25:10.362+0000 7f84ea575640 1 --2- >> [v2:10.20.193.109:3300/0,v1:10.20.193.109:6789/0] conn(0x7f84ec10ba00 0x7f84ec10be00 unknown :-1 s=HELLO_CONNECTING pgs=0 cs=0 l=0 rev1=1 crypto rx=0 tx=0 comp rx=0 tx=0).handle_hello peer v2:10.20.193.109:3300/0 says I am v2:10.20.193.109:44612/0 (socket says 10.20.193.109:44612)
2026-02-17T20:25:10.489 INFO:teuthology.orchestra.run.trial109.stdout:/usr/bin/ceph: stderr
2026-02-17T20:25:10.362+0000 7f84ea575640 1 -- 10.20.193.109:0/1854312105 learned_addr learned my addr 10.20.193.109:0/1854312105 (peer_addr_for_me v2:10.20.193.109:0/0)
2026-02-17T20:25:10.490 INFO:teuthology.orchestra.run.trial109.stdout:/usr/bin/ceph: stderr
2026-02-17T20:25:10.363+0000 7f84ea575640 1 -- 10.20.193.109:0/1854312105 --> [v2:10.20.193.109:3300/0,v1:10.20.193.109:6789/0] -- mon_subscribe({config=0+,monmap=0+}) -- 0x7f84ec10c4c0 con 0x7f84ec10ba00
2026-02-17T20:25:10.490 INFO:teuthology.orchestra.run.trial109.stdout:/usr/bin/ceph: stderr
2026-02-17T20:25:10.363+0000 7f84ea575640 1 --2- 10.20.193.109:0/1854312105 >> [v2:10.20.193.109:3300/0,v1:10.20.193.109:6789/0] conn(0x7f84ec10ba00 0x7f84ec10be00 secure :-1 s=READY pgs=47 cs=0 l=1 rev1=1 crypto rx=0x7f84e0009920 tx=0x7f84e002ef20 comp rx=0 tx=0).ready entity=mon.0 client_cookie=87de60af91c41824 server_cookie=0 in_seq=0 out_seq=0
2026-02-17T20:25:10.490 INFO:teuthology.orchestra.run.trial109.stdout:/usr/bin/ceph: stderr
2026-02-17T20:25:10.363+0000 7f84e9573640 1 -- 10.20.193.109:0/1854312105 <== mon.0 v2:10.20.193.109:3300/0 1 ==== mon_map magic: 0 ==== 205+0+0 (secure 0 0 0) 0x7f84e003c070 con 0x7f84ec10ba00
2026-02-17T20:25:10.490 INFO:teuthology.orchestra.run.trial109.stdout:/usr/bin/ceph: stderr
2026-02-17T20:25:10.363+0000 7f84e9573640 1 -- 10.20.193.109:0/1854312105 <== mon.0 v2:10.20.193.109:3300/0 2 ==== config(26 keys) ==== 1076+0+0 (secure 0 0 0) 0x7f84e0037440 con 0x7f84ec10ba00
2026-02-17T20:25:10.490 INFO:teuthology.orchestra.run.trial109.stdout:/usr/bin/ceph: stderr
2026-02-17T20:25:10.363+0000 7f84e9573640 1 -- 10.20.193.109:0/1854312105 <== mon.0 v2:10.20.193.109:3300/0 3 ==== mon_map magic: 0 ==== 205+0+0 (secure 0 0 0) 0x7f84e00354d0 con 0x7f84ec10ba00
2026-02-17T20:25:10.490 INFO:teuthology.orchestra.run.trial109.stdout:/usr/bin/ceph: stderr
2026-02-17T20:25:10.363+0000 7f84f0f1d640 1 -- 10.20.193.109:0/1854312105 >> [v2:10.20.193.109:3300/0,v1:10.20.193.109:6789/0] conn(0x7f84ec10ba00 msgr2=0x7f84ec10be00 secure :-1 s=STATE_CONNECTION_ESTABLISHED l=1).mark_down
2026-02-17T20:25:10.490 INFO:teuthology.orchestra.run.trial109.stdout:/usr/bin/ceph: stderr
2026-02-17T20:25:10.363+0000 7f84f0f1d640 1 --2- 10.20.193.109:0/1854312105 >> [v2:10.20.193.109:3300/0,v1:10.20.193.109:6789/0] conn(0x7f84ec10ba00 0x7f84ec10be00 secure :-1 s=READY pgs=47 cs=0 l=1 rev1=1 crypto rx=0x7f84e0009920 tx=0x7f84e002ef20 comp rx=0 tx=0).stop
2026-02-17T20:25:10.490 INFO:teuthology.orchestra.run.trial109.stdout:/usr/bin/ceph: stderr
2026-02-17T20:25:10.363+0000 7f84f0f1d640 1 -- 10.20.193.109:0/1854312105 shutdown_connections
2026-02-17T20:25:10.490 INFO:teuthology.orchestra.run.trial109.stdout:/usr/bin/ceph: stderr
2026-02-17T20:25:10.363+0000 7f84f0f1d640 1 --2- 10.20.193.109:0/1854312105 >> [v2:10.20.193.109:3300/0,v1:10.20.193.109:6789/0] conn(0x7f84ec10ba00 0x7f84ec10be00 unknown :-1 s=CLOSED pgs=47 cs=0 l=1 rev1=1 crypto rx=0 tx=0 comp rx=0 tx=0).stop
2026-02-17T20:25:10.490 INFO:teuthology.orchestra.run.trial109.stdout:/usr/bin/ceph: stderr
2026-02-17T20:25:10.363+0000 7f84f0f1d640 1 -- 10.20.193.109:0/1854312105 >> 10.20.193.109:0/1854312105 conn(0x7f84ec07db40 msgr2=0x7f84ec07df90 unknown :-1 s=STATE_NONE l=0).mark_down
2026-02-17T20:25:10.490 INFO:teuthology.orchestra.run.trial109.stdout:/usr/bin/ceph: stderr
2026-02-17T20:25:10.363+0000 7f84f0f1d640 1 -- 10.20.193.109:0/1854312105 shutdown_connections
2026-02-17T20:25:10.490 INFO:teuthology.orchestra.run.trial109.stdout:/usr/bin/ceph: stderr
2026-02-17T20:25:10.363+0000 7f84f0f1d640 1 -- 10.20.193.109:0/1854312105 wait complete.
2026-02-17T20:25:10.491 INFO:teuthology.orchestra.run.trial109.stdout:/usr/bin/ceph: stderr
2026-02-17T20:25:10.364+0000 7f84f0f1d640 1 Processor -- start
2026-02-17T20:25:10.491 INFO:teuthology.orchestra.run.trial109.stdout:/usr/bin/ceph: stderr
2026-02-17T20:25:10.364+0000 7f84f0f1d640 1 -- start start
2026-02-17T20:25:10.491 INFO:teuthology.orchestra.run.trial109.stdout:/usr/bin/ceph: stderr
2026-02-17T20:25:10.364+0000 7f84f0f1d640 1 --2- >> [v2:10.20.193.109:3300/0,v1:10.20.193.109:6789/0] conn(0x7f84ec10ba00 0x7f84ec1a02c0 unknown :-1 s=NONE pgs=0 cs=0 l=1 rev1=0 crypto rx=0 tx=0 comp rx=0 tx=0).connect
2026-02-17T20:25:10.491 INFO:teuthology.orchestra.run.trial109.stdout:/usr/bin/ceph: stderr
2026-02-17T20:25:10.364+0000 7f84f0f1d640 1 -- --> [v2:10.20.193.109:3300/0,v1:10.20.193.109:6789/0] -- mon_getmap magic: 0 -- 0x7f84ec10b500 con 0x7f84ec10ba00
2026-02-17T20:25:10.491 INFO:teuthology.orchestra.run.trial109.stdout:/usr/bin/ceph: stderr
2026-02-17T20:25:10.364+0000 7f84ea575640 1 --2- >> [v2:10.20.193.109:3300/0,v1:10.20.193.109:6789/0] conn(0x7f84ec10ba00 0x7f84ec1a02c0 unknown :-1 s=BANNER_CONNECTING pgs=0 cs=0 l=1 rev1=0 crypto rx=0 tx=0 comp rx=0 tx=0)._handle_peer_banner_payload supported=3 required=0
2026-02-17T20:25:10.491 INFO:teuthology.orchestra.run.trial109.stdout:/usr/bin/ceph: stderr
2026-02-17T20:25:10.364+0000 7f84ea575640 1 --2- >> [v2:10.20.193.109:3300/0,v1:10.20.193.109:6789/0] conn(0x7f84ec10ba00 0x7f84ec1a02c0 unknown :-1 s=HELLO_CONNECTING pgs=0 cs=0 l=1 rev1=1 crypto rx=0 tx=0 comp rx=0 tx=0).handle_hello peer v2:10.20.193.109:3300/0 says I am v2:10.20.193.109:44616/0 (socket says 10.20.193.109:44616)
2026-02-17T20:25:10.491 INFO:teuthology.orchestra.run.trial109.stdout:/usr/bin/ceph: stderr
2026-02-17T20:25:10.364+0000 7f84ea575640 1 -- 10.20.193.109:0/2179789011 learned_addr learned my addr 10.20.193.109:0/2179789011 (peer_addr_for_me v2:10.20.193.109:0/0)
2026-02-17T20:25:10.492 INFO:teuthology.orchestra.run.trial109.stdout:/usr/bin/ceph: stderr
2026-02-17T20:25:10.364+0000 7f84ea575640 1 -- 10.20.193.109:0/2179789011 --> [v2:10.20.193.109:3300/0,v1:10.20.193.109:6789/0] -- mon_subscribe({config=0+,monmap=0+}) -- 0x7f84ec1a0800 con 0x7f84ec10ba00
2026-02-17T20:25:10.492 INFO:teuthology.orchestra.run.trial109.stdout:/usr/bin/ceph: stderr
2026-02-17T20:25:10.364+0000 7f84ea575640 1 --2- 10.20.193.109:0/2179789011 >> [v2:10.20.193.109:3300/0,v1:10.20.193.109:6789/0] conn(0x7f84ec10ba00 0x7f84ec1a02c0 secure :-1 s=READY pgs=48 cs=0 l=1 rev1=1 crypto rx=0x7f84e0039000 tx=0x7f84e0037820 comp rx=0 tx=0).ready entity=mon.0 client_cookie=0 server_cookie=0 in_seq=0 out_seq=0
2026-02-17T20:25:10.492 INFO:teuthology.orchestra.run.trial109.stdout:/usr/bin/ceph: stderr
2026-02-17T20:25:10.364+0000 7f84d37fe640 1 -- 10.20.193.109:0/2179789011 <== mon.0 v2:10.20.193.109:3300/0 1 ==== mon_map magic: 0 ==== 205+0+0 (secure 0 0 0) 0x7f84e0047070 con 0x7f84ec10ba00
2026-02-17T20:25:10.492 INFO:teuthology.orchestra.run.trial109.stdout:/usr/bin/ceph: stderr
2026-02-17T20:25:10.364+0000 7f84f0f1d640 1 -- 10.20.193.109:0/2179789011 --> [v2:10.20.193.109:3300/0,v1:10.20.193.109:6789/0] -- mon_subscribe({mgrmap=0+}) -- 0x7f84ec1a0a90 con 0x7f84ec10ba00
2026-02-17T20:25:10.492 INFO:teuthology.orchestra.run.trial109.stdout:/usr/bin/ceph: stderr
2026-02-17T20:25:10.364+0000 7f84d37fe640 1 -- 10.20.193.109:0/2179789011 <== mon.0 v2:10.20.193.109:3300/0 2 ==== config(26 keys) ==== 1076+0+0 (secure 0 0 0) 0x7f84e0035df0 con 0x7f84ec10ba00
2026-02-17T20:25:10.492 INFO:teuthology.orchestra.run.trial109.stdout:/usr/bin/ceph: stderr
2026-02-17T20:25:10.364+0000 7f84d37fe640 1 -- 10.20.193.109:0/2179789011 <== mon.0 v2:10.20.193.109:3300/0 3 ==== mon_map magic: 0 ==== 205+0+0 (secure 0 0 0) 0x7f84e003c070 con 0x7f84ec10ba00
2026-02-17T20:25:10.492 INFO:teuthology.orchestra.run.trial109.stdout:/usr/bin/ceph: stderr
2026-02-17T20:25:10.364+0000 7f84f0f1d640 1 -- 10.20.193.109:0/2179789011 --> [v2:10.20.193.109:3300/0,v1:10.20.193.109:6789/0] -- mon_subscribe({osdmap=0}) -- 0x7f84ec1a3780 con 0x7f84ec10ba00
2026-02-17T20:25:10.492 INFO:teuthology.orchestra.run.trial109.stdout:/usr/bin/ceph: stderr
2026-02-17T20:25:10.365+0000 7f84f0f1d640 1 -- 10.20.193.109:0/2179789011 --> [v2:10.20.193.109:3300/0,v1:10.20.193.109:6789/0] -- mon_command({"prefix": "get_command_descriptions"} v 0) -- 0x7f84ec10be80 con 0x7f84ec10ba00
2026-02-17T20:25:10.492 INFO:teuthology.orchestra.run.trial109.stdout:/usr/bin/ceph: stderr
2026-02-17T20:25:10.365+0000 7f84d37fe640 1 -- 10.20.193.109:0/2179789011 <== mon.0 v2:10.20.193.109:3300/0 4 ==== mgrmap(e 8) ==== 50247+0+0 (secure 0 0 0) 0x7f84e0042640 con 0x7f84ec10ba00
2026-02-17T20:25:10.493 INFO:teuthology.orchestra.run.trial109.stdout:/usr/bin/ceph: stderr
2026-02-17T20:25:10.365+0000 7f84d37fe640 1 --2- 10.20.193.109:0/2179789011 >> [v2:10.20.193.109:6800/4189950942,v1:10.20.193.109:6801/4189950942] conn(0x7f84c403dbf0 0x7f84c40400b0 unknown :-1 s=NONE pgs=0 cs=0 l=1 rev1=0 crypto rx=0 tx=0 comp rx=0 tx=0).connect
2026-02-17T20:25:10.493 INFO:teuthology.orchestra.run.trial109.stdout:/usr/bin/ceph: stderr
2026-02-17T20:25:10.366+0000 7f84e9d74640 1 --2- 10.20.193.109:0/2179789011 >> [v2:10.20.193.109:6800/4189950942,v1:10.20.193.109:6801/4189950942] conn(0x7f84c403dbf0 0x7f84c40400b0 unknown :-1 s=BANNER_CONNECTING pgs=0 cs=0 l=1 rev1=0 crypto rx=0 tx=0 comp rx=0 tx=0)._handle_peer_banner_payload supported=3 required=0
2026-02-17T20:25:10.493 INFO:teuthology.orchestra.run.trial109.stdout:/usr/bin/ceph: stderr
2026-02-17T20:25:10.366+0000 7f84d37fe640 1 -- 10.20.193.109:0/2179789011 <== mon.0 v2:10.20.193.109:3300/0 5 ==== osd_map(2..2 src has 1..2) ==== 940+0+0 (secure 0 0 0) 0x7f84e0076940 con 0x7f84ec10ba00
2026-02-17T20:25:10.493 INFO:teuthology.orchestra.run.trial109.stdout:/usr/bin/ceph: stderr
2026-02-17T20:25:10.366+0000 7f84e9d74640 1 --2- 10.20.193.109:0/2179789011 >> [v2:10.20.193.109:6800/4189950942,v1:10.20.193.109:6801/4189950942] conn(0x7f84c403dbf0 0x7f84c40400b0 secure :-1 s=READY pgs=13 cs=0 l=1 rev1=1 crypto rx=0x7f84d40099c0 tx=0x7f84d4006eb0 comp rx=0 tx=0).ready entity=mgr.14118 client_cookie=0 server_cookie=0 in_seq=0 out_seq=0
2026-02-17T20:25:10.493 INFO:teuthology.orchestra.run.trial109.stdout:/usr/bin/ceph: stderr
2026-02-17T20:25:10.367+0000 7f84d37fe640 1 -- 10.20.193.109:0/2179789011 <== mon.0 v2:10.20.193.109:3300/0 6 ==== mon_command_ack([{"prefix": "get_command_descriptions"}]=0 v0) ==== 72+0+195034 (secure 0 0 0) 0x7f84e0033c90 con 0x7f84ec10ba00
2026-02-17T20:25:10.493 INFO:teuthology.orchestra.run.trial109.stdout:/usr/bin/ceph: stderr
2026-02-17T20:25:10.456+0000 7f84f0f1d640 1 -- 10.20.193.109:0/2179789011 --> [v2:10.20.193.109:6800/4189950942,v1:10.20.193.109:6801/4189950942] -- mgr_command(tid 0: {"prefix": "orch apply", "service_type": "mgr", "unmanaged": true, "target": ["mon-mgr", ""]}) -- 0x7f84ec108dd0 con 0x7f84c403dbf0
2026-02-17T20:25:10.493 INFO:teuthology.orchestra.run.trial109.stdout:/usr/bin/ceph: stderr
2026-02-17T20:25:10.459+0000 7f84d37fe640 1 -- 10.20.193.109:0/2179789011 <== mgr.14118 v2:10.20.193.109:6800/4189950942 1 ==== mgr_command_reply(tid 0: 0 ) ==== 8+0+24 (secure 0 0 0) 0x7f84ec108dd0 con 0x7f84c403dbf0
2026-02-17T20:25:10.493 INFO:teuthology.orchestra.run.trial109.stdout:/usr/bin/ceph: stderr
2026-02-17T20:25:10.461+0000 7f84f0f1d640 1 -- 10.20.193.109:0/2179789011 >> [v2:10.20.193.109:6800/4189950942,v1:10.20.193.109:6801/4189950942] conn(0x7f84c403dbf0 msgr2=0x7f84c40400b0 secure :-1 s=STATE_CONNECTION_ESTABLISHED l=1).mark_down
2026-02-17T20:25:10.493 INFO:teuthology.orchestra.run.trial109.stdout:/usr/bin/ceph: stderr
2026-02-17T20:25:10.461+0000 7f84f0f1d640 1 --2- 10.20.193.109:0/2179789011 >> [v2:10.20.193.109:6800/4189950942,v1:10.20.193.109:6801/4189950942] conn(0x7f84c403dbf0 0x7f84c40400b0 secure :-1 s=READY pgs=13 cs=0 l=1 rev1=1 crypto rx=0x7f84d40099c0 tx=0x7f84d4006eb0 comp rx=0 tx=0).stop
2026-02-17T20:25:10.493 INFO:teuthology.orchestra.run.trial109.stdout:/usr/bin/ceph: stderr
2026-02-17T20:25:10.461+0000 7f84f0f1d640 1 -- 10.20.193.109:0/2179789011 >> [v2:10.20.193.109:3300/0,v1:10.20.193.109:6789/0] conn(0x7f84ec10ba00 msgr2=0x7f84ec1a02c0 secure :-1 s=STATE_CONNECTION_ESTABLISHED l=1).mark_down
2026-02-17T20:25:10.493 INFO:teuthology.orchestra.run.trial109.stdout:/usr/bin/ceph: stderr
2026-02-17T20:25:10.461+0000 7f84f0f1d640 1 --2- 10.20.193.109:0/2179789011 >> [v2:10.20.193.109:3300/0,v1:10.20.193.109:6789/0] conn(0x7f84ec10ba00 0x7f84ec1a02c0 secure :-1 s=READY pgs=48 cs=0 l=1 rev1=1 crypto rx=0x7f84e0039000 tx=0x7f84e0037820 comp rx=0 tx=0).stop
2026-02-17T20:25:10.493 INFO:teuthology.orchestra.run.trial109.stdout:/usr/bin/ceph: stderr
2026-02-17T20:25:10.461+0000 7f84f0f1d640 1 -- 10.20.193.109:0/2179789011 shutdown_connections
2026-02-17T20:25:10.494 INFO:teuthology.orchestra.run.trial109.stdout:/usr/bin/ceph: stderr
2026-02-17T20:25:10.461+0000 7f84f0f1d640 1 --2- 10.20.193.109:0/2179789011 >> [v2:10.20.193.109:6800/4189950942,v1:10.20.193.109:6801/4189950942] conn(0x7f84c403dbf0 0x7f84c40400b0 unknown :-1 s=CLOSED pgs=13 cs=0 l=1 rev1=1 crypto rx=0 tx=0 comp rx=0 tx=0).stop
2026-02-17T20:25:10.494 INFO:teuthology.orchestra.run.trial109.stdout:/usr/bin/ceph: stderr
2026-02-17T20:25:10.461+0000 7f84f0f1d640 1 --2- 10.20.193.109:0/2179789011 >> [v2:10.20.193.109:3300/0,v1:10.20.193.109:6789/0] conn(0x7f84ec10ba00 0x7f84ec1a02c0 unknown :-1 s=CLOSED pgs=48 cs=0 l=1 rev1=1 crypto rx=0 tx=0 comp rx=0 tx=0).stop
2026-02-17T20:25:10.494 INFO:teuthology.orchestra.run.trial109.stdout:/usr/bin/ceph: stderr
2026-02-17T20:25:10.461+0000 7f84f0f1d640 1 -- 10.20.193.109:0/2179789011 >> 10.20.193.109:0/2179789011 conn(0x7f84ec07db40 msgr2=0x7f84ec1086c0 unknown :-1 s=STATE_NONE l=0).mark_down
2026-02-17T20:25:10.494 INFO:teuthology.orchestra.run.trial109.stdout:/usr/bin/ceph: stderr
2026-02-17T20:25:10.461+0000 7f84f0f1d640 1 -- 10.20.193.109:0/2179789011 shutdown_connections
2026-02-17T20:25:10.494 INFO:teuthology.orchestra.run.trial109.stdout:/usr/bin/ceph: stderr
2026-02-17T20:25:10.461+0000 7f84f0f1d640 1 -- 10.20.193.109:0/2179789011 wait complete.
2026-02-17T20:25:10.539 INFO:journalctl@ceph.mon.a.trial109.stdout:Feb 17 20:25:10 trial109 ceph-mon[24593]: Deploying cephadm binary to trial109
2026-02-17T20:25:10.539 INFO:journalctl@ceph.mon.a.trial109.stdout:Feb 17 20:25:10 trial109 ceph-mon[24593]: from='mgr.14118 10.20.193.109:0/47481672' entity='mgr.x'
2026-02-17T20:25:10.539 INFO:journalctl@ceph.mon.a.trial109.stdout:Feb 17 20:25:10 trial109 ceph-mon[24593]: from='mgr.14118 10.20.193.109:0/47481672' entity='mgr.x' cmd=[{"prefix": "config dump", "format": "json"}]: dispatch
2026-02-17T20:25:10.540 INFO:journalctl@ceph.mon.a.trial109.stdout:Feb 17 20:25:10 trial109 ceph-mon[24593]: from='mgr.14118 10.20.193.109:0/47481672' entity='mgr.x'
2026-02-17T20:25:10.540 INFO:journalctl@ceph.mon.a.trial109.stdout:Feb 17 20:25:10 trial109 ceph-mon[24593]: from='mgr.14118 10.20.193.109:0/47481672' entity='mgr.x'
2026-02-17T20:25:10.540 INFO:journalctl@ceph.mon.a.trial109.stdout:Feb 17 20:25:10 trial109 ceph-mon[24593]: from='mgr.14118 10.20.193.109:0/47481672' entity='mgr.x'
2026-02-17T20:25:10.710 INFO:teuthology.orchestra.run.trial109.stdout:/usr/bin/ceph: stderr
2026-02-17T20:25:10.589+0000 7f8833f45640 1 Processor -- start
2026-02-17T20:25:10.710 INFO:teuthology.orchestra.run.trial109.stdout:/usr/bin/ceph: stderr
2026-02-17T20:25:10.589+0000 7f8833f45640 1 -- start start
2026-02-17T20:25:10.710 INFO:teuthology.orchestra.run.trial109.stdout:/usr/bin/ceph: stderr
2026-02-17T20:25:10.589+0000 7f8833f45640 1 --2- >> [v2:10.20.193.109:3300/0,v1:10.20.193.109:6789/0] conn(0x7f882c10ba50 0x7f882c10be50 unknown :-1 s=NONE pgs=0 cs=0 l=0 rev1=0 crypto rx=0 tx=0 comp rx=0 tx=0).connect
2026-02-17T20:25:10.711 INFO:teuthology.orchestra.run.trial109.stdout:/usr/bin/ceph: stderr
2026-02-17T20:25:10.589+0000 7f8833f45640 1 -- --> [v2:10.20.193.109:3300/0,v1:10.20.193.109:6789/0] -- mon_getmap magic: 0 -- 0x7f882c10c420 con 0x7f882c10ba50
2026-02-17T20:25:10.711 INFO:teuthology.orchestra.run.trial109.stdout:/usr/bin/ceph: stderr
2026-02-17T20:25:10.589+0000 7f8831cba640 1 --2- >> [v2:10.20.193.109:3300/0,v1:10.20.193.109:6789/0] conn(0x7f882c10ba50 0x7f882c10be50 unknown :-1 s=BANNER_CONNECTING pgs=0 cs=0 l=0 rev1=0 crypto rx=0 tx=0 comp rx=0 tx=0)._handle_peer_banner_payload supported=3 required=0
2026-02-17T20:25:10.711 INFO:teuthology.orchestra.run.trial109.stdout:/usr/bin/ceph: stderr
2026-02-17T20:25:10.589+0000 7f8831cba640 1 --2- >> [v2:10.20.193.109:3300/0,v1:10.20.193.109:6789/0] conn(0x7f882c10ba50 0x7f882c10be50 unknown :-1 s=HELLO_CONNECTING pgs=0 cs=0 l=0 rev1=1 crypto rx=0 tx=0 comp rx=0 tx=0).handle_hello peer v2:10.20.193.109:3300/0 says I am v2:10.20.193.109:44632/0 (socket says 10.20.193.109:44632)
2026-02-17T20:25:10.711 INFO:teuthology.orchestra.run.trial109.stdout:/usr/bin/ceph: stderr
2026-02-17T20:25:10.589+0000 7f8831cba640 1 -- 10.20.193.109:0/2484366899 learned_addr learned my addr 10.20.193.109:0/2484366899 (peer_addr_for_me v2:10.20.193.109:0/0)
2026-02-17T20:25:10.711 INFO:teuthology.orchestra.run.trial109.stdout:/usr/bin/ceph: stderr
2026-02-17T20:25:10.589+0000 7f8831cba640 1 -- 10.20.193.109:0/2484366899 --> [v2:10.20.193.109:3300/0,v1:10.20.193.109:6789/0] -- mon_subscribe({config=0+,monmap=0+}) -- 0x7f882c10a6b0 con 0x7f882c10ba50
2026-02-17T20:25:10.711 INFO:teuthology.orchestra.run.trial109.stdout:/usr/bin/ceph: stderr
2026-02-17T20:25:10.590+0000 7f8831cba640 1 --2- 10.20.193.109:0/2484366899 >> [v2:10.20.193.109:3300/0,v1:10.20.193.109:6789/0] conn(0x7f882c10ba50 0x7f882c10be50 secure :-1 s=READY pgs=49 cs=0 l=1 rev1=1 crypto rx=0x7f881c009920 tx=0x7f881c02ef20 comp rx=0 tx=0).ready entity=mon.0 client_cookie=b7fa519ac620b1b6 server_cookie=0 in_seq=0 out_seq=0
2026-02-17T20:25:10.711 INFO:teuthology.orchestra.run.trial109.stdout:/usr/bin/ceph: stderr
2026-02-17T20:25:10.590+0000 7f8830cb8640 1 -- 10.20.193.109:0/2484366899 <== mon.0 v2:10.20.193.109:3300/0 1 ==== mon_map magic: 0 ==== 205+0+0 (secure 0 0 0) 0x7f881c03c070 con 0x7f882c10ba50
2026-02-17T20:25:10.711 INFO:teuthology.orchestra.run.trial109.stdout:/usr/bin/ceph: stderr
2026-02-17T20:25:10.590+0000 7f8830cb8640 1 -- 10.20.193.109:0/2484366899 <== mon.0 v2:10.20.193.109:3300/0 2 ==== config(26 keys) ==== 1076+0+0 (secure 0 0 0) 0x7f881c037440 con 0x7f882c10ba50
2026-02-17T20:25:10.711 INFO:teuthology.orchestra.run.trial109.stdout:/usr/bin/ceph: stderr
2026-02-17T20:25:10.590+0000 7f8830cb8640 1 -- 10.20.193.109:0/2484366899 <== mon.0 v2:10.20.193.109:3300/0 3 ==== mon_map magic: 0 ==== 205+0+0 (secure 0 0 0) 0x7f881c0354d0 con 0x7f882c10ba50
2026-02-17T20:25:10.712 INFO:teuthology.orchestra.run.trial109.stdout:/usr/bin/ceph: stderr
2026-02-17T20:25:10.590+0000 7f8833f45640 1 -- 10.20.193.109:0/2484366899 >> [v2:10.20.193.109:3300/0,v1:10.20.193.109:6789/0] conn(0x7f882c10ba50 msgr2=0x7f882c10be50 secure :-1 s=STATE_CONNECTION_ESTABLISHED l=1).mark_down
2026-02-17T20:25:10.712 INFO:teuthology.orchestra.run.trial109.stdout:/usr/bin/ceph: stderr
2026-02-17T20:25:10.590+0000 7f8833f45640 1 --2- 10.20.193.109:0/2484366899 >> [v2:10.20.193.109:3300/0,v1:10.20.193.109:6789/0] conn(0x7f882c10ba50 0x7f882c10be50 secure :-1 s=READY pgs=49 cs=0 l=1 rev1=1 crypto rx=0x7f881c009920 tx=0x7f881c02ef20 comp rx=0 tx=0).stop
2026-02-17T20:25:10.712 INFO:teuthology.orchestra.run.trial109.stdout:/usr/bin/ceph: stderr
2026-02-17T20:25:10.590+0000 7f8833f45640 1 -- 10.20.193.109:0/2484366899 shutdown_connections
2026-02-17T20:25:10.712 INFO:teuthology.orchestra.run.trial109.stdout:/usr/bin/ceph: stderr
2026-02-17T20:25:10.590+0000 7f8833f45640 1 --2- 10.20.193.109:0/2484366899 >> [v2:10.20.193.109:3300/0,v1:10.20.193.109:6789/0] conn(0x7f882c10ba50 0x7f882c10be50 unknown :-1 s=CLOSED pgs=49 cs=0 l=1 rev1=1 crypto rx=0 tx=0 comp rx=0 tx=0).stop
2026-02-17T20:25:10.712 INFO:teuthology.orchestra.run.trial109.stdout:/usr/bin/ceph: stderr
2026-02-17T20:25:10.590+0000 7f8833f45640 1 -- 10.20.193.109:0/2484366899 >> 10.20.193.109:0/2484366899 conn(0x7f882c07daf0 msgr2=0x7f882c07df20 unknown :-1 s=STATE_NONE l=0).mark_down
2026-02-17T20:25:10.712 INFO:teuthology.orchestra.run.trial109.stdout:/usr/bin/ceph: stderr
2026-02-17T20:25:10.590+0000 7f8833f45640 1 -- 10.20.193.109:0/2484366899 shutdown_connections
2026-02-17T20:25:10.712 INFO:teuthology.orchestra.run.trial109.stdout:/usr/bin/ceph: stderr
2026-02-17T20:25:10.590+0000 7f8833f45640 1 -- 10.20.193.109:0/2484366899 wait complete.
2026-02-17T20:25:10.712 INFO:teuthology.orchestra.run.trial109.stdout:/usr/bin/ceph: stderr
2026-02-17T20:25:10.591+0000 7f8833f45640 1 Processor -- start
2026-02-17T20:25:10.712 INFO:teuthology.orchestra.run.trial109.stdout:/usr/bin/ceph: stderr
2026-02-17T20:25:10.591+0000 7f8833f45640 1 -- start start
2026-02-17T20:25:10.712 INFO:teuthology.orchestra.run.trial109.stdout:/usr/bin/ceph: stderr
2026-02-17T20:25:10.591+0000 7f8833f45640 1 --2- >> [v2:10.20.193.109:3300/0,v1:10.20.193.109:6789/0] conn(0x7f882c10ba50 0x7f882c1a0330 unknown :-1 s=NONE pgs=0 cs=0 l=1 rev1=0 crypto rx=0 tx=0 comp rx=0 tx=0).connect
2026-02-17T20:25:10.712 INFO:teuthology.orchestra.run.trial109.stdout:/usr/bin/ceph: stderr
2026-02-17T20:25:10.591+0000 7f8833f45640 1 -- --> [v2:10.20.193.109:3300/0,v1:10.20.193.109:6789/0] -- mon_getmap magic: 0 -- 0x7f882c10e8f0 con 0x7f882c10ba50
2026-02-17T20:25:10.712 INFO:teuthology.orchestra.run.trial109.stdout:/usr/bin/ceph: stderr
2026-02-17T20:25:10.591+0000 7f8831cba640 1 --2- >> [v2:10.20.193.109:3300/0,v1:10.20.193.109:6789/0] conn(0x7f882c10ba50 0x7f882c1a0330 unknown :-1 s=BANNER_CONNECTING pgs=0 cs=0 l=1 rev1=0 crypto rx=0 tx=0 comp rx=0 tx=0)._handle_peer_banner_payload supported=3 required=0
2026-02-17T20:25:10.713 INFO:teuthology.orchestra.run.trial109.stdout:/usr/bin/ceph: stderr
2026-02-17T20:25:10.591+0000 7f8831cba640 1 --2- >> [v2:10.20.193.109:3300/0,v1:10.20.193.109:6789/0] conn(0x7f882c10ba50 0x7f882c1a0330 unknown :-1 s=HELLO_CONNECTING pgs=0 cs=0 l=1 rev1=1 crypto rx=0 tx=0 comp rx=0 tx=0).handle_hello peer v2:10.20.193.109:3300/0 says I am v2:10.20.193.109:44644/0 (socket says 10.20.193.109:44644)
2026-02-17T20:25:10.713 INFO:teuthology.orchestra.run.trial109.stdout:/usr/bin/ceph: stderr
2026-02-17T20:25:10.591+0000 7f8831cba640 1 -- 10.20.193.109:0/3236169967 learned_addr learned my addr 10.20.193.109:0/3236169967 (peer_addr_for_me v2:10.20.193.109:0/0)
2026-02-17T20:25:10.713 INFO:teuthology.orchestra.run.trial109.stdout:/usr/bin/ceph: stderr
2026-02-17T20:25:10.591+0000 7f8831cba640 1 -- 10.20.193.109:0/3236169967 --> [v2:10.20.193.109:3300/0,v1:10.20.193.109:6789/0] -- mon_subscribe({config=0+,monmap=0+}) -- 0x7f882c1a0870 con 0x7f882c10ba50
2026-02-17T20:25:10.713 INFO:teuthology.orchestra.run.trial109.stdout:/usr/bin/ceph: stderr
2026-02-17T20:25:10.591+0000 7f8831cba640 1 --2- 10.20.193.109:0/3236169967 >> [v2:10.20.193.109:3300/0,v1:10.20.193.109:6789/0] conn(0x7f882c10ba50 0x7f882c1a0330 secure :-1 s=READY pgs=50 cs=0 l=1 rev1=1 crypto rx=0x7f881c039000 tx=0x7f881c037820 comp rx=0 tx=0).ready entity=mon.0 client_cookie=0 server_cookie=0 in_seq=0 out_seq=0
2026-02-17T20:25:10.713 INFO:teuthology.orchestra.run.trial109.stdout:/usr/bin/ceph: stderr
2026-02-17T20:25:10.591+0000 7f881affd640 1 -- 10.20.193.109:0/3236169967 <== mon.0 v2:10.20.193.109:3300/0 1 ==== mon_map magic: 0 ==== 205+0+0 (secure 0 0 0) 0x7f881c047070 con 0x7f882c10ba50
2026-02-17T20:25:10.713 INFO:teuthology.orchestra.run.trial109.stdout:/usr/bin/ceph: stderr
2026-02-17T20:25:10.591+0000 7f881affd640 1 -- 10.20.193.109:0/3236169967 <== mon.0 v2:10.20.193.109:3300/0 2 ==== config(26 keys) ==== 1076+0+0 (secure 0 0 0) 0x7f881c035df0 con 0x7f882c10ba50
2026-02-17T20:25:10.713 INFO:teuthology.orchestra.run.trial109.stdout:/usr/bin/ceph: stderr
2026-02-17T20:25:10.591+0000 7f8833f45640 1 -- 10.20.193.109:0/3236169967 --> [v2:10.20.193.109:3300/0,v1:10.20.193.109:6789/0] -- mon_subscribe({mgrmap=0+}) -- 0x7f882c1a0b00 con 0x7f882c10ba50
2026-02-17T20:25:10.713 INFO:teuthology.orchestra.run.trial109.stdout:/usr/bin/ceph: stderr
2026-02-17T20:25:10.591+0000 7f881affd640 1 -- 10.20.193.109:0/3236169967 <== mon.0 v2:10.20.193.109:3300/0 3 ==== mon_map magic: 0 ==== 205+0+0 (secure 0 0 0) 0x7f881c03c070 con 0x7f882c10ba50
2026-02-17T20:25:10.713 INFO:teuthology.orchestra.run.trial109.stdout:/usr/bin/ceph: stderr
2026-02-17T20:25:10.591+0000 7f8833f45640 1 -- 10.20.193.109:0/3236169967 --> [v2:10.20.193.109:3300/0,v1:10.20.193.109:6789/0] -- mon_subscribe({osdmap=0}) -- 0x7f882c1a37f0 con 0x7f882c10ba50
2026-02-17T20:25:10.713 INFO:teuthology.orchestra.run.trial109.stdout:/usr/bin/ceph: stderr
2026-02-17T20:25:10.592+0000 7f8833f45640 1 -- 10.20.193.109:0/3236169967 --> [v2:10.20.193.109:3300/0,v1:10.20.193.109:6789/0] -- mon_command({"prefix": "get_command_descriptions"} v 0) -- 0x7f882c10bed0 con 0x7f882c10ba50
2026-02-17T20:25:10.714 INFO:teuthology.orchestra.run.trial109.stdout:/usr/bin/ceph: stderr
2026-02-17T20:25:10.592+0000 7f881affd640 1 -- 10.20.193.109:0/3236169967 <== mon.0 v2:10.20.193.109:3300/0 4 ==== mgrmap(e 8) ==== 50247+0+0 (secure 0 0 0) 0x7f881c042640 con 0x7f882c10ba50
2026-02-17T20:25:10.714 INFO:teuthology.orchestra.run.trial109.stdout:/usr/bin/ceph: stderr
2026-02-17T20:25:10.592+0000 7f881affd640 1 --2- 10.20.193.109:0/3236169967 >> [v2:10.20.193.109:6800/4189950942,v1:10.20.193.109:6801/4189950942] conn(0x7f880803dba0 0x7f8808040060 unknown :-1 s=NONE pgs=0 cs=0 l=1 rev1=0 crypto rx=0 tx=0 comp rx=0 tx=0).connect
2026-02-17T20:25:10.714 INFO:teuthology.orchestra.run.trial109.stdout:/usr/bin/ceph: stderr
2026-02-17T20:25:10.592+0000 7f881affd640 1 -- 10.20.193.109:0/3236169967 <== mon.0 v2:10.20.193.109:3300/0 5 ==== osd_map(2..2 src has 1..2) ==== 940+0+0 (secure 0 0 0) 0x7f881c076770 con 0x7f882c10ba50
2026-02-17T20:25:10.714 INFO:teuthology.orchestra.run.trial109.stdout:/usr/bin/ceph: stderr
2026-02-17T20:25:10.592+0000 7f88314b9640 1 --2- 10.20.193.109:0/3236169967 >> [v2:10.20.193.109:6800/4189950942,v1:10.20.193.109:6801/4189950942] conn(0x7f880803dba0 0x7f8808040060 unknown :-1 s=BANNER_CONNECTING pgs=0 cs=0 l=1 rev1=0 crypto rx=0 tx=0 comp rx=0 tx=0)._handle_peer_banner_payload supported=3 required=0
2026-02-17T20:25:10.714 INFO:teuthology.orchestra.run.trial109.stdout:/usr/bin/ceph: stderr
2026-02-17T20:25:10.593+0000 7f88314b9640 1 --2- 10.20.193.109:0/3236169967 >> [v2:10.20.193.109:6800/4189950942,v1:10.20.193.109:6801/4189950942] conn(0x7f880803dba0 0x7f8808040060 secure :-1 s=READY pgs=14 cs=0 l=1 rev1=1 crypto rx=0x7f88200099c0 tx=0x7f8820006eb0 comp rx=0 tx=0).ready entity=mgr.14118 client_cookie=0 server_cookie=0 in_seq=0 out_seq=0
2026-02-17T20:25:10.714 INFO:teuthology.orchestra.run.trial109.stdout:/usr/bin/ceph: stderr
2026-02-17T20:25:10.595+0000 7f881affd640 1 -- 10.20.193.109:0/3236169967 <== mon.0 v2:10.20.193.109:3300/0 6 ==== mon_command_ack([{"prefix": "get_command_descriptions"}]=0 v0) ==== 72+0+195034 (secure 0 0 0) 0x7f881c033c90 con 0x7f882c10ba50
2026-02-17T20:25:10.714 INFO:teuthology.orchestra.run.trial109.stdout:/usr/bin/ceph: stderr
2026-02-17T20:25:10.678+0000 7f8833f45640 1 -- 10.20.193.109:0/3236169967 --> [v2:10.20.193.109:3300/0,v1:10.20.193.109:6789/0] -- mon_command([{prefix=config set, name=mgr/cephadm/container_init}] v 0) -- 0x7f882c1a3e90 con 0x7f882c10ba50
2026-02-17T20:25:10.714 INFO:teuthology.orchestra.run.trial109.stdout:/usr/bin/ceph: stderr
2026-02-17T20:25:10.680+0000 7f881affd640 1 -- 10.20.193.109:0/3236169967 <== mon.0 v2:10.20.193.109:3300/0 7 ==== mon_command_ack([{prefix=config set, name=mgr/cephadm/container_init}]=0 v7)=0 v7) ==== 142+0+0 (secure 0 0 0) 0x7f881c0764d0 con 0x7f882c10ba50
2026-02-17T20:25:10.714 INFO:teuthology.orchestra.run.trial109.stdout:/usr/bin/ceph: stderr
2026-02-17T20:25:10.682+0000 7f8833f45640 1 -- 10.20.193.109:0/3236169967 >> [v2:10.20.193.109:6800/4189950942,v1:10.20.193.109:6801/4189950942] conn(0x7f880803dba0 msgr2=0x7f8808040060 secure :-1 s=STATE_CONNECTION_ESTABLISHED l=1).mark_down
2026-02-17T20:25:10.714 INFO:teuthology.orchestra.run.trial109.stdout:/usr/bin/ceph: stderr
2026-02-17T20:25:10.682+0000 7f8833f45640 1 --2- 10.20.193.109:0/3236169967 >> [v2:10.20.193.109:6800/4189950942,v1:10.20.193.109:6801/4189950942] conn(0x7f880803dba0 0x7f8808040060 secure :-1 s=READY pgs=14 cs=0 l=1 rev1=1 crypto rx=0x7f88200099c0 tx=0x7f8820006eb0 comp rx=0 tx=0).stop
2026-02-17T20:25:10.714 INFO:teuthology.orchestra.run.trial109.stdout:/usr/bin/ceph: stderr
2026-02-17T20:25:10.682+0000 7f8833f45640 1 -- 10.20.193.109:0/3236169967 >> [v2:10.20.193.109:3300/0,v1:10.20.193.109:6789/0] conn(0x7f882c10ba50 msgr2=0x7f882c1a0330 secure :-1 s=STATE_CONNECTION_ESTABLISHED l=1).mark_down
2026-02-17T20:25:10.714 INFO:teuthology.orchestra.run.trial109.stdout:/usr/bin/ceph: stderr
2026-02-17T20:25:10.682+0000 7f8833f45640 1 --2- 10.20.193.109:0/3236169967 >> [v2:10.20.193.109:3300/0,v1:10.20.193.109:6789/0] conn(0x7f882c10ba50 0x7f882c1a0330 secure :-1 s=READY pgs=50 cs=0 l=1 rev1=1 crypto rx=0x7f881c039000 tx=0x7f881c037820 comp rx=0 tx=0).stop
2026-02-17T20:25:10.715 INFO:teuthology.orchestra.run.trial109.stdout:/usr/bin/ceph: stderr
2026-02-17T20:25:10.682+0000 7f8833f45640 1 -- 10.20.193.109:0/3236169967 shutdown_connections
2026-02-17T20:25:10.715 INFO:teuthology.orchestra.run.trial109.stdout:/usr/bin/ceph: stderr
2026-02-17T20:25:10.682+0000 7f8833f45640 1 --2- 10.20.193.109:0/3236169967 >> [v2:10.20.193.109:6800/4189950942,v1:10.20.193.109:6801/4189950942] conn(0x7f880803dba0 0x7f8808040060 unknown :-1 s=CLOSED pgs=14 cs=0 l=1 rev1=1 crypto rx=0 tx=0 comp rx=0 tx=0).stop
2026-02-17T20:25:10.715 INFO:teuthology.orchestra.run.trial109.stdout:/usr/bin/ceph: stderr
2026-02-17T20:25:10.682+0000 7f8833f45640 1 --2- 10.20.193.109:0/3236169967 >> [v2:10.20.193.109:3300/0,v1:10.20.193.109:6789/0] conn(0x7f882c10ba50 0x7f882c1a0330 unknown :-1 s=CLOSED pgs=50 cs=0 l=1 rev1=1 crypto rx=0 tx=0 comp rx=0 tx=0).stop
2026-02-17T20:25:10.715 INFO:teuthology.orchestra.run.trial109.stdout:/usr/bin/ceph: stderr
2026-02-17T20:25:10.682+0000 7f8833f45640 1 -- 10.20.193.109:0/3236169967 >> 10.20.193.109:0/3236169967 conn(0x7f882c07daf0 msgr2=0x7f882c1087c0 unknown :-1 s=STATE_NONE l=0).mark_down
2026-02-17T20:25:10.715 INFO:teuthology.orchestra.run.trial109.stdout:/usr/bin/ceph: stderr
2026-02-17T20:25:10.682+0000 7f8833f45640 1 -- 10.20.193.109:0/3236169967 shutdown_connections
2026-02-17T20:25:10.715 INFO:teuthology.orchestra.run.trial109.stdout:/usr/bin/ceph: stderr
2026-02-17T20:25:10.683+0000 7f8833f45640 1 -- 10.20.193.109:0/3236169967 wait complete.
2026-02-17T20:25:10.945 INFO:teuthology.orchestra.run.trial109.stdout:/usr/bin/ceph: stderr
2026-02-17T20:25:10.803+0000 7f280153c640 1 Processor -- start
2026-02-17T20:25:10.945 INFO:teuthology.orchestra.run.trial109.stdout:/usr/bin/ceph: stderr
2026-02-17T20:25:10.803+0000 7f280153c640 1 -- start start
2026-02-17T20:25:10.946 INFO:teuthology.orchestra.run.trial109.stdout:/usr/bin/ceph: stderr
2026-02-17T20:25:10.803+0000 7f280153c640 1 --2- >> [v2:10.20.193.109:3300/0,v1:10.20.193.109:6789/0] conn(0x7f27fc10ba00 0x7f27fc10be00 unknown :-1 s=NONE pgs=0 cs=0 l=0 rev1=0 crypto rx=0 tx=0 comp rx=0 tx=0).connect
2026-02-17T20:25:10.946 INFO:teuthology.orchestra.run.trial109.stdout:/usr/bin/ceph: stderr
2026-02-17T20:25:10.803+0000 7f280153c640 1 -- --> [v2:10.20.193.109:3300/0,v1:10.20.193.109:6789/0] -- mon_getmap magic: 0 -- 0x7f27fc10c340 con 0x7f27fc10ba00
2026-02-17T20:25:10.946 INFO:teuthology.orchestra.run.trial109.stdout:/usr/bin/ceph: stderr
2026-02-17T20:25:10.804+0000 7f27faffd640 1 --2- >> [v2:10.20.193.109:3300/0,v1:10.20.193.109:6789/0] conn(0x7f27fc10ba00 0x7f27fc10be00 unknown :-1 s=BANNER_CONNECTING pgs=0 cs=0 l=0 rev1=0 crypto rx=0 tx=0 comp rx=0 tx=0)._handle_peer_banner_payload supported=3 required=0
2026-02-17T20:25:10.946 INFO:teuthology.orchestra.run.trial109.stdout:/usr/bin/ceph: stderr
2026-02-17T20:25:10.804+0000 7f27faffd640 1 --2- >> [v2:10.20.193.109:3300/0,v1:10.20.193.109:6789/0] conn(0x7f27fc10ba00 0x7f27fc10be00 unknown :-1 s=HELLO_CONNECTING pgs=0 cs=0 l=0 rev1=1 crypto rx=0 tx=0 comp rx=0 tx=0).handle_hello peer v2:10.20.193.109:3300/0 says I am v2:10.20.193.109:44654/0 (socket says 10.20.193.109:44654)
2026-02-17T20:25:10.946 INFO:teuthology.orchestra.run.trial109.stdout:/usr/bin/ceph: stderr
2026-02-17T20:25:10.804+0000 7f27faffd640 1 -- 10.20.193.109:0/2738041609 learned_addr learned my addr 10.20.193.109:0/2738041609 (peer_addr_for_me v2:10.20.193.109:0/0)
2026-02-17T20:25:10.946 INFO:teuthology.orchestra.run.trial109.stdout:/usr/bin/ceph: stderr
2026-02-17T20:25:10.804+0000 7f27faffd640 1 -- 10.20.193.109:0/2738041609 --> [v2:10.20.193.109:3300/0,v1:10.20.193.109:6789/0] -- mon_subscribe({config=0+,monmap=0+}) -- 0x7f27fc10c4c0 con 0x7f27fc10ba00
2026-02-17T20:25:10.946 INFO:teuthology.orchestra.run.trial109.stdout:/usr/bin/ceph: stderr
2026-02-17T20:25:10.805+0000 7f27faffd640 1 --2- 10.20.193.109:0/2738041609 >> [v2:10.20.193.109:3300/0,v1:10.20.193.109:6789/0] conn(0x7f27fc10ba00 0x7f27fc10be00 secure :-1 s=READY pgs=51 cs=0 l=1 rev1=1 crypto rx=0x7f27f0009920 tx=0x7f27f002ef20 comp rx=0 tx=0).ready entity=mon.0 client_cookie=4f5ddb5b786292f5 server_cookie=0 in_seq=0 out_seq=0
2026-02-17T20:25:10.946 INFO:teuthology.orchestra.run.trial109.stdout:/usr/bin/ceph: stderr
2026-02-17T20:25:10.805+0000 7f27f9ffb640 1 -- 10.20.193.109:0/2738041609 <== mon.0 v2:10.20.193.109:3300/0 1 ==== mon_map magic: 0 ==== 205+0+0 (secure 0 0 0) 0x7f27f003c070 con 0x7f27fc10ba00
2026-02-17T20:25:10.946 INFO:teuthology.orchestra.run.trial109.stdout:/usr/bin/ceph: stderr
2026-02-17T20:25:10.805+0000 7f27f9ffb640 1 -- 10.20.193.109:0/2738041609 <== mon.0 v2:10.20.193.109:3300/0 2 ==== config(26 keys) ==== 1076+0+0 (secure 0 0 0) 0x7f27f0037440 con 0x7f27fc10ba00
2026-02-17T20:25:10.946 INFO:teuthology.orchestra.run.trial109.stdout:/usr/bin/ceph: stderr
2026-02-17T20:25:10.805+0000 7f27f9ffb640 1 -- 10.20.193.109:0/2738041609 <== mon.0 v2:10.20.193.109:3300/0 3 ==== mon_map magic: 0 ==== 205+0+0 (secure 0 0 0) 0x7f27f00354d0 con 0x7f27fc10ba00
2026-02-17T20:25:10.947 INFO:teuthology.orchestra.run.trial109.stdout:/usr/bin/ceph: stderr
2026-02-17T20:25:10.805+0000 7f280153c640 1 -- 10.20.193.109:0/2738041609 >> [v2:10.20.193.109:3300/0,v1:10.20.193.109:6789/0] conn(0x7f27fc10ba00 msgr2=0x7f27fc10be00 secure :-1 s=STATE_CONNECTION_ESTABLISHED l=1).mark_down
2026-02-17T20:25:10.947 INFO:teuthology.orchestra.run.trial109.stdout:/usr/bin/ceph: stderr
2026-02-17T20:25:10.805+0000 7f280153c640 1 --2- 10.20.193.109:0/2738041609 >> [v2:10.20.193.109:3300/0,v1:10.20.193.109:6789/0] conn(0x7f27fc10ba00 0x7f27fc10be00 secure :-1 s=READY pgs=51 cs=0 l=1 rev1=1 crypto rx=0x7f27f0009920 tx=0x7f27f002ef20 comp rx=0 tx=0).stop
2026-02-17T20:25:10.947 INFO:teuthology.orchestra.run.trial109.stdout:/usr/bin/ceph: stderr
2026-02-17T20:25:10.805+0000 7f280153c640 1 -- 10.20.193.109:0/2738041609 shutdown_connections
2026-02-17T20:25:10.947 INFO:teuthology.orchestra.run.trial109.stdout:/usr/bin/ceph: stderr
2026-02-17T20:25:10.805+0000 7f280153c640 1 --2- 10.20.193.109:0/2738041609 >> [v2:10.20.193.109:3300/0,v1:10.20.193.109:6789/0] conn(0x7f27fc10ba00 0x7f27fc10be00 unknown :-1 s=CLOSED pgs=51 cs=0 l=1 rev1=1 crypto rx=0 tx=0 comp rx=0 tx=0).stop
2026-02-17T20:25:10.947 INFO:teuthology.orchestra.run.trial109.stdout:/usr/bin/ceph: stderr
2026-02-17T20:25:10.805+0000 7f280153c640 1 -- 10.20.193.109:0/2738041609 >> 10.20.193.109:0/2738041609 conn(0x7f27fc07db40 msgr2=0x7f27fc07df90 unknown :-1 s=STATE_NONE l=0).mark_down
2026-02-17T20:25:10.947 INFO:teuthology.orchestra.run.trial109.stdout:/usr/bin/ceph: stderr
2026-02-17T20:25:10.805+0000 7f280153c640 1 -- 10.20.193.109:0/2738041609 shutdown_connections
2026-02-17T20:25:10.947 INFO:teuthology.orchestra.run.trial109.stdout:/usr/bin/ceph: stderr
2026-02-17T20:25:10.805+0000 7f280153c640 1 -- 10.20.193.109:0/2738041609 wait complete.
2026-02-17T20:25:10.947 INFO:teuthology.orchestra.run.trial109.stdout:/usr/bin/ceph: stderr
2026-02-17T20:25:10.805+0000 7f280153c640 1 Processor -- start
2026-02-17T20:25:10.947 INFO:teuthology.orchestra.run.trial109.stdout:/usr/bin/ceph: stderr
2026-02-17T20:25:10.805+0000 7f280153c640 1 -- start start
2026-02-17T20:25:10.947 INFO:teuthology.orchestra.run.trial109.stdout:/usr/bin/ceph: stderr
2026-02-17T20:25:10.806+0000 7f280153c640 1 --2- >> [v2:10.20.193.109:3300/0,v1:10.20.193.109:6789/0] conn(0x7f27fc10ba00 0x7f27fc1a02c0 unknown :-1 s=NONE pgs=0 cs=0 l=1 rev1=0 crypto rx=0 tx=0 comp rx=0 tx=0).connect
2026-02-17T20:25:10.947 INFO:teuthology.orchestra.run.trial109.stdout:/usr/bin/ceph: stderr
2026-02-17T20:25:10.806+0000 7f280153c640 1 -- --> [v2:10.20.193.109:3300/0,v1:10.20.193.109:6789/0] -- mon_getmap magic: 0 -- 0x7f27fc10b500 con 0x7f27fc10ba00
2026-02-17T20:25:10.947 INFO:teuthology.orchestra.run.trial109.stdout:/usr/bin/ceph: stderr
2026-02-17T20:25:10.806+0000 7f27faffd640 1 --2- >> [v2:10.20.193.109:3300/0,v1:10.20.193.109:6789/0] conn(0x7f27fc10ba00 0x7f27fc1a02c0 unknown :-1 s=BANNER_CONNECTING pgs=0 cs=0 l=1 rev1=0 crypto rx=0 tx=0 comp rx=0 tx=0)._handle_peer_banner_payload supported=3 required=0
2026-02-17T20:25:10.948 INFO:teuthology.orchestra.run.trial109.stdout:/usr/bin/ceph: stderr
2026-02-17T20:25:10.806+0000 7f27faffd640 1 --2- >> [v2:10.20.193.109:3300/0,v1:10.20.193.109:6789/0] conn(0x7f27fc10ba00 0x7f27fc1a02c0 unknown :-1 s=HELLO_CONNECTING pgs=0 cs=0 l=1 rev1=1 crypto rx=0 tx=0 comp rx=0 tx=0).handle_hello peer v2:10.20.193.109:3300/0 says I am v2:10.20.193.109:44670/0 (socket says 10.20.193.109:44670)
2026-02-17T20:25:10.948 INFO:teuthology.orchestra.run.trial109.stdout:/usr/bin/ceph: stderr
2026-02-17T20:25:10.806+0000 7f27faffd640 1 -- 10.20.193.109:0/2280986338 learned_addr learned my addr 10.20.193.109:0/2280986338 (peer_addr_for_me v2:10.20.193.109:0/0)
2026-02-17T20:25:10.948 INFO:teuthology.orchestra.run.trial109.stdout:/usr/bin/ceph: stderr
2026-02-17T20:25:10.806+0000 7f27faffd640 1 -- 10.20.193.109:0/2280986338 --> [v2:10.20.193.109:3300/0,v1:10.20.193.109:6789/0] -- mon_subscribe({config=0+,monmap=0+}) -- 0x7f27fc1a0800 con 0x7f27fc10ba00
2026-02-17T20:25:10.948 INFO:teuthology.orchestra.run.trial109.stdout:/usr/bin/ceph: stderr
2026-02-17T20:25:10.806+0000 7f27faffd640 1 --2- 10.20.193.109:0/2280986338 >> [v2:10.20.193.109:3300/0,v1:10.20.193.109:6789/0] conn(0x7f27fc10ba00 0x7f27fc1a02c0 secure :-1 s=READY pgs=52 cs=0 l=1 rev1=1 crypto rx=0x7f27f0039000 tx=0x7f27f0037820 comp rx=0 tx=0).ready entity=mon.0 client_cookie=0 server_cookie=0 in_seq=0 out_seq=0
2026-02-17T20:25:10.948 INFO:teuthology.orchestra.run.trial109.stdout:/usr/bin/ceph: stderr
2026-02-17T20:25:10.806+0000 7f27dbfff640 1 -- 10.20.193.109:0/2280986338 <== mon.0 v2:10.20.193.109:3300/0 1 ==== mon_map magic: 0 ==== 205+0+0 (secure 0 0 0) 0x7f27f0047070 con 0x7f27fc10ba00
2026-02-17T20:25:10.948 INFO:teuthology.orchestra.run.trial109.stdout:/usr/bin/ceph: stderr
2026-02-17T20:25:10.806+0000 7f280153c640 1 -- 10.20.193.109:0/2280986338 --> [v2:10.20.193.109:3300/0,v1:10.20.193.109:6789/0] -- mon_subscribe({mgrmap=0+}) -- 0x7f27fc1a0a90 con 0x7f27fc10ba00
2026-02-17T20:25:10.948 INFO:teuthology.orchestra.run.trial109.stdout:/usr/bin/ceph: stderr
2026-02-17T20:25:10.806+0000 7f27dbfff640 1 -- 10.20.193.109:0/2280986338 <== mon.0 v2:10.20.193.109:3300/0 2 ==== config(26 keys) ==== 1076+0+0 (secure 0 0 0) 0x7f27f0035df0 con 0x7f27fc10ba00
2026-02-17T20:25:10.948 INFO:teuthology.orchestra.run.trial109.stdout:/usr/bin/ceph: stderr
2026-02-17T20:25:10.806+0000 7f27dbfff640 1 -- 10.20.193.109:0/2280986338 <== mon.0 v2:10.20.193.109:3300/0 3 ==== mon_map magic: 0 ==== 205+0+0 (secure 0 0 0) 0x7f27f003c070 con 0x7f27fc10ba00
2026-02-17T20:25:10.948 INFO:teuthology.orchestra.run.trial109.stdout:/usr/bin/ceph: stderr
2026-02-17T20:25:10.806+0000 7f280153c640 1 -- 10.20.193.109:0/2280986338 --> [v2:10.20.193.109:3300/0,v1:10.20.193.109:6789/0] -- mon_subscribe({osdmap=0}) -- 0x7f27fc1a3780 con 0x7f27fc10ba00
2026-02-17T20:25:10.948 INFO:teuthology.orchestra.run.trial109.stdout:/usr/bin/ceph: stderr
2026-02-17T20:25:10.807+0000 7f280153c640 1 -- 10.20.193.109:0/2280986338 --> [v2:10.20.193.109:3300/0,v1:10.20.193.109:6789/0] -- mon_command({"prefix": "get_command_descriptions"} v 0) -- 0x7f27fc10be80 con 0x7f27fc10ba00
2026-02-17T20:25:10.948 INFO:teuthology.orchestra.run.trial109.stdout:/usr/bin/ceph: stderr
2026-02-17T20:25:10.807+0000 7f27dbfff640 1 -- 10.20.193.109:0/2280986338 <== mon.0 v2:10.20.193.109:3300/0 4 ==== mgrmap(e 8) ==== 50247+0+0 (secure 0 0 0) 0x7f27f0042640 con 0x7f27fc10ba00
2026-02-17T20:25:10.948 INFO:teuthology.orchestra.run.trial109.stdout:/usr/bin/ceph: stderr
2026-02-17T20:25:10.807+0000 7f27dbfff640 1 --2- 10.20.193.109:0/2280986338 >> [v2:10.20.193.109:6800/4189950942,v1:10.20.193.109:6801/4189950942] conn(0x7f27d003dba0 0x7f27d0040060 unknown :-1 s=NONE pgs=0 cs=0 l=1 rev1=0 crypto rx=0 tx=0 comp rx=0 tx=0).connect
2026-02-17T20:25:10.949 INFO:teuthology.orchestra.run.trial109.stdout:/usr/bin/ceph: stderr
2026-02-17T20:25:10.807+0000 7f27dbfff640 1 -- 10.20.193.109:0/2280986338 <== mon.0 v2:10.20.193.109:3300/0 5 ==== osd_map(2..2 src has 1..2) ==== 940+0+0 (secure 0 0 0) 0x7f27f0076850 con 0x7f27fc10ba00
2026-02-17T20:25:10.949 INFO:teuthology.orchestra.run.trial109.stdout:/usr/bin/ceph: stderr
2026-02-17T20:25:10.807+0000 7f27fa7fc640 1 --2- 10.20.193.109:0/2280986338 >> [v2:10.20.193.109:6800/4189950942,v1:10.20.193.109:6801/4189950942] conn(0x7f27d003dba0 0x7f27d0040060 unknown :-1 s=BANNER_CONNECTING pgs=0 cs=0 l=1 rev1=0 crypto rx=0 tx=0 comp rx=0 tx=0)._handle_peer_banner_payload supported=3 required=0
2026-02-17T20:25:10.949 INFO:teuthology.orchestra.run.trial109.stdout:/usr/bin/ceph: stderr
2026-02-17T20:25:10.807+0000 7f27fa7fc640 1 --2- 10.20.193.109:0/2280986338 >> [v2:10.20.193.109:6800/4189950942,v1:10.20.193.109:6801/4189950942] conn(0x7f27d003dba0 0x7f27d0040060 secure :-1 s=READY pgs=15 cs=0 l=1 rev1=1 crypto rx=0x7f27e40099c0 tx=0x7f27e4006eb0 comp rx=0 tx=0).ready entity=mgr.14118 client_cookie=0 server_cookie=0 in_seq=0 out_seq=0
2026-02-17T20:25:10.949 INFO:teuthology.orchestra.run.trial109.stdout:/usr/bin/ceph: stderr
2026-02-17T20:25:10.809+0000 7f27dbfff640 1 -- 10.20.193.109:0/2280986338 <== mon.0 v2:10.20.193.109:3300/0 6 ==== mon_command_ack([{"prefix": "get_command_descriptions"}]=0 v0) ==== 72+0+195034 (secure 0 0 0) 0x7f27f00342a0 con 0x7f27fc10ba00
2026-02-17T20:25:10.949 INFO:teuthology.orchestra.run.trial109.stdout:/usr/bin/ceph: stderr
2026-02-17T20:25:10.895+0000 7f280153c640 1 -- 10.20.193.109:0/2280986338 --> [v2:10.20.193.109:3300/0,v1:10.20.193.109:6789/0] -- mon_command([{prefix=config set, name=mgr/dashboard/ssl_server_port}] v 0) -- 0x7f27fc1a3e70 con 0x7f27fc10ba00
2026-02-17T20:25:10.949 INFO:teuthology.orchestra.run.trial109.stdout:/usr/bin/ceph: stderr
2026-02-17T20:25:10.897+0000 7f27dbfff640 1 -- 10.20.193.109:0/2280986338 <== mon.0 v2:10.20.193.109:3300/0 7 ==== mon_command_ack([{prefix=config set, name=mgr/dashboard/ssl_server_port}]=0 v8)=0 v8) ==== 130+0+0 (secure 0 0 0) 0x7f27f0033c90 con 0x7f27fc10ba00
2026-02-17T20:25:10.949 INFO:teuthology.orchestra.run.trial109.stdout:/usr/bin/ceph: stderr
2026-02-17T20:25:10.898+0000 7f280153c640 1 -- 10.20.193.109:0/2280986338 >> [v2:10.20.193.109:6800/4189950942,v1:10.20.193.109:6801/4189950942] conn(0x7f27d003dba0 msgr2=0x7f27d0040060 secure :-1 s=STATE_CONNECTION_ESTABLISHED l=1).mark_down
2026-02-17T20:25:10.949 INFO:teuthology.orchestra.run.trial109.stdout:/usr/bin/ceph: stderr
2026-02-17T20:25:10.898+0000 7f280153c640 1 --2- 10.20.193.109:0/2280986338 >> [v2:10.20.193.109:6800/4189950942,v1:10.20.193.109:6801/4189950942] conn(0x7f27d003dba0 0x7f27d0040060 secure :-1 s=READY pgs=15 cs=0 l=1 rev1=1 crypto rx=0x7f27e40099c0 tx=0x7f27e4006eb0 comp rx=0 tx=0).stop
2026-02-17T20:25:10.949 INFO:teuthology.orchestra.run.trial109.stdout:/usr/bin/ceph: stderr
2026-02-17T20:25:10.898+0000 7f280153c640 1 -- 10.20.193.109:0/2280986338 >> [v2:10.20.193.109:3300/0,v1:10.20.193.109:6789/0] conn(0x7f27fc10ba00 msgr2=0x7f27fc1a02c0 secure :-1 s=STATE_CONNECTION_ESTABLISHED l=1).mark_down
2026-02-17T20:25:10.949 INFO:teuthology.orchestra.run.trial109.stdout:/usr/bin/ceph: stderr
2026-02-17T20:25:10.898+0000 7f280153c640 1 --2- 10.20.193.109:0/2280986338 >> [v2:10.20.193.109:3300/0,v1:10.20.193.109:6789/0] conn(0x7f27fc10ba00 0x7f27fc1a02c0 secure :-1 s=READY pgs=52 cs=0 l=1 rev1=1 crypto rx=0x7f27f0039000 tx=0x7f27f0037820 comp rx=0 tx=0).stop
2026-02-17T20:25:10.949 INFO:teuthology.orchestra.run.trial109.stdout:/usr/bin/ceph: stderr
2026-02-17T20:25:10.898+0000 7f280153c640 1 -- 10.20.193.109:0/2280986338 shutdown_connections
2026-02-17T20:25:10.949 INFO:teuthology.orchestra.run.trial109.stdout:/usr/bin/ceph: stderr
2026-02-17T20:25:10.898+0000 7f280153c640 1 --2- 10.20.193.109:0/2280986338 >> [v2:10.20.193.109:6800/4189950942,v1:10.20.193.109:6801/4189950942] conn(0x7f27d003dba0 0x7f27d0040060 unknown :-1 s=CLOSED pgs=15 cs=0 l=1 rev1=1 crypto rx=0 tx=0 comp rx=0 tx=0).stop
2026-02-17T20:25:10.950 INFO:teuthology.orchestra.run.trial109.stdout:/usr/bin/ceph: stderr
2026-02-17T20:25:10.898+0000 7f280153c640 1 --2- 10.20.193.109:0/2280986338 >> [v2:10.20.193.109:3300/0,v1:10.20.193.109:6789/0] conn(0x7f27fc10ba00 0x7f27fc1a02c0 unknown :-1 s=CLOSED pgs=52 cs=0 l=1 rev1=1 crypto rx=0 tx=0 comp rx=0 tx=0).stop
2026-02-17T20:25:10.950 INFO:teuthology.orchestra.run.trial109.stdout:/usr/bin/ceph: stderr
2026-02-17T20:25:10.898+0000 7f280153c640 1 -- 10.20.193.109:0/2280986338 >> 10.20.193.109:0/2280986338 conn(0x7f27fc07db40 msgr2=0x7f27fc1086c0 unknown :-1 s=STATE_NONE l=0).mark_down
2026-02-17T20:25:10.950 INFO:teuthology.orchestra.run.trial109.stdout:/usr/bin/ceph: stderr
2026-02-17T20:25:10.898+0000 7f280153c640 1 -- 10.20.193.109:0/2280986338 shutdown_connections
2026-02-17T20:25:10.950 INFO:teuthology.orchestra.run.trial109.stdout:/usr/bin/ceph: stderr
2026-02-17T20:25:10.898+0000 7f280153c640 1 -- 10.20.193.109:0/2280986338 wait complete.
2026-02-17T20:25:10.950 INFO:teuthology.orchestra.run.trial109.stdout:Enabling the dashboard module...
2026-02-17T20:25:11.692 INFO:journalctl@ceph.mon.a.trial109.stdout:Feb 17 20:25:11 trial109 ceph-mon[24593]: Added host trial109
2026-02-17T20:25:11.693 INFO:journalctl@ceph.mon.a.trial109.stdout:Feb 17 20:25:11 trial109 ceph-mon[24593]: from='client.14140 -' entity='client.admin' cmd=[{"prefix": "orch apply", "service_type": "mon", "unmanaged": true, "target": ["mon-mgr", ""]}]: dispatch
2026-02-17T20:25:11.693 INFO:journalctl@ceph.mon.a.trial109.stdout:Feb 17 20:25:11 trial109 ceph-mon[24593]: Saving service mon spec with placement count:5
2026-02-17T20:25:11.693 INFO:journalctl@ceph.mon.a.trial109.stdout:Feb 17 20:25:11 trial109 ceph-mon[24593]: from='client.14142 -' entity='client.admin' cmd=[{"prefix": "orch apply", "service_type": "mgr", "unmanaged": true, "target": ["mon-mgr", ""]}]: dispatch
2026-02-17T20:25:11.693 INFO:journalctl@ceph.mon.a.trial109.stdout:Feb 17 20:25:11 trial109 ceph-mon[24593]: Saving service mgr spec with placement count:2
2026-02-17T20:25:11.693 INFO:journalctl@ceph.mon.a.trial109.stdout:Feb 17 20:25:11 trial109 ceph-mon[24593]: from='mgr.14118 10.20.193.109:0/47481672' entity='mgr.x'
2026-02-17T20:25:11.693 INFO:journalctl@ceph.mon.a.trial109.stdout:Feb 17 20:25:11 trial109 ceph-mon[24593]: from='client.? 10.20.193.109:0/3236169967' entity='client.admin'
2026-02-17T20:25:11.693 INFO:journalctl@ceph.mon.a.trial109.stdout:Feb 17 20:25:11 trial109 ceph-mon[24593]: from='mgr.14118 10.20.193.109:0/47481672' entity='mgr.x'
2026-02-17T20:25:11.694 INFO:journalctl@ceph.mon.a.trial109.stdout:Feb 17 20:25:11 trial109 ceph-mon[24593]: from='client.? 10.20.193.109:0/2280986338' entity='client.admin'
2026-02-17T20:25:11.694 INFO:journalctl@ceph.mon.a.trial109.stdout:Feb 17 20:25:11 trial109 ceph-mon[24593]: from='mgr.14118 10.20.193.109:0/47481672' entity='mgr.x'
2026-02-17T20:25:11.694 INFO:journalctl@ceph.mon.a.trial109.stdout:Feb 17 20:25:11 trial109 ceph-mon[24593]: from='client.? 10.20.193.109:0/1305622991' entity='client.admin' cmd=[{"prefix": "mgr module enable", "module": "dashboard"}]: dispatch
2026-02-17T20:25:12.123 INFO:teuthology.orchestra.run.trial109.stdout:/usr/bin/ceph: stderr
2026-02-17T20:25:11.044+0000 7fd67db50640 1 Processor -- start
2026-02-17T20:25:12.123 INFO:teuthology.orchestra.run.trial109.stdout:/usr/bin/ceph: stderr
2026-02-17T20:25:11.044+0000 7fd67db50640 1 -- start start
2026-02-17T20:25:12.123 INFO:teuthology.orchestra.run.trial109.stdout:/usr/bin/ceph: stderr
2026-02-17T20:25:11.044+0000 7fd67db50640 1 --2- >> [v2:10.20.193.109:3300/0,v1:10.20.193.109:6789/0] conn(0x7fd67810ba00 0x7fd67810be00 unknown :-1 s=NONE pgs=0 cs=0 l=0 rev1=0 crypto rx=0 tx=0 comp rx=0 tx=0).connect
