2026-02-17T20:25:12.456+0000 7ff265976640 1 -- 10.20.193.109:0/2383084567 --> [v2:10.20.193.109:3300/0,v1:10.20.193.109:6789/0] -- mon_subscribe({config=0+,monmap=0+}) -- 0x7ff2601a0860 con 0x7ff26007eef0
2026-02-17T20:25:15.834 INFO:teuthology.orchestra.run.trial109.stdout:/usr/bin/ceph: stderr
2026-02-17T20:25:12.456+0000 7ff265976640 1 --2- 10.20.193.109:0/2383084567 >> [v2:10.20.193.109:3300/0,v1:10.20.193.109:6789/0] conn(0x7ff26007eef0 0x7ff2601a0320 secure :-1 s=READY pgs=60 cs=0 l=1 rev1=1 crypto rx=0x7ff250039000 tx=0x7ff250037820 comp rx=0 tx=0).ready entity=mon.0 client_cookie=0 server_cookie=0 in_seq=0 out_seq=0
2026-02-17T20:25:15.834 INFO:teuthology.orchestra.run.trial109.stdout:/usr/bin/ceph: stderr
2026-02-17T20:25:12.457+0000 7ff24effd640 1 -- 10.20.193.109:0/2383084567 <== mon.0 v2:10.20.193.109:3300/0 1 ==== mon_map magic: 0 ==== 205+0+0 (secure 0 0 0) 0x7ff250047070 con 0x7ff26007eef0
2026-02-17T20:25:15.834 INFO:teuthology.orchestra.run.trial109.stdout:/usr/bin/ceph: stderr
2026-02-17T20:25:12.457+0000 7ff24effd640 1 -- 10.20.193.109:0/2383084567 <== mon.0 v2:10.20.193.109:3300/0 2 ==== config(26 keys) ==== 1076+0+0 (secure 0 0 0) 0x7ff250035df0 con 0x7ff26007eef0
2026-02-17T20:25:15.834 INFO:teuthology.orchestra.run.trial109.stdout:/usr/bin/ceph: stderr
2026-02-17T20:25:12.457+0000 7ff24effd640 1 -- 10.20.193.109:0/2383084567 <== mon.0 v2:10.20.193.109:3300/0 3 ==== mon_map magic: 0 ==== 205+0+0 (secure 0 0 0) 0x7ff25003c070 con 0x7ff26007eef0
2026-02-17T20:25:15.834 INFO:teuthology.orchestra.run.trial109.stdout:/usr/bin/ceph: stderr
2026-02-17T20:25:12.457+0000 7ff267c01640 1 -- 10.20.193.109:0/2383084567 --> [v2:10.20.193.109:3300/0,v1:10.20.193.109:6789/0] -- mon_subscribe({mgrmap=0+}) -- 0x7ff2601a0af0 con 0x7ff26007eef0
2026-02-17T20:25:15.834 INFO:teuthology.orchestra.run.trial109.stdout:/usr/bin/ceph: stderr
2026-02-17T20:25:12.457+0000 7ff267c01640 1 -- 10.20.193.109:0/2383084567 --> [v2:10.20.193.109:3300/0,v1:10.20.193.109:6789/0] -- mon_subscribe({osdmap=0}) -- 0x7ff2601a37e0 con 0x7ff26007eef0
2026-02-17T20:25:15.834 INFO:teuthology.orchestra.run.trial109.stdout:/usr/bin/ceph: stderr
2026-02-17T20:25:12.457+0000 7ff24effd640 1 -- 10.20.193.109:0/2383084567 <== mon.0 v2:10.20.193.109:3300/0 4 ==== mgrmap(e 9) ==== 50260+0+0 (secure 0 0 0) 0x7ff25004c460 con 0x7ff26007eef0
2026-02-17T20:25:15.834 INFO:teuthology.orchestra.run.trial109.stdout:/usr/bin/ceph: stderr
2026-02-17T20:25:12.457+0000 7ff24effd640 1 --2- 10.20.193.109:0/2383084567 >> [v2:10.20.193.109:6800/4189950942,v1:10.20.193.109:6801/4189950942] conn(0x7ff23c03dc40 0x7ff23c040100 unknown :-1 s=NONE pgs=0 cs=0 l=1 rev1=0 crypto rx=0 tx=0 comp rx=0 tx=0).connect
2026-02-17T20:25:15.834 INFO:teuthology.orchestra.run.trial109.stdout:/usr/bin/ceph: stderr
2026-02-17T20:25:12.457+0000 7ff24effd640 1 -- 10.20.193.109:0/2383084567 --> [v2:10.20.193.109:6800/4189950942,v1:10.20.193.109:6801/4189950942] -- command(tid 0: {"prefix": "get_command_descriptions"}) -- 0x7ff23c040810 con 0x7ff23c03dc40
2026-02-17T20:25:15.834 INFO:teuthology.orchestra.run.trial109.stdout:/usr/bin/ceph: stderr
2026-02-17T20:25:12.457+0000 7ff24effd640 1 -- 10.20.193.109:0/2383084567 <== mon.0 v2:10.20.193.109:3300/0 5 ==== osd_map(2..2 src has 1..2) ==== 940+0+0 (secure 0 0 0) 0x7ff250076a40 con 0x7ff26007eef0
2026-02-17T20:25:15.834 INFO:teuthology.orchestra.run.trial109.stdout:/usr/bin/ceph: stderr
2026-02-17T20:25:12.457+0000 7ff265175640 1 -- 10.20.193.109:0/2383084567 >> [v2:10.20.193.109:6800/4189950942,v1:10.20.193.109:6801/4189950942] conn(0x7ff23c03dc40 msgr2=0x7ff23c040100 unknown :-1 s=STATE_CONNECTING_RE l=1).process reconnect failed to v2:10.20.193.109:6800/4189950942
2026-02-17T20:25:15.834 INFO:teuthology.orchestra.run.trial109.stdout:/usr/bin/ceph: stderr
2026-02-17T20:25:12.458+0000 7ff265175640 1 --2- 10.20.193.109:0/2383084567 >> [v2:10.20.193.109:6800/4189950942,v1:10.20.193.109:6801/4189950942] conn(0x7ff23c03dc40 0x7ff23c040100 unknown :-1 s=START_CONNECT pgs=0 cs=0 l=1 rev1=0 crypto rx=0 tx=0 comp rx=0 tx=0)._fault waiting 0.200000
2026-02-17T20:25:15.834 INFO:teuthology.orchestra.run.trial109.stdout:/usr/bin/ceph: stderr
2026-02-17T20:25:12.659+0000 7ff265175640 1 -- 10.20.193.109:0/2383084567 >> [v2:10.20.193.109:6800/4189950942,v1:10.20.193.109:6801/4189950942] conn(0x7ff23c03dc40 msgr2=0x7ff23c040100 unknown :-1 s=STATE_CONNECTING_RE l=1).process reconnect failed to v2:10.20.193.109:6800/4189950942
2026-02-17T20:25:15.834 INFO:teuthology.orchestra.run.trial109.stdout:/usr/bin/ceph: stderr
2026-02-17T20:25:12.659+0000 7ff265175640 1 --2- 10.20.193.109:0/2383084567 >> [v2:10.20.193.109:6800/4189950942,v1:10.20.193.109:6801/4189950942] conn(0x7ff23c03dc40 0x7ff23c040100 unknown :-1 s=START_CONNECT pgs=0 cs=0 l=1 rev1=0 crypto rx=0 tx=0 comp rx=0 tx=0)._fault waiting 0.400000
2026-02-17T20:25:15.834 INFO:teuthology.orchestra.run.trial109.stdout:/usr/bin/ceph: stderr
2026-02-17T20:25:13.060+0000 7ff265175640 1 -- 10.20.193.109:0/2383084567 >> [v2:10.20.193.109:6800/4189950942,v1:10.20.193.109:6801/4189950942] conn(0x7ff23c03dc40 msgr2=0x7ff23c040100 unknown :-1 s=STATE_CONNECTING_RE l=1).process reconnect failed to v2:10.20.193.109:6800/4189950942
2026-02-17T20:25:15.834 INFO:teuthology.orchestra.run.trial109.stdout:/usr/bin/ceph: stderr
2026-02-17T20:25:13.060+0000 7ff265175640 1 --2- 10.20.193.109:0/2383084567 >> [v2:10.20.193.109:6800/4189950942,v1:10.20.193.109:6801/4189950942] conn(0x7ff23c03dc40 0x7ff23c040100 unknown :-1 s=START_CONNECT pgs=0 cs=0 l=1 rev1=0 crypto rx=0 tx=0 comp rx=0 tx=0)._fault waiting 0.800000
2026-02-17T20:25:15.834 INFO:teuthology.orchestra.run.trial109.stdout:/usr/bin/ceph: stderr
2026-02-17T20:25:13.861+0000 7ff265175640 1 -- 10.20.193.109:0/2383084567 >> [v2:10.20.193.109:6800/4189950942,v1:10.20.193.109:6801/4189950942] conn(0x7ff23c03dc40 msgr2=0x7ff23c040100 unknown :-1 s=STATE_CONNECTING_RE l=1).process reconnect failed to v2:10.20.193.109:6800/4189950942
2026-02-17T20:25:15.834 INFO:teuthology.orchestra.run.trial109.stdout:/usr/bin/ceph: stderr
2026-02-17T20:25:13.861+0000 7ff265175640 1 --2- 10.20.193.109:0/2383084567 >> [v2:10.20.193.109:6800/4189950942,v1:10.20.193.109:6801/4189950942] conn(0x7ff23c03dc40 0x7ff23c040100 unknown :-1 s=START_CONNECT pgs=0 cs=0 l=1 rev1=0 crypto rx=0 tx=0 comp rx=0 tx=0)._fault waiting 1.600000
2026-02-17T20:25:15.834 INFO:teuthology.orchestra.run.trial109.stdout:/usr/bin/ceph: stderr
2026-02-17T20:25:14.776+0000 7ff24effd640 1 -- 10.20.193.109:0/2383084567 <== mon.0 v2:10.20.193.109:3300/0 6 ==== mgrmap(e 10) ==== 50027+0+0 (secure 0 0 0) 0x7ff250075840 con 0x7ff26007eef0
2026-02-17T20:25:15.834 INFO:teuthology.orchestra.run.trial109.stdout:/usr/bin/ceph: stderr
2026-02-17T20:25:14.776+0000 7ff24effd640 1 -- 10.20.193.109:0/2383084567 >> [v2:10.20.193.109:6800/4189950942,v1:10.20.193.109:6801/4189950942] conn(0x7ff23c03dc40 msgr2=0x7ff23c040100 unknown :-1 s=STATE_CONNECTING l=1).mark_down
2026-02-17T20:25:15.834 INFO:teuthology.orchestra.run.trial109.stdout:/usr/bin/ceph: stderr
2026-02-17T20:25:14.776+0000 7ff24effd640 1 --2- 10.20.193.109:0/2383084567 >> [v2:10.20.193.109:6800/4189950942,v1:10.20.193.109:6801/4189950942] conn(0x7ff23c03dc40 0x7ff23c040100 unknown :-1 s=START_CONNECT pgs=0 cs=0 l=1 rev1=0 crypto rx=0 tx=0 comp rx=0 tx=0).stop
2026-02-17T20:25:15.834 INFO:teuthology.orchestra.run.trial109.stdout:/usr/bin/ceph: stderr
2026-02-17T20:25:15.778+0000 7ff24effd640 1 -- 10.20.193.109:0/2383084567 <== mon.0 v2:10.20.193.109:3300/0 7 ==== mgrmap(e 11) ==== 50154+0+0 (secure 0 0 0) 0x7ff250075f40 con 0x7ff26007eef0
2026-02-17T20:25:15.834 INFO:teuthology.orchestra.run.trial109.stdout:/usr/bin/ceph: stderr
2026-02-17T20:25:15.779+0000 7ff24effd640 1 --2- 10.20.193.109:0/2383084567 >> [v2:10.20.193.109:6800/2627771017,v1:10.20.193.109:6801/2627771017] conn(0x7ff23c041720 0x7ff23c043b10 unknown :-1 s=NONE pgs=0 cs=0 l=1 rev1=0 crypto rx=0 tx=0 comp rx=0 tx=0).connect
2026-02-17T20:25:15.834 INFO:teuthology.orchestra.run.trial109.stdout:/usr/bin/ceph: stderr
2026-02-17T20:25:15.779+0000 7ff24effd640 1 -- 10.20.193.109:0/2383084567 --> [v2:10.20.193.109:6800/2627771017,v1:10.20.193.109:6801/2627771017] -- command(tid 0: {"prefix": "get_command_descriptions"}) -- 0x7ff23c040810 con 0x7ff23c041720
2026-02-17T20:25:15.834 INFO:teuthology.orchestra.run.trial109.stdout:/usr/bin/ceph: stderr
2026-02-17T20:25:15.779+0000 7ff265175640 1 --2- 10.20.193.109:0/2383084567 >> [v2:10.20.193.109:6800/2627771017,v1:10.20.193.109:6801/2627771017] conn(0x7ff23c041720 0x7ff23c043b10 unknown :-1 s=BANNER_CONNECTING pgs=0 cs=0 l=1 rev1=0 crypto rx=0 tx=0 comp rx=0 tx=0)._handle_peer_banner_payload supported=3 required=0
2026-02-17T20:25:15.834 INFO:teuthology.orchestra.run.trial109.stdout:/usr/bin/ceph: stderr
2026-02-17T20:25:15.779+0000 7ff265175640 1 --2- 10.20.193.109:0/2383084567 >> [v2:10.20.193.109:6800/2627771017,v1:10.20.193.109:6801/2627771017] conn(0x7ff23c041720 0x7ff23c043b10 secure :-1 s=READY pgs=1 cs=0 l=1 rev1=1 crypto rx=0x7ff254003a80 tx=0x7ff2540092b0 comp rx=0 tx=0).ready entity=mgr.14150 client_cookie=0 server_cookie=0 in_seq=0 out_seq=0
2026-02-17T20:25:15.834 INFO:teuthology.orchestra.run.trial109.stdout:/usr/bin/ceph: stderr
2026-02-17T20:25:15.780+0000 7ff24effd640 1 -- 10.20.193.109:0/2383084567 <== mgr.14150 v2:10.20.193.109:6800/2627771017 1 ==== command_reply(tid 0: 0 ) ==== 8+0+8901 (secure 0 0 0) 0x7ff23c040810 con 0x7ff23c041720
2026-02-17T20:25:15.835 INFO:teuthology.orchestra.run.trial109.stdout:/usr/bin/ceph: stderr
2026-02-17T20:25:15.783+0000 7ff267c01640 1 -- 10.20.193.109:0/2383084567 --> [v2:10.20.193.109:6800/2627771017,v1:10.20.193.109:6801/2627771017] -- command(tid 1: {"prefix": "mgr_status"}) -- 0x7ff26007d3d0 con 0x7ff23c041720
2026-02-17T20:25:15.835 INFO:teuthology.orchestra.run.trial109.stdout:/usr/bin/ceph: stderr
2026-02-17T20:25:15.784+0000 7ff24effd640 1 -- 10.20.193.109:0/2383084567 <== mgr.14150 v2:10.20.193.109:6800/2627771017 2 ==== command_reply(tid 1: 0 ) ==== 8+0+52 (secure 0 0 0) 0x7ff26007d3d0 con 0x7ff23c041720
2026-02-17T20:25:15.835 INFO:teuthology.orchestra.run.trial109.stdout:/usr/bin/ceph: stderr
2026-02-17T20:25:15.784+0000 7ff267c01640 1 -- 10.20.193.109:0/2383084567 >> [v2:10.20.193.109:6800/2627771017,v1:10.20.193.109:6801/2627771017] conn(0x7ff23c041720 msgr2=0x7ff23c043b10 secure :-1 s=STATE_CONNECTION_ESTABLISHED l=1).mark_down
2026-02-17T20:25:15.835 INFO:teuthology.orchestra.run.trial109.stdout:/usr/bin/ceph: stderr
2026-02-17T20:25:15.784+0000 7ff267c01640 1 --2- 10.20.193.109:0/2383084567 >> [v2:10.20.193.109:6800/2627771017,v1:10.20.193.109:6801/2627771017] conn(0x7ff23c041720 0x7ff23c043b10 secure :-1 s=READY pgs=1 cs=0 l=1 rev1=1 crypto rx=0x7ff254003a80 tx=0x7ff2540092b0 comp rx=0 tx=0).stop
2026-02-17T20:25:15.835 INFO:teuthology.orchestra.run.trial109.stdout:/usr/bin/ceph: stderr
2026-02-17T20:25:15.784+0000 7ff267c01640 1 -- 10.20.193.109:0/2383084567 >> [v2:10.20.193.109:3300/0,v1:10.20.193.109:6789/0] conn(0x7ff26007eef0 msgr2=0x7ff2601a0320 secure :-1 s=STATE_CONNECTION_ESTABLISHED l=1).mark_down
2026-02-17T20:25:15.835 INFO:teuthology.orchestra.run.trial109.stdout:/usr/bin/ceph: stderr
2026-02-17T20:25:15.784+0000 7ff267c01640 1 --2- 10.20.193.109:0/2383084567 >> [v2:10.20.193.109:3300/0,v1:10.20.193.109:6789/0] conn(0x7ff26007eef0 0x7ff2601a0320 secure :-1 s=READY pgs=60 cs=0 l=1 rev1=1 crypto rx=0x7ff250039000 tx=0x7ff250037820 comp rx=0 tx=0).stop
2026-02-17T20:25:15.835 INFO:teuthology.orchestra.run.trial109.stdout:/usr/bin/ceph: stderr
2026-02-17T20:25:15.784+0000 7ff267c01640 1 -- 10.20.193.109:0/2383084567 shutdown_connections
2026-02-17T20:25:15.835 INFO:teuthology.orchestra.run.trial109.stdout:/usr/bin/ceph: stderr
2026-02-17T20:25:15.784+0000 7ff267c01640 1 --2- 10.20.193.109:0/2383084567 >> [v2:10.20.193.109:6800/2627771017,v1:10.20.193.109:6801/2627771017] conn(0x7ff23c041720 0x7ff23c043b10 unknown :-1 s=CLOSED pgs=1 cs=0 l=1 rev1=1 crypto rx=0 tx=0 comp rx=0 tx=0).stop
2026-02-17T20:25:15.835 INFO:teuthology.orchestra.run.trial109.stdout:/usr/bin/ceph: stderr
2026-02-17T20:25:15.784+0000 7ff267c01640 1 --2- 10.20.193.109:0/2383084567 >> [v2:10.20.193.109:6800/4189950942,v1:10.20.193.109:6801/4189950942] conn(0x7ff23c03dc40 0x7ff23c040100 unknown :-1 s=CLOSED pgs=0 cs=0 l=1 rev1=0 crypto rx=0 tx=0 comp rx=0 tx=0).stop
2026-02-17T20:25:15.835 INFO:teuthology.orchestra.run.trial109.stdout:/usr/bin/ceph: stderr
2026-02-17T20:25:15.784+0000 7ff267c01640 1 --2- 10.20.193.109:0/2383084567 >> [v2:10.20.193.109:3300/0,v1:10.20.193.109:6789/0] conn(0x7ff26007eef0 0x7ff2601a0320 unknown :-1 s=CLOSED pgs=60 cs=0 l=1 rev1=1 crypto rx=0 tx=0 comp rx=0 tx=0).stop
2026-02-17T20:25:15.835 INFO:teuthology.orchestra.run.trial109.stdout:/usr/bin/ceph: stderr
2026-02-17T20:25:15.784+0000 7ff267c01640 1 -- 10.20.193.109:0/2383084567 >> 10.20.193.109:0/2383084567 conn(0x7ff260103940 msgr2=0x7ff260104510 unknown :-1 s=STATE_NONE l=0).mark_down
2026-02-17T20:25:15.835 INFO:teuthology.orchestra.run.trial109.stdout:/usr/bin/ceph: stderr
2026-02-17T20:25:15.784+0000 7ff267c01640 1 -- 10.20.193.109:0/2383084567 shutdown_connections
2026-02-17T20:25:15.835 INFO:teuthology.orchestra.run.trial109.stdout:/usr/bin/ceph: stderr
2026-02-17T20:25:15.784+0000 7ff267c01640 1 -- 10.20.193.109:0/2383084567 wait complete.
2026-02-17T20:25:15.835 INFO:teuthology.orchestra.run.trial109.stdout:mgr epoch 9 is available
2026-02-17T20:25:15.835 INFO:teuthology.orchestra.run.trial109.stdout:Generating a dashboard self-signed certificate...
2026-02-17T20:25:16.083 INFO:teuthology.orchestra.run.trial109.stdout:/usr/bin/ceph: stdout Self-signed certificate created
2026-02-17T20:25:16.083 INFO:teuthology.orchestra.run.trial109.stdout:/usr/bin/ceph: stderr
2026-02-17T20:25:15.925+0000 7efed1f39640 1 Processor -- start
2026-02-17T20:25:16.083 INFO:teuthology.orchestra.run.trial109.stdout:/usr/bin/ceph: stderr
2026-02-17T20:25:15.925+0000 7efed1f39640 1 -- start start
2026-02-17T20:25:16.083 INFO:teuthology.orchestra.run.trial109.stdout:/usr/bin/ceph: stderr
2026-02-17T20:25:15.925+0000 7efed1f39640 1 --2- >> [v2:10.20.193.109:3300/0,v1:10.20.193.109:6789/0] conn(0x7efecc10ba50 0x7efecc10be50 unknown :-1 s=NONE pgs=0 cs=0 l=0 rev1=0 crypto rx=0 tx=0 comp rx=0 tx=0).connect
2026-02-17T20:25:16.083 INFO:teuthology.orchestra.run.trial109.stdout:/usr/bin/ceph: stderr
2026-02-17T20:25:15.925+0000 7efed1f39640 1 -- --> [v2:10.20.193.109:3300/0,v1:10.20.193.109:6789/0] -- mon_getmap magic: 0 -- 0x7efecc10c420 con 0x7efecc10ba50
2026-02-17T20:25:16.083 INFO:teuthology.orchestra.run.trial109.stdout:/usr/bin/ceph: stderr
2026-02-17T20:25:15.925+0000 7efecb7fe640 1 --2- >> [v2:10.20.193.109:3300/0,v1:10.20.193.109:6789/0] conn(0x7efecc10ba50 0x7efecc10be50 unknown :-1 s=BANNER_CONNECTING pgs=0 cs=0 l=0 rev1=0 crypto rx=0 tx=0 comp rx=0 tx=0)._handle_peer_banner_payload supported=3 required=0
2026-02-17T20:25:16.083 INFO:teuthology.orchestra.run.trial109.stdout:/usr/bin/ceph: stderr
2026-02-17T20:25:15.925+0000 7efecb7fe640 1 --2- >> [v2:10.20.193.109:3300/0,v1:10.20.193.109:6789/0] conn(0x7efecc10ba50 0x7efecc10be50 unknown :-1 s=HELLO_CONNECTING pgs=0 cs=0 l=0 rev1=1 crypto rx=0 tx=0 comp rx=0 tx=0).handle_hello peer v2:10.20.193.109:3300/0 says I am v2:10.20.193.109:50826/0 (socket says 10.20.193.109:50826)
2026-02-17T20:25:16.084 INFO:teuthology.orchestra.run.trial109.stdout:/usr/bin/ceph: stderr
2026-02-17T20:25:15.925+0000 7efecb7fe640 1 -- 10.20.193.109:0/2857715805 learned_addr learned my addr 10.20.193.109:0/2857715805 (peer_addr_for_me v2:10.20.193.109:0/0)
2026-02-17T20:25:16.084 INFO:teuthology.orchestra.run.trial109.stdout:/usr/bin/ceph: stderr
2026-02-17T20:25:15.925+0000 7efecb7fe640 1 -- 10.20.193.109:0/2857715805 --> [v2:10.20.193.109:3300/0,v1:10.20.193.109:6789/0] -- mon_subscribe({config=0+,monmap=0+}) -- 0x7efecc10a6b0 con 0x7efecc10ba50
2026-02-17T20:25:16.084 INFO:teuthology.orchestra.run.trial109.stdout:/usr/bin/ceph: stderr
2026-02-17T20:25:15.926+0000 7efecb7fe640 1 --2- 10.20.193.109:0/2857715805 >> [v2:10.20.193.109:3300/0,v1:10.20.193.109:6789/0] conn(0x7efecc10ba50 0x7efecc10be50 secure :-1 s=READY pgs=68 cs=0 l=1 rev1=1 crypto rx=0x7efeb8009920 tx=0x7efeb802ef20 comp rx=0 tx=0).ready entity=mon.0 client_cookie=4ae4f87951571165 server_cookie=0 in_seq=0 out_seq=0
2026-02-17T20:25:16.084 INFO:teuthology.orchestra.run.trial109.stdout:/usr/bin/ceph: stderr
2026-02-17T20:25:15.926+0000 7efeca7fc640 1 -- 10.20.193.109:0/2857715805 <== mon.0 v2:10.20.193.109:3300/0 1 ==== mon_map magic: 0 ==== 205+0+0 (secure 0 0 0) 0x7efeb803c070 con 0x7efecc10ba50
2026-02-17T20:25:16.084 INFO:teuthology.orchestra.run.trial109.stdout:/usr/bin/ceph: stderr
2026-02-17T20:25:15.926+0000 7efeca7fc640 1 -- 10.20.193.109:0/2857715805 <== mon.0 v2:10.20.193.109:3300/0 2 ==== config(26 keys) ==== 1076+0+0 (secure 0 0 0) 0x7efeb8037440 con 0x7efecc10ba50
2026-02-17T20:25:16.084 INFO:teuthology.orchestra.run.trial109.stdout:/usr/bin/ceph: stderr
2026-02-17T20:25:15.926+0000 7efeca7fc640 1 -- 10.20.193.109:0/2857715805 <== mon.0 v2:10.20.193.109:3300/0 3 ==== mon_map magic: 0 ==== 205+0+0 (secure 0 0 0) 0x7efeb80354d0 con 0x7efecc10ba50
2026-02-17T20:25:16.084 INFO:teuthology.orchestra.run.trial109.stdout:/usr/bin/ceph: stderr
2026-02-17T20:25:15.926+0000 7efed1f39640 1 -- 10.20.193.109:0/2857715805 >> [v2:10.20.193.109:3300/0,v1:10.20.193.109:6789/0] conn(0x7efecc10ba50 msgr2=0x7efecc10be50 secure :-1 s=STATE_CONNECTION_ESTABLISHED l=1).mark_down
2026-02-17T20:25:16.084 INFO:teuthology.orchestra.run.trial109.stdout:/usr/bin/ceph: stderr
2026-02-17T20:25:15.926+0000 7efed1f39640 1 --2- 10.20.193.109:0/2857715805 >> [v2:10.20.193.109:3300/0,v1:10.20.193.109:6789/0] conn(0x7efecc10ba50 0x7efecc10be50 secure :-1 s=READY pgs=68 cs=0 l=1 rev1=1 crypto rx=0x7efeb8009920 tx=0x7efeb802ef20 comp rx=0 tx=0).stop
2026-02-17T20:25:16.084 INFO:teuthology.orchestra.run.trial109.stdout:/usr/bin/ceph: stderr
2026-02-17T20:25:15.926+0000 7efed1f39640 1 -- 10.20.193.109:0/2857715805 shutdown_connections
2026-02-17T20:25:16.084 INFO:teuthology.orchestra.run.trial109.stdout:/usr/bin/ceph: stderr
2026-02-17T20:25:15.926+0000 7efed1f39640 1 --2- 10.20.193.109:0/2857715805 >> [v2:10.20.193.109:3300/0,v1:10.20.193.109:6789/0] conn(0x7efecc10ba50 0x7efecc10be50 unknown :-1 s=CLOSED pgs=68 cs=0 l=1 rev1=1 crypto rx=0 tx=0 comp rx=0 tx=0).stop
2026-02-17T20:25:16.084 INFO:teuthology.orchestra.run.trial109.stdout:/usr/bin/ceph: stderr
2026-02-17T20:25:15.926+0000 7efed1f39640 1 -- 10.20.193.109:0/2857715805 >> 10.20.193.109:0/2857715805 conn(0x7efecc07daf0 msgr2=0x7efecc07df20 unknown :-1 s=STATE_NONE l=0).mark_down
2026-02-17T20:25:16.085 INFO:teuthology.orchestra.run.trial109.stdout:/usr/bin/ceph: stderr
2026-02-17T20:25:15.926+0000 7efed1f39640 1 -- 10.20.193.109:0/2857715805 shutdown_connections
2026-02-17T20:25:16.085 INFO:teuthology.orchestra.run.trial109.stdout:/usr/bin/ceph: stderr
2026-02-17T20:25:15.926+0000 7efed1f39640 1 -- 10.20.193.109:0/2857715805 wait complete.
2026-02-17T20:25:16.085 INFO:teuthology.orchestra.run.trial109.stdout:/usr/bin/ceph: stderr
2026-02-17T20:25:15.926+0000 7efed1f39640 1 Processor -- start
2026-02-17T20:25:16.085 INFO:teuthology.orchestra.run.trial109.stdout:/usr/bin/ceph: stderr
2026-02-17T20:25:15.927+0000 7efed1f39640 1 -- start start
2026-02-17T20:25:16.085 INFO:teuthology.orchestra.run.trial109.stdout:/usr/bin/ceph: stderr
2026-02-17T20:25:15.927+0000 7efed1f39640 1 --2- >> [v2:10.20.193.109:3300/0,v1:10.20.193.109:6789/0] conn(0x7efecc10ba50 0x7efecc1a0330 unknown :-1 s=NONE pgs=0 cs=0 l=1 rev1=0 crypto rx=0 tx=0 comp rx=0 tx=0).connect
2026-02-17T20:25:16.085 INFO:teuthology.orchestra.run.trial109.stdout:/usr/bin/ceph: stderr
2026-02-17T20:25:15.927+0000 7efed1f39640 1 -- --> [v2:10.20.193.109:3300/0,v1:10.20.193.109:6789/0] -- mon_getmap magic: 0 -- 0x7efecc10e8f0 con 0x7efecc10ba50
2026-02-17T20:25:16.085 INFO:teuthology.orchestra.run.trial109.stdout:/usr/bin/ceph: stderr
2026-02-17T20:25:15.927+0000 7efecb7fe640 1 --2- >> [v2:10.20.193.109:3300/0,v1:10.20.193.109:6789/0] conn(0x7efecc10ba50 0x7efecc1a0330 unknown :-1 s=BANNER_CONNECTING pgs=0 cs=0 l=1 rev1=0 crypto rx=0 tx=0 comp rx=0 tx=0)._handle_peer_banner_payload supported=3 required=0
2026-02-17T20:25:16.085 INFO:teuthology.orchestra.run.trial109.stdout:/usr/bin/ceph: stderr
2026-02-17T20:25:15.927+0000 7efecb7fe640 1 --2- >> [v2:10.20.193.109:3300/0,v1:10.20.193.109:6789/0] conn(0x7efecc10ba50 0x7efecc1a0330 unknown :-1 s=HELLO_CONNECTING pgs=0 cs=0 l=1 rev1=1 crypto rx=0 tx=0 comp rx=0 tx=0).handle_hello peer v2:10.20.193.109:3300/0 says I am v2:10.20.193.109:50842/0 (socket says 10.20.193.109:50842)
2026-02-17T20:25:16.085 INFO:teuthology.orchestra.run.trial109.stdout:/usr/bin/ceph: stderr
2026-02-17T20:25:15.927+0000 7efecb7fe640 1 -- 10.20.193.109:0/97134587 learned_addr learned my addr 10.20.193.109:0/97134587 (peer_addr_for_me v2:10.20.193.109:0/0)
2026-02-17T20:25:16.085 INFO:teuthology.orchestra.run.trial109.stdout:/usr/bin/ceph: stderr
2026-02-17T20:25:15.927+0000 7efecb7fe640 1 -- 10.20.193.109:0/97134587 --> [v2:10.20.193.109:3300/0,v1:10.20.193.109:6789/0] -- mon_subscribe({config=0+,monmap=0+}) -- 0x7efecc1a0870 con 0x7efecc10ba50
2026-02-17T20:25:16.085 INFO:teuthology.orchestra.run.trial109.stdout:/usr/bin/ceph: stderr
2026-02-17T20:25:15.927+0000 7efecb7fe640 1 --2- 10.20.193.109:0/97134587 >> [v2:10.20.193.109:3300/0,v1:10.20.193.109:6789/0] conn(0x7efecc10ba50 0x7efecc1a0330 secure :-1 s=READY pgs=69 cs=0 l=1 rev1=1 crypto rx=0x7efeb8039000 tx=0x7efeb8037820 comp rx=0 tx=0).ready entity=mon.0 client_cookie=0 server_cookie=0 in_seq=0 out_seq=0
2026-02-17T20:25:16.085 INFO:teuthology.orchestra.run.trial109.stdout:/usr/bin/ceph: stderr
2026-02-17T20:25:15.927+0000 7efec8ff9640 1 -- 10.20.193.109:0/97134587 <== mon.0 v2:10.20.193.109:3300/0 1 ==== mon_map magic: 0 ==== 205+0+0 (secure 0 0 0) 0x7efeb8047070 con 0x7efecc10ba50
2026-02-17T20:25:16.086 INFO:teuthology.orchestra.run.trial109.stdout:/usr/bin/ceph: stderr
2026-02-17T20:25:15.927+0000 7efec8ff9640 1 -- 10.20.193.109:0/97134587 <== mon.0 v2:10.20.193.109:3300/0 2 ==== config(26 keys) ==== 1076+0+0 (secure 0 0 0) 0x7efeb8035df0 con 0x7efecc10ba50
2026-02-17T20:25:16.086 INFO:teuthology.orchestra.run.trial109.stdout:/usr/bin/ceph: stderr
2026-02-17T20:25:15.927+0000 7efed1f39640 1 -- 10.20.193.109:0/97134587 --> [v2:10.20.193.109:3300/0,v1:10.20.193.109:6789/0] -- mon_subscribe({mgrmap=0+}) -- 0x7efecc1a0b00 con 0x7efecc10ba50
2026-02-17T20:25:16.086 INFO:teuthology.orchestra.run.trial109.stdout:/usr/bin/ceph: stderr
2026-02-17T20:25:15.927+0000 7efec8ff9640 1 -- 10.20.193.109:0/97134587 <== mon.0 v2:10.20.193.109:3300/0 3 ==== mon_map magic: 0 ==== 205+0+0 (secure 0 0 0) 0x7efeb803c070 con 0x7efecc10ba50
2026-02-17T20:25:16.086 INFO:teuthology.orchestra.run.trial109.stdout:/usr/bin/ceph: stderr
2026-02-17T20:25:15.927+0000 7efed1f39640 1 -- 10.20.193.109:0/97134587 --> [v2:10.20.193.109:3300/0,v1:10.20.193.109:6789/0] -- mon_subscribe({osdmap=0}) -- 0x7efecc1a37f0 con 0x7efecc10ba50
2026-02-17T20:25:16.086 INFO:teuthology.orchestra.run.trial109.stdout:/usr/bin/ceph: stderr
2026-02-17T20:25:15.927+0000 7efed1f39640 1 -- 10.20.193.109:0/97134587 --> [v2:10.20.193.109:3300/0,v1:10.20.193.109:6789/0] -- mon_command({"prefix": "get_command_descriptions"} v 0) -- 0x7efecc10bed0 con 0x7efecc10ba50
2026-02-17T20:25:16.086 INFO:teuthology.orchestra.run.trial109.stdout:/usr/bin/ceph: stderr
2026-02-17T20:25:15.928+0000 7efec8ff9640 1 -- 10.20.193.109:0/97134587 <== mon.0 v2:10.20.193.109:3300/0 4 ==== mgrmap(e 11) ==== 50154+0+0 (secure 0 0 0) 0x7efeb8042640 con 0x7efecc10ba50
2026-02-17T20:25:16.086 INFO:teuthology.orchestra.run.trial109.stdout:/usr/bin/ceph: stderr
2026-02-17T20:25:15.928+0000 7efec8ff9640 1 --2- 10.20.193.109:0/97134587 >> [v2:10.20.193.109:6800/2627771017,v1:10.20.193.109:6801/2627771017] conn(0x7efea003db20 0x7efea003ffe0 unknown :-1 s=NONE pgs=0 cs=0 l=1 rev1=0 crypto rx=0 tx=0 comp rx=0 tx=0).connect
2026-02-17T20:25:16.086 INFO:teuthology.orchestra.run.trial109.stdout:/usr/bin/ceph: stderr
2026-02-17T20:25:15.928+0000 7efec8ff9640 1 -- 10.20.193.109:0/97134587 <== mon.0 v2:10.20.193.109:3300/0 5 ==== osd_map(3..3 src has 1..3) ==== 1155+0+0 (secure 0 0 0) 0x7efeb8076b20 con 0x7efecc10ba50
2026-02-17T20:25:16.086 INFO:teuthology.orchestra.run.trial109.stdout:/usr/bin/ceph: stderr
2026-02-17T20:25:15.928+0000 7efecaffd640 1 --2- 10.20.193.109:0/97134587 >> [v2:10.20.193.109:6800/2627771017,v1:10.20.193.109:6801/2627771017] conn(0x7efea003db20 0x7efea003ffe0 unknown :-1 s=BANNER_CONNECTING pgs=0 cs=0 l=1 rev1=0 crypto rx=0 tx=0 comp rx=0 tx=0)._handle_peer_banner_payload supported=3 required=0
2026-02-17T20:25:16.086 INFO:teuthology.orchestra.run.trial109.stdout:/usr/bin/ceph: stderr
2026-02-17T20:25:15.928+0000 7efecaffd640 1 --2- 10.20.193.109:0/97134587 >> [v2:10.20.193.109:6800/2627771017,v1:10.20.193.109:6801/2627771017] conn(0x7efea003db20 0x7efea003ffe0 secure :-1 s=READY pgs=7 cs=0 l=1 rev1=1 crypto rx=0x7efebc0099c0 tx=0x7efebc006eb0 comp rx=0 tx=0).ready entity=mgr.14150 client_cookie=0 server_cookie=0 in_seq=0 out_seq=0
2026-02-17T20:25:16.086 INFO:teuthology.orchestra.run.trial109.stdout:/usr/bin/ceph: stderr
2026-02-17T20:25:15.930+0000 7efec8ff9640 1 -- 10.20.193.109:0/97134587 <== mon.0 v2:10.20.193.109:3300/0 6 ==== mon_command_ack([{"prefix": "get_command_descriptions"}]=0 v0) ==== 72+0+195034 (secure 0 0 0) 0x7efeb8033c90 con 0x7efecc10ba50
2026-02-17T20:25:16.086 INFO:teuthology.orchestra.run.trial109.stdout:/usr/bin/ceph: stderr
2026-02-17T20:25:16.015+0000 7efed1f39640 1 -- 10.20.193.109:0/97134587 --> [v2:10.20.193.109:6800/2627771017,v1:10.20.193.109:6801/2627771017] -- mgr_command(tid 0: {"prefix": "dashboard create-self-signed-cert", "target": ["mon-mgr", ""]}) -- 0x7efecc108e90 con 0x7efea003db20
2026-02-17T20:25:16.087 INFO:teuthology.orchestra.run.trial109.stdout:/usr/bin/ceph: stderr
2026-02-17T20:25:16.054+0000 7efec8ff9640 1 -- 10.20.193.109:0/97134587 <== mgr.14150 v2:10.20.193.109:6800/2627771017 1 ==== mgr_command_reply(tid 0: 0 ) ==== 8+0+32 (secure 0 0 0) 0x7efecc108e90 con 0x7efea003db20
2026-02-17T20:25:16.087 INFO:teuthology.orchestra.run.trial109.stdout:/usr/bin/ceph: stderr
2026-02-17T20:25:16.055+0000 7efed1f39640 1 -- 10.20.193.109:0/97134587 >> [v2:10.20.193.109:6800/2627771017,v1:10.20.193.109:6801/2627771017] conn(0x7efea003db20 msgr2=0x7efea003ffe0 secure :-1 s=STATE_CONNECTION_ESTABLISHED l=1).mark_down
2026-02-17T20:25:16.087 INFO:teuthology.orchestra.run.trial109.stdout:/usr/bin/ceph: stderr
2026-02-17T20:25:16.055+0000 7efed1f39640 1 --2- 10.20.193.109:0/97134587 >> [v2:10.20.193.109:6800/2627771017,v1:10.20.193.109:6801/2627771017] conn(0x7efea003db20 0x7efea003ffe0 secure :-1 s=READY pgs=7 cs=0 l=1 rev1=1 crypto rx=0x7efebc0099c0 tx=0x7efebc006eb0 comp rx=0 tx=0).stop
2026-02-17T20:25:16.087 INFO:teuthology.orchestra.run.trial109.stdout:/usr/bin/ceph: stderr
2026-02-17T20:25:16.055+0000 7efed1f39640 1 -- 10.20.193.109:0/97134587 >> [v2:10.20.193.109:3300/0,v1:10.20.193.109:6789/0] conn(0x7efecc10ba50 msgr2=0x7efecc1a0330 secure :-1 s=STATE_CONNECTION_ESTABLISHED l=1).mark_down
2026-02-17T20:25:16.087 INFO:teuthology.orchestra.run.trial109.stdout:/usr/bin/ceph: stderr
2026-02-17T20:25:16.055+0000 7efed1f39640 1 --2- 10.20.193.109:0/97134587 >> [v2:10.20.193.109:3300/0,v1:10.20.193.109:6789/0] conn(0x7efecc10ba50 0x7efecc1a0330 secure :-1 s=READY pgs=69 cs=0 l=1 rev1=1 crypto rx=0x7efeb8039000 tx=0x7efeb8037820 comp rx=0 tx=0).stop
2026-02-17T20:25:16.087 INFO:teuthology.orchestra.run.trial109.stdout:/usr/bin/ceph: stderr
2026-02-17T20:25:16.055+0000 7efed1f39640 1 -- 10.20.193.109:0/97134587 shutdown_connections
2026-02-17T20:25:16.087 INFO:teuthology.orchestra.run.trial109.stdout:/usr/bin/ceph: stderr
2026-02-17T20:25:16.055+0000 7efed1f39640 1 --2- 10.20.193.109:0/97134587 >> [v2:10.20.193.109:6800/2627771017,v1:10.20.193.109:6801/2627771017] conn(0x7efea003db20 0x7efea003ffe0 unknown :-1 s=CLOSED pgs=7 cs=0 l=1 rev1=1 crypto rx=0 tx=0 comp rx=0 tx=0).stop
2026-02-17T20:25:16.087 INFO:teuthology.orchestra.run.trial109.stdout:/usr/bin/ceph: stderr
2026-02-17T20:25:16.055+0000 7efed1f39640 1 --2- 10.20.193.109:0/97134587 >> [v2:10.20.193.109:3300/0,v1:10.20.193.109:6789/0] conn(0x7efecc10ba50 0x7efecc1a0330 unknown :-1 s=CLOSED pgs=69 cs=0 l=1 rev1=1 crypto rx=0 tx=0 comp rx=0 tx=0).stop
2026-02-17T20:25:16.087 INFO:teuthology.orchestra.run.trial109.stdout:/usr/bin/ceph: stderr
2026-02-17T20:25:16.055+0000 7efed1f39640 1 -- 10.20.193.109:0/97134587 >> 10.20.193.109:0/97134587 conn(0x7efecc07daf0 msgr2=0x7efecc108780 unknown :-1 s=STATE_NONE l=0).mark_down
2026-02-17T20:25:16.087 INFO:teuthology.orchestra.run.trial109.stdout:/usr/bin/ceph: stderr
2026-02-17T20:25:16.055+0000 7efed1f39640 1 -- 10.20.193.109:0/97134587 shutdown_connections
2026-02-17T20:25:16.087 INFO:teuthology.orchestra.run.trial109.stdout:/usr/bin/ceph: stderr
2026-02-17T20:25:16.055+0000 7efed1f39640 1 -- 10.20.193.109:0/97134587 wait complete.
2026-02-17T20:25:16.087 INFO:teuthology.orchestra.run.trial109.stdout:Creating initial admin user...
2026-02-17T20:25:16.278 INFO:journalctl@ceph.mon.a.trial109.stdout:Feb 17 20:25:16 trial109 ceph-mon[24593]: from='mgr.14150 10.20.193.109:0/3535760943' entity='mgr.x'
2026-02-17T20:25:16.279 INFO:journalctl@ceph.mon.a.trial109.stdout:Feb 17 20:25:16 trial109 ceph-mon[24593]: [17/Feb/2026:20:25:15] ENGINE Bus STARTING
2026-02-17T20:25:16.279 INFO:journalctl@ceph.mon.a.trial109.stdout:Feb 17 20:25:16 trial109 ceph-mon[24593]: [17/Feb/2026:20:25:15] ENGINE Serving on http://10.20.193.109:8765
2026-02-17T20:25:16.279 INFO:journalctl@ceph.mon.a.trial109.stdout:Feb 17 20:25:16 trial109 ceph-mon[24593]: from='mgr.14150 10.20.193.109:0/3535760943' entity='mgr.x'
2026-02-17T20:25:16.279 INFO:journalctl@ceph.mon.a.trial109.stdout:Feb 17 20:25:16 trial109 ceph-mon[24593]: [17/Feb/2026:20:25:15] ENGINE Serving on https://10.20.193.109:7150
2026-02-17T20:25:16.279 INFO:journalctl@ceph.mon.a.trial109.stdout:Feb 17 20:25:16 trial109 ceph-mon[24593]: [17/Feb/2026:20:25:15] ENGINE Bus STARTED
2026-02-17T20:25:16.279 INFO:journalctl@ceph.mon.a.trial109.stdout:Feb 17 20:25:16 trial109 ceph-mon[24593]: [17/Feb/2026:20:25:15] ENGINE Client ('10.20.193.109', 46642) lost — peer dropped the TLS connection suddenly, during handshake: (6, 'TLS/SSL connection has been closed (EOF) (_ssl.c:1147)')
2026-02-17T20:25:16.279 INFO:journalctl@ceph.mon.a.trial109.stdout:Feb 17 20:25:16 trial109 ceph-mon[24593]: from='client.14154 -' entity='client.admin' cmd=[{"prefix": "get_command_descriptions"}]: dispatch
2026-02-17T20:25:16.279 INFO:journalctl@ceph.mon.a.trial109.stdout:Feb 17 20:25:16 trial109 ceph-mon[24593]: mgrmap e11: x(active, since 1.00572s)
2026-02-17T20:25:16.279 INFO:journalctl@ceph.mon.a.trial109.stdout:Feb 17 20:25:16 trial109 ceph-mon[24593]: from='client.14154 -' entity='client.admin' cmd=[{"prefix": "mgr_status"}]: dispatch
2026-02-17T20:25:16.279 INFO:journalctl@ceph.mon.a.trial109.stdout:Feb 17 20:25:16 trial109 ceph-mon[24593]: from='client.14162 -' entity='client.admin' cmd=[{"prefix": "dashboard create-self-signed-cert", "target": ["mon-mgr", ""]}]: dispatch
2026-02-17T20:25:16.280 INFO:journalctl@ceph.mon.a.trial109.stdout:Feb 17 20:25:16 trial109 ceph-mon[24593]: from='mgr.14150 10.20.193.109:0/3535760943' entity='mgr.x'
2026-02-17T20:25:16.280 INFO:journalctl@ceph.mon.a.trial109.stdout:Feb 17 20:25:16 trial109 ceph-mon[24593]: from='mgr.14150 10.20.193.109:0/3535760943' entity='mgr.x'
2026-02-17T20:25:16.445 INFO:teuthology.orchestra.run.trial109.stdout:/usr/bin/ceph: stdout {"username": "admin", "password": "$2b$12$Ggma0yj7uIouVj/RRIhokehd7/8ZNGzOwR2fMDyeG.ImQi6DdHMpW", "roles": ["administrator"], "name": null, "email": null, "lastUpdate": 1771359916, "enabled": true, "pwdExpirationDate": null, "pwdUpdateRequired": true}
2026-02-17T20:25:16.445 INFO:teuthology.orchestra.run.trial109.stdout:/usr/bin/ceph: stderr
2026-02-17T20:25:16.177+0000 7fa58afcb640 1 Processor -- start
2026-02-17T20:25:16.445 INFO:teuthology.orchestra.run.trial109.stdout:/usr/bin/ceph: stderr
2026-02-17T20:25:16.177+0000 7fa58afcb640 1 -- start start
2026-02-17T20:25:16.445 INFO:teuthology.orchestra.run.trial109.stdout:/usr/bin/ceph: stderr
2026-02-17T20:25:16.177+0000 7fa58afcb640 1 --2- >> [v2:10.20.193.109:3300/0,v1:10.20.193.109:6789/0] conn(0x7fa58410a910 0x7fa58410ad10 unknown :-1 s=NONE pgs=0 cs=0 l=0 rev1=0 crypto rx=0 tx=0 comp rx=0 tx=0).connect
2026-02-17T20:25:16.445 INFO:teuthology.orchestra.run.trial109.stdout:/usr/bin/ceph: stderr
2026-02-17T20:25:16.177+0000 7fa58afcb640 1 -- --> [v2:10.20.193.109:3300/0,v1:10.20.193.109:6789/0] -- mon_getmap magic: 0 -- 0x7fa58410b2e0 con 0x7fa58410a910
2026-02-17T20:25:16.445 INFO:teuthology.orchestra.run.trial109.stdout:/usr/bin/ceph: stderr
2026-02-17T20:25:16.177+0000 7fa589fc9640 1 --2- >> [v2:10.20.193.109:3300/0,v1:10.20.193.109:6789/0] conn(0x7fa58410a910 0x7fa58410ad10 unknown :-1 s=BANNER_CONNECTING pgs=0 cs=0 l=0 rev1=0 crypto rx=0 tx=0 comp rx=0 tx=0)._handle_peer_banner_payload supported=3 required=0
2026-02-17T20:25:16.446 INFO:teuthology.orchestra.run.trial109.stdout:/usr/bin/ceph: stderr
2026-02-17T20:25:16.177+0000 7fa589fc9640 1 --2- >> [v2:10.20.193.109:3300/0,v1:10.20.193.109:6789/0] conn(0x7fa58410a910 0x7fa58410ad10 unknown :-1 s=HELLO_CONNECTING pgs=0 cs=0 l=0 rev1=1 crypto rx=0 tx=0 comp rx=0 tx=0).handle_hello peer v2:10.20.193.109:3300/0 says I am v2:10.20.193.109:50858/0 (socket says 10.20.193.109:50858)
2026-02-17T20:25:16.446 INFO:teuthology.orchestra.run.trial109.stdout:/usr/bin/ceph: stderr
2026-02-17T20:25:16.177+0000 7fa589fc9640 1 -- 10.20.193.109:0/3999566204 learned_addr learned my addr 10.20.193.109:0/3999566204 (peer_addr_for_me v2:10.20.193.109:0/0)
2026-02-17T20:25:16.446 INFO:teuthology.orchestra.run.trial109.stdout:/usr/bin/ceph: stderr
2026-02-17T20:25:16.177+0000 7fa589fc9640 1 -- 10.20.193.109:0/3999566204 --> [v2:10.20.193.109:3300/0,v1:10.20.193.109:6789/0] -- mon_subscribe({config=0+,monmap=0+}) -- 0x7fa58410b460 con 0x7fa58410a910
2026-02-17T20:25:16.446 INFO:teuthology.orchestra.run.trial109.stdout:/usr/bin/ceph: stderr
2026-02-17T20:25:16.178+0000 7fa589fc9640 1 --2- 10.20.193.109:0/3999566204 >> [v2:10.20.193.109:3300/0,v1:10.20.193.109:6789/0] conn(0x7fa58410a910 0x7fa58410ad10 secure :-1 s=READY pgs=70 cs=0 l=1 rev1=1 crypto rx=0x7fa574009920 tx=0x7fa57402ef20 comp rx=0 tx=0).ready entity=mon.0 client_cookie=986a7b2f8bd3521d server_cookie=0 in_seq=0 out_seq=0
2026-02-17T20:25:16.446 INFO:teuthology.orchestra.run.trial109.stdout:/usr/bin/ceph: stderr
2026-02-17T20:25:16.178+0000 7fa588fc7640 1 -- 10.20.193.109:0/3999566204 <== mon.0 v2:10.20.193.109:3300/0 1 ==== mon_map magic: 0 ==== 205+0+0 (secure 0 0 0) 0x7fa57403c070 con 0x7fa58410a910
2026-02-17T20:25:16.446 INFO:teuthology.orchestra.run.trial109.stdout:/usr/bin/ceph: stderr
2026-02-17T20:25:16.178+0000 7fa588fc7640 1 -- 10.20.193.109:0/3999566204 <== mon.0 v2:10.20.193.109:3300/0 2 ==== config(26 keys) ==== 1076+0+0 (secure 0 0 0) 0x7fa574037440 con 0x7fa58410a910
2026-02-17T20:25:16.446 INFO:teuthology.orchestra.run.trial109.stdout:/usr/bin/ceph: stderr
2026-02-17T20:25:16.178+0000 7fa588fc7640 1 -- 10.20.193.109:0/3999566204 <== mon.0 v2:10.20.193.109:3300/0 3 ==== mon_map magic: 0 ==== 205+0+0 (secure 0 0 0) 0x7fa5740354d0 con 0x7fa58410a910
2026-02-17T20:25:16.446 INFO:teuthology.orchestra.run.trial109.stdout:/usr/bin/ceph: stderr
2026-02-17T20:25:16.178+0000 7fa58afcb640 1 -- 10.20.193.109:0/3999566204 >> [v2:10.20.193.109:3300/0,v1:10.20.193.109:6789/0] conn(0x7fa58410a910 msgr2=0x7fa58410ad10 secure :-1 s=STATE_CONNECTION_ESTABLISHED l=1).mark_down
2026-02-17T20:25:16.446 INFO:teuthology.orchestra.run.trial109.stdout:/usr/bin/ceph: stderr
2026-02-17T20:25:16.178+0000 7fa58afcb640 1 --2- 10.20.193.109:0/3999566204 >> [v2:10.20.193.109:3300/0,v1:10.20.193.109:6789/0] conn(0x7fa58410a910 0x7fa58410ad10 secure :-1 s=READY pgs=70 cs=0 l=1 rev1=1 crypto rx=0x7fa574009920 tx=0x7fa57402ef20 comp rx=0 tx=0).stop
2026-02-17T20:25:16.446 INFO:teuthology.orchestra.run.trial109.stdout:/usr/bin/ceph: stderr
2026-02-17T20:25:16.178+0000 7fa58afcb640 1 -- 10.20.193.109:0/3999566204 shutdown_connections
2026-02-17T20:25:16.446 INFO:teuthology.orchestra.run.trial109.stdout:/usr/bin/ceph: stderr
2026-02-17T20:25:16.178+0000 7fa58afcb640 1 --2- 10.20.193.109:0/3999566204 >> [v2:10.20.193.109:3300/0,v1:10.20.193.109:6789/0] conn(0x7fa58410a910 0x7fa58410ad10 unknown :-1 s=CLOSED pgs=70 cs=0 l=1 rev1=1 crypto rx=0 tx=0 comp rx=0 tx=0).stop
2026-02-17T20:25:16.446 INFO:teuthology.orchestra.run.trial109.stdout:/usr/bin/ceph: stderr
2026-02-17T20:25:16.178+0000 7fa58afcb640 1 -- 10.20.193.109:0/3999566204 >> 10.20.193.109:0/3999566204 conn(0x7fa58407d8d0 msgr2=0x7fa58407dce0 unknown :-1 s=STATE_NONE l=0).mark_down
2026-02-17T20:25:16.447 INFO:teuthology.orchestra.run.trial109.stdout:/usr/bin/ceph: stderr
2026-02-17T20:25:16.178+0000 7fa58afcb640 1 -- 10.20.193.109:0/3999566204 shutdown_connections
2026-02-17T20:25:16.447 INFO:teuthology.orchestra.run.trial109.stdout:/usr/bin/ceph: stderr
2026-02-17T20:25:16.178+0000 7fa58afcb640 1 -- 10.20.193.109:0/3999566204 wait complete.
2026-02-17T20:25:16.447 INFO:teuthology.orchestra.run.trial109.stdout:/usr/bin/ceph: stderr
2026-02-17T20:25:16.178+0000 7fa58afcb640 1 Processor -- start
2026-02-17T20:25:16.447 INFO:teuthology.orchestra.run.trial109.stdout:/usr/bin/ceph: stderr
2026-02-17T20:25:16.179+0000 7fa58afcb640 1 -- start start
2026-02-17T20:25:16.447 INFO:teuthology.orchestra.run.trial109.stdout:/usr/bin/ceph: stderr
2026-02-17T20:25:16.179+0000 7fa58afcb640 1 --2- >> [v2:10.20.193.109:3300/0,v1:10.20.193.109:6789/0] conn(0x7fa58410a910 0x7fa5841a0140 unknown :-1 s=NONE pgs=0 cs=0 l=1 rev1=0 crypto rx=0 tx=0 comp rx=0 tx=0).connect
2026-02-17T20:25:16.447 INFO:teuthology.orchestra.run.trial109.stdout:/usr/bin/ceph: stderr
2026-02-17T20:25:16.179+0000 7fa58afcb640 1 -- --> [v2:10.20.193.109:3300/0,v1:10.20.193.109:6789/0] -- mon_getmap magic: 0 -- 0x7fa58410e600 con 0x7fa58410a910
2026-02-17T20:25:16.447 INFO:teuthology.orchestra.run.trial109.stdout:/usr/bin/ceph: stderr
2026-02-17T20:25:16.179+0000 7fa589fc9640 1 --2- >> [v2:10.20.193.109:3300/0,v1:10.20.193.109:6789/0] conn(0x7fa58410a910 0x7fa5841a0140 unknown :-1 s=BANNER_CONNECTING pgs=0 cs=0 l=1 rev1=0 crypto rx=0 tx=0 comp rx=0 tx=0)._handle_peer_banner_payload supported=3 required=0
2026-02-17T20:25:16.447 INFO:teuthology.orchestra.run.trial109.stdout:/usr/bin/ceph: stderr
2026-02-17T20:25:16.179+0000 7fa589fc9640 1 --2- >> [v2:10.20.193.109:3300/0,v1:10.20.193.109:6789/0] conn(0x7fa58410a910 0x7fa5841a0140 unknown :-1 s=HELLO_CONNECTING pgs=0 cs=0 l=1 rev1=1 crypto rx=0 tx=0 comp rx=0 tx=0).handle_hello peer v2:10.20.193.109:3300/0 says I am v2:10.20.193.109:50862/0 (socket says 10.20.193.109:50862)
2026-02-17T20:25:16.447 INFO:teuthology.orchestra.run.trial109.stdout:/usr/bin/ceph: stderr
2026-02-17T20:25:16.179+0000 7fa589fc9640 1 -- 10.20.193.109:0/362803221 learned_addr learned my addr 10.20.193.109:0/362803221 (peer_addr_for_me v2:10.20.193.109:0/0)
2026-02-17T20:25:16.447 INFO:teuthology.orchestra.run.trial109.stdout:/usr/bin/ceph: stderr
2026-02-17T20:25:16.179+0000 7fa589fc9640 1 -- 10.20.193.109:0/362803221 --> [v2:10.20.193.109:3300/0,v1:10.20.193.109:6789/0] -- mon_subscribe({config=0+,monmap=0+}) -- 0x7fa5841a0680 con 0x7fa58410a910
2026-02-17T20:25:16.447 INFO:teuthology.orchestra.run.trial109.stdout:/usr/bin/ceph: stderr
2026-02-17T20:25:16.179+0000 7fa589fc9640 1 --2- 10.20.193.109:0/362803221 >> [v2:10.20.193.109:3300/0,v1:10.20.193.109:6789/0] conn(0x7fa58410a910 0x7fa5841a0140 secure :-1 s=READY pgs=71 cs=0 l=1 rev1=1 crypto rx=0x7fa574039000 tx=0x7fa574037820 comp rx=0 tx=0).ready entity=mon.0 client_cookie=0 server_cookie=0 in_seq=0 out_seq=0
2026-02-17T20:25:16.447 INFO:teuthology.orchestra.run.trial109.stdout:/usr/bin/ceph: stderr
2026-02-17T20:25:16.179+0000 7fa572ffd640 1 -- 10.20.193.109:0/362803221 <== mon.0 v2:10.20.193.109:3300/0 1 ==== mon_map magic: 0 ==== 205+0+0 (secure 0 0 0) 0x7fa574047070 con 0x7fa58410a910
2026-02-17T20:25:16.448 INFO:teuthology.orchestra.run.trial109.stdout:/usr/bin/ceph: stderr
2026-02-17T20:25:16.179+0000 7fa572ffd640 1 -- 10.20.193.109:0/362803221 <== mon.0 v2:10.20.193.109:3300/0 2 ==== config(26 keys) ==== 1076+0+0 (secure 0 0 0) 0x7fa574035df0 con 0x7fa58410a910
2026-02-17T20:25:16.448 INFO:teuthology.orchestra.run.trial109.stdout:/usr/bin/ceph: stderr
2026-02-17T20:25:16.179+0000 7fa58afcb640 1 -- 10.20.193.109:0/362803221 --> [v2:10.20.193.109:3300/0,v1:10.20.193.109:6789/0] -- mon_subscribe({mgrmap=0+}) -- 0x7fa5841a0910 con 0x7fa58410a910
2026-02-17T20:25:16.448 INFO:teuthology.orchestra.run.trial109.stdout:/usr/bin/ceph: stderr
2026-02-17T20:25:16.179+0000 7fa572ffd640 1 -- 10.20.193.109:0/362803221 <== mon.0 v2:10.20.193.109:3300/0 3 ==== mon_map magic: 0 ==== 205+0+0 (secure 0 0 0) 0x7fa57403c070 con 0x7fa58410a910
2026-02-17T20:25:16.448 INFO:teuthology.orchestra.run.trial109.stdout:/usr/bin/ceph: stderr
2026-02-17T20:25:16.179+0000 7fa58afcb640 1 -- 10.20.193.109:0/362803221 --> [v2:10.20.193.109:3300/0,v1:10.20.193.109:6789/0] -- mon_subscribe({osdmap=0}) -- 0x7fa5841a3600 con 0x7fa58410a910
2026-02-17T20:25:16.448 INFO:teuthology.orchestra.run.trial109.stdout:/usr/bin/ceph: stderr
2026-02-17T20:25:16.180+0000 7fa572ffd640 1 -- 10.20.193.109:0/362803221 <== mon.0 v2:10.20.193.109:3300/0 4 ==== mgrmap(e 11) ==== 50154+0+0 (secure 0 0 0) 0x7fa574042640 con 0x7fa58410a910
2026-02-17T20:25:16.448 INFO:teuthology.orchestra.run.trial109.stdout:/usr/bin/ceph: stderr
2026-02-17T20:25:16.180+0000 7fa58afcb640 1 -- 10.20.193.109:0/362803221 --> [v2:10.20.193.109:3300/0,v1:10.20.193.109:6789/0] -- mon_command({"prefix": "get_command_descriptions"} v 0) -- 0x7fa58410ad90 con 0x7fa58410a910
2026-02-17T20:25:16.448 INFO:teuthology.orchestra.run.trial109.stdout:/usr/bin/ceph: stderr
2026-02-17T20:25:16.180+0000 7fa572ffd640 1 --2- 10.20.193.109:0/362803221 >> [v2:10.20.193.109:6800/2627771017,v1:10.20.193.109:6801/2627771017] conn(0x7fa56003db20 0x7fa56003ffe0 unknown :-1 s=NONE pgs=0 cs=0 l=1 rev1=0 crypto rx=0 tx=0 comp rx=0 tx=0).connect
2026-02-17T20:25:16.448 INFO:teuthology.orchestra.run.trial109.stdout:/usr/bin/ceph: stderr
2026-02-17T20:25:16.180+0000 7fa572ffd640 1 -- 10.20.193.109:0/362803221 <== mon.0 v2:10.20.193.109:3300/0 5 ==== osd_map(3..3 src has 1..3) ==== 1155+0+0 (secure 0 0 0) 0x7fa574076b20 con 0x7fa58410a910
2026-02-17T20:25:16.448 INFO:teuthology.orchestra.run.trial109.stdout:/usr/bin/ceph: stderr
2026-02-17T20:25:16.180+0000 7fa5897c8640 1 --2- 10.20.193.109:0/362803221 >> [v2:10.20.193.109:6800/2627771017,v1:10.20.193.109:6801/2627771017] conn(0x7fa56003db20 0x7fa56003ffe0 unknown :-1 s=BANNER_CONNECTING pgs=0 cs=0 l=1 rev1=0 crypto rx=0 tx=0 comp rx=0 tx=0)._handle_peer_banner_payload supported=3 required=0
2026-02-17T20:25:16.448 INFO:teuthology.orchestra.run.trial109.stdout:/usr/bin/ceph: stderr
2026-02-17T20:25:16.180+0000 7fa5897c8640 1 --2- 10.20.193.109:0/362803221 >> [v2:10.20.193.109:6800/2627771017,v1:10.20.193.109:6801/2627771017] conn(0x7fa56003db20 0x7fa56003ffe0 secure :-1 s=READY pgs=8 cs=0 l=1 rev1=1 crypto rx=0x7fa5780099c0 tx=0x7fa578006eb0 comp rx=0 tx=0).ready entity=mgr.14150 client_cookie=0 server_cookie=0 in_seq=0 out_seq=0
2026-02-17T20:25:16.448 INFO:teuthology.orchestra.run.trial109.stdout:/usr/bin/ceph: stderr
2026-02-17T20:25:16.183+0000 7fa572ffd640 1 -- 10.20.193.109:0/362803221 <== mon.0 v2:10.20.193.109:3300/0 6 ==== mon_command_ack([{"prefix": "get_command_descriptions"}]=0 v0) ==== 72+0+195034 (secure 0 0 0) 0x7fa5740342a0 con 0x7fa58410a910
2026-02-17T20:25:16.449 INFO:teuthology.orchestra.run.trial109.stdout:/usr/bin/ceph: stderr
2026-02-17T20:25:16.275+0000 7fa58afcb640 1 -- 10.20.193.109:0/362803221 --> [v2:10.20.193.109:6800/2627771017,v1:10.20.193.109:6801/2627771017] -- mgr_command(tid 0: {"prefix": "dashboard ac-user-create", "username": "admin", "rolename": "administrator", "force_password": true, "pwd_update_required": true, "target": ["mon-mgr", ""]}) -- 0x7fa584108e60 con 0x7fa56003db20
2026-02-17T20:25:16.449 INFO:teuthology.orchestra.run.trial109.stdout:/usr/bin/ceph: stderr
2026-02-17T20:25:16.415+0000 7fa572ffd640 1 -- 10.20.193.109:0/362803221 <== mgr.14150 v2:10.20.193.109:6800/2627771017 1 ==== mgr_command_reply(tid 0: 0 ) ==== 8+0+252 (secure 0 0 0) 0x7fa584108e60 con 0x7fa56003db20
2026-02-17T20:25:16.449 INFO:teuthology.orchestra.run.trial109.stdout:/usr/bin/ceph: stderr
2026-02-17T20:25:16.417+0000 7fa58afcb640 1 -- 10.20.193.109:0/362803221 >> [v2:10.20.193.109:6800/2627771017,v1:10.20.193.109:6801/2627771017] conn(0x7fa56003db20 msgr2=0x7fa56003ffe0 secure :-1 s=STATE_CONNECTION_ESTABLISHED l=1).mark_down
2026-02-17T20:25:16.449 INFO:teuthology.orchestra.run.trial109.stdout:/usr/bin/ceph: stderr
2026-02-17T20:25:16.417+0000 7fa58afcb640 1 --2- 10.20.193.109:0/362803221 >> [v2:10.20.193.109:6800/2627771017,v1:10.20.193.109:6801/2627771017] conn(0x7fa56003db20 0x7fa56003ffe0 secure :-1 s=READY pgs=8 cs=0 l=1 rev1=1 crypto rx=0x7fa5780099c0 tx=0x7fa578006eb0 comp rx=0 tx=0).stop
2026-02-17T20:25:16.449 INFO:teuthology.orchestra.run.trial109.stdout:/usr/bin/ceph: stderr
2026-02-17T20:25:16.417+0000 7fa58afcb640 1 -- 10.20.193.109:0/362803221 >> [v2:10.20.193.109:3300/0,v1:10.20.193.109:6789/0] conn(0x7fa58410a910 msgr2=0x7fa5841a0140 secure :-1 s=STATE_CONNECTION_ESTABLISHED l=1).mark_down
2026-02-17T20:25:16.449 INFO:teuthology.orchestra.run.trial109.stdout:/usr/bin/ceph: stderr
2026-02-17T20:25:16.417+0000 7fa58afcb640 1 --2- 10.20.193.109:0/362803221 >> [v2:10.20.193.109:3300/0,v1:10.20.193.109:6789/0] conn(0x7fa58410a910 0x7fa5841a0140 secure :-1 s=READY pgs=71 cs=0 l=1 rev1=1 crypto rx=0x7fa574039000 tx=0x7fa574037820 comp rx=0 tx=0).stop
2026-02-17T20:25:16.449 INFO:teuthology.orchestra.run.trial109.stdout:/usr/bin/ceph: stderr
2026-02-17T20:25:16.417+0000 7fa58afcb640 1 -- 10.20.193.109:0/362803221 shutdown_connections
2026-02-17T20:25:16.449 INFO:teuthology.orchestra.run.trial109.stdout:/usr/bin/ceph: stderr
2026-02-17T20:25:16.417+0000 7fa58afcb640 1 --2- 10.20.193.109:0/362803221 >> [v2:10.20.193.109:6800/2627771017,v1:10.20.193.109:6801/2627771017] conn(0x7fa56003db20 0x7fa56003ffe0 unknown :-1 s=CLOSED pgs=8 cs=0 l=1 rev1=1 crypto rx=0 tx=0 comp rx=0 tx=0).stop
2026-02-17T20:25:16.449 INFO:teuthology.orchestra.run.trial109.stdout:/usr/bin/ceph: stderr
2026-02-17T20:25:16.417+0000 7fa58afcb640 1 --2- 10.20.193.109:0/362803221 >> [v2:10.20.193.109:3300/0,v1:10.20.193.109:6789/0] conn(0x7fa58410a910 0x7fa5841a0140 unknown :-1 s=CLOSED pgs=71 cs=0 l=1 rev1=1 crypto rx=0 tx=0 comp rx=0 tx=0).stop
2026-02-17T20:25:16.449 INFO:teuthology.orchestra.run.trial109.stdout:/usr/bin/ceph: stderr
2026-02-17T20:25:16.417+0000 7fa58afcb640 1 -- 10.20.193.109:0/362803221 >> 10.20.193.109:0/362803221 conn(0x7fa58407d8d0 msgr2=0x7fa584108750 unknown :-1 s=STATE_NONE l=0).mark_down
2026-02-17T20:25:16.449 INFO:teuthology.orchestra.run.trial109.stdout:/usr/bin/ceph: stderr
2026-02-17T20:25:16.417+0000 7fa58afcb640 1 -- 10.20.193.109:0/362803221 shutdown_connections
2026-02-17T20:25:16.449 INFO:teuthology.orchestra.run.trial109.stdout:/usr/bin/ceph: stderr
2026-02-17T20:25:16.417+0000 7fa58afcb640 1 -- 10.20.193.109:0/362803221 wait complete.
2026-02-17T20:25:16.449 INFO:teuthology.orchestra.run.trial109.stdout:Fetching dashboard port number...
2026-02-17T20:25:16.650 INFO:teuthology.orchestra.run.trial109.stdout:/usr/bin/ceph: stdout 8443
2026-02-17T20:25:16.650 INFO:teuthology.orchestra.run.trial109.stdout:/usr/bin/ceph: stderr
2026-02-17T20:25:16.534+0000 7f8a57286640 1 Processor -- start
2026-02-17T20:25:16.650 INFO:teuthology.orchestra.run.trial109.stdout:/usr/bin/ceph: stderr
2026-02-17T20:25:16.534+0000 7f8a57286640 1 -- start start
2026-02-17T20:25:16.650 INFO:teuthology.orchestra.run.trial109.stdout:/usr/bin/ceph: stderr
2026-02-17T20:25:16.534+0000 7f8a57286640 1 --2- >> [v2:10.20.193.109:3300/0,v1:10.20.193.109:6789/0] conn(0x7f8a50081e80 0x7f8a50082280 unknown :-1 s=NONE pgs=0 cs=0 l=0 rev1=0 crypto rx=0 tx=0 comp rx=0 tx=0).connect
2026-02-17T20:25:16.650 INFO:teuthology.orchestra.run.trial109.stdout:/usr/bin/ceph: stderr
2026-02-17T20:25:16.534+0000 7f8a57286640 1 -- --> [v2:10.20.193.109:3300/0,v1:10.20.193.109:6789/0] -- mon_getmap magic: 0 -- 0x7f8a50082850 con 0x7f8a50081e80
2026-02-17T20:25:16.650 INFO:teuthology.orchestra.run.trial109.stdout:/usr/bin/ceph: stderr
2026-02-17T20:25:16.535+0000 7f8a54ffb640 1 --2- >> [v2:10.20.193.109:3300/0,v1:10.20.193.109:6789/0] conn(0x7f8a50081e80 0x7f8a50082280 unknown :-1 s=BANNER_CONNECTING pgs=0 cs=0 l=0 rev1=0 crypto rx=0 tx=0 comp rx=0 tx=0)._handle_peer_banner_payload supported=3 required=0
2026-02-17T20:25:16.650 INFO:teuthology.orchestra.run.trial109.stdout:/usr/bin/ceph: stderr
2026-02-17T20:25:16.535+0000 7f8a54ffb640 1 --2- >> [v2:10.20.193.109:3300/0,v1:10.20.193.109:6789/0] conn(0x7f8a50081e80 0x7f8a50082280 unknown :-1 s=HELLO_CONNECTING pgs=0 cs=0 l=0 rev1=1 crypto rx=0 tx=0 comp rx=0 tx=0).handle_hello peer v2:10.20.193.109:3300/0 says I am v2:10.20.193.109:50864/0 (socket says 10.20.193.109:50864)
2026-02-17T20:25:16.651 INFO:teuthology.orchestra.run.trial109.stdout:/usr/bin/ceph: stderr
2026-02-17T20:25:16.535+0000 7f8a54ffb640 1 -- 10.20.193.109:0/1410402165 learned_addr learned my addr 10.20.193.109:0/1410402165 (peer_addr_for_me v2:10.20.193.109:0/0)
2026-02-17T20:25:16.651 INFO:teuthology.orchestra.run.trial109.stdout:/usr/bin/ceph: stderr
