2026-02-17T20:29:43.073+0000 7fb948eab640 1 --2- >> [v2:10.20.193.79:3300/0,v1:10.20.193.79:6789/0] conn(0x7fb944073560 0x7fb944073960 unknown :-1 s=HELLO_CONNECTING pgs=0 cs=0 l=0 rev1=1 crypto rx=0 tx=0 comp rx=0 tx=0).handle_hello peer v2:10.20.193.79:3300/0 says I am v2:10.20.193.79:33532/0 (socket says 10.20.193.79:33532)
2026-02-17T20:29:47.282 INFO:teuthology.orchestra.run.trial079.stdout:/usr/bin/ceph: stderr
2026-02-17T20:29:43.073+0000 7fb948eab640 1 -- 10.20.193.79:0/2577656037 learned_addr learned my addr 10.20.193.79:0/2577656037 (peer_addr_for_me v2:10.20.193.79:0/0)
2026-02-17T20:29:47.282 INFO:teuthology.orchestra.run.trial079.stdout:/usr/bin/ceph: stderr
2026-02-17T20:29:43.074+0000 7fb948eab640 1 -- 10.20.193.79:0/2577656037 --> [v2:10.20.193.79:3300/0,v1:10.20.193.79:6789/0] -- mon_subscribe({config=0+,monmap=0+}) -- 0x7fb944075080 con 0x7fb944073560
2026-02-17T20:29:47.282 INFO:teuthology.orchestra.run.trial079.stdout:/usr/bin/ceph: stderr
2026-02-17T20:29:43.074+0000 7fb948eab640 1 --2- 10.20.193.79:0/2577656037 >> [v2:10.20.193.79:3300/0,v1:10.20.193.79:6789/0] conn(0x7fb944073560 0x7fb944073960 secure :-1 s=READY pgs=26 cs=0 l=1 rev1=1 crypto rx=0x7fb934009920 tx=0x7fb93402ef20 comp rx=0 tx=0).ready entity=mon.0 client_cookie=acc178d8f0c6b81f server_cookie=0 in_seq=0 out_seq=0
2026-02-17T20:29:47.282 INFO:teuthology.orchestra.run.trial079.stdout:/usr/bin/ceph: stderr
2026-02-17T20:29:43.075+0000 7fb93b7fe640 1 -- 10.20.193.79:0/2577656037 <== mon.0 v2:10.20.193.79:3300/0 1 ==== mon_map magic: 0 ==== 205+0+0 (secure 0 0 0) 0x7fb93403c070 con 0x7fb944073560
2026-02-17T20:29:47.282 INFO:teuthology.orchestra.run.trial079.stdout:/usr/bin/ceph: stderr
2026-02-17T20:29:43.075+0000 7fb93b7fe640 1 -- 10.20.193.79:0/2577656037 <== mon.0 v2:10.20.193.79:3300/0 2 ==== config(26 keys) ==== 1045+0+0 (secure 0 0 0) 0x7fb934037440 con 0x7fb944073560
2026-02-17T20:29:47.282 INFO:teuthology.orchestra.run.trial079.stdout:/usr/bin/ceph: stderr
2026-02-17T20:29:43.075+0000 7fb93b7fe640 1 -- 10.20.193.79:0/2577656037 <== mon.0 v2:10.20.193.79:3300/0 3 ==== mon_map magic: 0 ==== 205+0+0 (secure 0 0 0) 0x7fb9340354b0 con 0x7fb944073560
2026-02-17T20:29:47.282 INFO:teuthology.orchestra.run.trial079.stdout:/usr/bin/ceph: stderr
2026-02-17T20:29:43.075+0000 7fb949ead640 1 -- 10.20.193.79:0/2577656037 >> [v2:10.20.193.79:3300/0,v1:10.20.193.79:6789/0] conn(0x7fb944073560 msgr2=0x7fb944073960 secure :-1 s=STATE_CONNECTION_ESTABLISHED l=1).mark_down
2026-02-17T20:29:47.282 INFO:teuthology.orchestra.run.trial079.stdout:/usr/bin/ceph: stderr
2026-02-17T20:29:43.075+0000 7fb949ead640 1 --2- 10.20.193.79:0/2577656037 >> [v2:10.20.193.79:3300/0,v1:10.20.193.79:6789/0] conn(0x7fb944073560 0x7fb944073960 secure :-1 s=READY pgs=26 cs=0 l=1 rev1=1 crypto rx=0x7fb934009920 tx=0x7fb93402ef20 comp rx=0 tx=0).stop
2026-02-17T20:29:47.283 INFO:teuthology.orchestra.run.trial079.stdout:/usr/bin/ceph: stderr
2026-02-17T20:29:43.075+0000 7fb949ead640 1 -- 10.20.193.79:0/2577656037 shutdown_connections
2026-02-17T20:29:47.283 INFO:teuthology.orchestra.run.trial079.stdout:/usr/bin/ceph: stderr
2026-02-17T20:29:43.075+0000 7fb949ead640 1 --2- 10.20.193.79:0/2577656037 >> [v2:10.20.193.79:3300/0,v1:10.20.193.79:6789/0] conn(0x7fb944073560 0x7fb944073960 unknown :-1 s=CLOSED pgs=26 cs=0 l=1 rev1=1 crypto rx=0 tx=0 comp rx=0 tx=0).stop
2026-02-17T20:29:47.283 INFO:teuthology.orchestra.run.trial079.stdout:/usr/bin/ceph: stderr
2026-02-17T20:29:43.075+0000 7fb949ead640 1 -- 10.20.193.79:0/2577656037 >> 10.20.193.79:0/2577656037 conn(0x7fb94406f520 msgr2=0x7fb944071960 unknown :-1 s=STATE_NONE l=0).mark_down
2026-02-17T20:29:47.283 INFO:teuthology.orchestra.run.trial079.stdout:/usr/bin/ceph: stderr
2026-02-17T20:29:43.075+0000 7fb949ead640 1 -- 10.20.193.79:0/2577656037 shutdown_connections
2026-02-17T20:29:47.283 INFO:teuthology.orchestra.run.trial079.stdout:/usr/bin/ceph: stderr
2026-02-17T20:29:43.075+0000 7fb949ead640 1 -- 10.20.193.79:0/2577656037 wait complete.
2026-02-17T20:29:47.283 INFO:teuthology.orchestra.run.trial079.stdout:/usr/bin/ceph: stderr
2026-02-17T20:29:43.076+0000 7fb949ead640 1 Processor -- start
2026-02-17T20:29:47.283 INFO:teuthology.orchestra.run.trial079.stdout:/usr/bin/ceph: stderr
2026-02-17T20:29:43.076+0000 7fb949ead640 1 -- start start
2026-02-17T20:29:47.283 INFO:teuthology.orchestra.run.trial079.stdout:/usr/bin/ceph: stderr
2026-02-17T20:29:43.077+0000 7fb949ead640 1 --2- >> [v2:10.20.193.79:3300/0,v1:10.20.193.79:6789/0] conn(0x7fb944073560 0x7fb9441acf40 unknown :-1 s=NONE pgs=0 cs=0 l=1 rev1=0 crypto rx=0 tx=0 comp rx=0 tx=0).connect
2026-02-17T20:29:47.283 INFO:teuthology.orchestra.run.trial079.stdout:/usr/bin/ceph: stderr
2026-02-17T20:29:43.077+0000 7fb949ead640 1 -- --> [v2:10.20.193.79:3300/0,v1:10.20.193.79:6789/0] -- mon_getmap magic: 0 -- 0x7fb9441127f0 con 0x7fb944073560
2026-02-17T20:29:47.283 INFO:teuthology.orchestra.run.trial079.stdout:/usr/bin/ceph: stderr
2026-02-17T20:29:43.077+0000 7fb948eab640 1 --2- >> [v2:10.20.193.79:3300/0,v1:10.20.193.79:6789/0] conn(0x7fb944073560 0x7fb9441acf40 unknown :-1 s=BANNER_CONNECTING pgs=0 cs=0 l=1 rev1=0 crypto rx=0 tx=0 comp rx=0 tx=0)._handle_peer_banner_payload supported=3 required=0
2026-02-17T20:29:47.283 INFO:teuthology.orchestra.run.trial079.stdout:/usr/bin/ceph: stderr
2026-02-17T20:29:43.077+0000 7fb948eab640 1 --2- >> [v2:10.20.193.79:3300/0,v1:10.20.193.79:6789/0] conn(0x7fb944073560 0x7fb9441acf40 unknown :-1 s=HELLO_CONNECTING pgs=0 cs=0 l=1 rev1=1 crypto rx=0 tx=0 comp rx=0 tx=0).handle_hello peer v2:10.20.193.79:3300/0 says I am v2:10.20.193.79:33548/0 (socket says 10.20.193.79:33548)
2026-02-17T20:29:47.284 INFO:teuthology.orchestra.run.trial079.stdout:/usr/bin/ceph: stderr
2026-02-17T20:29:43.077+0000 7fb948eab640 1 -- 10.20.193.79:0/24218596 learned_addr learned my addr 10.20.193.79:0/24218596 (peer_addr_for_me v2:10.20.193.79:0/0)
2026-02-17T20:29:47.284 INFO:teuthology.orchestra.run.trial079.stdout:/usr/bin/ceph: stderr
2026-02-17T20:29:43.077+0000 7fb948eab640 1 -- 10.20.193.79:0/24218596 --> [v2:10.20.193.79:3300/0,v1:10.20.193.79:6789/0] -- mon_subscribe({config=0+,monmap=0+}) -- 0x7fb9441ad480 con 0x7fb944073560
2026-02-17T20:29:47.284 INFO:teuthology.orchestra.run.trial079.stdout:/usr/bin/ceph: stderr
2026-02-17T20:29:43.077+0000 7fb948eab640 1 --2- 10.20.193.79:0/24218596 >> [v2:10.20.193.79:3300/0,v1:10.20.193.79:6789/0] conn(0x7fb944073560 0x7fb9441acf40 secure :-1 s=READY pgs=27 cs=0 l=1 rev1=1 crypto rx=0x7fb934006b90 tx=0x7fb9340365d0 comp rx=0 tx=0).ready entity=mon.0 client_cookie=0 server_cookie=0 in_seq=0 out_seq=0
2026-02-17T20:29:47.284 INFO:teuthology.orchestra.run.trial079.stdout:/usr/bin/ceph: stderr
2026-02-17T20:29:43.077+0000 7fb939ffb640 1 -- 10.20.193.79:0/24218596 <== mon.0 v2:10.20.193.79:3300/0 1 ==== mon_map magic: 0 ==== 205+0+0 (secure 0 0 0) 0x7fb93403c070 con 0x7fb944073560
2026-02-17T20:29:47.284 INFO:teuthology.orchestra.run.trial079.stdout:/usr/bin/ceph: stderr
2026-02-17T20:29:43.077+0000 7fb939ffb640 1 -- 10.20.193.79:0/24218596 <== mon.0 v2:10.20.193.79:3300/0 2 ==== config(26 keys) ==== 1045+0+0 (secure 0 0 0) 0x7fb934044070 con 0x7fb944073560
2026-02-17T20:29:47.284 INFO:teuthology.orchestra.run.trial079.stdout:/usr/bin/ceph: stderr
2026-02-17T20:29:43.077+0000 7fb939ffb640 1 -- 10.20.193.79:0/24218596 <== mon.0 v2:10.20.193.79:3300/0 3 ==== mon_map magic: 0 ==== 205+0+0 (secure 0 0 0) 0x7fb93403fc40 con 0x7fb944073560
2026-02-17T20:29:47.284 INFO:teuthology.orchestra.run.trial079.stdout:/usr/bin/ceph: stderr
2026-02-17T20:29:43.077+0000 7fb949ead640 1 -- 10.20.193.79:0/24218596 --> [v2:10.20.193.79:3300/0,v1:10.20.193.79:6789/0] -- mon_subscribe({mgrmap=0+}) -- 0x7fb9441ad710 con 0x7fb944073560
2026-02-17T20:29:47.284 INFO:teuthology.orchestra.run.trial079.stdout:/usr/bin/ceph: stderr
2026-02-17T20:29:43.078+0000 7fb949ead640 1 -- 10.20.193.79:0/24218596 --> [v2:10.20.193.79:3300/0,v1:10.20.193.79:6789/0] -- mon_subscribe({osdmap=0}) -- 0x7fb9441b0400 con 0x7fb944073560
2026-02-17T20:29:47.284 INFO:teuthology.orchestra.run.trial079.stdout:/usr/bin/ceph: stderr
2026-02-17T20:29:43.078+0000 7fb939ffb640 1 -- 10.20.193.79:0/24218596 <== mon.0 v2:10.20.193.79:3300/0 4 ==== mgrmap(e 4) ==== 50247+0+0 (secure 0 0 0) 0x7fb93403f3f0 con 0x7fb944073560
2026-02-17T20:29:47.284 INFO:teuthology.orchestra.run.trial079.stdout:/usr/bin/ceph: stderr
2026-02-17T20:29:43.079+0000 7fb939ffb640 1 --2- 10.20.193.79:0/24218596 >> [v2:10.20.193.79:6800/1536512342,v1:10.20.193.79:6801/1536512342] conn(0x7fb92003dbf0 0x7fb9200400b0 unknown :-1 s=NONE pgs=0 cs=0 l=1 rev1=0 crypto rx=0 tx=0 comp rx=0 tx=0).connect
2026-02-17T20:29:47.284 INFO:teuthology.orchestra.run.trial079.stdout:/usr/bin/ceph: stderr
2026-02-17T20:29:43.079+0000 7fb939ffb640 1 -- 10.20.193.79:0/24218596 --> [v2:10.20.193.79:6800/1536512342,v1:10.20.193.79:6801/1536512342] -- command(tid 0: {"prefix": "get_command_descriptions"}) -- 0x7fb9200407c0 con 0x7fb92003dbf0
2026-02-17T20:29:47.284 INFO:teuthology.orchestra.run.trial079.stdout:/usr/bin/ceph: stderr
2026-02-17T20:29:43.079+0000 7fb939ffb640 1 -- 10.20.193.79:0/24218596 <== mon.0 v2:10.20.193.79:3300/0 5 ==== osd_map(1..1 src has 1..1) ==== 725+0+0 (secure 0 0 0) 0x7fb9340762a0 con 0x7fb944073560
2026-02-17T20:29:47.285 INFO:teuthology.orchestra.run.trial079.stdout:/usr/bin/ceph: stderr
2026-02-17T20:29:43.079+0000 7fb93bfff640 1 -- 10.20.193.79:0/24218596 >> [v2:10.20.193.79:6800/1536512342,v1:10.20.193.79:6801/1536512342] conn(0x7fb92003dbf0 msgr2=0x7fb9200400b0 unknown :-1 s=STATE_CONNECTING_RE l=1).process reconnect failed to v2:10.20.193.79:6800/1536512342
2026-02-17T20:29:47.285 INFO:teuthology.orchestra.run.trial079.stdout:/usr/bin/ceph: stderr
2026-02-17T20:29:43.079+0000 7fb93bfff640 1 --2- 10.20.193.79:0/24218596 >> [v2:10.20.193.79:6800/1536512342,v1:10.20.193.79:6801/1536512342] conn(0x7fb92003dbf0 0x7fb9200400b0 unknown :-1 s=START_CONNECT pgs=0 cs=0 l=1 rev1=0 crypto rx=0 tx=0 comp rx=0 tx=0)._fault waiting 0.200000
2026-02-17T20:29:47.285 INFO:teuthology.orchestra.run.trial079.stdout:/usr/bin/ceph: stderr
2026-02-17T20:29:43.280+0000 7fb93bfff640 1 -- 10.20.193.79:0/24218596 >> [v2:10.20.193.79:6800/1536512342,v1:10.20.193.79:6801/1536512342] conn(0x7fb92003dbf0 msgr2=0x7fb9200400b0 unknown :-1 s=STATE_CONNECTING_RE l=1).process reconnect failed to v2:10.20.193.79:6800/1536512342
2026-02-17T20:29:47.285 INFO:teuthology.orchestra.run.trial079.stdout:/usr/bin/ceph: stderr
2026-02-17T20:29:43.280+0000 7fb93bfff640 1 --2- 10.20.193.79:0/24218596 >> [v2:10.20.193.79:6800/1536512342,v1:10.20.193.79:6801/1536512342] conn(0x7fb92003dbf0 0x7fb9200400b0 unknown :-1 s=START_CONNECT pgs=0 cs=0 l=1 rev1=0 crypto rx=0 tx=0 comp rx=0 tx=0)._fault waiting 0.400000
2026-02-17T20:29:47.285 INFO:teuthology.orchestra.run.trial079.stdout:/usr/bin/ceph: stderr
2026-02-17T20:29:43.681+0000 7fb93bfff640 1 -- 10.20.193.79:0/24218596 >> [v2:10.20.193.79:6800/1536512342,v1:10.20.193.79:6801/1536512342] conn(0x7fb92003dbf0 msgr2=0x7fb9200400b0 unknown :-1 s=STATE_CONNECTING_RE l=1).process reconnect failed to v2:10.20.193.79:6800/1536512342
2026-02-17T20:29:47.285 INFO:teuthology.orchestra.run.trial079.stdout:/usr/bin/ceph: stderr
2026-02-17T20:29:43.681+0000 7fb93bfff640 1 --2- 10.20.193.79:0/24218596 >> [v2:10.20.193.79:6800/1536512342,v1:10.20.193.79:6801/1536512342] conn(0x7fb92003dbf0 0x7fb9200400b0 unknown :-1 s=START_CONNECT pgs=0 cs=0 l=1 rev1=0 crypto rx=0 tx=0 comp rx=0 tx=0)._fault waiting 0.800000
2026-02-17T20:29:47.285 INFO:teuthology.orchestra.run.trial079.stdout:/usr/bin/ceph: stderr
2026-02-17T20:29:44.482+0000 7fb93bfff640 1 -- 10.20.193.79:0/24218596 >> [v2:10.20.193.79:6800/1536512342,v1:10.20.193.79:6801/1536512342] conn(0x7fb92003dbf0 msgr2=0x7fb9200400b0 unknown :-1 s=STATE_CONNECTING_RE l=1).process reconnect failed to v2:10.20.193.79:6800/1536512342
2026-02-17T20:29:47.285 INFO:teuthology.orchestra.run.trial079.stdout:/usr/bin/ceph: stderr
2026-02-17T20:29:44.482+0000 7fb93bfff640 1 --2- 10.20.193.79:0/24218596 >> [v2:10.20.193.79:6800/1536512342,v1:10.20.193.79:6801/1536512342] conn(0x7fb92003dbf0 0x7fb9200400b0 unknown :-1 s=START_CONNECT pgs=0 cs=0 l=1 rev1=0 crypto rx=0 tx=0 comp rx=0 tx=0)._fault waiting 1.600000
2026-02-17T20:29:47.285 INFO:teuthology.orchestra.run.trial079.stdout:/usr/bin/ceph: stderr
2026-02-17T20:29:46.083+0000 7fb93bfff640 1 -- 10.20.193.79:0/24218596 >> [v2:10.20.193.79:6800/1536512342,v1:10.20.193.79:6801/1536512342] conn(0x7fb92003dbf0 msgr2=0x7fb9200400b0 unknown :-1 s=STATE_CONNECTING_RE l=1).process reconnect failed to v2:10.20.193.79:6800/1536512342
2026-02-17T20:29:47.285 INFO:teuthology.orchestra.run.trial079.stdout:/usr/bin/ceph: stderr
2026-02-17T20:29:46.083+0000 7fb93bfff640 1 --2- 10.20.193.79:0/24218596 >> [v2:10.20.193.79:6800/1536512342,v1:10.20.193.79:6801/1536512342] conn(0x7fb92003dbf0 0x7fb9200400b0 unknown :-1 s=START_CONNECT pgs=0 cs=0 l=1 rev1=0 crypto rx=0 tx=0 comp rx=0 tx=0)._fault waiting 3.200000
2026-02-17T20:29:47.285 INFO:teuthology.orchestra.run.trial079.stdout:/usr/bin/ceph: stderr
2026-02-17T20:29:46.189+0000 7fb939ffb640 1 -- 10.20.193.79:0/24218596 <== mon.0 v2:10.20.193.79:3300/0 6 ==== mgrmap(e 5) ==== 50014+0+0 (secure 0 0 0) 0x7fb934036a20 con 0x7fb944073560
2026-02-17T20:29:47.285 INFO:teuthology.orchestra.run.trial079.stdout:/usr/bin/ceph: stderr
2026-02-17T20:29:46.189+0000 7fb939ffb640 1 -- 10.20.193.79:0/24218596 >> [v2:10.20.193.79:6800/1536512342,v1:10.20.193.79:6801/1536512342] conn(0x7fb92003dbf0 msgr2=0x7fb9200400b0 unknown :-1 s=STATE_CONNECTING l=1).mark_down
2026-02-17T20:29:47.286 INFO:teuthology.orchestra.run.trial079.stdout:/usr/bin/ceph: stderr
2026-02-17T20:29:46.189+0000 7fb939ffb640 1 --2- 10.20.193.79:0/24218596 >> [v2:10.20.193.79:6800/1536512342,v1:10.20.193.79:6801/1536512342] conn(0x7fb92003dbf0 0x7fb9200400b0 unknown :-1 s=START_CONNECT pgs=0 cs=0 l=1 rev1=0 crypto rx=0 tx=0 comp rx=0 tx=0).stop
2026-02-17T20:29:47.286 INFO:teuthology.orchestra.run.trial079.stdout:/usr/bin/ceph: stderr
2026-02-17T20:29:47.191+0000 7fb939ffb640 1 -- 10.20.193.79:0/24218596 <== mon.0 v2:10.20.193.79:3300/0 7 ==== mgrmap(e 6) ==== 50141+0+0 (secure 0 0 0) 0x7fb934077bb0 con 0x7fb944073560
2026-02-17T20:29:47.286 INFO:teuthology.orchestra.run.trial079.stdout:/usr/bin/ceph: stderr
2026-02-17T20:29:47.191+0000 7fb939ffb640 1 --2- 10.20.193.79:0/24218596 >> [v2:10.20.193.79:6800/3075059643,v1:10.20.193.79:6801/3075059643] conn(0x7fb920041540 0x7fb920043930 unknown :-1 s=NONE pgs=0 cs=0 l=1 rev1=0 crypto rx=0 tx=0 comp rx=0 tx=0).connect
2026-02-17T20:29:47.286 INFO:teuthology.orchestra.run.trial079.stdout:/usr/bin/ceph: stderr
2026-02-17T20:29:47.191+0000 7fb939ffb640 1 -- 10.20.193.79:0/24218596 --> [v2:10.20.193.79:6800/3075059643,v1:10.20.193.79:6801/3075059643] -- command(tid 0: {"prefix": "get_command_descriptions"}) -- 0x7fb934032ec0 con 0x7fb920041540
2026-02-17T20:29:47.286 INFO:teuthology.orchestra.run.trial079.stdout:/usr/bin/ceph: stderr
2026-02-17T20:29:47.191+0000 7fb93bfff640 1 --2- 10.20.193.79:0/24218596 >> [v2:10.20.193.79:6800/3075059643,v1:10.20.193.79:6801/3075059643] conn(0x7fb920041540 0x7fb920043930 unknown :-1 s=BANNER_CONNECTING pgs=0 cs=0 l=1 rev1=0 crypto rx=0 tx=0 comp rx=0 tx=0)._handle_peer_banner_payload supported=3 required=0
2026-02-17T20:29:47.286 INFO:teuthology.orchestra.run.trial079.stdout:/usr/bin/ceph: stderr
2026-02-17T20:29:47.192+0000 7fb93bfff640 1 --2- 10.20.193.79:0/24218596 >> [v2:10.20.193.79:6800/3075059643,v1:10.20.193.79:6801/3075059643] conn(0x7fb920041540 0x7fb920043930 secure :-1 s=READY pgs=3 cs=0 l=1 rev1=1 crypto rx=0x7fb92c003a80 tx=0x7fb92c0092b0 comp rx=0 tx=0).ready entity=mgr.14118 client_cookie=0 server_cookie=0 in_seq=0 out_seq=0
2026-02-17T20:29:47.286 INFO:teuthology.orchestra.run.trial079.stdout:/usr/bin/ceph: stderr
2026-02-17T20:29:47.193+0000 7fb939ffb640 1 -- 10.20.193.79:0/24218596 <== mgr.14118 v2:10.20.193.79:6800/3075059643 1 ==== command_reply(tid 0: 0 ) ==== 8+0+8901 (secure 0 0 0) 0x7fb934032ec0 con 0x7fb920041540
2026-02-17T20:29:47.286 INFO:teuthology.orchestra.run.trial079.stdout:/usr/bin/ceph: stderr
2026-02-17T20:29:47.196+0000 7fb949ead640 1 -- 10.20.193.79:0/24218596 --> [v2:10.20.193.79:6800/3075059643,v1:10.20.193.79:6801/3075059643] -- command(tid 1: {"prefix": "mgr_status"}) -- 0x7fb9440739e0 con 0x7fb920041540
2026-02-17T20:29:47.286 INFO:teuthology.orchestra.run.trial079.stdout:/usr/bin/ceph: stderr
2026-02-17T20:29:47.197+0000 7fb939ffb640 1 -- 10.20.193.79:0/24218596 <== mgr.14118 v2:10.20.193.79:6800/3075059643 2 ==== command_reply(tid 1: 0 ) ==== 8+0+51 (secure 0 0 0) 0x7fb9440739e0 con 0x7fb920041540
2026-02-17T20:29:47.286 INFO:teuthology.orchestra.run.trial079.stdout:/usr/bin/ceph: stderr
2026-02-17T20:29:47.197+0000 7fb949ead640 1 -- 10.20.193.79:0/24218596 >> [v2:10.20.193.79:6800/3075059643,v1:10.20.193.79:6801/3075059643] conn(0x7fb920041540 msgr2=0x7fb920043930 secure :-1 s=STATE_CONNECTION_ESTABLISHED l=1).mark_down
2026-02-17T20:29:47.286 INFO:teuthology.orchestra.run.trial079.stdout:/usr/bin/ceph: stderr
2026-02-17T20:29:47.197+0000 7fb949ead640 1 --2- 10.20.193.79:0/24218596 >> [v2:10.20.193.79:6800/3075059643,v1:10.20.193.79:6801/3075059643] conn(0x7fb920041540 0x7fb920043930 secure :-1 s=READY pgs=3 cs=0 l=1 rev1=1 crypto rx=0x7fb92c003a80 tx=0x7fb92c0092b0 comp rx=0 tx=0).stop
2026-02-17T20:29:47.286 INFO:teuthology.orchestra.run.trial079.stdout:/usr/bin/ceph: stderr
2026-02-17T20:29:47.197+0000 7fb949ead640 1 -- 10.20.193.79:0/24218596 >> [v2:10.20.193.79:3300/0,v1:10.20.193.79:6789/0] conn(0x7fb944073560 msgr2=0x7fb9441acf40 secure :-1 s=STATE_CONNECTION_ESTABLISHED l=1).mark_down
2026-02-17T20:29:47.286 INFO:teuthology.orchestra.run.trial079.stdout:/usr/bin/ceph: stderr
2026-02-17T20:29:47.197+0000 7fb949ead640 1 --2- 10.20.193.79:0/24218596 >> [v2:10.20.193.79:3300/0,v1:10.20.193.79:6789/0] conn(0x7fb944073560 0x7fb9441acf40 secure :-1 s=READY pgs=27 cs=0 l=1 rev1=1 crypto rx=0x7fb934006b90 tx=0x7fb9340365d0 comp rx=0 tx=0).stop
2026-02-17T20:29:47.287 INFO:teuthology.orchestra.run.trial079.stdout:/usr/bin/ceph: stderr
2026-02-17T20:29:47.197+0000 7fb949ead640 1 -- 10.20.193.79:0/24218596 shutdown_connections
2026-02-17T20:29:47.287 INFO:teuthology.orchestra.run.trial079.stdout:/usr/bin/ceph: stderr
2026-02-17T20:29:47.197+0000 7fb949ead640 1 --2- 10.20.193.79:0/24218596 >> [v2:10.20.193.79:6800/3075059643,v1:10.20.193.79:6801/3075059643] conn(0x7fb920041540 0x7fb920043930 unknown :-1 s=CLOSED pgs=3 cs=0 l=1 rev1=1 crypto rx=0 tx=0 comp rx=0 tx=0).stop
2026-02-17T20:29:47.287 INFO:teuthology.orchestra.run.trial079.stdout:/usr/bin/ceph: stderr
2026-02-17T20:29:47.197+0000 7fb949ead640 1 --2- 10.20.193.79:0/24218596 >> [v2:10.20.193.79:6800/1536512342,v1:10.20.193.79:6801/1536512342] conn(0x7fb92003dbf0 0x7fb9200400b0 unknown :-1 s=CLOSED pgs=0 cs=0 l=1 rev1=0 crypto rx=0 tx=0 comp rx=0 tx=0).stop
2026-02-17T20:29:47.287 INFO:teuthology.orchestra.run.trial079.stdout:/usr/bin/ceph: stderr
2026-02-17T20:29:47.197+0000 7fb949ead640 1 --2- 10.20.193.79:0/24218596 >> [v2:10.20.193.79:3300/0,v1:10.20.193.79:6789/0] conn(0x7fb944073560 0x7fb9441acf40 unknown :-1 s=CLOSED pgs=27 cs=0 l=1 rev1=1 crypto rx=0 tx=0 comp rx=0 tx=0).stop
2026-02-17T20:29:47.287 INFO:teuthology.orchestra.run.trial079.stdout:/usr/bin/ceph: stderr
2026-02-17T20:29:47.197+0000 7fb949ead640 1 -- 10.20.193.79:0/24218596 >> 10.20.193.79:0/24218596 conn(0x7fb94406f520 msgr2=0x7fb944071220 unknown :-1 s=STATE_NONE l=0).mark_down
2026-02-17T20:29:47.287 INFO:teuthology.orchestra.run.trial079.stdout:/usr/bin/ceph: stderr
2026-02-17T20:29:47.197+0000 7fb949ead640 1 -- 10.20.193.79:0/24218596 shutdown_connections
2026-02-17T20:29:47.287 INFO:teuthology.orchestra.run.trial079.stdout:/usr/bin/ceph: stderr
2026-02-17T20:29:47.197+0000 7fb949ead640 1 -- 10.20.193.79:0/24218596 wait complete.
2026-02-17T20:29:47.287 INFO:teuthology.orchestra.run.trial079.stdout:mgr epoch 4 is available
2026-02-17T20:29:47.287 INFO:teuthology.orchestra.run.trial079.stdout:Setting orchestrator backend to cephadm...
2026-02-17T20:29:47.450 INFO:journalctl@ceph.mon.a.trial079.stdout:Feb 17 20:29:47 trial079 ceph-mon[22705]: Found migration_current of "None". Setting to last migration.
2026-02-17T20:29:47.450 INFO:journalctl@ceph.mon.a.trial079.stdout:Feb 17 20:29:47 trial079 ceph-mon[22705]: from='mgr.14118 10.20.193.79:0/2454244391' entity='mgr.x'
2026-02-17T20:29:47.450 INFO:journalctl@ceph.mon.a.trial079.stdout:Feb 17 20:29:47 trial079 ceph-mon[22705]: from='mgr.14118 10.20.193.79:0/2454244391' entity='mgr.x'
2026-02-17T20:29:47.450 INFO:journalctl@ceph.mon.a.trial079.stdout:Feb 17 20:29:47 trial079 ceph-mon[22705]: mgrmap e6: x(active, since 1.00457s)
2026-02-17T20:29:47.644 INFO:teuthology.orchestra.run.trial079.stdout:/usr/bin/ceph: stderr
2026-02-17T20:29:47.446+0000 7f23bd3ca640 1 Processor -- start
2026-02-17T20:29:47.644 INFO:teuthology.orchestra.run.trial079.stdout:/usr/bin/ceph: stderr
2026-02-17T20:29:47.447+0000 7f23bd3ca640 1 -- start start
2026-02-17T20:29:47.644 INFO:teuthology.orchestra.run.trial079.stdout:/usr/bin/ceph: stderr
2026-02-17T20:29:47.447+0000 7f23bd3ca640 1 --2- >> [v2:10.20.193.79:3300/0,v1:10.20.193.79:6789/0] conn(0x7f23b810a180 0x7f23b810a580 unknown :-1 s=NONE pgs=0 cs=0 l=0 rev1=0 crypto rx=0 tx=0 comp rx=0 tx=0).connect
2026-02-17T20:29:47.644 INFO:teuthology.orchestra.run.trial079.stdout:/usr/bin/ceph: stderr
2026-02-17T20:29:47.447+0000 7f23bd3ca640 1 -- --> [v2:10.20.193.79:3300/0,v1:10.20.193.79:6789/0] -- mon_getmap magic: 0 -- 0x7f23b810ab50 con 0x7f23b810a180
2026-02-17T20:29:47.644 INFO:teuthology.orchestra.run.trial079.stdout:/usr/bin/ceph: stderr
2026-02-17T20:29:47.447+0000 7f23b7fff640 1 --2- >> [v2:10.20.193.79:3300/0,v1:10.20.193.79:6789/0] conn(0x7f23b810a180 0x7f23b810a580 unknown :-1 s=BANNER_CONNECTING pgs=0 cs=0 l=0 rev1=0 crypto rx=0 tx=0 comp rx=0 tx=0)._handle_peer_banner_payload supported=3 required=0
2026-02-17T20:29:47.644 INFO:teuthology.orchestra.run.trial079.stdout:/usr/bin/ceph: stderr
2026-02-17T20:29:47.447+0000 7f23b7fff640 1 --2- >> [v2:10.20.193.79:3300/0,v1:10.20.193.79:6789/0] conn(0x7f23b810a180 0x7f23b810a580 unknown :-1 s=HELLO_CONNECTING pgs=0 cs=0 l=0 rev1=1 crypto rx=0 tx=0 comp rx=0 tx=0).handle_hello peer v2:10.20.193.79:3300/0 says I am v2:10.20.193.79:33636/0 (socket says 10.20.193.79:33636)
2026-02-17T20:29:47.644 INFO:teuthology.orchestra.run.trial079.stdout:/usr/bin/ceph: stderr
2026-02-17T20:29:47.447+0000 7f23b7fff640 1 -- 10.20.193.79:0/146875280 learned_addr learned my addr 10.20.193.79:0/146875280 (peer_addr_for_me v2:10.20.193.79:0/0)
2026-02-17T20:29:47.644 INFO:teuthology.orchestra.run.trial079.stdout:/usr/bin/ceph: stderr
2026-02-17T20:29:47.448+0000 7f23b7fff640 1 -- 10.20.193.79:0/146875280 --> [v2:10.20.193.79:3300/0,v1:10.20.193.79:6789/0] -- mon_subscribe({config=0+,monmap=0+}) -- 0x7f23b810b330 con 0x7f23b810a180
2026-02-17T20:29:47.644 INFO:teuthology.orchestra.run.trial079.stdout:/usr/bin/ceph: stderr
2026-02-17T20:29:47.448+0000 7f23b7fff640 1 --2- 10.20.193.79:0/146875280 >> [v2:10.20.193.79:3300/0,v1:10.20.193.79:6789/0] conn(0x7f23b810a180 0x7f23b810a580 secure :-1 s=READY pgs=35 cs=0 l=1 rev1=1 crypto rx=0x7f23a4009920 tx=0x7f23a402ef20 comp rx=0 tx=0).ready entity=mon.0 client_cookie=2c12f7aa723ad63 server_cookie=0 in_seq=0 out_seq=0
2026-02-17T20:29:47.645 INFO:teuthology.orchestra.run.trial079.stdout:/usr/bin/ceph: stderr
2026-02-17T20:29:47.449+0000 7f23b6ffd640 1 -- 10.20.193.79:0/146875280 <== mon.0 v2:10.20.193.79:3300/0 1 ==== mon_map magic: 0 ==== 205+0+0 (secure 0 0 0) 0x7f23a403c070 con 0x7f23b810a180
2026-02-17T20:29:47.645 INFO:teuthology.orchestra.run.trial079.stdout:/usr/bin/ceph: stderr
2026-02-17T20:29:47.449+0000 7f23b6ffd640 1 -- 10.20.193.79:0/146875280 <== mon.0 v2:10.20.193.79:3300/0 2 ==== config(26 keys) ==== 1045+0+0 (secure 0 0 0) 0x7f23a4037440 con 0x7f23b810a180
2026-02-17T20:29:47.645 INFO:teuthology.orchestra.run.trial079.stdout:/usr/bin/ceph: stderr
2026-02-17T20:29:47.449+0000 7f23b6ffd640 1 -- 10.20.193.79:0/146875280 <== mon.0 v2:10.20.193.79:3300/0 3 ==== mon_map magic: 0 ==== 205+0+0 (secure 0 0 0) 0x7f23a40354b0 con 0x7f23b810a180
2026-02-17T20:29:47.645 INFO:teuthology.orchestra.run.trial079.stdout:/usr/bin/ceph: stderr
2026-02-17T20:29:47.449+0000 7f23bd3ca640 1 -- 10.20.193.79:0/146875280 >> [v2:10.20.193.79:3300/0,v1:10.20.193.79:6789/0] conn(0x7f23b810a180 msgr2=0x7f23b810a580 secure :-1 s=STATE_CONNECTION_ESTABLISHED l=1).mark_down
2026-02-17T20:29:47.645 INFO:teuthology.orchestra.run.trial079.stdout:/usr/bin/ceph: stderr
2026-02-17T20:29:47.449+0000 7f23bd3ca640 1 --2- 10.20.193.79:0/146875280 >> [v2:10.20.193.79:3300/0,v1:10.20.193.79:6789/0] conn(0x7f23b810a180 0x7f23b810a580 secure :-1 s=READY pgs=35 cs=0 l=1 rev1=1 crypto rx=0x7f23a4009920 tx=0x7f23a402ef20 comp rx=0 tx=0).stop
2026-02-17T20:29:47.645 INFO:teuthology.orchestra.run.trial079.stdout:/usr/bin/ceph: stderr
2026-02-17T20:29:47.449+0000 7f23bd3ca640 1 -- 10.20.193.79:0/146875280 shutdown_connections
2026-02-17T20:29:47.645 INFO:teuthology.orchestra.run.trial079.stdout:/usr/bin/ceph: stderr
2026-02-17T20:29:47.449+0000 7f23bd3ca640 1 --2- 10.20.193.79:0/146875280 >> [v2:10.20.193.79:3300/0,v1:10.20.193.79:6789/0] conn(0x7f23b810a180 0x7f23b810a580 unknown :-1 s=CLOSED pgs=35 cs=0 l=1 rev1=1 crypto rx=0 tx=0 comp rx=0 tx=0).stop
2026-02-17T20:29:47.645 INFO:teuthology.orchestra.run.trial079.stdout:/usr/bin/ceph: stderr
2026-02-17T20:29:47.449+0000 7f23bd3ca640 1 -- 10.20.193.79:0/146875280 >> 10.20.193.79:0/146875280 conn(0x7f23b807d770 msgr2=0x7f23b807db80 unknown :-1 s=STATE_NONE l=0).mark_down
2026-02-17T20:29:47.645 INFO:teuthology.orchestra.run.trial079.stdout:/usr/bin/ceph: stderr
2026-02-17T20:29:47.449+0000 7f23bd3ca640 1 -- 10.20.193.79:0/146875280 shutdown_connections
2026-02-17T20:29:47.645 INFO:teuthology.orchestra.run.trial079.stdout:/usr/bin/ceph: stderr
2026-02-17T20:29:47.449+0000 7f23bd3ca640 1 -- 10.20.193.79:0/146875280 wait complete.
2026-02-17T20:29:47.645 INFO:teuthology.orchestra.run.trial079.stdout:/usr/bin/ceph: stderr
2026-02-17T20:29:47.450+0000 7f23bd3ca640 1 Processor -- start
2026-02-17T20:29:47.645 INFO:teuthology.orchestra.run.trial079.stdout:/usr/bin/ceph: stderr
2026-02-17T20:29:47.450+0000 7f23bd3ca640 1 -- start start
2026-02-17T20:29:47.646 INFO:teuthology.orchestra.run.trial079.stdout:/usr/bin/ceph: stderr
2026-02-17T20:29:47.450+0000 7f23bd3ca640 1 --2- >> [v2:10.20.193.79:3300/0,v1:10.20.193.79:6789/0] conn(0x7f23b810a180 0x7f23b81a0040 unknown :-1 s=NONE pgs=0 cs=0 l=1 rev1=0 crypto rx=0 tx=0 comp rx=0 tx=0).connect
2026-02-17T20:29:47.646 INFO:teuthology.orchestra.run.trial079.stdout:/usr/bin/ceph: stderr
2026-02-17T20:29:47.450+0000 7f23bd3ca640 1 -- --> [v2:10.20.193.79:3300/0,v1:10.20.193.79:6789/0] -- mon_getmap magic: 0 -- 0x7f23b810e560 con 0x7f23b810a180
2026-02-17T20:29:47.646 INFO:teuthology.orchestra.run.trial079.stdout:/usr/bin/ceph: stderr
2026-02-17T20:29:47.450+0000 7f23b7fff640 1 --2- >> [v2:10.20.193.79:3300/0,v1:10.20.193.79:6789/0] conn(0x7f23b810a180 0x7f23b81a0040 unknown :-1 s=BANNER_CONNECTING pgs=0 cs=0 l=1 rev1=0 crypto rx=0 tx=0 comp rx=0 tx=0)._handle_peer_banner_payload supported=3 required=0
2026-02-17T20:29:47.646 INFO:teuthology.orchestra.run.trial079.stdout:/usr/bin/ceph: stderr
2026-02-17T20:29:47.451+0000 7f23b7fff640 1 --2- >> [v2:10.20.193.79:3300/0,v1:10.20.193.79:6789/0] conn(0x7f23b810a180 0x7f23b81a0040 unknown :-1 s=HELLO_CONNECTING pgs=0 cs=0 l=1 rev1=1 crypto rx=0 tx=0 comp rx=0 tx=0).handle_hello peer v2:10.20.193.79:3300/0 says I am v2:10.20.193.79:33652/0 (socket says 10.20.193.79:33652)
2026-02-17T20:29:47.646 INFO:teuthology.orchestra.run.trial079.stdout:/usr/bin/ceph: stderr
2026-02-17T20:29:47.451+0000 7f23b7fff640 1 -- 10.20.193.79:0/2003185399 learned_addr learned my addr 10.20.193.79:0/2003185399 (peer_addr_for_me v2:10.20.193.79:0/0)
2026-02-17T20:29:47.646 INFO:teuthology.orchestra.run.trial079.stdout:/usr/bin/ceph: stderr
2026-02-17T20:29:47.451+0000 7f23b7fff640 1 -- 10.20.193.79:0/2003185399 --> [v2:10.20.193.79:3300/0,v1:10.20.193.79:6789/0] -- mon_subscribe({config=0+,monmap=0+}) -- 0x7f23b81a0580 con 0x7f23b810a180
2026-02-17T20:29:47.646 INFO:teuthology.orchestra.run.trial079.stdout:/usr/bin/ceph: stderr
2026-02-17T20:29:47.451+0000 7f23b7fff640 1 --2- 10.20.193.79:0/2003185399 >> [v2:10.20.193.79:3300/0,v1:10.20.193.79:6789/0] conn(0x7f23b810a180 0x7f23b81a0040 secure :-1 s=READY pgs=36 cs=0 l=1 rev1=1 crypto rx=0x7f23a4006fd0 tx=0x7f23a4037bb0 comp rx=0 tx=0).ready entity=mon.0 client_cookie=0 server_cookie=0 in_seq=0 out_seq=0
2026-02-17T20:29:47.646 INFO:teuthology.orchestra.run.trial079.stdout:/usr/bin/ceph: stderr
2026-02-17T20:29:47.451+0000 7f23b57fa640 1 -- 10.20.193.79:0/2003185399 <== mon.0 v2:10.20.193.79:3300/0 1 ==== mon_map magic: 0 ==== 205+0+0 (secure 0 0 0) 0x7f23a4045070 con 0x7f23b810a180
2026-02-17T20:29:47.646 INFO:teuthology.orchestra.run.trial079.stdout:/usr/bin/ceph: stderr
2026-02-17T20:29:47.451+0000 7f23b57fa640 1 -- 10.20.193.79:0/2003185399 <== mon.0 v2:10.20.193.79:3300/0 2 ==== config(26 keys) ==== 1045+0+0 (secure 0 0 0) 0x7f23a4040450 con 0x7f23b810a180
2026-02-17T20:29:47.646 INFO:teuthology.orchestra.run.trial079.stdout:/usr/bin/ceph: stderr
2026-02-17T20:29:47.451+0000 7f23b57fa640 1 -- 10.20.193.79:0/2003185399 <== mon.0 v2:10.20.193.79:3300/0 3 ==== mon_map magic: 0 ==== 205+0+0 (secure 0 0 0) 0x7f23a403c070 con 0x7f23b810a180
2026-02-17T20:29:47.646 INFO:teuthology.orchestra.run.trial079.stdout:/usr/bin/ceph: stderr
2026-02-17T20:29:47.451+0000 7f23bd3ca640 1 -- 10.20.193.79:0/2003185399 --> [v2:10.20.193.79:3300/0,v1:10.20.193.79:6789/0] -- mon_subscribe({mgrmap=0+}) -- 0x7f23b81a0810 con 0x7f23b810a180
2026-02-17T20:29:47.646 INFO:teuthology.orchestra.run.trial079.stdout:/usr/bin/ceph: stderr
2026-02-17T20:29:47.451+0000 7f23bd3ca640 1 -- 10.20.193.79:0/2003185399 --> [v2:10.20.193.79:3300/0,v1:10.20.193.79:6789/0] -- mon_subscribe({osdmap=0}) -- 0x7f23b81a3500 con 0x7f23b810a180
2026-02-17T20:29:47.647 INFO:teuthology.orchestra.run.trial079.stdout:/usr/bin/ceph: stderr
2026-02-17T20:29:47.452+0000 7f238affd640 1 -- 10.20.193.79:0/2003185399 --> [v2:10.20.193.79:3300/0,v1:10.20.193.79:6789/0] -- mon_command({"prefix": "get_command_descriptions"} v 0) -- 0x7f23b810a600 con 0x7f23b810a180
2026-02-17T20:29:47.647 INFO:teuthology.orchestra.run.trial079.stdout:/usr/bin/ceph: stderr
2026-02-17T20:29:47.452+0000 7f23b57fa640 1 -- 10.20.193.79:0/2003185399 <== mon.0 v2:10.20.193.79:3300/0 4 ==== mgrmap(e 6) ==== 50141+0+0 (secure 0 0 0) 0x7f23a4040900 con 0x7f23b810a180
2026-02-17T20:29:47.647 INFO:teuthology.orchestra.run.trial079.stdout:/usr/bin/ceph: stderr
2026-02-17T20:29:47.453+0000 7f23b57fa640 1 --2- 10.20.193.79:0/2003185399 >> [v2:10.20.193.79:6800/3075059643,v1:10.20.193.79:6801/3075059643] conn(0x7f238c03dad0 0x7f238c03ff90 unknown :-1 s=NONE pgs=0 cs=0 l=1 rev1=0 crypto rx=0 tx=0 comp rx=0 tx=0).connect
2026-02-17T20:29:47.647 INFO:teuthology.orchestra.run.trial079.stdout:/usr/bin/ceph: stderr
2026-02-17T20:29:47.453+0000 7f23b57fa640 1 -- 10.20.193.79:0/2003185399 <== mon.0 v2:10.20.193.79:3300/0 5 ==== osd_map(2..2 src has 1..2) ==== 940+0+0 (secure 0 0 0) 0x7f23a4076fd0 con 0x7f23b810a180
2026-02-17T20:29:47.647 INFO:teuthology.orchestra.run.trial079.stdout:/usr/bin/ceph: stderr
2026-02-17T20:29:47.453+0000 7f23b77fe640 1 --2- 10.20.193.79:0/2003185399 >> [v2:10.20.193.79:6800/3075059643,v1:10.20.193.79:6801/3075059643] conn(0x7f238c03dad0 0x7f238c03ff90 unknown :-1 s=BANNER_CONNECTING pgs=0 cs=0 l=1 rev1=0 crypto rx=0 tx=0 comp rx=0 tx=0)._handle_peer_banner_payload supported=3 required=0
2026-02-17T20:29:47.647 INFO:teuthology.orchestra.run.trial079.stdout:/usr/bin/ceph: stderr
2026-02-17T20:29:47.453+0000 7f23b77fe640 1 --2- 10.20.193.79:0/2003185399 >> [v2:10.20.193.79:6800/3075059643,v1:10.20.193.79:6801/3075059643] conn(0x7f238c03dad0 0x7f238c03ff90 secure :-1 s=READY pgs=7 cs=0 l=1 rev1=1 crypto rx=0x7f23a80099c0 tx=0x7f23a8006eb0 comp rx=0 tx=0).ready entity=mgr.14118 client_cookie=0 server_cookie=0 in_seq=0 out_seq=0
2026-02-17T20:29:47.647 INFO:teuthology.orchestra.run.trial079.stdout:/usr/bin/ceph: stderr
2026-02-17T20:29:47.456+0000 7f23b57fa640 1 -- 10.20.193.79:0/2003185399 <== mon.0 v2:10.20.193.79:3300/0 6 ==== mon_command_ack([{"prefix": "get_command_descriptions"}]=0 v0) ==== 72+0+195034 (secure 0 0 0) 0x7f23a404f030 con 0x7f23b810a180
2026-02-17T20:29:47.647 INFO:teuthology.orchestra.run.trial079.stdout:/usr/bin/ceph: stderr
2026-02-17T20:29:47.555+0000 7f238affd640 1 -- 10.20.193.79:0/2003185399 --> [v2:10.20.193.79:6800/3075059643,v1:10.20.193.79:6801/3075059643] -- mgr_command(tid 0: {"prefix": "orch set backend", "module_name": "cephadm", "target": ["mon-mgr", ""]}) -- 0x7f23b8063a10 con 0x7f238c03dad0
2026-02-17T20:29:47.647 INFO:teuthology.orchestra.run.trial079.stdout:/usr/bin/ceph: stderr
2026-02-17T20:29:47.560+0000 7f23b57fa640 1 -- 10.20.193.79:0/2003185399 <== mgr.14118 v2:10.20.193.79:6800/3075059643 1 ==== mgr_command_reply(tid 0: 0 ) ==== 8+0+0 (secure 0 0 0) 0x7f23b8063a10 con 0x7f238c03dad0
2026-02-17T20:29:47.647 INFO:teuthology.orchestra.run.trial079.stdout:/usr/bin/ceph: stderr
2026-02-17T20:29:47.561+0000 7f238affd640 1 -- 10.20.193.79:0/2003185399 >> [v2:10.20.193.79:6800/3075059643,v1:10.20.193.79:6801/3075059643] conn(0x7f238c03dad0 msgr2=0x7f238c03ff90 secure :-1 s=STATE_CONNECTION_ESTABLISHED l=1).mark_down
2026-02-17T20:29:47.647 INFO:teuthology.orchestra.run.trial079.stdout:/usr/bin/ceph: stderr
2026-02-17T20:29:47.561+0000 7f238affd640 1 --2- 10.20.193.79:0/2003185399 >> [v2:10.20.193.79:6800/3075059643,v1:10.20.193.79:6801/3075059643] conn(0x7f238c03dad0 0x7f238c03ff90 secure :-1 s=READY pgs=7 cs=0 l=1 rev1=1 crypto rx=0x7f23a80099c0 tx=0x7f23a8006eb0 comp rx=0 tx=0).stop
2026-02-17T20:29:47.647 INFO:teuthology.orchestra.run.trial079.stdout:/usr/bin/ceph: stderr
2026-02-17T20:29:47.561+0000 7f238affd640 1 -- 10.20.193.79:0/2003185399 >> [v2:10.20.193.79:3300/0,v1:10.20.193.79:6789/0] conn(0x7f23b810a180 msgr2=0x7f23b81a0040 secure :-1 s=STATE_CONNECTION_ESTABLISHED l=1).mark_down
2026-02-17T20:29:47.648 INFO:teuthology.orchestra.run.trial079.stdout:/usr/bin/ceph: stderr
2026-02-17T20:29:47.561+0000 7f238affd640 1 --2- 10.20.193.79:0/2003185399 >> [v2:10.20.193.79:3300/0,v1:10.20.193.79:6789/0] conn(0x7f23b810a180 0x7f23b81a0040 secure :-1 s=READY pgs=36 cs=0 l=1 rev1=1 crypto rx=0x7f23a4006fd0 tx=0x7f23a4037bb0 comp rx=0 tx=0).stop
2026-02-17T20:29:47.648 INFO:teuthology.orchestra.run.trial079.stdout:/usr/bin/ceph: stderr
2026-02-17T20:29:47.561+0000 7f238affd640 1 -- 10.20.193.79:0/2003185399 shutdown_connections
2026-02-17T20:29:47.648 INFO:teuthology.orchestra.run.trial079.stdout:/usr/bin/ceph: stderr
2026-02-17T20:29:47.561+0000 7f238affd640 1 --2- 10.20.193.79:0/2003185399 >> [v2:10.20.193.79:6800/3075059643,v1:10.20.193.79:6801/3075059643] conn(0x7f238c03dad0 0x7f238c03ff90 unknown :-1 s=CLOSED pgs=7 cs=0 l=1 rev1=1 crypto rx=0 tx=0 comp rx=0 tx=0).stop
2026-02-17T20:29:47.648 INFO:teuthology.orchestra.run.trial079.stdout:/usr/bin/ceph: stderr
2026-02-17T20:29:47.561+0000 7f238affd640 1 --2- 10.20.193.79:0/2003185399 >> [v2:10.20.193.79:3300/0,v1:10.20.193.79:6789/0] conn(0x7f23b810a180 0x7f23b81a0040 unknown :-1 s=CLOSED pgs=36 cs=0 l=1 rev1=1 crypto rx=0 tx=0 comp rx=0 tx=0).stop
2026-02-17T20:29:47.648 INFO:teuthology.orchestra.run.trial079.stdout:/usr/bin/ceph: stderr
2026-02-17T20:29:47.561+0000 7f238affd640 1 -- 10.20.193.79:0/2003185399 >> 10.20.193.79:0/2003185399 conn(0x7f23b807d770 msgr2=0x7f23b81077a0 unknown :-1 s=STATE_NONE l=0).mark_down
2026-02-17T20:29:47.648 INFO:teuthology.orchestra.run.trial079.stdout:/usr/bin/ceph: stderr
2026-02-17T20:29:47.561+0000 7f238affd640 1 -- 10.20.193.79:0/2003185399 shutdown_connections
2026-02-17T20:29:47.648 INFO:teuthology.orchestra.run.trial079.stdout:/usr/bin/ceph: stderr
2026-02-17T20:29:47.561+0000 7f238affd640 1 -- 10.20.193.79:0/2003185399 wait complete.
2026-02-17T20:29:47.981 INFO:teuthology.orchestra.run.trial079.stdout:/usr/bin/ceph: stdout value unchanged
2026-02-17T20:29:47.981 INFO:teuthology.orchestra.run.trial079.stdout:/usr/bin/ceph: stderr
2026-02-17T20:29:47.798+0000 7ff9aa66d640 1 Processor -- start
2026-02-17T20:29:47.981 INFO:teuthology.orchestra.run.trial079.stdout:/usr/bin/ceph: stderr
2026-02-17T20:29:47.798+0000 7ff9aa66d640 1 -- start start
2026-02-17T20:29:47.981 INFO:teuthology.orchestra.run.trial079.stdout:/usr/bin/ceph: stderr
2026-02-17T20:29:47.798+0000 7ff9aa66d640 1 --2- >> [v2:10.20.193.79:3300/0,v1:10.20.193.79:6789/0] conn(0x7ff9a410f070 0x7ff9a4111460 unknown :-1 s=NONE pgs=0 cs=0 l=0 rev1=0 crypto rx=0 tx=0 comp rx=0 tx=0).connect
2026-02-17T20:29:47.981 INFO:teuthology.orchestra.run.trial079.stdout:/usr/bin/ceph: stderr
2026-02-17T20:29:47.798+0000 7ff9aa66d640 1 -- --> [v2:10.20.193.79:3300/0,v1:10.20.193.79:6789/0] -- mon_getmap magic: 0 -- 0x7ff9a40826a0 con 0x7ff9a410f070
2026-02-17T20:29:47.981 INFO:teuthology.orchestra.run.trial079.stdout:/usr/bin/ceph: stderr
2026-02-17T20:29:47.799+0000 7ff9a966b640 1 --2- >> [v2:10.20.193.79:3300/0,v1:10.20.193.79:6789/0] conn(0x7ff9a410f070 0x7ff9a4111460 unknown :-1 s=BANNER_CONNECTING pgs=0 cs=0 l=0 rev1=0 crypto rx=0 tx=0 comp rx=0 tx=0)._handle_peer_banner_payload supported=3 required=0
2026-02-17T20:29:47.982 INFO:teuthology.orchestra.run.trial079.stdout:/usr/bin/ceph: stderr
2026-02-17T20:29:47.799+0000 7ff9a966b640 1 --2- >> [v2:10.20.193.79:3300/0,v1:10.20.193.79:6789/0] conn(0x7ff9a410f070 0x7ff9a4111460 unknown :-1 s=HELLO_CONNECTING pgs=0 cs=0 l=0 rev1=1 crypto rx=0 tx=0 comp rx=0 tx=0).handle_hello peer v2:10.20.193.79:3300/0 says I am v2:10.20.193.79:33666/0 (socket says 10.20.193.79:33666)
2026-02-17T20:29:47.982 INFO:teuthology.orchestra.run.trial079.stdout:/usr/bin/ceph: stderr
2026-02-17T20:29:47.799+0000 7ff9a966b640 1 -- 10.20.193.79:0/928816233 learned_addr learned my addr 10.20.193.79:0/928816233 (peer_addr_for_me v2:10.20.193.79:0/0)
2026-02-17T20:29:47.982 INFO:teuthology.orchestra.run.trial079.stdout:/usr/bin/ceph: stderr
2026-02-17T20:29:47.799+0000 7ff9a966b640 1 -- 10.20.193.79:0/928816233 --> [v2:10.20.193.79:3300/0,v1:10.20.193.79:6789/0] -- mon_subscribe({config=0+,monmap=0+}) -- 0x7ff9a41119a0 con 0x7ff9a410f070
2026-02-17T20:29:47.982 INFO:teuthology.orchestra.run.trial079.stdout:/usr/bin/ceph: stderr
2026-02-17T20:29:47.800+0000 7ff9a966b640 1 --2- 10.20.193.79:0/928816233 >> [v2:10.20.193.79:3300/0,v1:10.20.193.79:6789/0] conn(0x7ff9a410f070 0x7ff9a4111460 secure :-1 s=READY pgs=37 cs=0 l=1 rev1=1 crypto rx=0x7ff994009920 tx=0x7ff99402ef20 comp rx=0 tx=0).ready entity=mon.0 client_cookie=a82683875072d3b1 server_cookie=0 in_seq=0 out_seq=0
2026-02-17T20:29:47.982 INFO:teuthology.orchestra.run.trial079.stdout:/usr/bin/ceph: stderr
2026-02-17T20:29:47.800+0000 7ff993fff640 1 -- 10.20.193.79:0/928816233 <== mon.0 v2:10.20.193.79:3300/0 1 ==== mon_map magic: 0 ==== 205+0+0 (secure 0 0 0) 0x7ff99403c070 con 0x7ff9a410f070
2026-02-17T20:29:47.982 INFO:teuthology.orchestra.run.trial079.stdout:/usr/bin/ceph: stderr
2026-02-17T20:29:47.800+0000 7ff993fff640 1 -- 10.20.193.79:0/928816233 <== mon.0 v2:10.20.193.79:3300/0 2 ==== config(26 keys) ==== 1045+0+0 (secure 0 0 0) 0x7ff994037440 con 0x7ff9a410f070
2026-02-17T20:29:47.982 INFO:teuthology.orchestra.run.trial079.stdout:/usr/bin/ceph: stderr
2026-02-17T20:29:47.800+0000 7ff993fff640 1 -- 10.20.193.79:0/928816233 <== mon.0 v2:10.20.193.79:3300/0 3 ==== mon_map magic: 0 ==== 205+0+0 (secure 0 0 0) 0x7ff9940354b0 con 0x7ff9a410f070
2026-02-17T20:29:47.982 INFO:teuthology.orchestra.run.trial079.stdout:/usr/bin/ceph: stderr
2026-02-17T20:29:47.800+0000 7ff9aa66d640 1 -- 10.20.193.79:0/928816233 >> [v2:10.20.193.79:3300/0,v1:10.20.193.79:6789/0] conn(0x7ff9a410f070 msgr2=0x7ff9a4111460 secure :-1 s=STATE_CONNECTION_ESTABLISHED l=1).mark_down
2026-02-17T20:29:47.982 INFO:teuthology.orchestra.run.trial079.stdout:/usr/bin/ceph: stderr
2026-02-17T20:29:47.800+0000 7ff9aa66d640 1 --2- 10.20.193.79:0/928816233 >> [v2:10.20.193.79:3300/0,v1:10.20.193.79:6789/0] conn(0x7ff9a410f070 0x7ff9a4111460 secure :-1 s=READY pgs=37 cs=0 l=1 rev1=1 crypto rx=0x7ff994009920 tx=0x7ff99402ef20 comp rx=0 tx=0).stop
2026-02-17T20:29:47.983 INFO:teuthology.orchestra.run.trial079.stdout:/usr/bin/ceph: stderr
2026-02-17T20:29:47.801+0000 7ff9aa66d640 1 -- 10.20.193.79:0/928816233 shutdown_connections
2026-02-17T20:29:47.983 INFO:teuthology.orchestra.run.trial079.stdout:/usr/bin/ceph: stderr
2026-02-17T20:29:47.801+0000 7ff9aa66d640 1 --2- 10.20.193.79:0/928816233 >> [v2:10.20.193.79:3300/0,v1:10.20.193.79:6789/0] conn(0x7ff9a410f070 0x7ff9a4111460 unknown :-1 s=CLOSED pgs=37 cs=0 l=1 rev1=1 crypto rx=0 tx=0 comp rx=0 tx=0).stop
2026-02-17T20:29:47.983 INFO:teuthology.orchestra.run.trial079.stdout:/usr/bin/ceph: stderr
2026-02-17T20:29:47.801+0000 7ff9aa66d640 1 -- 10.20.193.79:0/928816233 >> 10.20.193.79:0/928816233 conn(0x7ff9a407d640 msgr2=0x7ff9a407fa80 unknown :-1 s=STATE_NONE l=0).mark_down
2026-02-17T20:29:47.983 INFO:teuthology.orchestra.run.trial079.stdout:/usr/bin/ceph: stderr
2026-02-17T20:29:47.801+0000 7ff9aa66d640 1 -- 10.20.193.79:0/928816233 shutdown_connections
2026-02-17T20:29:47.983 INFO:teuthology.orchestra.run.trial079.stdout:/usr/bin/ceph: stderr
2026-02-17T20:29:47.801+0000 7ff9aa66d640 1 -- 10.20.193.79:0/928816233 wait complete.
2026-02-17T20:29:47.983 INFO:teuthology.orchestra.run.trial079.stdout:/usr/bin/ceph: stderr
2026-02-17T20:29:47.801+0000 7ff9aa66d640 1 Processor -- start
2026-02-17T20:29:47.983 INFO:teuthology.orchestra.run.trial079.stdout:/usr/bin/ceph: stderr
2026-02-17T20:29:47.801+0000 7ff9aa66d640 1 -- start start
2026-02-17T20:29:47.983 INFO:teuthology.orchestra.run.trial079.stdout:/usr/bin/ceph: stderr
2026-02-17T20:29:47.802+0000 7ff9aa66d640 1 --2- >> [v2:10.20.193.79:3300/0,v1:10.20.193.79:6789/0] conn(0x7ff9a410f070 0x7ff9a41a4510 unknown :-1 s=NONE pgs=0 cs=0 l=1 rev1=0 crypto rx=0 tx=0 comp rx=0 tx=0).connect
2026-02-17T20:29:47.983 INFO:teuthology.orchestra.run.trial079.stdout:/usr/bin/ceph: stderr
2026-02-17T20:29:47.802+0000 7ff9aa66d640 1 -- --> [v2:10.20.193.79:3300/0,v1:10.20.193.79:6789/0] -- mon_getmap magic: 0 -- 0x7ff9a41128e0 con 0x7ff9a410f070
2026-02-17T20:29:47.983 INFO:teuthology.orchestra.run.trial079.stdout:/usr/bin/ceph: stderr
2026-02-17T20:29:47.802+0000 7ff9a966b640 1 --2- >> [v2:10.20.193.79:3300/0,v1:10.20.193.79:6789/0] conn(0x7ff9a410f070 0x7ff9a41a4510 unknown :-1 s=BANNER_CONNECTING pgs=0 cs=0 l=1 rev1=0 crypto rx=0 tx=0 comp rx=0 tx=0)._handle_peer_banner_payload supported=3 required=0
2026-02-17T20:29:47.983 INFO:teuthology.orchestra.run.trial079.stdout:/usr/bin/ceph: stderr
2026-02-17T20:29:47.802+0000 7ff9a966b640 1 --2- >> [v2:10.20.193.79:3300/0,v1:10.20.193.79:6789/0] conn(0x7ff9a410f070 0x7ff9a41a4510 unknown :-1 s=HELLO_CONNECTING pgs=0 cs=0 l=1 rev1=1 crypto rx=0 tx=0 comp rx=0 tx=0).handle_hello peer v2:10.20.193.79:3300/0 says I am v2:10.20.193.79:33676/0 (socket says 10.20.193.79:33676)
2026-02-17T20:29:47.984 INFO:teuthology.orchestra.run.trial079.stdout:/usr/bin/ceph: stderr
2026-02-17T20:29:47.802+0000 7ff9a966b640 1 -- 10.20.193.79:0/1700523973 learned_addr learned my addr 10.20.193.79:0/1700523973 (peer_addr_for_me v2:10.20.193.79:0/0)
2026-02-17T20:29:47.984 INFO:teuthology.orchestra.run.trial079.stdout:/usr/bin/ceph: stderr
2026-02-17T20:29:47.802+0000 7ff9a966b640 1 -- 10.20.193.79:0/1700523973 --> [v2:10.20.193.79:3300/0,v1:10.20.193.79:6789/0] -- mon_subscribe({config=0+,monmap=0+}) -- 0x7ff9a41a4a50 con 0x7ff9a410f070
2026-02-17T20:29:47.984 INFO:teuthology.orchestra.run.trial079.stdout:/usr/bin/ceph: stderr
2026-02-17T20:29:47.802+0000 7ff9a966b640 1 --2- 10.20.193.79:0/1700523973 >> [v2:10.20.193.79:3300/0,v1:10.20.193.79:6789/0] conn(0x7ff9a410f070 0x7ff9a41a4510 secure :-1 s=READY pgs=38 cs=0 l=1 rev1=1 crypto rx=0x7ff994009a50 tx=0x7ff994037b90 comp rx=0 tx=0).ready entity=mon.0 client_cookie=0 server_cookie=0 in_seq=0 out_seq=0
2026-02-17T20:29:47.984 INFO:teuthology.orchestra.run.trial079.stdout:/usr/bin/ceph: stderr
2026-02-17T20:29:47.802+0000 7ff9927fc640 1 -- 10.20.193.79:0/1700523973 <== mon.0 v2:10.20.193.79:3300/0 1 ==== mon_map magic: 0 ==== 205+0+0 (secure 0 0 0) 0x7ff994045070 con 0x7ff9a410f070
2026-02-17T20:29:47.984 INFO:teuthology.orchestra.run.trial079.stdout:/usr/bin/ceph: stderr
2026-02-17T20:29:47.802+0000 7ff9927fc640 1 -- 10.20.193.79:0/1700523973 <== mon.0 v2:10.20.193.79:3300/0 2 ==== config(26 keys) ==== 1045+0+0 (secure 0 0 0) 0x7ff994040450 con 0x7ff9a410f070
2026-02-17T20:29:47.984 INFO:teuthology.orchestra.run.trial079.stdout:/usr/bin/ceph: stderr
2026-02-17T20:29:47.802+0000 7ff9aa66d640 1 -- 10.20.193.79:0/1700523973 --> [v2:10.20.193.79:3300/0,v1:10.20.193.79:6789/0] -- mon_subscribe({mgrmap=0+}) -- 0x7ff9a41a4ce0 con 0x7ff9a410f070
2026-02-17T20:29:47.984 INFO:teuthology.orchestra.run.trial079.stdout:/usr/bin/ceph: stderr
2026-02-17T20:29:47.802+0000 7ff9aa66d640 1 -- 10.20.193.79:0/1700523973 --> [v2:10.20.193.79:3300/0,v1:10.20.193.79:6789/0] -- mon_subscribe({osdmap=0}) -- 0x7ff9a41a79d0 con 0x7ff9a410f070
2026-02-17T20:29:47.984 INFO:teuthology.orchestra.run.trial079.stdout:/usr/bin/ceph: stderr
2026-02-17T20:29:47.803+0000 7ff9927fc640 1 -- 10.20.193.79:0/1700523973 <== mon.0 v2:10.20.193.79:3300/0 3 ==== mon_map magic: 0 ==== 205+0+0 (secure 0 0 0) 0x7ff99403c070 con 0x7ff9a410f070
2026-02-17T20:29:47.984 INFO:teuthology.orchestra.run.trial079.stdout:/usr/bin/ceph: stderr
2026-02-17T20:29:47.803+0000 7ff9aa66d640 1 -- 10.20.193.79:0/1700523973 --> [v2:10.20.193.79:3300/0,v1:10.20.193.79:6789/0] -- mon_command({"prefix": "get_command_descriptions"} v 0) -- 0x7ff9a410f4d0 con 0x7ff9a410f070
2026-02-17T20:29:47.984 INFO:teuthology.orchestra.run.trial079.stdout:/usr/bin/ceph: stderr
2026-02-17T20:29:47.803+0000 7ff9927fc640 1 -- 10.20.193.79:0/1700523973 <== mon.0 v2:10.20.193.79:3300/0 4 ==== mgrmap(e 6) ==== 50141+0+0 (secure 0 0 0) 0x7ff994035aa0 con 0x7ff9a410f070
2026-02-17T20:29:47.985 INFO:teuthology.orchestra.run.trial079.stdout:/usr/bin/ceph: stderr
2026-02-17T20:29:47.804+0000 7ff9927fc640 1 --2- 10.20.193.79:0/1700523973 >> [v2:10.20.193.79:6800/3075059643,v1:10.20.193.79:6801/3075059643] conn(0x7ff98003dad0 0x7ff98003ff90 unknown :-1 s=NONE pgs=0 cs=0 l=1 rev1=0 crypto rx=0 tx=0 comp rx=0 tx=0).connect
2026-02-17T20:29:47.985 INFO:teuthology.orchestra.run.trial079.stdout:/usr/bin/ceph: stderr
2026-02-17T20:29:47.804+0000 7ff9927fc640 1 -- 10.20.193.79:0/1700523973 <== mon.0 v2:10.20.193.79:3300/0 5 ==== osd_map(2..2 src has 1..2) ==== 940+0+0 (secure 0 0 0) 0x7ff994076540 con 0x7ff9a410f070
2026-02-17T20:29:47.985 INFO:teuthology.orchestra.run.trial079.stdout:/usr/bin/ceph: stderr
2026-02-17T20:29:47.804+0000 7ff9a8e6a640 1 --2- 10.20.193.79:0/1700523973 >> [v2:10.20.193.79:6800/3075059643,v1:10.20.193.79:6801/3075059643] conn(0x7ff98003dad0 0x7ff98003ff90 unknown :-1 s=BANNER_CONNECTING pgs=0 cs=0 l=1 rev1=0 crypto rx=0 tx=0 comp rx=0 tx=0)._handle_peer_banner_payload supported=3 required=0
2026-02-17T20:29:47.985 INFO:teuthology.orchestra.run.trial079.stdout:/usr/bin/ceph: stderr
2026-02-17T20:29:47.804+0000 7ff9a8e6a640 1 --2- 10.20.193.79:0/1700523973 >> [v2:10.20.193.79:6800/3075059643,v1:10.20.193.79:6801/3075059643] conn(0x7ff98003dad0 0x7ff98003ff90 secure :-1 s=READY pgs=8 cs=0 l=1 rev1=1 crypto rx=0x7ff9980099c0 tx=0x7ff998006eb0 comp rx=0 tx=0).ready entity=mgr.14118 client_cookie=0 server_cookie=0 in_seq=0 out_seq=0
2026-02-17T20:29:47.985 INFO:teuthology.orchestra.run.trial079.stdout:/usr/bin/ceph: stderr
2026-02-17T20:29:47.806+0000 7ff9927fc640 1 -- 10.20.193.79:0/1700523973 <== mon.0 v2:10.20.193.79:3300/0 6 ==== mon_command_ack([{"prefix": "get_command_descriptions"}]=0 v0) ==== 72+0+195034 (secure 0 0 0) 0x7ff994035dc0 con 0x7ff9a410f070
2026-02-17T20:29:47.985 INFO:teuthology.orchestra.run.trial079.stdout:/usr/bin/ceph: stderr
2026-02-17T20:29:47.897+0000 7ff9aa66d640 1 -- 10.20.193.79:0/1700523973 --> [v2:10.20.193.79:6800/3075059643,v1:10.20.193.79:6801/3075059643] -- mgr_command(tid 0: {"prefix": "cephadm set-user", "user": "root", "target": ["mon-mgr", ""]}) -- 0x7ff9a407e9a0 con 0x7ff98003dad0
2026-02-17T20:29:47.985 INFO:teuthology.orchestra.run.trial079.stdout:/usr/bin/ceph: stderr
2026-02-17T20:29:47.898+0000 7ff9927fc640 1 -- 10.20.193.79:0/1700523973 <== mgr.14118 v2:10.20.193.79:6800/3075059643 1 ==== mgr_command_reply(tid 0: 0 ) ==== 8+0+16 (secure 0 0 0) 0x7ff9a407e9a0 con 0x7ff98003dad0
2026-02-17T20:29:47.985 INFO:teuthology.orchestra.run.trial079.stdout:/usr/bin/ceph: stderr
2026-02-17T20:29:47.898+0000 7ff9aa66d640 1 -- 10.20.193.79:0/1700523973 >> [v2:10.20.193.79:6800/3075059643,v1:10.20.193.79:6801/3075059643] conn(0x7ff98003dad0 msgr2=0x7ff98003ff90 secure :-1 s=STATE_CONNECTION_ESTABLISHED l=1).mark_down
2026-02-17T20:29:47.985 INFO:teuthology.orchestra.run.trial079.stdout:/usr/bin/ceph: stderr
2026-02-17T20:29:47.898+0000 7ff9aa66d640 1 --2- 10.20.193.79:0/1700523973 >> [v2:10.20.193.79:6800/3075059643,v1:10.20.193.79:6801/3075059643] conn(0x7ff98003dad0 0x7ff98003ff90 secure :-1 s=READY pgs=8 cs=0 l=1 rev1=1 crypto rx=0x7ff9980099c0 tx=0x7ff998006eb0 comp rx=0 tx=0).stop
2026-02-17T20:29:47.985 INFO:teuthology.orchestra.run.trial079.stdout:/usr/bin/ceph: stderr
2026-02-17T20:29:47.898+0000 7ff9aa66d640 1 -- 10.20.193.79:0/1700523973 >> [v2:10.20.193.79:3300/0,v1:10.20.193.79:6789/0] conn(0x7ff9a410f070 msgr2=0x7ff9a41a4510 secure :-1 s=STATE_CONNECTION_ESTABLISHED l=1).mark_down
2026-02-17T20:29:47.985 INFO:teuthology.orchestra.run.trial079.stdout:/usr/bin/ceph: stderr
