2026-02-17T20:30:40.725+0000 7f026cff9640 1 -- 10.20.193.73:0/3006611058 <== mon.0 v2:10.20.193.73:3300/0 6 ==== mgrmap(e 10) ==== 50027+0+0 (secure 0 0 0) 0x7f025c075570 con 0x7f027007ee70
2026-02-17T20:30:41.806 INFO:teuthology.orchestra.run.trial073.stdout:/usr/bin/ceph: stderr
2026-02-17T20:30:40.726+0000 7f026cff9640 1 -- 10.20.193.73:0/3006611058 >> [v2:10.20.193.73:6800/2261665755,v1:10.20.193.73:6801/2261665755] conn(0x7f024403dbf0 msgr2=0x7f02440400b0 unknown :-1 s=STATE_CONNECTING l=1).mark_down
2026-02-17T20:30:41.806 INFO:teuthology.orchestra.run.trial073.stdout:/usr/bin/ceph: stderr
2026-02-17T20:30:40.726+0000 7f026cff9640 1 --2- 10.20.193.73:0/3006611058 >> [v2:10.20.193.73:6800/2261665755,v1:10.20.193.73:6801/2261665755] conn(0x7f024403dbf0 0x7f02440400b0 unknown :-1 s=START_CONNECT pgs=0 cs=0 l=1 rev1=0 crypto rx=0 tx=0 comp rx=0 tx=0).stop
2026-02-17T20:30:41.807 INFO:teuthology.orchestra.run.trial073.stdout:/usr/bin/ceph: stderr
2026-02-17T20:30:41.727+0000 7f026cff9640 1 -- 10.20.193.73:0/3006611058 <== mon.0 v2:10.20.193.73:3300/0 7 ==== mgrmap(e 11) ==== 50154+0+0 (secure 0 0 0) 0x7f025c075c70 con 0x7f027007ee70
2026-02-17T20:30:41.807 INFO:teuthology.orchestra.run.trial073.stdout:/usr/bin/ceph: stderr
2026-02-17T20:30:41.727+0000 7f026cff9640 1 --2- 10.20.193.73:0/3006611058 >> [v2:10.20.193.73:6800/2978017144,v1:10.20.193.73:6801/2978017144] conn(0x7f02440416d0 0x7f0244043ac0 unknown :-1 s=NONE pgs=0 cs=0 l=1 rev1=0 crypto rx=0 tx=0 comp rx=0 tx=0).connect
2026-02-17T20:30:41.807 INFO:teuthology.orchestra.run.trial073.stdout:/usr/bin/ceph: stderr
2026-02-17T20:30:41.727+0000 7f026cff9640 1 -- 10.20.193.73:0/3006611058 --> [v2:10.20.193.73:6800/2978017144,v1:10.20.193.73:6801/2978017144] -- command(tid 0: {"prefix": "get_command_descriptions"}) -- 0x7f025c046ec0 con 0x7f02440416d0
2026-02-17T20:30:41.807 INFO:teuthology.orchestra.run.trial073.stdout:/usr/bin/ceph: stderr
2026-02-17T20:30:41.727+0000 7f026effd640 1 --2- 10.20.193.73:0/3006611058 >> [v2:10.20.193.73:6800/2978017144,v1:10.20.193.73:6801/2978017144] conn(0x7f02440416d0 0x7f0244043ac0 unknown :-1 s=BANNER_CONNECTING pgs=0 cs=0 l=1 rev1=0 crypto rx=0 tx=0 comp rx=0 tx=0)._handle_peer_banner_payload supported=3 required=0
2026-02-17T20:30:41.807 INFO:teuthology.orchestra.run.trial073.stdout:/usr/bin/ceph: stderr
2026-02-17T20:30:41.727+0000 7f026effd640 1 --2- 10.20.193.73:0/3006611058 >> [v2:10.20.193.73:6800/2978017144,v1:10.20.193.73:6801/2978017144] conn(0x7f02440416d0 0x7f0244043ac0 secure :-1 s=READY pgs=2 cs=0 l=1 rev1=1 crypto rx=0x7f0260003a80 tx=0x7f0260009290 comp rx=0 tx=0).ready entity=mgr.14150 client_cookie=0 server_cookie=0 in_seq=0 out_seq=0
2026-02-17T20:30:41.807 INFO:teuthology.orchestra.run.trial073.stdout:/usr/bin/ceph: stderr
2026-02-17T20:30:41.728+0000 7f026cff9640 1 -- 10.20.193.73:0/3006611058 <== mgr.14150 v2:10.20.193.73:6800/2978017144 1 ==== command_reply(tid 0: 0 ) ==== 8+0+8901 (secure 0 0 0) 0x7f025c046ec0 con 0x7f02440416d0
2026-02-17T20:30:41.807 INFO:teuthology.orchestra.run.trial073.stdout:/usr/bin/ceph: stderr
2026-02-17T20:30:41.731+0000 7f0275c73640 1 -- 10.20.193.73:0/3006611058 --> [v2:10.20.193.73:6800/2978017144,v1:10.20.193.73:6801/2978017144] -- command(tid 1: {"prefix": "mgr_status"}) -- 0x7f027007d350 con 0x7f02440416d0
2026-02-17T20:30:41.807 INFO:teuthology.orchestra.run.trial073.stdout:/usr/bin/ceph: stderr
2026-02-17T20:30:41.731+0000 7f026cff9640 1 -- 10.20.193.73:0/3006611058 <== mgr.14150 v2:10.20.193.73:6800/2978017144 2 ==== command_reply(tid 1: 0 ) ==== 8+0+52 (secure 0 0 0) 0x7f027007d350 con 0x7f02440416d0
2026-02-17T20:30:41.807 INFO:teuthology.orchestra.run.trial073.stdout:/usr/bin/ceph: stderr
2026-02-17T20:30:41.731+0000 7f0275c73640 1 -- 10.20.193.73:0/3006611058 >> [v2:10.20.193.73:6800/2978017144,v1:10.20.193.73:6801/2978017144] conn(0x7f02440416d0 msgr2=0x7f0244043ac0 secure :-1 s=STATE_CONNECTION_ESTABLISHED l=1).mark_down
2026-02-17T20:30:41.807 INFO:teuthology.orchestra.run.trial073.stdout:/usr/bin/ceph: stderr
2026-02-17T20:30:41.731+0000 7f0275c73640 1 --2- 10.20.193.73:0/3006611058 >> [v2:10.20.193.73:6800/2978017144,v1:10.20.193.73:6801/2978017144] conn(0x7f02440416d0 0x7f0244043ac0 secure :-1 s=READY pgs=2 cs=0 l=1 rev1=1 crypto rx=0x7f0260003a80 tx=0x7f0260009290 comp rx=0 tx=0).stop
2026-02-17T20:30:41.807 INFO:teuthology.orchestra.run.trial073.stdout:/usr/bin/ceph: stderr
2026-02-17T20:30:41.731+0000 7f0275c73640 1 -- 10.20.193.73:0/3006611058 >> [v2:10.20.193.73:3300/0,v1:10.20.193.73:6789/0] conn(0x7f027007ee70 msgr2=0x7f02701a04e0 secure :-1 s=STATE_CONNECTION_ESTABLISHED l=1).mark_down
2026-02-17T20:30:41.807 INFO:teuthology.orchestra.run.trial073.stdout:/usr/bin/ceph: stderr
2026-02-17T20:30:41.731+0000 7f0275c73640 1 --2- 10.20.193.73:0/3006611058 >> [v2:10.20.193.73:3300/0,v1:10.20.193.73:6789/0] conn(0x7f027007ee70 0x7f02701a04e0 secure :-1 s=READY pgs=60 cs=0 l=1 rev1=1 crypto rx=0x7f025c039000 tx=0x7f025c037890 comp rx=0 tx=0).stop
2026-02-17T20:30:41.808 INFO:teuthology.orchestra.run.trial073.stdout:/usr/bin/ceph: stderr
2026-02-17T20:30:41.732+0000 7f0275c73640 1 -- 10.20.193.73:0/3006611058 shutdown_connections
2026-02-17T20:30:41.808 INFO:teuthology.orchestra.run.trial073.stdout:/usr/bin/ceph: stderr
2026-02-17T20:30:41.732+0000 7f0275c73640 1 --2- 10.20.193.73:0/3006611058 >> [v2:10.20.193.73:6800/2978017144,v1:10.20.193.73:6801/2978017144] conn(0x7f02440416d0 0x7f0244043ac0 unknown :-1 s=CLOSED pgs=2 cs=0 l=1 rev1=1 crypto rx=0 tx=0 comp rx=0 tx=0).stop
2026-02-17T20:30:41.808 INFO:teuthology.orchestra.run.trial073.stdout:/usr/bin/ceph: stderr
2026-02-17T20:30:41.732+0000 7f0275c73640 1 --2- 10.20.193.73:0/3006611058 >> [v2:10.20.193.73:6800/2261665755,v1:10.20.193.73:6801/2261665755] conn(0x7f024403dbf0 0x7f02440400b0 unknown :-1 s=CLOSED pgs=0 cs=0 l=1 rev1=0 crypto rx=0 tx=0 comp rx=0 tx=0).stop
2026-02-17T20:30:41.808 INFO:teuthology.orchestra.run.trial073.stdout:/usr/bin/ceph: stderr
2026-02-17T20:30:41.732+0000 7f0275c73640 1 --2- 10.20.193.73:0/3006611058 >> [v2:10.20.193.73:3300/0,v1:10.20.193.73:6789/0] conn(0x7f027007ee70 0x7f02701a04e0 unknown :-1 s=CLOSED pgs=60 cs=0 l=1 rev1=1 crypto rx=0 tx=0 comp rx=0 tx=0).stop
2026-02-17T20:30:41.808 INFO:teuthology.orchestra.run.trial073.stdout:/usr/bin/ceph: stderr
2026-02-17T20:30:41.732+0000 7f0275c73640 1 -- 10.20.193.73:0/3006611058 >> 10.20.193.73:0/3006611058 conn(0x7f0270103b60 msgr2=0x7f0270104760 unknown :-1 s=STATE_NONE l=0).mark_down
2026-02-17T20:30:41.808 INFO:teuthology.orchestra.run.trial073.stdout:/usr/bin/ceph: stderr
2026-02-17T20:30:41.732+0000 7f0275c73640 1 -- 10.20.193.73:0/3006611058 shutdown_connections
2026-02-17T20:30:41.808 INFO:teuthology.orchestra.run.trial073.stdout:/usr/bin/ceph: stderr
2026-02-17T20:30:41.732+0000 7f0275c73640 1 -- 10.20.193.73:0/3006611058 wait complete.
2026-02-17T20:30:41.808 INFO:teuthology.orchestra.run.trial073.stdout:mgr epoch 9 is available
2026-02-17T20:30:41.808 INFO:teuthology.orchestra.run.trial073.stdout:Generating a dashboard self-signed certificate...
2026-02-17T20:30:42.068 INFO:teuthology.orchestra.run.trial073.stdout:/usr/bin/ceph: stdout Self-signed certificate created
2026-02-17T20:30:42.068 INFO:teuthology.orchestra.run.trial073.stdout:/usr/bin/ceph: stderr
2026-02-17T20:30:41.890+0000 7f9fb12ab640 1 Processor -- start
2026-02-17T20:30:42.068 INFO:teuthology.orchestra.run.trial073.stdout:/usr/bin/ceph: stderr
2026-02-17T20:30:41.890+0000 7f9fb12ab640 1 -- start start
2026-02-17T20:30:42.068 INFO:teuthology.orchestra.run.trial073.stdout:/usr/bin/ceph: stderr
2026-02-17T20:30:41.890+0000 7f9fb12ab640 1 --2- >> [v2:10.20.193.73:3300/0,v1:10.20.193.73:6789/0] conn(0x7f9fac108410 0x7f9fac108810 unknown :-1 s=NONE pgs=0 cs=0 l=0 rev1=0 crypto rx=0 tx=0 comp rx=0 tx=0).connect
2026-02-17T20:30:42.069 INFO:teuthology.orchestra.run.trial073.stdout:/usr/bin/ceph: stderr
2026-02-17T20:30:41.890+0000 7f9fb12ab640 1 -- --> [v2:10.20.193.73:3300/0,v1:10.20.193.73:6789/0] -- mon_getmap magic: 0 -- 0x7f9fac108de0 con 0x7f9fac108410
2026-02-17T20:30:42.069 INFO:teuthology.orchestra.run.trial073.stdout:/usr/bin/ceph: stderr
2026-02-17T20:30:41.890+0000 7f9faaffd640 1 --2- >> [v2:10.20.193.73:3300/0,v1:10.20.193.73:6789/0] conn(0x7f9fac108410 0x7f9fac108810 unknown :-1 s=BANNER_CONNECTING pgs=0 cs=0 l=0 rev1=0 crypto rx=0 tx=0 comp rx=0 tx=0)._handle_peer_banner_payload supported=3 required=0
2026-02-17T20:30:42.069 INFO:teuthology.orchestra.run.trial073.stdout:/usr/bin/ceph: stderr
2026-02-17T20:30:41.890+0000 7f9faaffd640 1 --2- >> [v2:10.20.193.73:3300/0,v1:10.20.193.73:6789/0] conn(0x7f9fac108410 0x7f9fac108810 unknown :-1 s=HELLO_CONNECTING pgs=0 cs=0 l=0 rev1=1 crypto rx=0 tx=0 comp rx=0 tx=0).handle_hello peer v2:10.20.193.73:3300/0 says I am v2:10.20.193.73:38030/0 (socket says 10.20.193.73:38030)
2026-02-17T20:30:42.069 INFO:teuthology.orchestra.run.trial073.stdout:/usr/bin/ceph: stderr
2026-02-17T20:30:41.890+0000 7f9faaffd640 1 -- 10.20.193.73:0/1821478223 learned_addr learned my addr 10.20.193.73:0/1821478223 (peer_addr_for_me v2:10.20.193.73:0/0)
2026-02-17T20:30:42.069 INFO:teuthology.orchestra.run.trial073.stdout:/usr/bin/ceph: stderr
2026-02-17T20:30:41.890+0000 7f9faaffd640 1 -- 10.20.193.73:0/1821478223 --> [v2:10.20.193.73:3300/0,v1:10.20.193.73:6789/0] -- mon_subscribe({config=0+,monmap=0+}) -- 0x7f9fac109610 con 0x7f9fac108410
2026-02-17T20:30:42.069 INFO:teuthology.orchestra.run.trial073.stdout:/usr/bin/ceph: stderr
2026-02-17T20:30:41.891+0000 7f9faaffd640 1 --2- 10.20.193.73:0/1821478223 >> [v2:10.20.193.73:3300/0,v1:10.20.193.73:6789/0] conn(0x7f9fac108410 0x7f9fac108810 secure :-1 s=READY pgs=68 cs=0 l=1 rev1=1 crypto rx=0x7f9fa0009920 tx=0x7f9fa002ef20 comp rx=0 tx=0).ready entity=mon.0 client_cookie=97a115fdc2d3bc80 server_cookie=0 in_seq=0 out_seq=0
2026-02-17T20:30:42.069 INFO:teuthology.orchestra.run.trial073.stdout:/usr/bin/ceph: stderr
2026-02-17T20:30:41.891+0000 7f9fa9ffb640 1 -- 10.20.193.73:0/1821478223 <== mon.0 v2:10.20.193.73:3300/0 1 ==== mon_map magic: 0 ==== 205+0+0 (secure 0 0 0) 0x7f9fa003c070 con 0x7f9fac108410
2026-02-17T20:30:42.069 INFO:teuthology.orchestra.run.trial073.stdout:/usr/bin/ceph: stderr
2026-02-17T20:30:41.891+0000 7f9fa9ffb640 1 -- 10.20.193.73:0/1821478223 <== mon.0 v2:10.20.193.73:3300/0 2 ==== config(26 keys) ==== 1076+0+0 (secure 0 0 0) 0x7f9fa0037440 con 0x7f9fac108410
2026-02-17T20:30:42.069 INFO:teuthology.orchestra.run.trial073.stdout:/usr/bin/ceph: stderr
2026-02-17T20:30:41.891+0000 7f9fa9ffb640 1 -- 10.20.193.73:0/1821478223 <== mon.0 v2:10.20.193.73:3300/0 3 ==== mon_map magic: 0 ==== 205+0+0 (secure 0 0 0) 0x7f9fa00354d0 con 0x7f9fac108410
2026-02-17T20:30:42.069 INFO:teuthology.orchestra.run.trial073.stdout:/usr/bin/ceph: stderr
2026-02-17T20:30:41.891+0000 7f9fb12ab640 1 -- 10.20.193.73:0/1821478223 >> [v2:10.20.193.73:3300/0,v1:10.20.193.73:6789/0] conn(0x7f9fac108410 msgr2=0x7f9fac108810 secure :-1 s=STATE_CONNECTION_ESTABLISHED l=1).mark_down
2026-02-17T20:30:42.069 INFO:teuthology.orchestra.run.trial073.stdout:/usr/bin/ceph: stderr
2026-02-17T20:30:41.891+0000 7f9fb12ab640 1 --2- 10.20.193.73:0/1821478223 >> [v2:10.20.193.73:3300/0,v1:10.20.193.73:6789/0] conn(0x7f9fac108410 0x7f9fac108810 secure :-1 s=READY pgs=68 cs=0 l=1 rev1=1 crypto rx=0x7f9fa0009920 tx=0x7f9fa002ef20 comp rx=0 tx=0).stop
2026-02-17T20:30:42.070 INFO:teuthology.orchestra.run.trial073.stdout:/usr/bin/ceph: stderr
2026-02-17T20:30:41.891+0000 7f9fb12ab640 1 -- 10.20.193.73:0/1821478223 shutdown_connections
2026-02-17T20:30:42.070 INFO:teuthology.orchestra.run.trial073.stdout:/usr/bin/ceph: stderr
2026-02-17T20:30:41.891+0000 7f9fb12ab640 1 --2- 10.20.193.73:0/1821478223 >> [v2:10.20.193.73:3300/0,v1:10.20.193.73:6789/0] conn(0x7f9fac108410 0x7f9fac108810 unknown :-1 s=CLOSED pgs=68 cs=0 l=1 rev1=1 crypto rx=0 tx=0 comp rx=0 tx=0).stop
2026-02-17T20:30:42.070 INFO:teuthology.orchestra.run.trial073.stdout:/usr/bin/ceph: stderr
2026-02-17T20:30:41.891+0000 7f9fb12ab640 1 -- 10.20.193.73:0/1821478223 >> 10.20.193.73:0/1821478223 conn(0x7f9fac103be0 msgr2=0x7f9fac106000 unknown :-1 s=STATE_NONE l=0).mark_down
2026-02-17T20:30:42.070 INFO:teuthology.orchestra.run.trial073.stdout:/usr/bin/ceph: stderr
2026-02-17T20:30:41.891+0000 7f9fb12ab640 1 -- 10.20.193.73:0/1821478223 shutdown_connections
2026-02-17T20:30:42.070 INFO:teuthology.orchestra.run.trial073.stdout:/usr/bin/ceph: stderr
2026-02-17T20:30:41.891+0000 7f9fb12ab640 1 -- 10.20.193.73:0/1821478223 wait complete.
2026-02-17T20:30:42.070 INFO:teuthology.orchestra.run.trial073.stdout:/usr/bin/ceph: stderr
2026-02-17T20:30:41.892+0000 7f9fb12ab640 1 Processor -- start
2026-02-17T20:30:42.070 INFO:teuthology.orchestra.run.trial073.stdout:/usr/bin/ceph: stderr
2026-02-17T20:30:41.892+0000 7f9fb12ab640 1 -- start start
2026-02-17T20:30:42.070 INFO:teuthology.orchestra.run.trial073.stdout:/usr/bin/ceph: stderr
2026-02-17T20:30:41.892+0000 7f9fb12ab640 1 --2- >> [v2:10.20.193.73:3300/0,v1:10.20.193.73:6789/0] conn(0x7f9fac108410 0x7f9fac19e200 unknown :-1 s=NONE pgs=0 cs=0 l=1 rev1=0 crypto rx=0 tx=0 comp rx=0 tx=0).connect
2026-02-17T20:30:42.070 INFO:teuthology.orchestra.run.trial073.stdout:/usr/bin/ceph: stderr
2026-02-17T20:30:41.892+0000 7f9fb12ab640 1 -- --> [v2:10.20.193.73:3300/0,v1:10.20.193.73:6789/0] -- mon_getmap magic: 0 -- 0x7f9fac10c840 con 0x7f9fac108410
2026-02-17T20:30:42.070 INFO:teuthology.orchestra.run.trial073.stdout:/usr/bin/ceph: stderr
2026-02-17T20:30:41.892+0000 7f9faaffd640 1 --2- >> [v2:10.20.193.73:3300/0,v1:10.20.193.73:6789/0] conn(0x7f9fac108410 0x7f9fac19e200 unknown :-1 s=BANNER_CONNECTING pgs=0 cs=0 l=1 rev1=0 crypto rx=0 tx=0 comp rx=0 tx=0)._handle_peer_banner_payload supported=3 required=0
2026-02-17T20:30:42.070 INFO:teuthology.orchestra.run.trial073.stdout:/usr/bin/ceph: stderr
2026-02-17T20:30:41.892+0000 7f9faaffd640 1 --2- >> [v2:10.20.193.73:3300/0,v1:10.20.193.73:6789/0] conn(0x7f9fac108410 0x7f9fac19e200 unknown :-1 s=HELLO_CONNECTING pgs=0 cs=0 l=1 rev1=1 crypto rx=0 tx=0 comp rx=0 tx=0).handle_hello peer v2:10.20.193.73:3300/0 says I am v2:10.20.193.73:38040/0 (socket says 10.20.193.73:38040)
2026-02-17T20:30:42.071 INFO:teuthology.orchestra.run.trial073.stdout:/usr/bin/ceph: stderr
2026-02-17T20:30:41.892+0000 7f9faaffd640 1 -- 10.20.193.73:0/2206581657 learned_addr learned my addr 10.20.193.73:0/2206581657 (peer_addr_for_me v2:10.20.193.73:0/0)
2026-02-17T20:30:42.071 INFO:teuthology.orchestra.run.trial073.stdout:/usr/bin/ceph: stderr
2026-02-17T20:30:41.892+0000 7f9faaffd640 1 -- 10.20.193.73:0/2206581657 --> [v2:10.20.193.73:3300/0,v1:10.20.193.73:6789/0] -- mon_subscribe({config=0+,monmap=0+}) -- 0x7f9fac19e740 con 0x7f9fac108410
2026-02-17T20:30:42.071 INFO:teuthology.orchestra.run.trial073.stdout:/usr/bin/ceph: stderr
2026-02-17T20:30:41.892+0000 7f9faaffd640 1 --2- 10.20.193.73:0/2206581657 >> [v2:10.20.193.73:3300/0,v1:10.20.193.73:6789/0] conn(0x7f9fac108410 0x7f9fac19e200 secure :-1 s=READY pgs=69 cs=0 l=1 rev1=1 crypto rx=0x7f9fa0009a50 tx=0x7f9fa0037820 comp rx=0 tx=0).ready entity=mon.0 client_cookie=0 server_cookie=0 in_seq=0 out_seq=0
2026-02-17T20:30:42.071 INFO:teuthology.orchestra.run.trial073.stdout:/usr/bin/ceph: stderr
2026-02-17T20:30:41.892+0000 7f9f8bfff640 1 -- 10.20.193.73:0/2206581657 <== mon.0 v2:10.20.193.73:3300/0 1 ==== mon_map magic: 0 ==== 205+0+0 (secure 0 0 0) 0x7f9fa0047070 con 0x7f9fac108410
2026-02-17T20:30:42.071 INFO:teuthology.orchestra.run.trial073.stdout:/usr/bin/ceph: stderr
2026-02-17T20:30:41.892+0000 7f9f8bfff640 1 -- 10.20.193.73:0/2206581657 <== mon.0 v2:10.20.193.73:3300/0 2 ==== config(26 keys) ==== 1076+0+0 (secure 0 0 0) 0x7f9fa0035da0 con 0x7f9fac108410
2026-02-17T20:30:42.071 INFO:teuthology.orchestra.run.trial073.stdout:/usr/bin/ceph: stderr
2026-02-17T20:30:41.892+0000 7f9fb12ab640 1 -- 10.20.193.73:0/2206581657 --> [v2:10.20.193.73:3300/0,v1:10.20.193.73:6789/0] -- mon_subscribe({mgrmap=0+}) -- 0x7f9fac19e9d0 con 0x7f9fac108410
2026-02-17T20:30:42.071 INFO:teuthology.orchestra.run.trial073.stdout:/usr/bin/ceph: stderr
2026-02-17T20:30:41.892+0000 7f9f8bfff640 1 -- 10.20.193.73:0/2206581657 <== mon.0 v2:10.20.193.73:3300/0 3 ==== mon_map magic: 0 ==== 205+0+0 (secure 0 0 0) 0x7f9fa003c070 con 0x7f9fac108410
2026-02-17T20:30:42.071 INFO:teuthology.orchestra.run.trial073.stdout:/usr/bin/ceph: stderr
2026-02-17T20:30:41.892+0000 7f9fb12ab640 1 -- 10.20.193.73:0/2206581657 --> [v2:10.20.193.73:3300/0,v1:10.20.193.73:6789/0] -- mon_subscribe({osdmap=0}) -- 0x7f9fac1a16c0 con 0x7f9fac108410
2026-02-17T20:30:42.071 INFO:teuthology.orchestra.run.trial073.stdout:/usr/bin/ceph: stderr
2026-02-17T20:30:41.893+0000 7f9fb12ab640 1 -- 10.20.193.73:0/2206581657 --> [v2:10.20.193.73:3300/0,v1:10.20.193.73:6789/0] -- mon_command({"prefix": "get_command_descriptions"} v 0) -- 0x7f9fac108890 con 0x7f9fac108410
2026-02-17T20:30:42.071 INFO:teuthology.orchestra.run.trial073.stdout:/usr/bin/ceph: stderr
2026-02-17T20:30:41.893+0000 7f9f8bfff640 1 -- 10.20.193.73:0/2206581657 <== mon.0 v2:10.20.193.73:3300/0 4 ==== mgrmap(e 11) ==== 50154+0+0 (secure 0 0 0) 0x7f9fa00426a0 con 0x7f9fac108410
2026-02-17T20:30:42.071 INFO:teuthology.orchestra.run.trial073.stdout:/usr/bin/ceph: stderr
2026-02-17T20:30:41.893+0000 7f9f8bfff640 1 --2- 10.20.193.73:0/2206581657 >> [v2:10.20.193.73:6800/2978017144,v1:10.20.193.73:6801/2978017144] conn(0x7f9f8003dad0 0x7f9f8003ff90 unknown :-1 s=NONE pgs=0 cs=0 l=1 rev1=0 crypto rx=0 tx=0 comp rx=0 tx=0).connect
2026-02-17T20:30:42.071 INFO:teuthology.orchestra.run.trial073.stdout:/usr/bin/ceph: stderr
2026-02-17T20:30:41.893+0000 7f9f8bfff640 1 -- 10.20.193.73:0/2206581657 <== mon.0 v2:10.20.193.73:3300/0 5 ==== osd_map(3..3 src has 1..3) ==== 1155+0+0 (secure 0 0 0) 0x7f9fa0076ad0 con 0x7f9fac108410
2026-02-17T20:30:42.072 INFO:teuthology.orchestra.run.trial073.stdout:/usr/bin/ceph: stderr
2026-02-17T20:30:41.893+0000 7f9faa7fc640 1 --2- 10.20.193.73:0/2206581657 >> [v2:10.20.193.73:6800/2978017144,v1:10.20.193.73:6801/2978017144] conn(0x7f9f8003dad0 0x7f9f8003ff90 unknown :-1 s=BANNER_CONNECTING pgs=0 cs=0 l=1 rev1=0 crypto rx=0 tx=0 comp rx=0 tx=0)._handle_peer_banner_payload supported=3 required=0
2026-02-17T20:30:42.072 INFO:teuthology.orchestra.run.trial073.stdout:/usr/bin/ceph: stderr
2026-02-17T20:30:41.893+0000 7f9faa7fc640 1 --2- 10.20.193.73:0/2206581657 >> [v2:10.20.193.73:6800/2978017144,v1:10.20.193.73:6801/2978017144] conn(0x7f9f8003dad0 0x7f9f8003ff90 secure :-1 s=READY pgs=7 cs=0 l=1 rev1=1 crypto rx=0x7f9f940099c0 tx=0x7f9f94006eb0 comp rx=0 tx=0).ready entity=mgr.14150 client_cookie=0 server_cookie=0 in_seq=0 out_seq=0
2026-02-17T20:30:42.072 INFO:teuthology.orchestra.run.trial073.stdout:/usr/bin/ceph: stderr
2026-02-17T20:30:41.896+0000 7f9f8bfff640 1 -- 10.20.193.73:0/2206581657 <== mon.0 v2:10.20.193.73:3300/0 6 ==== mon_command_ack([{"prefix": "get_command_descriptions"}]=0 v0) ==== 72+0+195034 (secure 0 0 0) 0x7f9fa003c210 con 0x7f9fac108410
2026-02-17T20:30:42.072 INFO:teuthology.orchestra.run.trial073.stdout:/usr/bin/ceph: stderr
2026-02-17T20:30:41.982+0000 7f9fb12ab640 1 -- 10.20.193.73:0/2206581657 --> [v2:10.20.193.73:6800/2978017144,v1:10.20.193.73:6801/2978017144] -- mgr_command(tid 0: {"prefix": "dashboard create-self-signed-cert", "target": ["mon-mgr", ""]}) -- 0x7f9fac104dc0 con 0x7f9f8003dad0
2026-02-17T20:30:42.072 INFO:teuthology.orchestra.run.trial073.stdout:/usr/bin/ceph: stderr
2026-02-17T20:30:42.037+0000 7f9f8bfff640 1 -- 10.20.193.73:0/2206581657 <== mgr.14150 v2:10.20.193.73:6800/2978017144 1 ==== mgr_command_reply(tid 0: 0 ) ==== 8+0+32 (secure 0 0 0) 0x7f9fac104dc0 con 0x7f9f8003dad0
2026-02-17T20:30:42.072 INFO:teuthology.orchestra.run.trial073.stdout:/usr/bin/ceph: stderr
2026-02-17T20:30:42.039+0000 7f9fb12ab640 1 -- 10.20.193.73:0/2206581657 >> [v2:10.20.193.73:6800/2978017144,v1:10.20.193.73:6801/2978017144] conn(0x7f9f8003dad0 msgr2=0x7f9f8003ff90 secure :-1 s=STATE_CONNECTION_ESTABLISHED l=1).mark_down
2026-02-17T20:30:42.072 INFO:teuthology.orchestra.run.trial073.stdout:/usr/bin/ceph: stderr
2026-02-17T20:30:42.039+0000 7f9fb12ab640 1 --2- 10.20.193.73:0/2206581657 >> [v2:10.20.193.73:6800/2978017144,v1:10.20.193.73:6801/2978017144] conn(0x7f9f8003dad0 0x7f9f8003ff90 secure :-1 s=READY pgs=7 cs=0 l=1 rev1=1 crypto rx=0x7f9f940099c0 tx=0x7f9f94006eb0 comp rx=0 tx=0).stop
2026-02-17T20:30:42.072 INFO:teuthology.orchestra.run.trial073.stdout:/usr/bin/ceph: stderr
2026-02-17T20:30:42.039+0000 7f9fb12ab640 1 -- 10.20.193.73:0/2206581657 >> [v2:10.20.193.73:3300/0,v1:10.20.193.73:6789/0] conn(0x7f9fac108410 msgr2=0x7f9fac19e200 secure :-1 s=STATE_CONNECTION_ESTABLISHED l=1).mark_down
2026-02-17T20:30:42.072 INFO:teuthology.orchestra.run.trial073.stdout:/usr/bin/ceph: stderr
2026-02-17T20:30:42.039+0000 7f9fb12ab640 1 --2- 10.20.193.73:0/2206581657 >> [v2:10.20.193.73:3300/0,v1:10.20.193.73:6789/0] conn(0x7f9fac108410 0x7f9fac19e200 secure :-1 s=READY pgs=69 cs=0 l=1 rev1=1 crypto rx=0x7f9fa0009a50 tx=0x7f9fa0037820 comp rx=0 tx=0).stop
2026-02-17T20:30:42.072 INFO:teuthology.orchestra.run.trial073.stdout:/usr/bin/ceph: stderr
2026-02-17T20:30:42.039+0000 7f9fb12ab640 1 -- 10.20.193.73:0/2206581657 shutdown_connections
2026-02-17T20:30:42.072 INFO:teuthology.orchestra.run.trial073.stdout:/usr/bin/ceph: stderr
2026-02-17T20:30:42.039+0000 7f9fb12ab640 1 --2- 10.20.193.73:0/2206581657 >> [v2:10.20.193.73:6800/2978017144,v1:10.20.193.73:6801/2978017144] conn(0x7f9f8003dad0 0x7f9f8003ff90 unknown :-1 s=CLOSED pgs=7 cs=0 l=1 rev1=1 crypto rx=0 tx=0 comp rx=0 tx=0).stop
2026-02-17T20:30:42.072 INFO:teuthology.orchestra.run.trial073.stdout:/usr/bin/ceph: stderr
2026-02-17T20:30:42.039+0000 7f9fb12ab640 1 --2- 10.20.193.73:0/2206581657 >> [v2:10.20.193.73:3300/0,v1:10.20.193.73:6789/0] conn(0x7f9fac108410 0x7f9fac19e200 unknown :-1 s=CLOSED pgs=69 cs=0 l=1 rev1=1 crypto rx=0 tx=0 comp rx=0 tx=0).stop
2026-02-17T20:30:42.073 INFO:teuthology.orchestra.run.trial073.stdout:/usr/bin/ceph: stderr
2026-02-17T20:30:42.039+0000 7f9fb12ab640 1 -- 10.20.193.73:0/2206581657 >> 10.20.193.73:0/2206581657 conn(0x7f9fac103be0 msgr2=0x7f9fac1046b0 unknown :-1 s=STATE_NONE l=0).mark_down
2026-02-17T20:30:42.073 INFO:teuthology.orchestra.run.trial073.stdout:/usr/bin/ceph: stderr
2026-02-17T20:30:42.039+0000 7f9fb12ab640 1 -- 10.20.193.73:0/2206581657 shutdown_connections
2026-02-17T20:30:42.073 INFO:teuthology.orchestra.run.trial073.stdout:/usr/bin/ceph: stderr
2026-02-17T20:30:42.039+0000 7f9fb12ab640 1 -- 10.20.193.73:0/2206581657 wait complete.
2026-02-17T20:30:42.073 INFO:teuthology.orchestra.run.trial073.stdout:Creating initial admin user...
2026-02-17T20:30:42.255 INFO:journalctl@ceph.mon.a.trial073.stdout:Feb 17 20:30:42 trial073 ceph-mon[24458]: from='mgr.14150 10.20.193.73:0/4246391741' entity='mgr.x'
2026-02-17T20:30:42.256 INFO:journalctl@ceph.mon.a.trial073.stdout:Feb 17 20:30:42 trial073 ceph-mon[24458]: [17/Feb/2026:20:30:41] ENGINE Bus STARTING
2026-02-17T20:30:42.256 INFO:journalctl@ceph.mon.a.trial073.stdout:Feb 17 20:30:42 trial073 ceph-mon[24458]: from='mgr.14150 10.20.193.73:0/4246391741' entity='mgr.x'
2026-02-17T20:30:42.256 INFO:journalctl@ceph.mon.a.trial073.stdout:Feb 17 20:30:42 trial073 ceph-mon[24458]: [17/Feb/2026:20:30:41] ENGINE Serving on http://10.20.193.73:8765
2026-02-17T20:30:42.256 INFO:journalctl@ceph.mon.a.trial073.stdout:Feb 17 20:30:42 trial073 ceph-mon[24458]: [17/Feb/2026:20:30:41] ENGINE Serving on https://10.20.193.73:7150
2026-02-17T20:30:42.256 INFO:journalctl@ceph.mon.a.trial073.stdout:Feb 17 20:30:42 trial073 ceph-mon[24458]: [17/Feb/2026:20:30:41] ENGINE Bus STARTED
2026-02-17T20:30:42.256 INFO:journalctl@ceph.mon.a.trial073.stdout:Feb 17 20:30:42 trial073 ceph-mon[24458]: [17/Feb/2026:20:30:41] ENGINE Client ('10.20.193.73', 48482) lost — peer dropped the TLS connection suddenly, during handshake: (6, 'TLS/SSL connection has been closed (EOF) (_ssl.c:1147)')
2026-02-17T20:30:42.256 INFO:journalctl@ceph.mon.a.trial073.stdout:Feb 17 20:30:42 trial073 ceph-mon[24458]: from='client.14154 -' entity='client.admin' cmd=[{"prefix": "get_command_descriptions"}]: dispatch
2026-02-17T20:30:42.256 INFO:journalctl@ceph.mon.a.trial073.stdout:Feb 17 20:30:42 trial073 ceph-mon[24458]: mgrmap e11: x(active, since 1.00448s)
2026-02-17T20:30:42.256 INFO:journalctl@ceph.mon.a.trial073.stdout:Feb 17 20:30:42 trial073 ceph-mon[24458]: from='client.14154 -' entity='client.admin' cmd=[{"prefix": "mgr_status"}]: dispatch
2026-02-17T20:30:42.256 INFO:journalctl@ceph.mon.a.trial073.stdout:Feb 17 20:30:42 trial073 ceph-mon[24458]: from='client.14162 -' entity='client.admin' cmd=[{"prefix": "dashboard create-self-signed-cert", "target": ["mon-mgr", ""]}]: dispatch
2026-02-17T20:30:42.257 INFO:journalctl@ceph.mon.a.trial073.stdout:Feb 17 20:30:42 trial073 ceph-mon[24458]: from='mgr.14150 10.20.193.73:0/4246391741' entity='mgr.x'
2026-02-17T20:30:42.257 INFO:journalctl@ceph.mon.a.trial073.stdout:Feb 17 20:30:42 trial073 ceph-mon[24458]: from='mgr.14150 10.20.193.73:0/4246391741' entity='mgr.x'
2026-02-17T20:30:42.422 INFO:teuthology.orchestra.run.trial073.stdout:/usr/bin/ceph: stdout {"username": "admin", "password": "$2b$12$8MgeNdEYHbOkELKdVBApNelgon1LJNvfEnxHkEOxK2ZCO/e8x7lEu", "roles": ["administrator"], "name": null, "email": null, "lastUpdate": 1771360242, "enabled": true, "pwdExpirationDate": null, "pwdUpdateRequired": true}
2026-02-17T20:30:42.422 INFO:teuthology.orchestra.run.trial073.stdout:/usr/bin/ceph: stderr
2026-02-17T20:30:42.157+0000 7f4835f84640 1 Processor -- start
2026-02-17T20:30:42.422 INFO:teuthology.orchestra.run.trial073.stdout:/usr/bin/ceph: stderr
2026-02-17T20:30:42.157+0000 7f4835f84640 1 -- start start
2026-02-17T20:30:42.422 INFO:teuthology.orchestra.run.trial073.stdout:/usr/bin/ceph: stderr
2026-02-17T20:30:42.157+0000 7f4835f84640 1 --2- >> [v2:10.20.193.73:3300/0,v1:10.20.193.73:6789/0] conn(0x7f483010aa30 0x7f483010ae30 unknown :-1 s=NONE pgs=0 cs=0 l=0 rev1=0 crypto rx=0 tx=0 comp rx=0 tx=0).connect
2026-02-17T20:30:42.422 INFO:teuthology.orchestra.run.trial073.stdout:/usr/bin/ceph: stderr
2026-02-17T20:30:42.158+0000 7f4835f84640 1 -- --> [v2:10.20.193.73:3300/0,v1:10.20.193.73:6789/0] -- mon_getmap magic: 0 -- 0x7f483010b400 con 0x7f483010aa30
2026-02-17T20:30:42.422 INFO:teuthology.orchestra.run.trial073.stdout:/usr/bin/ceph: stderr
2026-02-17T20:30:42.158+0000 7f482f7fe640 1 --2- >> [v2:10.20.193.73:3300/0,v1:10.20.193.73:6789/0] conn(0x7f483010aa30 0x7f483010ae30 unknown :-1 s=BANNER_CONNECTING pgs=0 cs=0 l=0 rev1=0 crypto rx=0 tx=0 comp rx=0 tx=0)._handle_peer_banner_payload supported=3 required=0
2026-02-17T20:30:42.422 INFO:teuthology.orchestra.run.trial073.stdout:/usr/bin/ceph: stderr
2026-02-17T20:30:42.158+0000 7f482f7fe640 1 --2- >> [v2:10.20.193.73:3300/0,v1:10.20.193.73:6789/0] conn(0x7f483010aa30 0x7f483010ae30 unknown :-1 s=HELLO_CONNECTING pgs=0 cs=0 l=0 rev1=1 crypto rx=0 tx=0 comp rx=0 tx=0).handle_hello peer v2:10.20.193.73:3300/0 says I am v2:10.20.193.73:38048/0 (socket says 10.20.193.73:38048)
2026-02-17T20:30:42.423 INFO:teuthology.orchestra.run.trial073.stdout:/usr/bin/ceph: stderr
2026-02-17T20:30:42.158+0000 7f482f7fe640 1 -- 10.20.193.73:0/50280546 learned_addr learned my addr 10.20.193.73:0/50280546 (peer_addr_for_me v2:10.20.193.73:0/0)
2026-02-17T20:30:42.423 INFO:teuthology.orchestra.run.trial073.stdout:/usr/bin/ceph: stderr
2026-02-17T20:30:42.158+0000 7f482f7fe640 1 -- 10.20.193.73:0/50280546 --> [v2:10.20.193.73:3300/0,v1:10.20.193.73:6789/0] -- mon_subscribe({config=0+,monmap=0+}) -- 0x7f483010b820 con 0x7f483010aa30
2026-02-17T20:30:42.423 INFO:teuthology.orchestra.run.trial073.stdout:/usr/bin/ceph: stderr
2026-02-17T20:30:42.158+0000 7f482f7fe640 1 --2- 10.20.193.73:0/50280546 >> [v2:10.20.193.73:3300/0,v1:10.20.193.73:6789/0] conn(0x7f483010aa30 0x7f483010ae30 secure :-1 s=READY pgs=70 cs=0 l=1 rev1=1 crypto rx=0x7f481c009920 tx=0x7f481c02ef20 comp rx=0 tx=0).ready entity=mon.0 client_cookie=e2874f18b89a2114 server_cookie=0 in_seq=0 out_seq=0
2026-02-17T20:30:42.423 INFO:teuthology.orchestra.run.trial073.stdout:/usr/bin/ceph: stderr
2026-02-17T20:30:42.158+0000 7f482e7fc640 1 -- 10.20.193.73:0/50280546 <== mon.0 v2:10.20.193.73:3300/0 1 ==== mon_map magic: 0 ==== 205+0+0 (secure 0 0 0) 0x7f481c03c070 con 0x7f483010aa30
2026-02-17T20:30:42.423 INFO:teuthology.orchestra.run.trial073.stdout:/usr/bin/ceph: stderr
2026-02-17T20:30:42.158+0000 7f482e7fc640 1 -- 10.20.193.73:0/50280546 <== mon.0 v2:10.20.193.73:3300/0 2 ==== config(26 keys) ==== 1076+0+0 (secure 0 0 0) 0x7f481c037440 con 0x7f483010aa30
2026-02-17T20:30:42.423 INFO:teuthology.orchestra.run.trial073.stdout:/usr/bin/ceph: stderr
2026-02-17T20:30:42.158+0000 7f482e7fc640 1 -- 10.20.193.73:0/50280546 <== mon.0 v2:10.20.193.73:3300/0 3 ==== mon_map magic: 0 ==== 205+0+0 (secure 0 0 0) 0x7f481c0354d0 con 0x7f483010aa30
2026-02-17T20:30:42.423 INFO:teuthology.orchestra.run.trial073.stdout:/usr/bin/ceph: stderr
2026-02-17T20:30:42.159+0000 7f4835f84640 1 -- 10.20.193.73:0/50280546 >> [v2:10.20.193.73:3300/0,v1:10.20.193.73:6789/0] conn(0x7f483010aa30 msgr2=0x7f483010ae30 secure :-1 s=STATE_CONNECTION_ESTABLISHED l=1).mark_down
2026-02-17T20:30:42.423 INFO:teuthology.orchestra.run.trial073.stdout:/usr/bin/ceph: stderr
2026-02-17T20:30:42.159+0000 7f4835f84640 1 --2- 10.20.193.73:0/50280546 >> [v2:10.20.193.73:3300/0,v1:10.20.193.73:6789/0] conn(0x7f483010aa30 0x7f483010ae30 secure :-1 s=READY pgs=70 cs=0 l=1 rev1=1 crypto rx=0x7f481c009920 tx=0x7f481c02ef20 comp rx=0 tx=0).stop
2026-02-17T20:30:42.423 INFO:teuthology.orchestra.run.trial073.stdout:/usr/bin/ceph: stderr
2026-02-17T20:30:42.159+0000 7f4835f84640 1 -- 10.20.193.73:0/50280546 shutdown_connections
2026-02-17T20:30:42.423 INFO:teuthology.orchestra.run.trial073.stdout:/usr/bin/ceph: stderr
2026-02-17T20:30:42.159+0000 7f4835f84640 1 --2- 10.20.193.73:0/50280546 >> [v2:10.20.193.73:3300/0,v1:10.20.193.73:6789/0] conn(0x7f483010aa30 0x7f483010ae30 unknown :-1 s=CLOSED pgs=70 cs=0 l=1 rev1=1 crypto rx=0 tx=0 comp rx=0 tx=0).stop
2026-02-17T20:30:42.424 INFO:teuthology.orchestra.run.trial073.stdout:/usr/bin/ceph: stderr
2026-02-17T20:30:42.159+0000 7f4835f84640 1 -- 10.20.193.73:0/50280546 >> 10.20.193.73:0/50280546 conn(0x7f483007dae0 msgr2=0x7f483007def0 unknown :-1 s=STATE_NONE l=0).mark_down
2026-02-17T20:30:42.424 INFO:teuthology.orchestra.run.trial073.stdout:/usr/bin/ceph: stderr
2026-02-17T20:30:42.159+0000 7f4835f84640 1 -- 10.20.193.73:0/50280546 shutdown_connections
2026-02-17T20:30:42.424 INFO:teuthology.orchestra.run.trial073.stdout:/usr/bin/ceph: stderr
2026-02-17T20:30:42.159+0000 7f4835f84640 1 -- 10.20.193.73:0/50280546 wait complete.
2026-02-17T20:30:42.424 INFO:teuthology.orchestra.run.trial073.stdout:/usr/bin/ceph: stderr
2026-02-17T20:30:42.159+0000 7f4835f84640 1 Processor -- start
2026-02-17T20:30:42.424 INFO:teuthology.orchestra.run.trial073.stdout:/usr/bin/ceph: stderr
2026-02-17T20:30:42.159+0000 7f4835f84640 1 -- start start
2026-02-17T20:30:42.424 INFO:teuthology.orchestra.run.trial073.stdout:/usr/bin/ceph: stderr
2026-02-17T20:30:42.159+0000 7f4835f84640 1 --2- >> [v2:10.20.193.73:3300/0,v1:10.20.193.73:6789/0] conn(0x7f483010aa30 0x7f48301a04d0 unknown :-1 s=NONE pgs=0 cs=0 l=1 rev1=0 crypto rx=0 tx=0 comp rx=0 tx=0).connect
2026-02-17T20:30:42.424 INFO:teuthology.orchestra.run.trial073.stdout:/usr/bin/ceph: stderr
2026-02-17T20:30:42.159+0000 7f4835f84640 1 -- --> [v2:10.20.193.73:3300/0,v1:10.20.193.73:6789/0] -- mon_getmap magic: 0 -- 0x7f483010ebd0 con 0x7f483010aa30
2026-02-17T20:30:42.424 INFO:teuthology.orchestra.run.trial073.stdout:/usr/bin/ceph: stderr
2026-02-17T20:30:42.159+0000 7f482f7fe640 1 --2- >> [v2:10.20.193.73:3300/0,v1:10.20.193.73:6789/0] conn(0x7f483010aa30 0x7f48301a04d0 unknown :-1 s=BANNER_CONNECTING pgs=0 cs=0 l=1 rev1=0 crypto rx=0 tx=0 comp rx=0 tx=0)._handle_peer_banner_payload supported=3 required=0
2026-02-17T20:30:42.424 INFO:teuthology.orchestra.run.trial073.stdout:/usr/bin/ceph: stderr
2026-02-17T20:30:42.159+0000 7f482f7fe640 1 --2- >> [v2:10.20.193.73:3300/0,v1:10.20.193.73:6789/0] conn(0x7f483010aa30 0x7f48301a04d0 unknown :-1 s=HELLO_CONNECTING pgs=0 cs=0 l=1 rev1=1 crypto rx=0 tx=0 comp rx=0 tx=0).handle_hello peer v2:10.20.193.73:3300/0 says I am v2:10.20.193.73:38056/0 (socket says 10.20.193.73:38056)
2026-02-17T20:30:42.424 INFO:teuthology.orchestra.run.trial073.stdout:/usr/bin/ceph: stderr
2026-02-17T20:30:42.159+0000 7f482f7fe640 1 -- 10.20.193.73:0/1346129213 learned_addr learned my addr 10.20.193.73:0/1346129213 (peer_addr_for_me v2:10.20.193.73:0/0)
2026-02-17T20:30:42.424 INFO:teuthology.orchestra.run.trial073.stdout:/usr/bin/ceph: stderr
2026-02-17T20:30:42.159+0000 7f482f7fe640 1 -- 10.20.193.73:0/1346129213 --> [v2:10.20.193.73:3300/0,v1:10.20.193.73:6789/0] -- mon_subscribe({config=0+,monmap=0+}) -- 0x7f48301a0a10 con 0x7f483010aa30
2026-02-17T20:30:42.425 INFO:teuthology.orchestra.run.trial073.stdout:/usr/bin/ceph: stderr
2026-02-17T20:30:42.159+0000 7f482f7fe640 1 --2- 10.20.193.73:0/1346129213 >> [v2:10.20.193.73:3300/0,v1:10.20.193.73:6789/0] conn(0x7f483010aa30 0x7f48301a04d0 secure :-1 s=READY pgs=71 cs=0 l=1 rev1=1 crypto rx=0x7f481c002410 tx=0x7f481c037820 comp rx=0 tx=0).ready entity=mon.0 client_cookie=0 server_cookie=0 in_seq=0 out_seq=0
2026-02-17T20:30:42.425 INFO:teuthology.orchestra.run.trial073.stdout:/usr/bin/ceph: stderr
2026-02-17T20:30:42.160+0000 7f482cff9640 1 -- 10.20.193.73:0/1346129213 <== mon.0 v2:10.20.193.73:3300/0 1 ==== mon_map magic: 0 ==== 205+0+0 (secure 0 0 0) 0x7f481c047070 con 0x7f483010aa30
2026-02-17T20:30:42.425 INFO:teuthology.orchestra.run.trial073.stdout:/usr/bin/ceph: stderr
2026-02-17T20:30:42.160+0000 7f482cff9640 1 -- 10.20.193.73:0/1346129213 <== mon.0 v2:10.20.193.73:3300/0 2 ==== config(26 keys) ==== 1076+0+0 (secure 0 0 0) 0x7f481c035e80 con 0x7f483010aa30
2026-02-17T20:30:42.425 INFO:teuthology.orchestra.run.trial073.stdout:/usr/bin/ceph: stderr
2026-02-17T20:30:42.160+0000 7f4835f84640 1 -- 10.20.193.73:0/1346129213 --> [v2:10.20.193.73:3300/0,v1:10.20.193.73:6789/0] -- mon_subscribe({mgrmap=0+}) -- 0x7f48301a0ca0 con 0x7f483010aa30
2026-02-17T20:30:42.425 INFO:teuthology.orchestra.run.trial073.stdout:/usr/bin/ceph: stderr
2026-02-17T20:30:42.160+0000 7f482cff9640 1 -- 10.20.193.73:0/1346129213 <== mon.0 v2:10.20.193.73:3300/0 3 ==== mon_map magic: 0 ==== 205+0+0 (secure 0 0 0) 0x7f481c03c070 con 0x7f483010aa30
2026-02-17T20:30:42.425 INFO:teuthology.orchestra.run.trial073.stdout:/usr/bin/ceph: stderr
2026-02-17T20:30:42.160+0000 7f4835f84640 1 -- 10.20.193.73:0/1346129213 --> [v2:10.20.193.73:3300/0,v1:10.20.193.73:6789/0] -- mon_subscribe({osdmap=0}) -- 0x7f48301a3990 con 0x7f483010aa30
2026-02-17T20:30:42.425 INFO:teuthology.orchestra.run.trial073.stdout:/usr/bin/ceph: stderr
2026-02-17T20:30:42.160+0000 7f4835f84640 1 -- 10.20.193.73:0/1346129213 --> [v2:10.20.193.73:3300/0,v1:10.20.193.73:6789/0] -- mon_command({"prefix": "get_command_descriptions"} v 0) -- 0x7f483010aeb0 con 0x7f483010aa30
2026-02-17T20:30:42.425 INFO:teuthology.orchestra.run.trial073.stdout:/usr/bin/ceph: stderr
2026-02-17T20:30:42.160+0000 7f482cff9640 1 -- 10.20.193.73:0/1346129213 <== mon.0 v2:10.20.193.73:3300/0 4 ==== mgrmap(e 11) ==== 50154+0+0 (secure 0 0 0) 0x7f481c042660 con 0x7f483010aa30
2026-02-17T20:30:42.425 INFO:teuthology.orchestra.run.trial073.stdout:/usr/bin/ceph: stderr
2026-02-17T20:30:42.160+0000 7f482cff9640 1 --2- 10.20.193.73:0/1346129213 >> [v2:10.20.193.73:6800/2978017144,v1:10.20.193.73:6801/2978017144] conn(0x7f480403db20 0x7f480403ffe0 unknown :-1 s=NONE pgs=0 cs=0 l=1 rev1=0 crypto rx=0 tx=0 comp rx=0 tx=0).connect
2026-02-17T20:30:42.425 INFO:teuthology.orchestra.run.trial073.stdout:/usr/bin/ceph: stderr
2026-02-17T20:30:42.160+0000 7f482cff9640 1 -- 10.20.193.73:0/1346129213 <== mon.0 v2:10.20.193.73:3300/0 5 ==== osd_map(3..3 src has 1..3) ==== 1155+0+0 (secure 0 0 0) 0x7f481c076c30 con 0x7f483010aa30
2026-02-17T20:30:42.426 INFO:teuthology.orchestra.run.trial073.stdout:/usr/bin/ceph: stderr
2026-02-17T20:30:42.161+0000 7f482effd640 1 --2- 10.20.193.73:0/1346129213 >> [v2:10.20.193.73:6800/2978017144,v1:10.20.193.73:6801/2978017144] conn(0x7f480403db20 0x7f480403ffe0 unknown :-1 s=BANNER_CONNECTING pgs=0 cs=0 l=1 rev1=0 crypto rx=0 tx=0 comp rx=0 tx=0)._handle_peer_banner_payload supported=3 required=0
2026-02-17T20:30:42.426 INFO:teuthology.orchestra.run.trial073.stdout:/usr/bin/ceph: stderr
2026-02-17T20:30:42.161+0000 7f482effd640 1 --2- 10.20.193.73:0/1346129213 >> [v2:10.20.193.73:6800/2978017144,v1:10.20.193.73:6801/2978017144] conn(0x7f480403db20 0x7f480403ffe0 secure :-1 s=READY pgs=8 cs=0 l=1 rev1=1 crypto rx=0x7f48200099c0 tx=0x7f4820006eb0 comp rx=0 tx=0).ready entity=mgr.14150 client_cookie=0 server_cookie=0 in_seq=0 out_seq=0
2026-02-17T20:30:42.426 INFO:teuthology.orchestra.run.trial073.stdout:/usr/bin/ceph: stderr
2026-02-17T20:30:42.163+0000 7f482cff9640 1 -- 10.20.193.73:0/1346129213 <== mon.0 v2:10.20.193.73:3300/0 6 ==== mon_command_ack([{"prefix": "get_command_descriptions"}]=0 v0) ==== 72+0+195034 (secure 0 0 0) 0x7f481c0342a0 con 0x7f483010aa30
2026-02-17T20:30:42.426 INFO:teuthology.orchestra.run.trial073.stdout:/usr/bin/ceph: stderr
2026-02-17T20:30:42.251+0000 7f4835f84640 1 -- 10.20.193.73:0/1346129213 --> [v2:10.20.193.73:6800/2978017144,v1:10.20.193.73:6801/2978017144] -- mgr_command(tid 0: {"prefix": "dashboard ac-user-create", "username": "admin", "rolename": "administrator", "force_password": true, "pwd_update_required": true, "target": ["mon-mgr", ""]}) -- 0x7f4830108e50 con 0x7f480403db20
2026-02-17T20:30:42.426 INFO:teuthology.orchestra.run.trial073.stdout:/usr/bin/ceph: stderr
2026-02-17T20:30:42.393+0000 7f482cff9640 1 -- 10.20.193.73:0/1346129213 <== mgr.14150 v2:10.20.193.73:6800/2978017144 1 ==== mgr_command_reply(tid 0: 0 ) ==== 8+0+252 (secure 0 0 0) 0x7f4830108e50 con 0x7f480403db20
2026-02-17T20:30:42.426 INFO:teuthology.orchestra.run.trial073.stdout:/usr/bin/ceph: stderr
2026-02-17T20:30:42.394+0000 7f4835f84640 1 -- 10.20.193.73:0/1346129213 >> [v2:10.20.193.73:6800/2978017144,v1:10.20.193.73:6801/2978017144] conn(0x7f480403db20 msgr2=0x7f480403ffe0 secure :-1 s=STATE_CONNECTION_ESTABLISHED l=1).mark_down
2026-02-17T20:30:42.426 INFO:teuthology.orchestra.run.trial073.stdout:/usr/bin/ceph: stderr
2026-02-17T20:30:42.394+0000 7f4835f84640 1 --2- 10.20.193.73:0/1346129213 >> [v2:10.20.193.73:6800/2978017144,v1:10.20.193.73:6801/2978017144] conn(0x7f480403db20 0x7f480403ffe0 secure :-1 s=READY pgs=8 cs=0 l=1 rev1=1 crypto rx=0x7f48200099c0 tx=0x7f4820006eb0 comp rx=0 tx=0).stop
2026-02-17T20:30:42.426 INFO:teuthology.orchestra.run.trial073.stdout:/usr/bin/ceph: stderr
2026-02-17T20:30:42.394+0000 7f4835f84640 1 -- 10.20.193.73:0/1346129213 >> [v2:10.20.193.73:3300/0,v1:10.20.193.73:6789/0] conn(0x7f483010aa30 msgr2=0x7f48301a04d0 secure :-1 s=STATE_CONNECTION_ESTABLISHED l=1).mark_down
2026-02-17T20:30:42.426 INFO:teuthology.orchestra.run.trial073.stdout:/usr/bin/ceph: stderr
2026-02-17T20:30:42.394+0000 7f4835f84640 1 --2- 10.20.193.73:0/1346129213 >> [v2:10.20.193.73:3300/0,v1:10.20.193.73:6789/0] conn(0x7f483010aa30 0x7f48301a04d0 secure :-1 s=READY pgs=71 cs=0 l=1 rev1=1 crypto rx=0x7f481c002410 tx=0x7f481c037820 comp rx=0 tx=0).stop
2026-02-17T20:30:42.426 INFO:teuthology.orchestra.run.trial073.stdout:/usr/bin/ceph: stderr
2026-02-17T20:30:42.394+0000 7f4835f84640 1 -- 10.20.193.73:0/1346129213 shutdown_connections
2026-02-17T20:30:42.426 INFO:teuthology.orchestra.run.trial073.stdout:/usr/bin/ceph: stderr
2026-02-17T20:30:42.394+0000 7f4835f84640 1 --2- 10.20.193.73:0/1346129213 >> [v2:10.20.193.73:6800/2978017144,v1:10.20.193.73:6801/2978017144] conn(0x7f480403db20 0x7f480403ffe0 unknown :-1 s=CLOSED pgs=8 cs=0 l=1 rev1=1 crypto rx=0 tx=0 comp rx=0 tx=0).stop
2026-02-17T20:30:42.426 INFO:teuthology.orchestra.run.trial073.stdout:/usr/bin/ceph: stderr
2026-02-17T20:30:42.394+0000 7f4835f84640 1 --2- 10.20.193.73:0/1346129213 >> [v2:10.20.193.73:3300/0,v1:10.20.193.73:6789/0] conn(0x7f483010aa30 0x7f48301a04d0 unknown :-1 s=CLOSED pgs=71 cs=0 l=1 rev1=1 crypto rx=0 tx=0 comp rx=0 tx=0).stop
2026-02-17T20:30:42.427 INFO:teuthology.orchestra.run.trial073.stdout:/usr/bin/ceph: stderr
2026-02-17T20:30:42.394+0000 7f4835f84640 1 -- 10.20.193.73:0/1346129213 >> 10.20.193.73:0/1346129213 conn(0x7f483007dae0 msgr2=0x7f4830108740 unknown :-1 s=STATE_NONE l=0).mark_down
2026-02-17T20:30:42.427 INFO:teuthology.orchestra.run.trial073.stdout:/usr/bin/ceph: stderr
2026-02-17T20:30:42.394+0000 7f4835f84640 1 -- 10.20.193.73:0/1346129213 shutdown_connections
2026-02-17T20:30:42.427 INFO:teuthology.orchestra.run.trial073.stdout:/usr/bin/ceph: stderr
2026-02-17T20:30:42.394+0000 7f4835f84640 1 -- 10.20.193.73:0/1346129213 wait complete.
2026-02-17T20:30:42.427 INFO:teuthology.orchestra.run.trial073.stdout:Fetching dashboard port number...
2026-02-17T20:30:42.621 INFO:teuthology.orchestra.run.trial073.stdout:/usr/bin/ceph: stdout 8443
2026-02-17T20:30:42.622 INFO:teuthology.orchestra.run.trial073.stdout:/usr/bin/ceph: stderr
2026-02-17T20:30:42.503+0000 7fab9ae2e640 1 Processor -- start
2026-02-17T20:30:42.622 INFO:teuthology.orchestra.run.trial073.stdout:/usr/bin/ceph: stderr
2026-02-17T20:30:42.503+0000 7fab9ae2e640 1 -- start start
2026-02-17T20:30:42.622 INFO:teuthology.orchestra.run.trial073.stdout:/usr/bin/ceph: stderr
2026-02-17T20:30:42.504+0000 7fab9ae2e640 1 --2- >> [v2:10.20.193.73:3300/0,v1:10.20.193.73:6789/0] conn(0x7fab9407ee70 0x7fab9407d2d0 unknown :-1 s=NONE pgs=0 cs=0 l=0 rev1=0 crypto rx=0 tx=0 comp rx=0 tx=0).connect
2026-02-17T20:30:42.622 INFO:teuthology.orchestra.run.trial073.stdout:/usr/bin/ceph: stderr
2026-02-17T20:30:42.504+0000 7fab9ae2e640 1 -- --> [v2:10.20.193.73:3300/0,v1:10.20.193.73:6789/0] -- mon_getmap magic: 0 -- 0x7fab9407d810 con 0x7fab9407ee70
2026-02-17T20:30:42.622 INFO:teuthology.orchestra.run.trial073.stdout:/usr/bin/ceph: stderr
2026-02-17T20:30:42.504+0000 7fab98ba3640 1 --2- >> [v2:10.20.193.73:3300/0,v1:10.20.193.73:6789/0] conn(0x7fab9407ee70 0x7fab9407d2d0 unknown :-1 s=BANNER_CONNECTING pgs=0 cs=0 l=0 rev1=0 crypto rx=0 tx=0 comp rx=0 tx=0)._handle_peer_banner_payload supported=3 required=0
2026-02-17T20:30:42.622 INFO:teuthology.orchestra.run.trial073.stdout:/usr/bin/ceph: stderr
2026-02-17T20:30:42.504+0000 7fab98ba3640 1 --2- >> [v2:10.20.193.73:3300/0,v1:10.20.193.73:6789/0] conn(0x7fab9407ee70 0x7fab9407d2d0 unknown :-1 s=HELLO_CONNECTING pgs=0 cs=0 l=0 rev1=1 crypto rx=0 tx=0 comp rx=0 tx=0).handle_hello peer v2:10.20.193.73:3300/0 says I am v2:10.20.193.73:38070/0 (socket says 10.20.193.73:38070)
2026-02-17T20:30:42.622 INFO:teuthology.orchestra.run.trial073.stdout:/usr/bin/ceph: stderr
2026-02-17T20:30:42.504+0000 7fab98ba3640 1 -- 10.20.193.73:0/433692631 learned_addr learned my addr 10.20.193.73:0/433692631 (peer_addr_for_me v2:10.20.193.73:0/0)
2026-02-17T20:30:42.623 INFO:teuthology.orchestra.run.trial073.stdout:/usr/bin/ceph: stderr
2026-02-17T20:30:42.504+0000 7fab98ba3640 1 -- 10.20.193.73:0/433692631 --> [v2:10.20.193.73:3300/0,v1:10.20.193.73:6789/0] -- mon_subscribe({config=0+,monmap=0+}) -- 0x7fab9407d990 con 0x7fab9407ee70
2026-02-17T20:30:42.623 INFO:teuthology.orchestra.run.trial073.stdout:/usr/bin/ceph: stderr
2026-02-17T20:30:42.504+0000 7fab98ba3640 1 --2- 10.20.193.73:0/433692631 >> [v2:10.20.193.73:3300/0,v1:10.20.193.73:6789/0] conn(0x7fab9407ee70 0x7fab9407d2d0 secure :-1 s=READY pgs=72 cs=0 l=1 rev1=1 crypto rx=0x7fab84009920 tx=0x7fab8402ef20 comp rx=0 tx=0).ready entity=mon.0 client_cookie=e4766f40a52de6a0 server_cookie=0 in_seq=0 out_seq=0
2026-02-17T20:30:42.623 INFO:teuthology.orchestra.run.trial073.stdout:/usr/bin/ceph: stderr
2026-02-17T20:30:42.504+0000 7fab8b7fe640 1 -- 10.20.193.73:0/433692631 <== mon.0 v2:10.20.193.73:3300/0 1 ==== mon_map magic: 0 ==== 205+0+0 (secure 0 0 0) 0x7fab8403c070 con 0x7fab9407ee70
2026-02-17T20:30:42.623 INFO:teuthology.orchestra.run.trial073.stdout:/usr/bin/ceph: stderr
2026-02-17T20:30:42.504+0000 7fab8b7fe640 1 -- 10.20.193.73:0/433692631 <== mon.0 v2:10.20.193.73:3300/0 2 ==== config(26 keys) ==== 1076+0+0 (secure 0 0 0) 0x7fab84037440 con 0x7fab9407ee70
2026-02-17T20:30:42.623 INFO:teuthology.orchestra.run.trial073.stdout:/usr/bin/ceph: stderr
2026-02-17T20:30:42.504+0000 7fab8b7fe640 1 -- 10.20.193.73:0/433692631 <== mon.0 v2:10.20.193.73:3300/0 3 ==== mon_map magic: 0 ==== 205+0+0 (secure 0 0 0) 0x7fab840354d0 con 0x7fab9407ee70
2026-02-17T20:30:42.623 INFO:teuthology.orchestra.run.trial073.stdout:/usr/bin/ceph: stderr
2026-02-17T20:30:42.505+0000 7fab9ae2e640 1 -- 10.20.193.73:0/433692631 >> [v2:10.20.193.73:3300/0,v1:10.20.193.73:6789/0] conn(0x7fab9407ee70 msgr2=0x7fab9407d2d0 secure :-1 s=STATE_CONNECTION_ESTABLISHED l=1).mark_down
2026-02-17T20:30:42.623 INFO:teuthology.orchestra.run.trial073.stdout:/usr/bin/ceph: stderr
2026-02-17T20:30:42.505+0000 7fab9ae2e640 1 --2- 10.20.193.73:0/433692631 >> [v2:10.20.193.73:3300/0,v1:10.20.193.73:6789/0] conn(0x7fab9407ee70 0x7fab9407d2d0 secure :-1 s=READY pgs=72 cs=0 l=1 rev1=1 crypto rx=0x7fab84009920 tx=0x7fab8402ef20 comp rx=0 tx=0).stop
2026-02-17T20:30:42.623 INFO:teuthology.orchestra.run.trial073.stdout:/usr/bin/ceph: stderr
2026-02-17T20:30:42.505+0000 7fab9ae2e640 1 -- 10.20.193.73:0/433692631 shutdown_connections
2026-02-17T20:30:42.623 INFO:teuthology.orchestra.run.trial073.stdout:/usr/bin/ceph: stderr
2026-02-17T20:30:42.505+0000 7fab9ae2e640 1 --2- 10.20.193.73:0/433692631 >> [v2:10.20.193.73:3300/0,v1:10.20.193.73:6789/0] conn(0x7fab9407ee70 0x7fab9407d2d0 unknown :-1 s=CLOSED pgs=72 cs=0 l=1 rev1=1 crypto rx=0 tx=0 comp rx=0 tx=0).stop
2026-02-17T20:30:42.623 INFO:teuthology.orchestra.run.trial073.stdout:/usr/bin/ceph: stderr
2026-02-17T20:30:42.505+0000 7fab9ae2e640 1 -- 10.20.193.73:0/433692631 >> 10.20.193.73:0/433692631 conn(0x7fab94103b70 msgr2=0x7fab94105f90 unknown :-1 s=STATE_NONE l=0).mark_down
2026-02-17T20:30:42.624 INFO:teuthology.orchestra.run.trial073.stdout:/usr/bin/ceph: stderr
2026-02-17T20:30:42.505+0000 7fab9ae2e640 1 -- 10.20.193.73:0/433692631 shutdown_connections
2026-02-17T20:30:42.624 INFO:teuthology.orchestra.run.trial073.stdout:/usr/bin/ceph: stderr
2026-02-17T20:30:42.505+0000 7fab9ae2e640 1 -- 10.20.193.73:0/433692631 wait complete.
2026-02-17T20:30:42.624 INFO:teuthology.orchestra.run.trial073.stdout:/usr/bin/ceph: stderr
2026-02-17T20:30:42.505+0000 7fab9ae2e640 1 Processor -- start
2026-02-17T20:30:42.624 INFO:teuthology.orchestra.run.trial073.stdout:/usr/bin/ceph: stderr
2026-02-17T20:30:42.505+0000 7fab9ae2e640 1 -- start start
2026-02-17T20:30:42.624 INFO:teuthology.orchestra.run.trial073.stdout:/usr/bin/ceph: stderr
2026-02-17T20:30:42.505+0000 7fab9ae2e640 1 --2- >> [v2:10.20.193.73:3300/0,v1:10.20.193.73:6789/0] conn(0x7fab9407ee70 0x7fab941a04d0 unknown :-1 s=NONE pgs=0 cs=0 l=1 rev1=0 crypto rx=0 tx=0 comp rx=0 tx=0).connect
2026-02-17T20:30:42.624 INFO:teuthology.orchestra.run.trial073.stdout:/usr/bin/ceph: stderr
2026-02-17T20:30:42.505+0000 7fab9ae2e640 1 -- --> [v2:10.20.193.73:3300/0,v1:10.20.193.73:6789/0] -- mon_getmap magic: 0 -- 0x7fab9410e980 con 0x7fab9407ee70
2026-02-17T20:30:42.624 INFO:teuthology.orchestra.run.trial073.stdout:/usr/bin/ceph: stderr
2026-02-17T20:30:42.505+0000 7fab98ba3640 1 --2- >> [v2:10.20.193.73:3300/0,v1:10.20.193.73:6789/0] conn(0x7fab9407ee70 0x7fab941a04d0 unknown :-1 s=BANNER_CONNECTING pgs=0 cs=0 l=1 rev1=0 crypto rx=0 tx=0 comp rx=0 tx=0)._handle_peer_banner_payload supported=3 required=0
2026-02-17T20:30:42.624 INFO:teuthology.orchestra.run.trial073.stdout:/usr/bin/ceph: stderr
2026-02-17T20:30:42.505+0000 7fab98ba3640 1 --2- >> [v2:10.20.193.73:3300/0,v1:10.20.193.73:6789/0] conn(0x7fab9407ee70 0x7fab941a04d0 unknown :-1 s=HELLO_CONNECTING pgs=0 cs=0 l=1 rev1=1 crypto rx=0 tx=0 comp rx=0 tx=0).handle_hello peer v2:10.20.193.73:3300/0 says I am v2:10.20.193.73:38084/0 (socket says 10.20.193.73:38084)
2026-02-17T20:30:42.624 INFO:teuthology.orchestra.run.trial073.stdout:/usr/bin/ceph: stderr
2026-02-17T20:30:42.505+0000 7fab98ba3640 1 -- 10.20.193.73:0/3440037192 learned_addr learned my addr 10.20.193.73:0/3440037192 (peer_addr_for_me v2:10.20.193.73:0/0)
2026-02-17T20:30:42.625 INFO:teuthology.orchestra.run.trial073.stdout:/usr/bin/ceph: stderr
2026-02-17T20:30:42.506+0000 7fab98ba3640 1 -- 10.20.193.73:0/3440037192 --> [v2:10.20.193.73:3300/0,v1:10.20.193.73:6789/0] -- mon_subscribe({config=0+,monmap=0+}) -- 0x7fab941a0a10 con 0x7fab9407ee70
2026-02-17T20:30:42.625 INFO:teuthology.orchestra.run.trial073.stdout:/usr/bin/ceph: stderr
2026-02-17T20:30:42.506+0000 7fab98ba3640 1 --2- 10.20.193.73:0/3440037192 >> [v2:10.20.193.73:3300/0,v1:10.20.193.73:6789/0] conn(0x7fab9407ee70 0x7fab941a04d0 secure :-1 s=READY pgs=73 cs=0 l=1 rev1=1 crypto rx=0x7fab84039000 tx=0x7fab84037820 comp rx=0 tx=0).ready entity=mon.0 client_cookie=0 server_cookie=0 in_seq=0 out_seq=0
2026-02-17T20:30:42.625 INFO:teuthology.orchestra.run.trial073.stdout:/usr/bin/ceph: stderr
2026-02-17T20:30:42.506+0000 7fab89ffb640 1 -- 10.20.193.73:0/3440037192 <== mon.0 v2:10.20.193.73:3300/0 1 ==== mon_map magic: 0 ==== 205+0+0 (secure 0 0 0) 0x7fab84047070 con 0x7fab9407ee70
2026-02-17T20:30:42.625 INFO:teuthology.orchestra.run.trial073.stdout:/usr/bin/ceph: stderr
2026-02-17T20:30:42.506+0000 7fab89ffb640 1 -- 10.20.193.73:0/3440037192 <== mon.0 v2:10.20.193.73:3300/0 2 ==== config(26 keys) ==== 1076+0+0 (secure 0 0 0) 0x7fab84035df0 con 0x7fab9407ee70
2026-02-17T20:30:42.625 INFO:teuthology.orchestra.run.trial073.stdout:/usr/bin/ceph: stderr
2026-02-17T20:30:42.506+0000 7fab9ae2e640 1 -- 10.20.193.73:0/3440037192 --> [v2:10.20.193.73:3300/0,v1:10.20.193.73:6789/0] -- mon_subscribe({mgrmap=0+}) -- 0x7fab941a0ca0 con 0x7fab9407ee70
2026-02-17T20:30:42.625 INFO:teuthology.orchestra.run.trial073.stdout:/usr/bin/ceph: stderr
