2026-02-17T20:30:36.485+0000 7f2f08ed3640 1 --2- >> [v2:10.20.193.73:3300/0,v1:10.20.193.73:6789/0] conn(0x7f2f0410a9e0 0x7f2f041a04c0 unknown :-1 s=BANNER_CONNECTING pgs=0 cs=0 l=1 rev1=0 crypto rx=0 tx=0 comp rx=0 tx=0)._handle_peer_banner_payload supported=3 required=0
2026-02-17T20:30:36.616 INFO:teuthology.orchestra.run.trial073.stdout:/usr/bin/ceph: stderr
2026-02-17T20:30:36.485+0000 7f2f08ed3640 1 --2- >> [v2:10.20.193.73:3300/0,v1:10.20.193.73:6789/0] conn(0x7f2f0410a9e0 0x7f2f041a04c0 unknown :-1 s=HELLO_CONNECTING pgs=0 cs=0 l=1 rev1=1 crypto rx=0 tx=0 comp rx=0 tx=0).handle_hello peer v2:10.20.193.73:3300/0 says I am v2:10.20.193.73:53524/0 (socket says 10.20.193.73:53524)
2026-02-17T20:30:36.616 INFO:teuthology.orchestra.run.trial073.stdout:/usr/bin/ceph: stderr
2026-02-17T20:30:36.485+0000 7f2f08ed3640 1 -- 10.20.193.73:0/3330104804 learned_addr learned my addr 10.20.193.73:0/3330104804 (peer_addr_for_me v2:10.20.193.73:0/0)
2026-02-17T20:30:36.616 INFO:teuthology.orchestra.run.trial073.stdout:/usr/bin/ceph: stderr
2026-02-17T20:30:36.485+0000 7f2f08ed3640 1 -- 10.20.193.73:0/3330104804 --> [v2:10.20.193.73:3300/0,v1:10.20.193.73:6789/0] -- mon_subscribe({config=0+,monmap=0+}) -- 0x7f2f041a0a00 con 0x7f2f0410a9e0
2026-02-17T20:30:36.616 INFO:teuthology.orchestra.run.trial073.stdout:/usr/bin/ceph: stderr
2026-02-17T20:30:36.485+0000 7f2f08ed3640 1 --2- 10.20.193.73:0/3330104804 >> [v2:10.20.193.73:3300/0,v1:10.20.193.73:6789/0] conn(0x7f2f0410a9e0 0x7f2f041a04c0 secure :-1 s=READY pgs=48 cs=0 l=1 rev1=1 crypto rx=0x7f2ef4006fd0 tx=0x7f2ef4037bb0 comp rx=0 tx=0).ready entity=mon.0 client_cookie=0 server_cookie=0 in_seq=0 out_seq=0
2026-02-17T20:30:36.616 INFO:teuthology.orchestra.run.trial073.stdout:/usr/bin/ceph: stderr
2026-02-17T20:30:36.485+0000 7f2ef9ffb640 1 -- 10.20.193.73:0/3330104804 <== mon.0 v2:10.20.193.73:3300/0 1 ==== mon_map magic: 0 ==== 205+0+0 (secure 0 0 0) 0x7f2ef4045070 con 0x7f2f0410a9e0
2026-02-17T20:30:36.616 INFO:teuthology.orchestra.run.trial073.stdout:/usr/bin/ceph: stderr
2026-02-17T20:30:36.485+0000 7f2f0b15e640 1 -- 10.20.193.73:0/3330104804 --> [v2:10.20.193.73:3300/0,v1:10.20.193.73:6789/0] -- mon_subscribe({mgrmap=0+}) -- 0x7f2f041a0c90 con 0x7f2f0410a9e0
2026-02-17T20:30:36.616 INFO:teuthology.orchestra.run.trial073.stdout:/usr/bin/ceph: stderr
2026-02-17T20:30:36.485+0000 7f2ef9ffb640 1 -- 10.20.193.73:0/3330104804 <== mon.0 v2:10.20.193.73:3300/0 2 ==== config(26 keys) ==== 1045+0+0 (secure 0 0 0) 0x7f2ef4040450 con 0x7f2f0410a9e0
2026-02-17T20:30:36.616 INFO:teuthology.orchestra.run.trial073.stdout:/usr/bin/ceph: stderr
2026-02-17T20:30:36.485+0000 7f2ef9ffb640 1 -- 10.20.193.73:0/3330104804 <== mon.0 v2:10.20.193.73:3300/0 3 ==== mon_map magic: 0 ==== 205+0+0 (secure 0 0 0) 0x7f2ef403c070 con 0x7f2f0410a9e0
2026-02-17T20:30:36.616 INFO:teuthology.orchestra.run.trial073.stdout:/usr/bin/ceph: stderr
2026-02-17T20:30:36.485+0000 7f2f0b15e640 1 -- 10.20.193.73:0/3330104804 --> [v2:10.20.193.73:3300/0,v1:10.20.193.73:6789/0] -- mon_subscribe({osdmap=0}) -- 0x7f2f041a3980 con 0x7f2f0410a9e0
2026-02-17T20:30:36.616 INFO:teuthology.orchestra.run.trial073.stdout:/usr/bin/ceph: stderr
2026-02-17T20:30:36.486+0000 7f2f0b15e640 1 -- 10.20.193.73:0/3330104804 --> [v2:10.20.193.73:3300/0,v1:10.20.193.73:6789/0] -- mon_command({"prefix": "get_command_descriptions"} v 0) -- 0x7f2f0410ae60 con 0x7f2f0410a9e0
2026-02-17T20:30:36.617 INFO:teuthology.orchestra.run.trial073.stdout:/usr/bin/ceph: stderr
2026-02-17T20:30:36.486+0000 7f2ef9ffb640 1 -- 10.20.193.73:0/3330104804 <== mon.0 v2:10.20.193.73:3300/0 4 ==== mgrmap(e 8) ==== 50247+0+0 (secure 0 0 0) 0x7f2ef4052080 con 0x7f2f0410a9e0
2026-02-17T20:30:36.617 INFO:teuthology.orchestra.run.trial073.stdout:/usr/bin/ceph: stderr
2026-02-17T20:30:36.486+0000 7f2ef9ffb640 1 --2- 10.20.193.73:0/3330104804 >> [v2:10.20.193.73:6800/2261665755,v1:10.20.193.73:6801/2261665755] conn(0x7f2ee003db50 0x7f2ee0040010 unknown :-1 s=NONE pgs=0 cs=0 l=1 rev1=0 crypto rx=0 tx=0 comp rx=0 tx=0).connect
2026-02-17T20:30:36.617 INFO:teuthology.orchestra.run.trial073.stdout:/usr/bin/ceph: stderr
2026-02-17T20:30:36.486+0000 7f2ef9ffb640 1 -- 10.20.193.73:0/3330104804 <== mon.0 v2:10.20.193.73:3300/0 5 ==== osd_map(2..2 src has 1..2) ==== 940+0+0 (secure 0 0 0) 0x7f2ef4076b90 con 0x7f2f0410a9e0
2026-02-17T20:30:36.617 INFO:teuthology.orchestra.run.trial073.stdout:/usr/bin/ceph: stderr
2026-02-17T20:30:36.486+0000 7f2efbfff640 1 --2- 10.20.193.73:0/3330104804 >> [v2:10.20.193.73:6800/2261665755,v1:10.20.193.73:6801/2261665755] conn(0x7f2ee003db50 0x7f2ee0040010 unknown :-1 s=BANNER_CONNECTING pgs=0 cs=0 l=1 rev1=0 crypto rx=0 tx=0 comp rx=0 tx=0)._handle_peer_banner_payload supported=3 required=0
2026-02-17T20:30:36.617 INFO:teuthology.orchestra.run.trial073.stdout:/usr/bin/ceph: stderr
2026-02-17T20:30:36.487+0000 7f2efbfff640 1 --2- 10.20.193.73:0/3330104804 >> [v2:10.20.193.73:6800/2261665755,v1:10.20.193.73:6801/2261665755] conn(0x7f2ee003db50 0x7f2ee0040010 secure :-1 s=READY pgs=13 cs=0 l=1 rev1=1 crypto rx=0x7f2eec0099c0 tx=0x7f2eec006eb0 comp rx=0 tx=0).ready entity=mgr.14118 client_cookie=0 server_cookie=0 in_seq=0 out_seq=0
2026-02-17T20:30:36.617 INFO:teuthology.orchestra.run.trial073.stdout:/usr/bin/ceph: stderr
2026-02-17T20:30:36.488+0000 7f2ef9ffb640 1 -- 10.20.193.73:0/3330104804 <== mon.0 v2:10.20.193.73:3300/0 6 ==== mon_command_ack([{"prefix": "get_command_descriptions"}]=0 v0) ==== 72+0+195034 (secure 0 0 0) 0x7f2ef4003710 con 0x7f2f0410a9e0
2026-02-17T20:30:36.617 INFO:teuthology.orchestra.run.trial073.stdout:/usr/bin/ceph: stderr
2026-02-17T20:30:36.514+0000 7f2ef9ffb640 1 -- 10.20.193.73:0/3330104804 <== mon.0 v2:10.20.193.73:3300/0 7 ==== config(26 keys) ==== 1076+0+0 (secure 0 0 0) 0x7f2ef40342a0 con 0x7f2f0410a9e0
2026-02-17T20:30:36.617 INFO:teuthology.orchestra.run.trial073.stdout:/usr/bin/ceph: stderr
2026-02-17T20:30:36.580+0000 7f2f0b15e640 1 -- 10.20.193.73:0/3330104804 --> [v2:10.20.193.73:6800/2261665755,v1:10.20.193.73:6801/2261665755] -- mgr_command(tid 0: {"prefix": "orch apply", "service_type": "mgr", "unmanaged": true, "target": ["mon-mgr", ""]}) -- 0x7f2f04108d50 con 0x7f2ee003db50
2026-02-17T20:30:36.617 INFO:teuthology.orchestra.run.trial073.stdout:/usr/bin/ceph: stderr
2026-02-17T20:30:36.583+0000 7f2ef9ffb640 1 -- 10.20.193.73:0/3330104804 <== mgr.14118 v2:10.20.193.73:6800/2261665755 1 ==== mgr_command_reply(tid 0: 0 ) ==== 8+0+24 (secure 0 0 0) 0x7f2f04108d50 con 0x7f2ee003db50
2026-02-17T20:30:36.617 INFO:teuthology.orchestra.run.trial073.stdout:/usr/bin/ceph: stderr
2026-02-17T20:30:36.585+0000 7f2f0b15e640 1 -- 10.20.193.73:0/3330104804 >> [v2:10.20.193.73:6800/2261665755,v1:10.20.193.73:6801/2261665755] conn(0x7f2ee003db50 msgr2=0x7f2ee0040010 secure :-1 s=STATE_CONNECTION_ESTABLISHED l=1).mark_down
2026-02-17T20:30:36.618 INFO:teuthology.orchestra.run.trial073.stdout:/usr/bin/ceph: stderr
2026-02-17T20:30:36.585+0000 7f2f0b15e640 1 --2- 10.20.193.73:0/3330104804 >> [v2:10.20.193.73:6800/2261665755,v1:10.20.193.73:6801/2261665755] conn(0x7f2ee003db50 0x7f2ee0040010 secure :-1 s=READY pgs=13 cs=0 l=1 rev1=1 crypto rx=0x7f2eec0099c0 tx=0x7f2eec006eb0 comp rx=0 tx=0).stop
2026-02-17T20:30:36.618 INFO:teuthology.orchestra.run.trial073.stdout:/usr/bin/ceph: stderr
2026-02-17T20:30:36.585+0000 7f2f0b15e640 1 -- 10.20.193.73:0/3330104804 >> [v2:10.20.193.73:3300/0,v1:10.20.193.73:6789/0] conn(0x7f2f0410a9e0 msgr2=0x7f2f041a04c0 secure :-1 s=STATE_CONNECTION_ESTABLISHED l=1).mark_down
2026-02-17T20:30:36.618 INFO:teuthology.orchestra.run.trial073.stdout:/usr/bin/ceph: stderr
2026-02-17T20:30:36.585+0000 7f2f0b15e640 1 --2- 10.20.193.73:0/3330104804 >> [v2:10.20.193.73:3300/0,v1:10.20.193.73:6789/0] conn(0x7f2f0410a9e0 0x7f2f041a04c0 secure :-1 s=READY pgs=48 cs=0 l=1 rev1=1 crypto rx=0x7f2ef4006fd0 tx=0x7f2ef4037bb0 comp rx=0 tx=0).stop
2026-02-17T20:30:36.618 INFO:teuthology.orchestra.run.trial073.stdout:/usr/bin/ceph: stderr
2026-02-17T20:30:36.585+0000 7f2f0b15e640 1 -- 10.20.193.73:0/3330104804 shutdown_connections
2026-02-17T20:30:36.618 INFO:teuthology.orchestra.run.trial073.stdout:/usr/bin/ceph: stderr
2026-02-17T20:30:36.585+0000 7f2f0b15e640 1 --2- 10.20.193.73:0/3330104804 >> [v2:10.20.193.73:6800/2261665755,v1:10.20.193.73:6801/2261665755] conn(0x7f2ee003db50 0x7f2ee0040010 unknown :-1 s=CLOSED pgs=13 cs=0 l=1 rev1=1 crypto rx=0 tx=0 comp rx=0 tx=0).stop
2026-02-17T20:30:36.618 INFO:teuthology.orchestra.run.trial073.stdout:/usr/bin/ceph: stderr
2026-02-17T20:30:36.585+0000 7f2f0b15e640 1 --2- 10.20.193.73:0/3330104804 >> [v2:10.20.193.73:3300/0,v1:10.20.193.73:6789/0] conn(0x7f2f0410a9e0 0x7f2f041a04c0 unknown :-1 s=CLOSED pgs=48 cs=0 l=1 rev1=1 crypto rx=0 tx=0 comp rx=0 tx=0).stop
2026-02-17T20:30:36.618 INFO:teuthology.orchestra.run.trial073.stdout:/usr/bin/ceph: stderr
2026-02-17T20:30:36.585+0000 7f2f0b15e640 1 -- 10.20.193.73:0/3330104804 >> 10.20.193.73:0/3330104804 conn(0x7f2f0407db10 msgr2=0x7f2f04108640 unknown :-1 s=STATE_NONE l=0).mark_down
2026-02-17T20:30:36.618 INFO:teuthology.orchestra.run.trial073.stdout:/usr/bin/ceph: stderr
2026-02-17T20:30:36.585+0000 7f2f0b15e640 1 -- 10.20.193.73:0/3330104804 shutdown_connections
2026-02-17T20:30:36.618 INFO:teuthology.orchestra.run.trial073.stdout:/usr/bin/ceph: stderr
2026-02-17T20:30:36.585+0000 7f2f0b15e640 1 -- 10.20.193.73:0/3330104804 wait complete.
2026-02-17T20:30:36.721 INFO:journalctl@ceph.mon.a.trial073.stdout:Feb 17 20:30:36 trial073 ceph-mon[24458]: Deploying cephadm binary to trial073
2026-02-17T20:30:36.721 INFO:journalctl@ceph.mon.a.trial073.stdout:Feb 17 20:30:36 trial073 ceph-mon[24458]: from='mgr.14118 10.20.193.73:0/3617305795' entity='mgr.x'
2026-02-17T20:30:36.721 INFO:journalctl@ceph.mon.a.trial073.stdout:Feb 17 20:30:36 trial073 ceph-mon[24458]: from='mgr.14118 10.20.193.73:0/3617305795' entity='mgr.x' cmd=[{"prefix": "config dump", "format": "json"}]: dispatch
2026-02-17T20:30:36.722 INFO:journalctl@ceph.mon.a.trial073.stdout:Feb 17 20:30:36 trial073 ceph-mon[24458]: from='mgr.14118 10.20.193.73:0/3617305795' entity='mgr.x'
2026-02-17T20:30:36.722 INFO:journalctl@ceph.mon.a.trial073.stdout:Feb 17 20:30:36 trial073 ceph-mon[24458]: from='mgr.14118 10.20.193.73:0/3617305795' entity='mgr.x'
2026-02-17T20:30:36.722 INFO:journalctl@ceph.mon.a.trial073.stdout:Feb 17 20:30:36 trial073 ceph-mon[24458]: from='mgr.14118 10.20.193.73:0/3617305795' entity='mgr.x'
2026-02-17T20:30:36.838 INFO:teuthology.orchestra.run.trial073.stdout:/usr/bin/ceph: stderr
2026-02-17T20:30:36.718+0000 7efce6221640 1 Processor -- start
2026-02-17T20:30:36.838 INFO:teuthology.orchestra.run.trial073.stdout:/usr/bin/ceph: stderr
2026-02-17T20:30:36.718+0000 7efce6221640 1 -- start start
2026-02-17T20:30:36.838 INFO:teuthology.orchestra.run.trial073.stdout:/usr/bin/ceph: stderr
2026-02-17T20:30:36.718+0000 7efce6221640 1 --2- >> [v2:10.20.193.73:3300/0,v1:10.20.193.73:6789/0] conn(0x7efce010a9e0 0x7efce010ade0 unknown :-1 s=NONE pgs=0 cs=0 l=0 rev1=0 crypto rx=0 tx=0 comp rx=0 tx=0).connect
2026-02-17T20:30:36.839 INFO:teuthology.orchestra.run.trial073.stdout:/usr/bin/ceph: stderr
2026-02-17T20:30:36.718+0000 7efce6221640 1 -- --> [v2:10.20.193.73:3300/0,v1:10.20.193.73:6789/0] -- mon_getmap magic: 0 -- 0x7efce010b3b0 con 0x7efce010a9e0
2026-02-17T20:30:36.839 INFO:teuthology.orchestra.run.trial073.stdout:/usr/bin/ceph: stderr
2026-02-17T20:30:36.718+0000 7efcdf7fe640 1 --2- >> [v2:10.20.193.73:3300/0,v1:10.20.193.73:6789/0] conn(0x7efce010a9e0 0x7efce010ade0 unknown :-1 s=BANNER_CONNECTING pgs=0 cs=0 l=0 rev1=0 crypto rx=0 tx=0 comp rx=0 tx=0)._handle_peer_banner_payload supported=3 required=0
2026-02-17T20:30:36.839 INFO:teuthology.orchestra.run.trial073.stdout:/usr/bin/ceph: stderr
2026-02-17T20:30:36.718+0000 7efcdf7fe640 1 --2- >> [v2:10.20.193.73:3300/0,v1:10.20.193.73:6789/0] conn(0x7efce010a9e0 0x7efce010ade0 unknown :-1 s=HELLO_CONNECTING pgs=0 cs=0 l=0 rev1=1 crypto rx=0 tx=0 comp rx=0 tx=0).handle_hello peer v2:10.20.193.73:3300/0 says I am v2:10.20.193.73:53526/0 (socket says 10.20.193.73:53526)
2026-02-17T20:30:36.839 INFO:teuthology.orchestra.run.trial073.stdout:/usr/bin/ceph: stderr
2026-02-17T20:30:36.718+0000 7efcdf7fe640 1 -- 10.20.193.73:0/2131101772 learned_addr learned my addr 10.20.193.73:0/2131101772 (peer_addr_for_me v2:10.20.193.73:0/0)
2026-02-17T20:30:36.839 INFO:teuthology.orchestra.run.trial073.stdout:/usr/bin/ceph: stderr
2026-02-17T20:30:36.718+0000 7efcdf7fe640 1 -- 10.20.193.73:0/2131101772 --> [v2:10.20.193.73:3300/0,v1:10.20.193.73:6789/0] -- mon_subscribe({config=0+,monmap=0+}) -- 0x7efce010b7c0 con 0x7efce010a9e0
2026-02-17T20:30:36.839 INFO:teuthology.orchestra.run.trial073.stdout:/usr/bin/ceph: stderr
2026-02-17T20:30:36.718+0000 7efcdf7fe640 1 --2- 10.20.193.73:0/2131101772 >> [v2:10.20.193.73:3300/0,v1:10.20.193.73:6789/0] conn(0x7efce010a9e0 0x7efce010ade0 secure :-1 s=READY pgs=49 cs=0 l=1 rev1=1 crypto rx=0x7efccc009920 tx=0x7efccc02ef20 comp rx=0 tx=0).ready entity=mon.0 client_cookie=d3faf0952fa933ff server_cookie=0 in_seq=0 out_seq=0
2026-02-17T20:30:36.839 INFO:teuthology.orchestra.run.trial073.stdout:/usr/bin/ceph: stderr
2026-02-17T20:30:36.719+0000 7efcde7fc640 1 -- 10.20.193.73:0/2131101772 <== mon.0 v2:10.20.193.73:3300/0 1 ==== mon_map magic: 0 ==== 205+0+0 (secure 0 0 0) 0x7efccc03c070 con 0x7efce010a9e0
2026-02-17T20:30:36.839 INFO:teuthology.orchestra.run.trial073.stdout:/usr/bin/ceph: stderr
2026-02-17T20:30:36.719+0000 7efcde7fc640 1 -- 10.20.193.73:0/2131101772 <== mon.0 v2:10.20.193.73:3300/0 2 ==== config(26 keys) ==== 1076+0+0 (secure 0 0 0) 0x7efccc037440 con 0x7efce010a9e0
2026-02-17T20:30:36.839 INFO:teuthology.orchestra.run.trial073.stdout:/usr/bin/ceph: stderr
2026-02-17T20:30:36.719+0000 7efcde7fc640 1 -- 10.20.193.73:0/2131101772 <== mon.0 v2:10.20.193.73:3300/0 3 ==== mon_map magic: 0 ==== 205+0+0 (secure 0 0 0) 0x7efccc0354d0 con 0x7efce010a9e0
2026-02-17T20:30:36.839 INFO:teuthology.orchestra.run.trial073.stdout:/usr/bin/ceph: stderr
2026-02-17T20:30:36.719+0000 7efce6221640 1 -- 10.20.193.73:0/2131101772 >> [v2:10.20.193.73:3300/0,v1:10.20.193.73:6789/0] conn(0x7efce010a9e0 msgr2=0x7efce010ade0 secure :-1 s=STATE_CONNECTION_ESTABLISHED l=1).mark_down
2026-02-17T20:30:36.840 INFO:teuthology.orchestra.run.trial073.stdout:/usr/bin/ceph: stderr
2026-02-17T20:30:36.719+0000 7efce6221640 1 --2- 10.20.193.73:0/2131101772 >> [v2:10.20.193.73:3300/0,v1:10.20.193.73:6789/0] conn(0x7efce010a9e0 0x7efce010ade0 secure :-1 s=READY pgs=49 cs=0 l=1 rev1=1 crypto rx=0x7efccc009920 tx=0x7efccc02ef20 comp rx=0 tx=0).stop
2026-02-17T20:30:36.840 INFO:teuthology.orchestra.run.trial073.stdout:/usr/bin/ceph: stderr
2026-02-17T20:30:36.719+0000 7efce6221640 1 -- 10.20.193.73:0/2131101772 shutdown_connections
2026-02-17T20:30:36.840 INFO:teuthology.orchestra.run.trial073.stdout:/usr/bin/ceph: stderr
2026-02-17T20:30:36.719+0000 7efce6221640 1 --2- 10.20.193.73:0/2131101772 >> [v2:10.20.193.73:3300/0,v1:10.20.193.73:6789/0] conn(0x7efce010a9e0 0x7efce010ade0 unknown :-1 s=CLOSED pgs=49 cs=0 l=1 rev1=1 crypto rx=0 tx=0 comp rx=0 tx=0).stop
2026-02-17T20:30:36.840 INFO:teuthology.orchestra.run.trial073.stdout:/usr/bin/ceph: stderr
2026-02-17T20:30:36.719+0000 7efce6221640 1 -- 10.20.193.73:0/2131101772 >> 10.20.193.73:0/2131101772 conn(0x7efce007db10 msgr2=0x7efce007df20 unknown :-1 s=STATE_NONE l=0).mark_down
2026-02-17T20:30:36.840 INFO:teuthology.orchestra.run.trial073.stdout:/usr/bin/ceph: stderr
2026-02-17T20:30:36.719+0000 7efce6221640 1 -- 10.20.193.73:0/2131101772 shutdown_connections
2026-02-17T20:30:36.840 INFO:teuthology.orchestra.run.trial073.stdout:/usr/bin/ceph: stderr
2026-02-17T20:30:36.719+0000 7efce6221640 1 -- 10.20.193.73:0/2131101772 wait complete.
2026-02-17T20:30:36.840 INFO:teuthology.orchestra.run.trial073.stdout:/usr/bin/ceph: stderr
2026-02-17T20:30:36.720+0000 7efce6221640 1 Processor -- start
2026-02-17T20:30:36.840 INFO:teuthology.orchestra.run.trial073.stdout:/usr/bin/ceph: stderr
2026-02-17T20:30:36.720+0000 7efce6221640 1 -- start start
2026-02-17T20:30:36.840 INFO:teuthology.orchestra.run.trial073.stdout:/usr/bin/ceph: stderr
2026-02-17T20:30:36.720+0000 7efce6221640 1 --2- >> [v2:10.20.193.73:3300/0,v1:10.20.193.73:6789/0] conn(0x7efce010a9e0 0x7efce01a04d0 unknown :-1 s=NONE pgs=0 cs=0 l=1 rev1=0 crypto rx=0 tx=0 comp rx=0 tx=0).connect
2026-02-17T20:30:36.840 INFO:teuthology.orchestra.run.trial073.stdout:/usr/bin/ceph: stderr
2026-02-17T20:30:36.720+0000 7efce6221640 1 -- --> [v2:10.20.193.73:3300/0,v1:10.20.193.73:6789/0] -- mon_getmap magic: 0 -- 0x7efce010ec00 con 0x7efce010a9e0
2026-02-17T20:30:36.841 INFO:teuthology.orchestra.run.trial073.stdout:/usr/bin/ceph: stderr
2026-02-17T20:30:36.720+0000 7efcdf7fe640 1 --2- >> [v2:10.20.193.73:3300/0,v1:10.20.193.73:6789/0] conn(0x7efce010a9e0 0x7efce01a04d0 unknown :-1 s=BANNER_CONNECTING pgs=0 cs=0 l=1 rev1=0 crypto rx=0 tx=0 comp rx=0 tx=0)._handle_peer_banner_payload supported=3 required=0
2026-02-17T20:30:36.841 INFO:teuthology.orchestra.run.trial073.stdout:/usr/bin/ceph: stderr
2026-02-17T20:30:36.720+0000 7efcdf7fe640 1 --2- >> [v2:10.20.193.73:3300/0,v1:10.20.193.73:6789/0] conn(0x7efce010a9e0 0x7efce01a04d0 unknown :-1 s=HELLO_CONNECTING pgs=0 cs=0 l=1 rev1=1 crypto rx=0 tx=0 comp rx=0 tx=0).handle_hello peer v2:10.20.193.73:3300/0 says I am v2:10.20.193.73:53528/0 (socket says 10.20.193.73:53528)
2026-02-17T20:30:36.841 INFO:teuthology.orchestra.run.trial073.stdout:/usr/bin/ceph: stderr
2026-02-17T20:30:36.720+0000 7efcdf7fe640 1 -- 10.20.193.73:0/545197133 learned_addr learned my addr 10.20.193.73:0/545197133 (peer_addr_for_me v2:10.20.193.73:0/0)
2026-02-17T20:30:36.841 INFO:teuthology.orchestra.run.trial073.stdout:/usr/bin/ceph: stderr
2026-02-17T20:30:36.720+0000 7efcdf7fe640 1 -- 10.20.193.73:0/545197133 --> [v2:10.20.193.73:3300/0,v1:10.20.193.73:6789/0] -- mon_subscribe({config=0+,monmap=0+}) -- 0x7efce01a0a10 con 0x7efce010a9e0
2026-02-17T20:30:36.841 INFO:teuthology.orchestra.run.trial073.stdout:/usr/bin/ceph: stderr
2026-02-17T20:30:36.720+0000 7efcdf7fe640 1 --2- 10.20.193.73:0/545197133 >> [v2:10.20.193.73:3300/0,v1:10.20.193.73:6789/0] conn(0x7efce010a9e0 0x7efce01a04d0 secure :-1 s=READY pgs=50 cs=0 l=1 rev1=1 crypto rx=0x7efccc037ef0 tx=0x7efccc035a70 comp rx=0 tx=0).ready entity=mon.0 client_cookie=0 server_cookie=0 in_seq=0 out_seq=0
2026-02-17T20:30:36.841 INFO:teuthology.orchestra.run.trial073.stdout:/usr/bin/ceph: stderr
2026-02-17T20:30:36.720+0000 7efcdcff9640 1 -- 10.20.193.73:0/545197133 <== mon.0 v2:10.20.193.73:3300/0 1 ==== mon_map magic: 0 ==== 205+0+0 (secure 0 0 0) 0x7efccc045070 con 0x7efce010a9e0
2026-02-17T20:30:36.841 INFO:teuthology.orchestra.run.trial073.stdout:/usr/bin/ceph: stderr
2026-02-17T20:30:36.720+0000 7efcdcff9640 1 -- 10.20.193.73:0/545197133 <== mon.0 v2:10.20.193.73:3300/0 2 ==== config(26 keys) ==== 1076+0+0 (secure 0 0 0) 0x7efccc02fe50 con 0x7efce010a9e0
2026-02-17T20:30:36.841 INFO:teuthology.orchestra.run.trial073.stdout:/usr/bin/ceph: stderr
2026-02-17T20:30:36.720+0000 7efce6221640 1 -- 10.20.193.73:0/545197133 --> [v2:10.20.193.73:3300/0,v1:10.20.193.73:6789/0] -- mon_subscribe({mgrmap=0+}) -- 0x7efce01a0ca0 con 0x7efce010a9e0
2026-02-17T20:30:36.841 INFO:teuthology.orchestra.run.trial073.stdout:/usr/bin/ceph: stderr
2026-02-17T20:30:36.720+0000 7efcdcff9640 1 -- 10.20.193.73:0/545197133 <== mon.0 v2:10.20.193.73:3300/0 3 ==== mon_map magic: 0 ==== 205+0+0 (secure 0 0 0) 0x7efccc03c070 con 0x7efce010a9e0
2026-02-17T20:30:36.841 INFO:teuthology.orchestra.run.trial073.stdout:/usr/bin/ceph: stderr
2026-02-17T20:30:36.720+0000 7efce6221640 1 -- 10.20.193.73:0/545197133 --> [v2:10.20.193.73:3300/0,v1:10.20.193.73:6789/0] -- mon_subscribe({osdmap=0}) -- 0x7efce01a3990 con 0x7efce010a9e0
2026-02-17T20:30:36.841 INFO:teuthology.orchestra.run.trial073.stdout:/usr/bin/ceph: stderr
2026-02-17T20:30:36.721+0000 7efce6221640 1 -- 10.20.193.73:0/545197133 --> [v2:10.20.193.73:3300/0,v1:10.20.193.73:6789/0] -- mon_command({"prefix": "get_command_descriptions"} v 0) -- 0x7efce010ae60 con 0x7efce010a9e0
2026-02-17T20:30:36.842 INFO:teuthology.orchestra.run.trial073.stdout:/usr/bin/ceph: stderr
2026-02-17T20:30:36.721+0000 7efcdcff9640 1 -- 10.20.193.73:0/545197133 <== mon.0 v2:10.20.193.73:3300/0 4 ==== mgrmap(e 8) ==== 50247+0+0 (secure 0 0 0) 0x7efccc040670 con 0x7efce010a9e0
2026-02-17T20:30:36.842 INFO:teuthology.orchestra.run.trial073.stdout:/usr/bin/ceph: stderr
2026-02-17T20:30:36.721+0000 7efcdcff9640 1 --2- 10.20.193.73:0/545197133 >> [v2:10.20.193.73:6800/2261665755,v1:10.20.193.73:6801/2261665755] conn(0x7efcb403dbf0 0x7efcb40400b0 unknown :-1 s=NONE pgs=0 cs=0 l=1 rev1=0 crypto rx=0 tx=0 comp rx=0 tx=0).connect
2026-02-17T20:30:36.842 INFO:teuthology.orchestra.run.trial073.stdout:/usr/bin/ceph: stderr
2026-02-17T20:30:36.721+0000 7efcdcff9640 1 -- 10.20.193.73:0/545197133 <== mon.0 v2:10.20.193.73:3300/0 5 ==== osd_map(2..2 src has 1..2) ==== 940+0+0 (secure 0 0 0) 0x7efccc0767e0 con 0x7efce010a9e0
2026-02-17T20:30:36.842 INFO:teuthology.orchestra.run.trial073.stdout:/usr/bin/ceph: stderr
2026-02-17T20:30:36.721+0000 7efcdeffd640 1 --2- 10.20.193.73:0/545197133 >> [v2:10.20.193.73:6800/2261665755,v1:10.20.193.73:6801/2261665755] conn(0x7efcb403dbf0 0x7efcb40400b0 unknown :-1 s=BANNER_CONNECTING pgs=0 cs=0 l=1 rev1=0 crypto rx=0 tx=0 comp rx=0 tx=0)._handle_peer_banner_payload supported=3 required=0
2026-02-17T20:30:36.842 INFO:teuthology.orchestra.run.trial073.stdout:/usr/bin/ceph: stderr
2026-02-17T20:30:36.721+0000 7efcdeffd640 1 --2- 10.20.193.73:0/545197133 >> [v2:10.20.193.73:6800/2261665755,v1:10.20.193.73:6801/2261665755] conn(0x7efcb403dbf0 0x7efcb40400b0 secure :-1 s=READY pgs=14 cs=0 l=1 rev1=1 crypto rx=0x7efcd00099c0 tx=0x7efcd0006eb0 comp rx=0 tx=0).ready entity=mgr.14118 client_cookie=0 server_cookie=0 in_seq=0 out_seq=0
2026-02-17T20:30:36.842 INFO:teuthology.orchestra.run.trial073.stdout:/usr/bin/ceph: stderr
2026-02-17T20:30:36.724+0000 7efcdcff9640 1 -- 10.20.193.73:0/545197133 <== mon.0 v2:10.20.193.73:3300/0 6 ==== mon_command_ack([{"prefix": "get_command_descriptions"}]=0 v0) ==== 72+0+195034 (secure 0 0 0) 0x7efccc03c210 con 0x7efce010a9e0
2026-02-17T20:30:36.842 INFO:teuthology.orchestra.run.trial073.stdout:/usr/bin/ceph: stderr
2026-02-17T20:30:36.806+0000 7efce6221640 1 -- 10.20.193.73:0/545197133 --> [v2:10.20.193.73:3300/0,v1:10.20.193.73:6789/0] -- mon_command([{prefix=config set, name=mgr/cephadm/container_init}] v 0) -- 0x7efce01a4030 con 0x7efce010a9e0
2026-02-17T20:30:36.842 INFO:teuthology.orchestra.run.trial073.stdout:/usr/bin/ceph: stderr
2026-02-17T20:30:36.808+0000 7efcdcff9640 1 -- 10.20.193.73:0/545197133 <== mon.0 v2:10.20.193.73:3300/0 7 ==== mon_command_ack([{prefix=config set, name=mgr/cephadm/container_init}]=0 v7)=0 v7) ==== 142+0+0 (secure 0 0 0) 0x7efccc076130 con 0x7efce010a9e0
2026-02-17T20:30:36.842 INFO:teuthology.orchestra.run.trial073.stdout:/usr/bin/ceph: stderr
2026-02-17T20:30:36.810+0000 7efce6221640 1 -- 10.20.193.73:0/545197133 >> [v2:10.20.193.73:6800/2261665755,v1:10.20.193.73:6801/2261665755] conn(0x7efcb403dbf0 msgr2=0x7efcb40400b0 secure :-1 s=STATE_CONNECTION_ESTABLISHED l=1).mark_down
2026-02-17T20:30:36.842 INFO:teuthology.orchestra.run.trial073.stdout:/usr/bin/ceph: stderr
2026-02-17T20:30:36.810+0000 7efce6221640 1 --2- 10.20.193.73:0/545197133 >> [v2:10.20.193.73:6800/2261665755,v1:10.20.193.73:6801/2261665755] conn(0x7efcb403dbf0 0x7efcb40400b0 secure :-1 s=READY pgs=14 cs=0 l=1 rev1=1 crypto rx=0x7efcd00099c0 tx=0x7efcd0006eb0 comp rx=0 tx=0).stop
2026-02-17T20:30:36.843 INFO:teuthology.orchestra.run.trial073.stdout:/usr/bin/ceph: stderr
2026-02-17T20:30:36.810+0000 7efce6221640 1 -- 10.20.193.73:0/545197133 >> [v2:10.20.193.73:3300/0,v1:10.20.193.73:6789/0] conn(0x7efce010a9e0 msgr2=0x7efce01a04d0 secure :-1 s=STATE_CONNECTION_ESTABLISHED l=1).mark_down
2026-02-17T20:30:36.843 INFO:teuthology.orchestra.run.trial073.stdout:/usr/bin/ceph: stderr
2026-02-17T20:30:36.810+0000 7efce6221640 1 --2- 10.20.193.73:0/545197133 >> [v2:10.20.193.73:3300/0,v1:10.20.193.73:6789/0] conn(0x7efce010a9e0 0x7efce01a04d0 secure :-1 s=READY pgs=50 cs=0 l=1 rev1=1 crypto rx=0x7efccc037ef0 tx=0x7efccc035a70 comp rx=0 tx=0).stop
2026-02-17T20:30:36.843 INFO:teuthology.orchestra.run.trial073.stdout:/usr/bin/ceph: stderr
2026-02-17T20:30:36.810+0000 7efce6221640 1 -- 10.20.193.73:0/545197133 shutdown_connections
2026-02-17T20:30:36.843 INFO:teuthology.orchestra.run.trial073.stdout:/usr/bin/ceph: stderr
2026-02-17T20:30:36.810+0000 7efce6221640 1 --2- 10.20.193.73:0/545197133 >> [v2:10.20.193.73:6800/2261665755,v1:10.20.193.73:6801/2261665755] conn(0x7efcb403dbf0 0x7efcb40400b0 unknown :-1 s=CLOSED pgs=14 cs=0 l=1 rev1=1 crypto rx=0 tx=0 comp rx=0 tx=0).stop
2026-02-17T20:30:36.843 INFO:teuthology.orchestra.run.trial073.stdout:/usr/bin/ceph: stderr
2026-02-17T20:30:36.810+0000 7efce6221640 1 --2- 10.20.193.73:0/545197133 >> [v2:10.20.193.73:3300/0,v1:10.20.193.73:6789/0] conn(0x7efce010a9e0 0x7efce01a04d0 unknown :-1 s=CLOSED pgs=50 cs=0 l=1 rev1=1 crypto rx=0 tx=0 comp rx=0 tx=0).stop
2026-02-17T20:30:36.843 INFO:teuthology.orchestra.run.trial073.stdout:/usr/bin/ceph: stderr
2026-02-17T20:30:36.810+0000 7efce6221640 1 -- 10.20.193.73:0/545197133 >> 10.20.193.73:0/545197133 conn(0x7efce007db10 msgr2=0x7efce0108610 unknown :-1 s=STATE_NONE l=0).mark_down
2026-02-17T20:30:36.843 INFO:teuthology.orchestra.run.trial073.stdout:/usr/bin/ceph: stderr
2026-02-17T20:30:36.810+0000 7efce6221640 1 -- 10.20.193.73:0/545197133 shutdown_connections
2026-02-17T20:30:36.843 INFO:teuthology.orchestra.run.trial073.stdout:/usr/bin/ceph: stderr
2026-02-17T20:30:36.810+0000 7efce6221640 1 -- 10.20.193.73:0/545197133 wait complete.
2026-02-17T20:30:37.047 INFO:teuthology.orchestra.run.trial073.stdout:/usr/bin/ceph: stderr
2026-02-17T20:30:36.928+0000 7f3d8b7f3640 1 Processor -- start
2026-02-17T20:30:37.047 INFO:teuthology.orchestra.run.trial073.stdout:/usr/bin/ceph: stderr
2026-02-17T20:30:36.928+0000 7f3d8b7f3640 1 -- start start
2026-02-17T20:30:37.048 INFO:teuthology.orchestra.run.trial073.stdout:/usr/bin/ceph: stderr
2026-02-17T20:30:36.928+0000 7f3d8b7f3640 1 --2- >> [v2:10.20.193.73:3300/0,v1:10.20.193.73:6789/0] conn(0x7f3d84108410 0x7f3d84108810 unknown :-1 s=NONE pgs=0 cs=0 l=0 rev1=0 crypto rx=0 tx=0 comp rx=0 tx=0).connect
2026-02-17T20:30:37.048 INFO:teuthology.orchestra.run.trial073.stdout:/usr/bin/ceph: stderr
2026-02-17T20:30:36.928+0000 7f3d8b7f3640 1 -- --> [v2:10.20.193.73:3300/0,v1:10.20.193.73:6789/0] -- mon_getmap magic: 0 -- 0x7f3d84108de0 con 0x7f3d84108410
2026-02-17T20:30:37.048 INFO:teuthology.orchestra.run.trial073.stdout:/usr/bin/ceph: stderr
2026-02-17T20:30:36.928+0000 7f3d89568640 1 --2- >> [v2:10.20.193.73:3300/0,v1:10.20.193.73:6789/0] conn(0x7f3d84108410 0x7f3d84108810 unknown :-1 s=BANNER_CONNECTING pgs=0 cs=0 l=0 rev1=0 crypto rx=0 tx=0 comp rx=0 tx=0)._handle_peer_banner_payload supported=3 required=0
2026-02-17T20:30:37.048 INFO:teuthology.orchestra.run.trial073.stdout:/usr/bin/ceph: stderr
2026-02-17T20:30:36.928+0000 7f3d89568640 1 --2- >> [v2:10.20.193.73:3300/0,v1:10.20.193.73:6789/0] conn(0x7f3d84108410 0x7f3d84108810 unknown :-1 s=HELLO_CONNECTING pgs=0 cs=0 l=0 rev1=1 crypto rx=0 tx=0 comp rx=0 tx=0).handle_hello peer v2:10.20.193.73:3300/0 says I am v2:10.20.193.73:53542/0 (socket says 10.20.193.73:53542)
2026-02-17T20:30:37.048 INFO:teuthology.orchestra.run.trial073.stdout:/usr/bin/ceph: stderr
2026-02-17T20:30:36.928+0000 7f3d89568640 1 -- 10.20.193.73:0/1448562530 learned_addr learned my addr 10.20.193.73:0/1448562530 (peer_addr_for_me v2:10.20.193.73:0/0)
2026-02-17T20:30:37.048 INFO:teuthology.orchestra.run.trial073.stdout:/usr/bin/ceph: stderr
2026-02-17T20:30:36.928+0000 7f3d89568640 1 -- 10.20.193.73:0/1448562530 --> [v2:10.20.193.73:3300/0,v1:10.20.193.73:6789/0] -- mon_subscribe({config=0+,monmap=0+}) -- 0x7f3d84109610 con 0x7f3d84108410
2026-02-17T20:30:37.048 INFO:teuthology.orchestra.run.trial073.stdout:/usr/bin/ceph: stderr
2026-02-17T20:30:36.929+0000 7f3d89568640 1 --2- 10.20.193.73:0/1448562530 >> [v2:10.20.193.73:3300/0,v1:10.20.193.73:6789/0] conn(0x7f3d84108410 0x7f3d84108810 secure :-1 s=READY pgs=51 cs=0 l=1 rev1=1 crypto rx=0x7f3d74009920 tx=0x7f3d7402ef20 comp rx=0 tx=0).ready entity=mon.0 client_cookie=1c370bccd2f3aeda server_cookie=0 in_seq=0 out_seq=0
2026-02-17T20:30:37.048 INFO:teuthology.orchestra.run.trial073.stdout:/usr/bin/ceph: stderr
2026-02-17T20:30:36.929+0000 7f3d73fff640 1 -- 10.20.193.73:0/1448562530 <== mon.0 v2:10.20.193.73:3300/0 1 ==== mon_map magic: 0 ==== 205+0+0 (secure 0 0 0) 0x7f3d7403c070 con 0x7f3d84108410
2026-02-17T20:30:37.048 INFO:teuthology.orchestra.run.trial073.stdout:/usr/bin/ceph: stderr
2026-02-17T20:30:36.929+0000 7f3d73fff640 1 -- 10.20.193.73:0/1448562530 <== mon.0 v2:10.20.193.73:3300/0 2 ==== config(26 keys) ==== 1076+0+0 (secure 0 0 0) 0x7f3d74037440 con 0x7f3d84108410
2026-02-17T20:30:37.048 INFO:teuthology.orchestra.run.trial073.stdout:/usr/bin/ceph: stderr
2026-02-17T20:30:36.929+0000 7f3d73fff640 1 -- 10.20.193.73:0/1448562530 <== mon.0 v2:10.20.193.73:3300/0 3 ==== mon_map magic: 0 ==== 205+0+0 (secure 0 0 0) 0x7f3d740354d0 con 0x7f3d84108410
2026-02-17T20:30:37.048 INFO:teuthology.orchestra.run.trial073.stdout:/usr/bin/ceph: stderr
2026-02-17T20:30:36.929+0000 7f3d8b7f3640 1 -- 10.20.193.73:0/1448562530 >> [v2:10.20.193.73:3300/0,v1:10.20.193.73:6789/0] conn(0x7f3d84108410 msgr2=0x7f3d84108810 secure :-1 s=STATE_CONNECTION_ESTABLISHED l=1).mark_down
2026-02-17T20:30:37.048 INFO:teuthology.orchestra.run.trial073.stdout:/usr/bin/ceph: stderr
2026-02-17T20:30:36.929+0000 7f3d8b7f3640 1 --2- 10.20.193.73:0/1448562530 >> [v2:10.20.193.73:3300/0,v1:10.20.193.73:6789/0] conn(0x7f3d84108410 0x7f3d84108810 secure :-1 s=READY pgs=51 cs=0 l=1 rev1=1 crypto rx=0x7f3d74009920 tx=0x7f3d7402ef20 comp rx=0 tx=0).stop
2026-02-17T20:30:37.048 INFO:teuthology.orchestra.run.trial073.stdout:/usr/bin/ceph: stderr
2026-02-17T20:30:36.929+0000 7f3d8b7f3640 1 -- 10.20.193.73:0/1448562530 shutdown_connections
2026-02-17T20:30:37.048 INFO:teuthology.orchestra.run.trial073.stdout:/usr/bin/ceph: stderr
2026-02-17T20:30:36.929+0000 7f3d8b7f3640 1 --2- 10.20.193.73:0/1448562530 >> [v2:10.20.193.73:3300/0,v1:10.20.193.73:6789/0] conn(0x7f3d84108410 0x7f3d84108810 unknown :-1 s=CLOSED pgs=51 cs=0 l=1 rev1=1 crypto rx=0 tx=0 comp rx=0 tx=0).stop
2026-02-17T20:30:37.048 INFO:teuthology.orchestra.run.trial073.stdout:/usr/bin/ceph: stderr
2026-02-17T20:30:36.929+0000 7f3d8b7f3640 1 -- 10.20.193.73:0/1448562530 >> 10.20.193.73:0/1448562530 conn(0x7f3d84103be0 msgr2=0x7f3d84106000 unknown :-1 s=STATE_NONE l=0).mark_down
2026-02-17T20:30:37.048 INFO:teuthology.orchestra.run.trial073.stdout:/usr/bin/ceph: stderr
2026-02-17T20:30:36.929+0000 7f3d8b7f3640 1 -- 10.20.193.73:0/1448562530 shutdown_connections
2026-02-17T20:30:37.048 INFO:teuthology.orchestra.run.trial073.stdout:/usr/bin/ceph: stderr
2026-02-17T20:30:36.929+0000 7f3d8b7f3640 1 -- 10.20.193.73:0/1448562530 wait complete.
2026-02-17T20:30:37.048 INFO:teuthology.orchestra.run.trial073.stdout:/usr/bin/ceph: stderr
2026-02-17T20:30:36.929+0000 7f3d8b7f3640 1 Processor -- start
2026-02-17T20:30:37.052 INFO:teuthology.orchestra.run.trial073.stdout:/usr/bin/ceph: stderr
2026-02-17T20:30:36.929+0000 7f3d8b7f3640 1 -- start start
2026-02-17T20:30:37.052 INFO:teuthology.orchestra.run.trial073.stdout:/usr/bin/ceph: stderr
2026-02-17T20:30:36.930+0000 7f3d8b7f3640 1 --2- >> [v2:10.20.193.73:3300/0,v1:10.20.193.73:6789/0] conn(0x7f3d84108410 0x7f3d8419e200 unknown :-1 s=NONE pgs=0 cs=0 l=1 rev1=0 crypto rx=0 tx=0 comp rx=0 tx=0).connect
2026-02-17T20:30:37.052 INFO:teuthology.orchestra.run.trial073.stdout:/usr/bin/ceph: stderr
2026-02-17T20:30:36.930+0000 7f3d8b7f3640 1 -- --> [v2:10.20.193.73:3300/0,v1:10.20.193.73:6789/0] -- mon_getmap magic: 0 -- 0x7f3d8410c840 con 0x7f3d84108410
2026-02-17T20:30:37.052 INFO:teuthology.orchestra.run.trial073.stdout:/usr/bin/ceph: stderr
2026-02-17T20:30:36.930+0000 7f3d89568640 1 --2- >> [v2:10.20.193.73:3300/0,v1:10.20.193.73:6789/0] conn(0x7f3d84108410 0x7f3d8419e200 unknown :-1 s=BANNER_CONNECTING pgs=0 cs=0 l=1 rev1=0 crypto rx=0 tx=0 comp rx=0 tx=0)._handle_peer_banner_payload supported=3 required=0
2026-02-17T20:30:37.052 INFO:teuthology.orchestra.run.trial073.stdout:/usr/bin/ceph: stderr
2026-02-17T20:30:36.930+0000 7f3d89568640 1 --2- >> [v2:10.20.193.73:3300/0,v1:10.20.193.73:6789/0] conn(0x7f3d84108410 0x7f3d8419e200 unknown :-1 s=HELLO_CONNECTING pgs=0 cs=0 l=1 rev1=1 crypto rx=0 tx=0 comp rx=0 tx=0).handle_hello peer v2:10.20.193.73:3300/0 says I am v2:10.20.193.73:53548/0 (socket says 10.20.193.73:53548)
2026-02-17T20:30:37.052 INFO:teuthology.orchestra.run.trial073.stdout:/usr/bin/ceph: stderr
2026-02-17T20:30:36.930+0000 7f3d89568640 1 -- 10.20.193.73:0/2004647036 learned_addr learned my addr 10.20.193.73:0/2004647036 (peer_addr_for_me v2:10.20.193.73:0/0)
2026-02-17T20:30:37.052 INFO:teuthology.orchestra.run.trial073.stdout:/usr/bin/ceph: stderr
2026-02-17T20:30:36.930+0000 7f3d89568640 1 -- 10.20.193.73:0/2004647036 --> [v2:10.20.193.73:3300/0,v1:10.20.193.73:6789/0] -- mon_subscribe({config=0+,monmap=0+}) -- 0x7f3d8419e740 con 0x7f3d84108410
2026-02-17T20:30:37.052 INFO:teuthology.orchestra.run.trial073.stdout:/usr/bin/ceph: stderr
2026-02-17T20:30:36.930+0000 7f3d89568640 1 --2- 10.20.193.73:0/2004647036 >> [v2:10.20.193.73:3300/0,v1:10.20.193.73:6789/0] conn(0x7f3d84108410 0x7f3d8419e200 secure :-1 s=READY pgs=52 cs=0 l=1 rev1=1 crypto rx=0x7f3d74039000 tx=0x7f3d74037820 comp rx=0 tx=0).ready entity=mon.0 client_cookie=0 server_cookie=0 in_seq=0 out_seq=0
2026-02-17T20:30:37.052 INFO:teuthology.orchestra.run.trial073.stdout:/usr/bin/ceph: stderr
2026-02-17T20:30:36.930+0000 7f3d727fc640 1 -- 10.20.193.73:0/2004647036 <== mon.0 v2:10.20.193.73:3300/0 1 ==== mon_map magic: 0 ==== 205+0+0 (secure 0 0 0) 0x7f3d74047070 con 0x7f3d84108410
2026-02-17T20:30:37.052 INFO:teuthology.orchestra.run.trial073.stdout:/usr/bin/ceph: stderr
2026-02-17T20:30:36.930+0000 7f3d727fc640 1 -- 10.20.193.73:0/2004647036 <== mon.0 v2:10.20.193.73:3300/0 2 ==== config(26 keys) ==== 1076+0+0 (secure 0 0 0) 0x7f3d74035df0 con 0x7f3d84108410
2026-02-17T20:30:37.052 INFO:teuthology.orchestra.run.trial073.stdout:/usr/bin/ceph: stderr
2026-02-17T20:30:36.930+0000 7f3d727fc640 1 -- 10.20.193.73:0/2004647036 <== mon.0 v2:10.20.193.73:3300/0 3 ==== mon_map magic: 0 ==== 205+0+0 (secure 0 0 0) 0x7f3d7403c070 con 0x7f3d84108410
2026-02-17T20:30:37.052 INFO:teuthology.orchestra.run.trial073.stdout:/usr/bin/ceph: stderr
2026-02-17T20:30:36.930+0000 7f3d8b7f3640 1 -- 10.20.193.73:0/2004647036 --> [v2:10.20.193.73:3300/0,v1:10.20.193.73:6789/0] -- mon_subscribe({mgrmap=0+}) -- 0x7f3d8419e9d0 con 0x7f3d84108410
2026-02-17T20:30:37.052 INFO:teuthology.orchestra.run.trial073.stdout:/usr/bin/ceph: stderr
2026-02-17T20:30:36.930+0000 7f3d8b7f3640 1 -- 10.20.193.73:0/2004647036 --> [v2:10.20.193.73:3300/0,v1:10.20.193.73:6789/0] -- mon_subscribe({osdmap=0}) -- 0x7f3d841a16c0 con 0x7f3d84108410
2026-02-17T20:30:37.052 INFO:teuthology.orchestra.run.trial073.stdout:/usr/bin/ceph: stderr
2026-02-17T20:30:36.930+0000 7f3d8b7f3640 1 -- 10.20.193.73:0/2004647036 --> [v2:10.20.193.73:3300/0,v1:10.20.193.73:6789/0] -- mon_command({"prefix": "get_command_descriptions"} v 0) -- 0x7f3d84108890 con 0x7f3d84108410
2026-02-17T20:30:37.052 INFO:teuthology.orchestra.run.trial073.stdout:/usr/bin/ceph: stderr
2026-02-17T20:30:36.930+0000 7f3d727fc640 1 -- 10.20.193.73:0/2004647036 <== mon.0 v2:10.20.193.73:3300/0 4 ==== mgrmap(e 8) ==== 50247+0+0 (secure 0 0 0) 0x7f3d74042640 con 0x7f3d84108410
2026-02-17T20:30:37.052 INFO:teuthology.orchestra.run.trial073.stdout:/usr/bin/ceph: stderr
2026-02-17T20:30:36.931+0000 7f3d727fc640 1 --2- 10.20.193.73:0/2004647036 >> [v2:10.20.193.73:6800/2261665755,v1:10.20.193.73:6801/2261665755] conn(0x7f3d6003dbf0 0x7f3d600400b0 unknown :-1 s=NONE pgs=0 cs=0 l=1 rev1=0 crypto rx=0 tx=0 comp rx=0 tx=0).connect
2026-02-17T20:30:37.052 INFO:teuthology.orchestra.run.trial073.stdout:/usr/bin/ceph: stderr
2026-02-17T20:30:36.931+0000 7f3d727fc640 1 -- 10.20.193.73:0/2004647036 <== mon.0 v2:10.20.193.73:3300/0 5 ==== osd_map(2..2 src has 1..2) ==== 940+0+0 (secure 0 0 0) 0x7f3d740768a0 con 0x7f3d84108410
2026-02-17T20:30:37.052 INFO:teuthology.orchestra.run.trial073.stdout:/usr/bin/ceph: stderr
2026-02-17T20:30:36.931+0000 7f3d88d67640 1 --2- 10.20.193.73:0/2004647036 >> [v2:10.20.193.73:6800/2261665755,v1:10.20.193.73:6801/2261665755] conn(0x7f3d6003dbf0 0x7f3d600400b0 unknown :-1 s=BANNER_CONNECTING pgs=0 cs=0 l=1 rev1=0 crypto rx=0 tx=0 comp rx=0 tx=0)._handle_peer_banner_payload supported=3 required=0
2026-02-17T20:30:37.052 INFO:teuthology.orchestra.run.trial073.stdout:/usr/bin/ceph: stderr
2026-02-17T20:30:36.931+0000 7f3d88d67640 1 --2- 10.20.193.73:0/2004647036 >> [v2:10.20.193.73:6800/2261665755,v1:10.20.193.73:6801/2261665755] conn(0x7f3d6003dbf0 0x7f3d600400b0 secure :-1 s=READY pgs=15 cs=0 l=1 rev1=1 crypto rx=0x7f3d780099c0 tx=0x7f3d78006eb0 comp rx=0 tx=0).ready entity=mgr.14118 client_cookie=0 server_cookie=0 in_seq=0 out_seq=0
2026-02-17T20:30:37.053 INFO:teuthology.orchestra.run.trial073.stdout:/usr/bin/ceph: stderr
2026-02-17T20:30:36.933+0000 7f3d727fc640 1 -- 10.20.193.73:0/2004647036 <== mon.0 v2:10.20.193.73:3300/0 6 ==== mon_command_ack([{"prefix": "get_command_descriptions"}]=0 v0) ==== 72+0+195034 (secure 0 0 0) 0x7f3d740342a0 con 0x7f3d84108410
2026-02-17T20:30:37.053 INFO:teuthology.orchestra.run.trial073.stdout:/usr/bin/ceph: stderr
2026-02-17T20:30:37.020+0000 7f3d8b7f3640 1 -- 10.20.193.73:0/2004647036 --> [v2:10.20.193.73:3300/0,v1:10.20.193.73:6789/0] -- mon_command([{prefix=config set, name=mgr/dashboard/ssl_server_port}] v 0) -- 0x7f3d841a1dd0 con 0x7f3d84108410
2026-02-17T20:30:37.053 INFO:teuthology.orchestra.run.trial073.stdout:/usr/bin/ceph: stderr
2026-02-17T20:30:37.022+0000 7f3d727fc640 1 -- 10.20.193.73:0/2004647036 <== mon.0 v2:10.20.193.73:3300/0 7 ==== mon_command_ack([{prefix=config set, name=mgr/dashboard/ssl_server_port}]=0 v8)=0 v8) ==== 130+0+0 (secure 0 0 0) 0x7f3d74033c90 con 0x7f3d84108410
2026-02-17T20:30:37.053 INFO:teuthology.orchestra.run.trial073.stdout:/usr/bin/ceph: stderr
2026-02-17T20:30:37.024+0000 7f3d8b7f3640 1 -- 10.20.193.73:0/2004647036 >> [v2:10.20.193.73:6800/2261665755,v1:10.20.193.73:6801/2261665755] conn(0x7f3d6003dbf0 msgr2=0x7f3d600400b0 secure :-1 s=STATE_CONNECTION_ESTABLISHED l=1).mark_down
2026-02-17T20:30:37.053 INFO:teuthology.orchestra.run.trial073.stdout:/usr/bin/ceph: stderr
2026-02-17T20:30:37.024+0000 7f3d8b7f3640 1 --2- 10.20.193.73:0/2004647036 >> [v2:10.20.193.73:6800/2261665755,v1:10.20.193.73:6801/2261665755] conn(0x7f3d6003dbf0 0x7f3d600400b0 secure :-1 s=READY pgs=15 cs=0 l=1 rev1=1 crypto rx=0x7f3d780099c0 tx=0x7f3d78006eb0 comp rx=0 tx=0).stop
2026-02-17T20:30:37.053 INFO:teuthology.orchestra.run.trial073.stdout:/usr/bin/ceph: stderr
2026-02-17T20:30:37.024+0000 7f3d8b7f3640 1 -- 10.20.193.73:0/2004647036 >> [v2:10.20.193.73:3300/0,v1:10.20.193.73:6789/0] conn(0x7f3d84108410 msgr2=0x7f3d8419e200 secure :-1 s=STATE_CONNECTION_ESTABLISHED l=1).mark_down
2026-02-17T20:30:37.053 INFO:teuthology.orchestra.run.trial073.stdout:/usr/bin/ceph: stderr
2026-02-17T20:30:37.024+0000 7f3d8b7f3640 1 --2- 10.20.193.73:0/2004647036 >> [v2:10.20.193.73:3300/0,v1:10.20.193.73:6789/0] conn(0x7f3d84108410 0x7f3d8419e200 secure :-1 s=READY pgs=52 cs=0 l=1 rev1=1 crypto rx=0x7f3d74039000 tx=0x7f3d74037820 comp rx=0 tx=0).stop
2026-02-17T20:30:37.053 INFO:teuthology.orchestra.run.trial073.stdout:/usr/bin/ceph: stderr
2026-02-17T20:30:37.024+0000 7f3d8b7f3640 1 -- 10.20.193.73:0/2004647036 shutdown_connections
2026-02-17T20:30:37.053 INFO:teuthology.orchestra.run.trial073.stdout:/usr/bin/ceph: stderr
2026-02-17T20:30:37.024+0000 7f3d8b7f3640 1 --2- 10.20.193.73:0/2004647036 >> [v2:10.20.193.73:6800/2261665755,v1:10.20.193.73:6801/2261665755] conn(0x7f3d6003dbf0 0x7f3d600400b0 unknown :-1 s=CLOSED pgs=15 cs=0 l=1 rev1=1 crypto rx=0 tx=0 comp rx=0 tx=0).stop
2026-02-17T20:30:37.053 INFO:teuthology.orchestra.run.trial073.stdout:/usr/bin/ceph: stderr
2026-02-17T20:30:37.024+0000 7f3d8b7f3640 1 --2- 10.20.193.73:0/2004647036 >> [v2:10.20.193.73:3300/0,v1:10.20.193.73:6789/0] conn(0x7f3d84108410 0x7f3d8419e200 unknown :-1 s=CLOSED pgs=52 cs=0 l=1 rev1=1 crypto rx=0 tx=0 comp rx=0 tx=0).stop
2026-02-17T20:30:37.053 INFO:teuthology.orchestra.run.trial073.stdout:/usr/bin/ceph: stderr
2026-02-17T20:30:37.024+0000 7f3d8b7f3640 1 -- 10.20.193.73:0/2004647036 >> 10.20.193.73:0/2004647036 conn(0x7f3d84103be0 msgr2=0x7f3d841046b0 unknown :-1 s=STATE_NONE l=0).mark_down
2026-02-17T20:30:37.053 INFO:teuthology.orchestra.run.trial073.stdout:/usr/bin/ceph: stderr
2026-02-17T20:30:37.024+0000 7f3d8b7f3640 1 -- 10.20.193.73:0/2004647036 shutdown_connections
2026-02-17T20:30:37.053 INFO:teuthology.orchestra.run.trial073.stdout:/usr/bin/ceph: stderr
2026-02-17T20:30:37.024+0000 7f3d8b7f3640 1 -- 10.20.193.73:0/2004647036 wait complete.
2026-02-17T20:30:37.053 INFO:teuthology.orchestra.run.trial073.stdout:Enabling the dashboard module...
2026-02-17T20:30:37.984 INFO:journalctl@ceph.mon.a.trial073.stdout:Feb 17 20:30:37 trial073 ceph-mon[24458]: Added host trial073
2026-02-17T20:30:37.984 INFO:journalctl@ceph.mon.a.trial073.stdout:Feb 17 20:30:37 trial073 ceph-mon[24458]: from='client.14140 -' entity='client.admin' cmd=[{"prefix": "orch apply", "service_type": "mon", "unmanaged": true, "target": ["mon-mgr", ""]}]: dispatch
2026-02-17T20:30:37.984 INFO:journalctl@ceph.mon.a.trial073.stdout:Feb 17 20:30:37 trial073 ceph-mon[24458]: Saving service mon spec with placement count:5
2026-02-17T20:30:37.984 INFO:journalctl@ceph.mon.a.trial073.stdout:Feb 17 20:30:37 trial073 ceph-mon[24458]: from='client.14142 -' entity='client.admin' cmd=[{"prefix": "orch apply", "service_type": "mgr", "unmanaged": true, "target": ["mon-mgr", ""]}]: dispatch
2026-02-17T20:30:37.984 INFO:journalctl@ceph.mon.a.trial073.stdout:Feb 17 20:30:37 trial073 ceph-mon[24458]: Saving service mgr spec with placement count:2
2026-02-17T20:30:37.984 INFO:journalctl@ceph.mon.a.trial073.stdout:Feb 17 20:30:37 trial073 ceph-mon[24458]: from='mgr.14118 10.20.193.73:0/3617305795' entity='mgr.x'
2026-02-17T20:30:37.984 INFO:journalctl@ceph.mon.a.trial073.stdout:Feb 17 20:30:37 trial073 ceph-mon[24458]: from='client.? 10.20.193.73:0/545197133' entity='client.admin'
2026-02-17T20:30:37.984 INFO:journalctl@ceph.mon.a.trial073.stdout:Feb 17 20:30:37 trial073 ceph-mon[24458]: from='client.? 10.20.193.73:0/2004647036' entity='client.admin'
2026-02-17T20:30:37.985 INFO:journalctl@ceph.mon.a.trial073.stdout:Feb 17 20:30:37 trial073 ceph-mon[24458]: from='mgr.14118 10.20.193.73:0/3617305795' entity='mgr.x'
2026-02-17T20:30:37.985 INFO:journalctl@ceph.mon.a.trial073.stdout:Feb 17 20:30:37 trial073 ceph-mon[24458]: from='client.? 10.20.193.73:0/1184706227' entity='client.admin' cmd=[{"prefix": "mgr module enable", "module": "dashboard"}]: dispatch
2026-02-17T20:30:37.985 INFO:journalctl@ceph.mon.a.trial073.stdout:Feb 17 20:30:37 trial073 ceph-mon[24458]: from='mgr.14118 10.20.193.73:0/3617305795' entity='mgr.x'
2026-02-17T20:30:38.076 INFO:teuthology.orchestra.run.trial073.stdout:/usr/bin/ceph: stderr
2026-02-17T20:30:37.141+0000 7fcfa202e640 1 Processor -- start
2026-02-17T20:30:38.076 INFO:teuthology.orchestra.run.trial073.stdout:/usr/bin/ceph: stderr
2026-02-17T20:30:37.141+0000 7fcfa202e640 1 -- start start
2026-02-17T20:30:38.076 INFO:teuthology.orchestra.run.trial073.stdout:/usr/bin/ceph: stderr
2026-02-17T20:30:37.141+0000 7fcfa202e640 1 --2- >> [v2:10.20.193.73:3300/0,v1:10.20.193.73:6789/0] conn(0x7fcf9c07ee50 0x7fcf9c07d2b0 unknown :-1 s=NONE pgs=0 cs=0 l=0 rev1=0 crypto rx=0 tx=0 comp rx=0 tx=0).connect
2026-02-17T20:30:38.076 INFO:teuthology.orchestra.run.trial073.stdout:/usr/bin/ceph: stderr
2026-02-17T20:30:37.141+0000 7fcfa202e640 1 -- --> [v2:10.20.193.73:3300/0,v1:10.20.193.73:6789/0] -- mon_getmap magic: 0 -- 0x7fcf9c07d7f0 con 0x7fcf9c07ee50
2026-02-17T20:30:38.076 INFO:teuthology.orchestra.run.trial073.stdout:/usr/bin/ceph: stderr
2026-02-17T20:30:37.141+0000 7fcf9b7fe640 1 --2- >> [v2:10.20.193.73:3300/0,v1:10.20.193.73:6789/0] conn(0x7fcf9c07ee50 0x7fcf9c07d2b0 unknown :-1 s=BANNER_CONNECTING pgs=0 cs=0 l=0 rev1=0 crypto rx=0 tx=0 comp rx=0 tx=0)._handle_peer_banner_payload supported=3 required=0
2026-02-17T20:30:38.076 INFO:teuthology.orchestra.run.trial073.stdout:/usr/bin/ceph: stderr
2026-02-17T20:30:37.141+0000 7fcf9b7fe640 1 --2- >> [v2:10.20.193.73:3300/0,v1:10.20.193.73:6789/0] conn(0x7fcf9c07ee50 0x7fcf9c07d2b0 unknown :-1 s=HELLO_CONNECTING pgs=0 cs=0 l=0 rev1=1 crypto rx=0 tx=0 comp rx=0 tx=0).handle_hello peer v2:10.20.193.73:3300/0 says I am v2:10.20.193.73:37844/0 (socket says 10.20.193.73:37844)
2026-02-17T20:30:38.077 INFO:teuthology.orchestra.run.trial073.stdout:/usr/bin/ceph: stderr
2026-02-17T20:30:37.141+0000 7fcf9b7fe640 1 -- 10.20.193.73:0/1342037723 learned_addr learned my addr 10.20.193.73:0/1342037723 (peer_addr_for_me v2:10.20.193.73:0/0)
2026-02-17T20:30:38.077 INFO:teuthology.orchestra.run.trial073.stdout:/usr/bin/ceph: stderr
2026-02-17T20:30:37.141+0000 7fcf9b7fe640 1 -- 10.20.193.73:0/1342037723 --> [v2:10.20.193.73:3300/0,v1:10.20.193.73:6789/0] -- mon_subscribe({config=0+,monmap=0+}) -- 0x7fcf9c07d970 con 0x7fcf9c07ee50
2026-02-17T20:30:38.077 INFO:teuthology.orchestra.run.trial073.stdout:/usr/bin/ceph: stderr
2026-02-17T20:30:37.142+0000 7fcf9b7fe640 1 --2- 10.20.193.73:0/1342037723 >> [v2:10.20.193.73:3300/0,v1:10.20.193.73:6789/0] conn(0x7fcf9c07ee50 0x7fcf9c07d2b0 secure :-1 s=READY pgs=53 cs=0 l=1 rev1=1 crypto rx=0x7fcf88009920 tx=0x7fcf8802ef20 comp rx=0 tx=0).ready entity=mon.0 client_cookie=412b6a8d0e143d34 server_cookie=0 in_seq=0 out_seq=0
2026-02-17T20:30:38.077 INFO:teuthology.orchestra.run.trial073.stdout:/usr/bin/ceph: stderr
2026-02-17T20:30:37.142+0000 7fcf9a7fc640 1 -- 10.20.193.73:0/1342037723 <== mon.0 v2:10.20.193.73:3300/0 1 ==== mon_map magic: 0 ==== 205+0+0 (secure 0 0 0) 0x7fcf8803c070 con 0x7fcf9c07ee50
2026-02-17T20:30:38.077 INFO:teuthology.orchestra.run.trial073.stdout:/usr/bin/ceph: stderr
2026-02-17T20:30:37.142+0000 7fcf9a7fc640 1 -- 10.20.193.73:0/1342037723 <== mon.0 v2:10.20.193.73:3300/0 2 ==== config(26 keys) ==== 1076+0+0 (secure 0 0 0) 0x7fcf88037440 con 0x7fcf9c07ee50
2026-02-17T20:30:38.077 INFO:teuthology.orchestra.run.trial073.stdout:/usr/bin/ceph: stderr
2026-02-17T20:30:37.142+0000 7fcf9a7fc640 1 -- 10.20.193.73:0/1342037723 <== mon.0 v2:10.20.193.73:3300/0 3 ==== mon_map magic: 0 ==== 205+0+0 (secure 0 0 0) 0x7fcf880354d0 con 0x7fcf9c07ee50
2026-02-17T20:30:38.077 INFO:teuthology.orchestra.run.trial073.stdout:/usr/bin/ceph: stderr
2026-02-17T20:30:37.142+0000 7fcfa202e640 1 -- 10.20.193.73:0/1342037723 >> [v2:10.20.193.73:3300/0,v1:10.20.193.73:6789/0] conn(0x7fcf9c07ee50 msgr2=0x7fcf9c07d2b0 secure :-1 s=STATE_CONNECTION_ESTABLISHED l=1).mark_down
2026-02-17T20:30:38.077 INFO:teuthology.orchestra.run.trial073.stdout:/usr/bin/ceph: stderr
2026-02-17T20:30:37.142+0000 7fcfa202e640 1 --2- 10.20.193.73:0/1342037723 >> [v2:10.20.193.73:3300/0,v1:10.20.193.73:6789/0] conn(0x7fcf9c07ee50 0x7fcf9c07d2b0 secure :-1 s=READY pgs=53 cs=0 l=1 rev1=1 crypto rx=0x7fcf88009920 tx=0x7fcf8802ef20 comp rx=0 tx=0).stop
2026-02-17T20:30:38.077 INFO:teuthology.orchestra.run.trial073.stdout:/usr/bin/ceph: stderr
2026-02-17T20:30:37.142+0000 7fcfa202e640 1 -- 10.20.193.73:0/1342037723 shutdown_connections
2026-02-17T20:30:38.077 INFO:teuthology.orchestra.run.trial073.stdout:/usr/bin/ceph: stderr
2026-02-17T20:30:37.142+0000 7fcfa202e640 1 --2- 10.20.193.73:0/1342037723 >> [v2:10.20.193.73:3300/0,v1:10.20.193.73:6789/0] conn(0x7fcf9c07ee50 0x7fcf9c07d2b0 unknown :-1 s=CLOSED pgs=53 cs=0 l=1 rev1=1 crypto rx=0 tx=0 comp rx=0 tx=0).stop
2026-02-17T20:30:38.077 INFO:teuthology.orchestra.run.trial073.stdout:/usr/bin/ceph: stderr
2026-02-17T20:30:37.142+0000 7fcfa202e640 1 -- 10.20.193.73:0/1342037723 >> 10.20.193.73:0/1342037723 conn(0x7fcf9c103bb0 msgr2=0x7fcf9c105fd0 unknown :-1 s=STATE_NONE l=0).mark_down
2026-02-17T20:30:38.077 INFO:teuthology.orchestra.run.trial073.stdout:/usr/bin/ceph: stderr
2026-02-17T20:30:37.142+0000 7fcfa202e640 1 -- 10.20.193.73:0/1342037723 shutdown_connections
2026-02-17T20:30:38.078 INFO:teuthology.orchestra.run.trial073.stdout:/usr/bin/ceph: stderr
2026-02-17T20:30:37.142+0000 7fcfa202e640 1 -- 10.20.193.73:0/1342037723 wait complete.
2026-02-17T20:30:38.078 INFO:teuthology.orchestra.run.trial073.stdout:/usr/bin/ceph: stderr
2026-02-17T20:30:37.143+0000 7fcfa202e640 1 Processor -- start
2026-02-17T20:30:38.078 INFO:teuthology.orchestra.run.trial073.stdout:/usr/bin/ceph: stderr
2026-02-17T20:30:37.143+0000 7fcfa202e640 1 -- start start
2026-02-17T20:30:38.078 INFO:teuthology.orchestra.run.trial073.stdout:/usr/bin/ceph: stderr
2026-02-17T20:30:37.143+0000 7fcfa202e640 1 --2- >> [v2:10.20.193.73:3300/0,v1:10.20.193.73:6789/0] conn(0x7fcf9c07ee50 0x7fcf9c1a0460 unknown :-1 s=NONE pgs=0 cs=0 l=1 rev1=0 crypto rx=0 tx=0 comp rx=0 tx=0).connect
2026-02-17T20:30:38.078 INFO:teuthology.orchestra.run.trial073.stdout:/usr/bin/ceph: stderr
2026-02-17T20:30:37.143+0000 7fcfa202e640 1 -- --> [v2:10.20.193.73:3300/0,v1:10.20.193.73:6789/0] -- mon_getmap magic: 0 -- 0x7fcf9c10e9a0 con 0x7fcf9c07ee50
2026-02-17T20:30:38.078 INFO:teuthology.orchestra.run.trial073.stdout:/usr/bin/ceph: stderr
2026-02-17T20:30:37.143+0000 7fcf9b7fe640 1 --2- >> [v2:10.20.193.73:3300/0,v1:10.20.193.73:6789/0] conn(0x7fcf9c07ee50 0x7fcf9c1a0460 unknown :-1 s=BANNER_CONNECTING pgs=0 cs=0 l=1 rev1=0 crypto rx=0 tx=0 comp rx=0 tx=0)._handle_peer_banner_payload supported=3 required=0
2026-02-17T20:30:38.078 INFO:teuthology.orchestra.run.trial073.stdout:/usr/bin/ceph: stderr
