2026-02-17T20:32:02.195+0000 7f574e53c640 1 --2- >> [v2:10.20.193.104:3300/0,v1:10.20.193.104:6789/0] conn(0x7f574810a1a0 0x7f574810a5a0 unknown :-1 s=BANNER_CONNECTING pgs=0 cs=0 l=0 rev1=0 crypto rx=0 tx=0 comp rx=0 tx=0)._handle_peer_banner_payload supported=3 required=0
2026-02-17T20:32:02.317 INFO:teuthology.orchestra.run.trial104.stdout:/usr/bin/ceph: stderr
2026-02-17T20:32:02.195+0000 7f574e53c640 1 --2- >> [v2:10.20.193.104:3300/0,v1:10.20.193.104:6789/0] conn(0x7f574810a1a0 0x7f574810a5a0 unknown :-1 s=HELLO_CONNECTING pgs=0 cs=0 l=0 rev1=1 crypto rx=0 tx=0 comp rx=0 tx=0).handle_hello peer v2:10.20.193.104:3300/0 says I am v2:10.20.193.104:42940/0 (socket says 10.20.193.104:42940)
2026-02-17T20:32:02.317 INFO:teuthology.orchestra.run.trial104.stdout:/usr/bin/ceph: stderr
2026-02-17T20:32:02.195+0000 7f574e53c640 1 -- 10.20.193.104:0/3834132521 learned_addr learned my addr 10.20.193.104:0/3834132521 (peer_addr_for_me v2:10.20.193.104:0/0)
2026-02-17T20:32:02.317 INFO:teuthology.orchestra.run.trial104.stdout:/usr/bin/ceph: stderr
2026-02-17T20:32:02.195+0000 7f574e53c640 1 -- 10.20.193.104:0/3834132521 --> [v2:10.20.193.104:3300/0,v1:10.20.193.104:6789/0] -- mon_subscribe({config=0+,monmap=0+}) -- 0x7f574810b3d0 con 0x7f574810a1a0
2026-02-17T20:32:02.317 INFO:teuthology.orchestra.run.trial104.stdout:/usr/bin/ceph: stderr
2026-02-17T20:32:02.196+0000 7f574e53c640 1 --2- 10.20.193.104:0/3834132521 >> [v2:10.20.193.104:3300/0,v1:10.20.193.104:6789/0] conn(0x7f574810a1a0 0x7f574810a5a0 secure :-1 s=READY pgs=18 cs=0 l=1 rev1=1 crypto rx=0x7f5738009920 tx=0x7f573802ef20 comp rx=0 tx=0).ready entity=mon.0 client_cookie=bdb4b430ce73f8f2 server_cookie=0 in_seq=0 out_seq=0
2026-02-17T20:32:02.318 INFO:teuthology.orchestra.run.trial104.stdout:/usr/bin/ceph: stderr
2026-02-17T20:32:02.196+0000 7f574d53a640 1 -- 10.20.193.104:0/3834132521 <== mon.0 v2:10.20.193.104:3300/0 1 ==== mon_map magic: 0 ==== 205+0+0 (secure 0 0 0) 0x7f573803c070 con 0x7f574810a1a0
2026-02-17T20:32:02.318 INFO:teuthology.orchestra.run.trial104.stdout:/usr/bin/ceph: stderr
2026-02-17T20:32:02.196+0000 7f574d53a640 1 -- 10.20.193.104:0/3834132521 <== mon.0 v2:10.20.193.104:3300/0 2 ==== config(25 keys) ==== 1007+0+0 (secure 0 0 0) 0x7f5738037440 con 0x7f574810a1a0
2026-02-17T20:32:02.318 INFO:teuthology.orchestra.run.trial104.stdout:/usr/bin/ceph: stderr
2026-02-17T20:32:02.196+0000 7f574d53a640 1 -- 10.20.193.104:0/3834132521 <== mon.0 v2:10.20.193.104:3300/0 3 ==== mon_map magic: 0 ==== 205+0+0 (secure 0 0 0) 0x7f57380354d0 con 0x7f574810a1a0
2026-02-17T20:32:02.318 INFO:teuthology.orchestra.run.trial104.stdout:/usr/bin/ceph: stderr
2026-02-17T20:32:02.196+0000 7f57507c7640 1 -- 10.20.193.104:0/3834132521 >> [v2:10.20.193.104:3300/0,v1:10.20.193.104:6789/0] conn(0x7f574810a1a0 msgr2=0x7f574810a5a0 secure :-1 s=STATE_CONNECTION_ESTABLISHED l=1).mark_down
2026-02-17T20:32:02.318 INFO:teuthology.orchestra.run.trial104.stdout:/usr/bin/ceph: stderr
2026-02-17T20:32:02.196+0000 7f57507c7640 1 --2- 10.20.193.104:0/3834132521 >> [v2:10.20.193.104:3300/0,v1:10.20.193.104:6789/0] conn(0x7f574810a1a0 0x7f574810a5a0 secure :-1 s=READY pgs=18 cs=0 l=1 rev1=1 crypto rx=0x7f5738009920 tx=0x7f573802ef20 comp rx=0 tx=0).stop
2026-02-17T20:32:02.318 INFO:teuthology.orchestra.run.trial104.stdout:/usr/bin/ceph: stderr
2026-02-17T20:32:02.196+0000 7f57507c7640 1 -- 10.20.193.104:0/3834132521 shutdown_connections
2026-02-17T20:32:02.318 INFO:teuthology.orchestra.run.trial104.stdout:/usr/bin/ceph: stderr
2026-02-17T20:32:02.196+0000 7f57507c7640 1 --2- 10.20.193.104:0/3834132521 >> [v2:10.20.193.104:3300/0,v1:10.20.193.104:6789/0] conn(0x7f574810a1a0 0x7f574810a5a0 unknown :-1 s=CLOSED pgs=18 cs=0 l=1 rev1=1 crypto rx=0 tx=0 comp rx=0 tx=0).stop
2026-02-17T20:32:02.318 INFO:teuthology.orchestra.run.trial104.stdout:/usr/bin/ceph: stderr
2026-02-17T20:32:02.196+0000 7f57507c7640 1 -- 10.20.193.104:0/3834132521 >> 10.20.193.104:0/3834132521 conn(0x7f574807d8e0 msgr2=0x7f5748108690 unknown :-1 s=STATE_NONE l=0).mark_down
2026-02-17T20:32:02.318 INFO:teuthology.orchestra.run.trial104.stdout:/usr/bin/ceph: stderr
2026-02-17T20:32:02.196+0000 7f57507c7640 1 -- 10.20.193.104:0/3834132521 shutdown_connections
2026-02-17T20:32:02.318 INFO:teuthology.orchestra.run.trial104.stdout:/usr/bin/ceph: stderr
2026-02-17T20:32:02.196+0000 7f57507c7640 1 -- 10.20.193.104:0/3834132521 wait complete.
2026-02-17T20:32:02.318 INFO:teuthology.orchestra.run.trial104.stdout:/usr/bin/ceph: stderr
2026-02-17T20:32:02.196+0000 7f57507c7640 1 Processor -- start
2026-02-17T20:32:02.319 INFO:teuthology.orchestra.run.trial104.stdout:/usr/bin/ceph: stderr
2026-02-17T20:32:02.196+0000 7f57507c7640 1 -- start start
2026-02-17T20:32:02.319 INFO:teuthology.orchestra.run.trial104.stdout:/usr/bin/ceph: stderr
2026-02-17T20:32:02.197+0000 7f57507c7640 1 --2- >> [v2:10.20.193.104:3300/0,v1:10.20.193.104:6789/0] conn(0x7f574810a1a0 0x7f57481a0030 unknown :-1 s=NONE pgs=0 cs=0 l=1 rev1=0 crypto rx=0 tx=0 comp rx=0 tx=0).connect
2026-02-17T20:32:02.319 INFO:teuthology.orchestra.run.trial104.stdout:/usr/bin/ceph: stderr
2026-02-17T20:32:02.197+0000 7f57507c7640 1 -- --> [v2:10.20.193.104:3300/0,v1:10.20.193.104:6789/0] -- mon_getmap magic: 0 -- 0x7f574810e600 con 0x7f574810a1a0
2026-02-17T20:32:02.319 INFO:teuthology.orchestra.run.trial104.stdout:/usr/bin/ceph: stderr
2026-02-17T20:32:02.197+0000 7f574e53c640 1 --2- >> [v2:10.20.193.104:3300/0,v1:10.20.193.104:6789/0] conn(0x7f574810a1a0 0x7f57481a0030 unknown :-1 s=BANNER_CONNECTING pgs=0 cs=0 l=1 rev1=0 crypto rx=0 tx=0 comp rx=0 tx=0)._handle_peer_banner_payload supported=3 required=0
2026-02-17T20:32:02.319 INFO:teuthology.orchestra.run.trial104.stdout:/usr/bin/ceph: stderr
2026-02-17T20:32:02.197+0000 7f574e53c640 1 --2- >> [v2:10.20.193.104:3300/0,v1:10.20.193.104:6789/0] conn(0x7f574810a1a0 0x7f57481a0030 unknown :-1 s=HELLO_CONNECTING pgs=0 cs=0 l=1 rev1=1 crypto rx=0 tx=0 comp rx=0 tx=0).handle_hello peer v2:10.20.193.104:3300/0 says I am v2:10.20.193.104:42946/0 (socket says 10.20.193.104:42946)
2026-02-17T20:32:02.319 INFO:teuthology.orchestra.run.trial104.stdout:/usr/bin/ceph: stderr
2026-02-17T20:32:02.197+0000 7f574e53c640 1 -- 10.20.193.104:0/3193360107 learned_addr learned my addr 10.20.193.104:0/3193360107 (peer_addr_for_me v2:10.20.193.104:0/0)
2026-02-17T20:32:02.319 INFO:teuthology.orchestra.run.trial104.stdout:/usr/bin/ceph: stderr
2026-02-17T20:32:02.197+0000 7f574e53c640 1 -- 10.20.193.104:0/3193360107 --> [v2:10.20.193.104:3300/0,v1:10.20.193.104:6789/0] -- mon_subscribe({config=0+,monmap=0+}) -- 0x7f57481a0570 con 0x7f574810a1a0
2026-02-17T20:32:02.319 INFO:teuthology.orchestra.run.trial104.stdout:/usr/bin/ceph: stderr
2026-02-17T20:32:02.197+0000 7f574e53c640 1 --2- 10.20.193.104:0/3193360107 >> [v2:10.20.193.104:3300/0,v1:10.20.193.104:6789/0] conn(0x7f574810a1a0 0x7f57481a0030 secure :-1 s=READY pgs=19 cs=0 l=1 rev1=1 crypto rx=0x7f5738035e10 tx=0x7f5738035e40 comp rx=0 tx=0).ready entity=mon.0 client_cookie=0 server_cookie=0 in_seq=0 out_seq=0
2026-02-17T20:32:02.319 INFO:teuthology.orchestra.run.trial104.stdout:/usr/bin/ceph: stderr
2026-02-17T20:32:02.197+0000 7f572f7fe640 1 -- 10.20.193.104:0/3193360107 <== mon.0 v2:10.20.193.104:3300/0 1 ==== mon_map magic: 0 ==== 205+0+0 (secure 0 0 0) 0x7f5738045070 con 0x7f574810a1a0
2026-02-17T20:32:02.319 INFO:teuthology.orchestra.run.trial104.stdout:/usr/bin/ceph: stderr
2026-02-17T20:32:02.197+0000 7f572f7fe640 1 -- 10.20.193.104:0/3193360107 <== mon.0 v2:10.20.193.104:3300/0 2 ==== config(25 keys) ==== 1007+0+0 (secure 0 0 0) 0x7f5738040450 con 0x7f574810a1a0
2026-02-17T20:32:02.320 INFO:teuthology.orchestra.run.trial104.stdout:/usr/bin/ceph: stderr
2026-02-17T20:32:02.197+0000 7f57507c7640 1 -- 10.20.193.104:0/3193360107 --> [v2:10.20.193.104:3300/0,v1:10.20.193.104:6789/0] -- mon_subscribe({mgrmap=0+}) -- 0x7f57481a0800 con 0x7f574810a1a0
2026-02-17T20:32:02.320 INFO:teuthology.orchestra.run.trial104.stdout:/usr/bin/ceph: stderr
2026-02-17T20:32:02.197+0000 7f572f7fe640 1 -- 10.20.193.104:0/3193360107 <== mon.0 v2:10.20.193.104:3300/0 3 ==== mon_map magic: 0 ==== 205+0+0 (secure 0 0 0) 0x7f573803c070 con 0x7f574810a1a0
2026-02-17T20:32:02.320 INFO:teuthology.orchestra.run.trial104.stdout:/usr/bin/ceph: stderr
2026-02-17T20:32:02.197+0000 7f57507c7640 1 -- 10.20.193.104:0/3193360107 --> [v2:10.20.193.104:3300/0,v1:10.20.193.104:6789/0] -- mon_subscribe({osdmap=0}) -- 0x7f57481a34f0 con 0x7f574810a1a0
2026-02-17T20:32:02.320 INFO:teuthology.orchestra.run.trial104.stdout:/usr/bin/ceph: stderr
2026-02-17T20:32:02.197+0000 7f57507c7640 1 -- 10.20.193.104:0/3193360107 --> [v2:10.20.193.104:3300/0,v1:10.20.193.104:6789/0] -- mon_command({"prefix": "get_command_descriptions"} v 0) -- 0x7f574810a620 con 0x7f574810a1a0
2026-02-17T20:32:02.320 INFO:teuthology.orchestra.run.trial104.stdout:/usr/bin/ceph: stderr
2026-02-17T20:32:02.197+0000 7f572f7fe640 1 -- 10.20.193.104:0/3193360107 <== mon.0 v2:10.20.193.104:3300/0 4 ==== mgrmap(e 4) ==== 50236+0+0 (secure 0 0 0) 0x7f5738040600 con 0x7f574810a1a0
2026-02-17T20:32:02.320 INFO:teuthology.orchestra.run.trial104.stdout:/usr/bin/ceph: stderr
2026-02-17T20:32:02.198+0000 7f572f7fe640 1 --2- 10.20.193.104:0/3193360107 >> [v2:10.20.193.104:6800/4242782200,v1:10.20.193.104:6801/4242782200] conn(0x7f572403dba0 0x7f5724040060 unknown :-1 s=NONE pgs=0 cs=0 l=1 rev1=0 crypto rx=0 tx=0 comp rx=0 tx=0).connect
2026-02-17T20:32:02.320 INFO:teuthology.orchestra.run.trial104.stdout:/usr/bin/ceph: stderr
2026-02-17T20:32:02.198+0000 7f572f7fe640 1 -- 10.20.193.104:0/3193360107 <== mon.0 v2:10.20.193.104:3300/0 5 ==== osd_map(1..1 src has 1..1) ==== 725+0+0 (secure 0 0 0) 0x7f57380767b0 con 0x7f574810a1a0
2026-02-17T20:32:02.320 INFO:teuthology.orchestra.run.trial104.stdout:/usr/bin/ceph: stderr
2026-02-17T20:32:02.198+0000 7f574dd3b640 1 --2- 10.20.193.104:0/3193360107 >> [v2:10.20.193.104:6800/4242782200,v1:10.20.193.104:6801/4242782200] conn(0x7f572403dba0 0x7f5724040060 unknown :-1 s=BANNER_CONNECTING pgs=0 cs=0 l=1 rev1=0 crypto rx=0 tx=0 comp rx=0 tx=0)._handle_peer_banner_payload supported=3 required=0
2026-02-17T20:32:02.320 INFO:teuthology.orchestra.run.trial104.stdout:/usr/bin/ceph: stderr
2026-02-17T20:32:02.198+0000 7f574dd3b640 1 --2- 10.20.193.104:0/3193360107 >> [v2:10.20.193.104:6800/4242782200,v1:10.20.193.104:6801/4242782200] conn(0x7f572403dba0 0x7f5724040060 secure :-1 s=READY pgs=7 cs=0 l=1 rev1=1 crypto rx=0x7f573c0099c0 tx=0x7f573c006eb0 comp rx=0 tx=0).ready entity=mgr.14100 client_cookie=0 server_cookie=0 in_seq=0 out_seq=0
2026-02-17T20:32:02.321 INFO:teuthology.orchestra.run.trial104.stdout:/usr/bin/ceph: stderr
2026-02-17T20:32:02.200+0000 7f572f7fe640 1 -- 10.20.193.104:0/3193360107 <== mon.0 v2:10.20.193.104:3300/0 6 ==== mon_command_ack([{"prefix": "get_command_descriptions"}]=0 v0) ==== 72+0+195034 (secure 0 0 0) 0x7f57380761d0 con 0x7f574810a1a0
2026-02-17T20:32:02.321 INFO:teuthology.orchestra.run.trial104.stdout:/usr/bin/ceph: stderr
2026-02-17T20:32:02.285+0000 7f57507c7640 1 -- 10.20.193.104:0/3193360107 --> [v2:10.20.193.104:3300/0,v1:10.20.193.104:6789/0] -- mon_command({"prefix": "config assimilate-conf"} v 0) -- 0x7f57481a4d10 con 0x7f574810a1a0
2026-02-17T20:32:02.321 INFO:teuthology.orchestra.run.trial104.stdout:/usr/bin/ceph: stderr
2026-02-17T20:32:02.286+0000 7f572f7fe640 1 -- 10.20.193.104:0/3193360107 <== mon.0 v2:10.20.193.104:3300/0 7 ==== mon_command_ack([{"prefix": "config assimilate-conf"}]=0 v3) ==== 70+0+467 (secure 0 0 0) 0x7f573803fcb0 con 0x7f574810a1a0
2026-02-17T20:32:02.321 INFO:teuthology.orchestra.run.trial104.stdout:/usr/bin/ceph: stderr
2026-02-17T20:32:02.287+0000 7f57507c7640 1 -- 10.20.193.104:0/3193360107 >> [v2:10.20.193.104:6800/4242782200,v1:10.20.193.104:6801/4242782200] conn(0x7f572403dba0 msgr2=0x7f5724040060 secure :-1 s=STATE_CONNECTION_ESTABLISHED l=1).mark_down
2026-02-17T20:32:02.321 INFO:teuthology.orchestra.run.trial104.stdout:/usr/bin/ceph: stderr
2026-02-17T20:32:02.287+0000 7f57507c7640 1 --2- 10.20.193.104:0/3193360107 >> [v2:10.20.193.104:6800/4242782200,v1:10.20.193.104:6801/4242782200] conn(0x7f572403dba0 0x7f5724040060 secure :-1 s=READY pgs=7 cs=0 l=1 rev1=1 crypto rx=0x7f573c0099c0 tx=0x7f573c006eb0 comp rx=0 tx=0).stop
2026-02-17T20:32:02.321 INFO:teuthology.orchestra.run.trial104.stdout:/usr/bin/ceph: stderr
2026-02-17T20:32:02.287+0000 7f57507c7640 1 -- 10.20.193.104:0/3193360107 >> [v2:10.20.193.104:3300/0,v1:10.20.193.104:6789/0] conn(0x7f574810a1a0 msgr2=0x7f57481a0030 secure :-1 s=STATE_CONNECTION_ESTABLISHED l=1).mark_down
2026-02-17T20:32:02.321 INFO:teuthology.orchestra.run.trial104.stdout:/usr/bin/ceph: stderr
2026-02-17T20:32:02.287+0000 7f57507c7640 1 --2- 10.20.193.104:0/3193360107 >> [v2:10.20.193.104:3300/0,v1:10.20.193.104:6789/0] conn(0x7f574810a1a0 0x7f57481a0030 secure :-1 s=READY pgs=19 cs=0 l=1 rev1=1 crypto rx=0x7f5738035e10 tx=0x7f5738035e40 comp rx=0 tx=0).stop
2026-02-17T20:32:02.321 INFO:teuthology.orchestra.run.trial104.stdout:/usr/bin/ceph: stderr
2026-02-17T20:32:02.287+0000 7f57507c7640 1 -- 10.20.193.104:0/3193360107 shutdown_connections
2026-02-17T20:32:02.321 INFO:teuthology.orchestra.run.trial104.stdout:/usr/bin/ceph: stderr
2026-02-17T20:32:02.287+0000 7f57507c7640 1 --2- 10.20.193.104:0/3193360107 >> [v2:10.20.193.104:6800/4242782200,v1:10.20.193.104:6801/4242782200] conn(0x7f572403dba0 0x7f5724040060 unknown :-1 s=CLOSED pgs=7 cs=0 l=1 rev1=1 crypto rx=0 tx=0 comp rx=0 tx=0).stop
2026-02-17T20:32:02.321 INFO:teuthology.orchestra.run.trial104.stdout:/usr/bin/ceph: stderr
2026-02-17T20:32:02.287+0000 7f57507c7640 1 --2- 10.20.193.104:0/3193360107 >> [v2:10.20.193.104:3300/0,v1:10.20.193.104:6789/0] conn(0x7f574810a1a0 0x7f57481a0030 unknown :-1 s=CLOSED pgs=19 cs=0 l=1 rev1=1 crypto rx=0 tx=0 comp rx=0 tx=0).stop
2026-02-17T20:32:02.321 INFO:teuthology.orchestra.run.trial104.stdout:/usr/bin/ceph: stderr
2026-02-17T20:32:02.287+0000 7f57507c7640 1 -- 10.20.193.104:0/3193360107 >> 10.20.193.104:0/3193360107 conn(0x7f574807d8e0 msgr2=0x7f5748107e20 unknown :-1 s=STATE_NONE l=0).mark_down
2026-02-17T20:32:02.322 INFO:teuthology.orchestra.run.trial104.stdout:/usr/bin/ceph: stderr
2026-02-17T20:32:02.287+0000 7f57507c7640 1 -- 10.20.193.104:0/3193360107 shutdown_connections
2026-02-17T20:32:02.322 INFO:teuthology.orchestra.run.trial104.stdout:/usr/bin/ceph: stderr
2026-02-17T20:32:02.287+0000 7f57507c7640 1 -- 10.20.193.104:0/3193360107 wait complete.
2026-02-17T20:32:02.322 INFO:teuthology.orchestra.run.trial104.stdout:Enabling cephadm module...
2026-02-17T20:32:03.157 INFO:teuthology.orchestra.run.trial104.stdout:/usr/bin/ceph: stderr
2026-02-17T20:32:02.399+0000 7fccfec79640 1 Processor -- start
2026-02-17T20:32:03.157 INFO:teuthology.orchestra.run.trial104.stdout:/usr/bin/ceph: stderr
2026-02-17T20:32:02.399+0000 7fccfec79640 1 -- start start
2026-02-17T20:32:03.157 INFO:teuthology.orchestra.run.trial104.stdout:/usr/bin/ceph: stderr
2026-02-17T20:32:02.399+0000 7fccfec79640 1 --2- >> [v2:10.20.193.104:3300/0,v1:10.20.193.104:6789/0] conn(0x7fccf810a1e0 0x7fccf810a5e0 unknown :-1 s=NONE pgs=0 cs=0 l=0 rev1=0 crypto rx=0 tx=0 comp rx=0 tx=0).connect
2026-02-17T20:32:03.157 INFO:teuthology.orchestra.run.trial104.stdout:/usr/bin/ceph: stderr
2026-02-17T20:32:02.399+0000 7fccfec79640 1 -- --> [v2:10.20.193.104:3300/0,v1:10.20.193.104:6789/0] -- mon_getmap magic: 0 -- 0x7fccf810abb0 con 0x7fccf810a1e0
2026-02-17T20:32:03.157 INFO:teuthology.orchestra.run.trial104.stdout:/usr/bin/ceph: stderr
2026-02-17T20:32:02.399+0000 7fccfc9ee640 1 --2- >> [v2:10.20.193.104:3300/0,v1:10.20.193.104:6789/0] conn(0x7fccf810a1e0 0x7fccf810a5e0 unknown :-1 s=BANNER_CONNECTING pgs=0 cs=0 l=0 rev1=0 crypto rx=0 tx=0 comp rx=0 tx=0)._handle_peer_banner_payload supported=3 required=0
2026-02-17T20:32:03.157 INFO:teuthology.orchestra.run.trial104.stdout:/usr/bin/ceph: stderr
2026-02-17T20:32:02.399+0000 7fccfc9ee640 1 --2- >> [v2:10.20.193.104:3300/0,v1:10.20.193.104:6789/0] conn(0x7fccf810a1e0 0x7fccf810a5e0 unknown :-1 s=HELLO_CONNECTING pgs=0 cs=0 l=0 rev1=1 crypto rx=0 tx=0 comp rx=0 tx=0).handle_hello peer v2:10.20.193.104:3300/0 says I am v2:10.20.193.104:42962/0 (socket says 10.20.193.104:42962)
2026-02-17T20:32:03.157 INFO:teuthology.orchestra.run.trial104.stdout:/usr/bin/ceph: stderr
2026-02-17T20:32:02.399+0000 7fccfc9ee640 1 -- 10.20.193.104:0/3328281107 learned_addr learned my addr 10.20.193.104:0/3328281107 (peer_addr_for_me v2:10.20.193.104:0/0)
2026-02-17T20:32:03.157 INFO:teuthology.orchestra.run.trial104.stdout:/usr/bin/ceph: stderr
2026-02-17T20:32:02.399+0000 7fccfc9ee640 1 -- 10.20.193.104:0/3328281107 --> [v2:10.20.193.104:3300/0,v1:10.20.193.104:6789/0] -- mon_subscribe({config=0+,monmap=0+}) -- 0x7fccf810b400 con 0x7fccf810a1e0
2026-02-17T20:32:03.158 INFO:teuthology.orchestra.run.trial104.stdout:/usr/bin/ceph: stderr
2026-02-17T20:32:02.400+0000 7fccfc9ee640 1 --2- 10.20.193.104:0/3328281107 >> [v2:10.20.193.104:3300/0,v1:10.20.193.104:6789/0] conn(0x7fccf810a1e0 0x7fccf810a5e0 secure :-1 s=READY pgs=20 cs=0 l=1 rev1=1 crypto rx=0x7fcce8009920 tx=0x7fcce802ef20 comp rx=0 tx=0).ready entity=mon.0 client_cookie=85e0256165edc5e7 server_cookie=0 in_seq=0 out_seq=0
2026-02-17T20:32:03.158 INFO:teuthology.orchestra.run.trial104.stdout:/usr/bin/ceph: stderr
2026-02-17T20:32:02.400+0000 7fccef7fe640 1 -- 10.20.193.104:0/3328281107 <== mon.0 v2:10.20.193.104:3300/0 1 ==== mon_map magic: 0 ==== 205+0+0 (secure 0 0 0) 0x7fcce803c070 con 0x7fccf810a1e0
2026-02-17T20:32:03.158 INFO:teuthology.orchestra.run.trial104.stdout:/usr/bin/ceph: stderr
2026-02-17T20:32:02.400+0000 7fccef7fe640 1 -- 10.20.193.104:0/3328281107 <== mon.0 v2:10.20.193.104:3300/0 2 ==== config(25 keys) ==== 1007+0+0 (secure 0 0 0) 0x7fcce8037440 con 0x7fccf810a1e0
2026-02-17T20:32:03.158 INFO:teuthology.orchestra.run.trial104.stdout:/usr/bin/ceph: stderr
2026-02-17T20:32:02.400+0000 7fccef7fe640 1 -- 10.20.193.104:0/3328281107 <== mon.0 v2:10.20.193.104:3300/0 3 ==== mon_map magic: 0 ==== 205+0+0 (secure 0 0 0) 0x7fcce80354d0 con 0x7fccf810a1e0
2026-02-17T20:32:03.158 INFO:teuthology.orchestra.run.trial104.stdout:/usr/bin/ceph: stderr
2026-02-17T20:32:02.400+0000 7fccfec79640 1 -- 10.20.193.104:0/3328281107 >> [v2:10.20.193.104:3300/0,v1:10.20.193.104:6789/0] conn(0x7fccf810a1e0 msgr2=0x7fccf810a5e0 secure :-1 s=STATE_CONNECTION_ESTABLISHED l=1).mark_down
2026-02-17T20:32:03.158 INFO:teuthology.orchestra.run.trial104.stdout:/usr/bin/ceph: stderr
2026-02-17T20:32:02.400+0000 7fccfec79640 1 --2- 10.20.193.104:0/3328281107 >> [v2:10.20.193.104:3300/0,v1:10.20.193.104:6789/0] conn(0x7fccf810a1e0 0x7fccf810a5e0 secure :-1 s=READY pgs=20 cs=0 l=1 rev1=1 crypto rx=0x7fcce8009920 tx=0x7fcce802ef20 comp rx=0 tx=0).stop
2026-02-17T20:32:03.158 INFO:teuthology.orchestra.run.trial104.stdout:/usr/bin/ceph: stderr
2026-02-17T20:32:02.400+0000 7fccfec79640 1 -- 10.20.193.104:0/3328281107 shutdown_connections
2026-02-17T20:32:03.158 INFO:teuthology.orchestra.run.trial104.stdout:/usr/bin/ceph: stderr
2026-02-17T20:32:02.400+0000 7fccfec79640 1 --2- 10.20.193.104:0/3328281107 >> [v2:10.20.193.104:3300/0,v1:10.20.193.104:6789/0] conn(0x7fccf810a1e0 0x7fccf810a5e0 unknown :-1 s=CLOSED pgs=20 cs=0 l=1 rev1=1 crypto rx=0 tx=0 comp rx=0 tx=0).stop
2026-02-17T20:32:03.158 INFO:teuthology.orchestra.run.trial104.stdout:/usr/bin/ceph: stderr
2026-02-17T20:32:02.400+0000 7fccfec79640 1 -- 10.20.193.104:0/3328281107 >> 10.20.193.104:0/3328281107 conn(0x7fccf807d8e0 msgr2=0x7fccf8108690 unknown :-1 s=STATE_NONE l=0).mark_down
2026-02-17T20:32:03.158 INFO:teuthology.orchestra.run.trial104.stdout:/usr/bin/ceph: stderr
2026-02-17T20:32:02.400+0000 7fccfec79640 1 -- 10.20.193.104:0/3328281107 shutdown_connections
2026-02-17T20:32:03.158 INFO:teuthology.orchestra.run.trial104.stdout:/usr/bin/ceph: stderr
2026-02-17T20:32:02.400+0000 7fccfec79640 1 -- 10.20.193.104:0/3328281107 wait complete.
2026-02-17T20:32:03.159 INFO:teuthology.orchestra.run.trial104.stdout:/usr/bin/ceph: stderr
2026-02-17T20:32:02.400+0000 7fccfec79640 1 Processor -- start
2026-02-17T20:32:03.159 INFO:teuthology.orchestra.run.trial104.stdout:/usr/bin/ceph: stderr
2026-02-17T20:32:02.401+0000 7fccfec79640 1 -- start start
2026-02-17T20:32:03.159 INFO:teuthology.orchestra.run.trial104.stdout:/usr/bin/ceph: stderr
2026-02-17T20:32:02.401+0000 7fccfec79640 1 --2- >> [v2:10.20.193.104:3300/0,v1:10.20.193.104:6789/0] conn(0x7fccf810a1e0 0x7fccf81a4570 unknown :-1 s=NONE pgs=0 cs=0 l=1 rev1=0 crypto rx=0 tx=0 comp rx=0 tx=0).connect
2026-02-17T20:32:03.159 INFO:teuthology.orchestra.run.trial104.stdout:/usr/bin/ceph: stderr
2026-02-17T20:32:02.401+0000 7fccfec79640 1 -- --> [v2:10.20.193.104:3300/0,v1:10.20.193.104:6789/0] -- mon_getmap magic: 0 -- 0x7fccf810c220 con 0x7fccf810a1e0
2026-02-17T20:32:03.159 INFO:teuthology.orchestra.run.trial104.stdout:/usr/bin/ceph: stderr
2026-02-17T20:32:02.401+0000 7fccfc9ee640 1 --2- >> [v2:10.20.193.104:3300/0,v1:10.20.193.104:6789/0] conn(0x7fccf810a1e0 0x7fccf81a4570 unknown :-1 s=BANNER_CONNECTING pgs=0 cs=0 l=1 rev1=0 crypto rx=0 tx=0 comp rx=0 tx=0)._handle_peer_banner_payload supported=3 required=0
2026-02-17T20:32:03.159 INFO:teuthology.orchestra.run.trial104.stdout:/usr/bin/ceph: stderr
2026-02-17T20:32:02.401+0000 7fccfc9ee640 1 --2- >> [v2:10.20.193.104:3300/0,v1:10.20.193.104:6789/0] conn(0x7fccf810a1e0 0x7fccf81a4570 unknown :-1 s=HELLO_CONNECTING pgs=0 cs=0 l=1 rev1=1 crypto rx=0 tx=0 comp rx=0 tx=0).handle_hello peer v2:10.20.193.104:3300/0 says I am v2:10.20.193.104:42976/0 (socket says 10.20.193.104:42976)
2026-02-17T20:32:03.159 INFO:teuthology.orchestra.run.trial104.stdout:/usr/bin/ceph: stderr
2026-02-17T20:32:02.401+0000 7fccfc9ee640 1 -- 10.20.193.104:0/2026281598 learned_addr learned my addr 10.20.193.104:0/2026281598 (peer_addr_for_me v2:10.20.193.104:0/0)
2026-02-17T20:32:03.159 INFO:teuthology.orchestra.run.trial104.stdout:/usr/bin/ceph: stderr
2026-02-17T20:32:02.401+0000 7fccfc9ee640 1 -- 10.20.193.104:0/2026281598 --> [v2:10.20.193.104:3300/0,v1:10.20.193.104:6789/0] -- mon_subscribe({config=0+,monmap=0+}) -- 0x7fccf81a4ab0 con 0x7fccf810a1e0
2026-02-17T20:32:03.159 INFO:teuthology.orchestra.run.trial104.stdout:/usr/bin/ceph: stderr
2026-02-17T20:32:02.401+0000 7fccfc9ee640 1 --2- 10.20.193.104:0/2026281598 >> [v2:10.20.193.104:3300/0,v1:10.20.193.104:6789/0] conn(0x7fccf810a1e0 0x7fccf81a4570 secure :-1 s=READY pgs=21 cs=0 l=1 rev1=1 crypto rx=0x7fcce8006fd0 tx=0x7fcce8035e10 comp rx=0 tx=0).ready entity=mon.0 client_cookie=0 server_cookie=0 in_seq=0 out_seq=0
2026-02-17T20:32:03.159 INFO:teuthology.orchestra.run.trial104.stdout:/usr/bin/ceph: stderr
2026-02-17T20:32:02.401+0000 7fccedffb640 1 -- 10.20.193.104:0/2026281598 <== mon.0 v2:10.20.193.104:3300/0 1 ==== mon_map magic: 0 ==== 205+0+0 (secure 0 0 0) 0x7fcce8045070 con 0x7fccf810a1e0
2026-02-17T20:32:03.159 INFO:teuthology.orchestra.run.trial104.stdout:/usr/bin/ceph: stderr
2026-02-17T20:32:02.401+0000 7fccfec79640 1 -- 10.20.193.104:0/2026281598 --> [v2:10.20.193.104:3300/0,v1:10.20.193.104:6789/0] -- mon_subscribe({mgrmap=0+}) -- 0x7fccf81a4d40 con 0x7fccf810a1e0
2026-02-17T20:32:03.159 INFO:teuthology.orchestra.run.trial104.stdout:/usr/bin/ceph: stderr
2026-02-17T20:32:02.401+0000 7fccedffb640 1 -- 10.20.193.104:0/2026281598 <== mon.0 v2:10.20.193.104:3300/0 2 ==== config(25 keys) ==== 1007+0+0 (secure 0 0 0) 0x7fcce8040450 con 0x7fccf810a1e0
2026-02-17T20:32:03.160 INFO:teuthology.orchestra.run.trial104.stdout:/usr/bin/ceph: stderr
2026-02-17T20:32:02.401+0000 7fccedffb640 1 -- 10.20.193.104:0/2026281598 <== mon.0 v2:10.20.193.104:3300/0 3 ==== mon_map magic: 0 ==== 205+0+0 (secure 0 0 0) 0x7fcce803c070 con 0x7fccf810a1e0
2026-02-17T20:32:03.160 INFO:teuthology.orchestra.run.trial104.stdout:/usr/bin/ceph: stderr
2026-02-17T20:32:02.401+0000 7fccfec79640 1 -- 10.20.193.104:0/2026281598 --> [v2:10.20.193.104:3300/0,v1:10.20.193.104:6789/0] -- mon_subscribe({osdmap=0}) -- 0x7fccf81a7a30 con 0x7fccf810a1e0
2026-02-17T20:32:03.160 INFO:teuthology.orchestra.run.trial104.stdout:/usr/bin/ceph: stderr
2026-02-17T20:32:02.402+0000 7fccfec79640 1 -- 10.20.193.104:0/2026281598 --> [v2:10.20.193.104:3300/0,v1:10.20.193.104:6789/0] -- mon_command({"prefix": "get_command_descriptions"} v 0) -- 0x7fccf810a660 con 0x7fccf810a1e0
2026-02-17T20:32:03.160 INFO:teuthology.orchestra.run.trial104.stdout:/usr/bin/ceph: stderr
2026-02-17T20:32:02.402+0000 7fccedffb640 1 -- 10.20.193.104:0/2026281598 <== mon.0 v2:10.20.193.104:3300/0 4 ==== mgrmap(e 4) ==== 50236+0+0 (secure 0 0 0) 0x7fcce803e640 con 0x7fccf810a1e0
2026-02-17T20:32:03.160 INFO:teuthology.orchestra.run.trial104.stdout:/usr/bin/ceph: stderr
2026-02-17T20:32:02.402+0000 7fccedffb640 1 --2- 10.20.193.104:0/2026281598 >> [v2:10.20.193.104:6800/4242782200,v1:10.20.193.104:6801/4242782200] conn(0x7fccd403db50 0x7fccd4040010 unknown :-1 s=NONE pgs=0 cs=0 l=1 rev1=0 crypto rx=0 tx=0 comp rx=0 tx=0).connect
2026-02-17T20:32:03.160 INFO:teuthology.orchestra.run.trial104.stdout:/usr/bin/ceph: stderr
2026-02-17T20:32:02.402+0000 7fccedffb640 1 -- 10.20.193.104:0/2026281598 <== mon.0 v2:10.20.193.104:3300/0 5 ==== osd_map(1..1 src has 1..1) ==== 725+0+0 (secure 0 0 0) 0x7fcce8076800 con 0x7fccf810a1e0
2026-02-17T20:32:03.160 INFO:teuthology.orchestra.run.trial104.stdout:/usr/bin/ceph: stderr
2026-02-17T20:32:02.402+0000 7fcceffff640 1 --2- 10.20.193.104:0/2026281598 >> [v2:10.20.193.104:6800/4242782200,v1:10.20.193.104:6801/4242782200] conn(0x7fccd403db50 0x7fccd4040010 unknown :-1 s=BANNER_CONNECTING pgs=0 cs=0 l=1 rev1=0 crypto rx=0 tx=0 comp rx=0 tx=0)._handle_peer_banner_payload supported=3 required=0
2026-02-17T20:32:03.160 INFO:teuthology.orchestra.run.trial104.stdout:/usr/bin/ceph: stderr
2026-02-17T20:32:02.402+0000 7fcceffff640 1 --2- 10.20.193.104:0/2026281598 >> [v2:10.20.193.104:6800/4242782200,v1:10.20.193.104:6801/4242782200] conn(0x7fccd403db50 0x7fccd4040010 secure :-1 s=READY pgs=8 cs=0 l=1 rev1=1 crypto rx=0x7fcce00099c0 tx=0x7fcce0006eb0 comp rx=0 tx=0).ready entity=mgr.14100 client_cookie=0 server_cookie=0 in_seq=0 out_seq=0
2026-02-17T20:32:03.160 INFO:teuthology.orchestra.run.trial104.stdout:/usr/bin/ceph: stderr
2026-02-17T20:32:02.405+0000 7fccedffb640 1 -- 10.20.193.104:0/2026281598 <== mon.0 v2:10.20.193.104:3300/0 6 ==== mon_command_ack([{"prefix": "get_command_descriptions"}]=0 v0) ==== 72+0+195034 (secure 0 0 0) 0x7fcce8033200 con 0x7fccf810a1e0
2026-02-17T20:32:03.160 INFO:teuthology.orchestra.run.trial104.stdout:/usr/bin/ceph: stderr
2026-02-17T20:32:02.509+0000 7fccfec79640 1 -- 10.20.193.104:0/2026281598 --> [v2:10.20.193.104:3300/0,v1:10.20.193.104:6789/0] -- mon_command({"prefix": "mgr module enable", "module": "cephadm"} v 0) -- 0x7fccf81a80d0 con 0x7fccf810a1e0
2026-02-17T20:32:03.160 INFO:teuthology.orchestra.run.trial104.stdout:/usr/bin/ceph: stderr
2026-02-17T20:32:03.129+0000 7fccedffb640 1 -- 10.20.193.104:0/2026281598 <== mon.0 v2:10.20.193.104:3300/0 7 ==== mon_command_ack([{"prefix": "mgr module enable", "module": "cephadm"}]=0 v5) ==== 86+0+0 (secure 0 0 0) 0x7fcce803e960 con 0x7fccf810a1e0
2026-02-17T20:32:03.161 INFO:teuthology.orchestra.run.trial104.stdout:/usr/bin/ceph: stderr
2026-02-17T20:32:03.130+0000 7fccfec79640 1 -- 10.20.193.104:0/2026281598 >> [v2:10.20.193.104:6800/4242782200,v1:10.20.193.104:6801/4242782200] conn(0x7fccd403db50 msgr2=0x7fccd4040010 secure :-1 s=STATE_CONNECTION_ESTABLISHED l=1).mark_down
2026-02-17T20:32:03.161 INFO:teuthology.orchestra.run.trial104.stdout:/usr/bin/ceph: stderr
2026-02-17T20:32:03.130+0000 7fccfec79640 1 --2- 10.20.193.104:0/2026281598 >> [v2:10.20.193.104:6800/4242782200,v1:10.20.193.104:6801/4242782200] conn(0x7fccd403db50 0x7fccd4040010 secure :-1 s=READY pgs=8 cs=0 l=1 rev1=1 crypto rx=0x7fcce00099c0 tx=0x7fcce0006eb0 comp rx=0 tx=0).stop
2026-02-17T20:32:03.161 INFO:teuthology.orchestra.run.trial104.stdout:/usr/bin/ceph: stderr
2026-02-17T20:32:03.130+0000 7fccfec79640 1 -- 10.20.193.104:0/2026281598 >> [v2:10.20.193.104:3300/0,v1:10.20.193.104:6789/0] conn(0x7fccf810a1e0 msgr2=0x7fccf81a4570 secure :-1 s=STATE_CONNECTION_ESTABLISHED l=1).mark_down
2026-02-17T20:32:03.161 INFO:teuthology.orchestra.run.trial104.stdout:/usr/bin/ceph: stderr
2026-02-17T20:32:03.130+0000 7fccfec79640 1 --2- 10.20.193.104:0/2026281598 >> [v2:10.20.193.104:3300/0,v1:10.20.193.104:6789/0] conn(0x7fccf810a1e0 0x7fccf81a4570 secure :-1 s=READY pgs=21 cs=0 l=1 rev1=1 crypto rx=0x7fcce8006fd0 tx=0x7fcce8035e10 comp rx=0 tx=0).stop
2026-02-17T20:32:03.161 INFO:teuthology.orchestra.run.trial104.stdout:/usr/bin/ceph: stderr
2026-02-17T20:32:03.130+0000 7fccfec79640 1 -- 10.20.193.104:0/2026281598 shutdown_connections
2026-02-17T20:32:03.161 INFO:teuthology.orchestra.run.trial104.stdout:/usr/bin/ceph: stderr
2026-02-17T20:32:03.130+0000 7fccfec79640 1 --2- 10.20.193.104:0/2026281598 >> [v2:10.20.193.104:6800/4242782200,v1:10.20.193.104:6801/4242782200] conn(0x7fccd403db50 0x7fccd4040010 unknown :-1 s=CLOSED pgs=8 cs=0 l=1 rev1=1 crypto rx=0 tx=0 comp rx=0 tx=0).stop
2026-02-17T20:32:03.161 INFO:teuthology.orchestra.run.trial104.stdout:/usr/bin/ceph: stderr
2026-02-17T20:32:03.130+0000 7fccfec79640 1 --2- 10.20.193.104:0/2026281598 >> [v2:10.20.193.104:3300/0,v1:10.20.193.104:6789/0] conn(0x7fccf810a1e0 0x7fccf81a4570 unknown :-1 s=CLOSED pgs=21 cs=0 l=1 rev1=1 crypto rx=0 tx=0 comp rx=0 tx=0).stop
2026-02-17T20:32:03.161 INFO:teuthology.orchestra.run.trial104.stdout:/usr/bin/ceph: stderr
2026-02-17T20:32:03.130+0000 7fccfec79640 1 -- 10.20.193.104:0/2026281598 >> 10.20.193.104:0/2026281598 conn(0x7fccf807d8e0 msgr2=0x7fccf8107e50 unknown :-1 s=STATE_NONE l=0).mark_down
2026-02-17T20:32:03.161 INFO:teuthology.orchestra.run.trial104.stdout:/usr/bin/ceph: stderr
2026-02-17T20:32:03.130+0000 7fccfec79640 1 -- 10.20.193.104:0/2026281598 shutdown_connections
2026-02-17T20:32:03.161 INFO:teuthology.orchestra.run.trial104.stdout:/usr/bin/ceph: stderr
2026-02-17T20:32:03.130+0000 7fccfec79640 1 -- 10.20.193.104:0/2026281598 wait complete.
2026-02-17T20:32:03.386 INFO:teuthology.orchestra.run.trial104.stdout:/usr/bin/ceph: stdout {
2026-02-17T20:32:03.387 INFO:teuthology.orchestra.run.trial104.stdout:/usr/bin/ceph: stdout "epoch": 5,
2026-02-17T20:32:03.387 INFO:teuthology.orchestra.run.trial104.stdout:/usr/bin/ceph: stdout "available": true,
2026-02-17T20:32:03.387 INFO:teuthology.orchestra.run.trial104.stdout:/usr/bin/ceph: stdout "active_name": "x",
2026-02-17T20:32:03.387 INFO:teuthology.orchestra.run.trial104.stdout:/usr/bin/ceph: stdout "num_standby": 0
2026-02-17T20:32:03.387 INFO:teuthology.orchestra.run.trial104.stdout:/usr/bin/ceph: stdout }
2026-02-17T20:32:03.387 INFO:teuthology.orchestra.run.trial104.stdout:/usr/bin/ceph: stderr
2026-02-17T20:32:03.248+0000 7ffb408ca640 1 Processor -- start
2026-02-17T20:32:03.387 INFO:teuthology.orchestra.run.trial104.stdout:/usr/bin/ceph: stderr
2026-02-17T20:32:03.248+0000 7ffb408ca640 1 -- start start
2026-02-17T20:32:03.387 INFO:teuthology.orchestra.run.trial104.stdout:/usr/bin/ceph: stderr
2026-02-17T20:32:03.248+0000 7ffb408ca640 1 --2- >> [v2:10.20.193.104:3300/0,v1:10.20.193.104:6789/0] conn(0x7ffb38107f10 0x7ffb38108330 unknown :-1 s=NONE pgs=0 cs=0 l=0 rev1=0 crypto rx=0 tx=0 comp rx=0 tx=0).connect
2026-02-17T20:32:03.387 INFO:teuthology.orchestra.run.trial104.stdout:/usr/bin/ceph: stderr
2026-02-17T20:32:03.248+0000 7ffb408ca640 1 -- --> [v2:10.20.193.104:3300/0,v1:10.20.193.104:6789/0] -- mon_getmap magic: 0 -- 0x7ffb38108870 con 0x7ffb38107f10
2026-02-17T20:32:03.388 INFO:teuthology.orchestra.run.trial104.stdout:/usr/bin/ceph: stderr
2026-02-17T20:32:03.248+0000 7ffb3e63f640 1 --2- >> [v2:10.20.193.104:3300/0,v1:10.20.193.104:6789/0] conn(0x7ffb38107f10 0x7ffb38108330 unknown :-1 s=BANNER_CONNECTING pgs=0 cs=0 l=0 rev1=0 crypto rx=0 tx=0 comp rx=0 tx=0)._handle_peer_banner_payload supported=3 required=0
2026-02-17T20:32:03.388 INFO:teuthology.orchestra.run.trial104.stdout:/usr/bin/ceph: stderr
2026-02-17T20:32:03.248+0000 7ffb3e63f640 1 --2- >> [v2:10.20.193.104:3300/0,v1:10.20.193.104:6789/0] conn(0x7ffb38107f10 0x7ffb38108330 unknown :-1 s=HELLO_CONNECTING pgs=0 cs=0 l=0 rev1=1 crypto rx=0 tx=0 comp rx=0 tx=0).handle_hello peer v2:10.20.193.104:3300/0 says I am v2:10.20.193.104:43000/0 (socket says 10.20.193.104:43000)
2026-02-17T20:32:03.388 INFO:teuthology.orchestra.run.trial104.stdout:/usr/bin/ceph: stderr
2026-02-17T20:32:03.248+0000 7ffb3e63f640 1 -- 10.20.193.104:0/687986107 learned_addr learned my addr 10.20.193.104:0/687986107 (peer_addr_for_me v2:10.20.193.104:0/0)
2026-02-17T20:32:03.388 INFO:teuthology.orchestra.run.trial104.stdout:/usr/bin/ceph: stderr
2026-02-17T20:32:03.249+0000 7ffb3e63f640 1 -- 10.20.193.104:0/687986107 --> [v2:10.20.193.104:3300/0,v1:10.20.193.104:6789/0] -- mon_subscribe({config=0+,monmap=0+}) -- 0x7ffb381090f0 con 0x7ffb38107f10
2026-02-17T20:32:03.388 INFO:teuthology.orchestra.run.trial104.stdout:/usr/bin/ceph: stderr
2026-02-17T20:32:03.249+0000 7ffb3e63f640 1 --2- 10.20.193.104:0/687986107 >> [v2:10.20.193.104:3300/0,v1:10.20.193.104:6789/0] conn(0x7ffb38107f10 0x7ffb38108330 secure :-1 s=READY pgs=24 cs=0 l=1 rev1=1 crypto rx=0x7ffb30009920 tx=0x7ffb3002ef20 comp rx=0 tx=0).ready entity=mon.0 client_cookie=bdc6ef0a27d64864 server_cookie=0 in_seq=0 out_seq=0
2026-02-17T20:32:03.388 INFO:teuthology.orchestra.run.trial104.stdout:/usr/bin/ceph: stderr
2026-02-17T20:32:03.249+0000 7ffb3d63d640 1 -- 10.20.193.104:0/687986107 <== mon.0 v2:10.20.193.104:3300/0 1 ==== mon_map magic: 0 ==== 205+0+0 (secure 0 0 0) 0x7ffb3003c070 con 0x7ffb38107f10
2026-02-17T20:32:03.388 INFO:teuthology.orchestra.run.trial104.stdout:/usr/bin/ceph: stderr
2026-02-17T20:32:03.249+0000 7ffb3d63d640 1 -- 10.20.193.104:0/687986107 <== mon.0 v2:10.20.193.104:3300/0 2 ==== config(25 keys) ==== 1007+0+0 (secure 0 0 0) 0x7ffb30037440 con 0x7ffb38107f10
2026-02-17T20:32:03.388 INFO:teuthology.orchestra.run.trial104.stdout:/usr/bin/ceph: stderr
2026-02-17T20:32:03.249+0000 7ffb3d63d640 1 -- 10.20.193.104:0/687986107 <== mon.0 v2:10.20.193.104:3300/0 3 ==== mon_map magic: 0 ==== 205+0+0 (secure 0 0 0) 0x7ffb300354d0 con 0x7ffb38107f10
2026-02-17T20:32:03.388 INFO:teuthology.orchestra.run.trial104.stdout:/usr/bin/ceph: stderr
2026-02-17T20:32:03.249+0000 7ffb408ca640 1 -- 10.20.193.104:0/687986107 >> [v2:10.20.193.104:3300/0,v1:10.20.193.104:6789/0] conn(0x7ffb38107f10 msgr2=0x7ffb38108330 secure :-1 s=STATE_CONNECTION_ESTABLISHED l=1).mark_down
2026-02-17T20:32:03.388 INFO:teuthology.orchestra.run.trial104.stdout:/usr/bin/ceph: stderr
2026-02-17T20:32:03.249+0000 7ffb408ca640 1 --2- 10.20.193.104:0/687986107 >> [v2:10.20.193.104:3300/0,v1:10.20.193.104:6789/0] conn(0x7ffb38107f10 0x7ffb38108330 secure :-1 s=READY pgs=24 cs=0 l=1 rev1=1 crypto rx=0x7ffb30009920 tx=0x7ffb3002ef20 comp rx=0 tx=0).stop
2026-02-17T20:32:03.388 INFO:teuthology.orchestra.run.trial104.stdout:/usr/bin/ceph: stderr
2026-02-17T20:32:03.250+0000 7ffb408ca640 1 -- 10.20.193.104:0/687986107 shutdown_connections
2026-02-17T20:32:03.389 INFO:teuthology.orchestra.run.trial104.stdout:/usr/bin/ceph: stderr
2026-02-17T20:32:03.250+0000 7ffb408ca640 1 --2- 10.20.193.104:0/687986107 >> [v2:10.20.193.104:3300/0,v1:10.20.193.104:6789/0] conn(0x7ffb38107f10 0x7ffb38108330 unknown :-1 s=CLOSED pgs=24 cs=0 l=1 rev1=1 crypto rx=0 tx=0 comp rx=0 tx=0).stop
2026-02-17T20:32:03.389 INFO:teuthology.orchestra.run.trial104.stdout:/usr/bin/ceph: stderr
2026-02-17T20:32:03.250+0000 7ffb408ca640 1 -- 10.20.193.104:0/687986107 >> 10.20.193.104:0/687986107 conn(0x7ffb381036f0 msgr2=0x7ffb38105b30 unknown :-1 s=STATE_NONE l=0).mark_down
2026-02-17T20:32:03.389 INFO:teuthology.orchestra.run.trial104.stdout:/usr/bin/ceph: stderr
2026-02-17T20:32:03.250+0000 7ffb408ca640 1 -- 10.20.193.104:0/687986107 shutdown_connections
2026-02-17T20:32:03.389 INFO:teuthology.orchestra.run.trial104.stdout:/usr/bin/ceph: stderr
2026-02-17T20:32:03.250+0000 7ffb408ca640 1 -- 10.20.193.104:0/687986107 wait complete.
2026-02-17T20:32:03.389 INFO:teuthology.orchestra.run.trial104.stdout:/usr/bin/ceph: stderr
2026-02-17T20:32:03.250+0000 7ffb408ca640 1 Processor -- start
2026-02-17T20:32:03.389 INFO:teuthology.orchestra.run.trial104.stdout:/usr/bin/ceph: stderr
2026-02-17T20:32:03.250+0000 7ffb408ca640 1 -- start start
2026-02-17T20:32:03.389 INFO:teuthology.orchestra.run.trial104.stdout:/usr/bin/ceph: stderr
2026-02-17T20:32:03.250+0000 7ffb408ca640 1 --2- >> [v2:10.20.193.104:3300/0,v1:10.20.193.104:6789/0] conn(0x7ffb38107f10 0x7ffb3807dbb0 unknown :-1 s=NONE pgs=0 cs=0 l=1 rev1=0 crypto rx=0 tx=0 comp rx=0 tx=0).connect
2026-02-17T20:32:03.389 INFO:teuthology.orchestra.run.trial104.stdout:/usr/bin/ceph: stderr
2026-02-17T20:32:03.250+0000 7ffb408ca640 1 -- --> [v2:10.20.193.104:3300/0,v1:10.20.193.104:6789/0] -- mon_getmap magic: 0 -- 0x7ffb381089f0 con 0x7ffb38107f10
2026-02-17T20:32:03.389 INFO:teuthology.orchestra.run.trial104.stdout:/usr/bin/ceph: stderr
2026-02-17T20:32:03.250+0000 7ffb3e63f640 1 --2- >> [v2:10.20.193.104:3300/0,v1:10.20.193.104:6789/0] conn(0x7ffb38107f10 0x7ffb3807dbb0 unknown :-1 s=BANNER_CONNECTING pgs=0 cs=0 l=1 rev1=0 crypto rx=0 tx=0 comp rx=0 tx=0)._handle_peer_banner_payload supported=3 required=0
2026-02-17T20:32:03.389 INFO:teuthology.orchestra.run.trial104.stdout:/usr/bin/ceph: stderr
2026-02-17T20:32:03.250+0000 7ffb3e63f640 1 --2- >> [v2:10.20.193.104:3300/0,v1:10.20.193.104:6789/0] conn(0x7ffb38107f10 0x7ffb3807dbb0 unknown :-1 s=HELLO_CONNECTING pgs=0 cs=0 l=1 rev1=1 crypto rx=0 tx=0 comp rx=0 tx=0).handle_hello peer v2:10.20.193.104:3300/0 says I am v2:10.20.193.104:43012/0 (socket says 10.20.193.104:43012)
2026-02-17T20:32:03.389 INFO:teuthology.orchestra.run.trial104.stdout:/usr/bin/ceph: stderr
2026-02-17T20:32:03.250+0000 7ffb3e63f640 1 -- 10.20.193.104:0/1147252261 learned_addr learned my addr 10.20.193.104:0/1147252261 (peer_addr_for_me v2:10.20.193.104:0/0)
2026-02-17T20:32:03.390 INFO:teuthology.orchestra.run.trial104.stdout:/usr/bin/ceph: stderr
2026-02-17T20:32:03.250+0000 7ffb3e63f640 1 -- 10.20.193.104:0/1147252261 --> [v2:10.20.193.104:3300/0,v1:10.20.193.104:6789/0] -- mon_subscribe({config=0+,monmap=0+}) -- 0x7ffb3807e0f0 con 0x7ffb38107f10
2026-02-17T20:32:03.390 INFO:teuthology.orchestra.run.trial104.stdout:/usr/bin/ceph: stderr
2026-02-17T20:32:03.250+0000 7ffb3e63f640 1 --2- 10.20.193.104:0/1147252261 >> [v2:10.20.193.104:3300/0,v1:10.20.193.104:6789/0] conn(0x7ffb38107f10 0x7ffb3807dbb0 secure :-1 s=READY pgs=25 cs=0 l=1 rev1=1 crypto rx=0x7ffb30037cd0 tx=0x7ffb30035b10 comp rx=0 tx=0).ready entity=mon.0 client_cookie=0 server_cookie=0 in_seq=0 out_seq=0
2026-02-17T20:32:03.390 INFO:teuthology.orchestra.run.trial104.stdout:/usr/bin/ceph: stderr
2026-02-17T20:32:03.250+0000 7ffb237fe640 1 -- 10.20.193.104:0/1147252261 <== mon.0 v2:10.20.193.104:3300/0 1 ==== mon_map magic: 0 ==== 205+0+0 (secure 0 0 0) 0x7ffb30045070 con 0x7ffb38107f10
2026-02-17T20:32:03.390 INFO:teuthology.orchestra.run.trial104.stdout:/usr/bin/ceph: stderr
2026-02-17T20:32:03.250+0000 7ffb237fe640 1 -- 10.20.193.104:0/1147252261 <== mon.0 v2:10.20.193.104:3300/0 2 ==== config(25 keys) ==== 1007+0+0 (secure 0 0 0) 0x7ffb30040450 con 0x7ffb38107f10
2026-02-17T20:32:03.390 INFO:teuthology.orchestra.run.trial104.stdout:/usr/bin/ceph: stderr
2026-02-17T20:32:03.250+0000 7ffb408ca640 1 -- 10.20.193.104:0/1147252261 --> [v2:10.20.193.104:3300/0,v1:10.20.193.104:6789/0] -- mon_subscribe({mgrmap=0+}) -- 0x7ffb3807c2e0 con 0x7ffb38107f10
2026-02-17T20:32:03.390 INFO:teuthology.orchestra.run.trial104.stdout:/usr/bin/ceph: stderr
2026-02-17T20:32:03.250+0000 7ffb237fe640 1 -- 10.20.193.104:0/1147252261 <== mon.0 v2:10.20.193.104:3300/0 3 ==== mon_map magic: 0 ==== 205+0+0 (secure 0 0 0) 0x7ffb3003c070 con 0x7ffb38107f10
2026-02-17T20:32:03.390 INFO:teuthology.orchestra.run.trial104.stdout:/usr/bin/ceph: stderr
2026-02-17T20:32:03.250+0000 7ffb408ca640 1 -- 10.20.193.104:0/1147252261 --> [v2:10.20.193.104:3300/0,v1:10.20.193.104:6789/0] -- mon_subscribe({osdmap=0}) -- 0x7ffb3807c7c0 con 0x7ffb38107f10
2026-02-17T20:32:03.390 INFO:teuthology.orchestra.run.trial104.stdout:/usr/bin/ceph: stderr
2026-02-17T20:32:03.251+0000 7ffb408ca640 1 -- 10.20.193.104:0/1147252261 --> [v2:10.20.193.104:3300/0,v1:10.20.193.104:6789/0] -- mon_command({"prefix": "get_command_descriptions"} v 0) -- 0x7ffb381083b0 con 0x7ffb38107f10
2026-02-17T20:32:03.390 INFO:teuthology.orchestra.run.trial104.stdout:/usr/bin/ceph: stderr
2026-02-17T20:32:03.251+0000 7ffb237fe640 1 -- 10.20.193.104:0/1147252261 <== mon.0 v2:10.20.193.104:3300/0 4 ==== mgrmap(e 5) ==== 50247+0+0 (secure 0 0 0) 0x7ffb3003e5f0 con 0x7ffb38107f10
2026-02-17T20:32:03.390 INFO:teuthology.orchestra.run.trial104.stdout:/usr/bin/ceph: stderr
2026-02-17T20:32:03.251+0000 7ffb237fe640 1 --2- 10.20.193.104:0/1147252261 >> [v2:10.20.193.104:6800/4242782200,v1:10.20.193.104:6801/4242782200] conn(0x7ffb1403dba0 0x7ffb14040060 unknown :-1 s=NONE pgs=0 cs=0 l=1 rev1=0 crypto rx=0 tx=0 comp rx=0 tx=0).connect
2026-02-17T20:32:03.390 INFO:teuthology.orchestra.run.trial104.stdout:/usr/bin/ceph: stderr
2026-02-17T20:32:03.251+0000 7ffb3de3e640 1 -- 10.20.193.104:0/1147252261 >> [v2:10.20.193.104:6800/4242782200,v1:10.20.193.104:6801/4242782200] conn(0x7ffb1403dba0 msgr2=0x7ffb14040060 unknown :-1 s=STATE_CONNECTING_RE l=1).process reconnect failed to v2:10.20.193.104:6800/4242782200
2026-02-17T20:32:03.390 INFO:teuthology.orchestra.run.trial104.stdout:/usr/bin/ceph: stderr
2026-02-17T20:32:03.251+0000 7ffb237fe640 1 -- 10.20.193.104:0/1147252261 <== mon.0 v2:10.20.193.104:3300/0 5 ==== osd_map(1..1 src has 1..1) ==== 725+0+0 (secure 0 0 0) 0x7ffb30076720 con 0x7ffb38107f10
2026-02-17T20:32:03.391 INFO:teuthology.orchestra.run.trial104.stdout:/usr/bin/ceph: stderr
2026-02-17T20:32:03.251+0000 7ffb3de3e640 1 --2- 10.20.193.104:0/1147252261 >> [v2:10.20.193.104:6800/4242782200,v1:10.20.193.104:6801/4242782200] conn(0x7ffb1403dba0 0x7ffb14040060 unknown :-1 s=START_CONNECT pgs=0 cs=0 l=1 rev1=0 crypto rx=0 tx=0 comp rx=0 tx=0)._fault waiting 0.200000
2026-02-17T20:32:03.391 INFO:teuthology.orchestra.run.trial104.stdout:/usr/bin/ceph: stderr
2026-02-17T20:32:03.254+0000 7ffb237fe640 1 -- 10.20.193.104:0/1147252261 <== mon.0 v2:10.20.193.104:3300/0 6 ==== mon_command_ack([{"prefix": "get_command_descriptions"}]=0 v0) ==== 72+0+195034 (secure 0 0 0) 0x7ffb30076140 con 0x7ffb38107f10
2026-02-17T20:32:03.391 INFO:teuthology.orchestra.run.trial104.stdout:/usr/bin/ceph: stderr
2026-02-17T20:32:03.358+0000 7ffb408ca640 1 -- 10.20.193.104:0/1147252261 --> [v2:10.20.193.104:3300/0,v1:10.20.193.104:6789/0] -- mon_command({"prefix": "mgr stat"} v 0) -- 0x7ffb3807cfb0 con 0x7ffb38107f10
2026-02-17T20:32:03.391 INFO:teuthology.orchestra.run.trial104.stdout:/usr/bin/ceph: stderr
2026-02-17T20:32:03.359+0000 7ffb237fe640 1 -- 10.20.193.104:0/1147252261 <== mon.0 v2:10.20.193.104:3300/0 7 ==== mon_command_ack([{"prefix": "mgr stat"}]=0 v5) ==== 56+0+88 (secure 0 0 0) 0x7ffb3003c210 con 0x7ffb38107f10
2026-02-17T20:32:03.391 INFO:teuthology.orchestra.run.trial104.stdout:/usr/bin/ceph: stderr
2026-02-17T20:32:03.360+0000 7ffb408ca640 1 -- 10.20.193.104:0/1147252261 >> [v2:10.20.193.104:6800/4242782200,v1:10.20.193.104:6801/4242782200] conn(0x7ffb1403dba0 msgr2=0x7ffb14040060 unknown :-1 s=STATE_CONNECTING l=1).mark_down
2026-02-17T20:32:03.391 INFO:teuthology.orchestra.run.trial104.stdout:/usr/bin/ceph: stderr
2026-02-17T20:32:03.360+0000 7ffb408ca640 1 --2- 10.20.193.104:0/1147252261 >> [v2:10.20.193.104:6800/4242782200,v1:10.20.193.104:6801/4242782200] conn(0x7ffb1403dba0 0x7ffb14040060 unknown :-1 s=START_CONNECT pgs=0 cs=0 l=1 rev1=0 crypto rx=0 tx=0 comp rx=0 tx=0).stop
2026-02-17T20:32:03.391 INFO:teuthology.orchestra.run.trial104.stdout:/usr/bin/ceph: stderr
2026-02-17T20:32:03.360+0000 7ffb408ca640 1 -- 10.20.193.104:0/1147252261 >> [v2:10.20.193.104:3300/0,v1:10.20.193.104:6789/0] conn(0x7ffb38107f10 msgr2=0x7ffb3807dbb0 secure :-1 s=STATE_CONNECTION_ESTABLISHED l=1).mark_down
2026-02-17T20:32:03.391 INFO:teuthology.orchestra.run.trial104.stdout:/usr/bin/ceph: stderr
2026-02-17T20:32:03.360+0000 7ffb408ca640 1 --2- 10.20.193.104:0/1147252261 >> [v2:10.20.193.104:3300/0,v1:10.20.193.104:6789/0] conn(0x7ffb38107f10 0x7ffb3807dbb0 secure :-1 s=READY pgs=25 cs=0 l=1 rev1=1 crypto rx=0x7ffb30037cd0 tx=0x7ffb30035b10 comp rx=0 tx=0).stop
2026-02-17T20:32:03.391 INFO:teuthology.orchestra.run.trial104.stdout:/usr/bin/ceph: stderr
2026-02-17T20:32:03.360+0000 7ffb408ca640 1 -- 10.20.193.104:0/1147252261 shutdown_connections
2026-02-17T20:32:03.391 INFO:teuthology.orchestra.run.trial104.stdout:/usr/bin/ceph: stderr
2026-02-17T20:32:03.360+0000 7ffb408ca640 1 --2- 10.20.193.104:0/1147252261 >> [v2:10.20.193.104:6800/4242782200,v1:10.20.193.104:6801/4242782200] conn(0x7ffb1403dba0 0x7ffb14040060 unknown :-1 s=CLOSED pgs=0 cs=0 l=1 rev1=0 crypto rx=0 tx=0 comp rx=0 tx=0).stop
2026-02-17T20:32:03.391 INFO:teuthology.orchestra.run.trial104.stdout:/usr/bin/ceph: stderr
2026-02-17T20:32:03.360+0000 7ffb408ca640 1 --2- 10.20.193.104:0/1147252261 >> [v2:10.20.193.104:3300/0,v1:10.20.193.104:6789/0] conn(0x7ffb38107f10 0x7ffb3807dbb0 unknown :-1 s=CLOSED pgs=25 cs=0 l=1 rev1=1 crypto rx=0 tx=0 comp rx=0 tx=0).stop
2026-02-17T20:32:03.391 INFO:teuthology.orchestra.run.trial104.stdout:/usr/bin/ceph: stderr
2026-02-17T20:32:03.360+0000 7ffb408ca640 1 -- 10.20.193.104:0/1147252261 >> 10.20.193.104:0/1147252261 conn(0x7ffb381036f0 msgr2=0x7ffb38104360 unknown :-1 s=STATE_NONE l=0).mark_down
2026-02-17T20:32:03.392 INFO:teuthology.orchestra.run.trial104.stdout:/usr/bin/ceph: stderr
2026-02-17T20:32:03.360+0000 7ffb408ca640 1 -- 10.20.193.104:0/1147252261 shutdown_connections
2026-02-17T20:32:03.392 INFO:teuthology.orchestra.run.trial104.stdout:/usr/bin/ceph: stderr
2026-02-17T20:32:03.360+0000 7ffb408ca640 1 -- 10.20.193.104:0/1147252261 wait complete.
2026-02-17T20:32:03.392 INFO:teuthology.orchestra.run.trial104.stdout:Waiting for the mgr to restart...
2026-02-17T20:32:03.392 INFO:teuthology.orchestra.run.trial104.stdout:Waiting for mgr epoch 5...
2026-02-17T20:32:03.392 INFO:journalctl@ceph.mon.a.trial104.stdout:Feb 17 20:32:03 trial104 ceph-mon[24520]: mgrmap e4: x(active, since 2s)
2026-02-17T20:32:03.393 INFO:journalctl@ceph.mon.a.trial104.stdout:Feb 17 20:32:03 trial104 ceph-mon[24520]: from='client.? 10.20.193.104:0/3193360107' entity='client.admin' cmd=[{"prefix": "config assimilate-conf"}]: dispatch
2026-02-17T20:32:03.393 INFO:journalctl@ceph.mon.a.trial104.stdout:Feb 17 20:32:03 trial104 ceph-mon[24520]: from='client.? 10.20.193.104:0/2026281598' entity='client.admin' cmd=[{"prefix": "mgr module enable", "module": "cephadm"}]: dispatch
2026-02-17T20:32:03.393 INFO:journalctl@ceph.mgr.x.trial104.stdout:Feb 17 20:32:03 trial104 ceph-aad9539e-0c3f-11f1-a3b3-d404e6e7d460-mgr-x[24770]: ignoring --setuser ceph since I am not root
2026-02-17T20:32:03.393 INFO:journalctl@ceph.mgr.x.trial104.stdout:Feb 17 20:32:03 trial104 ceph-aad9539e-0c3f-11f1-a3b3-d404e6e7d460-mgr-x[24770]: ignoring --setgroup ceph since I am not root
2026-02-17T20:32:03.685 INFO:journalctl@ceph.mgr.x.trial104.stdout:Feb 17 20:32:03 trial104 ceph-aad9539e-0c3f-11f1-a3b3-d404e6e7d460-mgr-x[24770]:
2026-02-17T20:32:03.539+0000 7f688c1ec140 -1 mgr[py] Module snap_schedule has missing NOTIFY_TYPES member
2026-02-17T20:32:03.685 INFO:journalctl@ceph.mgr.x.trial104.stdout:Feb 17 20:32:03 trial104 ceph-aad9539e-0c3f-11f1-a3b3-d404e6e7d460-mgr-x[24770]:
2026-02-17T20:32:03.683+0000 7f688c1ec140 -1 mgr[py] Module prometheus has missing NOTIFY_TYPES member
2026-02-17T20:32:03.958 INFO:journalctl@ceph.mgr.x.trial104.stdout:Feb 17 20:32:03 trial104 ceph-aad9539e-0c3f-11f1-a3b3-d404e6e7d460-mgr-x[24770]:
2026-02-17T20:32:03.717+0000 7f688c1ec140 -1 mgr[py] Module balancer has missing NOTIFY_TYPES member
2026-02-17T20:32:03.958 INFO:journalctl@ceph.mgr.x.trial104.stdout:Feb 17 20:32:03 trial104 ceph-aad9539e-0c3f-11f1-a3b3-d404e6e7d460-mgr-x[24770]:
2026-02-17T20:32:03.759+0000 7f688c1ec140 -1 mgr[py] Module rbd_support has missing NOTIFY_TYPES member
2026-02-17T20:32:03.958 INFO:journalctl@ceph.mgr.x.trial104.stdout:Feb 17 20:32:03 trial104 ceph-aad9539e-0c3f-11f1-a3b3-d404e6e7d460-mgr-x[24770]:
2026-02-17T20:32:03.790+0000 7f688c1ec140 -1 mgr[py] Module devicehealth has missing NOTIFY_TYPES member
2026-02-17T20:32:03.959 INFO:journalctl@ceph.mgr.x.trial104.stdout:Feb 17 20:32:03 trial104 ceph-aad9539e-0c3f-11f1-a3b3-d404e6e7d460-mgr-x[24770]:
2026-02-17T20:32:03.824+0000 7f688c1ec140 -1 mgr[py] Module alerts has missing NOTIFY_TYPES member
2026-02-17T20:32:03.959 INFO:journalctl@ceph.mgr.x.trial104.stdout:Feb 17 20:32:03 trial104 ceph-aad9539e-0c3f-11f1-a3b3-d404e6e7d460-mgr-x[24770]:
2026-02-17T20:32:03.889+0000 7f688c1ec140 -1 mgr[py] Module telemetry has missing NOTIFY_TYPES member
2026-02-17T20:32:04.219 INFO:journalctl@ceph.mon.a.trial104.stdout:Feb 17 20:32:04 trial104 ceph-mon[24520]: from='client.? 10.20.193.104:0/2026281598' entity='client.admin' cmd='[{"prefix": "mgr module enable", "module": "cephadm"}]': finished
2026-02-17T20:32:04.219 INFO:journalctl@ceph.mon.a.trial104.stdout:Feb 17 20:32:04 trial104 ceph-mon[24520]: mgrmap e5: x(active, since 3s)
2026-02-17T20:32:04.219 INFO:journalctl@ceph.mon.a.trial104.stdout:Feb 17 20:32:04 trial104 ceph-mon[24520]: from='client.? 10.20.193.104:0/1147252261' entity='client.admin' cmd=[{"prefix": "mgr stat"}]: dispatch
