2026-02-17T20:42:19.214+0000 7f70a3605640 1 --2- 10.20.193.95:0/761511065 >> [v2:10.20.193.95:6800/1323747594,v1:10.20.193.95:6801/1323747594] conn(0x7f707803dc40 0x7f7078040100 secure :-1 s=READY pgs=14 cs=0 l=1 rev1=1 crypto rx=0x7f70880099c0 tx=0x7f7088006eb0 comp rx=0 tx=0).stop
2026-02-17T20:42:19.296 INFO:teuthology.orchestra.run.trial095.stdout:/usr/bin/ceph: stderr
2026-02-17T20:42:19.214+0000 7f70a3605640 1 -- 10.20.193.95:0/761511065 >> [v2:10.20.193.95:3300/0,v1:10.20.193.95:6789/0] conn(0x7f709c10a1b0 msgr2=0x7f709c19ffe0 secure :-1 s=STATE_CONNECTION_ESTABLISHED l=1).mark_down
2026-02-17T20:42:19.296 INFO:teuthology.orchestra.run.trial095.stdout:/usr/bin/ceph: stderr
2026-02-17T20:42:19.214+0000 7f70a3605640 1 --2- 10.20.193.95:0/761511065 >> [v2:10.20.193.95:3300/0,v1:10.20.193.95:6789/0] conn(0x7f709c10a1b0 0x7f709c19ffe0 secure :-1 s=READY pgs=50 cs=0 l=1 rev1=1 crypto rx=0x7f7094009a50 tx=0x7f7094037820 comp rx=0 tx=0).stop
2026-02-17T20:42:19.296 INFO:teuthology.orchestra.run.trial095.stdout:/usr/bin/ceph: stderr
2026-02-17T20:42:19.214+0000 7f70a3605640 1 -- 10.20.193.95:0/761511065 shutdown_connections
2026-02-17T20:42:19.296 INFO:teuthology.orchestra.run.trial095.stdout:/usr/bin/ceph: stderr
2026-02-17T20:42:19.214+0000 7f70a3605640 1 --2- 10.20.193.95:0/761511065 >> [v2:10.20.193.95:6800/1323747594,v1:10.20.193.95:6801/1323747594] conn(0x7f707803dc40 0x7f7078040100 unknown :-1 s=CLOSED pgs=14 cs=0 l=1 rev1=1 crypto rx=0 tx=0 comp rx=0 tx=0).stop
2026-02-17T20:42:19.297 INFO:teuthology.orchestra.run.trial095.stdout:/usr/bin/ceph: stderr
2026-02-17T20:42:19.214+0000 7f70a3605640 1 --2- 10.20.193.95:0/761511065 >> [v2:10.20.193.95:3300/0,v1:10.20.193.95:6789/0] conn(0x7f709c10a1b0 0x7f709c19ffe0 unknown :-1 s=CLOSED pgs=50 cs=0 l=1 rev1=1 crypto rx=0 tx=0 comp rx=0 tx=0).stop
2026-02-17T20:42:19.297 INFO:teuthology.orchestra.run.trial095.stdout:/usr/bin/ceph: stderr
2026-02-17T20:42:19.214+0000 7f70a3605640 1 -- 10.20.193.95:0/761511065 >> 10.20.193.95:0/761511065 conn(0x7f709c07d6c0 msgr2=0x7f709c107620 unknown :-1 s=STATE_NONE l=0).mark_down
2026-02-17T20:42:19.297 INFO:teuthology.orchestra.run.trial095.stdout:/usr/bin/ceph: stderr
2026-02-17T20:42:19.214+0000 7f70a3605640 1 -- 10.20.193.95:0/761511065 shutdown_connections
2026-02-17T20:42:19.297 INFO:teuthology.orchestra.run.trial095.stdout:/usr/bin/ceph: stderr
2026-02-17T20:42:19.214+0000 7f70a3605640 1 -- 10.20.193.95:0/761511065 wait complete.
2026-02-17T20:42:19.636 INFO:teuthology.orchestra.run.trial095.stdout:/usr/bin/ceph: stderr
2026-02-17T20:42:19.452+0000 7f133ffff640 1 Processor -- start
2026-02-17T20:42:19.636 INFO:teuthology.orchestra.run.trial095.stdout:/usr/bin/ceph: stderr
2026-02-17T20:42:19.452+0000 7f133ffff640 1 -- start start
2026-02-17T20:42:19.636 INFO:teuthology.orchestra.run.trial095.stdout:/usr/bin/ceph: stderr
2026-02-17T20:42:19.453+0000 7f133ffff640 1 --2- >> [v2:10.20.193.95:3300/0,v1:10.20.193.95:6789/0] conn(0x7f134010f090 0x7f1340111480 unknown :-1 s=NONE pgs=0 cs=0 l=0 rev1=0 crypto rx=0 tx=0 comp rx=0 tx=0).connect
2026-02-17T20:42:19.636 INFO:teuthology.orchestra.run.trial095.stdout:/usr/bin/ceph: stderr
2026-02-17T20:42:19.453+0000 7f133ffff640 1 -- --> [v2:10.20.193.95:3300/0,v1:10.20.193.95:6789/0] -- mon_getmap magic: 0 -- 0x7f13400826d0 con 0x7f134010f090
2026-02-17T20:42:19.637 INFO:teuthology.orchestra.run.trial095.stdout:/usr/bin/ceph: stderr
2026-02-17T20:42:19.453+0000 7f133effd640 1 --2- >> [v2:10.20.193.95:3300/0,v1:10.20.193.95:6789/0] conn(0x7f134010f090 0x7f1340111480 unknown :-1 s=BANNER_CONNECTING pgs=0 cs=0 l=0 rev1=0 crypto rx=0 tx=0 comp rx=0 tx=0)._handle_peer_banner_payload supported=3 required=0
2026-02-17T20:42:19.637 INFO:teuthology.orchestra.run.trial095.stdout:/usr/bin/ceph: stderr
2026-02-17T20:42:19.453+0000 7f133effd640 1 --2- >> [v2:10.20.193.95:3300/0,v1:10.20.193.95:6789/0] conn(0x7f134010f090 0x7f1340111480 unknown :-1 s=HELLO_CONNECTING pgs=0 cs=0 l=0 rev1=1 crypto rx=0 tx=0 comp rx=0 tx=0).handle_hello peer v2:10.20.193.95:3300/0 says I am v2:10.20.193.95:53750/0 (socket says 10.20.193.95:53750)
2026-02-17T20:42:19.637 INFO:teuthology.orchestra.run.trial095.stdout:/usr/bin/ceph: stderr
2026-02-17T20:42:19.453+0000 7f133effd640 1 -- 10.20.193.95:0/1679989404 learned_addr learned my addr 10.20.193.95:0/1679989404 (peer_addr_for_me v2:10.20.193.95:0/0)
2026-02-17T20:42:19.637 INFO:teuthology.orchestra.run.trial095.stdout:/usr/bin/ceph: stderr
2026-02-17T20:42:19.454+0000 7f133effd640 1 -- 10.20.193.95:0/1679989404 --> [v2:10.20.193.95:3300/0,v1:10.20.193.95:6789/0] -- mon_subscribe({config=0+,monmap=0+}) -- 0x7f13401119c0 con 0x7f134010f090
2026-02-17T20:42:19.637 INFO:teuthology.orchestra.run.trial095.stdout:/usr/bin/ceph: stderr
2026-02-17T20:42:19.455+0000 7f133effd640 1 --2- 10.20.193.95:0/1679989404 >> [v2:10.20.193.95:3300/0,v1:10.20.193.95:6789/0] conn(0x7f134010f090 0x7f1340111480 secure :-1 s=READY pgs=51 cs=0 l=1 rev1=1 crypto rx=0x7f1334009920 tx=0x7f133402ef20 comp rx=0 tx=0).ready entity=mon.0 client_cookie=2bb84a5bf154ccb server_cookie=0 in_seq=0 out_seq=0
2026-02-17T20:42:19.637 INFO:teuthology.orchestra.run.trial095.stdout:/usr/bin/ceph: stderr
2026-02-17T20:42:19.455+0000 7f133dffb640 1 -- 10.20.193.95:0/1679989404 <== mon.0 v2:10.20.193.95:3300/0 1 ==== mon_map magic: 0 ==== 205+0+0 (secure 0 0 0) 0x7f133403c070 con 0x7f134010f090
2026-02-17T20:42:19.638 INFO:teuthology.orchestra.run.trial095.stdout:/usr/bin/ceph: stderr
2026-02-17T20:42:19.455+0000 7f133dffb640 1 -- 10.20.193.95:0/1679989404 <== mon.0 v2:10.20.193.95:3300/0 2 ==== config(26 keys) ==== 1076+0+0 (secure 0 0 0) 0x7f1334037440 con 0x7f134010f090
2026-02-17T20:42:19.638 INFO:teuthology.orchestra.run.trial095.stdout:/usr/bin/ceph: stderr
2026-02-17T20:42:19.455+0000 7f133dffb640 1 -- 10.20.193.95:0/1679989404 <== mon.0 v2:10.20.193.95:3300/0 3 ==== mon_map magic: 0 ==== 205+0+0 (secure 0 0 0) 0x7f13340354d0 con 0x7f134010f090
2026-02-17T20:42:19.638 INFO:teuthology.orchestra.run.trial095.stdout:/usr/bin/ceph: stderr
2026-02-17T20:42:19.456+0000 7f133ffff640 1 -- 10.20.193.95:0/1679989404 >> [v2:10.20.193.95:3300/0,v1:10.20.193.95:6789/0] conn(0x7f134010f090 msgr2=0x7f1340111480 secure :-1 s=STATE_CONNECTION_ESTABLISHED l=1).mark_down
2026-02-17T20:42:19.638 INFO:teuthology.orchestra.run.trial095.stdout:/usr/bin/ceph: stderr
2026-02-17T20:42:19.456+0000 7f133ffff640 1 --2- 10.20.193.95:0/1679989404 >> [v2:10.20.193.95:3300/0,v1:10.20.193.95:6789/0] conn(0x7f134010f090 0x7f1340111480 secure :-1 s=READY pgs=51 cs=0 l=1 rev1=1 crypto rx=0x7f1334009920 tx=0x7f133402ef20 comp rx=0 tx=0).stop
2026-02-17T20:42:19.638 INFO:teuthology.orchestra.run.trial095.stdout:/usr/bin/ceph: stderr
2026-02-17T20:42:19.456+0000 7f133ffff640 1 -- 10.20.193.95:0/1679989404 shutdown_connections
2026-02-17T20:42:19.638 INFO:teuthology.orchestra.run.trial095.stdout:/usr/bin/ceph: stderr
2026-02-17T20:42:19.456+0000 7f133ffff640 1 --2- 10.20.193.95:0/1679989404 >> [v2:10.20.193.95:3300/0,v1:10.20.193.95:6789/0] conn(0x7f134010f090 0x7f1340111480 unknown :-1 s=CLOSED pgs=51 cs=0 l=1 rev1=1 crypto rx=0 tx=0 comp rx=0 tx=0).stop
2026-02-17T20:42:19.638 INFO:teuthology.orchestra.run.trial095.stdout:/usr/bin/ceph: stderr
2026-02-17T20:42:19.456+0000 7f133ffff640 1 -- 10.20.193.95:0/1679989404 >> 10.20.193.95:0/1679989404 conn(0x7f134007d600 msgr2=0x7f134007fa60 unknown :-1 s=STATE_NONE l=0).mark_down
2026-02-17T20:42:19.638 INFO:teuthology.orchestra.run.trial095.stdout:/usr/bin/ceph: stderr
2026-02-17T20:42:19.456+0000 7f133ffff640 1 -- 10.20.193.95:0/1679989404 shutdown_connections
2026-02-17T20:42:19.638 INFO:teuthology.orchestra.run.trial095.stdout:/usr/bin/ceph: stderr
2026-02-17T20:42:19.456+0000 7f133ffff640 1 -- 10.20.193.95:0/1679989404 wait complete.
2026-02-17T20:42:19.639 INFO:teuthology.orchestra.run.trial095.stdout:/usr/bin/ceph: stderr
2026-02-17T20:42:19.457+0000 7f133ffff640 1 Processor -- start
2026-02-17T20:42:19.639 INFO:teuthology.orchestra.run.trial095.stdout:/usr/bin/ceph: stderr
2026-02-17T20:42:19.457+0000 7f133ffff640 1 -- start start
2026-02-17T20:42:19.639 INFO:teuthology.orchestra.run.trial095.stdout:/usr/bin/ceph: stderr
2026-02-17T20:42:19.457+0000 7f133ffff640 1 --2- >> [v2:10.20.193.95:3300/0,v1:10.20.193.95:6789/0] conn(0x7f134010f090 0x7f13401a44e0 unknown :-1 s=NONE pgs=0 cs=0 l=1 rev1=0 crypto rx=0 tx=0 comp rx=0 tx=0).connect
2026-02-17T20:42:19.639 INFO:teuthology.orchestra.run.trial095.stdout:/usr/bin/ceph: stderr
2026-02-17T20:42:19.458+0000 7f133ffff640 1 -- --> [v2:10.20.193.95:3300/0,v1:10.20.193.95:6789/0] -- mon_getmap magic: 0 -- 0x7f1340112920 con 0x7f134010f090
2026-02-17T20:42:19.639 INFO:teuthology.orchestra.run.trial095.stdout:/usr/bin/ceph: stderr
2026-02-17T20:42:19.458+0000 7f133effd640 1 --2- >> [v2:10.20.193.95:3300/0,v1:10.20.193.95:6789/0] conn(0x7f134010f090 0x7f13401a44e0 unknown :-1 s=BANNER_CONNECTING pgs=0 cs=0 l=1 rev1=0 crypto rx=0 tx=0 comp rx=0 tx=0)._handle_peer_banner_payload supported=3 required=0
2026-02-17T20:42:19.639 INFO:teuthology.orchestra.run.trial095.stdout:/usr/bin/ceph: stderr
2026-02-17T20:42:19.458+0000 7f133effd640 1 --2- >> [v2:10.20.193.95:3300/0,v1:10.20.193.95:6789/0] conn(0x7f134010f090 0x7f13401a44e0 unknown :-1 s=HELLO_CONNECTING pgs=0 cs=0 l=1 rev1=1 crypto rx=0 tx=0 comp rx=0 tx=0).handle_hello peer v2:10.20.193.95:3300/0 says I am v2:10.20.193.95:53754/0 (socket says 10.20.193.95:53754)
2026-02-17T20:42:19.640 INFO:teuthology.orchestra.run.trial095.stdout:/usr/bin/ceph: stderr
2026-02-17T20:42:19.458+0000 7f133effd640 1 -- 10.20.193.95:0/2824343300 learned_addr learned my addr 10.20.193.95:0/2824343300 (peer_addr_for_me v2:10.20.193.95:0/0)
2026-02-17T20:42:19.640 INFO:teuthology.orchestra.run.trial095.stdout:/usr/bin/ceph: stderr
2026-02-17T20:42:19.458+0000 7f133effd640 1 -- 10.20.193.95:0/2824343300 --> [v2:10.20.193.95:3300/0,v1:10.20.193.95:6789/0] -- mon_subscribe({config=0+,monmap=0+}) -- 0x7f13401a4a20 con 0x7f134010f090
2026-02-17T20:42:19.640 INFO:teuthology.orchestra.run.trial095.stdout:/usr/bin/ceph: stderr
2026-02-17T20:42:19.458+0000 7f133effd640 1 --2- 10.20.193.95:0/2824343300 >> [v2:10.20.193.95:3300/0,v1:10.20.193.95:6789/0] conn(0x7f134010f090 0x7f13401a44e0 secure :-1 s=READY pgs=52 cs=0 l=1 rev1=1 crypto rx=0x7f1334039000 tx=0x7f1334037820 comp rx=0 tx=0).ready entity=mon.0 client_cookie=0 server_cookie=0 in_seq=0 out_seq=0
2026-02-17T20:42:19.640 INFO:teuthology.orchestra.run.trial095.stdout:/usr/bin/ceph: stderr
2026-02-17T20:42:19.458+0000 7f131ffff640 1 -- 10.20.193.95:0/2824343300 <== mon.0 v2:10.20.193.95:3300/0 1 ==== mon_map magic: 0 ==== 205+0+0 (secure 0 0 0) 0x7f1334047070 con 0x7f134010f090
2026-02-17T20:42:19.640 INFO:teuthology.orchestra.run.trial095.stdout:/usr/bin/ceph: stderr
2026-02-17T20:42:19.459+0000 7f131ffff640 1 -- 10.20.193.95:0/2824343300 <== mon.0 v2:10.20.193.95:3300/0 2 ==== config(26 keys) ==== 1076+0+0 (secure 0 0 0) 0x7f1334035df0 con 0x7f134010f090
2026-02-17T20:42:19.640 INFO:teuthology.orchestra.run.trial095.stdout:/usr/bin/ceph: stderr
2026-02-17T20:42:19.459+0000 7f131ffff640 1 -- 10.20.193.95:0/2824343300 <== mon.0 v2:10.20.193.95:3300/0 3 ==== mon_map magic: 0 ==== 205+0+0 (secure 0 0 0) 0x7f133403c070 con 0x7f134010f090
2026-02-17T20:42:19.640 INFO:teuthology.orchestra.run.trial095.stdout:/usr/bin/ceph: stderr
2026-02-17T20:42:19.459+0000 7f133ffff640 1 -- 10.20.193.95:0/2824343300 --> [v2:10.20.193.95:3300/0,v1:10.20.193.95:6789/0] -- mon_subscribe({mgrmap=0+}) -- 0x7f13401a4d10 con 0x7f134010f090
2026-02-17T20:42:19.640 INFO:teuthology.orchestra.run.trial095.stdout:/usr/bin/ceph: stderr
2026-02-17T20:42:19.459+0000 7f133ffff640 1 -- 10.20.193.95:0/2824343300 --> [v2:10.20.193.95:3300/0,v1:10.20.193.95:6789/0] -- mon_subscribe({osdmap=0}) -- 0x7f13401a79a0 con 0x7f134010f090
2026-02-17T20:42:19.640 INFO:teuthology.orchestra.run.trial095.stdout:/usr/bin/ceph: stderr
2026-02-17T20:42:19.459+0000 7f131ffff640 1 -- 10.20.193.95:0/2824343300 <== mon.0 v2:10.20.193.95:3300/0 4 ==== mgrmap(e 7) ==== 50247+0+0 (secure 0 0 0) 0x7f1334042640 con 0x7f134010f090
2026-02-17T20:42:19.640 INFO:teuthology.orchestra.run.trial095.stdout:/usr/bin/ceph: stderr
2026-02-17T20:42:19.459+0000 7f133ffff640 1 -- 10.20.193.95:0/2824343300 --> [v2:10.20.193.95:3300/0,v1:10.20.193.95:6789/0] -- mon_command({"prefix": "get_command_descriptions"} v 0) -- 0x7f134010f4f0 con 0x7f134010f090
2026-02-17T20:42:19.641 INFO:teuthology.orchestra.run.trial095.stdout:/usr/bin/ceph: stderr
2026-02-17T20:42:19.460+0000 7f131ffff640 1 --2- 10.20.193.95:0/2824343300 >> [v2:10.20.193.95:6800/1323747594,v1:10.20.193.95:6801/1323747594] conn(0x7f131403dc40 0x7f1314040100 unknown :-1 s=NONE pgs=0 cs=0 l=1 rev1=0 crypto rx=0 tx=0 comp rx=0 tx=0).connect
2026-02-17T20:42:19.641 INFO:teuthology.orchestra.run.trial095.stdout:/usr/bin/ceph: stderr
2026-02-17T20:42:19.460+0000 7f131ffff640 1 -- 10.20.193.95:0/2824343300 <== mon.0 v2:10.20.193.95:3300/0 5 ==== osd_map(2..2 src has 1..2) ==== 940+0+0 (secure 0 0 0) 0x7f13340768a0 con 0x7f134010f090
2026-02-17T20:42:19.641 INFO:teuthology.orchestra.run.trial095.stdout:/usr/bin/ceph: stderr
2026-02-17T20:42:19.461+0000 7f133e7fc640 1 --2- 10.20.193.95:0/2824343300 >> [v2:10.20.193.95:6800/1323747594,v1:10.20.193.95:6801/1323747594] conn(0x7f131403dc40 0x7f1314040100 unknown :-1 s=BANNER_CONNECTING pgs=0 cs=0 l=1 rev1=0 crypto rx=0 tx=0 comp rx=0 tx=0)._handle_peer_banner_payload supported=3 required=0
2026-02-17T20:42:19.641 INFO:teuthology.orchestra.run.trial095.stdout:/usr/bin/ceph: stderr
2026-02-17T20:42:19.461+0000 7f133e7fc640 1 --2- 10.20.193.95:0/2824343300 >> [v2:10.20.193.95:6800/1323747594,v1:10.20.193.95:6801/1323747594] conn(0x7f131403dc40 0x7f1314040100 secure :-1 s=READY pgs=15 cs=0 l=1 rev1=1 crypto rx=0x7f13280099c0 tx=0x7f1328006eb0 comp rx=0 tx=0).ready entity=mgr.14118 client_cookie=0 server_cookie=0 in_seq=0 out_seq=0
2026-02-17T20:42:19.641 INFO:teuthology.orchestra.run.trial095.stdout:/usr/bin/ceph: stderr
2026-02-17T20:42:19.462+0000 7f131ffff640 1 -- 10.20.193.95:0/2824343300 <== mon.0 v2:10.20.193.95:3300/0 6 ==== mon_command_ack([{"prefix": "get_command_descriptions"}]=0 v0) ==== 72+0+195034 (secure 0 0 0) 0x7f13340342a0 con 0x7f134010f090
2026-02-17T20:42:19.641 INFO:teuthology.orchestra.run.trial095.stdout:/usr/bin/ceph: stderr
2026-02-17T20:42:19.555+0000 7f133ffff640 1 -- 10.20.193.95:0/2824343300 --> [v2:10.20.193.95:3300/0,v1:10.20.193.95:6789/0] -- mon_command([{prefix=config set, name=mgr/dashboard/ssl_server_port}] v 0) -- 0x7f13401a7b70 con 0x7f134010f090
2026-02-17T20:42:19.641 INFO:teuthology.orchestra.run.trial095.stdout:/usr/bin/ceph: stderr
2026-02-17T20:42:19.557+0000 7f131ffff640 1 -- 10.20.193.95:0/2824343300 <== mon.0 v2:10.20.193.95:3300/0 7 ==== mon_command_ack([{prefix=config set, name=mgr/dashboard/ssl_server_port}]=0 v8)=0 v8) ==== 130+0+0 (secure 0 0 0) 0x7f1334033c90 con 0x7f134010f090
2026-02-17T20:42:19.641 INFO:teuthology.orchestra.run.trial095.stdout:/usr/bin/ceph: stderr
2026-02-17T20:42:19.559+0000 7f133ffff640 1 -- 10.20.193.95:0/2824343300 >> [v2:10.20.193.95:6800/1323747594,v1:10.20.193.95:6801/1323747594] conn(0x7f131403dc40 msgr2=0x7f1314040100 secure :-1 s=STATE_CONNECTION_ESTABLISHED l=1).mark_down
2026-02-17T20:42:19.641 INFO:teuthology.orchestra.run.trial095.stdout:/usr/bin/ceph: stderr
2026-02-17T20:42:19.559+0000 7f133ffff640 1 --2- 10.20.193.95:0/2824343300 >> [v2:10.20.193.95:6800/1323747594,v1:10.20.193.95:6801/1323747594] conn(0x7f131403dc40 0x7f1314040100 secure :-1 s=READY pgs=15 cs=0 l=1 rev1=1 crypto rx=0x7f13280099c0 tx=0x7f1328006eb0 comp rx=0 tx=0).stop
2026-02-17T20:42:19.641 INFO:teuthology.orchestra.run.trial095.stdout:/usr/bin/ceph: stderr
2026-02-17T20:42:19.559+0000 7f133ffff640 1 -- 10.20.193.95:0/2824343300 >> [v2:10.20.193.95:3300/0,v1:10.20.193.95:6789/0] conn(0x7f134010f090 msgr2=0x7f13401a44e0 secure :-1 s=STATE_CONNECTION_ESTABLISHED l=1).mark_down
2026-02-17T20:42:19.641 INFO:teuthology.orchestra.run.trial095.stdout:/usr/bin/ceph: stderr
2026-02-17T20:42:19.559+0000 7f133ffff640 1 --2- 10.20.193.95:0/2824343300 >> [v2:10.20.193.95:3300/0,v1:10.20.193.95:6789/0] conn(0x7f134010f090 0x7f13401a44e0 secure :-1 s=READY pgs=52 cs=0 l=1 rev1=1 crypto rx=0x7f1334039000 tx=0x7f1334037820 comp rx=0 tx=0).stop
2026-02-17T20:42:19.642 INFO:teuthology.orchestra.run.trial095.stdout:/usr/bin/ceph: stderr
2026-02-17T20:42:19.559+0000 7f133ffff640 1 -- 10.20.193.95:0/2824343300 shutdown_connections
2026-02-17T20:42:19.642 INFO:teuthology.orchestra.run.trial095.stdout:/usr/bin/ceph: stderr
2026-02-17T20:42:19.559+0000 7f133ffff640 1 --2- 10.20.193.95:0/2824343300 >> [v2:10.20.193.95:6800/1323747594,v1:10.20.193.95:6801/1323747594] conn(0x7f131403dc40 0x7f1314040100 unknown :-1 s=CLOSED pgs=15 cs=0 l=1 rev1=1 crypto rx=0 tx=0 comp rx=0 tx=0).stop
2026-02-17T20:42:19.642 INFO:teuthology.orchestra.run.trial095.stdout:/usr/bin/ceph: stderr
2026-02-17T20:42:19.559+0000 7f133ffff640 1 --2- 10.20.193.95:0/2824343300 >> [v2:10.20.193.95:3300/0,v1:10.20.193.95:6789/0] conn(0x7f134010f090 0x7f13401a44e0 unknown :-1 s=CLOSED pgs=52 cs=0 l=1 rev1=1 crypto rx=0 tx=0 comp rx=0 tx=0).stop
2026-02-17T20:42:19.642 INFO:teuthology.orchestra.run.trial095.stdout:/usr/bin/ceph: stderr
2026-02-17T20:42:19.559+0000 7f133ffff640 1 -- 10.20.193.95:0/2824343300 >> 10.20.193.95:0/2824343300 conn(0x7f134007d600 msgr2=0x7f134007e1d0 unknown :-1 s=STATE_NONE l=0).mark_down
2026-02-17T20:42:19.642 INFO:teuthology.orchestra.run.trial095.stdout:/usr/bin/ceph: stderr
2026-02-17T20:42:19.560+0000 7f133ffff640 1 -- 10.20.193.95:0/2824343300 shutdown_connections
2026-02-17T20:42:19.642 INFO:teuthology.orchestra.run.trial095.stdout:/usr/bin/ceph: stderr
2026-02-17T20:42:19.560+0000 7f133ffff640 1 -- 10.20.193.95:0/2824343300 wait complete.
2026-02-17T20:42:19.642 INFO:teuthology.orchestra.run.trial095.stdout:Enabling the dashboard module...
2026-02-17T20:42:20.339 INFO:journalctl@ceph.mon.a.trial095.stdout:Feb 17 20:42:20 trial095 ceph-mon[22687]: from='client.14142 -' entity='client.admin' cmd=[{"prefix": "orch apply", "service_type": "mgr", "unmanaged": true, "target": ["mon-mgr", ""]}]: dispatch
2026-02-17T20:42:20.339 INFO:journalctl@ceph.mon.a.trial095.stdout:Feb 17 20:42:20 trial095 ceph-mon[22687]: Saving service mgr spec with placement count:2
2026-02-17T20:42:20.340 INFO:journalctl@ceph.mon.a.trial095.stdout:Feb 17 20:42:20 trial095 ceph-mon[22687]: from='client.? 10.20.193.95:0/761511065' entity='client.admin'
2026-02-17T20:42:20.340 INFO:journalctl@ceph.mon.a.trial095.stdout:Feb 17 20:42:20 trial095 ceph-mon[22687]: from='mgr.14118 10.20.193.95:0/1535570824' entity='mgr.x'
2026-02-17T20:42:20.340 INFO:journalctl@ceph.mon.a.trial095.stdout:Feb 17 20:42:20 trial095 ceph-mon[22687]: from='client.? 10.20.193.95:0/2824343300' entity='client.admin'
2026-02-17T20:42:20.340 INFO:journalctl@ceph.mon.a.trial095.stdout:Feb 17 20:42:20 trial095 ceph-mon[22687]: from='mgr.14118 10.20.193.95:0/1535570824' entity='mgr.x'
2026-02-17T20:42:20.340 INFO:journalctl@ceph.mon.a.trial095.stdout:Feb 17 20:42:20 trial095 ceph-mon[22687]: from='client.? 10.20.193.95:0/25000390' entity='client.admin' cmd=[{"prefix": "mgr module enable", "module": "dashboard"}]: dispatch
2026-02-17T20:42:20.971 INFO:teuthology.orchestra.run.trial095.stdout:/usr/bin/ceph: stderr
2026-02-17T20:42:19.806+0000 7fd746b43640 1 Processor -- start
2026-02-17T20:42:20.972 INFO:teuthology.orchestra.run.trial095.stdout:/usr/bin/ceph: stderr
2026-02-17T20:42:19.806+0000 7fd746b43640 1 -- start start
2026-02-17T20:42:20.972 INFO:teuthology.orchestra.run.trial095.stdout:/usr/bin/ceph: stderr
2026-02-17T20:42:19.806+0000 7fd746b43640 1 --2- >> [v2:10.20.193.95:3300/0,v1:10.20.193.95:6789/0] conn(0x7fd74010f090 0x7fd740111480 unknown :-1 s=NONE pgs=0 cs=0 l=0 rev1=0 crypto rx=0 tx=0 comp rx=0 tx=0).connect
2026-02-17T20:42:20.972 INFO:teuthology.orchestra.run.trial095.stdout:/usr/bin/ceph: stderr
2026-02-17T20:42:19.806+0000 7fd746b43640 1 -- --> [v2:10.20.193.95:3300/0,v1:10.20.193.95:6789/0] -- mon_getmap magic: 0 -- 0x7fd7400826d0 con 0x7fd74010f090
2026-02-17T20:42:20.972 INFO:teuthology.orchestra.run.trial095.stdout:/usr/bin/ceph: stderr
2026-02-17T20:42:19.806+0000 7fd745b41640 1 --2- >> [v2:10.20.193.95:3300/0,v1:10.20.193.95:6789/0] conn(0x7fd74010f090 0x7fd740111480 unknown :-1 s=BANNER_CONNECTING pgs=0 cs=0 l=0 rev1=0 crypto rx=0 tx=0 comp rx=0 tx=0)._handle_peer_banner_payload supported=3 required=0
2026-02-17T20:42:20.972 INFO:teuthology.orchestra.run.trial095.stdout:/usr/bin/ceph: stderr
2026-02-17T20:42:19.806+0000 7fd745b41640 1 --2- >> [v2:10.20.193.95:3300/0,v1:10.20.193.95:6789/0] conn(0x7fd74010f090 0x7fd740111480 unknown :-1 s=HELLO_CONNECTING pgs=0 cs=0 l=0 rev1=1 crypto rx=0 tx=0 comp rx=0 tx=0).handle_hello peer v2:10.20.193.95:3300/0 says I am v2:10.20.193.95:53762/0 (socket says 10.20.193.95:53762)
2026-02-17T20:42:20.972 INFO:teuthology.orchestra.run.trial095.stdout:/usr/bin/ceph: stderr
2026-02-17T20:42:19.806+0000 7fd745b41640 1 -- 10.20.193.95:0/1390129148 learned_addr learned my addr 10.20.193.95:0/1390129148 (peer_addr_for_me v2:10.20.193.95:0/0)
2026-02-17T20:42:20.972 INFO:teuthology.orchestra.run.trial095.stdout:/usr/bin/ceph: stderr
2026-02-17T20:42:19.806+0000 7fd745b41640 1 -- 10.20.193.95:0/1390129148 --> [v2:10.20.193.95:3300/0,v1:10.20.193.95:6789/0] -- mon_subscribe({config=0+,monmap=0+}) -- 0x7fd7401119c0 con 0x7fd74010f090
2026-02-17T20:42:20.972 INFO:teuthology.orchestra.run.trial095.stdout:/usr/bin/ceph: stderr
2026-02-17T20:42:19.807+0000 7fd745b41640 1 --2- 10.20.193.95:0/1390129148 >> [v2:10.20.193.95:3300/0,v1:10.20.193.95:6789/0] conn(0x7fd74010f090 0x7fd740111480 secure :-1 s=READY pgs=53 cs=0 l=1 rev1=1 crypto rx=0x7fd730009920 tx=0x7fd73002ef20 comp rx=0 tx=0).ready entity=mon.0 client_cookie=5458e6d05fd0c6e3 server_cookie=0 in_seq=0 out_seq=0
2026-02-17T20:42:20.972 INFO:teuthology.orchestra.run.trial095.stdout:/usr/bin/ceph: stderr
2026-02-17T20:42:19.807+0000 7fd744b3f640 1 -- 10.20.193.95:0/1390129148 <== mon.0 v2:10.20.193.95:3300/0 1 ==== mon_map magic: 0 ==== 205+0+0 (secure 0 0 0) 0x7fd73003c070 con 0x7fd74010f090
2026-02-17T20:42:20.973 INFO:teuthology.orchestra.run.trial095.stdout:/usr/bin/ceph: stderr
2026-02-17T20:42:19.807+0000 7fd744b3f640 1 -- 10.20.193.95:0/1390129148 <== mon.0 v2:10.20.193.95:3300/0 2 ==== config(26 keys) ==== 1076+0+0 (secure 0 0 0) 0x7fd730037440 con 0x7fd74010f090
2026-02-17T20:42:20.973 INFO:teuthology.orchestra.run.trial095.stdout:/usr/bin/ceph: stderr
2026-02-17T20:42:19.807+0000 7fd744b3f640 1 -- 10.20.193.95:0/1390129148 <== mon.0 v2:10.20.193.95:3300/0 3 ==== mon_map magic: 0 ==== 205+0+0 (secure 0 0 0) 0x7fd7300354d0 con 0x7fd74010f090
2026-02-17T20:42:20.973 INFO:teuthology.orchestra.run.trial095.stdout:/usr/bin/ceph: stderr
2026-02-17T20:42:19.808+0000 7fd746b43640 1 -- 10.20.193.95:0/1390129148 >> [v2:10.20.193.95:3300/0,v1:10.20.193.95:6789/0] conn(0x7fd74010f090 msgr2=0x7fd740111480 secure :-1 s=STATE_CONNECTION_ESTABLISHED l=1).mark_down
2026-02-17T20:42:20.973 INFO:teuthology.orchestra.run.trial095.stdout:/usr/bin/ceph: stderr
2026-02-17T20:42:19.808+0000 7fd746b43640 1 --2- 10.20.193.95:0/1390129148 >> [v2:10.20.193.95:3300/0,v1:10.20.193.95:6789/0] conn(0x7fd74010f090 0x7fd740111480 secure :-1 s=READY pgs=53 cs=0 l=1 rev1=1 crypto rx=0x7fd730009920 tx=0x7fd73002ef20 comp rx=0 tx=0).stop
2026-02-17T20:42:20.973 INFO:teuthology.orchestra.run.trial095.stdout:/usr/bin/ceph: stderr
2026-02-17T20:42:19.808+0000 7fd746b43640 1 -- 10.20.193.95:0/1390129148 shutdown_connections
2026-02-17T20:42:20.973 INFO:teuthology.orchestra.run.trial095.stdout:/usr/bin/ceph: stderr
2026-02-17T20:42:19.808+0000 7fd746b43640 1 --2- 10.20.193.95:0/1390129148 >> [v2:10.20.193.95:3300/0,v1:10.20.193.95:6789/0] conn(0x7fd74010f090 0x7fd740111480 unknown :-1 s=CLOSED pgs=53 cs=0 l=1 rev1=1 crypto rx=0 tx=0 comp rx=0 tx=0).stop
2026-02-17T20:42:20.973 INFO:teuthology.orchestra.run.trial095.stdout:/usr/bin/ceph: stderr
2026-02-17T20:42:19.808+0000 7fd746b43640 1 -- 10.20.193.95:0/1390129148 >> 10.20.193.95:0/1390129148 conn(0x7fd74007d600 msgr2=0x7fd74007fa60 unknown :-1 s=STATE_NONE l=0).mark_down
2026-02-17T20:42:20.973 INFO:teuthology.orchestra.run.trial095.stdout:/usr/bin/ceph: stderr
2026-02-17T20:42:19.808+0000 7fd746b43640 1 -- 10.20.193.95:0/1390129148 shutdown_connections
2026-02-17T20:42:20.973 INFO:teuthology.orchestra.run.trial095.stdout:/usr/bin/ceph: stderr
2026-02-17T20:42:19.808+0000 7fd746b43640 1 -- 10.20.193.95:0/1390129148 wait complete.
2026-02-17T20:42:20.974 INFO:teuthology.orchestra.run.trial095.stdout:/usr/bin/ceph: stderr
2026-02-17T20:42:19.808+0000 7fd746b43640 1 Processor -- start
2026-02-17T20:42:20.974 INFO:teuthology.orchestra.run.trial095.stdout:/usr/bin/ceph: stderr
2026-02-17T20:42:19.809+0000 7fd746b43640 1 -- start start
2026-02-17T20:42:20.974 INFO:teuthology.orchestra.run.trial095.stdout:/usr/bin/ceph: stderr
2026-02-17T20:42:19.809+0000 7fd746b43640 1 --2- >> [v2:10.20.193.95:3300/0,v1:10.20.193.95:6789/0] conn(0x7fd74010f090 0x7fd7401a44e0 unknown :-1 s=NONE pgs=0 cs=0 l=1 rev1=0 crypto rx=0 tx=0 comp rx=0 tx=0).connect
2026-02-17T20:42:20.974 INFO:teuthology.orchestra.run.trial095.stdout:/usr/bin/ceph: stderr
2026-02-17T20:42:19.809+0000 7fd746b43640 1 -- --> [v2:10.20.193.95:3300/0,v1:10.20.193.95:6789/0] -- mon_getmap magic: 0 -- 0x7fd740112920 con 0x7fd74010f090
2026-02-17T20:42:20.974 INFO:teuthology.orchestra.run.trial095.stdout:/usr/bin/ceph: stderr
2026-02-17T20:42:19.809+0000 7fd745b41640 1 --2- >> [v2:10.20.193.95:3300/0,v1:10.20.193.95:6789/0] conn(0x7fd74010f090 0x7fd7401a44e0 unknown :-1 s=BANNER_CONNECTING pgs=0 cs=0 l=1 rev1=0 crypto rx=0 tx=0 comp rx=0 tx=0)._handle_peer_banner_payload supported=3 required=0
2026-02-17T20:42:20.974 INFO:teuthology.orchestra.run.trial095.stdout:/usr/bin/ceph: stderr
2026-02-17T20:42:19.809+0000 7fd745b41640 1 --2- >> [v2:10.20.193.95:3300/0,v1:10.20.193.95:6789/0] conn(0x7fd74010f090 0x7fd7401a44e0 unknown :-1 s=HELLO_CONNECTING pgs=0 cs=0 l=1 rev1=1 crypto rx=0 tx=0 comp rx=0 tx=0).handle_hello peer v2:10.20.193.95:3300/0 says I am v2:10.20.193.95:53776/0 (socket says 10.20.193.95:53776)
2026-02-17T20:42:20.974 INFO:teuthology.orchestra.run.trial095.stdout:/usr/bin/ceph: stderr
2026-02-17T20:42:19.809+0000 7fd745b41640 1 -- 10.20.193.95:0/25000390 learned_addr learned my addr 10.20.193.95:0/25000390 (peer_addr_for_me v2:10.20.193.95:0/0)
2026-02-17T20:42:20.974 INFO:teuthology.orchestra.run.trial095.stdout:/usr/bin/ceph: stderr
2026-02-17T20:42:19.809+0000 7fd745b41640 1 -- 10.20.193.95:0/25000390 --> [v2:10.20.193.95:3300/0,v1:10.20.193.95:6789/0] -- mon_subscribe({config=0+,monmap=0+}) -- 0x7fd7401a4a20 con 0x7fd74010f090
2026-02-17T20:42:20.974 INFO:teuthology.orchestra.run.trial095.stdout:/usr/bin/ceph: stderr
2026-02-17T20:42:19.809+0000 7fd745b41640 1 --2- 10.20.193.95:0/25000390 >> [v2:10.20.193.95:3300/0,v1:10.20.193.95:6789/0] conn(0x7fd74010f090 0x7fd7401a44e0 secure :-1 s=READY pgs=54 cs=0 l=1 rev1=1 crypto rx=0x7fd730002410 tx=0x7fd730037820 comp rx=0 tx=0).ready entity=mon.0 client_cookie=0 server_cookie=0 in_seq=0 out_seq=0
2026-02-17T20:42:20.974 INFO:teuthology.orchestra.run.trial095.stdout:/usr/bin/ceph: stderr
2026-02-17T20:42:19.810+0000 7fd72effd640 1 -- 10.20.193.95:0/25000390 <== mon.0 v2:10.20.193.95:3300/0 1 ==== mon_map magic: 0 ==== 205+0+0 (secure 0 0 0) 0x7fd730047070 con 0x7fd74010f090
2026-02-17T20:42:20.975 INFO:teuthology.orchestra.run.trial095.stdout:/usr/bin/ceph: stderr
2026-02-17T20:42:19.810+0000 7fd72effd640 1 -- 10.20.193.95:0/25000390 <== mon.0 v2:10.20.193.95:3300/0 2 ==== config(26 keys) ==== 1076+0+0 (secure 0 0 0) 0x7fd730035da0 con 0x7fd74010f090
2026-02-17T20:42:20.975 INFO:teuthology.orchestra.run.trial095.stdout:/usr/bin/ceph: stderr
2026-02-17T20:42:19.810+0000 7fd72effd640 1 -- 10.20.193.95:0/25000390 <== mon.0 v2:10.20.193.95:3300/0 3 ==== mon_map magic: 0 ==== 205+0+0 (secure 0 0 0) 0x7fd73003c070 con 0x7fd74010f090
2026-02-17T20:42:20.975 INFO:teuthology.orchestra.run.trial095.stdout:/usr/bin/ceph: stderr
2026-02-17T20:42:19.810+0000 7fd746b43640 1 -- 10.20.193.95:0/25000390 --> [v2:10.20.193.95:3300/0,v1:10.20.193.95:6789/0] -- mon_subscribe({mgrmap=0+}) -- 0x7fd7401a4d10 con 0x7fd74010f090
2026-02-17T20:42:20.975 INFO:teuthology.orchestra.run.trial095.stdout:/usr/bin/ceph: stderr
2026-02-17T20:42:19.810+0000 7fd746b43640 1 -- 10.20.193.95:0/25000390 --> [v2:10.20.193.95:3300/0,v1:10.20.193.95:6789/0] -- mon_subscribe({osdmap=0}) -- 0x7fd7401a79a0 con 0x7fd74010f090
2026-02-17T20:42:20.975 INFO:teuthology.orchestra.run.trial095.stdout:/usr/bin/ceph: stderr
2026-02-17T20:42:19.810+0000 7fd746b43640 1 -- 10.20.193.95:0/25000390 --> [v2:10.20.193.95:3300/0,v1:10.20.193.95:6789/0] -- mon_command({"prefix": "get_command_descriptions"} v 0) -- 0x7fd74010f4f0 con 0x7fd74010f090
2026-02-17T20:42:20.975 INFO:teuthology.orchestra.run.trial095.stdout:/usr/bin/ceph: stderr
2026-02-17T20:42:19.811+0000 7fd72effd640 1 -- 10.20.193.95:0/25000390 <== mon.0 v2:10.20.193.95:3300/0 4 ==== mgrmap(e 7) ==== 50247+0+0 (secure 0 0 0) 0x7fd730042660 con 0x7fd74010f090
2026-02-17T20:42:20.975 INFO:teuthology.orchestra.run.trial095.stdout:/usr/bin/ceph: stderr
2026-02-17T20:42:19.811+0000 7fd72effd640 1 --2- 10.20.193.95:0/25000390 >> [v2:10.20.193.95:6800/1323747594,v1:10.20.193.95:6801/1323747594] conn(0x7fd71c03dbf0 0x7fd71c0400b0 unknown :-1 s=NONE pgs=0 cs=0 l=1 rev1=0 crypto rx=0 tx=0 comp rx=0 tx=0).connect
2026-02-17T20:42:20.975 INFO:teuthology.orchestra.run.trial095.stdout:/usr/bin/ceph: stderr
2026-02-17T20:42:19.811+0000 7fd72effd640 1 -- 10.20.193.95:0/25000390 <== mon.0 v2:10.20.193.95:3300/0 5 ==== osd_map(2..2 src has 1..2) ==== 940+0+0 (secure 0 0 0) 0x7fd730076860 con 0x7fd74010f090
2026-02-17T20:42:20.975 INFO:teuthology.orchestra.run.trial095.stdout:/usr/bin/ceph: stderr
2026-02-17T20:42:19.811+0000 7fd745340640 1 --2- 10.20.193.95:0/25000390 >> [v2:10.20.193.95:6800/1323747594,v1:10.20.193.95:6801/1323747594] conn(0x7fd71c03dbf0 0x7fd71c0400b0 unknown :-1 s=BANNER_CONNECTING pgs=0 cs=0 l=1 rev1=0 crypto rx=0 tx=0 comp rx=0 tx=0)._handle_peer_banner_payload supported=3 required=0
2026-02-17T20:42:20.975 INFO:teuthology.orchestra.run.trial095.stdout:/usr/bin/ceph: stderr
2026-02-17T20:42:19.812+0000 7fd745340640 1 --2- 10.20.193.95:0/25000390 >> [v2:10.20.193.95:6800/1323747594,v1:10.20.193.95:6801/1323747594] conn(0x7fd71c03dbf0 0x7fd71c0400b0 secure :-1 s=READY pgs=16 cs=0 l=1 rev1=1 crypto rx=0x7fd7340099c0 tx=0x7fd734006eb0 comp rx=0 tx=0).ready entity=mgr.14118 client_cookie=0 server_cookie=0 in_seq=0 out_seq=0
2026-02-17T20:42:20.975 INFO:teuthology.orchestra.run.trial095.stdout:/usr/bin/ceph: stderr
2026-02-17T20:42:19.814+0000 7fd72effd640 1 -- 10.20.193.95:0/25000390 <== mon.0 v2:10.20.193.95:3300/0 6 ==== mon_command_ack([{"prefix": "get_command_descriptions"}]=0 v0) ==== 72+0+195034 (secure 0 0 0) 0x7fd7300342a0 con 0x7fd74010f090
2026-02-17T20:42:20.976 INFO:teuthology.orchestra.run.trial095.stdout:/usr/bin/ceph: stderr
2026-02-17T20:42:19.929+0000 7fd746b43640 1 -- 10.20.193.95:0/25000390 --> [v2:10.20.193.95:3300/0,v1:10.20.193.95:6789/0] -- mon_command({"prefix": "mgr module enable", "module": "dashboard"} v 0) -- 0x7fd7401a80e0 con 0x7fd74010f090
2026-02-17T20:42:20.976 INFO:teuthology.orchestra.run.trial095.stdout:/usr/bin/ceph: stderr
2026-02-17T20:42:20.843+0000 7fd72effd640 1 -- 10.20.193.95:0/25000390 <== mon.0 v2:10.20.193.95:3300/0 7 ==== mon_command_ack([{"prefix": "mgr module enable", "module": "dashboard"}]=0 v8) ==== 88+0+0 (secure 0 0 0) 0x7fd730033c90 con 0x7fd74010f090
2026-02-17T20:42:20.976 INFO:teuthology.orchestra.run.trial095.stdout:/usr/bin/ceph: stderr
2026-02-17T20:42:20.844+0000 7fd72effd640 1 -- 10.20.193.95:0/25000390 <== mon.0 v2:10.20.193.95:3300/0 8 ==== mgrmap(e 8) ==== 50260+0+0 (secure 0 0 0) 0x7fd730035900 con 0x7fd74010f090
2026-02-17T20:42:20.976 INFO:teuthology.orchestra.run.trial095.stdout:/usr/bin/ceph: stderr
2026-02-17T20:42:20.846+0000 7fd746b43640 1 -- 10.20.193.95:0/25000390 >> [v2:10.20.193.95:6800/1323747594,v1:10.20.193.95:6801/1323747594] conn(0x7fd71c03dbf0 msgr2=0x7fd71c0400b0 secure :-1 s=STATE_CONNECTION_ESTABLISHED l=1).mark_down
2026-02-17T20:42:20.976 INFO:teuthology.orchestra.run.trial095.stdout:/usr/bin/ceph: stderr
2026-02-17T20:42:20.846+0000 7fd746b43640 1 --2- 10.20.193.95:0/25000390 >> [v2:10.20.193.95:6800/1323747594,v1:10.20.193.95:6801/1323747594] conn(0x7fd71c03dbf0 0x7fd71c0400b0 secure :-1 s=READY pgs=16 cs=0 l=1 rev1=1 crypto rx=0x7fd7340099c0 tx=0x7fd734006eb0 comp rx=0 tx=0).stop
2026-02-17T20:42:20.976 INFO:teuthology.orchestra.run.trial095.stdout:/usr/bin/ceph: stderr
2026-02-17T20:42:20.846+0000 7fd746b43640 1 -- 10.20.193.95:0/25000390 >> [v2:10.20.193.95:3300/0,v1:10.20.193.95:6789/0] conn(0x7fd74010f090 msgr2=0x7fd7401a44e0 secure :-1 s=STATE_CONNECTION_ESTABLISHED l=1).mark_down
2026-02-17T20:42:20.976 INFO:teuthology.orchestra.run.trial095.stdout:/usr/bin/ceph: stderr
2026-02-17T20:42:20.846+0000 7fd746b43640 1 --2- 10.20.193.95:0/25000390 >> [v2:10.20.193.95:3300/0,v1:10.20.193.95:6789/0] conn(0x7fd74010f090 0x7fd7401a44e0 secure :-1 s=READY pgs=54 cs=0 l=1 rev1=1 crypto rx=0x7fd730002410 tx=0x7fd730037820 comp rx=0 tx=0).stop
2026-02-17T20:42:20.976 INFO:teuthology.orchestra.run.trial095.stdout:/usr/bin/ceph: stderr
2026-02-17T20:42:20.846+0000 7fd746b43640 1 -- 10.20.193.95:0/25000390 shutdown_connections
2026-02-17T20:42:20.976 INFO:teuthology.orchestra.run.trial095.stdout:/usr/bin/ceph: stderr
2026-02-17T20:42:20.846+0000 7fd746b43640 1 --2- 10.20.193.95:0/25000390 >> [v2:10.20.193.95:6800/1323747594,v1:10.20.193.95:6801/1323747594] conn(0x7fd71c03dbf0 0x7fd71c0400b0 unknown :-1 s=CLOSED pgs=16 cs=0 l=1 rev1=1 crypto rx=0 tx=0 comp rx=0 tx=0).stop
2026-02-17T20:42:20.976 INFO:teuthology.orchestra.run.trial095.stdout:/usr/bin/ceph: stderr
2026-02-17T20:42:20.846+0000 7fd746b43640 1 --2- 10.20.193.95:0/25000390 >> [v2:10.20.193.95:3300/0,v1:10.20.193.95:6789/0] conn(0x7fd74010f090 0x7fd7401a44e0 unknown :-1 s=CLOSED pgs=54 cs=0 l=1 rev1=1 crypto rx=0 tx=0 comp rx=0 tx=0).stop
2026-02-17T20:42:20.977 INFO:teuthology.orchestra.run.trial095.stdout:/usr/bin/ceph: stderr
2026-02-17T20:42:20.846+0000 7fd746b43640 1 -- 10.20.193.95:0/25000390 >> 10.20.193.95:0/25000390 conn(0x7fd74007d600 msgr2=0x7fd74007e1d0 unknown :-1 s=STATE_NONE l=0).mark_down
2026-02-17T20:42:20.977 INFO:teuthology.orchestra.run.trial095.stdout:/usr/bin/ceph: stderr
2026-02-17T20:42:20.846+0000 7fd746b43640 1 -- 10.20.193.95:0/25000390 shutdown_connections
2026-02-17T20:42:20.977 INFO:teuthology.orchestra.run.trial095.stdout:/usr/bin/ceph: stderr
2026-02-17T20:42:20.846+0000 7fd746b43640 1 -- 10.20.193.95:0/25000390 wait complete.
2026-02-17T20:42:21.100 INFO:journalctl@ceph.mgr.x.trial095.stdout:Feb 17 20:42:20 trial095 ceph-0d6f5951-0c41-11f1-81b8-d404e6e7d460-mgr-x[22909]: ignoring --setuser ceph since I am not root
2026-02-17T20:42:21.100 INFO:journalctl@ceph.mgr.x.trial095.stdout:Feb 17 20:42:20 trial095 ceph-0d6f5951-0c41-11f1-81b8-d404e6e7d460-mgr-x[22909]: ignoring --setgroup ceph since I am not root
2026-02-17T20:42:21.396 INFO:teuthology.orchestra.run.trial095.stdout:/usr/bin/ceph: stdout {
2026-02-17T20:42:21.396 INFO:teuthology.orchestra.run.trial095.stdout:/usr/bin/ceph: stdout "epoch": 8,
2026-02-17T20:42:21.397 INFO:teuthology.orchestra.run.trial095.stdout:/usr/bin/ceph: stdout "available": true,
2026-02-17T20:42:21.397 INFO:teuthology.orchestra.run.trial095.stdout:/usr/bin/ceph: stdout "active_name": "x",
2026-02-17T20:42:21.397 INFO:teuthology.orchestra.run.trial095.stdout:/usr/bin/ceph: stdout "num_standby": 0
2026-02-17T20:42:21.397 INFO:teuthology.orchestra.run.trial095.stdout:/usr/bin/ceph: stdout }
2026-02-17T20:42:21.397 INFO:teuthology.orchestra.run.trial095.stdout:/usr/bin/ceph: stderr
2026-02-17T20:42:21.153+0000 7f7d6b090640 1 Processor -- start
2026-02-17T20:42:21.397 INFO:teuthology.orchestra.run.trial095.stdout:/usr/bin/ceph: stderr
2026-02-17T20:42:21.154+0000 7f7d6b090640 1 -- start start
2026-02-17T20:42:21.397 INFO:teuthology.orchestra.run.trial095.stdout:/usr/bin/ceph: stderr
2026-02-17T20:42:21.154+0000 7f7d6b090640 1 --2- >> [v2:10.20.193.95:3300/0,v1:10.20.193.95:6789/0] conn(0x7f7d6410f090 0x7f7d64111480 unknown :-1 s=NONE pgs=0 cs=0 l=0 rev1=0 crypto rx=0 tx=0 comp rx=0 tx=0).connect
2026-02-17T20:42:21.397 INFO:teuthology.orchestra.run.trial095.stdout:/usr/bin/ceph: stderr
2026-02-17T20:42:21.154+0000 7f7d6b090640 1 -- --> [v2:10.20.193.95:3300/0,v1:10.20.193.95:6789/0] -- mon_getmap magic: 0 -- 0x7f7d640826d0 con 0x7f7d6410f090
2026-02-17T20:42:21.397 INFO:teuthology.orchestra.run.trial095.stdout:/usr/bin/ceph: stderr
2026-02-17T20:42:21.154+0000 7f7d6a08e640 1 --2- >> [v2:10.20.193.95:3300/0,v1:10.20.193.95:6789/0] conn(0x7f7d6410f090 0x7f7d64111480 unknown :-1 s=BANNER_CONNECTING pgs=0 cs=0 l=0 rev1=0 crypto rx=0 tx=0 comp rx=0 tx=0)._handle_peer_banner_payload supported=3 required=0
2026-02-17T20:42:21.397 INFO:teuthology.orchestra.run.trial095.stdout:/usr/bin/ceph: stderr
2026-02-17T20:42:21.154+0000 7f7d6a08e640 1 --2- >> [v2:10.20.193.95:3300/0,v1:10.20.193.95:6789/0] conn(0x7f7d6410f090 0x7f7d64111480 unknown :-1 s=HELLO_CONNECTING pgs=0 cs=0 l=0 rev1=1 crypto rx=0 tx=0 comp rx=0 tx=0).handle_hello peer v2:10.20.193.95:3300/0 says I am v2:10.20.193.95:60418/0 (socket says 10.20.193.95:60418)
2026-02-17T20:42:21.397 INFO:teuthology.orchestra.run.trial095.stdout:/usr/bin/ceph: stderr
2026-02-17T20:42:21.154+0000 7f7d6a08e640 1 -- 10.20.193.95:0/4200219376 learned_addr learned my addr 10.20.193.95:0/4200219376 (peer_addr_for_me v2:10.20.193.95:0/0)
2026-02-17T20:42:21.397 INFO:teuthology.orchestra.run.trial095.stdout:/usr/bin/ceph: stderr
2026-02-17T20:42:21.155+0000 7f7d6a08e640 1 -- 10.20.193.95:0/4200219376 --> [v2:10.20.193.95:3300/0,v1:10.20.193.95:6789/0] -- mon_subscribe({config=0+,monmap=0+}) -- 0x7f7d641119c0 con 0x7f7d6410f090
2026-02-17T20:42:21.397 INFO:teuthology.orchestra.run.trial095.stdout:/usr/bin/ceph: stderr
2026-02-17T20:42:21.155+0000 7f7d6a08e640 1 --2- 10.20.193.95:0/4200219376 >> [v2:10.20.193.95:3300/0,v1:10.20.193.95:6789/0] conn(0x7f7d6410f090 0x7f7d64111480 secure :-1 s=READY pgs=57 cs=0 l=1 rev1=1 crypto rx=0x7f7d54009920 tx=0x7f7d5402ef20 comp rx=0 tx=0).ready entity=mon.0 client_cookie=9d5f0c3ea0c0342e server_cookie=0 in_seq=0 out_seq=0
2026-02-17T20:42:21.398 INFO:teuthology.orchestra.run.trial095.stdout:/usr/bin/ceph: stderr
2026-02-17T20:42:21.155+0000 7f7d6908c640 1 -- 10.20.193.95:0/4200219376 <== mon.0 v2:10.20.193.95:3300/0 1 ==== mon_map magic: 0 ==== 205+0+0 (secure 0 0 0) 0x7f7d5403c070 con 0x7f7d6410f090
2026-02-17T20:42:21.398 INFO:teuthology.orchestra.run.trial095.stdout:/usr/bin/ceph: stderr
2026-02-17T20:42:21.155+0000 7f7d6908c640 1 -- 10.20.193.95:0/4200219376 <== mon.0 v2:10.20.193.95:3300/0 2 ==== config(26 keys) ==== 1076+0+0 (secure 0 0 0) 0x7f7d54037440 con 0x7f7d6410f090
2026-02-17T20:42:21.398 INFO:teuthology.orchestra.run.trial095.stdout:/usr/bin/ceph: stderr
2026-02-17T20:42:21.156+0000 7f7d6b090640 1 -- 10.20.193.95:0/4200219376 >> [v2:10.20.193.95:3300/0,v1:10.20.193.95:6789/0] conn(0x7f7d6410f090 msgr2=0x7f7d64111480 secure :-1 s=STATE_CONNECTION_ESTABLISHED l=1).mark_down
2026-02-17T20:42:21.398 INFO:teuthology.orchestra.run.trial095.stdout:/usr/bin/ceph: stderr
2026-02-17T20:42:21.156+0000 7f7d6908c640 1 -- 10.20.193.95:0/4200219376 <== mon.0 v2:10.20.193.95:3300/0 3 ==== mon_map magic: 0 ==== 205+0+0 (secure 0 0 0) 0x7f7d5403c070 con 0x7f7d6410f090
2026-02-17T20:42:21.398 INFO:teuthology.orchestra.run.trial095.stdout:/usr/bin/ceph: stderr
2026-02-17T20:42:21.156+0000 7f7d6b090640 1 --2- 10.20.193.95:0/4200219376 >> [v2:10.20.193.95:3300/0,v1:10.20.193.95:6789/0] conn(0x7f7d6410f090 0x7f7d64111480 secure :-1 s=READY pgs=57 cs=0 l=1 rev1=1 crypto rx=0x7f7d54009920 tx=0x7f7d5402ef20 comp rx=0 tx=0).stop
2026-02-17T20:42:21.398 INFO:teuthology.orchestra.run.trial095.stdout:/usr/bin/ceph: stderr
2026-02-17T20:42:21.156+0000 7f7d6b090640 1 -- 10.20.193.95:0/4200219376 shutdown_connections
2026-02-17T20:42:21.398 INFO:teuthology.orchestra.run.trial095.stdout:/usr/bin/ceph: stderr
2026-02-17T20:42:21.156+0000 7f7d6b090640 1 --2- 10.20.193.95:0/4200219376 >> [v2:10.20.193.95:3300/0,v1:10.20.193.95:6789/0] conn(0x7f7d6410f090 0x7f7d64111480 unknown :-1 s=CLOSED pgs=57 cs=0 l=1 rev1=1 crypto rx=0 tx=0 comp rx=0 tx=0).stop
2026-02-17T20:42:21.398 INFO:teuthology.orchestra.run.trial095.stdout:/usr/bin/ceph: stderr
2026-02-17T20:42:21.156+0000 7f7d6b090640 1 -- 10.20.193.95:0/4200219376 >> 10.20.193.95:0/4200219376 conn(0x7f7d6407d600 msgr2=0x7f7d6407fa60 unknown :-1 s=STATE_NONE l=0).mark_down
2026-02-17T20:42:21.398 INFO:teuthology.orchestra.run.trial095.stdout:/usr/bin/ceph: stderr
2026-02-17T20:42:21.156+0000 7f7d6b090640 1 -- 10.20.193.95:0/4200219376 shutdown_connections
2026-02-17T20:42:21.398 INFO:teuthology.orchestra.run.trial095.stdout:/usr/bin/ceph: stderr
2026-02-17T20:42:21.156+0000 7f7d6b090640 1 -- 10.20.193.95:0/4200219376 wait complete.
2026-02-17T20:42:21.398 INFO:teuthology.orchestra.run.trial095.stdout:/usr/bin/ceph: stderr
2026-02-17T20:42:21.156+0000 7f7d6b090640 1 Processor -- start
2026-02-17T20:42:21.398 INFO:teuthology.orchestra.run.trial095.stdout:/usr/bin/ceph: stderr
2026-02-17T20:42:21.157+0000 7f7d6b090640 1 -- start start
2026-02-17T20:42:21.398 INFO:teuthology.orchestra.run.trial095.stdout:/usr/bin/ceph: stderr
2026-02-17T20:42:21.157+0000 7f7d6b090640 1 --2- >> [v2:10.20.193.95:3300/0,v1:10.20.193.95:6789/0] conn(0x7f7d6410f090 0x7f7d641a44a0 unknown :-1 s=NONE pgs=0 cs=0 l=1 rev1=0 crypto rx=0 tx=0 comp rx=0 tx=0).connect
2026-02-17T20:42:21.398 INFO:teuthology.orchestra.run.trial095.stdout:/usr/bin/ceph: stderr
2026-02-17T20:42:21.157+0000 7f7d6b090640 1 -- --> [v2:10.20.193.95:3300/0,v1:10.20.193.95:6789/0] -- mon_getmap magic: 0 -- 0x7f7d64112920 con 0x7f7d6410f090
2026-02-17T20:42:21.398 INFO:teuthology.orchestra.run.trial095.stdout:/usr/bin/ceph: stderr
2026-02-17T20:42:21.157+0000 7f7d6a08e640 1 --2- >> [v2:10.20.193.95:3300/0,v1:10.20.193.95:6789/0] conn(0x7f7d6410f090 0x7f7d641a44a0 unknown :-1 s=BANNER_CONNECTING pgs=0 cs=0 l=1 rev1=0 crypto rx=0 tx=0 comp rx=0 tx=0)._handle_peer_banner_payload supported=3 required=0
2026-02-17T20:42:21.399 INFO:teuthology.orchestra.run.trial095.stdout:/usr/bin/ceph: stderr
2026-02-17T20:42:21.157+0000 7f7d6a08e640 1 --2- >> [v2:10.20.193.95:3300/0,v1:10.20.193.95:6789/0] conn(0x7f7d6410f090 0x7f7d641a44a0 unknown :-1 s=HELLO_CONNECTING pgs=0 cs=0 l=1 rev1=1 crypto rx=0 tx=0 comp rx=0 tx=0).handle_hello peer v2:10.20.193.95:3300/0 says I am v2:10.20.193.95:60424/0 (socket says 10.20.193.95:60424)
2026-02-17T20:42:21.399 INFO:teuthology.orchestra.run.trial095.stdout:/usr/bin/ceph: stderr
2026-02-17T20:42:21.157+0000 7f7d6a08e640 1 -- 10.20.193.95:0/186880702 learned_addr learned my addr 10.20.193.95:0/186880702 (peer_addr_for_me v2:10.20.193.95:0/0)
2026-02-17T20:42:21.399 INFO:teuthology.orchestra.run.trial095.stdout:/usr/bin/ceph: stderr
2026-02-17T20:42:21.157+0000 7f7d6a08e640 1 -- 10.20.193.95:0/186880702 --> [v2:10.20.193.95:3300/0,v1:10.20.193.95:6789/0] -- mon_subscribe({config=0+,monmap=0+}) -- 0x7f7d641a49e0 con 0x7f7d6410f090
2026-02-17T20:42:21.399 INFO:teuthology.orchestra.run.trial095.stdout:/usr/bin/ceph: stderr
2026-02-17T20:42:21.157+0000 7f7d6a08e640 1 --2- 10.20.193.95:0/186880702 >> [v2:10.20.193.95:3300/0,v1:10.20.193.95:6789/0] conn(0x7f7d6410f090 0x7f7d641a44a0 secure :-1 s=READY pgs=58 cs=0 l=1 rev1=1 crypto rx=0x7f7d54037800 tx=0x7f7d54037830 comp rx=0 tx=0).ready entity=mon.0 client_cookie=0 server_cookie=0 in_seq=0 out_seq=0
2026-02-17T20:42:21.399 INFO:teuthology.orchestra.run.trial095.stdout:/usr/bin/ceph: stderr
2026-02-17T20:42:21.158+0000 7f7d4b7fe640 1 -- 10.20.193.95:0/186880702 <== mon.0 v2:10.20.193.95:3300/0 1 ==== mon_map magic: 0 ==== 205+0+0 (secure 0 0 0) 0x7f7d54047070 con 0x7f7d6410f090
2026-02-17T20:42:21.399 INFO:teuthology.orchestra.run.trial095.stdout:/usr/bin/ceph: stderr
2026-02-17T20:42:21.158+0000 7f7d4b7fe640 1 -- 10.20.193.95:0/186880702 <== mon.0 v2:10.20.193.95:3300/0 2 ==== config(26 keys) ==== 1076+0+0 (secure 0 0 0) 0x7f7d54035d90 con 0x7f7d6410f090
2026-02-17T20:42:21.399 INFO:teuthology.orchestra.run.trial095.stdout:/usr/bin/ceph: stderr
2026-02-17T20:42:21.158+0000 7f7d4b7fe640 1 -- 10.20.193.95:0/186880702 <== mon.0 v2:10.20.193.95:3300/0 3 ==== mon_map magic: 0 ==== 205+0+0 (secure 0 0 0) 0x7f7d5403c070 con 0x7f7d6410f090
2026-02-17T20:42:21.399 INFO:teuthology.orchestra.run.trial095.stdout:/usr/bin/ceph: stderr
2026-02-17T20:42:21.158+0000 7f7d6b090640 1 -- 10.20.193.95:0/186880702 --> [v2:10.20.193.95:3300/0,v1:10.20.193.95:6789/0] -- mon_subscribe({mgrmap=0+}) -- 0x7f7d641a4cd0 con 0x7f7d6410f090
2026-02-17T20:42:21.399 INFO:teuthology.orchestra.run.trial095.stdout:/usr/bin/ceph: stderr
2026-02-17T20:42:21.158+0000 7f7d6b090640 1 -- 10.20.193.95:0/186880702 --> [v2:10.20.193.95:3300/0,v1:10.20.193.95:6789/0] -- mon_subscribe({osdmap=0}) -- 0x7f7d641a7960 con 0x7f7d6410f090
2026-02-17T20:42:21.399 INFO:teuthology.orchestra.run.trial095.stdout:/usr/bin/ceph: stderr
2026-02-17T20:42:21.158+0000 7f7d497fa640 1 -- 10.20.193.95:0/186880702 --> [v2:10.20.193.95:3300/0,v1:10.20.193.95:6789/0] -- mon_command({"prefix": "get_command_descriptions"} v 0) -- 0x7f7d6410f4f0 con 0x7f7d6410f090
2026-02-17T20:42:21.399 INFO:teuthology.orchestra.run.trial095.stdout:/usr/bin/ceph: stderr
2026-02-17T20:42:21.159+0000 7f7d4b7fe640 1 -- 10.20.193.95:0/186880702 <== mon.0 v2:10.20.193.95:3300/0 4 ==== mgrmap(e 8) ==== 50260+0+0 (secure 0 0 0) 0x7f7d540425f0 con 0x7f7d6410f090
2026-02-17T20:42:21.399 INFO:teuthology.orchestra.run.trial095.stdout:/usr/bin/ceph: stderr
2026-02-17T20:42:21.159+0000 7f7d4b7fe640 1 --2- 10.20.193.95:0/186880702 >> [v2:10.20.193.95:6800/1323747594,v1:10.20.193.95:6801/1323747594] conn(0x7f7d4003dc40 0x7f7d40040100 unknown :-1 s=NONE pgs=0 cs=0 l=1 rev1=0 crypto rx=0 tx=0 comp rx=0 tx=0).connect
2026-02-17T20:42:21.399 INFO:teuthology.orchestra.run.trial095.stdout:/usr/bin/ceph: stderr
2026-02-17T20:42:21.159+0000 7f7d4b7fe640 1 -- 10.20.193.95:0/186880702 <== mon.0 v2:10.20.193.95:3300/0 5 ==== osd_map(2..2 src has 1..2) ==== 940+0+0 (secure 0 0 0) 0x7f7d54042e00 con 0x7f7d6410f090
2026-02-17T20:42:21.399 INFO:teuthology.orchestra.run.trial095.stdout:/usr/bin/ceph: stderr
2026-02-17T20:42:21.159+0000 7f7d6988d640 1 -- 10.20.193.95:0/186880702 >> [v2:10.20.193.95:6800/1323747594,v1:10.20.193.95:6801/1323747594] conn(0x7f7d4003dc40 msgr2=0x7f7d40040100 unknown :-1 s=STATE_CONNECTING_RE l=1).process reconnect failed to v2:10.20.193.95:6800/1323747594
2026-02-17T20:42:21.399 INFO:teuthology.orchestra.run.trial095.stdout:/usr/bin/ceph: stderr
2026-02-17T20:42:21.159+0000 7f7d6988d640 1 --2- 10.20.193.95:0/186880702 >> [v2:10.20.193.95:6800/1323747594,v1:10.20.193.95:6801/1323747594] conn(0x7f7d4003dc40 0x7f7d40040100 unknown :-1 s=START_CONNECT pgs=0 cs=0 l=1 rev1=0 crypto rx=0 tx=0 comp rx=0 tx=0)._fault waiting 0.200000
2026-02-17T20:42:21.399 INFO:teuthology.orchestra.run.trial095.stdout:/usr/bin/ceph: stderr
2026-02-17T20:42:21.161+0000 7f7d4b7fe640 1 -- 10.20.193.95:0/186880702 <== mon.0 v2:10.20.193.95:3300/0 6 ==== mon_command_ack([{"prefix": "get_command_descriptions"}]=0 v0) ==== 72+0+195034 (secure 0 0 0) 0x7f7d5404f120 con 0x7f7d6410f090
2026-02-17T20:42:21.400 INFO:teuthology.orchestra.run.trial095.stdout:/usr/bin/ceph: stderr
2026-02-17T20:42:21.280+0000 7f7d497fa640 1 -- 10.20.193.95:0/186880702 --> [v2:10.20.193.95:3300/0,v1:10.20.193.95:6789/0] -- mon_command({"prefix": "mgr stat"} v 0) -- 0x7f7d64063880 con 0x7f7d6410f090
2026-02-17T20:42:21.400 INFO:teuthology.orchestra.run.trial095.stdout:/usr/bin/ceph: stderr
2026-02-17T20:42:21.280+0000 7f7d4b7fe640 1 -- 10.20.193.95:0/186880702 <== mon.0 v2:10.20.193.95:3300/0 7 ==== mon_command_ack([{"prefix": "mgr stat"}]=0 v8) ==== 56+0+88 (secure 0 0 0) 0x7f7d54036de0 con 0x7f7d6410f090
2026-02-17T20:42:21.400 INFO:teuthology.orchestra.run.trial095.stdout:/usr/bin/ceph: stderr
2026-02-17T20:42:21.282+0000 7f7d497fa640 1 -- 10.20.193.95:0/186880702 >> [v2:10.20.193.95:6800/1323747594,v1:10.20.193.95:6801/1323747594] conn(0x7f7d4003dc40 msgr2=0x7f7d40040100 unknown :-1 s=STATE_CONNECTING l=1).mark_down
2026-02-17T20:42:21.400 INFO:teuthology.orchestra.run.trial095.stdout:/usr/bin/ceph: stderr
2026-02-17T20:42:21.282+0000 7f7d497fa640 1 --2- 10.20.193.95:0/186880702 >> [v2:10.20.193.95:6800/1323747594,v1:10.20.193.95:6801/1323747594] conn(0x7f7d4003dc40 0x7f7d40040100 unknown :-1 s=START_CONNECT pgs=0 cs=0 l=1 rev1=0 crypto rx=0 tx=0 comp rx=0 tx=0).stop
2026-02-17T20:42:21.400 INFO:teuthology.orchestra.run.trial095.stdout:/usr/bin/ceph: stderr
2026-02-17T20:42:21.282+0000 7f7d497fa640 1 -- 10.20.193.95:0/186880702 >> [v2:10.20.193.95:3300/0,v1:10.20.193.95:6789/0] conn(0x7f7d6410f090 msgr2=0x7f7d641a44a0 secure :-1 s=STATE_CONNECTION_ESTABLISHED l=1).mark_down
2026-02-17T20:42:21.400 INFO:teuthology.orchestra.run.trial095.stdout:/usr/bin/ceph: stderr
2026-02-17T20:42:21.282+0000 7f7d497fa640 1 --2- 10.20.193.95:0/186880702 >> [v2:10.20.193.95:3300/0,v1:10.20.193.95:6789/0] conn(0x7f7d6410f090 0x7f7d641a44a0 secure :-1 s=READY pgs=58 cs=0 l=1 rev1=1 crypto rx=0x7f7d54037800 tx=0x7f7d54037830 comp rx=0 tx=0).stop
2026-02-17T20:42:21.400 INFO:teuthology.orchestra.run.trial095.stdout:/usr/bin/ceph: stderr
2026-02-17T20:42:21.282+0000 7f7d497fa640 1 -- 10.20.193.95:0/186880702 shutdown_connections
2026-02-17T20:42:21.400 INFO:teuthology.orchestra.run.trial095.stdout:/usr/bin/ceph: stderr
