2026-02-17T20:56:32.062+0000 7f2b93638640 1 --2- 10.20.193.104:0/3130764493 >> [v2:10.20.193.104:3300/0,v1:10.20.193.104:6789/0] conn(0x7f2b8c109880 0x7f2b8c19f7a0 unknown :-1 s=CLOSED pgs=8 cs=0 l=1 rev1=1 crypto rx=0 tx=0 comp rx=0 tx=0).stop
2026-02-17T20:56:32.100 INFO:teuthology.orchestra.run.trial104.stdout:/usr/bin/ceph: stderr
2026-02-17T20:56:32.062+0000 7f2b93638640 1 -- 10.20.193.104:0/3130764493 >> 10.20.193.104:0/3130764493 conn(0x7f2b8c07cf00 msgr2=0x7f2b8c1070c0 unknown :-1 s=STATE_NONE l=0).mark_down
2026-02-17T20:56:32.100 INFO:teuthology.orchestra.run.trial104.stdout:/usr/bin/ceph: stderr
2026-02-17T20:56:32.062+0000 7f2b93638640 1 -- 10.20.193.104:0/3130764493 shutdown_connections
2026-02-17T20:56:32.100 INFO:teuthology.orchestra.run.trial104.stdout:/usr/bin/ceph: stderr
2026-02-17T20:56:32.062+0000 7f2b93638640 1 -- 10.20.193.104:0/3130764493 wait complete.
2026-02-17T20:56:32.100 INFO:teuthology.orchestra.run.trial104.stdout:mgr not available, waiting (2/15)...
2026-02-17T20:56:32.372 INFO:journalctl@ceph.mon.trial104.trial104.stdout:Feb 17 20:56:32 trial104 ceph-mon[20612]: from='client.? 10.20.193.104:0/3130764493' entity='client.admin' cmd=[{"prefix": "status", "format": "json-pretty"}]: dispatch
2026-02-17T20:56:33.403 INFO:journalctl@ceph.mon.trial104.trial104.stdout:Feb 17 20:56:33 trial104 ceph-mon[20612]: Activating manager daemon trial104.irrhmt
2026-02-17T20:56:33.403 INFO:journalctl@ceph.mon.trial104.trial104.stdout:Feb 17 20:56:33 trial104 ceph-mon[20612]: mgrmap e2: trial104.irrhmt(active, starting, since 0.00280176s)
2026-02-17T20:56:33.403 INFO:journalctl@ceph.mon.trial104.trial104.stdout:Feb 17 20:56:33 trial104 ceph-mon[20612]: from='mgr.14100 10.20.193.104:0/1345150294' entity='mgr.trial104.irrhmt' cmd=[{"prefix": "mds metadata"}]: dispatch
2026-02-17T20:56:33.404 INFO:journalctl@ceph.mon.trial104.trial104.stdout:Feb 17 20:56:33 trial104 ceph-mon[20612]: from='mgr.14100 10.20.193.104:0/1345150294' entity='mgr.trial104.irrhmt' cmd=[{"prefix": "osd metadata"}]: dispatch
2026-02-17T20:56:33.404 INFO:journalctl@ceph.mon.trial104.trial104.stdout:Feb 17 20:56:33 trial104 ceph-mon[20612]: from='mgr.14100 10.20.193.104:0/1345150294' entity='mgr.trial104.irrhmt' cmd=[{"prefix": "mon metadata"}]: dispatch
2026-02-17T20:56:33.404 INFO:journalctl@ceph.mon.trial104.trial104.stdout:Feb 17 20:56:33 trial104 ceph-mon[20612]: from='mgr.14100 10.20.193.104:0/1345150294' entity='mgr.trial104.irrhmt' cmd=[{"prefix": "mon metadata", "id": "trial104"}]: dispatch
2026-02-17T20:56:33.404 INFO:journalctl@ceph.mon.trial104.trial104.stdout:Feb 17 20:56:33 trial104 ceph-mon[20612]: from='mgr.14100 10.20.193.104:0/1345150294' entity='mgr.trial104.irrhmt' cmd=[{"prefix": "mgr metadata", "who": "trial104.irrhmt", "id": "trial104.irrhmt"}]: dispatch
2026-02-17T20:56:33.404 INFO:journalctl@ceph.mon.trial104.trial104.stdout:Feb 17 20:56:33 trial104 ceph-mon[20612]: Manager daemon trial104.irrhmt is now available
2026-02-17T20:56:33.404 INFO:journalctl@ceph.mon.trial104.trial104.stdout:Feb 17 20:56:33 trial104 ceph-mon[20612]: from='mgr.14100 10.20.193.104:0/1345150294' entity='mgr.trial104.irrhmt' cmd=[{"prefix":"config rm","who":"mgr","name":"mgr/rbd_support/trial104.irrhmt/mirror_snapshot_schedule"}]: dispatch
2026-02-17T20:56:33.404 INFO:journalctl@ceph.mon.trial104.trial104.stdout:Feb 17 20:56:33 trial104 ceph-mon[20612]: from='mgr.14100 10.20.193.104:0/1345150294' entity='mgr.trial104.irrhmt'
2026-02-17T20:56:33.404 INFO:journalctl@ceph.mon.trial104.trial104.stdout:Feb 17 20:56:33 trial104 ceph-mon[20612]: from='mgr.14100 10.20.193.104:0/1345150294' entity='mgr.trial104.irrhmt' cmd=[{"prefix":"config rm","who":"mgr","name":"mgr/rbd_support/trial104.irrhmt/trash_purge_schedule"}]: dispatch
2026-02-17T20:56:33.404 INFO:journalctl@ceph.mon.trial104.trial104.stdout:Feb 17 20:56:33 trial104 ceph-mon[20612]: from='mgr.14100 10.20.193.104:0/1345150294' entity='mgr.trial104.irrhmt'
2026-02-17T20:56:33.404 INFO:journalctl@ceph.mon.trial104.trial104.stdout:Feb 17 20:56:33 trial104 ceph-mon[20612]: from='mgr.14100 10.20.193.104:0/1345150294' entity='mgr.trial104.irrhmt'
2026-02-17T20:56:34.323 INFO:teuthology.orchestra.run.trial104.stdout:/usr/bin/ceph: stdout
2026-02-17T20:56:34.323 INFO:teuthology.orchestra.run.trial104.stdout:/usr/bin/ceph: stdout {
2026-02-17T20:56:34.323 INFO:teuthology.orchestra.run.trial104.stdout:/usr/bin/ceph: stdout "fsid": "19072504-0c43-11f1-93a3-d404e6e7d460",
2026-02-17T20:56:34.324 INFO:teuthology.orchestra.run.trial104.stdout:/usr/bin/ceph: stdout "health": {
2026-02-17T20:56:34.324 INFO:teuthology.orchestra.run.trial104.stdout:/usr/bin/ceph: stdout "status": "HEALTH_OK",
2026-02-17T20:56:34.324 INFO:teuthology.orchestra.run.trial104.stdout:/usr/bin/ceph: stdout "checks": {},
2026-02-17T20:56:34.324 INFO:teuthology.orchestra.run.trial104.stdout:/usr/bin/ceph: stdout "mutes": []
2026-02-17T20:56:34.324 INFO:teuthology.orchestra.run.trial104.stdout:/usr/bin/ceph: stdout },
2026-02-17T20:56:34.324 INFO:teuthology.orchestra.run.trial104.stdout:/usr/bin/ceph: stdout "election_epoch": 5,
2026-02-17T20:56:34.324 INFO:teuthology.orchestra.run.trial104.stdout:/usr/bin/ceph: stdout "quorum": [
2026-02-17T20:56:34.324 INFO:teuthology.orchestra.run.trial104.stdout:/usr/bin/ceph: stdout 0
2026-02-17T20:56:34.324 INFO:teuthology.orchestra.run.trial104.stdout:/usr/bin/ceph: stdout ],
2026-02-17T20:56:34.324 INFO:teuthology.orchestra.run.trial104.stdout:/usr/bin/ceph: stdout "quorum_names": [
2026-02-17T20:56:34.325 INFO:teuthology.orchestra.run.trial104.stdout:/usr/bin/ceph: stdout "trial104"
2026-02-17T20:56:34.325 INFO:teuthology.orchestra.run.trial104.stdout:/usr/bin/ceph: stdout ],
2026-02-17T20:56:34.325 INFO:teuthology.orchestra.run.trial104.stdout:/usr/bin/ceph: stdout "quorum_age": 5,
2026-02-17T20:56:34.325 INFO:teuthology.orchestra.run.trial104.stdout:/usr/bin/ceph: stdout "monmap": {
2026-02-17T20:56:34.325 INFO:teuthology.orchestra.run.trial104.stdout:/usr/bin/ceph: stdout "epoch": 1,
2026-02-17T20:56:34.325 INFO:teuthology.orchestra.run.trial104.stdout:/usr/bin/ceph: stdout "min_mon_release_name": "squid",
2026-02-17T20:56:34.325 INFO:teuthology.orchestra.run.trial104.stdout:/usr/bin/ceph: stdout "num_mons": 1
2026-02-17T20:56:34.325 INFO:teuthology.orchestra.run.trial104.stdout:/usr/bin/ceph: stdout },
2026-02-17T20:56:34.325 INFO:teuthology.orchestra.run.trial104.stdout:/usr/bin/ceph: stdout "osdmap": {
2026-02-17T20:56:34.325 INFO:teuthology.orchestra.run.trial104.stdout:/usr/bin/ceph: stdout "epoch": 1,
2026-02-17T20:56:34.325 INFO:teuthology.orchestra.run.trial104.stdout:/usr/bin/ceph: stdout "num_osds": 0,
2026-02-17T20:56:34.326 INFO:teuthology.orchestra.run.trial104.stdout:/usr/bin/ceph: stdout "num_up_osds": 0,
2026-02-17T20:56:34.326 INFO:teuthology.orchestra.run.trial104.stdout:/usr/bin/ceph: stdout "osd_up_since": 0,
2026-02-17T20:56:34.326 INFO:teuthology.orchestra.run.trial104.stdout:/usr/bin/ceph: stdout "num_in_osds": 0,
2026-02-17T20:56:34.326 INFO:teuthology.orchestra.run.trial104.stdout:/usr/bin/ceph: stdout "osd_in_since": 0,
2026-02-17T20:56:34.326 INFO:teuthology.orchestra.run.trial104.stdout:/usr/bin/ceph: stdout "num_remapped_pgs": 0
2026-02-17T20:56:34.326 INFO:teuthology.orchestra.run.trial104.stdout:/usr/bin/ceph: stdout },
2026-02-17T20:56:34.326 INFO:teuthology.orchestra.run.trial104.stdout:/usr/bin/ceph: stdout "pgmap": {
2026-02-17T20:56:34.326 INFO:teuthology.orchestra.run.trial104.stdout:/usr/bin/ceph: stdout "pgs_by_state": [],
2026-02-17T20:56:34.326 INFO:teuthology.orchestra.run.trial104.stdout:/usr/bin/ceph: stdout "num_pgs": 0,
2026-02-17T20:56:34.326 INFO:teuthology.orchestra.run.trial104.stdout:/usr/bin/ceph: stdout "num_pools": 0,
2026-02-17T20:56:34.326 INFO:teuthology.orchestra.run.trial104.stdout:/usr/bin/ceph: stdout "num_objects": 0,
2026-02-17T20:56:34.327 INFO:teuthology.orchestra.run.trial104.stdout:/usr/bin/ceph: stdout "data_bytes": 0,
2026-02-17T20:56:34.327 INFO:teuthology.orchestra.run.trial104.stdout:/usr/bin/ceph: stdout "bytes_used": 0,
2026-02-17T20:56:34.327 INFO:teuthology.orchestra.run.trial104.stdout:/usr/bin/ceph: stdout "bytes_avail": 0,
2026-02-17T20:56:34.327 INFO:teuthology.orchestra.run.trial104.stdout:/usr/bin/ceph: stdout "bytes_total": 0
2026-02-17T20:56:34.327 INFO:teuthology.orchestra.run.trial104.stdout:/usr/bin/ceph: stdout },
2026-02-17T20:56:34.327 INFO:teuthology.orchestra.run.trial104.stdout:/usr/bin/ceph: stdout "fsmap": {
2026-02-17T20:56:34.327 INFO:teuthology.orchestra.run.trial104.stdout:/usr/bin/ceph: stdout "epoch": 1,
2026-02-17T20:56:34.327 INFO:teuthology.orchestra.run.trial104.stdout:/usr/bin/ceph: stdout "btime": "2026-02-17T20:56:28:383114+0000",
2026-02-17T20:56:34.327 INFO:teuthology.orchestra.run.trial104.stdout:/usr/bin/ceph: stdout "by_rank": [],
2026-02-17T20:56:34.327 INFO:teuthology.orchestra.run.trial104.stdout:/usr/bin/ceph: stdout "up:standby": 0
2026-02-17T20:56:34.327 INFO:teuthology.orchestra.run.trial104.stdout:/usr/bin/ceph: stdout },
2026-02-17T20:56:34.328 INFO:teuthology.orchestra.run.trial104.stdout:/usr/bin/ceph: stdout "mgrmap": {
2026-02-17T20:56:34.328 INFO:teuthology.orchestra.run.trial104.stdout:/usr/bin/ceph: stdout "available": true,
2026-02-17T20:56:34.328 INFO:teuthology.orchestra.run.trial104.stdout:/usr/bin/ceph: stdout "num_standbys": 0,
2026-02-17T20:56:34.328 INFO:teuthology.orchestra.run.trial104.stdout:/usr/bin/ceph: stdout "modules": [
2026-02-17T20:56:34.328 INFO:teuthology.orchestra.run.trial104.stdout:/usr/bin/ceph: stdout "iostat",
2026-02-17T20:56:34.328 INFO:teuthology.orchestra.run.trial104.stdout:/usr/bin/ceph: stdout "nfs",
2026-02-17T20:56:34.328 INFO:teuthology.orchestra.run.trial104.stdout:/usr/bin/ceph: stdout "restful"
2026-02-17T20:56:34.328 INFO:teuthology.orchestra.run.trial104.stdout:/usr/bin/ceph: stdout ],
2026-02-17T20:56:34.328 INFO:teuthology.orchestra.run.trial104.stdout:/usr/bin/ceph: stdout "services": {}
2026-02-17T20:56:34.328 INFO:teuthology.orchestra.run.trial104.stdout:/usr/bin/ceph: stdout },
2026-02-17T20:56:34.328 INFO:teuthology.orchestra.run.trial104.stdout:/usr/bin/ceph: stdout "servicemap": {
2026-02-17T20:56:34.328 INFO:teuthology.orchestra.run.trial104.stdout:/usr/bin/ceph: stdout "epoch": 1,
2026-02-17T20:56:34.328 INFO:teuthology.orchestra.run.trial104.stdout:/usr/bin/ceph: stdout "modified": "2026-02-17T20:56:28.383547+0000",
2026-02-17T20:56:34.329 INFO:teuthology.orchestra.run.trial104.stdout:/usr/bin/ceph: stdout "services": {}
2026-02-17T20:56:34.329 INFO:teuthology.orchestra.run.trial104.stdout:/usr/bin/ceph: stdout },
2026-02-17T20:56:34.329 INFO:teuthology.orchestra.run.trial104.stdout:/usr/bin/ceph: stdout "progress_events": {}
2026-02-17T20:56:34.329 INFO:teuthology.orchestra.run.trial104.stdout:/usr/bin/ceph: stdout }
2026-02-17T20:56:34.329 INFO:teuthology.orchestra.run.trial104.stdout:/usr/bin/ceph: stderr
2026-02-17T20:56:34.174+0000 7faf02af0640 1 Processor -- start
2026-02-17T20:56:34.329 INFO:teuthology.orchestra.run.trial104.stdout:/usr/bin/ceph: stderr
2026-02-17T20:56:34.174+0000 7faf02af0640 1 -- start start
2026-02-17T20:56:34.329 INFO:teuthology.orchestra.run.trial104.stdout:/usr/bin/ceph: stderr
2026-02-17T20:56:34.174+0000 7faf02af0640 1 --2- >> [v2:10.20.193.104:3300/0,v1:10.20.193.104:6789/0] conn(0x7faefc109880 0x7faefc109c80 unknown :-1 s=NONE pgs=0 cs=0 l=0 rev1=0 crypto rx=0 tx=0 comp rx=0 tx=0).connect
2026-02-17T20:56:34.329 INFO:teuthology.orchestra.run.trial104.stdout:/usr/bin/ceph: stderr
2026-02-17T20:56:34.174+0000 7faf02af0640 1 -- --> [v2:10.20.193.104:3300/0,v1:10.20.193.104:6789/0] -- mon_getmap magic: 0 -- 0x7faefc10a250 con 0x7faefc109880
2026-02-17T20:56:34.329 INFO:teuthology.orchestra.run.trial104.stdout:/usr/bin/ceph: stderr
2026-02-17T20:56:34.174+0000 7faf00865640 1 --2- >> [v2:10.20.193.104:3300/0,v1:10.20.193.104:6789/0] conn(0x7faefc109880 0x7faefc109c80 unknown :-1 s=BANNER_CONNECTING pgs=0 cs=0 l=0 rev1=0 crypto rx=0 tx=0 comp rx=0 tx=0)._handle_peer_banner_payload supported=3 required=0
2026-02-17T20:56:34.329 INFO:teuthology.orchestra.run.trial104.stdout:/usr/bin/ceph: stderr
2026-02-17T20:56:34.174+0000 7faf00865640 1 --2- >> [v2:10.20.193.104:3300/0,v1:10.20.193.104:6789/0] conn(0x7faefc109880 0x7faefc109c80 unknown :-1 s=HELLO_CONNECTING pgs=0 cs=0 l=0 rev1=1 crypto rx=0 tx=0 comp rx=0 tx=0).handle_hello peer v2:10.20.193.104:3300/0 says I am v2:10.20.193.104:33564/0 (socket says 10.20.193.104:33564)
2026-02-17T20:56:34.329 INFO:teuthology.orchestra.run.trial104.stdout:/usr/bin/ceph: stderr
2026-02-17T20:56:34.174+0000 7faf00865640 1 -- 10.20.193.104:0/2179701785 learned_addr learned my addr 10.20.193.104:0/2179701785 (peer_addr_for_me v2:10.20.193.104:0/0)
2026-02-17T20:56:34.329 INFO:teuthology.orchestra.run.trial104.stdout:/usr/bin/ceph: stderr
2026-02-17T20:56:34.174+0000 7faf00865640 1 -- 10.20.193.104:0/2179701785 --> [v2:10.20.193.104:3300/0,v1:10.20.193.104:6789/0] -- mon_subscribe({config=0+,monmap=0+}) -- 0x7faefc10aa80 con 0x7faefc109880
2026-02-17T20:56:34.330 INFO:teuthology.orchestra.run.trial104.stdout:/usr/bin/ceph: stderr
2026-02-17T20:56:34.175+0000 7faf00865640 1 --2- 10.20.193.104:0/2179701785 >> [v2:10.20.193.104:3300/0,v1:10.20.193.104:6789/0] conn(0x7faefc109880 0x7faefc109c80 secure :-1 s=READY pgs=16 cs=0 l=1 rev1=1 crypto rx=0x7faeec009920 tx=0x7faeec02ef20 comp rx=0 tx=0).ready entity=mon.0 client_cookie=ce5556f2d02cdf61 server_cookie=0 in_seq=0 out_seq=0
2026-02-17T20:56:34.330 INFO:teuthology.orchestra.run.trial104.stdout:/usr/bin/ceph: stderr
2026-02-17T20:56:34.175+0000 7faef37fe640 1 -- 10.20.193.104:0/2179701785 <== mon.0 v2:10.20.193.104:3300/0 1 ==== mon_map magic: 0 ==== 226+0+0 (secure 0 0 0) 0x7faeec03c070 con 0x7faefc109880
2026-02-17T20:56:34.330 INFO:teuthology.orchestra.run.trial104.stdout:/usr/bin/ceph: stderr
2026-02-17T20:56:34.175+0000 7faef37fe640 1 -- 10.20.193.104:0/2179701785 <== mon.0 v2:10.20.193.104:3300/0 2 ==== config(25 keys) ==== 1007+0+0 (secure 0 0 0) 0x7faeec02fe00 con 0x7faefc109880
2026-02-17T20:56:34.330 INFO:teuthology.orchestra.run.trial104.stdout:/usr/bin/ceph: stderr
2026-02-17T20:56:34.175+0000 7faef37fe640 1 -- 10.20.193.104:0/2179701785 <== mon.0 v2:10.20.193.104:3300/0 3 ==== mon_map magic: 0 ==== 226+0+0 (secure 0 0 0) 0x7faeec035340 con 0x7faefc109880
2026-02-17T20:56:34.330 INFO:teuthology.orchestra.run.trial104.stdout:/usr/bin/ceph: stderr
2026-02-17T20:56:34.175+0000 7faf02af0640 1 -- 10.20.193.104:0/2179701785 >> [v2:10.20.193.104:3300/0,v1:10.20.193.104:6789/0] conn(0x7faefc109880 msgr2=0x7faefc109c80 secure :-1 s=STATE_CONNECTION_ESTABLISHED l=1).mark_down
2026-02-17T20:56:34.330 INFO:teuthology.orchestra.run.trial104.stdout:/usr/bin/ceph: stderr
2026-02-17T20:56:34.175+0000 7faf02af0640 1 --2- 10.20.193.104:0/2179701785 >> [v2:10.20.193.104:3300/0,v1:10.20.193.104:6789/0] conn(0x7faefc109880 0x7faefc109c80 secure :-1 s=READY pgs=16 cs=0 l=1 rev1=1 crypto rx=0x7faeec009920 tx=0x7faeec02ef20 comp rx=0 tx=0).stop
2026-02-17T20:56:34.330 INFO:teuthology.orchestra.run.trial104.stdout:/usr/bin/ceph: stderr
2026-02-17T20:56:34.175+0000 7faf02af0640 1 -- 10.20.193.104:0/2179701785 shutdown_connections
2026-02-17T20:56:34.330 INFO:teuthology.orchestra.run.trial104.stdout:/usr/bin/ceph: stderr
2026-02-17T20:56:34.175+0000 7faf02af0640 1 --2- 10.20.193.104:0/2179701785 >> [v2:10.20.193.104:3300/0,v1:10.20.193.104:6789/0] conn(0x7faefc109880 0x7faefc109c80 unknown :-1 s=CLOSED pgs=16 cs=0 l=1 rev1=1 crypto rx=0 tx=0 comp rx=0 tx=0).stop
2026-02-17T20:56:34.330 INFO:teuthology.orchestra.run.trial104.stdout:/usr/bin/ceph: stderr
2026-02-17T20:56:34.175+0000 7faf02af0640 1 -- 10.20.193.104:0/2179701785 >> 10.20.193.104:0/2179701785 conn(0x7faefc07cf00 msgr2=0x7faefc07d310 unknown :-1 s=STATE_NONE l=0).mark_down
2026-02-17T20:56:34.330 INFO:teuthology.orchestra.run.trial104.stdout:/usr/bin/ceph: stderr
2026-02-17T20:56:34.175+0000 7faf02af0640 1 -- 10.20.193.104:0/2179701785 shutdown_connections
2026-02-17T20:56:34.330 INFO:teuthology.orchestra.run.trial104.stdout:/usr/bin/ceph: stderr
2026-02-17T20:56:34.175+0000 7faf02af0640 1 -- 10.20.193.104:0/2179701785 wait complete.
2026-02-17T20:56:34.330 INFO:teuthology.orchestra.run.trial104.stdout:/usr/bin/ceph: stderr
2026-02-17T20:56:34.176+0000 7faf02af0640 1 Processor -- start
2026-02-17T20:56:34.330 INFO:teuthology.orchestra.run.trial104.stdout:/usr/bin/ceph: stderr
2026-02-17T20:56:34.176+0000 7faf02af0640 1 -- start start
2026-02-17T20:56:34.331 INFO:teuthology.orchestra.run.trial104.stdout:/usr/bin/ceph: stderr
2026-02-17T20:56:34.176+0000 7faf02af0640 1 --2- >> [v2:10.20.193.104:3300/0,v1:10.20.193.104:6789/0] conn(0x7faefc109880 0x7faefc19f7a0 unknown :-1 s=NONE pgs=0 cs=0 l=1 rev1=0 crypto rx=0 tx=0 comp rx=0 tx=0).connect
2026-02-17T20:56:34.331 INFO:teuthology.orchestra.run.trial104.stdout:/usr/bin/ceph: stderr
2026-02-17T20:56:34.176+0000 7faf02af0640 1 -- --> [v2:10.20.193.104:3300/0,v1:10.20.193.104:6789/0] -- mon_getmap magic: 0 -- 0x7faefc10dcb0 con 0x7faefc109880
2026-02-17T20:56:34.331 INFO:teuthology.orchestra.run.trial104.stdout:/usr/bin/ceph: stderr
2026-02-17T20:56:34.176+0000 7faf00865640 1 --2- >> [v2:10.20.193.104:3300/0,v1:10.20.193.104:6789/0] conn(0x7faefc109880 0x7faefc19f7a0 unknown :-1 s=BANNER_CONNECTING pgs=0 cs=0 l=1 rev1=0 crypto rx=0 tx=0 comp rx=0 tx=0)._handle_peer_banner_payload supported=3 required=0
2026-02-17T20:56:34.331 INFO:teuthology.orchestra.run.trial104.stdout:/usr/bin/ceph: stderr
2026-02-17T20:56:34.176+0000 7faf00865640 1 --2- >> [v2:10.20.193.104:3300/0,v1:10.20.193.104:6789/0] conn(0x7faefc109880 0x7faefc19f7a0 unknown :-1 s=HELLO_CONNECTING pgs=0 cs=0 l=1 rev1=1 crypto rx=0 tx=0 comp rx=0 tx=0).handle_hello peer v2:10.20.193.104:3300/0 says I am v2:10.20.193.104:33580/0 (socket says 10.20.193.104:33580)
2026-02-17T20:56:34.331 INFO:teuthology.orchestra.run.trial104.stdout:/usr/bin/ceph: stderr
2026-02-17T20:56:34.176+0000 7faf00865640 1 -- 10.20.193.104:0/2694612644 learned_addr learned my addr 10.20.193.104:0/2694612644 (peer_addr_for_me v2:10.20.193.104:0/0)
2026-02-17T20:56:34.331 INFO:teuthology.orchestra.run.trial104.stdout:/usr/bin/ceph: stderr
2026-02-17T20:56:34.176+0000 7faf00865640 1 -- 10.20.193.104:0/2694612644 --> [v2:10.20.193.104:3300/0,v1:10.20.193.104:6789/0] -- mon_subscribe({config=0+,monmap=0+}) -- 0x7faefc19fce0 con 0x7faefc109880
2026-02-17T20:56:34.331 INFO:teuthology.orchestra.run.trial104.stdout:/usr/bin/ceph: stderr
2026-02-17T20:56:34.176+0000 7faf00865640 1 --2- 10.20.193.104:0/2694612644 >> [v2:10.20.193.104:3300/0,v1:10.20.193.104:6789/0] conn(0x7faefc109880 0x7faefc19f7a0 secure :-1 s=READY pgs=17 cs=0 l=1 rev1=1 crypto rx=0x7faeec037b20 tx=0x7faeec0358c0 comp rx=0 tx=0).ready entity=mon.0 client_cookie=0 server_cookie=0 in_seq=0 out_seq=0
2026-02-17T20:56:34.331 INFO:teuthology.orchestra.run.trial104.stdout:/usr/bin/ceph: stderr
2026-02-17T20:56:34.176+0000 7faef1ffb640 1 -- 10.20.193.104:0/2694612644 <== mon.0 v2:10.20.193.104:3300/0 1 ==== mon_map magic: 0 ==== 226+0+0 (secure 0 0 0) 0x7faeec035c10 con 0x7faefc109880
2026-02-17T20:56:34.331 INFO:teuthology.orchestra.run.trial104.stdout:/usr/bin/ceph: stderr
2026-02-17T20:56:34.176+0000 7faef1ffb640 1 -- 10.20.193.104:0/2694612644 <== mon.0 v2:10.20.193.104:3300/0 2 ==== config(25 keys) ==== 1007+0+0 (secure 0 0 0) 0x7faeec035db0 con 0x7faefc109880
2026-02-17T20:56:34.331 INFO:teuthology.orchestra.run.trial104.stdout:/usr/bin/ceph: stderr
2026-02-17T20:56:34.176+0000 7faf02af0640 1 -- 10.20.193.104:0/2694612644 --> [v2:10.20.193.104:3300/0,v1:10.20.193.104:6789/0] -- mon_subscribe({mgrmap=0+}) -- 0x7faefc19ff70 con 0x7faefc109880
2026-02-17T20:56:34.331 INFO:teuthology.orchestra.run.trial104.stdout:/usr/bin/ceph: stderr
2026-02-17T20:56:34.176+0000 7faef1ffb640 1 -- 10.20.193.104:0/2694612644 <== mon.0 v2:10.20.193.104:3300/0 3 ==== mon_map magic: 0 ==== 226+0+0 (secure 0 0 0) 0x7faeec0413a0 con 0x7faefc109880
2026-02-17T20:56:34.332 INFO:teuthology.orchestra.run.trial104.stdout:/usr/bin/ceph: stderr
2026-02-17T20:56:34.176+0000 7faf02af0640 1 -- 10.20.193.104:0/2694612644 --> [v2:10.20.193.104:3300/0,v1:10.20.193.104:6789/0] -- mon_subscribe({osdmap=0}) -- 0x7faefc1a2c60 con 0x7faefc109880
2026-02-17T20:56:34.332 INFO:teuthology.orchestra.run.trial104.stdout:/usr/bin/ceph: stderr
2026-02-17T20:56:34.177+0000 7faf02af0640 1 -- 10.20.193.104:0/2694612644 --> [v2:10.20.193.104:3300/0,v1:10.20.193.104:6789/0] -- mon_command({"prefix": "get_command_descriptions"} v 0) -- 0x7faefc109d00 con 0x7faefc109880
2026-02-17T20:56:34.332 INFO:teuthology.orchestra.run.trial104.stdout:/usr/bin/ceph: stderr
2026-02-17T20:56:34.177+0000 7faef1ffb640 1 -- 10.20.193.104:0/2694612644 <== mon.0 v2:10.20.193.104:3300/0 4 ==== mgrmap(e 3) ==== 50144+0+0 (secure 0 0 0) 0x7faeec0423f0 con 0x7faefc109880
2026-02-17T20:56:34.332 INFO:teuthology.orchestra.run.trial104.stdout:/usr/bin/ceph: stderr
2026-02-17T20:56:34.177+0000 7faef1ffb640 1 --2- 10.20.193.104:0/2694612644 >> [v2:10.20.193.104:6800/3247908774,v1:10.20.193.104:6801/3247908774] conn(0x7faed803da80 0x7faed803ff40 unknown :-1 s=NONE pgs=0 cs=0 l=1 rev1=0 crypto rx=0 tx=0 comp rx=0 tx=0).connect
2026-02-17T20:56:34.332 INFO:teuthology.orchestra.run.trial104.stdout:/usr/bin/ceph: stderr
2026-02-17T20:56:34.177+0000 7faef1ffb640 1 -- 10.20.193.104:0/2694612644 <== mon.0 v2:10.20.193.104:3300/0 5 ==== osd_map(1..1 src has 1..1) ==== 725+0+0 (secure 0 0 0) 0x7faeec076120 con 0x7faefc109880
2026-02-17T20:56:34.332 INFO:teuthology.orchestra.run.trial104.stdout:/usr/bin/ceph: stderr
2026-02-17T20:56:34.177+0000 7faef3fff640 1 --2- 10.20.193.104:0/2694612644 >> [v2:10.20.193.104:6800/3247908774,v1:10.20.193.104:6801/3247908774] conn(0x7faed803da80 0x7faed803ff40 unknown :-1 s=BANNER_CONNECTING pgs=0 cs=0 l=1 rev1=0 crypto rx=0 tx=0 comp rx=0 tx=0)._handle_peer_banner_payload supported=3 required=0
2026-02-17T20:56:34.332 INFO:teuthology.orchestra.run.trial104.stdout:/usr/bin/ceph: stderr
2026-02-17T20:56:34.177+0000 7faef3fff640 1 --2- 10.20.193.104:0/2694612644 >> [v2:10.20.193.104:6800/3247908774,v1:10.20.193.104:6801/3247908774] conn(0x7faed803da80 0x7faed803ff40 secure :-1 s=READY pgs=6 cs=0 l=1 rev1=1 crypto rx=0x7faee40099c0 tx=0x7faee4006eb0 comp rx=0 tx=0).ready entity=mgr.14100 client_cookie=0 server_cookie=0 in_seq=0 out_seq=0
2026-02-17T20:56:34.332 INFO:teuthology.orchestra.run.trial104.stdout:/usr/bin/ceph: stderr
2026-02-17T20:56:34.180+0000 7faef1ffb640 1 -- 10.20.193.104:0/2694612644 <== mon.0 v2:10.20.193.104:3300/0 6 ==== mon_command_ack([{"prefix": "get_command_descriptions"}]=0 v0) ==== 72+0+195034 (secure 0 0 0) 0x7faeec042710 con 0x7faefc109880
2026-02-17T20:56:34.332 INFO:teuthology.orchestra.run.trial104.stdout:/usr/bin/ceph: stderr
2026-02-17T20:56:34.292+0000 7faf02af0640 1 -- 10.20.193.104:0/2694612644 --> [v2:10.20.193.104:3300/0,v1:10.20.193.104:6789/0] -- mon_command({"prefix": "status", "format": "json-pretty"} v 0) -- 0x7faefc1a33c0 con 0x7faefc109880
2026-02-17T20:56:34.332 INFO:teuthology.orchestra.run.trial104.stdout:/usr/bin/ceph: stderr
2026-02-17T20:56:34.292+0000 7faef1ffb640 1 -- 10.20.193.104:0/2694612644 <== mon.0 v2:10.20.193.104:3300/0 7 ==== mon_command_ack([{"prefix": "status", "format": "json-pretty"}]=0 v0) ==== 79+0+1297 (secure 0 0 0) 0x7faeec0780c0 con 0x7faefc109880
2026-02-17T20:56:34.332 INFO:teuthology.orchestra.run.trial104.stdout:/usr/bin/ceph: stderr
2026-02-17T20:56:34.293+0000 7faf02af0640 1 -- 10.20.193.104:0/2694612644 >> [v2:10.20.193.104:6800/3247908774,v1:10.20.193.104:6801/3247908774] conn(0x7faed803da80 msgr2=0x7faed803ff40 secure :-1 s=STATE_CONNECTION_ESTABLISHED l=1).mark_down
2026-02-17T20:56:34.332 INFO:teuthology.orchestra.run.trial104.stdout:/usr/bin/ceph: stderr
2026-02-17T20:56:34.293+0000 7faf02af0640 1 --2- 10.20.193.104:0/2694612644 >> [v2:10.20.193.104:6800/3247908774,v1:10.20.193.104:6801/3247908774] conn(0x7faed803da80 0x7faed803ff40 secure :-1 s=READY pgs=6 cs=0 l=1 rev1=1 crypto rx=0x7faee40099c0 tx=0x7faee4006eb0 comp rx=0 tx=0).stop
2026-02-17T20:56:34.333 INFO:teuthology.orchestra.run.trial104.stdout:/usr/bin/ceph: stderr
2026-02-17T20:56:34.293+0000 7faf02af0640 1 -- 10.20.193.104:0/2694612644 >> [v2:10.20.193.104:3300/0,v1:10.20.193.104:6789/0] conn(0x7faefc109880 msgr2=0x7faefc19f7a0 secure :-1 s=STATE_CONNECTION_ESTABLISHED l=1).mark_down
2026-02-17T20:56:34.333 INFO:teuthology.orchestra.run.trial104.stdout:/usr/bin/ceph: stderr
2026-02-17T20:56:34.293+0000 7faf02af0640 1 --2- 10.20.193.104:0/2694612644 >> [v2:10.20.193.104:3300/0,v1:10.20.193.104:6789/0] conn(0x7faefc109880 0x7faefc19f7a0 secure :-1 s=READY pgs=17 cs=0 l=1 rev1=1 crypto rx=0x7faeec037b20 tx=0x7faeec0358c0 comp rx=0 tx=0).stop
2026-02-17T20:56:34.333 INFO:teuthology.orchestra.run.trial104.stdout:/usr/bin/ceph: stderr
2026-02-17T20:56:34.293+0000 7faf02af0640 1 -- 10.20.193.104:0/2694612644 shutdown_connections
2026-02-17T20:56:34.333 INFO:teuthology.orchestra.run.trial104.stdout:/usr/bin/ceph: stderr
2026-02-17T20:56:34.293+0000 7faf02af0640 1 --2- 10.20.193.104:0/2694612644 >> [v2:10.20.193.104:6800/3247908774,v1:10.20.193.104:6801/3247908774] conn(0x7faed803da80 0x7faed803ff40 unknown :-1 s=CLOSED pgs=6 cs=0 l=1 rev1=1 crypto rx=0 tx=0 comp rx=0 tx=0).stop
2026-02-17T20:56:34.333 INFO:teuthology.orchestra.run.trial104.stdout:/usr/bin/ceph: stderr
2026-02-17T20:56:34.293+0000 7faf02af0640 1 --2- 10.20.193.104:0/2694612644 >> [v2:10.20.193.104:3300/0,v1:10.20.193.104:6789/0] conn(0x7faefc109880 0x7faefc19f7a0 unknown :-1 s=CLOSED pgs=17 cs=0 l=1 rev1=1 crypto rx=0 tx=0 comp rx=0 tx=0).stop
2026-02-17T20:56:34.333 INFO:teuthology.orchestra.run.trial104.stdout:/usr/bin/ceph: stderr
2026-02-17T20:56:34.293+0000 7faf02af0640 1 -- 10.20.193.104:0/2694612644 >> 10.20.193.104:0/2694612644 conn(0x7faefc07cf00 msgr2=0x7faefc1070c0 unknown :-1 s=STATE_NONE l=0).mark_down
2026-02-17T20:56:34.333 INFO:teuthology.orchestra.run.trial104.stdout:/usr/bin/ceph: stderr
2026-02-17T20:56:34.293+0000 7faf02af0640 1 -- 10.20.193.104:0/2694612644 shutdown_connections
2026-02-17T20:56:34.333 INFO:teuthology.orchestra.run.trial104.stdout:/usr/bin/ceph: stderr
2026-02-17T20:56:34.293+0000 7faf02af0640 1 -- 10.20.193.104:0/2694612644 wait complete.
2026-02-17T20:56:34.333 INFO:teuthology.orchestra.run.trial104.stdout:mgr is available
2026-02-17T20:56:34.519 INFO:teuthology.orchestra.run.trial104.stdout:/usr/bin/ceph: stdout
2026-02-17T20:56:34.519 INFO:teuthology.orchestra.run.trial104.stdout:/usr/bin/ceph: stdout [global]
2026-02-17T20:56:34.519 INFO:teuthology.orchestra.run.trial104.stdout:/usr/bin/ceph: stdout fsid = 19072504-0c43-11f1-93a3-d404e6e7d460
2026-02-17T20:56:34.519 INFO:teuthology.orchestra.run.trial104.stdout:/usr/bin/ceph: stdout mon_cluster_log_file_level = debug
2026-02-17T20:56:34.519 INFO:teuthology.orchestra.run.trial104.stdout:/usr/bin/ceph: stdout mon_host = [v2:10.20.193.104:3300,v1:10.20.193.104:6789]
2026-02-17T20:56:34.520 INFO:teuthology.orchestra.run.trial104.stdout:/usr/bin/ceph: stdout mon_osd_allow_pg_remap = true
2026-02-17T20:56:34.521 INFO:teuthology.orchestra.run.trial104.stdout:/usr/bin/ceph: stdout mon_osd_allow_primary_affinity = true
2026-02-17T20:56:34.521 INFO:teuthology.orchestra.run.trial104.stdout:/usr/bin/ceph: stdout mon_warn_on_no_sortbitwise = false
2026-02-17T20:56:34.521 INFO:teuthology.orchestra.run.trial104.stdout:/usr/bin/ceph: stdout osd_crush_chooseleaf_type = 0
2026-02-17T20:56:34.521 INFO:teuthology.orchestra.run.trial104.stdout:/usr/bin/ceph: stdout
2026-02-17T20:56:34.521 INFO:teuthology.orchestra.run.trial104.stdout:/usr/bin/ceph: stdout [mgr]
2026-02-17T20:56:34.521 INFO:teuthology.orchestra.run.trial104.stdout:/usr/bin/ceph: stdout mgr/telemetry/nag = false
2026-02-17T20:56:34.521 INFO:teuthology.orchestra.run.trial104.stdout:/usr/bin/ceph: stdout
2026-02-17T20:56:34.521 INFO:teuthology.orchestra.run.trial104.stdout:/usr/bin/ceph: stdout [osd]
2026-02-17T20:56:34.521 INFO:teuthology.orchestra.run.trial104.stdout:/usr/bin/ceph: stdout osd_map_max_advance = 10
2026-02-17T20:56:34.522 INFO:teuthology.orchestra.run.trial104.stdout:/usr/bin/ceph: stdout osd_sloppy_crc = true
2026-02-17T20:56:34.522 INFO:teuthology.orchestra.run.trial104.stdout:/usr/bin/ceph: stderr
2026-02-17T20:56:34.408+0000 7f07c5b86640 1 Processor -- start
2026-02-17T20:56:34.522 INFO:teuthology.orchestra.run.trial104.stdout:/usr/bin/ceph: stderr
2026-02-17T20:56:34.408+0000 7f07c5b86640 1 -- start start
2026-02-17T20:56:34.522 INFO:teuthology.orchestra.run.trial104.stdout:/usr/bin/ceph: stderr
2026-02-17T20:56:34.408+0000 7f07c5b86640 1 --2- >> [v2:10.20.193.104:3300/0,v1:10.20.193.104:6789/0] conn(0x7f07c0105e50 0x7f07c0108260 unknown :-1 s=NONE pgs=0 cs=0 l=0 rev1=0 crypto rx=0 tx=0 comp rx=0 tx=0).connect
2026-02-17T20:56:34.522 INFO:teuthology.orchestra.run.trial104.stdout:/usr/bin/ceph: stderr
2026-02-17T20:56:34.408+0000 7f07c5b86640 1 -- --> [v2:10.20.193.104:3300/0,v1:10.20.193.104:6789/0] -- mon_getmap magic: 0 -- 0x7f07c007b760 con 0x7f07c0105e50
2026-02-17T20:56:34.522 INFO:teuthology.orchestra.run.trial104.stdout:/usr/bin/ceph: stderr
2026-02-17T20:56:34.409+0000 7f07bf7fe640 1 --2- >> [v2:10.20.193.104:3300/0,v1:10.20.193.104:6789/0] conn(0x7f07c0105e50 0x7f07c0108260 unknown :-1 s=BANNER_CONNECTING pgs=0 cs=0 l=0 rev1=0 crypto rx=0 tx=0 comp rx=0 tx=0)._handle_peer_banner_payload supported=3 required=0
2026-02-17T20:56:34.522 INFO:teuthology.orchestra.run.trial104.stdout:/usr/bin/ceph: stderr
2026-02-17T20:56:34.409+0000 7f07bf7fe640 1 --2- >> [v2:10.20.193.104:3300/0,v1:10.20.193.104:6789/0] conn(0x7f07c0105e50 0x7f07c0108260 unknown :-1 s=HELLO_CONNECTING pgs=0 cs=0 l=0 rev1=1 crypto rx=0 tx=0 comp rx=0 tx=0).handle_hello peer v2:10.20.193.104:3300/0 says I am v2:10.20.193.104:33594/0 (socket says 10.20.193.104:33594)
2026-02-17T20:56:34.522 INFO:teuthology.orchestra.run.trial104.stdout:/usr/bin/ceph: stderr
2026-02-17T20:56:34.409+0000 7f07bf7fe640 1 -- 10.20.193.104:0/1890623384 learned_addr learned my addr 10.20.193.104:0/1890623384 (peer_addr_for_me v2:10.20.193.104:0/0)
2026-02-17T20:56:34.522 INFO:teuthology.orchestra.run.trial104.stdout:/usr/bin/ceph: stderr
2026-02-17T20:56:34.409+0000 7f07bf7fe640 1 -- 10.20.193.104:0/1890623384 --> [v2:10.20.193.104:3300/0,v1:10.20.193.104:6789/0] -- mon_subscribe({config=0+,monmap=0+}) -- 0x7f07c01087a0 con 0x7f07c0105e50
2026-02-17T20:56:34.522 INFO:teuthology.orchestra.run.trial104.stdout:/usr/bin/ceph: stderr
2026-02-17T20:56:34.409+0000 7f07bf7fe640 1 --2- 10.20.193.104:0/1890623384 >> [v2:10.20.193.104:3300/0,v1:10.20.193.104:6789/0] conn(0x7f07c0105e50 0x7f07c0108260 secure :-1 s=READY pgs=18 cs=0 l=1 rev1=1 crypto rx=0x7f07ac009920 tx=0x7f07ac02ef20 comp rx=0 tx=0).ready entity=mon.0 client_cookie=65092dd9671efb9b server_cookie=0 in_seq=0 out_seq=0
2026-02-17T20:56:34.522 INFO:teuthology.orchestra.run.trial104.stdout:/usr/bin/ceph: stderr
2026-02-17T20:56:34.409+0000 7f07be7fc640 1 -- 10.20.193.104:0/1890623384 <== mon.0 v2:10.20.193.104:3300/0 1 ==== mon_map magic: 0 ==== 226+0+0 (secure 0 0 0) 0x7f07ac03c070 con 0x7f07c0105e50
2026-02-17T20:56:34.528 INFO:teuthology.orchestra.run.trial104.stdout:/usr/bin/ceph: stderr
2026-02-17T20:56:34.409+0000 7f07be7fc640 1 -- 10.20.193.104:0/1890623384 <== mon.0 v2:10.20.193.104:3300/0 2 ==== config(25 keys) ==== 1007+0+0 (secure 0 0 0) 0x7f07ac02fe00 con 0x7f07c0105e50
2026-02-17T20:56:34.528 INFO:teuthology.orchestra.run.trial104.stdout:/usr/bin/ceph: stderr
2026-02-17T20:56:34.409+0000 7f07be7fc640 1 -- 10.20.193.104:0/1890623384 <== mon.0 v2:10.20.193.104:3300/0 3 ==== mon_map magic: 0 ==== 226+0+0 (secure 0 0 0) 0x7f07ac035340 con 0x7f07c0105e50
2026-02-17T20:56:34.528 INFO:teuthology.orchestra.run.trial104.stdout:/usr/bin/ceph: stderr
2026-02-17T20:56:34.410+0000 7f07c5b86640 1 -- 10.20.193.104:0/1890623384 >> [v2:10.20.193.104:3300/0,v1:10.20.193.104:6789/0] conn(0x7f07c0105e50 msgr2=0x7f07c0108260 secure :-1 s=STATE_CONNECTION_ESTABLISHED l=1).mark_down
2026-02-17T20:56:34.528 INFO:teuthology.orchestra.run.trial104.stdout:/usr/bin/ceph: stderr
2026-02-17T20:56:34.410+0000 7f07c5b86640 1 --2- 10.20.193.104:0/1890623384 >> [v2:10.20.193.104:3300/0,v1:10.20.193.104:6789/0] conn(0x7f07c0105e50 0x7f07c0108260 secure :-1 s=READY pgs=18 cs=0 l=1 rev1=1 crypto rx=0x7f07ac009920 tx=0x7f07ac02ef20 comp rx=0 tx=0).stop
2026-02-17T20:56:34.528 INFO:teuthology.orchestra.run.trial104.stdout:/usr/bin/ceph: stderr
2026-02-17T20:56:34.410+0000 7f07c5b86640 1 -- 10.20.193.104:0/1890623384 shutdown_connections
2026-02-17T20:56:34.528 INFO:teuthology.orchestra.run.trial104.stdout:/usr/bin/ceph: stderr
2026-02-17T20:56:34.410+0000 7f07c5b86640 1 --2- 10.20.193.104:0/1890623384 >> [v2:10.20.193.104:3300/0,v1:10.20.193.104:6789/0] conn(0x7f07c0105e50 0x7f07c0108260 unknown :-1 s=CLOSED pgs=18 cs=0 l=1 rev1=1 crypto rx=0 tx=0 comp rx=0 tx=0).stop
2026-02-17T20:56:34.528 INFO:teuthology.orchestra.run.trial104.stdout:/usr/bin/ceph: stderr
2026-02-17T20:56:34.410+0000 7f07c5b86640 1 -- 10.20.193.104:0/1890623384 >> 10.20.193.104:0/1890623384 conn(0x7f07c0101ce0 msgr2=0x7f07c0104100 unknown :-1 s=STATE_NONE l=0).mark_down
2026-02-17T20:56:34.528 INFO:teuthology.orchestra.run.trial104.stdout:/usr/bin/ceph: stderr
2026-02-17T20:56:34.410+0000 7f07c5b86640 1 -- 10.20.193.104:0/1890623384 shutdown_connections
2026-02-17T20:56:34.529 INFO:teuthology.orchestra.run.trial104.stdout:/usr/bin/ceph: stderr
2026-02-17T20:56:34.410+0000 7f07c5b86640 1 -- 10.20.193.104:0/1890623384 wait complete.
2026-02-17T20:56:34.529 INFO:teuthology.orchestra.run.trial104.stdout:/usr/bin/ceph: stderr
2026-02-17T20:56:34.410+0000 7f07c5b86640 1 Processor -- start
2026-02-17T20:56:34.529 INFO:teuthology.orchestra.run.trial104.stdout:/usr/bin/ceph: stderr
2026-02-17T20:56:34.410+0000 7f07c5b86640 1 -- start start
2026-02-17T20:56:34.529 INFO:teuthology.orchestra.run.trial104.stdout:/usr/bin/ceph: stderr
2026-02-17T20:56:34.410+0000 7f07c5b86640 1 --2- >> [v2:10.20.193.104:3300/0,v1:10.20.193.104:6789/0] conn(0x7f07c0105e50 0x7f07c01a3c40 unknown :-1 s=NONE pgs=0 cs=0 l=1 rev1=0 crypto rx=0 tx=0 comp rx=0 tx=0).connect
2026-02-17T20:56:34.529 INFO:teuthology.orchestra.run.trial104.stdout:/usr/bin/ceph: stderr
2026-02-17T20:56:34.410+0000 7f07c5b86640 1 -- --> [v2:10.20.193.104:3300/0,v1:10.20.193.104:6789/0] -- mon_getmap magic: 0 -- 0x7f07c01096e0 con 0x7f07c0105e50
2026-02-17T20:56:34.529 INFO:teuthology.orchestra.run.trial104.stdout:/usr/bin/ceph: stderr
2026-02-17T20:56:34.410+0000 7f07bf7fe640 1 --2- >> [v2:10.20.193.104:3300/0,v1:10.20.193.104:6789/0] conn(0x7f07c0105e50 0x7f07c01a3c40 unknown :-1 s=BANNER_CONNECTING pgs=0 cs=0 l=1 rev1=0 crypto rx=0 tx=0 comp rx=0 tx=0)._handle_peer_banner_payload supported=3 required=0
2026-02-17T20:56:34.529 INFO:teuthology.orchestra.run.trial104.stdout:/usr/bin/ceph: stderr
2026-02-17T20:56:34.410+0000 7f07bf7fe640 1 --2- >> [v2:10.20.193.104:3300/0,v1:10.20.193.104:6789/0] conn(0x7f07c0105e50 0x7f07c01a3c40 unknown :-1 s=HELLO_CONNECTING pgs=0 cs=0 l=1 rev1=1 crypto rx=0 tx=0 comp rx=0 tx=0).handle_hello peer v2:10.20.193.104:3300/0 says I am v2:10.20.193.104:33602/0 (socket says 10.20.193.104:33602)
2026-02-17T20:56:34.529 INFO:teuthology.orchestra.run.trial104.stdout:/usr/bin/ceph: stderr
2026-02-17T20:56:34.410+0000 7f07bf7fe640 1 -- 10.20.193.104:0/2327707671 learned_addr learned my addr 10.20.193.104:0/2327707671 (peer_addr_for_me v2:10.20.193.104:0/0)
2026-02-17T20:56:34.529 INFO:teuthology.orchestra.run.trial104.stdout:/usr/bin/ceph: stderr
2026-02-17T20:56:34.410+0000 7f07bf7fe640 1 -- 10.20.193.104:0/2327707671 --> [v2:10.20.193.104:3300/0,v1:10.20.193.104:6789/0] -- mon_subscribe({config=0+,monmap=0+}) -- 0x7f07c01a4180 con 0x7f07c0105e50
2026-02-17T20:56:34.529 INFO:teuthology.orchestra.run.trial104.stdout:/usr/bin/ceph: stderr
2026-02-17T20:56:34.410+0000 7f07bf7fe640 1 --2- 10.20.193.104:0/2327707671 >> [v2:10.20.193.104:3300/0,v1:10.20.193.104:6789/0] conn(0x7f07c0105e50 0x7f07c01a3c40 secure :-1 s=READY pgs=19 cs=0 l=1 rev1=1 crypto rx=0x7f07ac037b20 tx=0x7f07ac0358c0 comp rx=0 tx=0).ready entity=mon.0 client_cookie=0 server_cookie=0 in_seq=0 out_seq=0
2026-02-17T20:56:34.529 INFO:teuthology.orchestra.run.trial104.stdout:/usr/bin/ceph: stderr
2026-02-17T20:56:34.411+0000 7f07bcff9640 1 -- 10.20.193.104:0/2327707671 <== mon.0 v2:10.20.193.104:3300/0 1 ==== mon_map magic: 0 ==== 226+0+0 (secure 0 0 0) 0x7f07ac0378f0 con 0x7f07c0105e50
2026-02-17T20:56:34.530 INFO:teuthology.orchestra.run.trial104.stdout:/usr/bin/ceph: stderr
2026-02-17T20:56:34.411+0000 7f07bcff9640 1 -- 10.20.193.104:0/2327707671 <== mon.0 v2:10.20.193.104:3300/0 2 ==== config(25 keys) ==== 1007+0+0 (secure 0 0 0) 0x7f07ac035c90 con 0x7f07c0105e50
2026-02-17T20:56:34.530 INFO:teuthology.orchestra.run.trial104.stdout:/usr/bin/ceph: stderr
2026-02-17T20:56:34.411+0000 7f07c5b86640 1 -- 10.20.193.104:0/2327707671 --> [v2:10.20.193.104:3300/0,v1:10.20.193.104:6789/0] -- mon_subscribe({mgrmap=0+}) -- 0x7f07c01a4410 con 0x7f07c0105e50
2026-02-17T20:56:34.530 INFO:teuthology.orchestra.run.trial104.stdout:/usr/bin/ceph: stderr
2026-02-17T20:56:34.411+0000 7f07bcff9640 1 -- 10.20.193.104:0/2327707671 <== mon.0 v2:10.20.193.104:3300/0 3 ==== mon_map magic: 0 ==== 226+0+0 (secure 0 0 0) 0x7f07ac041550 con 0x7f07c0105e50
2026-02-17T20:56:34.530 INFO:teuthology.orchestra.run.trial104.stdout:/usr/bin/ceph: stderr
2026-02-17T20:56:34.411+0000 7f07c5b86640 1 -- 10.20.193.104:0/2327707671 --> [v2:10.20.193.104:3300/0,v1:10.20.193.104:6789/0] -- mon_subscribe({osdmap=0}) -- 0x7f07c01a7100 con 0x7f07c0105e50
2026-02-17T20:56:34.530 INFO:teuthology.orchestra.run.trial104.stdout:/usr/bin/ceph: stderr
2026-02-17T20:56:34.411+0000 7f07c5b86640 1 -- 10.20.193.104:0/2327707671 --> [v2:10.20.193.104:3300/0,v1:10.20.193.104:6789/0] -- mon_command({"prefix": "get_command_descriptions"} v 0) -- 0x7f07c0106250 con 0x7f07c0105e50
2026-02-17T20:56:34.530 INFO:teuthology.orchestra.run.trial104.stdout:/usr/bin/ceph: stderr
2026-02-17T20:56:34.411+0000 7f07bcff9640 1 -- 10.20.193.104:0/2327707671 <== mon.0 v2:10.20.193.104:3300/0 4 ==== mgrmap(e 4) ==== 50250+0+0 (secure 0 0 0) 0x7f07ac0428d0 con 0x7f07c0105e50
2026-02-17T20:56:34.530 INFO:teuthology.orchestra.run.trial104.stdout:/usr/bin/ceph: stderr
2026-02-17T20:56:34.411+0000 7f07bcff9640 1 --2- 10.20.193.104:0/2327707671 >> [v2:10.20.193.104:6800/3247908774,v1:10.20.193.104:6801/3247908774] conn(0x7f079403db50 0x7f0794040010 unknown :-1 s=NONE pgs=0 cs=0 l=1 rev1=0 crypto rx=0 tx=0 comp rx=0 tx=0).connect
2026-02-17T20:56:34.530 INFO:teuthology.orchestra.run.trial104.stdout:/usr/bin/ceph: stderr
2026-02-17T20:56:34.411+0000 7f07bcff9640 1 -- 10.20.193.104:0/2327707671 <== mon.0 v2:10.20.193.104:3300/0 5 ==== osd_map(1..1 src has 1..1) ==== 725+0+0 (secure 0 0 0) 0x7f07ac076330 con 0x7f07c0105e50
2026-02-17T20:56:34.530 INFO:teuthology.orchestra.run.trial104.stdout:/usr/bin/ceph: stderr
2026-02-17T20:56:34.411+0000 7f07beffd640 1 --2- 10.20.193.104:0/2327707671 >> [v2:10.20.193.104:6800/3247908774,v1:10.20.193.104:6801/3247908774] conn(0x7f079403db50 0x7f0794040010 unknown :-1 s=BANNER_CONNECTING pgs=0 cs=0 l=1 rev1=0 crypto rx=0 tx=0 comp rx=0 tx=0)._handle_peer_banner_payload supported=3 required=0
2026-02-17T20:56:34.530 INFO:teuthology.orchestra.run.trial104.stdout:/usr/bin/ceph: stderr
2026-02-17T20:56:34.412+0000 7f07beffd640 1 --2- 10.20.193.104:0/2327707671 >> [v2:10.20.193.104:6800/3247908774,v1:10.20.193.104:6801/3247908774] conn(0x7f079403db50 0x7f0794040010 secure :-1 s=READY pgs=7 cs=0 l=1 rev1=1 crypto rx=0x7f07b00099c0 tx=0x7f07b0006eb0 comp rx=0 tx=0).ready entity=mgr.14100 client_cookie=0 server_cookie=0 in_seq=0 out_seq=0
2026-02-17T20:56:34.530 INFO:teuthology.orchestra.run.trial104.stdout:/usr/bin/ceph: stderr
2026-02-17T20:56:34.414+0000 7f07bcff9640 1 -- 10.20.193.104:0/2327707671 <== mon.0 v2:10.20.193.104:3300/0 6 ==== mon_command_ack([{"prefix": "get_command_descriptions"}]=0 v0) ==== 72+0+195034 (secure 0 0 0) 0x7f07ac03e200 con 0x7f07c0105e50
2026-02-17T20:56:34.531 INFO:teuthology.orchestra.run.trial104.stdout:/usr/bin/ceph: stderr
2026-02-17T20:56:34.496+0000 7f07c5b86640 1 -- 10.20.193.104:0/2327707671 --> [v2:10.20.193.104:3300/0,v1:10.20.193.104:6789/0] -- mon_command({"prefix": "config assimilate-conf"} v 0) -- 0x7f07c019d360 con 0x7f07c0105e50
2026-02-17T20:56:34.531 INFO:teuthology.orchestra.run.trial104.stdout:/usr/bin/ceph: stderr
2026-02-17T20:56:34.497+0000 7f07bcff9640 1 -- 10.20.193.104:0/2327707671 <== mon.0 v2:10.20.193.104:3300/0 7 ==== mon_command_ack([{"prefix": "config assimilate-conf"}]=0 v3) ==== 70+0+376 (secure 0 0 0) 0x7f07ac076090 con 0x7f07c0105e50
2026-02-17T20:56:34.531 INFO:teuthology.orchestra.run.trial104.stdout:/usr/bin/ceph: stderr
2026-02-17T20:56:34.497+0000 7f07c5b86640 1 -- 10.20.193.104:0/2327707671 >> [v2:10.20.193.104:6800/3247908774,v1:10.20.193.104:6801/3247908774] conn(0x7f079403db50 msgr2=0x7f0794040010 secure :-1 s=STATE_CONNECTION_ESTABLISHED l=1).mark_down
2026-02-17T20:56:34.531 INFO:teuthology.orchestra.run.trial104.stdout:/usr/bin/ceph: stderr
2026-02-17T20:56:34.497+0000 7f07c5b86640 1 --2- 10.20.193.104:0/2327707671 >> [v2:10.20.193.104:6800/3247908774,v1:10.20.193.104:6801/3247908774] conn(0x7f079403db50 0x7f0794040010 secure :-1 s=READY pgs=7 cs=0 l=1 rev1=1 crypto rx=0x7f07b00099c0 tx=0x7f07b0006eb0 comp rx=0 tx=0).stop
2026-02-17T20:56:34.531 INFO:teuthology.orchestra.run.trial104.stdout:/usr/bin/ceph: stderr
2026-02-17T20:56:34.497+0000 7f07c5b86640 1 -- 10.20.193.104:0/2327707671 >> [v2:10.20.193.104:3300/0,v1:10.20.193.104:6789/0] conn(0x7f07c0105e50 msgr2=0x7f07c01a3c40 secure :-1 s=STATE_CONNECTION_ESTABLISHED l=1).mark_down
2026-02-17T20:56:34.531 INFO:teuthology.orchestra.run.trial104.stdout:/usr/bin/ceph: stderr
2026-02-17T20:56:34.497+0000 7f07c5b86640 1 --2- 10.20.193.104:0/2327707671 >> [v2:10.20.193.104:3300/0,v1:10.20.193.104:6789/0] conn(0x7f07c0105e50 0x7f07c01a3c40 secure :-1 s=READY pgs=19 cs=0 l=1 rev1=1 crypto rx=0x7f07ac037b20 tx=0x7f07ac0358c0 comp rx=0 tx=0).stop
2026-02-17T20:56:34.531 INFO:teuthology.orchestra.run.trial104.stdout:/usr/bin/ceph: stderr
2026-02-17T20:56:34.497+0000 7f07c5b86640 1 -- 10.20.193.104:0/2327707671 shutdown_connections
2026-02-17T20:56:34.531 INFO:teuthology.orchestra.run.trial104.stdout:/usr/bin/ceph: stderr
2026-02-17T20:56:34.497+0000 7f07c5b86640 1 --2- 10.20.193.104:0/2327707671 >> [v2:10.20.193.104:6800/3247908774,v1:10.20.193.104:6801/3247908774] conn(0x7f079403db50 0x7f0794040010 unknown :-1 s=CLOSED pgs=7 cs=0 l=1 rev1=1 crypto rx=0 tx=0 comp rx=0 tx=0).stop
2026-02-17T20:56:34.531 INFO:teuthology.orchestra.run.trial104.stdout:/usr/bin/ceph: stderr
2026-02-17T20:56:34.497+0000 7f07c5b86640 1 --2- 10.20.193.104:0/2327707671 >> [v2:10.20.193.104:3300/0,v1:10.20.193.104:6789/0] conn(0x7f07c0105e50 0x7f07c01a3c40 unknown :-1 s=CLOSED pgs=19 cs=0 l=1 rev1=1 crypto rx=0 tx=0 comp rx=0 tx=0).stop
2026-02-17T20:56:34.531 INFO:teuthology.orchestra.run.trial104.stdout:/usr/bin/ceph: stderr
2026-02-17T20:56:34.497+0000 7f07c5b86640 1 -- 10.20.193.104:0/2327707671 >> 10.20.193.104:0/2327707671 conn(0x7f07c0101ce0 msgr2=0x7f07c010be20 unknown :-1 s=STATE_NONE l=0).mark_down
2026-02-17T20:56:34.531 INFO:teuthology.orchestra.run.trial104.stdout:/usr/bin/ceph: stderr
2026-02-17T20:56:34.497+0000 7f07c5b86640 1 -- 10.20.193.104:0/2327707671 shutdown_connections
2026-02-17T20:56:34.532 INFO:teuthology.orchestra.run.trial104.stdout:/usr/bin/ceph: stderr
2026-02-17T20:56:34.497+0000 7f07c5b86640 1 -- 10.20.193.104:0/2327707671 wait complete.
2026-02-17T20:56:34.532 INFO:teuthology.orchestra.run.trial104.stdout:Enabling cephadm module...
2026-02-17T20:56:34.619 INFO:journalctl@ceph.mon.trial104.trial104.stdout:Feb 17 20:56:34 trial104 ceph-mon[20612]: mgrmap e3: trial104.irrhmt(active, since 1.00513s)
2026-02-17T20:56:34.619 INFO:journalctl@ceph.mon.trial104.trial104.stdout:Feb 17 20:56:34 trial104 ceph-mon[20612]: from='client.? 10.20.193.104:0/2694612644' entity='client.admin' cmd=[{"prefix": "status", "format": "json-pretty"}]: dispatch
2026-02-17T20:56:35.408 INFO:teuthology.orchestra.run.trial104.stdout:/usr/bin/ceph: stderr
2026-02-17T20:56:34.616+0000 7fee4fa49640 1 Processor -- start
2026-02-17T20:56:35.409 INFO:teuthology.orchestra.run.trial104.stdout:/usr/bin/ceph: stderr
2026-02-17T20:56:34.616+0000 7fee4fa49640 1 -- start start
2026-02-17T20:56:35.409 INFO:teuthology.orchestra.run.trial104.stdout:/usr/bin/ceph: stderr
2026-02-17T20:56:34.617+0000 7fee4fa49640 1 --2- >> [v2:10.20.193.104:3300/0,v1:10.20.193.104:6789/0] conn(0x7fee48109880 0x7fee48109c80 unknown :-1 s=NONE pgs=0 cs=0 l=0 rev1=0 crypto rx=0 tx=0 comp rx=0 tx=0).connect
2026-02-17T20:56:35.409 INFO:teuthology.orchestra.run.trial104.stdout:/usr/bin/ceph: stderr
2026-02-17T20:56:34.617+0000 7fee4fa49640 1 -- --> [v2:10.20.193.104:3300/0,v1:10.20.193.104:6789/0] -- mon_getmap magic: 0 -- 0x7fee4810a250 con 0x7fee48109880
2026-02-17T20:56:35.409 INFO:teuthology.orchestra.run.trial104.stdout:/usr/bin/ceph: stderr
2026-02-17T20:56:34.617+0000 7fee4d7be640 1 --2- >> [v2:10.20.193.104:3300/0,v1:10.20.193.104:6789/0] conn(0x7fee48109880 0x7fee48109c80 unknown :-1 s=BANNER_CONNECTING pgs=0 cs=0 l=0 rev1=0 crypto rx=0 tx=0 comp rx=0 tx=0)._handle_peer_banner_payload supported=3 required=0
2026-02-17T20:56:35.409 INFO:teuthology.orchestra.run.trial104.stdout:/usr/bin/ceph: stderr
2026-02-17T20:56:34.617+0000 7fee4d7be640 1 --2- >> [v2:10.20.193.104:3300/0,v1:10.20.193.104:6789/0] conn(0x7fee48109880 0x7fee48109c80 unknown :-1 s=HELLO_CONNECTING pgs=0 cs=0 l=0 rev1=1 crypto rx=0 tx=0 comp rx=0 tx=0).handle_hello peer v2:10.20.193.104:3300/0 says I am v2:10.20.193.104:33606/0 (socket says 10.20.193.104:33606)
2026-02-17T20:56:35.409 INFO:teuthology.orchestra.run.trial104.stdout:/usr/bin/ceph: stderr
2026-02-17T20:56:34.617+0000 7fee4d7be640 1 -- 10.20.193.104:0/3687391076 learned_addr learned my addr 10.20.193.104:0/3687391076 (peer_addr_for_me v2:10.20.193.104:0/0)
2026-02-17T20:56:35.409 INFO:teuthology.orchestra.run.trial104.stdout:/usr/bin/ceph: stderr
2026-02-17T20:56:34.617+0000 7fee4d7be640 1 -- 10.20.193.104:0/3687391076 --> [v2:10.20.193.104:3300/0,v1:10.20.193.104:6789/0] -- mon_subscribe({config=0+,monmap=0+}) -- 0x7fee4810aa80 con 0x7fee48109880
2026-02-17T20:56:35.409 INFO:teuthology.orchestra.run.trial104.stdout:/usr/bin/ceph: stderr
2026-02-17T20:56:34.617+0000 7fee4d7be640 1 --2- 10.20.193.104:0/3687391076 >> [v2:10.20.193.104:3300/0,v1:10.20.193.104:6789/0] conn(0x7fee48109880 0x7fee48109c80 secure :-1 s=READY pgs=20 cs=0 l=1 rev1=1 crypto rx=0x7fee38009920 tx=0x7fee3802ef20 comp rx=0 tx=0).ready entity=mon.0 client_cookie=8c5f8dea794060d1 server_cookie=0 in_seq=0 out_seq=0
2026-02-17T20:56:35.409 INFO:teuthology.orchestra.run.trial104.stdout:/usr/bin/ceph: stderr
2026-02-17T20:56:34.617+0000 7fee37fff640 1 -- 10.20.193.104:0/3687391076 <== mon.0 v2:10.20.193.104:3300/0 1 ==== mon_map magic: 0 ==== 226+0+0 (secure 0 0 0) 0x7fee3803c070 con 0x7fee48109880
2026-02-17T20:56:35.409 INFO:teuthology.orchestra.run.trial104.stdout:/usr/bin/ceph: stderr
2026-02-17T20:56:34.618+0000 7fee37fff640 1 -- 10.20.193.104:0/3687391076 <== mon.0 v2:10.20.193.104:3300/0 2 ==== config(25 keys) ==== 1007+0+0 (secure 0 0 0) 0x7fee3802fe00 con 0x7fee48109880
2026-02-17T20:56:35.409 INFO:teuthology.orchestra.run.trial104.stdout:/usr/bin/ceph: stderr
2026-02-17T20:56:34.618+0000 7fee37fff640 1 -- 10.20.193.104:0/3687391076 <== mon.0 v2:10.20.193.104:3300/0 3 ==== mon_map magic: 0 ==== 226+0+0 (secure 0 0 0) 0x7fee38035340 con 0x7fee48109880
2026-02-17T20:56:35.409 INFO:teuthology.orchestra.run.trial104.stdout:/usr/bin/ceph: stderr
2026-02-17T20:56:34.618+0000 7fee4fa49640 1 -- 10.20.193.104:0/3687391076 >> [v2:10.20.193.104:3300/0,v1:10.20.193.104:6789/0] conn(0x7fee48109880 msgr2=0x7fee48109c80 secure :-1 s=STATE_CONNECTION_ESTABLISHED l=1).mark_down
2026-02-17T20:56:35.410 INFO:teuthology.orchestra.run.trial104.stdout:/usr/bin/ceph: stderr
2026-02-17T20:56:34.618+0000 7fee4fa49640 1 --2- 10.20.193.104:0/3687391076 >> [v2:10.20.193.104:3300/0,v1:10.20.193.104:6789/0] conn(0x7fee48109880 0x7fee48109c80 secure :-1 s=READY pgs=20 cs=0 l=1 rev1=1 crypto rx=0x7fee38009920 tx=0x7fee3802ef20 comp rx=0 tx=0).stop
2026-02-17T20:56:35.410 INFO:teuthology.orchestra.run.trial104.stdout:/usr/bin/ceph: stderr
2026-02-17T20:56:34.618+0000 7fee4fa49640 1 -- 10.20.193.104:0/3687391076 shutdown_connections
2026-02-17T20:56:35.410 INFO:teuthology.orchestra.run.trial104.stdout:/usr/bin/ceph: stderr
2026-02-17T20:56:34.618+0000 7fee4fa49640 1 --2- 10.20.193.104:0/3687391076 >> [v2:10.20.193.104:3300/0,v1:10.20.193.104:6789/0] conn(0x7fee48109880 0x7fee48109c80 unknown :-1 s=CLOSED pgs=20 cs=0 l=1 rev1=1 crypto rx=0 tx=0 comp rx=0 tx=0).stop
2026-02-17T20:56:35.410 INFO:teuthology.orchestra.run.trial104.stdout:/usr/bin/ceph: stderr
2026-02-17T20:56:34.618+0000 7fee4fa49640 1 -- 10.20.193.104:0/3687391076 >> 10.20.193.104:0/3687391076 conn(0x7fee4807cf00 msgr2=0x7fee4807d310 unknown :-1 s=STATE_NONE l=0).mark_down
2026-02-17T20:56:35.410 INFO:teuthology.orchestra.run.trial104.stdout:/usr/bin/ceph: stderr
2026-02-17T20:56:34.618+0000 7fee4fa49640 1 -- 10.20.193.104:0/3687391076 shutdown_connections
2026-02-17T20:56:35.410 INFO:teuthology.orchestra.run.trial104.stdout:/usr/bin/ceph: stderr
2026-02-17T20:56:34.618+0000 7fee4fa49640 1 -- 10.20.193.104:0/3687391076 wait complete.
2026-02-17T20:56:35.410 INFO:teuthology.orchestra.run.trial104.stdout:/usr/bin/ceph: stderr
2026-02-17T20:56:34.618+0000 7fee4fa49640 1 Processor -- start
2026-02-17T20:56:35.410 INFO:teuthology.orchestra.run.trial104.stdout:/usr/bin/ceph: stderr
2026-02-17T20:56:34.618+0000 7fee4fa49640 1 -- start start
2026-02-17T20:56:35.410 INFO:teuthology.orchestra.run.trial104.stdout:/usr/bin/ceph: stderr
