2026-02-17T20:56:34.618+0000 7fee4fa49640 1 --2- >> [v2:10.20.193.104:3300/0,v1:10.20.193.104:6789/0] conn(0x7fee48109880 0x7fee4819f7a0 unknown :-1 s=NONE pgs=0 cs=0 l=1 rev1=0 crypto rx=0 tx=0 comp rx=0 tx=0).connect
2026-02-17T20:56:35.410 INFO:teuthology.orchestra.run.trial104.stdout:/usr/bin/ceph: stderr
2026-02-17T20:56:34.618+0000 7fee4fa49640 1 -- --> [v2:10.20.193.104:3300/0,v1:10.20.193.104:6789/0] -- mon_getmap magic: 0 -- 0x7fee4810dcb0 con 0x7fee48109880
2026-02-17T20:56:35.410 INFO:teuthology.orchestra.run.trial104.stdout:/usr/bin/ceph: stderr
2026-02-17T20:56:34.618+0000 7fee4d7be640 1 --2- >> [v2:10.20.193.104:3300/0,v1:10.20.193.104:6789/0] conn(0x7fee48109880 0x7fee4819f7a0 unknown :-1 s=BANNER_CONNECTING pgs=0 cs=0 l=1 rev1=0 crypto rx=0 tx=0 comp rx=0 tx=0)._handle_peer_banner_payload supported=3 required=0
2026-02-17T20:56:35.410 INFO:teuthology.orchestra.run.trial104.stdout:/usr/bin/ceph: stderr
2026-02-17T20:56:34.618+0000 7fee4d7be640 1 --2- >> [v2:10.20.193.104:3300/0,v1:10.20.193.104:6789/0] conn(0x7fee48109880 0x7fee4819f7a0 unknown :-1 s=HELLO_CONNECTING pgs=0 cs=0 l=1 rev1=1 crypto rx=0 tx=0 comp rx=0 tx=0).handle_hello peer v2:10.20.193.104:3300/0 says I am v2:10.20.193.104:33612/0 (socket says 10.20.193.104:33612)
2026-02-17T20:56:35.410 INFO:teuthology.orchestra.run.trial104.stdout:/usr/bin/ceph: stderr
2026-02-17T20:56:34.618+0000 7fee4d7be640 1 -- 10.20.193.104:0/3759885240 learned_addr learned my addr 10.20.193.104:0/3759885240 (peer_addr_for_me v2:10.20.193.104:0/0)
2026-02-17T20:56:35.411 INFO:teuthology.orchestra.run.trial104.stdout:/usr/bin/ceph: stderr
2026-02-17T20:56:34.619+0000 7fee4d7be640 1 -- 10.20.193.104:0/3759885240 --> [v2:10.20.193.104:3300/0,v1:10.20.193.104:6789/0] -- mon_subscribe({config=0+,monmap=0+}) -- 0x7fee4819fce0 con 0x7fee48109880
2026-02-17T20:56:35.411 INFO:teuthology.orchestra.run.trial104.stdout:/usr/bin/ceph: stderr
2026-02-17T20:56:34.619+0000 7fee4d7be640 1 --2- 10.20.193.104:0/3759885240 >> [v2:10.20.193.104:3300/0,v1:10.20.193.104:6789/0] conn(0x7fee48109880 0x7fee4819f7a0 secure :-1 s=READY pgs=21 cs=0 l=1 rev1=1 crypto rx=0x7fee38037b20 tx=0x7fee380358c0 comp rx=0 tx=0).ready entity=mon.0 client_cookie=0 server_cookie=0 in_seq=0 out_seq=0
2026-02-17T20:56:35.411 INFO:teuthology.orchestra.run.trial104.stdout:/usr/bin/ceph: stderr
2026-02-17T20:56:34.619+0000 7fee367fc640 1 -- 10.20.193.104:0/3759885240 <== mon.0 v2:10.20.193.104:3300/0 1 ==== mon_map magic: 0 ==== 226+0+0 (secure 0 0 0) 0x7fee38035c10 con 0x7fee48109880
2026-02-17T20:56:35.411 INFO:teuthology.orchestra.run.trial104.stdout:/usr/bin/ceph: stderr
2026-02-17T20:56:34.619+0000 7fee367fc640 1 -- 10.20.193.104:0/3759885240 <== mon.0 v2:10.20.193.104:3300/0 2 ==== config(25 keys) ==== 1007+0+0 (secure 0 0 0) 0x7fee38035db0 con 0x7fee48109880
2026-02-17T20:56:35.411 INFO:teuthology.orchestra.run.trial104.stdout:/usr/bin/ceph: stderr
2026-02-17T20:56:34.619+0000 7fee367fc640 1 -- 10.20.193.104:0/3759885240 <== mon.0 v2:10.20.193.104:3300/0 3 ==== mon_map magic: 0 ==== 226+0+0 (secure 0 0 0) 0x7fee380413a0 con 0x7fee48109880
2026-02-17T20:56:35.411 INFO:teuthology.orchestra.run.trial104.stdout:/usr/bin/ceph: stderr
2026-02-17T20:56:34.619+0000 7fee4fa49640 1 -- 10.20.193.104:0/3759885240 --> [v2:10.20.193.104:3300/0,v1:10.20.193.104:6789/0] -- mon_subscribe({mgrmap=0+}) -- 0x7fee4819ff70 con 0x7fee48109880
2026-02-17T20:56:35.411 INFO:teuthology.orchestra.run.trial104.stdout:/usr/bin/ceph: stderr
2026-02-17T20:56:34.619+0000 7fee4fa49640 1 -- 10.20.193.104:0/3759885240 --> [v2:10.20.193.104:3300/0,v1:10.20.193.104:6789/0] -- mon_subscribe({osdmap=0}) -- 0x7fee481a2c60 con 0x7fee48109880
2026-02-17T20:56:35.411 INFO:teuthology.orchestra.run.trial104.stdout:/usr/bin/ceph: stderr
2026-02-17T20:56:34.619+0000 7fee4fa49640 1 -- 10.20.193.104:0/3759885240 --> [v2:10.20.193.104:3300/0,v1:10.20.193.104:6789/0] -- mon_command({"prefix": "get_command_descriptions"} v 0) -- 0x7fee48109d00 con 0x7fee48109880
2026-02-17T20:56:35.411 INFO:teuthology.orchestra.run.trial104.stdout:/usr/bin/ceph: stderr
2026-02-17T20:56:34.619+0000 7fee367fc640 1 -- 10.20.193.104:0/3759885240 <== mon.0 v2:10.20.193.104:3300/0 4 ==== mgrmap(e 4) ==== 50250+0+0 (secure 0 0 0) 0x7fee380423f0 con 0x7fee48109880
2026-02-17T20:56:35.411 INFO:teuthology.orchestra.run.trial104.stdout:/usr/bin/ceph: stderr
2026-02-17T20:56:34.619+0000 7fee367fc640 1 --2- 10.20.193.104:0/3759885240 >> [v2:10.20.193.104:6800/3247908774,v1:10.20.193.104:6801/3247908774] conn(0x7fee2403dba0 0x7fee24040060 unknown :-1 s=NONE pgs=0 cs=0 l=1 rev1=0 crypto rx=0 tx=0 comp rx=0 tx=0).connect
2026-02-17T20:56:35.411 INFO:teuthology.orchestra.run.trial104.stdout:/usr/bin/ceph: stderr
2026-02-17T20:56:34.619+0000 7fee367fc640 1 -- 10.20.193.104:0/3759885240 <== mon.0 v2:10.20.193.104:3300/0 5 ==== osd_map(1..1 src has 1..1) ==== 725+0+0 (secure 0 0 0) 0x7fee38076320 con 0x7fee48109880
2026-02-17T20:56:35.411 INFO:teuthology.orchestra.run.trial104.stdout:/usr/bin/ceph: stderr
2026-02-17T20:56:34.620+0000 7fee4cfbd640 1 --2- 10.20.193.104:0/3759885240 >> [v2:10.20.193.104:6800/3247908774,v1:10.20.193.104:6801/3247908774] conn(0x7fee2403dba0 0x7fee24040060 unknown :-1 s=BANNER_CONNECTING pgs=0 cs=0 l=1 rev1=0 crypto rx=0 tx=0 comp rx=0 tx=0)._handle_peer_banner_payload supported=3 required=0
2026-02-17T20:56:35.411 INFO:teuthology.orchestra.run.trial104.stdout:/usr/bin/ceph: stderr
2026-02-17T20:56:34.620+0000 7fee4cfbd640 1 --2- 10.20.193.104:0/3759885240 >> [v2:10.20.193.104:6800/3247908774,v1:10.20.193.104:6801/3247908774] conn(0x7fee2403dba0 0x7fee24040060 secure :-1 s=READY pgs=8 cs=0 l=1 rev1=1 crypto rx=0x7fee3c0099c0 tx=0x7fee3c006eb0 comp rx=0 tx=0).ready entity=mgr.14100 client_cookie=0 server_cookie=0 in_seq=0 out_seq=0
2026-02-17T20:56:35.412 INFO:teuthology.orchestra.run.trial104.stdout:/usr/bin/ceph: stderr
2026-02-17T20:56:34.622+0000 7fee367fc640 1 -- 10.20.193.104:0/3759885240 <== mon.0 v2:10.20.193.104:3300/0 6 ==== mon_command_ack([{"prefix": "get_command_descriptions"}]=0 v0) ==== 72+0+195034 (secure 0 0 0) 0x7fee38076080 con 0x7fee48109880
2026-02-17T20:56:35.412 INFO:teuthology.orchestra.run.trial104.stdout:/usr/bin/ceph: stderr
2026-02-17T20:56:34.725+0000 7fee4fa49640 1 -- 10.20.193.104:0/3759885240 --> [v2:10.20.193.104:3300/0,v1:10.20.193.104:6789/0] -- mon_command({"prefix": "mgr module enable", "module": "cephadm"} v 0) -- 0x7fee481a33c0 con 0x7fee48109880
2026-02-17T20:56:35.412 INFO:teuthology.orchestra.run.trial104.stdout:/usr/bin/ceph: stderr
2026-02-17T20:56:35.379+0000 7fee367fc640 1 -- 10.20.193.104:0/3759885240 <== mon.0 v2:10.20.193.104:3300/0 7 ==== mon_command_ack([{"prefix": "mgr module enable", "module": "cephadm"}]=0 v5) ==== 86+0+0 (secure 0 0 0) 0x7fee38042710 con 0x7fee48109880
2026-02-17T20:56:35.412 INFO:teuthology.orchestra.run.trial104.stdout:/usr/bin/ceph: stderr
2026-02-17T20:56:35.380+0000 7fee367fc640 1 -- 10.20.193.104:0/3759885240 <== mon.0 v2:10.20.193.104:3300/0 8 ==== mgrmap(e 5) ==== 50261+0+0 (secure 0 0 0) 0x7fee38041600 con 0x7fee48109880
2026-02-17T20:56:35.412 INFO:teuthology.orchestra.run.trial104.stdout:/usr/bin/ceph: stderr
2026-02-17T20:56:35.381+0000 7fee4fa49640 1 -- 10.20.193.104:0/3759885240 >> [v2:10.20.193.104:6800/3247908774,v1:10.20.193.104:6801/3247908774] conn(0x7fee2403dba0 msgr2=0x7fee24040060 secure :-1 s=STATE_CONNECTION_ESTABLISHED l=1).mark_down
2026-02-17T20:56:35.412 INFO:teuthology.orchestra.run.trial104.stdout:/usr/bin/ceph: stderr
2026-02-17T20:56:35.381+0000 7fee4fa49640 1 --2- 10.20.193.104:0/3759885240 >> [v2:10.20.193.104:6800/3247908774,v1:10.20.193.104:6801/3247908774] conn(0x7fee2403dba0 0x7fee24040060 secure :-1 s=READY pgs=8 cs=0 l=1 rev1=1 crypto rx=0x7fee3c0099c0 tx=0x7fee3c006eb0 comp rx=0 tx=0).stop
2026-02-17T20:56:35.412 INFO:teuthology.orchestra.run.trial104.stdout:/usr/bin/ceph: stderr
2026-02-17T20:56:35.381+0000 7fee4fa49640 1 -- 10.20.193.104:0/3759885240 >> [v2:10.20.193.104:3300/0,v1:10.20.193.104:6789/0] conn(0x7fee48109880 msgr2=0x7fee4819f7a0 secure :-1 s=STATE_CONNECTION_ESTABLISHED l=1).mark_down
2026-02-17T20:56:35.412 INFO:teuthology.orchestra.run.trial104.stdout:/usr/bin/ceph: stderr
2026-02-17T20:56:35.381+0000 7fee4fa49640 1 --2- 10.20.193.104:0/3759885240 >> [v2:10.20.193.104:3300/0,v1:10.20.193.104:6789/0] conn(0x7fee48109880 0x7fee4819f7a0 secure :-1 s=READY pgs=21 cs=0 l=1 rev1=1 crypto rx=0x7fee38037b20 tx=0x7fee380358c0 comp rx=0 tx=0).stop
2026-02-17T20:56:35.412 INFO:teuthology.orchestra.run.trial104.stdout:/usr/bin/ceph: stderr
2026-02-17T20:56:35.382+0000 7fee4fa49640 1 -- 10.20.193.104:0/3759885240 shutdown_connections
2026-02-17T20:56:35.412 INFO:teuthology.orchestra.run.trial104.stdout:/usr/bin/ceph: stderr
2026-02-17T20:56:35.382+0000 7fee4fa49640 1 --2- 10.20.193.104:0/3759885240 >> [v2:10.20.193.104:6800/3247908774,v1:10.20.193.104:6801/3247908774] conn(0x7fee2403dba0 0x7fee24040060 unknown :-1 s=CLOSED pgs=8 cs=0 l=1 rev1=1 crypto rx=0 tx=0 comp rx=0 tx=0).stop
2026-02-17T20:56:35.412 INFO:teuthology.orchestra.run.trial104.stdout:/usr/bin/ceph: stderr
2026-02-17T20:56:35.382+0000 7fee4fa49640 1 --2- 10.20.193.104:0/3759885240 >> [v2:10.20.193.104:3300/0,v1:10.20.193.104:6789/0] conn(0x7fee48109880 0x7fee4819f7a0 unknown :-1 s=CLOSED pgs=21 cs=0 l=1 rev1=1 crypto rx=0 tx=0 comp rx=0 tx=0).stop
2026-02-17T20:56:35.412 INFO:teuthology.orchestra.run.trial104.stdout:/usr/bin/ceph: stderr
2026-02-17T20:56:35.382+0000 7fee4fa49640 1 -- 10.20.193.104:0/3759885240 >> 10.20.193.104:0/3759885240 conn(0x7fee4807cf00 msgr2=0x7fee481070c0 unknown :-1 s=STATE_NONE l=0).mark_down
2026-02-17T20:56:35.412 INFO:teuthology.orchestra.run.trial104.stdout:/usr/bin/ceph: stderr
2026-02-17T20:56:35.382+0000 7fee4fa49640 1 -- 10.20.193.104:0/3759885240 shutdown_connections
2026-02-17T20:56:35.413 INFO:teuthology.orchestra.run.trial104.stdout:/usr/bin/ceph: stderr
2026-02-17T20:56:35.382+0000 7fee4fa49640 1 -- 10.20.193.104:0/3759885240 wait complete.
2026-02-17T20:56:35.635 INFO:journalctl@ceph.mon.trial104.trial104.stdout:Feb 17 20:56:35 trial104 ceph-mon[20612]: mgrmap e4: trial104.irrhmt(active, since 2s)
2026-02-17T20:56:35.635 INFO:journalctl@ceph.mon.trial104.trial104.stdout:Feb 17 20:56:35 trial104 ceph-mon[20612]: from='client.? 10.20.193.104:0/2327707671' entity='client.admin' cmd=[{"prefix": "config assimilate-conf"}]: dispatch
2026-02-17T20:56:35.635 INFO:journalctl@ceph.mon.trial104.trial104.stdout:Feb 17 20:56:35 trial104 ceph-mon[20612]: from='client.? 10.20.193.104:0/3759885240' entity='client.admin' cmd=[{"prefix": "mgr module enable", "module": "cephadm"}]: dispatch
2026-02-17T20:56:35.648 INFO:teuthology.orchestra.run.trial104.stdout:/usr/bin/ceph: stdout {
2026-02-17T20:56:35.648 INFO:teuthology.orchestra.run.trial104.stdout:/usr/bin/ceph: stdout "epoch": 5,
2026-02-17T20:56:35.648 INFO:teuthology.orchestra.run.trial104.stdout:/usr/bin/ceph: stdout "available": true,
2026-02-17T20:56:35.649 INFO:teuthology.orchestra.run.trial104.stdout:/usr/bin/ceph: stdout "active_name": "trial104.irrhmt",
2026-02-17T20:56:35.649 INFO:teuthology.orchestra.run.trial104.stdout:/usr/bin/ceph: stdout "num_standby": 0
2026-02-17T20:56:35.649 INFO:teuthology.orchestra.run.trial104.stdout:/usr/bin/ceph: stdout }
2026-02-17T20:56:35.649 INFO:teuthology.orchestra.run.trial104.stdout:/usr/bin/ceph: stderr
2026-02-17T20:56:35.506+0000 7fd3d914f640 1 Processor -- start
2026-02-17T20:56:35.649 INFO:teuthology.orchestra.run.trial104.stdout:/usr/bin/ceph: stderr
2026-02-17T20:56:35.506+0000 7fd3d914f640 1 -- start start
2026-02-17T20:56:35.649 INFO:teuthology.orchestra.run.trial104.stdout:/usr/bin/ceph: stderr
2026-02-17T20:56:35.506+0000 7fd3d914f640 1 --2- >> [v2:10.20.193.104:3300/0,v1:10.20.193.104:6789/0] conn(0x7fd3d41124c0 0x7fd3d41128c0 unknown :-1 s=NONE pgs=0 cs=0 l=0 rev1=0 crypto rx=0 tx=0 comp rx=0 tx=0).connect
2026-02-17T20:56:35.650 INFO:teuthology.orchestra.run.trial104.stdout:/usr/bin/ceph: stderr
2026-02-17T20:56:35.506+0000 7fd3d914f640 1 -- --> [v2:10.20.193.104:3300/0,v1:10.20.193.104:6789/0] -- mon_getmap magic: 0 -- 0x7fd3d4112e90 con 0x7fd3d41124c0
2026-02-17T20:56:35.650 INFO:teuthology.orchestra.run.trial104.stdout:/usr/bin/ceph: stderr
2026-02-17T20:56:35.506+0000 7fd3d2d76640 1 --2- >> [v2:10.20.193.104:3300/0,v1:10.20.193.104:6789/0] conn(0x7fd3d41124c0 0x7fd3d41128c0 unknown :-1 s=BANNER_CONNECTING pgs=0 cs=0 l=0 rev1=0 crypto rx=0 tx=0 comp rx=0 tx=0)._handle_peer_banner_payload supported=3 required=0
2026-02-17T20:56:35.650 INFO:teuthology.orchestra.run.trial104.stdout:/usr/bin/ceph: stderr
2026-02-17T20:56:35.506+0000 7fd3d2d76640 1 --2- >> [v2:10.20.193.104:3300/0,v1:10.20.193.104:6789/0] conn(0x7fd3d41124c0 0x7fd3d41128c0 unknown :-1 s=HELLO_CONNECTING pgs=0 cs=0 l=0 rev1=1 crypto rx=0 tx=0 comp rx=0 tx=0).handle_hello peer v2:10.20.193.104:3300/0 says I am v2:10.20.193.104:33626/0 (socket says 10.20.193.104:33626)
2026-02-17T20:56:35.650 INFO:teuthology.orchestra.run.trial104.stdout:/usr/bin/ceph: stderr
2026-02-17T20:56:35.506+0000 7fd3d2d76640 1 -- 10.20.193.104:0/748455942 learned_addr learned my addr 10.20.193.104:0/748455942 (peer_addr_for_me v2:10.20.193.104:0/0)
2026-02-17T20:56:35.650 INFO:teuthology.orchestra.run.trial104.stdout:/usr/bin/ceph: stderr
2026-02-17T20:56:35.506+0000 7fd3d2d76640 1 -- 10.20.193.104:0/748455942 --> [v2:10.20.193.104:3300/0,v1:10.20.193.104:6789/0] -- mon_subscribe({config=0+,monmap=0+}) -- 0x7fd3d4113420 con 0x7fd3d41124c0
2026-02-17T20:56:35.650 INFO:teuthology.orchestra.run.trial104.stdout:/usr/bin/ceph: stderr
2026-02-17T20:56:35.507+0000 7fd3d2d76640 1 --2- 10.20.193.104:0/748455942 >> [v2:10.20.193.104:3300/0,v1:10.20.193.104:6789/0] conn(0x7fd3d41124c0 0x7fd3d41128c0 secure :-1 s=READY pgs=24 cs=0 l=1 rev1=1 crypto rx=0x7fd3c8009920 tx=0x7fd3c802ef20 comp rx=0 tx=0).ready entity=mon.0 client_cookie=b1645c772256628c server_cookie=0 in_seq=0 out_seq=0
2026-02-17T20:56:35.651 INFO:teuthology.orchestra.run.trial104.stdout:/usr/bin/ceph: stderr
2026-02-17T20:56:35.507+0000 7fd3d1d74640 1 -- 10.20.193.104:0/748455942 <== mon.0 v2:10.20.193.104:3300/0 1 ==== mon_map magic: 0 ==== 226+0+0 (secure 0 0 0) 0x7fd3c803c070 con 0x7fd3d41124c0
2026-02-17T20:56:35.651 INFO:teuthology.orchestra.run.trial104.stdout:/usr/bin/ceph: stderr
2026-02-17T20:56:35.507+0000 7fd3d1d74640 1 -- 10.20.193.104:0/748455942 <== mon.0 v2:10.20.193.104:3300/0 2 ==== config(25 keys) ==== 1007+0+0 (secure 0 0 0) 0x7fd3c802fe00 con 0x7fd3d41124c0
2026-02-17T20:56:35.651 INFO:teuthology.orchestra.run.trial104.stdout:/usr/bin/ceph: stderr
2026-02-17T20:56:35.507+0000 7fd3d1d74640 1 -- 10.20.193.104:0/748455942 <== mon.0 v2:10.20.193.104:3300/0 3 ==== mon_map magic: 0 ==== 226+0+0 (secure 0 0 0) 0x7fd3c8035340 con 0x7fd3d41124c0
2026-02-17T20:56:35.651 INFO:teuthology.orchestra.run.trial104.stdout:/usr/bin/ceph: stderr
2026-02-17T20:56:35.507+0000 7fd3d914f640 1 -- 10.20.193.104:0/748455942 >> [v2:10.20.193.104:3300/0,v1:10.20.193.104:6789/0] conn(0x7fd3d41124c0 msgr2=0x7fd3d41128c0 secure :-1 s=STATE_CONNECTION_ESTABLISHED l=1).mark_down
2026-02-17T20:56:35.651 INFO:teuthology.orchestra.run.trial104.stdout:/usr/bin/ceph: stderr
2026-02-17T20:56:35.507+0000 7fd3d914f640 1 --2- 10.20.193.104:0/748455942 >> [v2:10.20.193.104:3300/0,v1:10.20.193.104:6789/0] conn(0x7fd3d41124c0 0x7fd3d41128c0 secure :-1 s=READY pgs=24 cs=0 l=1 rev1=1 crypto rx=0x7fd3c8009920 tx=0x7fd3c802ef20 comp rx=0 tx=0).stop
2026-02-17T20:56:35.651 INFO:teuthology.orchestra.run.trial104.stdout:/usr/bin/ceph: stderr
2026-02-17T20:56:35.507+0000 7fd3d914f640 1 -- 10.20.193.104:0/748455942 shutdown_connections
2026-02-17T20:56:35.652 INFO:teuthology.orchestra.run.trial104.stdout:/usr/bin/ceph: stderr
2026-02-17T20:56:35.507+0000 7fd3d914f640 1 --2- 10.20.193.104:0/748455942 >> [v2:10.20.193.104:3300/0,v1:10.20.193.104:6789/0] conn(0x7fd3d41124c0 0x7fd3d41128c0 unknown :-1 s=CLOSED pgs=24 cs=0 l=1 rev1=1 crypto rx=0 tx=0 comp rx=0 tx=0).stop
2026-02-17T20:56:35.652 INFO:teuthology.orchestra.run.trial104.stdout:/usr/bin/ceph: stderr
2026-02-17T20:56:35.507+0000 7fd3d914f640 1 -- 10.20.193.104:0/748455942 >> 10.20.193.104:0/748455942 conn(0x7fd3d406efa0 msgr2=0x7fd3d406f3f0 unknown :-1 s=STATE_NONE l=0).mark_down
2026-02-17T20:56:35.652 INFO:teuthology.orchestra.run.trial104.stdout:/usr/bin/ceph: stderr
2026-02-17T20:56:35.507+0000 7fd3d914f640 1 -- 10.20.193.104:0/748455942 shutdown_connections
2026-02-17T20:56:35.652 INFO:teuthology.orchestra.run.trial104.stdout:/usr/bin/ceph: stderr
2026-02-17T20:56:35.507+0000 7fd3d914f640 1 -- 10.20.193.104:0/748455942 wait complete.
2026-02-17T20:56:35.652 INFO:teuthology.orchestra.run.trial104.stdout:/usr/bin/ceph: stderr
2026-02-17T20:56:35.507+0000 7fd3d914f640 1 Processor -- start
2026-02-17T20:56:35.652 INFO:teuthology.orchestra.run.trial104.stdout:/usr/bin/ceph: stderr
2026-02-17T20:56:35.508+0000 7fd3d914f640 1 -- start start
2026-02-17T20:56:35.652 INFO:teuthology.orchestra.run.trial104.stdout:/usr/bin/ceph: stderr
2026-02-17T20:56:35.508+0000 7fd3d914f640 1 --2- >> [v2:10.20.193.104:3300/0,v1:10.20.193.104:6789/0] conn(0x7fd3d41124c0 0x7fd3d41a8150 unknown :-1 s=NONE pgs=0 cs=0 l=1 rev1=0 crypto rx=0 tx=0 comp rx=0 tx=0).connect
2026-02-17T20:56:35.653 INFO:teuthology.orchestra.run.trial104.stdout:/usr/bin/ceph: stderr
2026-02-17T20:56:35.508+0000 7fd3d914f640 1 -- --> [v2:10.20.193.104:3300/0,v1:10.20.193.104:6789/0] -- mon_getmap magic: 0 -- 0x7fd3d4113010 con 0x7fd3d41124c0
2026-02-17T20:56:35.653 INFO:teuthology.orchestra.run.trial104.stdout:/usr/bin/ceph: stderr
2026-02-17T20:56:35.508+0000 7fd3d2d76640 1 --2- >> [v2:10.20.193.104:3300/0,v1:10.20.193.104:6789/0] conn(0x7fd3d41124c0 0x7fd3d41a8150 unknown :-1 s=BANNER_CONNECTING pgs=0 cs=0 l=1 rev1=0 crypto rx=0 tx=0 comp rx=0 tx=0)._handle_peer_banner_payload supported=3 required=0
2026-02-17T20:56:35.653 INFO:teuthology.orchestra.run.trial104.stdout:/usr/bin/ceph: stderr
2026-02-17T20:56:35.508+0000 7fd3d2d76640 1 --2- >> [v2:10.20.193.104:3300/0,v1:10.20.193.104:6789/0] conn(0x7fd3d41124c0 0x7fd3d41a8150 unknown :-1 s=HELLO_CONNECTING pgs=0 cs=0 l=1 rev1=1 crypto rx=0 tx=0 comp rx=0 tx=0).handle_hello peer v2:10.20.193.104:3300/0 says I am v2:10.20.193.104:33634/0 (socket says 10.20.193.104:33634)
2026-02-17T20:56:35.653 INFO:teuthology.orchestra.run.trial104.stdout:/usr/bin/ceph: stderr
2026-02-17T20:56:35.508+0000 7fd3d2d76640 1 -- 10.20.193.104:0/3586437650 learned_addr learned my addr 10.20.193.104:0/3586437650 (peer_addr_for_me v2:10.20.193.104:0/0)
2026-02-17T20:56:35.653 INFO:teuthology.orchestra.run.trial104.stdout:/usr/bin/ceph: stderr
2026-02-17T20:56:35.508+0000 7fd3d2d76640 1 -- 10.20.193.104:0/3586437650 --> [v2:10.20.193.104:3300/0,v1:10.20.193.104:6789/0] -- mon_subscribe({config=0+,monmap=0+}) -- 0x7fd3d41a8690 con 0x7fd3d41124c0
2026-02-17T20:56:35.653 INFO:teuthology.orchestra.run.trial104.stdout:/usr/bin/ceph: stderr
2026-02-17T20:56:35.508+0000 7fd3d2d76640 1 --2- 10.20.193.104:0/3586437650 >> [v2:10.20.193.104:3300/0,v1:10.20.193.104:6789/0] conn(0x7fd3d41124c0 0x7fd3d41a8150 secure :-1 s=READY pgs=25 cs=0 l=1 rev1=1 crypto rx=0x7fd3c8037c30 tx=0x7fd3c8035640 comp rx=0 tx=0).ready entity=mon.0 client_cookie=0 server_cookie=0 in_seq=0 out_seq=0
2026-02-17T20:56:35.653 INFO:teuthology.orchestra.run.trial104.stdout:/usr/bin/ceph: stderr
2026-02-17T20:56:35.508+0000 7fd3b3fff640 1 -- 10.20.193.104:0/3586437650 <== mon.0 v2:10.20.193.104:3300/0 1 ==== mon_map magic: 0 ==== 226+0+0 (secure 0 0 0) 0x7fd3c8035ad0 con 0x7fd3d41124c0
2026-02-17T20:56:35.654 INFO:teuthology.orchestra.run.trial104.stdout:/usr/bin/ceph: stderr
2026-02-17T20:56:35.508+0000 7fd3b3fff640 1 -- 10.20.193.104:0/3586437650 <== mon.0 v2:10.20.193.104:3300/0 2 ==== config(25 keys) ==== 1007+0+0 (secure 0 0 0) 0x7fd3c8035c70 con 0x7fd3d41124c0
2026-02-17T20:56:35.654 INFO:teuthology.orchestra.run.trial104.stdout:/usr/bin/ceph: stderr
2026-02-17T20:56:35.508+0000 7fd3d914f640 1 -- 10.20.193.104:0/3586437650 --> [v2:10.20.193.104:3300/0,v1:10.20.193.104:6789/0] -- mon_subscribe({mgrmap=0+}) -- 0x7fd3d41a8920 con 0x7fd3d41124c0
2026-02-17T20:56:35.654 INFO:teuthology.orchestra.run.trial104.stdout:/usr/bin/ceph: stderr
2026-02-17T20:56:35.508+0000 7fd3b3fff640 1 -- 10.20.193.104:0/3586437650 <== mon.0 v2:10.20.193.104:3300/0 3 ==== mon_map magic: 0 ==== 226+0+0 (secure 0 0 0) 0x7fd3c80363a0 con 0x7fd3d41124c0
2026-02-17T20:56:35.654 INFO:teuthology.orchestra.run.trial104.stdout:/usr/bin/ceph: stderr
2026-02-17T20:56:35.508+0000 7fd3d914f640 1 -- 10.20.193.104:0/3586437650 --> [v2:10.20.193.104:3300/0,v1:10.20.193.104:6789/0] -- mon_subscribe({osdmap=0}) -- 0x7fd3d41ab610 con 0x7fd3d41124c0
2026-02-17T20:56:35.654 INFO:teuthology.orchestra.run.trial104.stdout:/usr/bin/ceph: stderr
2026-02-17T20:56:35.509+0000 7fd3d914f640 1 -- 10.20.193.104:0/3586437650 --> [v2:10.20.193.104:3300/0,v1:10.20.193.104:6789/0] -- mon_command({"prefix": "get_command_descriptions"} v 0) -- 0x7fd3d4112940 con 0x7fd3d41124c0
2026-02-17T20:56:35.654 INFO:teuthology.orchestra.run.trial104.stdout:/usr/bin/ceph: stderr
2026-02-17T20:56:35.509+0000 7fd3b3fff640 1 -- 10.20.193.104:0/3586437650 <== mon.0 v2:10.20.193.104:3300/0 4 ==== mgrmap(e 5) ==== 50261+0+0 (secure 0 0 0) 0x7fd3c8041880 con 0x7fd3d41124c0
2026-02-17T20:56:35.654 INFO:teuthology.orchestra.run.trial104.stdout:/usr/bin/ceph: stderr
2026-02-17T20:56:35.509+0000 7fd3b3fff640 1 --2- 10.20.193.104:0/3586437650 >> [v2:10.20.193.104:6800/3247908774,v1:10.20.193.104:6801/3247908774] conn(0x7fd3a803dba0 0x7fd3a8040060 unknown :-1 s=NONE pgs=0 cs=0 l=1 rev1=0 crypto rx=0 tx=0 comp rx=0 tx=0).connect
2026-02-17T20:56:35.655 INFO:teuthology.orchestra.run.trial104.stdout:/usr/bin/ceph: stderr
2026-02-17T20:56:35.509+0000 7fd3d2575640 1 -- 10.20.193.104:0/3586437650 >> [v2:10.20.193.104:6800/3247908774,v1:10.20.193.104:6801/3247908774] conn(0x7fd3a803dba0 msgr2=0x7fd3a8040060 unknown :-1 s=STATE_CONNECTING_RE l=1).process reconnect failed to v2:10.20.193.104:6800/3247908774
2026-02-17T20:56:35.655 INFO:teuthology.orchestra.run.trial104.stdout:/usr/bin/ceph: stderr
2026-02-17T20:56:35.509+0000 7fd3b3fff640 1 -- 10.20.193.104:0/3586437650 <== mon.0 v2:10.20.193.104:3300/0 5 ==== osd_map(1..1 src has 1..1) ==== 725+0+0 (secure 0 0 0) 0x7fd3c80765b0 con 0x7fd3d41124c0
2026-02-17T20:56:35.655 INFO:teuthology.orchestra.run.trial104.stdout:/usr/bin/ceph: stderr
2026-02-17T20:56:35.509+0000 7fd3d2575640 1 --2- 10.20.193.104:0/3586437650 >> [v2:10.20.193.104:6800/3247908774,v1:10.20.193.104:6801/3247908774] conn(0x7fd3a803dba0 0x7fd3a8040060 unknown :-1 s=START_CONNECT pgs=0 cs=0 l=1 rev1=0 crypto rx=0 tx=0 comp rx=0 tx=0)._fault waiting 0.200000
2026-02-17T20:56:35.655 INFO:teuthology.orchestra.run.trial104.stdout:/usr/bin/ceph: stderr
2026-02-17T20:56:35.511+0000 7fd3b3fff640 1 -- 10.20.193.104:0/3586437650 <== mon.0 v2:10.20.193.104:3300/0 6 ==== mon_command_ack([{"prefix": "get_command_descriptions"}]=0 v0) ==== 72+0+195034 (secure 0 0 0) 0x7fd3c803d160 con 0x7fd3d41124c0
2026-02-17T20:56:35.655 INFO:teuthology.orchestra.run.trial104.stdout:/usr/bin/ceph: stderr
2026-02-17T20:56:35.617+0000 7fd3d914f640 1 -- 10.20.193.104:0/3586437650 --> [v2:10.20.193.104:3300/0,v1:10.20.193.104:6789/0] -- mon_command({"prefix": "mgr stat"} v 0) -- 0x7fd3d41abd70 con 0x7fd3d41124c0
2026-02-17T20:56:35.655 INFO:teuthology.orchestra.run.trial104.stdout:/usr/bin/ceph: stderr
2026-02-17T20:56:35.617+0000 7fd3b3fff640 1 -- 10.20.193.104:0/3586437650 <== mon.0 v2:10.20.193.104:3300/0 7 ==== mon_command_ack([{"prefix": "mgr stat"}]=0 v5) ==== 56+0+102 (secure 0 0 0) 0x7fd3c8075fd0 con 0x7fd3d41124c0
2026-02-17T20:56:35.656 INFO:teuthology.orchestra.run.trial104.stdout:/usr/bin/ceph: stderr
2026-02-17T20:56:35.618+0000 7fd3d914f640 1 -- 10.20.193.104:0/3586437650 >> [v2:10.20.193.104:6800/3247908774,v1:10.20.193.104:6801/3247908774] conn(0x7fd3a803dba0 msgr2=0x7fd3a8040060 unknown :-1 s=STATE_CONNECTING l=1).mark_down
2026-02-17T20:56:35.656 INFO:teuthology.orchestra.run.trial104.stdout:/usr/bin/ceph: stderr
2026-02-17T20:56:35.618+0000 7fd3d914f640 1 --2- 10.20.193.104:0/3586437650 >> [v2:10.20.193.104:6800/3247908774,v1:10.20.193.104:6801/3247908774] conn(0x7fd3a803dba0 0x7fd3a8040060 unknown :-1 s=START_CONNECT pgs=0 cs=0 l=1 rev1=0 crypto rx=0 tx=0 comp rx=0 tx=0).stop
2026-02-17T20:56:35.656 INFO:teuthology.orchestra.run.trial104.stdout:/usr/bin/ceph: stderr
2026-02-17T20:56:35.619+0000 7fd3d914f640 1 -- 10.20.193.104:0/3586437650 >> [v2:10.20.193.104:3300/0,v1:10.20.193.104:6789/0] conn(0x7fd3d41124c0 msgr2=0x7fd3d41a8150 secure :-1 s=STATE_CONNECTION_ESTABLISHED l=1).mark_down
2026-02-17T20:56:35.656 INFO:teuthology.orchestra.run.trial104.stdout:/usr/bin/ceph: stderr
2026-02-17T20:56:35.619+0000 7fd3d914f640 1 --2- 10.20.193.104:0/3586437650 >> [v2:10.20.193.104:3300/0,v1:10.20.193.104:6789/0] conn(0x7fd3d41124c0 0x7fd3d41a8150 secure :-1 s=READY pgs=25 cs=0 l=1 rev1=1 crypto rx=0x7fd3c8037c30 tx=0x7fd3c8035640 comp rx=0 tx=0).stop
2026-02-17T20:56:35.656 INFO:teuthology.orchestra.run.trial104.stdout:/usr/bin/ceph: stderr
2026-02-17T20:56:35.619+0000 7fd3d914f640 1 -- 10.20.193.104:0/3586437650 shutdown_connections
2026-02-17T20:56:35.656 INFO:teuthology.orchestra.run.trial104.stdout:/usr/bin/ceph: stderr
2026-02-17T20:56:35.619+0000 7fd3d914f640 1 --2- 10.20.193.104:0/3586437650 >> [v2:10.20.193.104:6800/3247908774,v1:10.20.193.104:6801/3247908774] conn(0x7fd3a803dba0 0x7fd3a8040060 unknown :-1 s=CLOSED pgs=0 cs=0 l=1 rev1=0 crypto rx=0 tx=0 comp rx=0 tx=0).stop
2026-02-17T20:56:35.656 INFO:teuthology.orchestra.run.trial104.stdout:/usr/bin/ceph: stderr
2026-02-17T20:56:35.619+0000 7fd3d914f640 1 --2- 10.20.193.104:0/3586437650 >> [v2:10.20.193.104:3300/0,v1:10.20.193.104:6789/0] conn(0x7fd3d41124c0 0x7fd3d41a8150 unknown :-1 s=CLOSED pgs=25 cs=0 l=1 rev1=1 crypto rx=0 tx=0 comp rx=0 tx=0).stop
2026-02-17T20:56:35.657 INFO:teuthology.orchestra.run.trial104.stdout:/usr/bin/ceph: stderr
2026-02-17T20:56:35.619+0000 7fd3d914f640 1 -- 10.20.193.104:0/3586437650 >> 10.20.193.104:0/3586437650 conn(0x7fd3d406efa0 msgr2=0x7fd3d41102d0 unknown :-1 s=STATE_NONE l=0).mark_down
2026-02-17T20:56:35.657 INFO:teuthology.orchestra.run.trial104.stdout:/usr/bin/ceph: stderr
2026-02-17T20:56:35.619+0000 7fd3d914f640 1 -- 10.20.193.104:0/3586437650 shutdown_connections
2026-02-17T20:56:35.657 INFO:teuthology.orchestra.run.trial104.stdout:/usr/bin/ceph: stderr
2026-02-17T20:56:35.619+0000 7fd3d914f640 1 -- 10.20.193.104:0/3586437650 wait complete.
2026-02-17T20:56:35.657 INFO:teuthology.orchestra.run.trial104.stdout:Waiting for the mgr to restart...
2026-02-17T20:56:35.657 INFO:teuthology.orchestra.run.trial104.stdout:Waiting for mgr epoch 5...
2026-02-17T20:56:36.468 INFO:journalctl@ceph.mon.trial104.trial104.stdout:Feb 17 20:56:36 trial104 ceph-mon[20612]: from='client.? 10.20.193.104:0/3759885240' entity='client.admin' cmd='[{"prefix": "mgr module enable", "module": "cephadm"}]': finished
2026-02-17T20:56:36.469 INFO:journalctl@ceph.mon.trial104.trial104.stdout:Feb 17 20:56:36 trial104 ceph-mon[20612]: mgrmap e5: trial104.irrhmt(active, since 3s)
2026-02-17T20:56:36.469 INFO:journalctl@ceph.mon.trial104.trial104.stdout:Feb 17 20:56:36 trial104 ceph-mon[20612]: from='client.? 10.20.193.104:0/3586437650' entity='client.admin' cmd=[{"prefix": "mgr stat"}]: dispatch
2026-02-17T20:56:38.403 INFO:journalctl@ceph.mon.trial104.trial104.stdout:Feb 17 20:56:38 trial104 ceph-mon[20612]: Active manager daemon trial104.irrhmt restarted
2026-02-17T20:56:38.404 INFO:journalctl@ceph.mon.trial104.trial104.stdout:Feb 17 20:56:38 trial104 ceph-mon[20612]: Activating manager daemon trial104.irrhmt
2026-02-17T20:56:38.404 INFO:journalctl@ceph.mon.trial104.trial104.stdout:Feb 17 20:56:38 trial104 ceph-mon[20612]: osdmap e2: 0 total, 0 up, 0 in
2026-02-17T20:56:38.404 INFO:journalctl@ceph.mon.trial104.trial104.stdout:Feb 17 20:56:38 trial104 ceph-mon[20612]: mgrmap e6: trial104.irrhmt(active, starting, since 0.00265514s)
2026-02-17T20:56:38.404 INFO:journalctl@ceph.mon.trial104.trial104.stdout:Feb 17 20:56:38 trial104 ceph-mon[20612]: from='mgr.14118 10.20.193.104:0/378309011' entity='mgr.trial104.irrhmt' cmd=[{"prefix": "mon metadata", "id": "trial104"}]: dispatch
2026-02-17T20:56:38.404 INFO:journalctl@ceph.mon.trial104.trial104.stdout:Feb 17 20:56:38 trial104 ceph-mon[20612]: from='mgr.14118 10.20.193.104:0/378309011' entity='mgr.trial104.irrhmt' cmd=[{"prefix": "mgr metadata", "who": "trial104.irrhmt", "id": "trial104.irrhmt"}]: dispatch
2026-02-17T20:56:38.404 INFO:journalctl@ceph.mon.trial104.trial104.stdout:Feb 17 20:56:38 trial104 ceph-mon[20612]: from='mgr.14118 10.20.193.104:0/378309011' entity='mgr.trial104.irrhmt' cmd=[{"prefix": "mds metadata"}]: dispatch
2026-02-17T20:56:38.405 INFO:journalctl@ceph.mon.trial104.trial104.stdout:Feb 17 20:56:38 trial104 ceph-mon[20612]: from='mgr.14118 10.20.193.104:0/378309011' entity='mgr.trial104.irrhmt' cmd=[{"prefix": "osd metadata"}]: dispatch
2026-02-17T20:56:38.405 INFO:journalctl@ceph.mon.trial104.trial104.stdout:Feb 17 20:56:38 trial104 ceph-mon[20612]: from='mgr.14118 10.20.193.104:0/378309011' entity='mgr.trial104.irrhmt' cmd=[{"prefix": "mon metadata"}]: dispatch
2026-02-17T20:56:38.405 INFO:journalctl@ceph.mon.trial104.trial104.stdout:Feb 17 20:56:38 trial104 ceph-mon[20612]: Manager daemon trial104.irrhmt is now available
2026-02-17T20:56:38.405 INFO:journalctl@ceph.mon.trial104.trial104.stdout:Feb 17 20:56:38 trial104 ceph-mon[20612]: from='mgr.14118 10.20.193.104:0/378309011' entity='mgr.trial104.irrhmt'
2026-02-17T20:56:38.405 INFO:journalctl@ceph.mon.trial104.trial104.stdout:Feb 17 20:56:38 trial104 ceph-mon[20612]: from='mgr.14118 10.20.193.104:0/378309011' entity='mgr.trial104.irrhmt'
2026-02-17T20:56:38.405 INFO:journalctl@ceph.mon.trial104.trial104.stdout:Feb 17 20:56:38 trial104 ceph-mon[20612]: from='mgr.14118 10.20.193.104:0/378309011' entity='mgr.trial104.irrhmt' cmd=[{"prefix": "config dump", "format": "json"}]: dispatch
2026-02-17T20:56:38.405 INFO:journalctl@ceph.mon.trial104.trial104.stdout:Feb 17 20:56:38 trial104 ceph-mon[20612]: from='mgr.14118 10.20.193.104:0/378309011' entity='mgr.trial104.irrhmt' cmd=[{"prefix": "config dump", "format": "json"}]: dispatch
2026-02-17T20:56:38.405 INFO:journalctl@ceph.mon.trial104.trial104.stdout:Feb 17 20:56:38 trial104 ceph-mon[20612]: from='mgr.14118 10.20.193.104:0/378309011' entity='mgr.trial104.irrhmt' cmd=[{"prefix":"config rm","who":"mgr","name":"mgr/rbd_support/trial104.irrhmt/mirror_snapshot_schedule"}]: dispatch
2026-02-17T20:56:38.406 INFO:journalctl@ceph.mon.trial104.trial104.stdout:Feb 17 20:56:38 trial104 ceph-mon[20612]: from='mgr.14118 10.20.193.104:0/378309011' entity='mgr.trial104.irrhmt' cmd=[{"prefix":"config rm","who":"mgr","name":"mgr/rbd_support/trial104.irrhmt/trash_purge_schedule"}]: dispatch
2026-02-17T20:56:39.063 INFO:teuthology.orchestra.run.trial104.stdout:/usr/bin/ceph: stdout {
2026-02-17T20:56:39.063 INFO:teuthology.orchestra.run.trial104.stdout:/usr/bin/ceph: stdout "mgrmap_epoch": 7,
2026-02-17T20:56:39.064 INFO:teuthology.orchestra.run.trial104.stdout:/usr/bin/ceph: stdout "initialized": true
2026-02-17T20:56:39.064 INFO:teuthology.orchestra.run.trial104.stdout:/usr/bin/ceph: stdout }
2026-02-17T20:56:39.064 INFO:teuthology.orchestra.run.trial104.stdout:/usr/bin/ceph: stderr
2026-02-17T20:56:35.747+0000 7fceecdd6640 1 Processor -- start
2026-02-17T20:56:39.064 INFO:teuthology.orchestra.run.trial104.stdout:/usr/bin/ceph: stderr
2026-02-17T20:56:35.747+0000 7fceecdd6640 1 -- start start
2026-02-17T20:56:39.064 INFO:teuthology.orchestra.run.trial104.stdout:/usr/bin/ceph: stderr
2026-02-17T20:56:35.747+0000 7fceecdd6640 1 --2- >> [v2:10.20.193.104:3300/0,v1:10.20.193.104:6789/0] conn(0x7fcee8109880 0x7fcee8109c80 unknown :-1 s=NONE pgs=0 cs=0 l=0 rev1=0 crypto rx=0 tx=0 comp rx=0 tx=0).connect
2026-02-17T20:56:39.064 INFO:teuthology.orchestra.run.trial104.stdout:/usr/bin/ceph: stderr
2026-02-17T20:56:35.747+0000 7fceecdd6640 1 -- --> [v2:10.20.193.104:3300/0,v1:10.20.193.104:6789/0] -- mon_getmap magic: 0 -- 0x7fcee810a250 con 0x7fcee8109880
2026-02-17T20:56:39.064 INFO:teuthology.orchestra.run.trial104.stdout:/usr/bin/ceph: stderr
2026-02-17T20:56:35.747+0000 7fcee6575640 1 --2- >> [v2:10.20.193.104:3300/0,v1:10.20.193.104:6789/0] conn(0x7fcee8109880 0x7fcee8109c80 unknown :-1 s=BANNER_CONNECTING pgs=0 cs=0 l=0 rev1=0 crypto rx=0 tx=0 comp rx=0 tx=0)._handle_peer_banner_payload supported=3 required=0
2026-02-17T20:56:39.064 INFO:teuthology.orchestra.run.trial104.stdout:/usr/bin/ceph: stderr
2026-02-17T20:56:35.747+0000 7fcee6575640 1 --2- >> [v2:10.20.193.104:3300/0,v1:10.20.193.104:6789/0] conn(0x7fcee8109880 0x7fcee8109c80 unknown :-1 s=HELLO_CONNECTING pgs=0 cs=0 l=0 rev1=1 crypto rx=0 tx=0 comp rx=0 tx=0).handle_hello peer v2:10.20.193.104:3300/0 says I am v2:10.20.193.104:33644/0 (socket says 10.20.193.104:33644)
2026-02-17T20:56:39.064 INFO:teuthology.orchestra.run.trial104.stdout:/usr/bin/ceph: stderr
2026-02-17T20:56:35.747+0000 7fcee6575640 1 -- 10.20.193.104:0/263170807 learned_addr learned my addr 10.20.193.104:0/263170807 (peer_addr_for_me v2:10.20.193.104:0/0)
2026-02-17T20:56:39.065 INFO:teuthology.orchestra.run.trial104.stdout:/usr/bin/ceph: stderr
2026-02-17T20:56:35.747+0000 7fcee6575640 1 -- 10.20.193.104:0/263170807 --> [v2:10.20.193.104:3300/0,v1:10.20.193.104:6789/0] -- mon_subscribe({config=0+,monmap=0+}) -- 0x7fcee810aa80 con 0x7fcee8109880
2026-02-17T20:56:39.065 INFO:teuthology.orchestra.run.trial104.stdout:/usr/bin/ceph: stderr
2026-02-17T20:56:35.748+0000 7fcee6575640 1 --2- 10.20.193.104:0/263170807 >> [v2:10.20.193.104:3300/0,v1:10.20.193.104:6789/0] conn(0x7fcee8109880 0x7fcee8109c80 secure :-1 s=READY pgs=26 cs=0 l=1 rev1=1 crypto rx=0x7fcedc009920 tx=0x7fcedc02ef20 comp rx=0 tx=0).ready entity=mon.0 client_cookie=f113529c12df7e83 server_cookie=0 in_seq=0 out_seq=0
2026-02-17T20:56:39.065 INFO:teuthology.orchestra.run.trial104.stdout:/usr/bin/ceph: stderr
2026-02-17T20:56:35.748+0000 7fcee5573640 1 -- 10.20.193.104:0/263170807 <== mon.0 v2:10.20.193.104:3300/0 1 ==== mon_map magic: 0 ==== 226+0+0 (secure 0 0 0) 0x7fcedc03c070 con 0x7fcee8109880
2026-02-17T20:56:39.065 INFO:teuthology.orchestra.run.trial104.stdout:/usr/bin/ceph: stderr
2026-02-17T20:56:35.748+0000 7fcee5573640 1 -- 10.20.193.104:0/263170807 <== mon.0 v2:10.20.193.104:3300/0 2 ==== config(25 keys) ==== 1007+0+0 (secure 0 0 0) 0x7fcedc02fe00 con 0x7fcee8109880
2026-02-17T20:56:39.065 INFO:teuthology.orchestra.run.trial104.stdout:/usr/bin/ceph: stderr
2026-02-17T20:56:35.748+0000 7fcee5573640 1 -- 10.20.193.104:0/263170807 <== mon.0 v2:10.20.193.104:3300/0 3 ==== mon_map magic: 0 ==== 226+0+0 (secure 0 0 0) 0x7fcedc035340 con 0x7fcee8109880
2026-02-17T20:56:39.065 INFO:teuthology.orchestra.run.trial104.stdout:/usr/bin/ceph: stderr
2026-02-17T20:56:35.748+0000 7fceecdd6640 1 -- 10.20.193.104:0/263170807 >> [v2:10.20.193.104:3300/0,v1:10.20.193.104:6789/0] conn(0x7fcee8109880 msgr2=0x7fcee8109c80 secure :-1 s=STATE_CONNECTION_ESTABLISHED l=1).mark_down
2026-02-17T20:56:39.065 INFO:teuthology.orchestra.run.trial104.stdout:/usr/bin/ceph: stderr
2026-02-17T20:56:35.748+0000 7fceecdd6640 1 --2- 10.20.193.104:0/263170807 >> [v2:10.20.193.104:3300/0,v1:10.20.193.104:6789/0] conn(0x7fcee8109880 0x7fcee8109c80 secure :-1 s=READY pgs=26 cs=0 l=1 rev1=1 crypto rx=0x7fcedc009920 tx=0x7fcedc02ef20 comp rx=0 tx=0).stop
2026-02-17T20:56:39.065 INFO:teuthology.orchestra.run.trial104.stdout:/usr/bin/ceph: stderr
2026-02-17T20:56:35.748+0000 7fceecdd6640 1 -- 10.20.193.104:0/263170807 shutdown_connections
2026-02-17T20:56:39.065 INFO:teuthology.orchestra.run.trial104.stdout:/usr/bin/ceph: stderr
2026-02-17T20:56:35.748+0000 7fceecdd6640 1 --2- 10.20.193.104:0/263170807 >> [v2:10.20.193.104:3300/0,v1:10.20.193.104:6789/0] conn(0x7fcee8109880 0x7fcee8109c80 unknown :-1 s=CLOSED pgs=26 cs=0 l=1 rev1=1 crypto rx=0 tx=0 comp rx=0 tx=0).stop
2026-02-17T20:56:39.065 INFO:teuthology.orchestra.run.trial104.stdout:/usr/bin/ceph: stderr
2026-02-17T20:56:35.748+0000 7fceecdd6640 1 -- 10.20.193.104:0/263170807 >> 10.20.193.104:0/263170807 conn(0x7fcee807cf00 msgr2=0x7fcee807d310 unknown :-1 s=STATE_NONE l=0).mark_down
2026-02-17T20:56:39.065 INFO:teuthology.orchestra.run.trial104.stdout:/usr/bin/ceph: stderr
2026-02-17T20:56:35.748+0000 7fceecdd6640 1 -- 10.20.193.104:0/263170807 shutdown_connections
2026-02-17T20:56:39.065 INFO:teuthology.orchestra.run.trial104.stdout:/usr/bin/ceph: stderr
2026-02-17T20:56:35.748+0000 7fceecdd6640 1 -- 10.20.193.104:0/263170807 wait complete.
2026-02-17T20:56:39.066 INFO:teuthology.orchestra.run.trial104.stdout:/usr/bin/ceph: stderr
2026-02-17T20:56:35.748+0000 7fceecdd6640 1 Processor -- start
2026-02-17T20:56:39.066 INFO:teuthology.orchestra.run.trial104.stdout:/usr/bin/ceph: stderr
2026-02-17T20:56:35.748+0000 7fceecdd6640 1 -- start start
2026-02-17T20:56:39.066 INFO:teuthology.orchestra.run.trial104.stdout:/usr/bin/ceph: stderr
2026-02-17T20:56:35.748+0000 7fceecdd6640 1 --2- >> [v2:10.20.193.104:3300/0,v1:10.20.193.104:6789/0] conn(0x7fcee8109880 0x7fcee819f790 unknown :-1 s=NONE pgs=0 cs=0 l=1 rev1=0 crypto rx=0 tx=0 comp rx=0 tx=0).connect
2026-02-17T20:56:39.066 INFO:teuthology.orchestra.run.trial104.stdout:/usr/bin/ceph: stderr
2026-02-17T20:56:35.748+0000 7fceecdd6640 1 -- --> [v2:10.20.193.104:3300/0,v1:10.20.193.104:6789/0] -- mon_getmap magic: 0 -- 0x7fcee810dcb0 con 0x7fcee8109880
2026-02-17T20:56:39.066 INFO:teuthology.orchestra.run.trial104.stdout:/usr/bin/ceph: stderr
2026-02-17T20:56:35.749+0000 7fcee6575640 1 --2- >> [v2:10.20.193.104:3300/0,v1:10.20.193.104:6789/0] conn(0x7fcee8109880 0x7fcee819f790 unknown :-1 s=BANNER_CONNECTING pgs=0 cs=0 l=1 rev1=0 crypto rx=0 tx=0 comp rx=0 tx=0)._handle_peer_banner_payload supported=3 required=0
2026-02-17T20:56:39.066 INFO:teuthology.orchestra.run.trial104.stdout:/usr/bin/ceph: stderr
2026-02-17T20:56:35.749+0000 7fcee6575640 1 --2- >> [v2:10.20.193.104:3300/0,v1:10.20.193.104:6789/0] conn(0x7fcee8109880 0x7fcee819f790 unknown :-1 s=HELLO_CONNECTING pgs=0 cs=0 l=1 rev1=1 crypto rx=0 tx=0 comp rx=0 tx=0).handle_hello peer v2:10.20.193.104:3300/0 says I am v2:10.20.193.104:33652/0 (socket says 10.20.193.104:33652)
2026-02-17T20:56:39.066 INFO:teuthology.orchestra.run.trial104.stdout:/usr/bin/ceph: stderr
2026-02-17T20:56:35.749+0000 7fcee6575640 1 -- 10.20.193.104:0/1320947283 learned_addr learned my addr 10.20.193.104:0/1320947283 (peer_addr_for_me v2:10.20.193.104:0/0)
2026-02-17T20:56:39.066 INFO:teuthology.orchestra.run.trial104.stdout:/usr/bin/ceph: stderr
2026-02-17T20:56:35.749+0000 7fcee6575640 1 -- 10.20.193.104:0/1320947283 --> [v2:10.20.193.104:3300/0,v1:10.20.193.104:6789/0] -- mon_subscribe({config=0+,monmap=0+}) -- 0x7fcee819fcd0 con 0x7fcee8109880
2026-02-17T20:56:39.066 INFO:teuthology.orchestra.run.trial104.stdout:/usr/bin/ceph: stderr
2026-02-17T20:56:35.749+0000 7fcee6575640 1 --2- 10.20.193.104:0/1320947283 >> [v2:10.20.193.104:3300/0,v1:10.20.193.104:6789/0] conn(0x7fcee8109880 0x7fcee819f790 secure :-1 s=READY pgs=27 cs=0 l=1 rev1=1 crypto rx=0x7fcedc037b20 tx=0x7fcedc0358c0 comp rx=0 tx=0).ready entity=mon.0 client_cookie=0 server_cookie=0 in_seq=0 out_seq=0
2026-02-17T20:56:39.066 INFO:teuthology.orchestra.run.trial104.stdout:/usr/bin/ceph: stderr
2026-02-17T20:56:35.749+0000 7fcecf7fe640 1 -- 10.20.193.104:0/1320947283 <== mon.0 v2:10.20.193.104:3300/0 1 ==== mon_map magic: 0 ==== 226+0+0 (secure 0 0 0) 0x7fcedc035c10 con 0x7fcee8109880
2026-02-17T20:56:39.066 INFO:teuthology.orchestra.run.trial104.stdout:/usr/bin/ceph: stderr
2026-02-17T20:56:35.749+0000 7fcecf7fe640 1 -- 10.20.193.104:0/1320947283 <== mon.0 v2:10.20.193.104:3300/0 2 ==== config(25 keys) ==== 1007+0+0 (secure 0 0 0) 0x7fcedc035db0 con 0x7fcee8109880
2026-02-17T20:56:39.066 INFO:teuthology.orchestra.run.trial104.stdout:/usr/bin/ceph: stderr
2026-02-17T20:56:35.749+0000 7fcecf7fe640 1 -- 10.20.193.104:0/1320947283 <== mon.0 v2:10.20.193.104:3300/0 3 ==== mon_map magic: 0 ==== 226+0+0 (secure 0 0 0) 0x7fcedc0413a0 con 0x7fcee8109880
2026-02-17T20:56:39.066 INFO:teuthology.orchestra.run.trial104.stdout:/usr/bin/ceph: stderr
2026-02-17T20:56:35.749+0000 7fceecdd6640 1 -- 10.20.193.104:0/1320947283 --> [v2:10.20.193.104:3300/0,v1:10.20.193.104:6789/0] -- mon_subscribe({mgrmap=0+}) -- 0x7fcee819ff60 con 0x7fcee8109880
2026-02-17T20:56:39.067 INFO:teuthology.orchestra.run.trial104.stdout:/usr/bin/ceph: stderr
2026-02-17T20:56:35.749+0000 7fceecdd6640 1 -- 10.20.193.104:0/1320947283 --> [v2:10.20.193.104:3300/0,v1:10.20.193.104:6789/0] -- mon_subscribe({osdmap=0}) -- 0x7fcee81a2c50 con 0x7fcee8109880
2026-02-17T20:56:39.067 INFO:teuthology.orchestra.run.trial104.stdout:/usr/bin/ceph: stderr
2026-02-17T20:56:35.749+0000 7fcecf7fe640 1 -- 10.20.193.104:0/1320947283 <== mon.0 v2:10.20.193.104:3300/0 4 ==== mgrmap(e 5) ==== 50261+0+0 (secure 0 0 0) 0x7fcedc0423f0 con 0x7fcee8109880
2026-02-17T20:56:39.067 INFO:teuthology.orchestra.run.trial104.stdout:/usr/bin/ceph: stderr
2026-02-17T20:56:35.750+0000 7fcecf7fe640 1 --2- 10.20.193.104:0/1320947283 >> [v2:10.20.193.104:6800/3247908774,v1:10.20.193.104:6801/3247908774] conn(0x7fcec003dbf0 0x7fcec00400b0 unknown :-1 s=NONE pgs=0 cs=0 l=1 rev1=0 crypto rx=0 tx=0 comp rx=0 tx=0).connect
2026-02-17T20:56:39.067 INFO:teuthology.orchestra.run.trial104.stdout:/usr/bin/ceph: stderr
2026-02-17T20:56:35.750+0000 7fcecf7fe640 1 -- 10.20.193.104:0/1320947283 --> [v2:10.20.193.104:6800/3247908774,v1:10.20.193.104:6801/3247908774] -- command(tid 0: {"prefix": "get_command_descriptions"}) -- 0x7fcec00407c0 con 0x7fcec003dbf0
2026-02-17T20:56:39.067 INFO:teuthology.orchestra.run.trial104.stdout:/usr/bin/ceph: stderr
2026-02-17T20:56:35.750+0000 7fcee5d74640 1 -- 10.20.193.104:0/1320947283 >> [v2:10.20.193.104:6800/3247908774,v1:10.20.193.104:6801/3247908774] conn(0x7fcec003dbf0 msgr2=0x7fcec00400b0 unknown :-1 s=STATE_CONNECTING_RE l=1).process reconnect failed to v2:10.20.193.104:6800/3247908774
2026-02-17T20:56:39.067 INFO:teuthology.orchestra.run.trial104.stdout:/usr/bin/ceph: stderr
2026-02-17T20:56:35.750+0000 7fcecf7fe640 1 -- 10.20.193.104:0/1320947283 <== mon.0 v2:10.20.193.104:3300/0 5 ==== osd_map(1..1 src has 1..1) ==== 725+0+0 (secure 0 0 0) 0x7fcedc0763c0 con 0x7fcee8109880
2026-02-17T20:56:39.067 INFO:teuthology.orchestra.run.trial104.stdout:/usr/bin/ceph: stderr
2026-02-17T20:56:35.750+0000 7fcee5d74640 1 --2- 10.20.193.104:0/1320947283 >> [v2:10.20.193.104:6800/3247908774,v1:10.20.193.104:6801/3247908774] conn(0x7fcec003dbf0 0x7fcec00400b0 unknown :-1 s=START_CONNECT pgs=0 cs=0 l=1 rev1=0 crypto rx=0 tx=0 comp rx=0 tx=0)._fault waiting 0.200000
2026-02-17T20:56:39.067 INFO:teuthology.orchestra.run.trial104.stdout:/usr/bin/ceph: stderr
2026-02-17T20:56:35.951+0000 7fcee5d74640 1 -- 10.20.193.104:0/1320947283 >> [v2:10.20.193.104:6800/3247908774,v1:10.20.193.104:6801/3247908774] conn(0x7fcec003dbf0 msgr2=0x7fcec00400b0 unknown :-1 s=STATE_CONNECTING_RE l=1).process reconnect failed to v2:10.20.193.104:6800/3247908774
2026-02-17T20:56:39.067 INFO:teuthology.orchestra.run.trial104.stdout:/usr/bin/ceph: stderr
2026-02-17T20:56:35.951+0000 7fcee5d74640 1 --2- 10.20.193.104:0/1320947283 >> [v2:10.20.193.104:6800/3247908774,v1:10.20.193.104:6801/3247908774] conn(0x7fcec003dbf0 0x7fcec00400b0 unknown :-1 s=START_CONNECT pgs=0 cs=0 l=1 rev1=0 crypto rx=0 tx=0 comp rx=0 tx=0)._fault waiting 0.400000
2026-02-17T20:56:39.067 INFO:teuthology.orchestra.run.trial104.stdout:/usr/bin/ceph: stderr
2026-02-17T20:56:36.352+0000 7fcee5d74640 1 -- 10.20.193.104:0/1320947283 >> [v2:10.20.193.104:6800/3247908774,v1:10.20.193.104:6801/3247908774] conn(0x7fcec003dbf0 msgr2=0x7fcec00400b0 unknown :-1 s=STATE_CONNECTING_RE l=1).process reconnect failed to v2:10.20.193.104:6800/3247908774
2026-02-17T20:56:39.067 INFO:teuthology.orchestra.run.trial104.stdout:/usr/bin/ceph: stderr
2026-02-17T20:56:36.352+0000 7fcee5d74640 1 --2- 10.20.193.104:0/1320947283 >> [v2:10.20.193.104:6800/3247908774,v1:10.20.193.104:6801/3247908774] conn(0x7fcec003dbf0 0x7fcec00400b0 unknown :-1 s=START_CONNECT pgs=0 cs=0 l=1 rev1=0 crypto rx=0 tx=0 comp rx=0 tx=0)._fault waiting 0.800000
2026-02-17T20:56:39.067 INFO:teuthology.orchestra.run.trial104.stdout:/usr/bin/ceph: stderr
2026-02-17T20:56:37.153+0000 7fcee5d74640 1 -- 10.20.193.104:0/1320947283 >> [v2:10.20.193.104:6800/3247908774,v1:10.20.193.104:6801/3247908774] conn(0x7fcec003dbf0 msgr2=0x7fcec00400b0 unknown :-1 s=STATE_CONNECTING_RE l=1).process reconnect failed to v2:10.20.193.104:6800/3247908774
2026-02-17T20:56:39.068 INFO:teuthology.orchestra.run.trial104.stdout:/usr/bin/ceph: stderr
2026-02-17T20:56:37.153+0000 7fcee5d74640 1 --2- 10.20.193.104:0/1320947283 >> [v2:10.20.193.104:6800/3247908774,v1:10.20.193.104:6801/3247908774] conn(0x7fcec003dbf0 0x7fcec00400b0 unknown :-1 s=START_CONNECT pgs=0 cs=0 l=1 rev1=0 crypto rx=0 tx=0 comp rx=0 tx=0)._fault waiting 1.600000
2026-02-17T20:56:39.068 INFO:teuthology.orchestra.run.trial104.stdout:/usr/bin/ceph: stderr
2026-02-17T20:56:38.014+0000 7fcecf7fe640 1 -- 10.20.193.104:0/1320947283 <== mon.0 v2:10.20.193.104:3300/0 6 ==== mgrmap(e 6) ==== 50028+0+0 (secure 0 0 0) 0x7fcedc0751c0 con 0x7fcee8109880
2026-02-17T20:56:39.068 INFO:teuthology.orchestra.run.trial104.stdout:/usr/bin/ceph: stderr
2026-02-17T20:56:38.014+0000 7fcecf7fe640 1 -- 10.20.193.104:0/1320947283 >> [v2:10.20.193.104:6800/3247908774,v1:10.20.193.104:6801/3247908774] conn(0x7fcec003dbf0 msgr2=0x7fcec00400b0 unknown :-1 s=STATE_CONNECTING l=1).mark_down
2026-02-17T20:56:39.068 INFO:teuthology.orchestra.run.trial104.stdout:/usr/bin/ceph: stderr
2026-02-17T20:56:38.014+0000 7fcecf7fe640 1 --2- 10.20.193.104:0/1320947283 >> [v2:10.20.193.104:6800/3247908774,v1:10.20.193.104:6801/3247908774] conn(0x7fcec003dbf0 0x7fcec00400b0 unknown :-1 s=START_CONNECT pgs=0 cs=0 l=1 rev1=0 crypto rx=0 tx=0 comp rx=0 tx=0).stop
2026-02-17T20:56:39.068 INFO:teuthology.orchestra.run.trial104.stdout:/usr/bin/ceph: stderr
2026-02-17T20:56:39.015+0000 7fcecf7fe640 1 -- 10.20.193.104:0/1320947283 <== mon.0 v2:10.20.193.104:3300/0 7 ==== mgrmap(e 7) ==== 50155+0+0 (secure 0 0 0) 0x7fcedc0758c0 con 0x7fcee8109880
2026-02-17T20:56:39.068 INFO:teuthology.orchestra.run.trial104.stdout:/usr/bin/ceph: stderr
2026-02-17T20:56:39.015+0000 7fcecf7fe640 1 --2- 10.20.193.104:0/1320947283 >> [v2:10.20.193.104:6800/95322277,v1:10.20.193.104:6801/95322277] conn(0x7fcec0041540 0x7fcec0043930 unknown :-1 s=NONE pgs=0 cs=0 l=1 rev1=0 crypto rx=0 tx=0 comp rx=0 tx=0).connect
2026-02-17T20:56:39.068 INFO:teuthology.orchestra.run.trial104.stdout:/usr/bin/ceph: stderr
2026-02-17T20:56:39.015+0000 7fcecf7fe640 1 -- 10.20.193.104:0/1320947283 --> [v2:10.20.193.104:6800/95322277,v1:10.20.193.104:6801/95322277] -- command(tid 0: {"prefix": "get_command_descriptions"}) -- 0x7fcedc040ad0 con 0x7fcec0041540
2026-02-17T20:56:39.068 INFO:teuthology.orchestra.run.trial104.stdout:/usr/bin/ceph: stderr
2026-02-17T20:56:39.015+0000 7fcee5d74640 1 --2- 10.20.193.104:0/1320947283 >> [v2:10.20.193.104:6800/95322277,v1:10.20.193.104:6801/95322277] conn(0x7fcec0041540 0x7fcec0043930 unknown :-1 s=BANNER_CONNECTING pgs=0 cs=0 l=1 rev1=0 crypto rx=0 tx=0 comp rx=0 tx=0)._handle_peer_banner_payload supported=3 required=0
2026-02-17T20:56:39.068 INFO:teuthology.orchestra.run.trial104.stdout:/usr/bin/ceph: stderr
2026-02-17T20:56:39.015+0000 7fcee5d74640 1 --2- 10.20.193.104:0/1320947283 >> [v2:10.20.193.104:6800/95322277,v1:10.20.193.104:6801/95322277] conn(0x7fcec0041540 0x7fcec0043930 secure :-1 s=READY pgs=1 cs=0 l=1 rev1=1 crypto rx=0x7fced0003a80 tx=0x7fced00092b0 comp rx=0 tx=0).ready entity=mgr.14118 client_cookie=0 server_cookie=0 in_seq=0 out_seq=0
2026-02-17T20:56:39.068 INFO:teuthology.orchestra.run.trial104.stdout:/usr/bin/ceph: stderr
2026-02-17T20:56:39.016+0000 7fcecf7fe640 1 -- 10.20.193.104:0/1320947283 <== mgr.14118 v2:10.20.193.104:6800/95322277 1 ==== command_reply(tid 0: 0 ) ==== 8+0+8901 (secure 0 0 0) 0x7fcedc040ad0 con 0x7fcec0041540
2026-02-17T20:56:39.068 INFO:teuthology.orchestra.run.trial104.stdout:/usr/bin/ceph: stderr
2026-02-17T20:56:39.019+0000 7fceecdd6640 1 -- 10.20.193.104:0/1320947283 --> [v2:10.20.193.104:6800/95322277,v1:10.20.193.104:6801/95322277] -- command(tid 1: {"prefix": "mgr_status"}) -- 0x7fcee8109d00 con 0x7fcec0041540
2026-02-17T20:56:39.069 INFO:teuthology.orchestra.run.trial104.stdout:/usr/bin/ceph: stderr
2026-02-17T20:56:39.019+0000 7fcecf7fe640 1 -- 10.20.193.104:0/1320947283 <== mgr.14118 v2:10.20.193.104:6800/95322277 2 ==== command_reply(tid 1: 0 ) ==== 8+0+51 (secure 0 0 0) 0x7fcee8109d00 con 0x7fcec0041540
2026-02-17T20:56:39.069 INFO:teuthology.orchestra.run.trial104.stdout:/usr/bin/ceph: stderr
2026-02-17T20:56:39.019+0000 7fceecdd6640 1 -- 10.20.193.104:0/1320947283 >> [v2:10.20.193.104:6800/95322277,v1:10.20.193.104:6801/95322277] conn(0x7fcec0041540 msgr2=0x7fcec0043930 secure :-1 s=STATE_CONNECTION_ESTABLISHED l=1).mark_down
2026-02-17T20:56:39.069 INFO:teuthology.orchestra.run.trial104.stdout:/usr/bin/ceph: stderr
2026-02-17T20:56:39.019+0000 7fceecdd6640 1 --2- 10.20.193.104:0/1320947283 >> [v2:10.20.193.104:6800/95322277,v1:10.20.193.104:6801/95322277] conn(0x7fcec0041540 0x7fcec0043930 secure :-1 s=READY pgs=1 cs=0 l=1 rev1=1 crypto rx=0x7fced0003a80 tx=0x7fced00092b0 comp rx=0 tx=0).stop
2026-02-17T20:56:39.069 INFO:teuthology.orchestra.run.trial104.stdout:/usr/bin/ceph: stderr
2026-02-17T20:56:39.019+0000 7fceecdd6640 1 -- 10.20.193.104:0/1320947283 >> [v2:10.20.193.104:3300/0,v1:10.20.193.104:6789/0] conn(0x7fcee8109880 msgr2=0x7fcee819f790 secure :-1 s=STATE_CONNECTION_ESTABLISHED l=1).mark_down
2026-02-17T20:56:39.069 INFO:teuthology.orchestra.run.trial104.stdout:/usr/bin/ceph: stderr
