2026-02-17T21:22:36.280+0000 7fa4c2207640 1 --2- 10.20.193.129:0/152715230 >> [v2:10.20.193.129:3300/0,v1:10.20.193.129:6789/0] conn(0x7fa4bc1109b0 0x7fa4bc06f470 secure :-1 s=READY pgs=38 cs=0 l=1 rev1=1 crypto rx=0x7fa4ac037cd0 tx=0x7fa4ac037b90 comp rx=0 tx=0).stop
2026-02-17T21:22:36.361 INFO:teuthology.orchestra.run.trial129.stdout:/usr/bin/ceph: stderr
2026-02-17T21:22:36.280+0000 7fa4c2207640 1 -- 10.20.193.129:0/152715230 shutdown_connections
2026-02-17T21:22:36.361 INFO:teuthology.orchestra.run.trial129.stdout:/usr/bin/ceph: stderr
2026-02-17T21:22:36.280+0000 7fa4c2207640 1 --2- 10.20.193.129:0/152715230 >> [v2:10.20.193.129:6800/544311954,v1:10.20.193.129:6801/544311954] conn(0x7fa49803db20 0x7fa49803ffe0 unknown :-1 s=CLOSED pgs=8 cs=0 l=1 rev1=1 crypto rx=0 tx=0 comp rx=0 tx=0).stop
2026-02-17T21:22:36.361 INFO:teuthology.orchestra.run.trial129.stdout:/usr/bin/ceph: stderr
2026-02-17T21:22:36.280+0000 7fa4c2207640 1 --2- 10.20.193.129:0/152715230 >> [v2:10.20.193.129:3300/0,v1:10.20.193.129:6789/0] conn(0x7fa4bc1109b0 0x7fa4bc06f470 unknown :-1 s=CLOSED pgs=38 cs=0 l=1 rev1=1 crypto rx=0 tx=0 comp rx=0 tx=0).stop
2026-02-17T21:22:36.361 INFO:teuthology.orchestra.run.trial129.stdout:/usr/bin/ceph: stderr
2026-02-17T21:22:36.280+0000 7fa4c2207640 1 -- 10.20.193.129:0/152715230 >> 10.20.193.129:0/152715230 conn(0x7fa4bc071470 msgr2=0x7fa4bc0730c0 unknown :-1 s=STATE_NONE l=0).mark_down
2026-02-17T21:22:36.361 INFO:teuthology.orchestra.run.trial129.stdout:/usr/bin/ceph: stderr
2026-02-17T21:22:36.280+0000 7fa4c2207640 1 -- 10.20.193.129:0/152715230 shutdown_connections
2026-02-17T21:22:36.361 INFO:teuthology.orchestra.run.trial129.stdout:/usr/bin/ceph: stderr
2026-02-17T21:22:36.280+0000 7fa4c2207640 1 -- 10.20.193.129:0/152715230 wait complete.
2026-02-17T21:22:36.361 INFO:teuthology.orchestra.run.trial129.stdout:Generating ssh key...
2026-02-17T21:22:36.702 INFO:journalctl@ceph.mgr.x.trial129.stdout:Feb 17 21:22:36 trial129 ceph-b1a8fb23-0c46-11f1-a183-d404e6e7d460-mgr-x[22934]: Generating public/private ed25519 key pair.
2026-02-17T21:22:36.702 INFO:journalctl@ceph.mgr.x.trial129.stdout:Feb 17 21:22:36 trial129 ceph-b1a8fb23-0c46-11f1-a183-d404e6e7d460-mgr-x[22934]: Your identification has been saved in /tmp/tmpc8bqigpw/key
2026-02-17T21:22:36.702 INFO:journalctl@ceph.mgr.x.trial129.stdout:Feb 17 21:22:36 trial129 ceph-b1a8fb23-0c46-11f1-a183-d404e6e7d460-mgr-x[22934]: Your public key has been saved in /tmp/tmpc8bqigpw/key.pub
2026-02-17T21:22:36.702 INFO:journalctl@ceph.mgr.x.trial129.stdout:Feb 17 21:22:36 trial129 ceph-b1a8fb23-0c46-11f1-a183-d404e6e7d460-mgr-x[22934]: The key fingerprint is:
2026-02-17T21:22:36.702 INFO:journalctl@ceph.mgr.x.trial129.stdout:Feb 17 21:22:36 trial129 ceph-b1a8fb23-0c46-11f1-a183-d404e6e7d460-mgr-x[22934]: SHA256:bPF4nvjupX95qlhCjbQ7TB+ZsQXeUjspNy6bkEeTxuM ceph-b1a8fb23-0c46-11f1-a183-d404e6e7d460
2026-02-17T21:22:36.702 INFO:journalctl@ceph.mgr.x.trial129.stdout:Feb 17 21:22:36 trial129 ceph-b1a8fb23-0c46-11f1-a183-d404e6e7d460-mgr-x[22934]: The key's randomart image is:
2026-02-17T21:22:36.702 INFO:journalctl@ceph.mgr.x.trial129.stdout:Feb 17 21:22:36 trial129 ceph-b1a8fb23-0c46-11f1-a183-d404e6e7d460-mgr-x[22934]: +--[ED25519 256]--+
2026-02-17T21:22:36.702 INFO:journalctl@ceph.mgr.x.trial129.stdout:Feb 17 21:22:36 trial129 ceph-b1a8fb23-0c46-11f1-a183-d404e6e7d460-mgr-x[22934]: | . . |
2026-02-17T21:22:36.702 INFO:journalctl@ceph.mgr.x.trial129.stdout:Feb 17 21:22:36 trial129 ceph-b1a8fb23-0c46-11f1-a183-d404e6e7d460-mgr-x[22934]: | o = o |
2026-02-17T21:22:36.702 INFO:journalctl@ceph.mgr.x.trial129.stdout:Feb 17 21:22:36 trial129 ceph-b1a8fb23-0c46-11f1-a183-d404e6e7d460-mgr-x[22934]: | . . % O |
2026-02-17T21:22:36.702 INFO:journalctl@ceph.mgr.x.trial129.stdout:Feb 17 21:22:36 trial129 ceph-b1a8fb23-0c46-11f1-a183-d404e6e7d460-mgr-x[22934]: | . = O & o |
2026-02-17T21:22:36.703 INFO:journalctl@ceph.mgr.x.trial129.stdout:Feb 17 21:22:36 trial129 ceph-b1a8fb23-0c46-11f1-a183-d404e6e7d460-mgr-x[22934]: | S X E . |
2026-02-17T21:22:36.703 INFO:journalctl@ceph.mgr.x.trial129.stdout:Feb 17 21:22:36 trial129 ceph-b1a8fb23-0c46-11f1-a183-d404e6e7d460-mgr-x[22934]: | . B * = |
2026-02-17T21:22:36.703 INFO:journalctl@ceph.mgr.x.trial129.stdout:Feb 17 21:22:36 trial129 ceph-b1a8fb23-0c46-11f1-a183-d404e6e7d460-mgr-x[22934]: | . B * . |
2026-02-17T21:22:36.703 INFO:journalctl@ceph.mgr.x.trial129.stdout:Feb 17 21:22:36 trial129 ceph-b1a8fb23-0c46-11f1-a183-d404e6e7d460-mgr-x[22934]: | . B o .|
2026-02-17T21:22:36.703 INFO:journalctl@ceph.mgr.x.trial129.stdout:Feb 17 21:22:36 trial129 ceph-b1a8fb23-0c46-11f1-a183-d404e6e7d460-mgr-x[22934]: | o*.oo.o |
2026-02-17T21:22:36.703 INFO:journalctl@ceph.mgr.x.trial129.stdout:Feb 17 21:22:36 trial129 ceph-b1a8fb23-0c46-11f1-a183-d404e6e7d460-mgr-x[22934]: +----[SHA256]-----+
2026-02-17T21:22:36.725 INFO:teuthology.orchestra.run.trial129.stdout:/usr/bin/ceph: stderr
2026-02-17T21:22:36.508+0000 7f6462770640 1 Processor -- start
2026-02-17T21:22:36.725 INFO:teuthology.orchestra.run.trial129.stdout:/usr/bin/ceph: stderr
2026-02-17T21:22:36.508+0000 7f6462770640 1 -- start start
2026-02-17T21:22:36.725 INFO:teuthology.orchestra.run.trial129.stdout:/usr/bin/ceph: stderr
2026-02-17T21:22:36.508+0000 7f6462770640 1 --2- >> [v2:10.20.193.129:3300/0,v1:10.20.193.129:6789/0] conn(0x7f645c112c90 0x7f645c113090 unknown :-1 s=NONE pgs=0 cs=0 l=0 rev1=0 crypto rx=0 tx=0 comp rx=0 tx=0).connect
2026-02-17T21:22:36.725 INFO:teuthology.orchestra.run.trial129.stdout:/usr/bin/ceph: stderr
2026-02-17T21:22:36.508+0000 7f6462770640 1 -- --> [v2:10.20.193.129:3300/0,v1:10.20.193.129:6789/0] -- mon_getmap magic: 0 -- 0x7f645c113660 con 0x7f645c112c90
2026-02-17T21:22:36.725 INFO:teuthology.orchestra.run.trial129.stdout:/usr/bin/ceph: stderr
2026-02-17T21:22:36.508+0000 7f646176e640 1 --2- >> [v2:10.20.193.129:3300/0,v1:10.20.193.129:6789/0] conn(0x7f645c112c90 0x7f645c113090 unknown :-1 s=BANNER_CONNECTING pgs=0 cs=0 l=0 rev1=0 crypto rx=0 tx=0 comp rx=0 tx=0)._handle_peer_banner_payload supported=3 required=0
2026-02-17T21:22:36.725 INFO:teuthology.orchestra.run.trial129.stdout:/usr/bin/ceph: stderr
2026-02-17T21:22:36.508+0000 7f646176e640 1 --2- >> [v2:10.20.193.129:3300/0,v1:10.20.193.129:6789/0] conn(0x7f645c112c90 0x7f645c113090 unknown :-1 s=HELLO_CONNECTING pgs=0 cs=0 l=0 rev1=1 crypto rx=0 tx=0 comp rx=0 tx=0).handle_hello peer v2:10.20.193.129:3300/0 says I am v2:10.20.193.129:36498/0 (socket says 10.20.193.129:36498)
2026-02-17T21:22:36.726 INFO:teuthology.orchestra.run.trial129.stdout:/usr/bin/ceph: stderr
2026-02-17T21:22:36.508+0000 7f646176e640 1 -- 10.20.193.129:0/2522537183 learned_addr learned my addr 10.20.193.129:0/2522537183 (peer_addr_for_me v2:10.20.193.129:0/0)
2026-02-17T21:22:36.726 INFO:teuthology.orchestra.run.trial129.stdout:/usr/bin/ceph: stderr
2026-02-17T21:22:36.509+0000 7f646176e640 1 -- 10.20.193.129:0/2522537183 --> [v2:10.20.193.129:3300/0,v1:10.20.193.129:6789/0] -- mon_subscribe({config=0+,monmap=0+}) -- 0x7f645c113df0 con 0x7f645c112c90
2026-02-17T21:22:36.726 INFO:teuthology.orchestra.run.trial129.stdout:/usr/bin/ceph: stderr
2026-02-17T21:22:36.509+0000 7f646176e640 1 --2- 10.20.193.129:0/2522537183 >> [v2:10.20.193.129:3300/0,v1:10.20.193.129:6789/0] conn(0x7f645c112c90 0x7f645c113090 secure :-1 s=READY pgs=39 cs=0 l=1 rev1=1 crypto rx=0x7f644c009920 tx=0x7f644c02ef20 comp rx=0 tx=0).ready entity=mon.0 client_cookie=a4f71ecaa4333c70 server_cookie=0 in_seq=0 out_seq=0
2026-02-17T21:22:36.726 INFO:teuthology.orchestra.run.trial129.stdout:/usr/bin/ceph: stderr
2026-02-17T21:22:36.510+0000 7f644bfff640 1 -- 10.20.193.129:0/2522537183 <== mon.0 v2:10.20.193.129:3300/0 1 ==== mon_map magic: 0 ==== 205+0+0 (secure 0 0 0) 0x7f644c03c070 con 0x7f645c112c90
2026-02-17T21:22:36.726 INFO:teuthology.orchestra.run.trial129.stdout:/usr/bin/ceph: stderr
2026-02-17T21:22:36.510+0000 7f644bfff640 1 -- 10.20.193.129:0/2522537183 <== mon.0 v2:10.20.193.129:3300/0 2 ==== config(26 keys) ==== 1045+0+0 (secure 0 0 0) 0x7f644c037440 con 0x7f645c112c90
2026-02-17T21:22:36.726 INFO:teuthology.orchestra.run.trial129.stdout:/usr/bin/ceph: stderr
2026-02-17T21:22:36.510+0000 7f644bfff640 1 -- 10.20.193.129:0/2522537183 <== mon.0 v2:10.20.193.129:3300/0 3 ==== mon_map magic: 0 ==== 205+0+0 (secure 0 0 0) 0x7f644c0354b0 con 0x7f645c112c90
2026-02-17T21:22:36.726 INFO:teuthology.orchestra.run.trial129.stdout:/usr/bin/ceph: stderr
2026-02-17T21:22:36.510+0000 7f6462770640 1 -- 10.20.193.129:0/2522537183 >> [v2:10.20.193.129:3300/0,v1:10.20.193.129:6789/0] conn(0x7f645c112c90 msgr2=0x7f645c113090 secure :-1 s=STATE_CONNECTION_ESTABLISHED l=1).mark_down
2026-02-17T21:22:36.726 INFO:teuthology.orchestra.run.trial129.stdout:/usr/bin/ceph: stderr
2026-02-17T21:22:36.510+0000 7f6462770640 1 --2- 10.20.193.129:0/2522537183 >> [v2:10.20.193.129:3300/0,v1:10.20.193.129:6789/0] conn(0x7f645c112c90 0x7f645c113090 secure :-1 s=READY pgs=39 cs=0 l=1 rev1=1 crypto rx=0x7f644c009920 tx=0x7f644c02ef20 comp rx=0 tx=0).stop
2026-02-17T21:22:36.726 INFO:teuthology.orchestra.run.trial129.stdout:/usr/bin/ceph: stderr
2026-02-17T21:22:36.510+0000 7f6462770640 1 -- 10.20.193.129:0/2522537183 shutdown_connections
2026-02-17T21:22:36.726 INFO:teuthology.orchestra.run.trial129.stdout:/usr/bin/ceph: stderr
2026-02-17T21:22:36.510+0000 7f6462770640 1 --2- 10.20.193.129:0/2522537183 >> [v2:10.20.193.129:3300/0,v1:10.20.193.129:6789/0] conn(0x7f645c112c90 0x7f645c113090 unknown :-1 s=CLOSED pgs=39 cs=0 l=1 rev1=1 crypto rx=0 tx=0 comp rx=0 tx=0).stop
2026-02-17T21:22:36.726 INFO:teuthology.orchestra.run.trial129.stdout:/usr/bin/ceph: stderr
2026-02-17T21:22:36.510+0000 7f6462770640 1 -- 10.20.193.129:0/2522537183 >> 10.20.193.129:0/2522537183 conn(0x7f645c06e090 msgr2=0x7f645c06e4a0 unknown :-1 s=STATE_NONE l=0).mark_down
2026-02-17T21:22:36.726 INFO:teuthology.orchestra.run.trial129.stdout:/usr/bin/ceph: stderr
2026-02-17T21:22:36.510+0000 7f6462770640 1 -- 10.20.193.129:0/2522537183 shutdown_connections
2026-02-17T21:22:36.727 INFO:teuthology.orchestra.run.trial129.stdout:/usr/bin/ceph: stderr
2026-02-17T21:22:36.510+0000 7f6462770640 1 -- 10.20.193.129:0/2522537183 wait complete.
2026-02-17T21:22:36.727 INFO:teuthology.orchestra.run.trial129.stdout:/usr/bin/ceph: stderr
2026-02-17T21:22:36.511+0000 7f6462770640 1 Processor -- start
2026-02-17T21:22:36.727 INFO:teuthology.orchestra.run.trial129.stdout:/usr/bin/ceph: stderr
2026-02-17T21:22:36.511+0000 7f6462770640 1 -- start start
2026-02-17T21:22:36.727 INFO:teuthology.orchestra.run.trial129.stdout:/usr/bin/ceph: stderr
2026-02-17T21:22:36.511+0000 7f6462770640 1 --2- >> [v2:10.20.193.129:3300/0,v1:10.20.193.129:6789/0] conn(0x7f645c112c90 0x7f645c1a8ba0 unknown :-1 s=NONE pgs=0 cs=0 l=1 rev1=0 crypto rx=0 tx=0 comp rx=0 tx=0).connect
2026-02-17T21:22:36.727 INFO:teuthology.orchestra.run.trial129.stdout:/usr/bin/ceph: stderr
2026-02-17T21:22:36.511+0000 7f6462770640 1 -- --> [v2:10.20.193.129:3300/0,v1:10.20.193.129:6789/0] -- mon_getmap magic: 0 -- 0x7f645c117020 con 0x7f645c112c90
2026-02-17T21:22:36.727 INFO:teuthology.orchestra.run.trial129.stdout:/usr/bin/ceph: stderr
2026-02-17T21:22:36.511+0000 7f646176e640 1 --2- >> [v2:10.20.193.129:3300/0,v1:10.20.193.129:6789/0] conn(0x7f645c112c90 0x7f645c1a8ba0 unknown :-1 s=BANNER_CONNECTING pgs=0 cs=0 l=1 rev1=0 crypto rx=0 tx=0 comp rx=0 tx=0)._handle_peer_banner_payload supported=3 required=0
2026-02-17T21:22:36.727 INFO:teuthology.orchestra.run.trial129.stdout:/usr/bin/ceph: stderr
2026-02-17T21:22:36.511+0000 7f646176e640 1 --2- >> [v2:10.20.193.129:3300/0,v1:10.20.193.129:6789/0] conn(0x7f645c112c90 0x7f645c1a8ba0 unknown :-1 s=HELLO_CONNECTING pgs=0 cs=0 l=1 rev1=1 crypto rx=0 tx=0 comp rx=0 tx=0).handle_hello peer v2:10.20.193.129:3300/0 says I am v2:10.20.193.129:36502/0 (socket says 10.20.193.129:36502)
2026-02-17T21:22:36.727 INFO:teuthology.orchestra.run.trial129.stdout:/usr/bin/ceph: stderr
2026-02-17T21:22:36.511+0000 7f646176e640 1 -- 10.20.193.129:0/3527994648 learned_addr learned my addr 10.20.193.129:0/3527994648 (peer_addr_for_me v2:10.20.193.129:0/0)
2026-02-17T21:22:36.727 INFO:teuthology.orchestra.run.trial129.stdout:/usr/bin/ceph: stderr
2026-02-17T21:22:36.512+0000 7f646176e640 1 -- 10.20.193.129:0/3527994648 --> [v2:10.20.193.129:3300/0,v1:10.20.193.129:6789/0] -- mon_subscribe({config=0+,monmap=0+}) -- 0x7f645c1a90e0 con 0x7f645c112c90
2026-02-17T21:22:36.727 INFO:teuthology.orchestra.run.trial129.stdout:/usr/bin/ceph: stderr
2026-02-17T21:22:36.512+0000 7f646176e640 1 --2- 10.20.193.129:0/3527994648 >> [v2:10.20.193.129:3300/0,v1:10.20.193.129:6789/0] conn(0x7f645c112c90 0x7f645c1a8ba0 secure :-1 s=READY pgs=40 cs=0 l=1 rev1=1 crypto rx=0x7f644c006fd0 tx=0x7f644c037bb0 comp rx=0 tx=0).ready entity=mon.0 client_cookie=0 server_cookie=0 in_seq=0 out_seq=0
2026-02-17T21:22:36.728 INFO:teuthology.orchestra.run.trial129.stdout:/usr/bin/ceph: stderr
2026-02-17T21:22:36.512+0000 7f644a7fc640 1 -- 10.20.193.129:0/3527994648 <== mon.0 v2:10.20.193.129:3300/0 1 ==== mon_map magic: 0 ==== 205+0+0 (secure 0 0 0) 0x7f644c045070 con 0x7f645c112c90
2026-02-17T21:22:36.728 INFO:teuthology.orchestra.run.trial129.stdout:/usr/bin/ceph: stderr
2026-02-17T21:22:36.512+0000 7f644a7fc640 1 -- 10.20.193.129:0/3527994648 <== mon.0 v2:10.20.193.129:3300/0 2 ==== config(26 keys) ==== 1045+0+0 (secure 0 0 0) 0x7f644c040450 con 0x7f645c112c90
2026-02-17T21:22:36.728 INFO:teuthology.orchestra.run.trial129.stdout:/usr/bin/ceph: stderr
2026-02-17T21:22:36.512+0000 7f6462770640 1 -- 10.20.193.129:0/3527994648 --> [v2:10.20.193.129:3300/0,v1:10.20.193.129:6789/0] -- mon_subscribe({mgrmap=0+}) -- 0x7f645c1a9370 con 0x7f645c112c90
2026-02-17T21:22:36.728 INFO:teuthology.orchestra.run.trial129.stdout:/usr/bin/ceph: stderr
2026-02-17T21:22:36.512+0000 7f644a7fc640 1 -- 10.20.193.129:0/3527994648 <== mon.0 v2:10.20.193.129:3300/0 3 ==== mon_map magic: 0 ==== 205+0+0 (secure 0 0 0) 0x7f644c03c070 con 0x7f645c112c90
2026-02-17T21:22:36.728 INFO:teuthology.orchestra.run.trial129.stdout:/usr/bin/ceph: stderr
2026-02-17T21:22:36.512+0000 7f6462770640 1 -- 10.20.193.129:0/3527994648 --> [v2:10.20.193.129:3300/0,v1:10.20.193.129:6789/0] -- mon_subscribe({osdmap=0}) -- 0x7f645c1ac060 con 0x7f645c112c90
2026-02-17T21:22:36.728 INFO:teuthology.orchestra.run.trial129.stdout:/usr/bin/ceph: stderr
2026-02-17T21:22:36.513+0000 7f6462770640 1 -- 10.20.193.129:0/3527994648 --> [v2:10.20.193.129:3300/0,v1:10.20.193.129:6789/0] -- mon_command({"prefix": "get_command_descriptions"} v 0) -- 0x7f645c113110 con 0x7f645c112c90
2026-02-17T21:22:36.728 INFO:teuthology.orchestra.run.trial129.stdout:/usr/bin/ceph: stderr
2026-02-17T21:22:36.513+0000 7f644a7fc640 1 -- 10.20.193.129:0/3527994648 <== mon.0 v2:10.20.193.129:3300/0 4 ==== mgrmap(e 6) ==== 50141+0+0 (secure 0 0 0) 0x7f644c040900 con 0x7f645c112c90
2026-02-17T21:22:36.728 INFO:teuthology.orchestra.run.trial129.stdout:/usr/bin/ceph: stderr
2026-02-17T21:22:36.514+0000 7f644a7fc640 1 --2- 10.20.193.129:0/3527994648 >> [v2:10.20.193.129:6800/544311954,v1:10.20.193.129:6801/544311954] conn(0x7f643803dad0 0x7f643803ff90 unknown :-1 s=NONE pgs=0 cs=0 l=1 rev1=0 crypto rx=0 tx=0 comp rx=0 tx=0).connect
2026-02-17T21:22:36.728 INFO:teuthology.orchestra.run.trial129.stdout:/usr/bin/ceph: stderr
2026-02-17T21:22:36.514+0000 7f644a7fc640 1 -- 10.20.193.129:0/3527994648 <== mon.0 v2:10.20.193.129:3300/0 5 ==== osd_map(2..2 src has 1..2) ==== 940+0+0 (secure 0 0 0) 0x7f644c07a6c0 con 0x7f645c112c90
2026-02-17T21:22:36.728 INFO:teuthology.orchestra.run.trial129.stdout:/usr/bin/ceph: stderr
2026-02-17T21:22:36.514+0000 7f6460f6d640 1 --2- 10.20.193.129:0/3527994648 >> [v2:10.20.193.129:6800/544311954,v1:10.20.193.129:6801/544311954] conn(0x7f643803dad0 0x7f643803ff90 unknown :-1 s=BANNER_CONNECTING pgs=0 cs=0 l=1 rev1=0 crypto rx=0 tx=0 comp rx=0 tx=0)._handle_peer_banner_payload supported=3 required=0
2026-02-17T21:22:36.728 INFO:teuthology.orchestra.run.trial129.stdout:/usr/bin/ceph: stderr
2026-02-17T21:22:36.514+0000 7f6460f6d640 1 --2- 10.20.193.129:0/3527994648 >> [v2:10.20.193.129:6800/544311954,v1:10.20.193.129:6801/544311954] conn(0x7f643803dad0 0x7f643803ff90 secure :-1 s=READY pgs=9 cs=0 l=1 rev1=1 crypto rx=0x7f64500099c0 tx=0x7f6450006eb0 comp rx=0 tx=0).ready entity=mgr.14118 client_cookie=0 server_cookie=0 in_seq=0 out_seq=0
2026-02-17T21:22:36.729 INFO:teuthology.orchestra.run.trial129.stdout:/usr/bin/ceph: stderr
2026-02-17T21:22:36.516+0000 7f644a7fc640 1 -- 10.20.193.129:0/3527994648 <== mon.0 v2:10.20.193.129:3300/0 6 ==== mon_command_ack([{"prefix": "get_command_descriptions"}]=0 v0) ==== 72+0+195034 (secure 0 0 0) 0x7f644c07a070 con 0x7f645c112c90
2026-02-17T21:22:36.729 INFO:teuthology.orchestra.run.trial129.stdout:/usr/bin/ceph: stderr
2026-02-17T21:22:36.606+0000 7f6462770640 1 -- 10.20.193.129:0/3527994648 --> [v2:10.20.193.129:6800/544311954,v1:10.20.193.129:6801/544311954] -- mgr_command(tid 0: {"prefix": "cephadm generate-key", "target": ["mon-mgr", ""]}) -- 0x7f645c1157b0 con 0x7f643803dad0
2026-02-17T21:22:36.729 INFO:teuthology.orchestra.run.trial129.stdout:/usr/bin/ceph: stderr
2026-02-17T21:22:36.641+0000 7f644a7fc640 1 -- 10.20.193.129:0/3527994648 <== mgr.14118 v2:10.20.193.129:6800/544311954 1 ==== mgr_command_reply(tid 0: 0 ) ==== 8+0+0 (secure 0 0 0) 0x7f645c1157b0 con 0x7f643803dad0
2026-02-17T21:22:36.729 INFO:teuthology.orchestra.run.trial129.stdout:/usr/bin/ceph: stderr
2026-02-17T21:22:36.643+0000 7f6462770640 1 -- 10.20.193.129:0/3527994648 >> [v2:10.20.193.129:6800/544311954,v1:10.20.193.129:6801/544311954] conn(0x7f643803dad0 msgr2=0x7f643803ff90 secure :-1 s=STATE_CONNECTION_ESTABLISHED l=1).mark_down
2026-02-17T21:22:36.729 INFO:teuthology.orchestra.run.trial129.stdout:/usr/bin/ceph: stderr
2026-02-17T21:22:36.643+0000 7f6462770640 1 --2- 10.20.193.129:0/3527994648 >> [v2:10.20.193.129:6800/544311954,v1:10.20.193.129:6801/544311954] conn(0x7f643803dad0 0x7f643803ff90 secure :-1 s=READY pgs=9 cs=0 l=1 rev1=1 crypto rx=0x7f64500099c0 tx=0x7f6450006eb0 comp rx=0 tx=0).stop
2026-02-17T21:22:36.729 INFO:teuthology.orchestra.run.trial129.stdout:/usr/bin/ceph: stderr
2026-02-17T21:22:36.643+0000 7f6462770640 1 -- 10.20.193.129:0/3527994648 >> [v2:10.20.193.129:3300/0,v1:10.20.193.129:6789/0] conn(0x7f645c112c90 msgr2=0x7f645c1a8ba0 secure :-1 s=STATE_CONNECTION_ESTABLISHED l=1).mark_down
2026-02-17T21:22:36.729 INFO:teuthology.orchestra.run.trial129.stdout:/usr/bin/ceph: stderr
2026-02-17T21:22:36.643+0000 7f6462770640 1 --2- 10.20.193.129:0/3527994648 >> [v2:10.20.193.129:3300/0,v1:10.20.193.129:6789/0] conn(0x7f645c112c90 0x7f645c1a8ba0 secure :-1 s=READY pgs=40 cs=0 l=1 rev1=1 crypto rx=0x7f644c006fd0 tx=0x7f644c037bb0 comp rx=0 tx=0).stop
2026-02-17T21:22:36.729 INFO:teuthology.orchestra.run.trial129.stdout:/usr/bin/ceph: stderr
2026-02-17T21:22:36.643+0000 7f6462770640 1 -- 10.20.193.129:0/3527994648 shutdown_connections
2026-02-17T21:22:36.729 INFO:teuthology.orchestra.run.trial129.stdout:/usr/bin/ceph: stderr
2026-02-17T21:22:36.643+0000 7f6462770640 1 --2- 10.20.193.129:0/3527994648 >> [v2:10.20.193.129:6800/544311954,v1:10.20.193.129:6801/544311954] conn(0x7f643803dad0 0x7f643803ff90 unknown :-1 s=CLOSED pgs=9 cs=0 l=1 rev1=1 crypto rx=0 tx=0 comp rx=0 tx=0).stop
2026-02-17T21:22:36.729 INFO:teuthology.orchestra.run.trial129.stdout:/usr/bin/ceph: stderr
2026-02-17T21:22:36.643+0000 7f6462770640 1 --2- 10.20.193.129:0/3527994648 >> [v2:10.20.193.129:3300/0,v1:10.20.193.129:6789/0] conn(0x7f645c112c90 0x7f645c1a8ba0 unknown :-1 s=CLOSED pgs=40 cs=0 l=1 rev1=1 crypto rx=0 tx=0 comp rx=0 tx=0).stop
2026-02-17T21:22:36.729 INFO:teuthology.orchestra.run.trial129.stdout:/usr/bin/ceph: stderr
2026-02-17T21:22:36.643+0000 7f6462770640 1 -- 10.20.193.129:0/3527994648 >> 10.20.193.129:0/3527994648 conn(0x7f645c06e090 msgr2=0x7f645c1150a0 unknown :-1 s=STATE_NONE l=0).mark_down
2026-02-17T21:22:36.729 INFO:teuthology.orchestra.run.trial129.stdout:/usr/bin/ceph: stderr
2026-02-17T21:22:36.643+0000 7f6462770640 1 -- 10.20.193.129:0/3527994648 shutdown_connections
2026-02-17T21:22:36.730 INFO:teuthology.orchestra.run.trial129.stdout:/usr/bin/ceph: stderr
2026-02-17T21:22:36.643+0000 7f6462770640 1 -- 10.20.193.129:0/3527994648 wait complete.
2026-02-17T21:22:36.974 INFO:journalctl@ceph.mon.a.trial129.stdout:Feb 17 21:22:36 trial129 ceph-mon[22707]: [17/Feb/2026:21:22:35] ENGINE Bus STARTING
2026-02-17T21:22:36.975 INFO:journalctl@ceph.mon.a.trial129.stdout:Feb 17 21:22:36 trial129 ceph-mon[22707]: [17/Feb/2026:21:22:35] ENGINE Serving on https://10.20.193.129:7150
2026-02-17T21:22:36.975 INFO:journalctl@ceph.mon.a.trial129.stdout:Feb 17 21:22:36 trial129 ceph-mon[22707]: [17/Feb/2026:21:22:35] ENGINE Client ('10.20.193.129', 40980) lost — peer dropped the TLS connection suddenly, during handshake: (6, 'TLS/SSL connection has been closed (EOF) (_ssl.c:1147)')
2026-02-17T21:22:36.975 INFO:journalctl@ceph.mon.a.trial129.stdout:Feb 17 21:22:36 trial129 ceph-mon[22707]: from='client.14122 -' entity='client.admin' cmd=[{"prefix": "get_command_descriptions"}]: dispatch
2026-02-17T21:22:36.975 INFO:journalctl@ceph.mon.a.trial129.stdout:Feb 17 21:22:36 trial129 ceph-mon[22707]: from='client.14122 -' entity='client.admin' cmd=[{"prefix": "mgr_status"}]: dispatch
2026-02-17T21:22:36.975 INFO:journalctl@ceph.mon.a.trial129.stdout:Feb 17 21:22:36 trial129 ceph-mon[22707]: [17/Feb/2026:21:22:35] ENGINE Serving on http://10.20.193.129:8765
2026-02-17T21:22:36.975 INFO:journalctl@ceph.mon.a.trial129.stdout:Feb 17 21:22:36 trial129 ceph-mon[22707]: [17/Feb/2026:21:22:35] ENGINE Bus STARTED
2026-02-17T21:22:36.975 INFO:journalctl@ceph.mon.a.trial129.stdout:Feb 17 21:22:36 trial129 ceph-mon[22707]: from='client.14130 -' entity='client.admin' cmd=[{"prefix": "orch set backend", "module_name": "cephadm", "target": ["mon-mgr", ""]}]: dispatch
2026-02-17T21:22:36.975 INFO:journalctl@ceph.mon.a.trial129.stdout:Feb 17 21:22:36 trial129 ceph-mon[22707]: from='mgr.14118 10.20.193.129:0/3845923161' entity='mgr.x'
2026-02-17T21:22:36.976 INFO:journalctl@ceph.mon.a.trial129.stdout:Feb 17 21:22:36 trial129 ceph-mon[22707]: from='mgr.14118 10.20.193.129:0/3845923161' entity='mgr.x'
2026-02-17T21:22:37.057 INFO:teuthology.orchestra.run.trial129.stdout:/usr/bin/ceph: stdout ssh-ed25519 AAAAC3NzaC1lZDI1NTE5AAAAICCXBAllq+7vkW4iHxNDXY+fHNbxDMtBVrLVNlxnQrCA ceph-b1a8fb23-0c46-11f1-a183-d404e6e7d460
2026-02-17T21:22:37.057 INFO:teuthology.orchestra.run.trial129.stdout:/usr/bin/ceph: stderr
2026-02-17T21:22:36.872+0000 7efed9743640 1 Processor -- start
2026-02-17T21:22:37.057 INFO:teuthology.orchestra.run.trial129.stdout:/usr/bin/ceph: stderr
2026-02-17T21:22:36.872+0000 7efed9743640 1 -- start start
2026-02-17T21:22:37.057 INFO:teuthology.orchestra.run.trial129.stdout:/usr/bin/ceph: stderr
2026-02-17T21:22:36.872+0000 7efed9743640 1 --2- >> [v2:10.20.193.129:3300/0,v1:10.20.193.129:6789/0] conn(0x7efed410f070 0x7efed4111460 unknown :-1 s=NONE pgs=0 cs=0 l=0 rev1=0 crypto rx=0 tx=0 comp rx=0 tx=0).connect
2026-02-17T21:22:37.058 INFO:teuthology.orchestra.run.trial129.stdout:/usr/bin/ceph: stderr
2026-02-17T21:22:36.872+0000 7efed9743640 1 -- --> [v2:10.20.193.129:3300/0,v1:10.20.193.129:6789/0] -- mon_getmap magic: 0 -- 0x7efed41119a0 con 0x7efed410f070
2026-02-17T21:22:37.058 INFO:teuthology.orchestra.run.trial129.stdout:/usr/bin/ceph: stderr
2026-02-17T21:22:36.872+0000 7efed3fff640 1 --2- >> [v2:10.20.193.129:3300/0,v1:10.20.193.129:6789/0] conn(0x7efed410f070 0x7efed4111460 unknown :-1 s=BANNER_CONNECTING pgs=0 cs=0 l=0 rev1=0 crypto rx=0 tx=0 comp rx=0 tx=0)._handle_peer_banner_payload supported=3 required=0
2026-02-17T21:22:37.058 INFO:teuthology.orchestra.run.trial129.stdout:/usr/bin/ceph: stderr
2026-02-17T21:22:36.872+0000 7efed3fff640 1 --2- >> [v2:10.20.193.129:3300/0,v1:10.20.193.129:6789/0] conn(0x7efed410f070 0x7efed4111460 unknown :-1 s=HELLO_CONNECTING pgs=0 cs=0 l=0 rev1=1 crypto rx=0 tx=0 comp rx=0 tx=0).handle_hello peer v2:10.20.193.129:3300/0 says I am v2:10.20.193.129:36504/0 (socket says 10.20.193.129:36504)
2026-02-17T21:22:37.058 INFO:teuthology.orchestra.run.trial129.stdout:/usr/bin/ceph: stderr
2026-02-17T21:22:36.872+0000 7efed3fff640 1 -- 10.20.193.129:0/1349482979 learned_addr learned my addr 10.20.193.129:0/1349482979 (peer_addr_for_me v2:10.20.193.129:0/0)
2026-02-17T21:22:37.058 INFO:teuthology.orchestra.run.trial129.stdout:/usr/bin/ceph: stderr
2026-02-17T21:22:36.873+0000 7efed3fff640 1 -- 10.20.193.129:0/1349482979 --> [v2:10.20.193.129:3300/0,v1:10.20.193.129:6789/0] -- mon_subscribe({config=0+,monmap=0+}) -- 0x7efed4111b20 con 0x7efed410f070
2026-02-17T21:22:37.058 INFO:teuthology.orchestra.run.trial129.stdout:/usr/bin/ceph: stderr
2026-02-17T21:22:36.873+0000 7efed3fff640 1 --2- 10.20.193.129:0/1349482979 >> [v2:10.20.193.129:3300/0,v1:10.20.193.129:6789/0] conn(0x7efed410f070 0x7efed4111460 secure :-1 s=READY pgs=41 cs=0 l=1 rev1=1 crypto rx=0x7efec0009920 tx=0x7efec002ef20 comp rx=0 tx=0).ready entity=mon.0 client_cookie=e873a7145ff18a00 server_cookie=0 in_seq=0 out_seq=0
2026-02-17T21:22:37.058 INFO:teuthology.orchestra.run.trial129.stdout:/usr/bin/ceph: stderr
2026-02-17T21:22:36.874+0000 7efed2ffd640 1 -- 10.20.193.129:0/1349482979 <== mon.0 v2:10.20.193.129:3300/0 1 ==== mon_map magic: 0 ==== 205+0+0 (secure 0 0 0) 0x7efec003c070 con 0x7efed410f070
2026-02-17T21:22:37.058 INFO:teuthology.orchestra.run.trial129.stdout:/usr/bin/ceph: stderr
2026-02-17T21:22:36.874+0000 7efed2ffd640 1 -- 10.20.193.129:0/1349482979 <== mon.0 v2:10.20.193.129:3300/0 2 ==== config(26 keys) ==== 1045+0+0 (secure 0 0 0) 0x7efec0037440 con 0x7efed410f070
2026-02-17T21:22:37.058 INFO:teuthology.orchestra.run.trial129.stdout:/usr/bin/ceph: stderr
2026-02-17T21:22:36.874+0000 7efed2ffd640 1 -- 10.20.193.129:0/1349482979 <== mon.0 v2:10.20.193.129:3300/0 3 ==== mon_map magic: 0 ==== 205+0+0 (secure 0 0 0) 0x7efec00354b0 con 0x7efed410f070
2026-02-17T21:22:37.059 INFO:teuthology.orchestra.run.trial129.stdout:/usr/bin/ceph: stderr
2026-02-17T21:22:36.874+0000 7efed9743640 1 -- 10.20.193.129:0/1349482979 >> [v2:10.20.193.129:3300/0,v1:10.20.193.129:6789/0] conn(0x7efed410f070 msgr2=0x7efed4111460 secure :-1 s=STATE_CONNECTION_ESTABLISHED l=1).mark_down
2026-02-17T21:22:37.059 INFO:teuthology.orchestra.run.trial129.stdout:/usr/bin/ceph: stderr
2026-02-17T21:22:36.874+0000 7efed9743640 1 --2- 10.20.193.129:0/1349482979 >> [v2:10.20.193.129:3300/0,v1:10.20.193.129:6789/0] conn(0x7efed410f070 0x7efed4111460 secure :-1 s=READY pgs=41 cs=0 l=1 rev1=1 crypto rx=0x7efec0009920 tx=0x7efec002ef20 comp rx=0 tx=0).stop
2026-02-17T21:22:37.059 INFO:teuthology.orchestra.run.trial129.stdout:/usr/bin/ceph: stderr
2026-02-17T21:22:36.874+0000 7efed9743640 1 -- 10.20.193.129:0/1349482979 shutdown_connections
2026-02-17T21:22:37.059 INFO:teuthology.orchestra.run.trial129.stdout:/usr/bin/ceph: stderr
2026-02-17T21:22:36.874+0000 7efed9743640 1 --2- 10.20.193.129:0/1349482979 >> [v2:10.20.193.129:3300/0,v1:10.20.193.129:6789/0] conn(0x7efed410f070 0x7efed4111460 unknown :-1 s=CLOSED pgs=41 cs=0 l=1 rev1=1 crypto rx=0 tx=0 comp rx=0 tx=0).stop
2026-02-17T21:22:37.059 INFO:teuthology.orchestra.run.trial129.stdout:/usr/bin/ceph: stderr
2026-02-17T21:22:36.874+0000 7efed9743640 1 -- 10.20.193.129:0/1349482979 >> 10.20.193.129:0/1349482979 conn(0x7efed407d8c0 msgr2=0x7efed407fd00 unknown :-1 s=STATE_NONE l=0).mark_down
2026-02-17T21:22:37.059 INFO:teuthology.orchestra.run.trial129.stdout:/usr/bin/ceph: stderr
2026-02-17T21:22:36.874+0000 7efed9743640 1 -- 10.20.193.129:0/1349482979 shutdown_connections
2026-02-17T21:22:37.059 INFO:teuthology.orchestra.run.trial129.stdout:/usr/bin/ceph: stderr
2026-02-17T21:22:36.874+0000 7efed9743640 1 -- 10.20.193.129:0/1349482979 wait complete.
2026-02-17T21:22:37.059 INFO:teuthology.orchestra.run.trial129.stdout:/usr/bin/ceph: stderr
2026-02-17T21:22:36.875+0000 7efed9743640 1 Processor -- start
2026-02-17T21:22:37.059 INFO:teuthology.orchestra.run.trial129.stdout:/usr/bin/ceph: stderr
2026-02-17T21:22:36.875+0000 7efed9743640 1 -- start start
2026-02-17T21:22:37.059 INFO:teuthology.orchestra.run.trial129.stdout:/usr/bin/ceph: stderr
2026-02-17T21:22:36.875+0000 7efed9743640 1 --2- >> [v2:10.20.193.129:3300/0,v1:10.20.193.129:6789/0] conn(0x7efed410f070 0x7efed41a4560 unknown :-1 s=NONE pgs=0 cs=0 l=1 rev1=0 crypto rx=0 tx=0 comp rx=0 tx=0).connect
2026-02-17T21:22:37.059 INFO:teuthology.orchestra.run.trial129.stdout:/usr/bin/ceph: stderr
2026-02-17T21:22:36.875+0000 7efed9743640 1 -- --> [v2:10.20.193.129:3300/0,v1:10.20.193.129:6789/0] -- mon_getmap magic: 0 -- 0x7efed41129a0 con 0x7efed410f070
2026-02-17T21:22:37.059 INFO:teuthology.orchestra.run.trial129.stdout:/usr/bin/ceph: stderr
2026-02-17T21:22:36.875+0000 7efed3fff640 1 --2- >> [v2:10.20.193.129:3300/0,v1:10.20.193.129:6789/0] conn(0x7efed410f070 0x7efed41a4560 unknown :-1 s=BANNER_CONNECTING pgs=0 cs=0 l=1 rev1=0 crypto rx=0 tx=0 comp rx=0 tx=0)._handle_peer_banner_payload supported=3 required=0
2026-02-17T21:22:37.060 INFO:teuthology.orchestra.run.trial129.stdout:/usr/bin/ceph: stderr
2026-02-17T21:22:36.875+0000 7efed3fff640 1 --2- >> [v2:10.20.193.129:3300/0,v1:10.20.193.129:6789/0] conn(0x7efed410f070 0x7efed41a4560 unknown :-1 s=HELLO_CONNECTING pgs=0 cs=0 l=1 rev1=1 crypto rx=0 tx=0 comp rx=0 tx=0).handle_hello peer v2:10.20.193.129:3300/0 says I am v2:10.20.193.129:36506/0 (socket says 10.20.193.129:36506)
2026-02-17T21:22:37.060 INFO:teuthology.orchestra.run.trial129.stdout:/usr/bin/ceph: stderr
2026-02-17T21:22:36.875+0000 7efed3fff640 1 -- 10.20.193.129:0/1214474482 learned_addr learned my addr 10.20.193.129:0/1214474482 (peer_addr_for_me v2:10.20.193.129:0/0)
2026-02-17T21:22:37.060 INFO:teuthology.orchestra.run.trial129.stdout:/usr/bin/ceph: stderr
2026-02-17T21:22:36.875+0000 7efed3fff640 1 -- 10.20.193.129:0/1214474482 --> [v2:10.20.193.129:3300/0,v1:10.20.193.129:6789/0] -- mon_subscribe({config=0+,monmap=0+}) -- 0x7efed41a4aa0 con 0x7efed410f070
2026-02-17T21:22:37.060 INFO:teuthology.orchestra.run.trial129.stdout:/usr/bin/ceph: stderr
2026-02-17T21:22:36.876+0000 7efed3fff640 1 --2- 10.20.193.129:0/1214474482 >> [v2:10.20.193.129:3300/0,v1:10.20.193.129:6789/0] conn(0x7efed410f070 0x7efed41a4560 secure :-1 s=READY pgs=42 cs=0 l=1 rev1=1 crypto rx=0x7efec0009a50 tx=0x7efec0037b90 comp rx=0 tx=0).ready entity=mon.0 client_cookie=0 server_cookie=0 in_seq=0 out_seq=0
2026-02-17T21:22:37.060 INFO:teuthology.orchestra.run.trial129.stdout:/usr/bin/ceph: stderr
2026-02-17T21:22:36.876+0000 7efed17fa640 1 -- 10.20.193.129:0/1214474482 <== mon.0 v2:10.20.193.129:3300/0 1 ==== mon_map magic: 0 ==== 205+0+0 (secure 0 0 0) 0x7efec0045070 con 0x7efed410f070
2026-02-17T21:22:37.060 INFO:teuthology.orchestra.run.trial129.stdout:/usr/bin/ceph: stderr
2026-02-17T21:22:36.876+0000 7efed17fa640 1 -- 10.20.193.129:0/1214474482 <== mon.0 v2:10.20.193.129:3300/0 2 ==== config(26 keys) ==== 1045+0+0 (secure 0 0 0) 0x7efec0040450 con 0x7efed410f070
2026-02-17T21:22:37.060 INFO:teuthology.orchestra.run.trial129.stdout:/usr/bin/ceph: stderr
2026-02-17T21:22:36.876+0000 7efed9743640 1 -- 10.20.193.129:0/1214474482 --> [v2:10.20.193.129:3300/0,v1:10.20.193.129:6789/0] -- mon_subscribe({mgrmap=0+}) -- 0x7efed41a4d30 con 0x7efed410f070
2026-02-17T21:22:37.060 INFO:teuthology.orchestra.run.trial129.stdout:/usr/bin/ceph: stderr
2026-02-17T21:22:36.876+0000 7efed17fa640 1 -- 10.20.193.129:0/1214474482 <== mon.0 v2:10.20.193.129:3300/0 3 ==== mon_map magic: 0 ==== 205+0+0 (secure 0 0 0) 0x7efec003c070 con 0x7efed410f070
2026-02-17T21:22:37.060 INFO:teuthology.orchestra.run.trial129.stdout:/usr/bin/ceph: stderr
2026-02-17T21:22:36.876+0000 7efed9743640 1 -- 10.20.193.129:0/1214474482 --> [v2:10.20.193.129:3300/0,v1:10.20.193.129:6789/0] -- mon_subscribe({osdmap=0}) -- 0x7efed41a7a20 con 0x7efed410f070
2026-02-17T21:22:37.060 INFO:teuthology.orchestra.run.trial129.stdout:/usr/bin/ceph: stderr
2026-02-17T21:22:36.876+0000 7efed9743640 1 -- 10.20.193.129:0/1214474482 --> [v2:10.20.193.129:3300/0,v1:10.20.193.129:6789/0] -- mon_command({"prefix": "get_command_descriptions"} v 0) -- 0x7efed410f4d0 con 0x7efed410f070
2026-02-17T21:22:37.060 INFO:teuthology.orchestra.run.trial129.stdout:/usr/bin/ceph: stderr
2026-02-17T21:22:36.877+0000 7efed17fa640 1 -- 10.20.193.129:0/1214474482 <== mon.0 v2:10.20.193.129:3300/0 4 ==== mgrmap(e 6) ==== 50141+0+0 (secure 0 0 0) 0x7efec0040900 con 0x7efed410f070
2026-02-17T21:22:37.061 INFO:teuthology.orchestra.run.trial129.stdout:/usr/bin/ceph: stderr
2026-02-17T21:22:36.877+0000 7efed17fa640 1 --2- 10.20.193.129:0/1214474482 >> [v2:10.20.193.129:6800/544311954,v1:10.20.193.129:6801/544311954] conn(0x7efea803db20 0x7efea803ffe0 unknown :-1 s=NONE pgs=0 cs=0 l=1 rev1=0 crypto rx=0 tx=0 comp rx=0 tx=0).connect
2026-02-17T21:22:37.061 INFO:teuthology.orchestra.run.trial129.stdout:/usr/bin/ceph: stderr
2026-02-17T21:22:36.877+0000 7efed17fa640 1 -- 10.20.193.129:0/1214474482 <== mon.0 v2:10.20.193.129:3300/0 5 ==== osd_map(2..2 src has 1..2) ==== 940+0+0 (secure 0 0 0) 0x7efec0076550 con 0x7efed410f070
2026-02-17T21:22:37.061 INFO:teuthology.orchestra.run.trial129.stdout:/usr/bin/ceph: stderr
2026-02-17T21:22:36.877+0000 7efed37fe640 1 --2- 10.20.193.129:0/1214474482 >> [v2:10.20.193.129:6800/544311954,v1:10.20.193.129:6801/544311954] conn(0x7efea803db20 0x7efea803ffe0 unknown :-1 s=BANNER_CONNECTING pgs=0 cs=0 l=1 rev1=0 crypto rx=0 tx=0 comp rx=0 tx=0)._handle_peer_banner_payload supported=3 required=0
2026-02-17T21:22:37.061 INFO:teuthology.orchestra.run.trial129.stdout:/usr/bin/ceph: stderr
2026-02-17T21:22:36.878+0000 7efed37fe640 1 --2- 10.20.193.129:0/1214474482 >> [v2:10.20.193.129:6800/544311954,v1:10.20.193.129:6801/544311954] conn(0x7efea803db20 0x7efea803ffe0 secure :-1 s=READY pgs=10 cs=0 l=1 rev1=1 crypto rx=0x7efec40099c0 tx=0x7efec4006eb0 comp rx=0 tx=0).ready entity=mgr.14118 client_cookie=0 server_cookie=0 in_seq=0 out_seq=0
2026-02-17T21:22:37.061 INFO:teuthology.orchestra.run.trial129.stdout:/usr/bin/ceph: stderr
2026-02-17T21:22:36.880+0000 7efed17fa640 1 -- 10.20.193.129:0/1214474482 <== mon.0 v2:10.20.193.129:3300/0 6 ==== mon_command_ack([{"prefix": "get_command_descriptions"}]=0 v0) ==== 72+0+195034 (secure 0 0 0) 0x7efec00406b0 con 0x7efed410f070
2026-02-17T21:22:37.061 INFO:teuthology.orchestra.run.trial129.stdout:/usr/bin/ceph: stderr
2026-02-17T21:22:36.958+0000 7efed17fa640 1 -- 10.20.193.129:0/1214474482 <== mon.0 v2:10.20.193.129:3300/0 7 ==== mgrmap(e 7) ==== 50247+0+0 (secure 0 0 0) 0x7efec0035aa0 con 0x7efed410f070
2026-02-17T21:22:37.061 INFO:teuthology.orchestra.run.trial129.stdout:/usr/bin/ceph: stderr
2026-02-17T21:22:36.971+0000 7efed9743640 1 -- 10.20.193.129:0/1214474482 --> [v2:10.20.193.129:6800/544311954,v1:10.20.193.129:6801/544311954] -- mgr_command(tid 0: {"prefix": "cephadm get-pub-key", "target": ["mon-mgr", ""]}) -- 0x7efed407fb70 con 0x7efea803db20
2026-02-17T21:22:37.061 INFO:teuthology.orchestra.run.trial129.stdout:/usr/bin/ceph: stderr
2026-02-17T21:22:36.971+0000 7efed17fa640 1 -- 10.20.193.129:0/1214474482 <== mgr.14118 v2:10.20.193.129:6800/544311954 1 ==== mgr_command_reply(tid 0: 0 ) ==== 8+0+123 (secure 0 0 0) 0x7efed407fb70 con 0x7efea803db20
2026-02-17T21:22:37.061 INFO:teuthology.orchestra.run.trial129.stdout:/usr/bin/ceph: stderr
2026-02-17T21:22:36.973+0000 7efed9743640 1 -- 10.20.193.129:0/1214474482 >> [v2:10.20.193.129:6800/544311954,v1:10.20.193.129:6801/544311954] conn(0x7efea803db20 msgr2=0x7efea803ffe0 secure :-1 s=STATE_CONNECTION_ESTABLISHED l=1).mark_down
2026-02-17T21:22:37.061 INFO:teuthology.orchestra.run.trial129.stdout:/usr/bin/ceph: stderr
2026-02-17T21:22:36.973+0000 7efed9743640 1 --2- 10.20.193.129:0/1214474482 >> [v2:10.20.193.129:6800/544311954,v1:10.20.193.129:6801/544311954] conn(0x7efea803db20 0x7efea803ffe0 secure :-1 s=READY pgs=10 cs=0 l=1 rev1=1 crypto rx=0x7efec40099c0 tx=0x7efec4006eb0 comp rx=0 tx=0).stop
2026-02-17T21:22:37.061 INFO:teuthology.orchestra.run.trial129.stdout:/usr/bin/ceph: stderr
2026-02-17T21:22:36.973+0000 7efed9743640 1 -- 10.20.193.129:0/1214474482 >> [v2:10.20.193.129:3300/0,v1:10.20.193.129:6789/0] conn(0x7efed410f070 msgr2=0x7efed41a4560 secure :-1 s=STATE_CONNECTION_ESTABLISHED l=1).mark_down
2026-02-17T21:22:37.061 INFO:teuthology.orchestra.run.trial129.stdout:/usr/bin/ceph: stderr
2026-02-17T21:22:36.973+0000 7efed9743640 1 --2- 10.20.193.129:0/1214474482 >> [v2:10.20.193.129:3300/0,v1:10.20.193.129:6789/0] conn(0x7efed410f070 0x7efed41a4560 secure :-1 s=READY pgs=42 cs=0 l=1 rev1=1 crypto rx=0x7efec0009a50 tx=0x7efec0037b90 comp rx=0 tx=0).stop
2026-02-17T21:22:37.062 INFO:teuthology.orchestra.run.trial129.stdout:/usr/bin/ceph: stderr
2026-02-17T21:22:36.973+0000 7efed9743640 1 -- 10.20.193.129:0/1214474482 shutdown_connections
2026-02-17T21:22:37.062 INFO:teuthology.orchestra.run.trial129.stdout:/usr/bin/ceph: stderr
2026-02-17T21:22:36.973+0000 7efed9743640 1 --2- 10.20.193.129:0/1214474482 >> [v2:10.20.193.129:6800/544311954,v1:10.20.193.129:6801/544311954] conn(0x7efea803db20 0x7efea803ffe0 unknown :-1 s=CLOSED pgs=10 cs=0 l=1 rev1=1 crypto rx=0 tx=0 comp rx=0 tx=0).stop
2026-02-17T21:22:37.062 INFO:teuthology.orchestra.run.trial129.stdout:/usr/bin/ceph: stderr
2026-02-17T21:22:36.973+0000 7efed9743640 1 --2- 10.20.193.129:0/1214474482 >> [v2:10.20.193.129:3300/0,v1:10.20.193.129:6789/0] conn(0x7efed410f070 0x7efed41a4560 unknown :-1 s=CLOSED pgs=42 cs=0 l=1 rev1=1 crypto rx=0 tx=0 comp rx=0 tx=0).stop
2026-02-17T21:22:37.062 INFO:teuthology.orchestra.run.trial129.stdout:/usr/bin/ceph: stderr
2026-02-17T21:22:36.973+0000 7efed9743640 1 -- 10.20.193.129:0/1214474482 >> 10.20.193.129:0/1214474482 conn(0x7efed407d8c0 msgr2=0x7efed407f460 unknown :-1 s=STATE_NONE l=0).mark_down
2026-02-17T21:22:37.062 INFO:teuthology.orchestra.run.trial129.stdout:/usr/bin/ceph: stderr
2026-02-17T21:22:36.973+0000 7efed9743640 1 -- 10.20.193.129:0/1214474482 shutdown_connections
2026-02-17T21:22:37.062 INFO:teuthology.orchestra.run.trial129.stdout:/usr/bin/ceph: stderr
2026-02-17T21:22:36.973+0000 7efed9743640 1 -- 10.20.193.129:0/1214474482 wait complete.
2026-02-17T21:22:37.062 INFO:teuthology.orchestra.run.trial129.stdout:Wrote public SSH key to /home/ubuntu/cephtest/ceph.pub
2026-02-17T21:22:37.062 INFO:teuthology.orchestra.run.trial129.stdout:Adding key to root@localhost authorized_keys...
2026-02-17T21:22:37.062 INFO:teuthology.orchestra.run.trial129.stdout:Adding host trial129...
2026-02-17T21:22:38.079 INFO:journalctl@ceph.mon.a.trial129.stdout:Feb 17 21:22:37 trial129 ceph-mon[22707]: from='client.14132 -' entity='client.admin' cmd=[{"prefix": "cephadm set-user", "user": "root", "target": ["mon-mgr", ""]}]: dispatch
2026-02-17T21:22:38.079 INFO:journalctl@ceph.mon.a.trial129.stdout:Feb 17 21:22:37 trial129 ceph-mon[22707]: from='client.14134 -' entity='client.admin' cmd=[{"prefix": "cephadm generate-key", "target": ["mon-mgr", ""]}]: dispatch
2026-02-17T21:22:38.079 INFO:journalctl@ceph.mon.a.trial129.stdout:Feb 17 21:22:37 trial129 ceph-mon[22707]: Generating ssh key...
2026-02-17T21:22:38.079 INFO:journalctl@ceph.mon.a.trial129.stdout:Feb 17 21:22:37 trial129 ceph-mon[22707]: mgrmap e7: x(active, since 2s)
2026-02-17T21:22:39.146 INFO:journalctl@ceph.mon.a.trial129.stdout:Feb 17 21:22:38 trial129 ceph-mon[22707]: from='client.14136 -' entity='client.admin' cmd=[{"prefix": "cephadm get-pub-key", "target": ["mon-mgr", ""]}]: dispatch
2026-02-17T21:22:39.146 INFO:journalctl@ceph.mon.a.trial129.stdout:Feb 17 21:22:38 trial129 ceph-mon[22707]: from='client.14138 -' entity='client.admin' cmd=[{"prefix": "orch host add", "hostname": "trial129", "addr": "10.20.193.129", "target": ["mon-mgr", ""]}]: dispatch
2026-02-17T21:22:39.146 INFO:journalctl@ceph.mon.a.trial129.stdout:Feb 17 21:22:38 trial129 ceph-mon[22707]: Deploying cephadm binary to trial129
2026-02-17T21:22:39.399 INFO:teuthology.orchestra.run.trial129.stdout:/usr/bin/ceph: stdout Added host 'trial129' with addr '10.20.193.129'
2026-02-17T21:22:39.399 INFO:teuthology.orchestra.run.trial129.stdout:/usr/bin/ceph: stderr
2026-02-17T21:22:37.219+0000 7f7fc7fff640 1 Processor -- start
2026-02-17T21:22:39.399 INFO:teuthology.orchestra.run.trial129.stdout:/usr/bin/ceph: stderr
2026-02-17T21:22:37.219+0000 7f7fc7fff640 1 -- start start
2026-02-17T21:22:39.399 INFO:teuthology.orchestra.run.trial129.stdout:/usr/bin/ceph: stderr
2026-02-17T21:22:37.219+0000 7f7fc7fff640 1 --2- >> [v2:10.20.193.129:3300/0,v1:10.20.193.129:6789/0] conn(0x7f7fc810a2a0 0x7f7fc810a6a0 unknown :-1 s=NONE pgs=0 cs=0 l=0 rev1=0 crypto rx=0 tx=0 comp rx=0 tx=0).connect
2026-02-17T21:22:39.399 INFO:teuthology.orchestra.run.trial129.stdout:/usr/bin/ceph: stderr
2026-02-17T21:22:37.219+0000 7f7fc7fff640 1 -- --> [v2:10.20.193.129:3300/0,v1:10.20.193.129:6789/0] -- mon_getmap magic: 0 -- 0x7f7fc810ac70 con 0x7f7fc810a2a0
2026-02-17T21:22:39.399 INFO:teuthology.orchestra.run.trial129.stdout:/usr/bin/ceph: stderr
2026-02-17T21:22:37.220+0000 7f7fc6ffd640 1 --2- >> [v2:10.20.193.129:3300/0,v1:10.20.193.129:6789/0] conn(0x7f7fc810a2a0 0x7f7fc810a6a0 unknown :-1 s=BANNER_CONNECTING pgs=0 cs=0 l=0 rev1=0 crypto rx=0 tx=0 comp rx=0 tx=0)._handle_peer_banner_payload supported=3 required=0
2026-02-17T21:22:39.399 INFO:teuthology.orchestra.run.trial129.stdout:/usr/bin/ceph: stderr
2026-02-17T21:22:37.220+0000 7f7fc6ffd640 1 --2- >> [v2:10.20.193.129:3300/0,v1:10.20.193.129:6789/0] conn(0x7f7fc810a2a0 0x7f7fc810a6a0 unknown :-1 s=HELLO_CONNECTING pgs=0 cs=0 l=0 rev1=1 crypto rx=0 tx=0 comp rx=0 tx=0).handle_hello peer v2:10.20.193.129:3300/0 says I am v2:10.20.193.129:36514/0 (socket says 10.20.193.129:36514)
2026-02-17T21:22:39.399 INFO:teuthology.orchestra.run.trial129.stdout:/usr/bin/ceph: stderr
2026-02-17T21:22:37.220+0000 7f7fc6ffd640 1 -- 10.20.193.129:0/4171649857 learned_addr learned my addr 10.20.193.129:0/4171649857 (peer_addr_for_me v2:10.20.193.129:0/0)
2026-02-17T21:22:39.400 INFO:teuthology.orchestra.run.trial129.stdout:/usr/bin/ceph: stderr
2026-02-17T21:22:37.220+0000 7f7fc6ffd640 1 -- 10.20.193.129:0/4171649857 --> [v2:10.20.193.129:3300/0,v1:10.20.193.129:6789/0] -- mon_subscribe({config=0+,monmap=0+}) -- 0x7f7fc810b420 con 0x7f7fc810a2a0
2026-02-17T21:22:39.400 INFO:teuthology.orchestra.run.trial129.stdout:/usr/bin/ceph: stderr
2026-02-17T21:22:37.221+0000 7f7fc6ffd640 1 --2- 10.20.193.129:0/4171649857 >> [v2:10.20.193.129:3300/0,v1:10.20.193.129:6789/0] conn(0x7f7fc810a2a0 0x7f7fc810a6a0 secure :-1 s=READY pgs=43 cs=0 l=1 rev1=1 crypto rx=0x7f7fbc009920 tx=0x7f7fbc02ef20 comp rx=0 tx=0).ready entity=mon.0 client_cookie=8a98c14ebb1565e6 server_cookie=0 in_seq=0 out_seq=0
2026-02-17T21:22:39.400 INFO:teuthology.orchestra.run.trial129.stdout:/usr/bin/ceph: stderr
2026-02-17T21:22:37.221+0000 7f7fc5ffb640 1 -- 10.20.193.129:0/4171649857 <== mon.0 v2:10.20.193.129:3300/0 1 ==== mon_map magic: 0 ==== 205+0+0 (secure 0 0 0) 0x7f7fbc03c070 con 0x7f7fc810a2a0
2026-02-17T21:22:39.400 INFO:teuthology.orchestra.run.trial129.stdout:/usr/bin/ceph: stderr
2026-02-17T21:22:37.221+0000 7f7fc5ffb640 1 -- 10.20.193.129:0/4171649857 <== mon.0 v2:10.20.193.129:3300/0 2 ==== config(26 keys) ==== 1045+0+0 (secure 0 0 0) 0x7f7fbc037440 con 0x7f7fc810a2a0
2026-02-17T21:22:39.400 INFO:teuthology.orchestra.run.trial129.stdout:/usr/bin/ceph: stderr
2026-02-17T21:22:37.221+0000 7f7fc5ffb640 1 -- 10.20.193.129:0/4171649857 <== mon.0 v2:10.20.193.129:3300/0 3 ==== mon_map magic: 0 ==== 205+0+0 (secure 0 0 0) 0x7f7fbc0354b0 con 0x7f7fc810a2a0
2026-02-17T21:22:39.400 INFO:teuthology.orchestra.run.trial129.stdout:/usr/bin/ceph: stderr
2026-02-17T21:22:37.221+0000 7f7fc7fff640 1 -- 10.20.193.129:0/4171649857 >> [v2:10.20.193.129:3300/0,v1:10.20.193.129:6789/0] conn(0x7f7fc810a2a0 msgr2=0x7f7fc810a6a0 secure :-1 s=STATE_CONNECTION_ESTABLISHED l=1).mark_down
2026-02-17T21:22:39.400 INFO:teuthology.orchestra.run.trial129.stdout:/usr/bin/ceph: stderr
2026-02-17T21:22:37.221+0000 7f7fc7fff640 1 --2- 10.20.193.129:0/4171649857 >> [v2:10.20.193.129:3300/0,v1:10.20.193.129:6789/0] conn(0x7f7fc810a2a0 0x7f7fc810a6a0 secure :-1 s=READY pgs=43 cs=0 l=1 rev1=1 crypto rx=0x7f7fbc009920 tx=0x7f7fbc02ef20 comp rx=0 tx=0).stop
2026-02-17T21:22:39.400 INFO:teuthology.orchestra.run.trial129.stdout:/usr/bin/ceph: stderr
2026-02-17T21:22:37.221+0000 7f7fc7fff640 1 -- 10.20.193.129:0/4171649857 shutdown_connections
2026-02-17T21:22:39.400 INFO:teuthology.orchestra.run.trial129.stdout:/usr/bin/ceph: stderr
2026-02-17T21:22:37.221+0000 7f7fc7fff640 1 --2- 10.20.193.129:0/4171649857 >> [v2:10.20.193.129:3300/0,v1:10.20.193.129:6789/0] conn(0x7f7fc810a2a0 0x7f7fc810a6a0 unknown :-1 s=CLOSED pgs=43 cs=0 l=1 rev1=1 crypto rx=0 tx=0 comp rx=0 tx=0).stop
2026-02-17T21:22:39.400 INFO:teuthology.orchestra.run.trial129.stdout:/usr/bin/ceph: stderr
2026-02-17T21:22:37.221+0000 7f7fc7fff640 1 -- 10.20.193.129:0/4171649857 >> 10.20.193.129:0/4171649857 conn(0x7f7fc807d8c0 msgr2=0x7f7fc8108670 unknown :-1 s=STATE_NONE l=0).mark_down
2026-02-17T21:22:39.400 INFO:teuthology.orchestra.run.trial129.stdout:/usr/bin/ceph: stderr
2026-02-17T21:22:37.221+0000 7f7fc7fff640 1 -- 10.20.193.129:0/4171649857 shutdown_connections
2026-02-17T21:22:39.401 INFO:teuthology.orchestra.run.trial129.stdout:/usr/bin/ceph: stderr
2026-02-17T21:22:37.221+0000 7f7fc7fff640 1 -- 10.20.193.129:0/4171649857 wait complete.
2026-02-17T21:22:39.401 INFO:teuthology.orchestra.run.trial129.stdout:/usr/bin/ceph: stderr
2026-02-17T21:22:37.222+0000 7f7fc7fff640 1 Processor -- start
2026-02-17T21:22:39.401 INFO:teuthology.orchestra.run.trial129.stdout:/usr/bin/ceph: stderr
2026-02-17T21:22:37.222+0000 7f7fc7fff640 1 -- start start
2026-02-17T21:22:39.401 INFO:teuthology.orchestra.run.trial129.stdout:/usr/bin/ceph: stderr
2026-02-17T21:22:37.222+0000 7f7fc7fff640 1 --2- >> [v2:10.20.193.129:3300/0,v1:10.20.193.129:6789/0] conn(0x7f7fc810a2a0 0x7f7fc81a0110 unknown :-1 s=NONE pgs=0 cs=0 l=1 rev1=0 crypto rx=0 tx=0 comp rx=0 tx=0).connect
2026-02-17T21:22:39.401 INFO:teuthology.orchestra.run.trial129.stdout:/usr/bin/ceph: stderr
2026-02-17T21:22:37.222+0000 7f7fc7fff640 1 -- --> [v2:10.20.193.129:3300/0,v1:10.20.193.129:6789/0] -- mon_getmap magic: 0 -- 0x7f7fc810e650 con 0x7f7fc810a2a0
2026-02-17T21:22:39.401 INFO:teuthology.orchestra.run.trial129.stdout:/usr/bin/ceph: stderr
2026-02-17T21:22:37.223+0000 7f7fc6ffd640 1 --2- >> [v2:10.20.193.129:3300/0,v1:10.20.193.129:6789/0] conn(0x7f7fc810a2a0 0x7f7fc81a0110 unknown :-1 s=BANNER_CONNECTING pgs=0 cs=0 l=1 rev1=0 crypto rx=0 tx=0 comp rx=0 tx=0)._handle_peer_banner_payload supported=3 required=0
2026-02-17T21:22:39.401 INFO:teuthology.orchestra.run.trial129.stdout:/usr/bin/ceph: stderr
2026-02-17T21:22:37.223+0000 7f7fc6ffd640 1 --2- >> [v2:10.20.193.129:3300/0,v1:10.20.193.129:6789/0] conn(0x7f7fc810a2a0 0x7f7fc81a0110 unknown :-1 s=HELLO_CONNECTING pgs=0 cs=0 l=1 rev1=1 crypto rx=0 tx=0 comp rx=0 tx=0).handle_hello peer v2:10.20.193.129:3300/0 says I am v2:10.20.193.129:36530/0 (socket says 10.20.193.129:36530)
2026-02-17T21:22:39.401 INFO:teuthology.orchestra.run.trial129.stdout:/usr/bin/ceph: stderr
2026-02-17T21:22:37.223+0000 7f7fc6ffd640 1 -- 10.20.193.129:0/2134839349 learned_addr learned my addr 10.20.193.129:0/2134839349 (peer_addr_for_me v2:10.20.193.129:0/0)
2026-02-17T21:22:39.401 INFO:teuthology.orchestra.run.trial129.stdout:/usr/bin/ceph: stderr
2026-02-17T21:22:37.223+0000 7f7fc6ffd640 1 -- 10.20.193.129:0/2134839349 --> [v2:10.20.193.129:3300/0,v1:10.20.193.129:6789/0] -- mon_subscribe({config=0+,monmap=0+}) -- 0x7f7fc81a0650 con 0x7f7fc810a2a0
2026-02-17T21:22:39.401 INFO:teuthology.orchestra.run.trial129.stdout:/usr/bin/ceph: stderr
2026-02-17T21:22:37.223+0000 7f7fc6ffd640 1 --2- 10.20.193.129:0/2134839349 >> [v2:10.20.193.129:3300/0,v1:10.20.193.129:6789/0] conn(0x7f7fc810a2a0 0x7f7fc81a0110 secure :-1 s=READY pgs=44 cs=0 l=1 rev1=1 crypto rx=0x7f7fbc009a50 tx=0x7f7fbc037b90 comp rx=0 tx=0).ready entity=mon.0 client_cookie=0 server_cookie=0 in_seq=0 out_seq=0
2026-02-17T21:22:39.402 INFO:teuthology.orchestra.run.trial129.stdout:/usr/bin/ceph: stderr
2026-02-17T21:22:37.223+0000 7f7fcc867640 1 -- 10.20.193.129:0/2134839349 <== mon.0 v2:10.20.193.129:3300/0 1 ==== mon_map magic: 0 ==== 205+0+0 (secure 0 0 0) 0x7f7fbc045070 con 0x7f7fc810a2a0
2026-02-17T21:22:39.402 INFO:teuthology.orchestra.run.trial129.stdout:/usr/bin/ceph: stderr
2026-02-17T21:22:37.223+0000 7f7fcc867640 1 -- 10.20.193.129:0/2134839349 <== mon.0 v2:10.20.193.129:3300/0 2 ==== config(26 keys) ==== 1045+0+0 (secure 0 0 0) 0x7f7fbc040450 con 0x7f7fc810a2a0
2026-02-17T21:22:39.402 INFO:teuthology.orchestra.run.trial129.stdout:/usr/bin/ceph: stderr
2026-02-17T21:22:37.223+0000 7f7fcc867640 1 -- 10.20.193.129:0/2134839349 <== mon.0 v2:10.20.193.129:3300/0 3 ==== mon_map magic: 0 ==== 205+0+0 (secure 0 0 0) 0x7f7fbc03c070 con 0x7f7fc810a2a0
2026-02-17T21:22:39.402 INFO:teuthology.orchestra.run.trial129.stdout:/usr/bin/ceph: stderr
2026-02-17T21:22:37.223+0000 7f7fc7fff640 1 -- 10.20.193.129:0/2134839349 --> [v2:10.20.193.129:3300/0,v1:10.20.193.129:6789/0] -- mon_subscribe({mgrmap=0+}) -- 0x7f7fc81a08e0 con 0x7f7fc810a2a0
2026-02-17T21:22:39.402 INFO:teuthology.orchestra.run.trial129.stdout:/usr/bin/ceph: stderr
2026-02-17T21:22:37.223+0000 7f7fc7fff640 1 -- 10.20.193.129:0/2134839349 --> [v2:10.20.193.129:3300/0,v1:10.20.193.129:6789/0] -- mon_subscribe({osdmap=0}) -- 0x7f7fc81a35d0 con 0x7f7fc810a2a0
2026-02-17T21:22:39.402 INFO:teuthology.orchestra.run.trial129.stdout:/usr/bin/ceph: stderr
2026-02-17T21:22:37.224+0000 7f7fc7fff640 1 -- 10.20.193.129:0/2134839349 --> [v2:10.20.193.129:3300/0,v1:10.20.193.129:6789/0] -- mon_command({"prefix": "get_command_descriptions"} v 0) -- 0x7f7fc810a720 con 0x7f7fc810a2a0
2026-02-17T21:22:39.402 INFO:teuthology.orchestra.run.trial129.stdout:/usr/bin/ceph: stderr
