2026-02-18T20:11:03.602 INFO:journalctl@ceph.mgr.x.trial122.stdout:Feb 18 20:11:03 trial122 ceph-e3aad4af-0d05-11f1-8205-d404e6e7d460-mgr-x[23566]:
2026-02-18T20:11:03.168+0000 7f2a79551140 -1 mgr[py] Module osd_support has missing NOTIFY_TYPES member
2026-02-18T20:11:03.602 INFO:journalctl@ceph.mgr.x.trial122.stdout:Feb 18 20:11:03 trial122 ceph-e3aad4af-0d05-11f1-8205-d404e6e7d460-mgr-x[23566]:
2026-02-18T20:11:03.260+0000 7f2a79551140 -1 mgr[py] Module orchestrator has missing NOTIFY_TYPES member
2026-02-18T20:11:04.102 INFO:journalctl@ceph.mgr.x.trial122.stdout:Feb 18 20:11:03 trial122 ceph-e3aad4af-0d05-11f1-8205-d404e6e7d460-mgr-x[23566]:
2026-02-18T20:11:03.717+0000 7f2a79551140 -1 mgr[py] Module volumes has missing NOTIFY_TYPES member
2026-02-18T20:11:04.102 INFO:journalctl@ceph.mgr.x.trial122.stdout:Feb 18 20:11:03 trial122 ceph-e3aad4af-0d05-11f1-8205-d404e6e7d460-mgr-x[23566]:
2026-02-18T20:11:03.747+0000 7f2a79551140 -1 mgr[py] Module zabbix has missing NOTIFY_TYPES member
2026-02-18T20:11:04.602 INFO:journalctl@ceph.mgr.x.trial122.stdout:Feb 18 20:11:04 trial122 ceph-e3aad4af-0d05-11f1-8205-d404e6e7d460-mgr-x[23566]:
2026-02-18T20:11:04.144+0000 7f2a79551140 -1 mgr[py] Module influx has missing NOTIFY_TYPES member
2026-02-18T20:11:04.602 INFO:journalctl@ceph.mon.a.trial122.stdout:Feb 18 20:11:04 trial122 ceph-mon[23297]: Active manager daemon x restarted
2026-02-18T20:11:04.602 INFO:journalctl@ceph.mon.a.trial122.stdout:Feb 18 20:11:04 trial122 ceph-mon[23297]: Activating manager daemon x
2026-02-18T20:11:04.603 INFO:journalctl@ceph.mon.a.trial122.stdout:Feb 18 20:11:04 trial122 ceph-mon[23297]: osdmap e2: 0 total, 0 up, 0 in
2026-02-18T20:11:04.603 INFO:journalctl@ceph.mon.a.trial122.stdout:Feb 18 20:11:04 trial122 ceph-mon[23297]: mgrmap e6: x(active, starting, since 0.00256558s)
2026-02-18T20:11:04.603 INFO:journalctl@ceph.mon.a.trial122.stdout:Feb 18 20:11:04 trial122 ceph-mon[23297]: from='mgr.14118 10.20.193.122:0/1033463140' entity='mgr.x' cmd=[{"prefix": "mon metadata", "id": "a"}]: dispatch
2026-02-18T20:11:04.603 INFO:journalctl@ceph.mon.a.trial122.stdout:Feb 18 20:11:04 trial122 ceph-mon[23297]: from='mgr.14118 10.20.193.122:0/1033463140' entity='mgr.x' cmd=[{"prefix": "mgr metadata", "who": "x", "id": "x"}]: dispatch
2026-02-18T20:11:04.603 INFO:journalctl@ceph.mon.a.trial122.stdout:Feb 18 20:11:04 trial122 ceph-mon[23297]: from='mgr.14118 10.20.193.122:0/1033463140' entity='mgr.x' cmd=[{"prefix": "mds metadata"}]: dispatch
2026-02-18T20:11:04.603 INFO:journalctl@ceph.mon.a.trial122.stdout:Feb 18 20:11:04 trial122 ceph-mon[23297]: from='mgr.14118 10.20.193.122:0/1033463140' entity='mgr.x' cmd=[{"prefix": "osd metadata"}]: dispatch
2026-02-18T20:11:04.603 INFO:journalctl@ceph.mon.a.trial122.stdout:Feb 18 20:11:04 trial122 ceph-mon[23297]: from='mgr.14118 10.20.193.122:0/1033463140' entity='mgr.x' cmd=[{"prefix": "mon metadata"}]: dispatch
2026-02-18T20:11:04.603 INFO:journalctl@ceph.mon.a.trial122.stdout:Feb 18 20:11:04 trial122 ceph-mon[23297]: Manager daemon x is now available
2026-02-18T20:11:04.603 INFO:journalctl@ceph.mon.a.trial122.stdout:Feb 18 20:11:04 trial122 ceph-mon[23297]: from='mgr.14118 10.20.193.122:0/1033463140' entity='mgr.x'
2026-02-18T20:11:04.603 INFO:journalctl@ceph.mon.a.trial122.stdout:Feb 18 20:11:04 trial122 ceph-mon[23297]: from='mgr.14118 10.20.193.122:0/1033463140' entity='mgr.x'
2026-02-18T20:11:04.603 INFO:journalctl@ceph.mon.a.trial122.stdout:Feb 18 20:11:04 trial122 ceph-mon[23297]: from='mgr.14118 10.20.193.122:0/1033463140' entity='mgr.x' cmd=[{"prefix": "config dump", "format": "json"}]: dispatch
2026-02-18T20:11:04.604 INFO:journalctl@ceph.mon.a.trial122.stdout:Feb 18 20:11:04 trial122 ceph-mon[23297]: from='mgr.14118 10.20.193.122:0/1033463140' entity='mgr.x' cmd=[{"prefix": "config dump", "format": "json"}]: dispatch
2026-02-18T20:11:04.604 INFO:journalctl@ceph.mon.a.trial122.stdout:Feb 18 20:11:04 trial122 ceph-mon[23297]: from='mgr.14118 10.20.193.122:0/1033463140' entity='mgr.x' cmd=[{"prefix":"config rm","who":"mgr","name":"mgr/rbd_support/x/mirror_snapshot_schedule"}]: dispatch
2026-02-18T20:11:04.604 INFO:journalctl@ceph.mon.a.trial122.stdout:Feb 18 20:11:04 trial122 ceph-mon[23297]: from='mgr.14118 10.20.193.122:0/1033463140' entity='mgr.x' cmd=[{"prefix":"config rm","who":"mgr","name":"mgr/rbd_support/x/trash_purge_schedule"}]: dispatch
2026-02-18T20:11:05.184 INFO:teuthology.orchestra.run.trial122.stdout:/usr/bin/ceph: stdout {
2026-02-18T20:11:05.184 INFO:teuthology.orchestra.run.trial122.stdout:/usr/bin/ceph: stdout "mgrmap_epoch": 7,
2026-02-18T20:11:05.184 INFO:teuthology.orchestra.run.trial122.stdout:/usr/bin/ceph: stdout "initialized": true
2026-02-18T20:11:05.185 INFO:teuthology.orchestra.run.trial122.stdout:/usr/bin/ceph: stdout }
2026-02-18T20:11:05.185 INFO:teuthology.orchestra.run.trial122.stdout:/usr/bin/ceph: stderr
2026-02-18T20:11:01.865+0000 7f277a6be640 1 Processor -- start
2026-02-18T20:11:05.185 INFO:teuthology.orchestra.run.trial122.stdout:/usr/bin/ceph: stderr
2026-02-18T20:11:01.865+0000 7f277a6be640 1 -- start start
2026-02-18T20:11:05.185 INFO:teuthology.orchestra.run.trial122.stdout:/usr/bin/ceph: stderr
2026-02-18T20:11:01.865+0000 7f277a6be640 1 --2- >> [v2:10.20.193.122:3300/0,v1:10.20.193.122:6789/0] conn(0x7f277410a3d0 0x7f277410a7d0 unknown :-1 s=NONE pgs=0 cs=0 l=0 rev1=0 crypto rx=0 tx=0 comp rx=0 tx=0).connect
2026-02-18T20:11:05.185 INFO:teuthology.orchestra.run.trial122.stdout:/usr/bin/ceph: stderr
2026-02-18T20:11:01.865+0000 7f277a6be640 1 -- --> [v2:10.20.193.122:3300/0,v1:10.20.193.122:6789/0] -- mon_getmap magic: 0 -- 0x7f277410ada0 con 0x7f277410a3d0
2026-02-18T20:11:05.185 INFO:teuthology.orchestra.run.trial122.stdout:/usr/bin/ceph: stderr
2026-02-18T20:11:01.865+0000 7f2773fff640 1 --2- >> [v2:10.20.193.122:3300/0,v1:10.20.193.122:6789/0] conn(0x7f277410a3d0 0x7f277410a7d0 unknown :-1 s=BANNER_CONNECTING pgs=0 cs=0 l=0 rev1=0 crypto rx=0 tx=0 comp rx=0 tx=0)._handle_peer_banner_payload supported=3 required=0
2026-02-18T20:11:05.186 INFO:teuthology.orchestra.run.trial122.stdout:/usr/bin/ceph: stderr
2026-02-18T20:11:01.865+0000 7f2773fff640 1 --2- >> [v2:10.20.193.122:3300/0,v1:10.20.193.122:6789/0] conn(0x7f277410a3d0 0x7f277410a7d0 unknown :-1 s=HELLO_CONNECTING pgs=0 cs=0 l=0 rev1=1 crypto rx=0 tx=0 comp rx=0 tx=0).handle_hello peer v2:10.20.193.122:3300/0 says I am v2:10.20.193.122:45024/0 (socket says 10.20.193.122:45024)
2026-02-18T20:11:05.186 INFO:teuthology.orchestra.run.trial122.stdout:/usr/bin/ceph: stderr
2026-02-18T20:11:01.865+0000 7f2773fff640 1 -- 10.20.193.122:0/1440823289 learned_addr learned my addr 10.20.193.122:0/1440823289 (peer_addr_for_me v2:10.20.193.122:0/0)
2026-02-18T20:11:05.186 INFO:teuthology.orchestra.run.trial122.stdout:/usr/bin/ceph: stderr
2026-02-18T20:11:01.866+0000 7f2773fff640 1 -- 10.20.193.122:0/1440823289 --> [v2:10.20.193.122:3300/0,v1:10.20.193.122:6789/0] -- mon_subscribe({config=0+,monmap=0+}) -- 0x7f277410b470 con 0x7f277410a3d0
2026-02-18T20:11:05.186 INFO:teuthology.orchestra.run.trial122.stdout:/usr/bin/ceph: stderr
2026-02-18T20:11:01.866+0000 7f2773fff640 1 --2- 10.20.193.122:0/1440823289 >> [v2:10.20.193.122:3300/0,v1:10.20.193.122:6789/0] conn(0x7f277410a3d0 0x7f277410a7d0 secure :-1 s=READY pgs=26 cs=0 l=1 rev1=1 crypto rx=0x7f2760009920 tx=0x7f276002ef20 comp rx=0 tx=0).ready entity=mon.0 client_cookie=1a1345b7663f69f1 server_cookie=0 in_seq=0 out_seq=0
2026-02-18T20:11:05.186 INFO:teuthology.orchestra.run.trial122.stdout:/usr/bin/ceph: stderr
2026-02-18T20:11:01.866+0000 7f2772ffd640 1 -- 10.20.193.122:0/1440823289 <== mon.0 v2:10.20.193.122:3300/0 1 ==== mon_map magic: 0 ==== 205+0+0 (secure 0 0 0) 0x7f276003c070 con 0x7f277410a3d0
2026-02-18T20:11:05.186 INFO:teuthology.orchestra.run.trial122.stdout:/usr/bin/ceph: stderr
2026-02-18T20:11:01.866+0000 7f2772ffd640 1 -- 10.20.193.122:0/1440823289 <== mon.0 v2:10.20.193.122:3300/0 2 ==== config(25 keys) ==== 1007+0+0 (secure 0 0 0) 0x7f2760037440 con 0x7f277410a3d0
2026-02-18T20:11:05.187 INFO:teuthology.orchestra.run.trial122.stdout:/usr/bin/ceph: stderr
2026-02-18T20:11:01.866+0000 7f2772ffd640 1 -- 10.20.193.122:0/1440823289 <== mon.0 v2:10.20.193.122:3300/0 3 ==== mon_map magic: 0 ==== 205+0+0 (secure 0 0 0) 0x7f27600354d0 con 0x7f277410a3d0
2026-02-18T20:11:05.187 INFO:teuthology.orchestra.run.trial122.stdout:/usr/bin/ceph: stderr
2026-02-18T20:11:01.866+0000 7f277a6be640 1 -- 10.20.193.122:0/1440823289 >> [v2:10.20.193.122:3300/0,v1:10.20.193.122:6789/0] conn(0x7f277410a3d0 msgr2=0x7f277410a7d0 secure :-1 s=STATE_CONNECTION_ESTABLISHED l=1).mark_down
2026-02-18T20:11:05.187 INFO:teuthology.orchestra.run.trial122.stdout:/usr/bin/ceph: stderr
2026-02-18T20:11:01.866+0000 7f277a6be640 1 --2- 10.20.193.122:0/1440823289 >> [v2:10.20.193.122:3300/0,v1:10.20.193.122:6789/0] conn(0x7f277410a3d0 0x7f277410a7d0 secure :-1 s=READY pgs=26 cs=0 l=1 rev1=1 crypto rx=0x7f2760009920 tx=0x7f276002ef20 comp rx=0 tx=0).stop
2026-02-18T20:11:05.187 INFO:teuthology.orchestra.run.trial122.stdout:/usr/bin/ceph: stderr
2026-02-18T20:11:01.866+0000 7f277a6be640 1 -- 10.20.193.122:0/1440823289 shutdown_connections
2026-02-18T20:11:05.187 INFO:teuthology.orchestra.run.trial122.stdout:/usr/bin/ceph: stderr
2026-02-18T20:11:01.866+0000 7f277a6be640 1 --2- 10.20.193.122:0/1440823289 >> [v2:10.20.193.122:3300/0,v1:10.20.193.122:6789/0] conn(0x7f277410a3d0 0x7f277410a7d0 unknown :-1 s=CLOSED pgs=26 cs=0 l=1 rev1=1 crypto rx=0 tx=0 comp rx=0 tx=0).stop
2026-02-18T20:11:05.187 INFO:teuthology.orchestra.run.trial122.stdout:/usr/bin/ceph: stderr
2026-02-18T20:11:01.866+0000 7f277a6be640 1 -- 10.20.193.122:0/1440823289 >> 10.20.193.122:0/1440823289 conn(0x7f277407dc20 msgr2=0x7f27741086a0 unknown :-1 s=STATE_NONE l=0).mark_down
2026-02-18T20:11:05.188 INFO:teuthology.orchestra.run.trial122.stdout:/usr/bin/ceph: stderr
2026-02-18T20:11:01.867+0000 7f277a6be640 1 -- 10.20.193.122:0/1440823289 shutdown_connections
2026-02-18T20:11:05.188 INFO:teuthology.orchestra.run.trial122.stdout:/usr/bin/ceph: stderr
2026-02-18T20:11:01.867+0000 7f277a6be640 1 -- 10.20.193.122:0/1440823289 wait complete.
2026-02-18T20:11:05.188 INFO:teuthology.orchestra.run.trial122.stdout:/usr/bin/ceph: stderr
2026-02-18T20:11:01.867+0000 7f277a6be640 1 Processor -- start
2026-02-18T20:11:05.188 INFO:teuthology.orchestra.run.trial122.stdout:/usr/bin/ceph: stderr
2026-02-18T20:11:01.867+0000 7f277a6be640 1 -- start start
2026-02-18T20:11:05.188 INFO:teuthology.orchestra.run.trial122.stdout:/usr/bin/ceph: stderr
2026-02-18T20:11:01.867+0000 7f277a6be640 1 --2- >> [v2:10.20.193.122:3300/0,v1:10.20.193.122:6789/0] conn(0x7f277410a3d0 0x7f27741a0110 unknown :-1 s=NONE pgs=0 cs=0 l=1 rev1=0 crypto rx=0 tx=0 comp rx=0 tx=0).connect
2026-02-18T20:11:05.188 INFO:teuthology.orchestra.run.trial122.stdout:/usr/bin/ceph: stderr
2026-02-18T20:11:01.867+0000 7f277a6be640 1 -- --> [v2:10.20.193.122:3300/0,v1:10.20.193.122:6789/0] -- mon_getmap magic: 0 -- 0x7f277410e6a0 con 0x7f277410a3d0
2026-02-18T20:11:05.189 INFO:teuthology.orchestra.run.trial122.stdout:/usr/bin/ceph: stderr
2026-02-18T20:11:01.867+0000 7f2773fff640 1 --2- >> [v2:10.20.193.122:3300/0,v1:10.20.193.122:6789/0] conn(0x7f277410a3d0 0x7f27741a0110 unknown :-1 s=BANNER_CONNECTING pgs=0 cs=0 l=1 rev1=0 crypto rx=0 tx=0 comp rx=0 tx=0)._handle_peer_banner_payload supported=3 required=0
2026-02-18T20:11:05.189 INFO:teuthology.orchestra.run.trial122.stdout:/usr/bin/ceph: stderr
2026-02-18T20:11:01.867+0000 7f2773fff640 1 --2- >> [v2:10.20.193.122:3300/0,v1:10.20.193.122:6789/0] conn(0x7f277410a3d0 0x7f27741a0110 unknown :-1 s=HELLO_CONNECTING pgs=0 cs=0 l=1 rev1=1 crypto rx=0 tx=0 comp rx=0 tx=0).handle_hello peer v2:10.20.193.122:3300/0 says I am v2:10.20.193.122:45034/0 (socket says 10.20.193.122:45034)
2026-02-18T20:11:05.189 INFO:teuthology.orchestra.run.trial122.stdout:/usr/bin/ceph: stderr
2026-02-18T20:11:01.867+0000 7f2773fff640 1 -- 10.20.193.122:0/2146929236 learned_addr learned my addr 10.20.193.122:0/2146929236 (peer_addr_for_me v2:10.20.193.122:0/0)
2026-02-18T20:11:05.189 INFO:teuthology.orchestra.run.trial122.stdout:/usr/bin/ceph: stderr
2026-02-18T20:11:01.867+0000 7f2773fff640 1 -- 10.20.193.122:0/2146929236 --> [v2:10.20.193.122:3300/0,v1:10.20.193.122:6789/0] -- mon_subscribe({config=0+,monmap=0+}) -- 0x7f27741a0650 con 0x7f277410a3d0
2026-02-18T20:11:05.189 INFO:teuthology.orchestra.run.trial122.stdout:/usr/bin/ceph: stderr
2026-02-18T20:11:01.868+0000 7f2773fff640 1 --2- 10.20.193.122:0/2146929236 >> [v2:10.20.193.122:3300/0,v1:10.20.193.122:6789/0] conn(0x7f277410a3d0 0x7f27741a0110 secure :-1 s=READY pgs=27 cs=0 l=1 rev1=1 crypto rx=0x7f2760002410 tx=0x7f2760035b20 comp rx=0 tx=0).ready entity=mon.0 client_cookie=0 server_cookie=0 in_seq=0 out_seq=0
2026-02-18T20:11:05.189 INFO:teuthology.orchestra.run.trial122.stdout:/usr/bin/ceph: stderr
2026-02-18T20:11:01.868+0000 7f27717fa640 1 -- 10.20.193.122:0/2146929236 <== mon.0 v2:10.20.193.122:3300/0 1 ==== mon_map magic: 0 ==== 205+0+0 (secure 0 0 0) 0x7f2760045070 con 0x7f277410a3d0
2026-02-18T20:11:05.190 INFO:teuthology.orchestra.run.trial122.stdout:/usr/bin/ceph: stderr
2026-02-18T20:11:01.868+0000 7f27717fa640 1 -- 10.20.193.122:0/2146929236 <== mon.0 v2:10.20.193.122:3300/0 2 ==== config(25 keys) ==== 1007+0+0 (secure 0 0 0) 0x7f276002fe00 con 0x7f277410a3d0
2026-02-18T20:11:05.190 INFO:teuthology.orchestra.run.trial122.stdout:/usr/bin/ceph: stderr
2026-02-18T20:11:01.868+0000 7f277a6be640 1 -- 10.20.193.122:0/2146929236 --> [v2:10.20.193.122:3300/0,v1:10.20.193.122:6789/0] -- mon_subscribe({mgrmap=0+}) -- 0x7f27741a08e0 con 0x7f277410a3d0
2026-02-18T20:11:05.190 INFO:teuthology.orchestra.run.trial122.stdout:/usr/bin/ceph: stderr
2026-02-18T20:11:01.868+0000 7f27717fa640 1 -- 10.20.193.122:0/2146929236 <== mon.0 v2:10.20.193.122:3300/0 3 ==== mon_map magic: 0 ==== 205+0+0 (secure 0 0 0) 0x7f276003c070 con 0x7f277410a3d0
2026-02-18T20:11:05.190 INFO:teuthology.orchestra.run.trial122.stdout:/usr/bin/ceph: stderr
2026-02-18T20:11:01.868+0000 7f277a6be640 1 -- 10.20.193.122:0/2146929236 --> [v2:10.20.193.122:3300/0,v1:10.20.193.122:6789/0] -- mon_subscribe({osdmap=0}) -- 0x7f27741a35d0 con 0x7f277410a3d0
2026-02-18T20:11:05.190 INFO:teuthology.orchestra.run.trial122.stdout:/usr/bin/ceph: stderr
2026-02-18T20:11:01.868+0000 7f27717fa640 1 -- 10.20.193.122:0/2146929236 <== mon.0 v2:10.20.193.122:3300/0 4 ==== mgrmap(e 5) ==== 50247+0+0 (secure 0 0 0) 0x7f2760040690 con 0x7f277410a3d0
2026-02-18T20:11:05.190 INFO:teuthology.orchestra.run.trial122.stdout:/usr/bin/ceph: stderr
2026-02-18T20:11:01.868+0000 7f27717fa640 1 --2- 10.20.193.122:0/2146929236 >> [v2:10.20.193.122:6800/2085080676,v1:10.20.193.122:6801/2085080676] conn(0x7f274803dbf0 0x7f27480400b0 unknown :-1 s=NONE pgs=0 cs=0 l=1 rev1=0 crypto rx=0 tx=0 comp rx=0 tx=0).connect
2026-02-18T20:11:05.191 INFO:teuthology.orchestra.run.trial122.stdout:/usr/bin/ceph: stderr
2026-02-18T20:11:01.868+0000 7f27717fa640 1 -- 10.20.193.122:0/2146929236 --> [v2:10.20.193.122:6800/2085080676,v1:10.20.193.122:6801/2085080676] -- command(tid 0: {"prefix": "get_command_descriptions"}) -- 0x7f27480407c0 con 0x7f274803dbf0
2026-02-18T20:11:05.191 INFO:teuthology.orchestra.run.trial122.stdout:/usr/bin/ceph: stderr
2026-02-18T20:11:01.868+0000 7f27717fa640 1 -- 10.20.193.122:0/2146929236 <== mon.0 v2:10.20.193.122:3300/0 5 ==== osd_map(1..1 src has 1..1) ==== 725+0+0 (secure 0 0 0) 0x7f2760076840 con 0x7f277410a3d0
2026-02-18T20:11:05.191 INFO:teuthology.orchestra.run.trial122.stdout:/usr/bin/ceph: stderr
2026-02-18T20:11:01.868+0000 7f27737fe640 1 -- 10.20.193.122:0/2146929236 >> [v2:10.20.193.122:6800/2085080676,v1:10.20.193.122:6801/2085080676] conn(0x7f274803dbf0 msgr2=0x7f27480400b0 unknown :-1 s=STATE_CONNECTING_RE l=1).process reconnect failed to v2:10.20.193.122:6800/2085080676
2026-02-18T20:11:05.191 INFO:teuthology.orchestra.run.trial122.stdout:/usr/bin/ceph: stderr
2026-02-18T20:11:01.869+0000 7f27737fe640 1 --2- 10.20.193.122:0/2146929236 >> [v2:10.20.193.122:6800/2085080676,v1:10.20.193.122:6801/2085080676] conn(0x7f274803dbf0 0x7f27480400b0 unknown :-1 s=START_CONNECT pgs=0 cs=0 l=1 rev1=0 crypto rx=0 tx=0 comp rx=0 tx=0)._fault waiting 0.200000
2026-02-18T20:11:05.191 INFO:teuthology.orchestra.run.trial122.stdout:/usr/bin/ceph: stderr
2026-02-18T20:11:02.070+0000 7f27737fe640 1 -- 10.20.193.122:0/2146929236 >> [v2:10.20.193.122:6800/2085080676,v1:10.20.193.122:6801/2085080676] conn(0x7f274803dbf0 msgr2=0x7f27480400b0 unknown :-1 s=STATE_CONNECTING_RE l=1).process reconnect failed to v2:10.20.193.122:6800/2085080676
2026-02-18T20:11:05.191 INFO:teuthology.orchestra.run.trial122.stdout:/usr/bin/ceph: stderr
2026-02-18T20:11:02.070+0000 7f27737fe640 1 --2- 10.20.193.122:0/2146929236 >> [v2:10.20.193.122:6800/2085080676,v1:10.20.193.122:6801/2085080676] conn(0x7f274803dbf0 0x7f27480400b0 unknown :-1 s=START_CONNECT pgs=0 cs=0 l=1 rev1=0 crypto rx=0 tx=0 comp rx=0 tx=0)._fault waiting 0.400000
2026-02-18T20:11:05.192 INFO:teuthology.orchestra.run.trial122.stdout:/usr/bin/ceph: stderr
2026-02-18T20:11:02.471+0000 7f27737fe640 1 -- 10.20.193.122:0/2146929236 >> [v2:10.20.193.122:6800/2085080676,v1:10.20.193.122:6801/2085080676] conn(0x7f274803dbf0 msgr2=0x7f27480400b0 unknown :-1 s=STATE_CONNECTING_RE l=1).process reconnect failed to v2:10.20.193.122:6800/2085080676
2026-02-18T20:11:05.192 INFO:teuthology.orchestra.run.trial122.stdout:/usr/bin/ceph: stderr
2026-02-18T20:11:02.471+0000 7f27737fe640 1 --2- 10.20.193.122:0/2146929236 >> [v2:10.20.193.122:6800/2085080676,v1:10.20.193.122:6801/2085080676] conn(0x7f274803dbf0 0x7f27480400b0 unknown :-1 s=START_CONNECT pgs=0 cs=0 l=1 rev1=0 crypto rx=0 tx=0 comp rx=0 tx=0)._fault waiting 0.800000
2026-02-18T20:11:05.192 INFO:teuthology.orchestra.run.trial122.stdout:/usr/bin/ceph: stderr
2026-02-18T20:11:03.272+0000 7f27737fe640 1 -- 10.20.193.122:0/2146929236 >> [v2:10.20.193.122:6800/2085080676,v1:10.20.193.122:6801/2085080676] conn(0x7f274803dbf0 msgr2=0x7f27480400b0 unknown :-1 s=STATE_CONNECTING_RE l=1).process reconnect failed to v2:10.20.193.122:6800/2085080676
2026-02-18T20:11:05.192 INFO:teuthology.orchestra.run.trial122.stdout:/usr/bin/ceph: stderr
2026-02-18T20:11:03.272+0000 7f27737fe640 1 --2- 10.20.193.122:0/2146929236 >> [v2:10.20.193.122:6800/2085080676,v1:10.20.193.122:6801/2085080676] conn(0x7f274803dbf0 0x7f27480400b0 unknown :-1 s=START_CONNECT pgs=0 cs=0 l=1 rev1=0 crypto rx=0 tx=0 comp rx=0 tx=0)._fault waiting 1.600000
2026-02-18T20:11:05.192 INFO:teuthology.orchestra.run.trial122.stdout:/usr/bin/ceph: stderr
2026-02-18T20:11:04.147+0000 7f27717fa640 1 -- 10.20.193.122:0/2146929236 <== mon.0 v2:10.20.193.122:3300/0 6 ==== mgrmap(e 6) ==== 50014+0+0 (secure 0 0 0) 0x7f2760075300 con 0x7f277410a3d0
2026-02-18T20:11:05.192 INFO:teuthology.orchestra.run.trial122.stdout:/usr/bin/ceph: stderr
2026-02-18T20:11:04.147+0000 7f27717fa640 1 -- 10.20.193.122:0/2146929236 >> [v2:10.20.193.122:6800/2085080676,v1:10.20.193.122:6801/2085080676] conn(0x7f274803dbf0 msgr2=0x7f27480400b0 unknown :-1 s=STATE_CONNECTING l=1).mark_down
2026-02-18T20:11:05.193 INFO:teuthology.orchestra.run.trial122.stdout:/usr/bin/ceph: stderr
2026-02-18T20:11:04.147+0000 7f27717fa640 1 --2- 10.20.193.122:0/2146929236 >> [v2:10.20.193.122:6800/2085080676,v1:10.20.193.122:6801/2085080676] conn(0x7f274803dbf0 0x7f27480400b0 unknown :-1 s=START_CONNECT pgs=0 cs=0 l=1 rev1=0 crypto rx=0 tx=0 comp rx=0 tx=0).stop
2026-02-18T20:11:05.193 INFO:teuthology.orchestra.run.trial122.stdout:/usr/bin/ceph: stderr
2026-02-18T20:11:05.148+0000 7f27717fa640 1 -- 10.20.193.122:0/2146929236 <== mon.0 v2:10.20.193.122:3300/0 7 ==== mgrmap(e 7) ==== 50141+0+0 (secure 0 0 0) 0x7f276002f9b0 con 0x7f277410a3d0
2026-02-18T20:11:05.193 INFO:teuthology.orchestra.run.trial122.stdout:/usr/bin/ceph: stderr
2026-02-18T20:11:05.148+0000 7f27717fa640 1 --2- 10.20.193.122:0/2146929236 >> [v2:10.20.193.122:6800/2325210295,v1:10.20.193.122:6801/2325210295] conn(0x7f2748041540 0x7f2748043930 unknown :-1 s=NONE pgs=0 cs=0 l=1 rev1=0 crypto rx=0 tx=0 comp rx=0 tx=0).connect
2026-02-18T20:11:05.193 INFO:teuthology.orchestra.run.trial122.stdout:/usr/bin/ceph: stderr
2026-02-18T20:11:05.148+0000 7f27717fa640 1 -- 10.20.193.122:0/2146929236 --> [v2:10.20.193.122:6800/2325210295,v1:10.20.193.122:6801/2325210295] -- command(tid 0: {"prefix": "get_command_descriptions"}) -- 0x7f2760033e60 con 0x7f2748041540
2026-02-18T20:11:05.193 INFO:teuthology.orchestra.run.trial122.stdout:/usr/bin/ceph: stderr
2026-02-18T20:11:05.148+0000 7f27737fe640 1 --2- 10.20.193.122:0/2146929236 >> [v2:10.20.193.122:6800/2325210295,v1:10.20.193.122:6801/2325210295] conn(0x7f2748041540 0x7f2748043930 unknown :-1 s=BANNER_CONNECTING pgs=0 cs=0 l=1 rev1=0 crypto rx=0 tx=0 comp rx=0 tx=0)._handle_peer_banner_payload supported=3 required=0
2026-02-18T20:11:05.193 INFO:teuthology.orchestra.run.trial122.stdout:/usr/bin/ceph: stderr
2026-02-18T20:11:05.149+0000 7f27737fe640 1 --2- 10.20.193.122:0/2146929236 >> [v2:10.20.193.122:6800/2325210295,v1:10.20.193.122:6801/2325210295] conn(0x7f2748041540 0x7f2748043930 secure :-1 s=READY pgs=1 cs=0 l=1 rev1=1 crypto rx=0x7f2764003a80 tx=0x7f27640092b0 comp rx=0 tx=0).ready entity=mgr.14118 client_cookie=0 server_cookie=0 in_seq=0 out_seq=0
2026-02-18T20:11:05.194 INFO:teuthology.orchestra.run.trial122.stdout:/usr/bin/ceph: stderr
2026-02-18T20:11:05.149+0000 7f27717fa640 1 -- 10.20.193.122:0/2146929236 <== mgr.14118 v2:10.20.193.122:6800/2325210295 1 ==== command_reply(tid 0: 0 ) ==== 8+0+8901 (secure 0 0 0) 0x7f2760033e60 con 0x7f2748041540
2026-02-18T20:11:05.194 INFO:teuthology.orchestra.run.trial122.stdout:/usr/bin/ceph: stderr
2026-02-18T20:11:05.153+0000 7f277a6be640 1 -- 10.20.193.122:0/2146929236 --> [v2:10.20.193.122:6800/2325210295,v1:10.20.193.122:6801/2325210295] -- command(tid 1: {"prefix": "mgr_status"}) -- 0x7f277410a850 con 0x7f2748041540
2026-02-18T20:11:05.194 INFO:teuthology.orchestra.run.trial122.stdout:/usr/bin/ceph: stderr
2026-02-18T20:11:05.153+0000 7f27717fa640 1 -- 10.20.193.122:0/2146929236 <== mgr.14118 v2:10.20.193.122:6800/2325210295 2 ==== command_reply(tid 1: 0 ) ==== 8+0+51 (secure 0 0 0) 0x7f277410a850 con 0x7f2748041540
2026-02-18T20:11:05.194 INFO:teuthology.orchestra.run.trial122.stdout:/usr/bin/ceph: stderr
2026-02-18T20:11:05.153+0000 7f277a6be640 1 -- 10.20.193.122:0/2146929236 >> [v2:10.20.193.122:6800/2325210295,v1:10.20.193.122:6801/2325210295] conn(0x7f2748041540 msgr2=0x7f2748043930 secure :-1 s=STATE_CONNECTION_ESTABLISHED l=1).mark_down
2026-02-18T20:11:05.194 INFO:teuthology.orchestra.run.trial122.stdout:/usr/bin/ceph: stderr
2026-02-18T20:11:05.153+0000 7f277a6be640 1 --2- 10.20.193.122:0/2146929236 >> [v2:10.20.193.122:6800/2325210295,v1:10.20.193.122:6801/2325210295] conn(0x7f2748041540 0x7f2748043930 secure :-1 s=READY pgs=1 cs=0 l=1 rev1=1 crypto rx=0x7f2764003a80 tx=0x7f27640092b0 comp rx=0 tx=0).stop
2026-02-18T20:11:05.194 INFO:teuthology.orchestra.run.trial122.stdout:/usr/bin/ceph: stderr
2026-02-18T20:11:05.153+0000 7f277a6be640 1 -- 10.20.193.122:0/2146929236 >> [v2:10.20.193.122:3300/0,v1:10.20.193.122:6789/0] conn(0x7f277410a3d0 msgr2=0x7f27741a0110 secure :-1 s=STATE_CONNECTION_ESTABLISHED l=1).mark_down
2026-02-18T20:11:05.195 INFO:teuthology.orchestra.run.trial122.stdout:/usr/bin/ceph: stderr
2026-02-18T20:11:05.153+0000 7f277a6be640 1 --2- 10.20.193.122:0/2146929236 >> [v2:10.20.193.122:3300/0,v1:10.20.193.122:6789/0] conn(0x7f277410a3d0 0x7f27741a0110 secure :-1 s=READY pgs=27 cs=0 l=1 rev1=1 crypto rx=0x7f2760002410 tx=0x7f2760035b20 comp rx=0 tx=0).stop
2026-02-18T20:11:05.195 INFO:teuthology.orchestra.run.trial122.stdout:/usr/bin/ceph: stderr
2026-02-18T20:11:05.153+0000 7f277a6be640 1 -- 10.20.193.122:0/2146929236 shutdown_connections
2026-02-18T20:11:05.195 INFO:teuthology.orchestra.run.trial122.stdout:/usr/bin/ceph: stderr
2026-02-18T20:11:05.153+0000 7f277a6be640 1 --2- 10.20.193.122:0/2146929236 >> [v2:10.20.193.122:6800/2325210295,v1:10.20.193.122:6801/2325210295] conn(0x7f2748041540 0x7f2748043930 unknown :-1 s=CLOSED pgs=1 cs=0 l=1 rev1=1 crypto rx=0 tx=0 comp rx=0 tx=0).stop
2026-02-18T20:11:05.195 INFO:teuthology.orchestra.run.trial122.stdout:/usr/bin/ceph: stderr
2026-02-18T20:11:05.153+0000 7f277a6be640 1 --2- 10.20.193.122:0/2146929236 >> [v2:10.20.193.122:6800/2085080676,v1:10.20.193.122:6801/2085080676] conn(0x7f274803dbf0 0x7f27480400b0 unknown :-1 s=CLOSED pgs=0 cs=0 l=1 rev1=0 crypto rx=0 tx=0 comp rx=0 tx=0).stop
2026-02-18T20:11:05.195 INFO:teuthology.orchestra.run.trial122.stdout:/usr/bin/ceph: stderr
2026-02-18T20:11:05.153+0000 7f277a6be640 1 --2- 10.20.193.122:0/2146929236 >> [v2:10.20.193.122:3300/0,v1:10.20.193.122:6789/0] conn(0x7f277410a3d0 0x7f27741a0110 unknown :-1 s=CLOSED pgs=27 cs=0 l=1 rev1=1 crypto rx=0 tx=0 comp rx=0 tx=0).stop
2026-02-18T20:11:05.195 INFO:teuthology.orchestra.run.trial122.stdout:/usr/bin/ceph: stderr
2026-02-18T20:11:05.153+0000 7f277a6be640 1 -- 10.20.193.122:0/2146929236 >> 10.20.193.122:0/2146929236 conn(0x7f277407dc20 msgr2=0x7f2774107e70 unknown :-1 s=STATE_NONE l=0).mark_down
2026-02-18T20:11:05.196 INFO:teuthology.orchestra.run.trial122.stdout:/usr/bin/ceph: stderr
2026-02-18T20:11:05.153+0000 7f277a6be640 1 -- 10.20.193.122:0/2146929236 shutdown_connections
2026-02-18T20:11:05.196 INFO:teuthology.orchestra.run.trial122.stdout:/usr/bin/ceph: stderr
2026-02-18T20:11:05.153+0000 7f277a6be640 1 -- 10.20.193.122:0/2146929236 wait complete.
2026-02-18T20:11:05.196 INFO:teuthology.orchestra.run.trial122.stdout:mgr epoch 5 is available
2026-02-18T20:11:05.196 INFO:teuthology.orchestra.run.trial122.stdout:Setting orchestrator backend to cephadm...
2026-02-18T20:11:05.399 INFO:teuthology.orchestra.run.trial122.stdout:/usr/bin/ceph: stderr
2026-02-18T20:11:05.272+0000 7f58a4f80640 1 Processor -- start
2026-02-18T20:11:05.399 INFO:teuthology.orchestra.run.trial122.stdout:/usr/bin/ceph: stderr
2026-02-18T20:11:05.272+0000 7f58a4f80640 1 -- start start
2026-02-18T20:11:05.399 INFO:teuthology.orchestra.run.trial122.stdout:/usr/bin/ceph: stderr
2026-02-18T20:11:05.272+0000 7f58a4f80640 1 --2- >> [v2:10.20.193.122:3300/0,v1:10.20.193.122:6789/0] conn(0x7f58a010a3d0 0x7f58a010a7d0 unknown :-1 s=NONE pgs=0 cs=0 l=0 rev1=0 crypto rx=0 tx=0 comp rx=0 tx=0).connect
2026-02-18T20:11:05.400 INFO:teuthology.orchestra.run.trial122.stdout:/usr/bin/ceph: stderr
2026-02-18T20:11:05.272+0000 7f58a4f80640 1 -- --> [v2:10.20.193.122:3300/0,v1:10.20.193.122:6789/0] -- mon_getmap magic: 0 -- 0x7f58a010ada0 con 0x7f58a010a3d0
2026-02-18T20:11:05.400 INFO:teuthology.orchestra.run.trial122.stdout:/usr/bin/ceph: stderr
2026-02-18T20:11:05.272+0000 7f589e575640 1 --2- >> [v2:10.20.193.122:3300/0,v1:10.20.193.122:6789/0] conn(0x7f58a010a3d0 0x7f58a010a7d0 unknown :-1 s=BANNER_CONNECTING pgs=0 cs=0 l=0 rev1=0 crypto rx=0 tx=0 comp rx=0 tx=0)._handle_peer_banner_payload supported=3 required=0
2026-02-18T20:11:05.400 INFO:teuthology.orchestra.run.trial122.stdout:/usr/bin/ceph: stderr
2026-02-18T20:11:05.272+0000 7f589e575640 1 --2- >> [v2:10.20.193.122:3300/0,v1:10.20.193.122:6789/0] conn(0x7f58a010a3d0 0x7f58a010a7d0 unknown :-1 s=HELLO_CONNECTING pgs=0 cs=0 l=0 rev1=1 crypto rx=0 tx=0 comp rx=0 tx=0).handle_hello peer v2:10.20.193.122:3300/0 says I am v2:10.20.193.122:45102/0 (socket says 10.20.193.122:45102)
2026-02-18T20:11:05.400 INFO:teuthology.orchestra.run.trial122.stdout:/usr/bin/ceph: stderr
2026-02-18T20:11:05.272+0000 7f589e575640 1 -- 10.20.193.122:0/3304017066 learned_addr learned my addr 10.20.193.122:0/3304017066 (peer_addr_for_me v2:10.20.193.122:0/0)
2026-02-18T20:11:05.400 INFO:teuthology.orchestra.run.trial122.stdout:/usr/bin/ceph: stderr
2026-02-18T20:11:05.272+0000 7f589e575640 1 -- 10.20.193.122:0/3304017066 --> [v2:10.20.193.122:3300/0,v1:10.20.193.122:6789/0] -- mon_subscribe({config=0+,monmap=0+}) -- 0x7f58a010b470 con 0x7f58a010a3d0
2026-02-18T20:11:05.400 INFO:teuthology.orchestra.run.trial122.stdout:/usr/bin/ceph: stderr
2026-02-18T20:11:05.273+0000 7f589e575640 1 --2- 10.20.193.122:0/3304017066 >> [v2:10.20.193.122:3300/0,v1:10.20.193.122:6789/0] conn(0x7f58a010a3d0 0x7f58a010a7d0 secure :-1 s=READY pgs=35 cs=0 l=1 rev1=1 crypto rx=0x7f5894009920 tx=0x7f589402ef20 comp rx=0 tx=0).ready entity=mon.0 client_cookie=acc291d800e26ed6 server_cookie=0 in_seq=0 out_seq=0
2026-02-18T20:11:05.400 INFO:teuthology.orchestra.run.trial122.stdout:/usr/bin/ceph: stderr
2026-02-18T20:11:05.273+0000 7f589d573640 1 -- 10.20.193.122:0/3304017066 <== mon.0 v2:10.20.193.122:3300/0 1 ==== mon_map magic: 0 ==== 205+0+0 (secure 0 0 0) 0x7f589403c070 con 0x7f58a010a3d0
2026-02-18T20:11:05.400 INFO:teuthology.orchestra.run.trial122.stdout:/usr/bin/ceph: stderr
2026-02-18T20:11:05.273+0000 7f589d573640 1 -- 10.20.193.122:0/3304017066 <== mon.0 v2:10.20.193.122:3300/0 2 ==== config(25 keys) ==== 1007+0+0 (secure 0 0 0) 0x7f5894037440 con 0x7f58a010a3d0
2026-02-18T20:11:05.400 INFO:teuthology.orchestra.run.trial122.stdout:/usr/bin/ceph: stderr
2026-02-18T20:11:05.273+0000 7f589d573640 1 -- 10.20.193.122:0/3304017066 <== mon.0 v2:10.20.193.122:3300/0 3 ==== mon_map magic: 0 ==== 205+0+0 (secure 0 0 0) 0x7f58940354d0 con 0x7f58a010a3d0
2026-02-18T20:11:05.400 INFO:teuthology.orchestra.run.trial122.stdout:/usr/bin/ceph: stderr
2026-02-18T20:11:05.273+0000 7f58a4f80640 1 -- 10.20.193.122:0/3304017066 >> [v2:10.20.193.122:3300/0,v1:10.20.193.122:6789/0] conn(0x7f58a010a3d0 msgr2=0x7f58a010a7d0 secure :-1 s=STATE_CONNECTION_ESTABLISHED l=1).mark_down
2026-02-18T20:11:05.401 INFO:teuthology.orchestra.run.trial122.stdout:/usr/bin/ceph: stderr
2026-02-18T20:11:05.273+0000 7f58a4f80640 1 --2- 10.20.193.122:0/3304017066 >> [v2:10.20.193.122:3300/0,v1:10.20.193.122:6789/0] conn(0x7f58a010a3d0 0x7f58a010a7d0 secure :-1 s=READY pgs=35 cs=0 l=1 rev1=1 crypto rx=0x7f5894009920 tx=0x7f589402ef20 comp rx=0 tx=0).stop
2026-02-18T20:11:05.401 INFO:teuthology.orchestra.run.trial122.stdout:/usr/bin/ceph: stderr
2026-02-18T20:11:05.273+0000 7f58a4f80640 1 -- 10.20.193.122:0/3304017066 shutdown_connections
2026-02-18T20:11:05.401 INFO:teuthology.orchestra.run.trial122.stdout:/usr/bin/ceph: stderr
2026-02-18T20:11:05.273+0000 7f58a4f80640 1 --2- 10.20.193.122:0/3304017066 >> [v2:10.20.193.122:3300/0,v1:10.20.193.122:6789/0] conn(0x7f58a010a3d0 0x7f58a010a7d0 unknown :-1 s=CLOSED pgs=35 cs=0 l=1 rev1=1 crypto rx=0 tx=0 comp rx=0 tx=0).stop
2026-02-18T20:11:05.401 INFO:teuthology.orchestra.run.trial122.stdout:/usr/bin/ceph: stderr
2026-02-18T20:11:05.273+0000 7f58a4f80640 1 -- 10.20.193.122:0/3304017066 >> 10.20.193.122:0/3304017066 conn(0x7f58a007dc20 msgr2=0x7f58a01086a0 unknown :-1 s=STATE_NONE l=0).mark_down
2026-02-18T20:11:05.401 INFO:teuthology.orchestra.run.trial122.stdout:/usr/bin/ceph: stderr
2026-02-18T20:11:05.273+0000 7f58a4f80640 1 -- 10.20.193.122:0/3304017066 shutdown_connections
2026-02-18T20:11:05.401 INFO:teuthology.orchestra.run.trial122.stdout:/usr/bin/ceph: stderr
2026-02-18T20:11:05.273+0000 7f58a4f80640 1 -- 10.20.193.122:0/3304017066 wait complete.
2026-02-18T20:11:05.401 INFO:teuthology.orchestra.run.trial122.stdout:/usr/bin/ceph: stderr
2026-02-18T20:11:05.274+0000 7f58a4f80640 1 Processor -- start
2026-02-18T20:11:05.401 INFO:teuthology.orchestra.run.trial122.stdout:/usr/bin/ceph: stderr
2026-02-18T20:11:05.274+0000 7f58a4f80640 1 -- start start
2026-02-18T20:11:05.401 INFO:teuthology.orchestra.run.trial122.stdout:/usr/bin/ceph: stderr
2026-02-18T20:11:05.274+0000 7f58a4f80640 1 --2- >> [v2:10.20.193.122:3300/0,v1:10.20.193.122:6789/0] conn(0x7f58a010a3d0 0x7f58a01a00f0 unknown :-1 s=NONE pgs=0 cs=0 l=1 rev1=0 crypto rx=0 tx=0 comp rx=0 tx=0).connect
2026-02-18T20:11:05.401 INFO:teuthology.orchestra.run.trial122.stdout:/usr/bin/ceph: stderr
2026-02-18T20:11:05.274+0000 7f58a4f80640 1 -- --> [v2:10.20.193.122:3300/0,v1:10.20.193.122:6789/0] -- mon_getmap magic: 0 -- 0x7f58a010e6a0 con 0x7f58a010a3d0
2026-02-18T20:11:05.401 INFO:teuthology.orchestra.run.trial122.stdout:/usr/bin/ceph: stderr
2026-02-18T20:11:05.274+0000 7f589e575640 1 --2- >> [v2:10.20.193.122:3300/0,v1:10.20.193.122:6789/0] conn(0x7f58a010a3d0 0x7f58a01a00f0 unknown :-1 s=BANNER_CONNECTING pgs=0 cs=0 l=1 rev1=0 crypto rx=0 tx=0 comp rx=0 tx=0)._handle_peer_banner_payload supported=3 required=0
2026-02-18T20:11:05.402 INFO:teuthology.orchestra.run.trial122.stdout:/usr/bin/ceph: stderr
2026-02-18T20:11:05.274+0000 7f589e575640 1 --2- >> [v2:10.20.193.122:3300/0,v1:10.20.193.122:6789/0] conn(0x7f58a010a3d0 0x7f58a01a00f0 unknown :-1 s=HELLO_CONNECTING pgs=0 cs=0 l=1 rev1=1 crypto rx=0 tx=0 comp rx=0 tx=0).handle_hello peer v2:10.20.193.122:3300/0 says I am v2:10.20.193.122:45116/0 (socket says 10.20.193.122:45116)
2026-02-18T20:11:05.402 INFO:teuthology.orchestra.run.trial122.stdout:/usr/bin/ceph: stderr
2026-02-18T20:11:05.274+0000 7f589e575640 1 -- 10.20.193.122:0/866683843 learned_addr learned my addr 10.20.193.122:0/866683843 (peer_addr_for_me v2:10.20.193.122:0/0)
2026-02-18T20:11:05.402 INFO:teuthology.orchestra.run.trial122.stdout:/usr/bin/ceph: stderr
2026-02-18T20:11:05.274+0000 7f589e575640 1 -- 10.20.193.122:0/866683843 --> [v2:10.20.193.122:3300/0,v1:10.20.193.122:6789/0] -- mon_subscribe({config=0+,monmap=0+}) -- 0x7f58a01a0630 con 0x7f58a010a3d0
2026-02-18T20:11:05.402 INFO:teuthology.orchestra.run.trial122.stdout:/usr/bin/ceph: stderr
2026-02-18T20:11:05.274+0000 7f589e575640 1 --2- 10.20.193.122:0/866683843 >> [v2:10.20.193.122:3300/0,v1:10.20.193.122:6789/0] conn(0x7f58a010a3d0 0x7f58a01a00f0 secure :-1 s=READY pgs=36 cs=0 l=1 rev1=1 crypto rx=0x7f5894037cd0 tx=0x7f5894035b10 comp rx=0 tx=0).ready entity=mon.0 client_cookie=0 server_cookie=0 in_seq=0 out_seq=0
2026-02-18T20:11:05.402 INFO:teuthology.orchestra.run.trial122.stdout:/usr/bin/ceph: stderr
2026-02-18T20:11:05.274+0000 7f58877fe640 1 -- 10.20.193.122:0/866683843 <== mon.0 v2:10.20.193.122:3300/0 1 ==== mon_map magic: 0 ==== 205+0+0 (secure 0 0 0) 0x7f5894045070 con 0x7f58a010a3d0
2026-02-18T20:11:05.402 INFO:teuthology.orchestra.run.trial122.stdout:/usr/bin/ceph: stderr
2026-02-18T20:11:05.274+0000 7f58877fe640 1 -- 10.20.193.122:0/866683843 <== mon.0 v2:10.20.193.122:3300/0 2 ==== config(25 keys) ==== 1007+0+0 (secure 0 0 0) 0x7f5894040450 con 0x7f58a010a3d0
2026-02-18T20:11:05.402 INFO:teuthology.orchestra.run.trial122.stdout:/usr/bin/ceph: stderr
2026-02-18T20:11:05.274+0000 7f58a4f80640 1 -- 10.20.193.122:0/866683843 --> [v2:10.20.193.122:3300/0,v1:10.20.193.122:6789/0] -- mon_subscribe({mgrmap=0+}) -- 0x7f58a01a08c0 con 0x7f58a010a3d0
2026-02-18T20:11:05.402 INFO:teuthology.orchestra.run.trial122.stdout:/usr/bin/ceph: stderr
2026-02-18T20:11:05.274+0000 7f58877fe640 1 -- 10.20.193.122:0/866683843 <== mon.0 v2:10.20.193.122:3300/0 3 ==== mon_map magic: 0 ==== 205+0+0 (secure 0 0 0) 0x7f589403c070 con 0x7f58a010a3d0
2026-02-18T20:11:05.402 INFO:teuthology.orchestra.run.trial122.stdout:/usr/bin/ceph: stderr
2026-02-18T20:11:05.274+0000 7f58a4f80640 1 -- 10.20.193.122:0/866683843 --> [v2:10.20.193.122:3300/0,v1:10.20.193.122:6789/0] -- mon_subscribe({osdmap=0}) -- 0x7f58a01a35b0 con 0x7f58a010a3d0
2026-02-18T20:11:05.402 INFO:teuthology.orchestra.run.trial122.stdout:/usr/bin/ceph: stderr
2026-02-18T20:11:05.275+0000 7f58a4f80640 1 -- 10.20.193.122:0/866683843 --> [v2:10.20.193.122:3300/0,v1:10.20.193.122:6789/0] -- mon_command({"prefix": "get_command_descriptions"} v 0) -- 0x7f58a010a850 con 0x7f58a010a3d0
2026-02-18T20:11:05.403 INFO:teuthology.orchestra.run.trial122.stdout:/usr/bin/ceph: stderr
2026-02-18T20:11:05.275+0000 7f58877fe640 1 -- 10.20.193.122:0/866683843 <== mon.0 v2:10.20.193.122:3300/0 4 ==== mgrmap(e 7) ==== 50141+0+0 (secure 0 0 0) 0x7f589403e5f0 con 0x7f58a010a3d0
2026-02-18T20:11:05.403 INFO:teuthology.orchestra.run.trial122.stdout:/usr/bin/ceph: stderr
2026-02-18T20:11:05.275+0000 7f58877fe640 1 --2- 10.20.193.122:0/866683843 >> [v2:10.20.193.122:6800/2325210295,v1:10.20.193.122:6801/2325210295] conn(0x7f587803da80 0x7f587803ff40 unknown :-1 s=NONE pgs=0 cs=0 l=1 rev1=0 crypto rx=0 tx=0 comp rx=0 tx=0).connect
2026-02-18T20:11:05.403 INFO:teuthology.orchestra.run.trial122.stdout:/usr/bin/ceph: stderr
2026-02-18T20:11:05.275+0000 7f58877fe640 1 -- 10.20.193.122:0/866683843 <== mon.0 v2:10.20.193.122:3300/0 5 ==== osd_map(2..2 src has 1..2) ==== 940+0+0 (secure 0 0 0) 0x7f58940765a0 con 0x7f58a010a3d0
2026-02-18T20:11:05.403 INFO:teuthology.orchestra.run.trial122.stdout:/usr/bin/ceph: stderr
2026-02-18T20:11:05.275+0000 7f589dd74640 1 --2- 10.20.193.122:0/866683843 >> [v2:10.20.193.122:6800/2325210295,v1:10.20.193.122:6801/2325210295] conn(0x7f587803da80 0x7f587803ff40 unknown :-1 s=BANNER_CONNECTING pgs=0 cs=0 l=1 rev1=0 crypto rx=0 tx=0 comp rx=0 tx=0)._handle_peer_banner_payload supported=3 required=0
2026-02-18T20:11:05.403 INFO:teuthology.orchestra.run.trial122.stdout:/usr/bin/ceph: stderr
2026-02-18T20:11:05.275+0000 7f589dd74640 1 --2- 10.20.193.122:0/866683843 >> [v2:10.20.193.122:6800/2325210295,v1:10.20.193.122:6801/2325210295] conn(0x7f587803da80 0x7f587803ff40 secure :-1 s=READY pgs=7 cs=0 l=1 rev1=1 crypto rx=0x7f58880099c0 tx=0x7f5888006eb0 comp rx=0 tx=0).ready entity=mgr.14118 client_cookie=0 server_cookie=0 in_seq=0 out_seq=0
2026-02-18T20:11:05.403 INFO:teuthology.orchestra.run.trial122.stdout:/usr/bin/ceph: stderr
2026-02-18T20:11:05.278+0000 7f58877fe640 1 -- 10.20.193.122:0/866683843 <== mon.0 v2:10.20.193.122:3300/0 6 ==== mon_command_ack([{"prefix": "get_command_descriptions"}]=0 v0) ==== 72+0+195034 (secure 0 0 0) 0x7f5894040900 con 0x7f58a010a3d0
2026-02-18T20:11:05.403 INFO:teuthology.orchestra.run.trial122.stdout:/usr/bin/ceph: stderr
2026-02-18T20:11:05.367+0000 7f58a4f80640 1 -- 10.20.193.122:0/866683843 --> [v2:10.20.193.122:6800/2325210295,v1:10.20.193.122:6801/2325210295] -- mgr_command(tid 0: {"prefix": "orch set backend", "module_name": "cephadm", "target": ["mon-mgr", ""]}) -- 0x7f58a01085a0 con 0x7f587803da80
2026-02-18T20:11:05.403 INFO:teuthology.orchestra.run.trial122.stdout:/usr/bin/ceph: stderr
2026-02-18T20:11:05.370+0000 7f58877fe640 1 -- 10.20.193.122:0/866683843 <== mgr.14118 v2:10.20.193.122:6800/2325210295 1 ==== mgr_command_reply(tid 0: 0 ) ==== 8+0+0 (secure 0 0 0) 0x7f58a01085a0 con 0x7f587803da80
2026-02-18T20:11:05.403 INFO:teuthology.orchestra.run.trial122.stdout:/usr/bin/ceph: stderr
2026-02-18T20:11:05.371+0000 7f58a4f80640 1 -- 10.20.193.122:0/866683843 >> [v2:10.20.193.122:6800/2325210295,v1:10.20.193.122:6801/2325210295] conn(0x7f587803da80 msgr2=0x7f587803ff40 secure :-1 s=STATE_CONNECTION_ESTABLISHED l=1).mark_down
2026-02-18T20:11:05.403 INFO:teuthology.orchestra.run.trial122.stdout:/usr/bin/ceph: stderr
2026-02-18T20:11:05.371+0000 7f58a4f80640 1 --2- 10.20.193.122:0/866683843 >> [v2:10.20.193.122:6800/2325210295,v1:10.20.193.122:6801/2325210295] conn(0x7f587803da80 0x7f587803ff40 secure :-1 s=READY pgs=7 cs=0 l=1 rev1=1 crypto rx=0x7f58880099c0 tx=0x7f5888006eb0 comp rx=0 tx=0).stop
2026-02-18T20:11:05.404 INFO:teuthology.orchestra.run.trial122.stdout:/usr/bin/ceph: stderr
2026-02-18T20:11:05.371+0000 7f58a4f80640 1 -- 10.20.193.122:0/866683843 >> [v2:10.20.193.122:3300/0,v1:10.20.193.122:6789/0] conn(0x7f58a010a3d0 msgr2=0x7f58a01a00f0 secure :-1 s=STATE_CONNECTION_ESTABLISHED l=1).mark_down
2026-02-18T20:11:05.404 INFO:teuthology.orchestra.run.trial122.stdout:/usr/bin/ceph: stderr
2026-02-18T20:11:05.371+0000 7f58a4f80640 1 --2- 10.20.193.122:0/866683843 >> [v2:10.20.193.122:3300/0,v1:10.20.193.122:6789/0] conn(0x7f58a010a3d0 0x7f58a01a00f0 secure :-1 s=READY pgs=36 cs=0 l=1 rev1=1 crypto rx=0x7f5894037cd0 tx=0x7f5894035b10 comp rx=0 tx=0).stop
2026-02-18T20:11:05.404 INFO:teuthology.orchestra.run.trial122.stdout:/usr/bin/ceph: stderr
2026-02-18T20:11:05.371+0000 7f58a4f80640 1 -- 10.20.193.122:0/866683843 shutdown_connections
2026-02-18T20:11:05.404 INFO:teuthology.orchestra.run.trial122.stdout:/usr/bin/ceph: stderr
2026-02-18T20:11:05.371+0000 7f58a4f80640 1 --2- 10.20.193.122:0/866683843 >> [v2:10.20.193.122:6800/2325210295,v1:10.20.193.122:6801/2325210295] conn(0x7f587803da80 0x7f587803ff40 unknown :-1 s=CLOSED pgs=7 cs=0 l=1 rev1=1 crypto rx=0 tx=0 comp rx=0 tx=0).stop
2026-02-18T20:11:05.404 INFO:teuthology.orchestra.run.trial122.stdout:/usr/bin/ceph: stderr
2026-02-18T20:11:05.371+0000 7f58a4f80640 1 --2- 10.20.193.122:0/866683843 >> [v2:10.20.193.122:3300/0,v1:10.20.193.122:6789/0] conn(0x7f58a010a3d0 0x7f58a01a00f0 unknown :-1 s=CLOSED pgs=36 cs=0 l=1 rev1=1 crypto rx=0 tx=0 comp rx=0 tx=0).stop
2026-02-18T20:11:05.404 INFO:teuthology.orchestra.run.trial122.stdout:/usr/bin/ceph: stderr
2026-02-18T20:11:05.371+0000 7f58a4f80640 1 -- 10.20.193.122:0/866683843 >> 10.20.193.122:0/866683843 conn(0x7f58a007dc20 msgr2=0x7f58a0107e90 unknown :-1 s=STATE_NONE l=0).mark_down
2026-02-18T20:11:05.404 INFO:teuthology.orchestra.run.trial122.stdout:/usr/bin/ceph: stderr
2026-02-18T20:11:05.371+0000 7f58a4f80640 1 -- 10.20.193.122:0/866683843 shutdown_connections
2026-02-18T20:11:05.404 INFO:teuthology.orchestra.run.trial122.stdout:/usr/bin/ceph: stderr
2026-02-18T20:11:05.371+0000 7f58a4f80640 1 -- 10.20.193.122:0/866683843 wait complete.
2026-02-18T20:11:05.601 INFO:teuthology.orchestra.run.trial122.stdout:/usr/bin/ceph: stdout value unchanged
2026-02-18T20:11:05.602 INFO:teuthology.orchestra.run.trial122.stdout:/usr/bin/ceph: stderr
2026-02-18T20:11:05.484+0000 7f6b4aac5640 1 Processor -- start
2026-02-18T20:11:05.602 INFO:teuthology.orchestra.run.trial122.stdout:/usr/bin/ceph: stderr
2026-02-18T20:11:05.485+0000 7f6b4aac5640 1 -- start start
2026-02-18T20:11:05.602 INFO:teuthology.orchestra.run.trial122.stdout:/usr/bin/ceph: stderr
2026-02-18T20:11:05.485+0000 7f6b4aac5640 1 --2- >> [v2:10.20.193.122:3300/0,v1:10.20.193.122:6789/0] conn(0x7f6b4410a3d0 0x7f6b4410a7d0 unknown :-1 s=NONE pgs=0 cs=0 l=0 rev1=0 crypto rx=0 tx=0 comp rx=0 tx=0).connect
2026-02-18T20:11:05.602 INFO:teuthology.orchestra.run.trial122.stdout:/usr/bin/ceph: stderr
2026-02-18T20:11:05.485+0000 7f6b4aac5640 1 -- --> [v2:10.20.193.122:3300/0,v1:10.20.193.122:6789/0] -- mon_getmap magic: 0 -- 0x7f6b4410ada0 con 0x7f6b4410a3d0
2026-02-18T20:11:05.602 INFO:teuthology.orchestra.run.trial122.stdout:/usr/bin/ceph: stderr
2026-02-18T20:11:05.485+0000 7f6b4883a640 1 --2- >> [v2:10.20.193.122:3300/0,v1:10.20.193.122:6789/0] conn(0x7f6b4410a3d0 0x7f6b4410a7d0 unknown :-1 s=BANNER_CONNECTING pgs=0 cs=0 l=0 rev1=0 crypto rx=0 tx=0 comp rx=0 tx=0)._handle_peer_banner_payload supported=3 required=0
2026-02-18T20:11:05.602 INFO:teuthology.orchestra.run.trial122.stdout:/usr/bin/ceph: stderr
2026-02-18T20:11:05.485+0000 7f6b4883a640 1 --2- >> [v2:10.20.193.122:3300/0,v1:10.20.193.122:6789/0] conn(0x7f6b4410a3d0 0x7f6b4410a7d0 unknown :-1 s=HELLO_CONNECTING pgs=0 cs=0 l=0 rev1=1 crypto rx=0 tx=0 comp rx=0 tx=0).handle_hello peer v2:10.20.193.122:3300/0 says I am v2:10.20.193.122:45122/0 (socket says 10.20.193.122:45122)
2026-02-18T20:11:05.602 INFO:teuthology.orchestra.run.trial122.stdout:/usr/bin/ceph: stderr
2026-02-18T20:11:05.485+0000 7f6b4883a640 1 -- 10.20.193.122:0/1327894812 learned_addr learned my addr 10.20.193.122:0/1327894812 (peer_addr_for_me v2:10.20.193.122:0/0)
2026-02-18T20:11:05.602 INFO:teuthology.orchestra.run.trial122.stdout:/usr/bin/ceph: stderr
2026-02-18T20:11:05.485+0000 7f6b4883a640 1 -- 10.20.193.122:0/1327894812 --> [v2:10.20.193.122:3300/0,v1:10.20.193.122:6789/0] -- mon_subscribe({config=0+,monmap=0+}) -- 0x7f6b4410b470 con 0x7f6b4410a3d0
2026-02-18T20:11:05.603 INFO:teuthology.orchestra.run.trial122.stdout:/usr/bin/ceph: stderr
2026-02-18T20:11:05.485+0000 7f6b4883a640 1 --2- 10.20.193.122:0/1327894812 >> [v2:10.20.193.122:3300/0,v1:10.20.193.122:6789/0] conn(0x7f6b4410a3d0 0x7f6b4410a7d0 secure :-1 s=READY pgs=37 cs=0 l=1 rev1=1 crypto rx=0x7f6b34009920 tx=0x7f6b3402ef20 comp rx=0 tx=0).ready entity=mon.0 client_cookie=a18a61d08212764 server_cookie=0 in_seq=0 out_seq=0
2026-02-18T20:11:05.603 INFO:teuthology.orchestra.run.trial122.stdout:/usr/bin/ceph: stderr
2026-02-18T20:11:05.486+0000 7f6b3b7fe640 1 -- 10.20.193.122:0/1327894812 <== mon.0 v2:10.20.193.122:3300/0 1 ==== mon_map magic: 0 ==== 205+0+0 (secure 0 0 0) 0x7f6b3403c070 con 0x7f6b4410a3d0
2026-02-18T20:11:05.603 INFO:teuthology.orchestra.run.trial122.stdout:/usr/bin/ceph: stderr
2026-02-18T20:11:05.486+0000 7f6b3b7fe640 1 -- 10.20.193.122:0/1327894812 <== mon.0 v2:10.20.193.122:3300/0 2 ==== config(25 keys) ==== 1007+0+0 (secure 0 0 0) 0x7f6b34037440 con 0x7f6b4410a3d0
2026-02-18T20:11:05.603 INFO:teuthology.orchestra.run.trial122.stdout:/usr/bin/ceph: stderr
2026-02-18T20:11:05.486+0000 7f6b3b7fe640 1 -- 10.20.193.122:0/1327894812 <== mon.0 v2:10.20.193.122:3300/0 3 ==== mon_map magic: 0 ==== 205+0+0 (secure 0 0 0) 0x7f6b340354d0 con 0x7f6b4410a3d0
2026-02-18T20:11:05.603 INFO:teuthology.orchestra.run.trial122.stdout:/usr/bin/ceph: stderr
2026-02-18T20:11:05.486+0000 7f6b4aac5640 1 -- 10.20.193.122:0/1327894812 >> [v2:10.20.193.122:3300/0,v1:10.20.193.122:6789/0] conn(0x7f6b4410a3d0 msgr2=0x7f6b4410a7d0 secure :-1 s=STATE_CONNECTION_ESTABLISHED l=1).mark_down
2026-02-18T20:11:05.603 INFO:teuthology.orchestra.run.trial122.stdout:/usr/bin/ceph: stderr
2026-02-18T20:11:05.486+0000 7f6b4aac5640 1 --2- 10.20.193.122:0/1327894812 >> [v2:10.20.193.122:3300/0,v1:10.20.193.122:6789/0] conn(0x7f6b4410a3d0 0x7f6b4410a7d0 secure :-1 s=READY pgs=37 cs=0 l=1 rev1=1 crypto rx=0x7f6b34009920 tx=0x7f6b3402ef20 comp rx=0 tx=0).stop
2026-02-18T20:11:05.603 INFO:teuthology.orchestra.run.trial122.stdout:/usr/bin/ceph: stderr
2026-02-18T20:11:05.486+0000 7f6b4aac5640 1 -- 10.20.193.122:0/1327894812 shutdown_connections
2026-02-18T20:11:05.603 INFO:teuthology.orchestra.run.trial122.stdout:/usr/bin/ceph: stderr
2026-02-18T20:11:05.486+0000 7f6b4aac5640 1 --2- 10.20.193.122:0/1327894812 >> [v2:10.20.193.122:3300/0,v1:10.20.193.122:6789/0] conn(0x7f6b4410a3d0 0x7f6b4410a7d0 unknown :-1 s=CLOSED pgs=37 cs=0 l=1 rev1=1 crypto rx=0 tx=0 comp rx=0 tx=0).stop
2026-02-18T20:11:05.604 INFO:teuthology.orchestra.run.trial122.stdout:/usr/bin/ceph: stderr
2026-02-18T20:11:05.486+0000 7f6b4aac5640 1 -- 10.20.193.122:0/1327894812 >> 10.20.193.122:0/1327894812 conn(0x7f6b4407dc20 msgr2=0x7f6b441086a0 unknown :-1 s=STATE_NONE l=0).mark_down
2026-02-18T20:11:05.604 INFO:teuthology.orchestra.run.trial122.stdout:/usr/bin/ceph: stderr
2026-02-18T20:11:05.486+0000 7f6b4aac5640 1 -- 10.20.193.122:0/1327894812 shutdown_connections
2026-02-18T20:11:05.604 INFO:teuthology.orchestra.run.trial122.stdout:/usr/bin/ceph: stderr
2026-02-18T20:11:05.486+0000 7f6b4aac5640 1 -- 10.20.193.122:0/1327894812 wait complete.
2026-02-18T20:11:05.604 INFO:teuthology.orchestra.run.trial122.stdout:/usr/bin/ceph: stderr
2026-02-18T20:11:05.486+0000 7f6b4aac5640 1 Processor -- start
2026-02-18T20:11:05.604 INFO:teuthology.orchestra.run.trial122.stdout:/usr/bin/ceph: stderr
2026-02-18T20:11:05.486+0000 7f6b4aac5640 1 -- start start
2026-02-18T20:11:05.604 INFO:teuthology.orchestra.run.trial122.stdout:/usr/bin/ceph: stderr
2026-02-18T20:11:05.487+0000 7f6b4aac5640 1 --2- >> [v2:10.20.193.122:3300/0,v1:10.20.193.122:6789/0] conn(0x7f6b4410a3d0 0x7f6b441a0110 unknown :-1 s=NONE pgs=0 cs=0 l=1 rev1=0 crypto rx=0 tx=0 comp rx=0 tx=0).connect
2026-02-18T20:11:05.604 INFO:teuthology.orchestra.run.trial122.stdout:/usr/bin/ceph: stderr
2026-02-18T20:11:05.487+0000 7f6b4aac5640 1 -- --> [v2:10.20.193.122:3300/0,v1:10.20.193.122:6789/0] -- mon_getmap magic: 0 -- 0x7f6b4410e6a0 con 0x7f6b4410a3d0
2026-02-18T20:11:05.604 INFO:teuthology.orchestra.run.trial122.stdout:/usr/bin/ceph: stderr
2026-02-18T20:11:05.487+0000 7f6b4883a640 1 --2- >> [v2:10.20.193.122:3300/0,v1:10.20.193.122:6789/0] conn(0x7f6b4410a3d0 0x7f6b441a0110 unknown :-1 s=BANNER_CONNECTING pgs=0 cs=0 l=1 rev1=0 crypto rx=0 tx=0 comp rx=0 tx=0)._handle_peer_banner_payload supported=3 required=0
2026-02-18T20:11:05.604 INFO:teuthology.orchestra.run.trial122.stdout:/usr/bin/ceph: stderr
2026-02-18T20:11:05.487+0000 7f6b4883a640 1 --2- >> [v2:10.20.193.122:3300/0,v1:10.20.193.122:6789/0] conn(0x7f6b4410a3d0 0x7f6b441a0110 unknown :-1 s=HELLO_CONNECTING pgs=0 cs=0 l=1 rev1=1 crypto rx=0 tx=0 comp rx=0 tx=0).handle_hello peer v2:10.20.193.122:3300/0 says I am v2:10.20.193.122:45130/0 (socket says 10.20.193.122:45130)
2026-02-18T20:11:05.604 INFO:teuthology.orchestra.run.trial122.stdout:/usr/bin/ceph: stderr
2026-02-18T20:11:05.487+0000 7f6b4883a640 1 -- 10.20.193.122:0/1564959690 learned_addr learned my addr 10.20.193.122:0/1564959690 (peer_addr_for_me v2:10.20.193.122:0/0)
2026-02-18T20:11:05.605 INFO:teuthology.orchestra.run.trial122.stdout:/usr/bin/ceph: stderr
2026-02-18T20:11:05.487+0000 7f6b4883a640 1 -- 10.20.193.122:0/1564959690 --> [v2:10.20.193.122:3300/0,v1:10.20.193.122:6789/0] -- mon_subscribe({config=0+,monmap=0+}) -- 0x7f6b441a0650 con 0x7f6b4410a3d0
2026-02-18T20:11:05.605 INFO:teuthology.orchestra.run.trial122.stdout:/usr/bin/ceph: stderr
2026-02-18T20:11:05.487+0000 7f6b4883a640 1 --2- 10.20.193.122:0/1564959690 >> [v2:10.20.193.122:3300/0,v1:10.20.193.122:6789/0] conn(0x7f6b4410a3d0 0x7f6b441a0110 secure :-1 s=READY pgs=38 cs=0 l=1 rev1=1 crypto rx=0x7f6b34002410 tx=0x7f6b34035b20 comp rx=0 tx=0).ready entity=mon.0 client_cookie=0 server_cookie=0 in_seq=0 out_seq=0
2026-02-18T20:11:05.605 INFO:teuthology.orchestra.run.trial122.stdout:/usr/bin/ceph: stderr
2026-02-18T20:11:05.487+0000 7f6b39ffb640 1 -- 10.20.193.122:0/1564959690 <== mon.0 v2:10.20.193.122:3300/0 1 ==== mon_map magic: 0 ==== 205+0+0 (secure 0 0 0) 0x7f6b34045070 con 0x7f6b4410a3d0
2026-02-18T20:11:05.605 INFO:teuthology.orchestra.run.trial122.stdout:/usr/bin/ceph: stderr
2026-02-18T20:11:05.487+0000 7f6b39ffb640 1 -- 10.20.193.122:0/1564959690 <== mon.0 v2:10.20.193.122:3300/0 2 ==== config(25 keys) ==== 1007+0+0 (secure 0 0 0) 0x7f6b3402fe00 con 0x7f6b4410a3d0
