2026-02-18T20:26:59.922 INFO:journalctl@ceph.mon.a.trial122.stdout:Feb 18 20:26:59 trial122 ceph-mon[23248]: Saving service mgr spec with placement count:2
2026-02-18T20:26:59.923 INFO:journalctl@ceph.mon.a.trial122.stdout:Feb 18 20:26:59 trial122 ceph-mon[23248]: from='mgr.14118 10.20.193.122:0/3679331579' entity='mgr.x'
2026-02-18T20:26:59.923 INFO:journalctl@ceph.mon.a.trial122.stdout:Feb 18 20:26:59 trial122 ceph-mon[23248]: from='client.? 10.20.193.122:0/2855228495' entity='client.admin' cmd='[{"prefix": "mgr module enable", "module": "dashboard"}]': finished
2026-02-18T20:26:59.923 INFO:journalctl@ceph.mon.a.trial122.stdout:Feb 18 20:26:59 trial122 ceph-mon[23248]: mgrmap e9: x(active, since 6s)
2026-02-18T20:26:59.923 INFO:journalctl@ceph.mon.a.trial122.stdout:Feb 18 20:26:59 trial122 ceph-mon[23248]: from='client.? 10.20.193.122:0/4062327069' entity='client.admin' cmd=[{"prefix": "mgr stat"}]: dispatch
2026-02-18T20:26:59.923 INFO:journalctl@ceph.mgr.x.trial122.stdout:Feb 18 20:26:59 trial122 ceph-18cc3988-0d08-11f1-a83c-d404e6e7d460-mgr-x[23517]:
2026-02-18T20:26:59.776+0000 7f5744ea0140 -1 mgr[py] Module snap_schedule has missing NOTIFY_TYPES member
2026-02-18T20:26:59.923 INFO:journalctl@ceph.mgr.x.trial122.stdout:Feb 18 20:26:59 trial122 ceph-18cc3988-0d08-11f1-a83c-d404e6e7d460-mgr-x[23517]:
2026-02-18T20:26:59.920+0000 7f5744ea0140 -1 mgr[py] Module prometheus has missing NOTIFY_TYPES member
2026-02-18T20:27:00.201 INFO:journalctl@ceph.mgr.x.trial122.stdout:Feb 18 20:26:59 trial122 ceph-18cc3988-0d08-11f1-a83c-d404e6e7d460-mgr-x[23517]:
2026-02-18T20:26:59.955+0000 7f5744ea0140 -1 mgr[py] Module balancer has missing NOTIFY_TYPES member
2026-02-18T20:27:00.201 INFO:journalctl@ceph.mgr.x.trial122.stdout:Feb 18 20:26:59 trial122 ceph-18cc3988-0d08-11f1-a83c-d404e6e7d460-mgr-x[23517]:
2026-02-18T20:26:59.996+0000 7f5744ea0140 -1 mgr[py] Module rbd_support has missing NOTIFY_TYPES member
2026-02-18T20:27:00.201 INFO:journalctl@ceph.mgr.x.trial122.stdout:Feb 18 20:27:00 trial122 ceph-18cc3988-0d08-11f1-a83c-d404e6e7d460-mgr-x[23517]:
2026-02-18T20:27:00.028+0000 7f5744ea0140 -1 mgr[py] Module devicehealth has missing NOTIFY_TYPES member
2026-02-18T20:27:00.201 INFO:journalctl@ceph.mgr.x.trial122.stdout:Feb 18 20:27:00 trial122 ceph-18cc3988-0d08-11f1-a83c-d404e6e7d460-mgr-x[23517]:
2026-02-18T20:27:00.063+0000 7f5744ea0140 -1 mgr[py] Module alerts has missing NOTIFY_TYPES member
2026-02-18T20:27:00.202 INFO:journalctl@ceph.mgr.x.trial122.stdout:Feb 18 20:27:00 trial122 ceph-18cc3988-0d08-11f1-a83c-d404e6e7d460-mgr-x[23517]:
2026-02-18T20:27:00.129+0000 7f5744ea0140 -1 mgr[py] Module telemetry has missing NOTIFY_TYPES member
2026-02-18T20:27:00.202 INFO:journalctl@ceph.mgr.x.trial122.stdout:Feb 18 20:27:00 trial122 ceph-18cc3988-0d08-11f1-a83c-d404e6e7d460-mgr-x[23517]: /lib64/python3.9/site-packages/scipy/__init__.py:73: UserWarning: NumPy was imported from a Python sub-interpreter but NumPy does not properly support sub-interpreters. This will likely work for most users but might cause hard to track down issues or subtle bugs. A common user of the rare sub-interpreter feature is wsgi which also allows single-interpreter mode.
2026-02-18T20:27:00.202 INFO:journalctl@ceph.mgr.x.trial122.stdout:Feb 18 20:27:00 trial122 ceph-18cc3988-0d08-11f1-a83c-d404e6e7d460-mgr-x[23517]: Improvements in the case of bugs are welcome, but is not on the NumPy roadmap, and full support may require significant effort to achieve.
2026-02-18T20:27:00.202 INFO:journalctl@ceph.mgr.x.trial122.stdout:Feb 18 20:27:00 trial122 ceph-18cc3988-0d08-11f1-a83c-d404e6e7d460-mgr-x[23517]: from numpy import show_config as show_numpy_config
2026-02-18T20:27:00.463 INFO:journalctl@ceph.mgr.x.trial122.stdout:Feb 18 20:27:00 trial122 ceph-18cc3988-0d08-11f1-a83c-d404e6e7d460-mgr-x[23517]:
2026-02-18T20:27:00.203+0000 7f5744ea0140 -1 mgr[py] Module diskprediction_local has missing NOTIFY_TYPES member
2026-02-18T20:27:00.463 INFO:journalctl@ceph.mgr.x.trial122.stdout:Feb 18 20:27:00 trial122 ceph-18cc3988-0d08-11f1-a83c-d404e6e7d460-mgr-x[23517]:
2026-02-18T20:27:00.238+0000 7f5744ea0140 -1 mgr[py] Module status has missing NOTIFY_TYPES member
2026-02-18T20:27:00.463 INFO:journalctl@ceph.mgr.x.trial122.stdout:Feb 18 20:27:00 trial122 ceph-18cc3988-0d08-11f1-a83c-d404e6e7d460-mgr-x[23517]:
2026-02-18T20:27:00.334+0000 7f5744ea0140 -1 mgr[py] Module rgw has missing NOTIFY_TYPES member
2026-02-18T20:27:00.463 INFO:journalctl@ceph.mgr.x.trial122.stdout:Feb 18 20:27:00 trial122 ceph-18cc3988-0d08-11f1-a83c-d404e6e7d460-mgr-x[23517]:
2026-02-18T20:27:00.394+0000 7f5744ea0140 -1 mgr[py] Module iostat has missing NOTIFY_TYPES member
2026-02-18T20:27:00.463 INFO:journalctl@ceph.mgr.x.trial122.stdout:Feb 18 20:27:00 trial122 ceph-18cc3988-0d08-11f1-a83c-d404e6e7d460-mgr-x[23517]:
2026-02-18T20:27:00.429+0000 7f5744ea0140 -1 mgr[py] Module pg_autoscaler has missing NOTIFY_TYPES member
2026-02-18T20:27:00.464 INFO:journalctl@ceph.mgr.x.trial122.stdout:Feb 18 20:27:00 trial122 ceph-18cc3988-0d08-11f1-a83c-d404e6e7d460-mgr-x[23517]:
2026-02-18T20:27:00.462+0000 7f5744ea0140 -1 mgr[py] Module osd_perf_query has missing NOTIFY_TYPES member
2026-02-18T20:27:00.763 INFO:journalctl@ceph.mgr.x.trial122.stdout:Feb 18 20:27:00 trial122 ceph-18cc3988-0d08-11f1-a83c-d404e6e7d460-mgr-x[23517]:
2026-02-18T20:27:00.497+0000 7f5744ea0140 -1 mgr[py] Module crash has missing NOTIFY_TYPES member
2026-02-18T20:27:00.763 INFO:journalctl@ceph.mgr.x.trial122.stdout:Feb 18 20:27:00 trial122 ceph-18cc3988-0d08-11f1-a83c-d404e6e7d460-mgr-x[23517]:
2026-02-18T20:27:00.528+0000 7f5744ea0140 -1 mgr[py] Module progress has missing NOTIFY_TYPES member
2026-02-18T20:27:00.763 INFO:journalctl@ceph.mgr.x.trial122.stdout:Feb 18 20:27:00 trial122 ceph-18cc3988-0d08-11f1-a83c-d404e6e7d460-mgr-x[23517]:
2026-02-18T20:27:00.761+0000 7f5744ea0140 -1 mgr[py] Module rook has missing NOTIFY_TYPES member
2026-02-18T20:27:01.019 INFO:journalctl@ceph.mgr.x.trial122.stdout:Feb 18 20:27:00 trial122 ceph-18cc3988-0d08-11f1-a83c-d404e6e7d460-mgr-x[23517]:
2026-02-18T20:27:00.861+0000 7f5744ea0140 -1 mgr[py] Module nfs has missing NOTIFY_TYPES member
2026-02-18T20:27:01.019 INFO:journalctl@ceph.mgr.x.trial122.stdout:Feb 18 20:27:00 trial122 ceph-18cc3988-0d08-11f1-a83c-d404e6e7d460-mgr-x[23517]:
2026-02-18T20:27:00.892+0000 7f5744ea0140 -1 mgr[py] Module telegraf has missing NOTIFY_TYPES member
2026-02-18T20:27:01.020 INFO:journalctl@ceph.mgr.x.trial122.stdout:Feb 18 20:27:00 trial122 ceph-18cc3988-0d08-11f1-a83c-d404e6e7d460-mgr-x[23517]:
2026-02-18T20:27:00.924+0000 7f5744ea0140 -1 mgr[py] Module selftest has missing NOTIFY_TYPES member
2026-02-18T20:27:01.020 INFO:journalctl@ceph.mgr.x.trial122.stdout:Feb 18 20:27:01 trial122 ceph-18cc3988-0d08-11f1-a83c-d404e6e7d460-mgr-x[23517]:
2026-02-18T20:27:01.018+0000 7f5744ea0140 -1 mgr[py] Module test_orchestrator has missing NOTIFY_TYPES member
2026-02-18T20:27:01.330 INFO:journalctl@ceph.mgr.x.trial122.stdout:Feb 18 20:27:01 trial122 ceph-18cc3988-0d08-11f1-a83c-d404e6e7d460-mgr-x[23517]:
2026-02-18T20:27:01.047+0000 7f5744ea0140 -1 mgr[py] Module osd_support has missing NOTIFY_TYPES member
2026-02-18T20:27:01.330 INFO:journalctl@ceph.mgr.x.trial122.stdout:Feb 18 20:27:01 trial122 ceph-18cc3988-0d08-11f1-a83c-d404e6e7d460-mgr-x[23517]:
2026-02-18T20:27:01.140+0000 7f5744ea0140 -1 mgr[py] Module orchestrator has missing NOTIFY_TYPES member
2026-02-18T20:27:02.054 INFO:journalctl@ceph.mgr.x.trial122.stdout:Feb 18 20:27:01 trial122 ceph-18cc3988-0d08-11f1-a83c-d404e6e7d460-mgr-x[23517]:
2026-02-18T20:27:01.618+0000 7f5744ea0140 -1 mgr[py] Module volumes has missing NOTIFY_TYPES member
2026-02-18T20:27:02.054 INFO:journalctl@ceph.mgr.x.trial122.stdout:Feb 18 20:27:01 trial122 ceph-18cc3988-0d08-11f1-a83c-d404e6e7d460-mgr-x[23517]:
2026-02-18T20:27:01.648+0000 7f5744ea0140 -1 mgr[py] Module zabbix has missing NOTIFY_TYPES member
2026-02-18T20:27:02.054 INFO:journalctl@ceph.mgr.x.trial122.stdout:Feb 18 20:27:02 trial122 ceph-18cc3988-0d08-11f1-a83c-d404e6e7d460-mgr-x[23517]:
2026-02-18T20:27:02.052+0000 7f5744ea0140 -1 mgr[py] Module influx has missing NOTIFY_TYPES member
2026-02-18T20:27:02.330 INFO:journalctl@ceph.mon.a.trial122.stdout:Feb 18 20:27:02 trial122 ceph-mon[23248]: Active manager daemon x restarted
2026-02-18T20:27:02.330 INFO:journalctl@ceph.mon.a.trial122.stdout:Feb 18 20:27:02 trial122 ceph-mon[23248]: Activating manager daemon x
2026-02-18T20:27:02.330 INFO:journalctl@ceph.mon.a.trial122.stdout:Feb 18 20:27:02 trial122 ceph-mon[23248]: osdmap e3: 0 total, 0 up, 0 in
2026-02-18T20:27:02.331 INFO:journalctl@ceph.mon.a.trial122.stdout:Feb 18 20:27:02 trial122 ceph-mon[23248]: mgrmap e10: x(active, starting, since 0.00264448s)
2026-02-18T20:27:02.331 INFO:journalctl@ceph.mon.a.trial122.stdout:Feb 18 20:27:02 trial122 ceph-mon[23248]: from='mgr.14150 10.20.193.122:0/2425274158' entity='mgr.x' cmd=[{"prefix": "mon metadata", "id": "a"}]: dispatch
2026-02-18T20:27:02.331 INFO:journalctl@ceph.mon.a.trial122.stdout:Feb 18 20:27:02 trial122 ceph-mon[23248]: from='mgr.14150 10.20.193.122:0/2425274158' entity='mgr.x' cmd=[{"prefix": "mgr metadata", "who": "x", "id": "x"}]: dispatch
2026-02-18T20:27:02.331 INFO:journalctl@ceph.mon.a.trial122.stdout:Feb 18 20:27:02 trial122 ceph-mon[23248]: from='mgr.14150 10.20.193.122:0/2425274158' entity='mgr.x' cmd=[{"prefix": "mds metadata"}]: dispatch
2026-02-18T20:27:02.331 INFO:journalctl@ceph.mon.a.trial122.stdout:Feb 18 20:27:02 trial122 ceph-mon[23248]: from='mgr.14150 10.20.193.122:0/2425274158' entity='mgr.x' cmd=[{"prefix": "osd metadata"}]: dispatch
2026-02-18T20:27:02.331 INFO:journalctl@ceph.mon.a.trial122.stdout:Feb 18 20:27:02 trial122 ceph-mon[23248]: from='mgr.14150 10.20.193.122:0/2425274158' entity='mgr.x' cmd=[{"prefix": "mon metadata"}]: dispatch
2026-02-18T20:27:02.331 INFO:journalctl@ceph.mon.a.trial122.stdout:Feb 18 20:27:02 trial122 ceph-mon[23248]: Manager daemon x is now available
2026-02-18T20:27:02.331 INFO:journalctl@ceph.mon.a.trial122.stdout:Feb 18 20:27:02 trial122 ceph-mon[23248]: from='mgr.14150 10.20.193.122:0/2425274158' entity='mgr.x' cmd=[{"prefix": "config dump", "format": "json"}]: dispatch
2026-02-18T20:27:02.331 INFO:journalctl@ceph.mon.a.trial122.stdout:Feb 18 20:27:02 trial122 ceph-mon[23248]: from='mgr.14150 10.20.193.122:0/2425274158' entity='mgr.x' cmd=[{"prefix":"config rm","who":"mgr","name":"mgr/rbd_support/x/mirror_snapshot_schedule"}]: dispatch
2026-02-18T20:27:02.331 INFO:journalctl@ceph.mon.a.trial122.stdout:Feb 18 20:27:02 trial122 ceph-mon[23248]: from='mgr.14150 10.20.193.122:0/2425274158' entity='mgr.x' cmd=[{"prefix":"config rm","who":"mgr","name":"mgr/rbd_support/x/trash_purge_schedule"}]: dispatch
2026-02-18T20:27:03.129 INFO:teuthology.orchestra.run.trial122.stdout:/usr/bin/ceph: stdout {
2026-02-18T20:27:03.129 INFO:teuthology.orchestra.run.trial122.stdout:/usr/bin/ceph: stdout "mgrmap_epoch": 11,
2026-02-18T20:27:03.129 INFO:teuthology.orchestra.run.trial122.stdout:/usr/bin/ceph: stdout "initialized": true
2026-02-18T20:27:03.129 INFO:teuthology.orchestra.run.trial122.stdout:/usr/bin/ceph: stdout }
2026-02-18T20:27:03.129 INFO:teuthology.orchestra.run.trial122.stdout:/usr/bin/ceph: stderr
2026-02-18T20:26:59.742+0000 7f725cdea640 1 Processor -- start
2026-02-18T20:27:03.129 INFO:teuthology.orchestra.run.trial122.stdout:/usr/bin/ceph: stderr
2026-02-18T20:26:59.742+0000 7f725cdea640 1 -- start start
2026-02-18T20:27:03.129 INFO:teuthology.orchestra.run.trial122.stdout:/usr/bin/ceph: stderr
2026-02-18T20:26:59.742+0000 7f725cdea640 1 --2- >> [v2:10.20.193.122:3300/0,v1:10.20.193.122:6789/0] conn(0x7f725810a550 0x7f725810a950 unknown :-1 s=NONE pgs=0 cs=0 l=0 rev1=0 crypto rx=0 tx=0 comp rx=0 tx=0).connect
2026-02-18T20:27:03.130 INFO:teuthology.orchestra.run.trial122.stdout:/usr/bin/ceph: stderr
2026-02-18T20:26:59.742+0000 7f725cdea640 1 -- --> [v2:10.20.193.122:3300/0,v1:10.20.193.122:6789/0] -- mon_getmap magic: 0 -- 0x7f725810af20 con 0x7f725810a550
2026-02-18T20:27:03.130 INFO:teuthology.orchestra.run.trial122.stdout:/usr/bin/ceph: stderr
2026-02-18T20:26:59.742+0000 7f7256575640 1 --2- >> [v2:10.20.193.122:3300/0,v1:10.20.193.122:6789/0] conn(0x7f725810a550 0x7f725810a950 unknown :-1 s=BANNER_CONNECTING pgs=0 cs=0 l=0 rev1=0 crypto rx=0 tx=0 comp rx=0 tx=0)._handle_peer_banner_payload supported=3 required=0
2026-02-18T20:27:03.130 INFO:teuthology.orchestra.run.trial122.stdout:/usr/bin/ceph: stderr
2026-02-18T20:26:59.742+0000 7f7256575640 1 --2- >> [v2:10.20.193.122:3300/0,v1:10.20.193.122:6789/0] conn(0x7f725810a550 0x7f725810a950 unknown :-1 s=HELLO_CONNECTING pgs=0 cs=0 l=0 rev1=1 crypto rx=0 tx=0 comp rx=0 tx=0).handle_hello peer v2:10.20.193.122:3300/0 says I am v2:10.20.193.122:35446/0 (socket says 10.20.193.122:35446)
2026-02-18T20:27:03.130 INFO:teuthology.orchestra.run.trial122.stdout:/usr/bin/ceph: stderr
2026-02-18T20:26:59.742+0000 7f7256575640 1 -- 10.20.193.122:0/2188652238 learned_addr learned my addr 10.20.193.122:0/2188652238 (peer_addr_for_me v2:10.20.193.122:0/0)
2026-02-18T20:27:03.130 INFO:teuthology.orchestra.run.trial122.stdout:/usr/bin/ceph: stderr
2026-02-18T20:26:59.742+0000 7f7256575640 1 -- 10.20.193.122:0/2188652238 --> [v2:10.20.193.122:3300/0,v1:10.20.193.122:6789/0] -- mon_subscribe({config=0+,monmap=0+}) -- 0x7f725810b750 con 0x7f725810a550
2026-02-18T20:27:03.130 INFO:teuthology.orchestra.run.trial122.stdout:/usr/bin/ceph: stderr
2026-02-18T20:26:59.743+0000 7f7256575640 1 --2- 10.20.193.122:0/2188652238 >> [v2:10.20.193.122:3300/0,v1:10.20.193.122:6789/0] conn(0x7f725810a550 0x7f725810a950 secure :-1 s=READY pgs=59 cs=0 l=1 rev1=1 crypto rx=0x7f724c009920 tx=0x7f724c02ef20 comp rx=0 tx=0).ready entity=mon.0 client_cookie=2bdbc3eba2c8d4dc server_cookie=0 in_seq=0 out_seq=0
2026-02-18T20:27:03.130 INFO:teuthology.orchestra.run.trial122.stdout:/usr/bin/ceph: stderr
2026-02-18T20:26:59.743+0000 7f7255573640 1 -- 10.20.193.122:0/2188652238 <== mon.0 v2:10.20.193.122:3300/0 1 ==== mon_map magic: 0 ==== 205+0+0 (secure 0 0 0) 0x7f724c03c070 con 0x7f725810a550
2026-02-18T20:27:03.130 INFO:teuthology.orchestra.run.trial122.stdout:/usr/bin/ceph: stderr
2026-02-18T20:26:59.743+0000 7f7255573640 1 -- 10.20.193.122:0/2188652238 <== mon.0 v2:10.20.193.122:3300/0 2 ==== config(28 keys) ==== 1145+0+0 (secure 0 0 0) 0x7f724c037440 con 0x7f725810a550
2026-02-18T20:27:03.130 INFO:teuthology.orchestra.run.trial122.stdout:/usr/bin/ceph: stderr
2026-02-18T20:26:59.743+0000 7f7255573640 1 -- 10.20.193.122:0/2188652238 <== mon.0 v2:10.20.193.122:3300/0 3 ==== mon_map magic: 0 ==== 205+0+0 (secure 0 0 0) 0x7f724c035610 con 0x7f725810a550
2026-02-18T20:27:03.130 INFO:teuthology.orchestra.run.trial122.stdout:/usr/bin/ceph: stderr
2026-02-18T20:26:59.743+0000 7f725cdea640 1 -- 10.20.193.122:0/2188652238 >> [v2:10.20.193.122:3300/0,v1:10.20.193.122:6789/0] conn(0x7f725810a550 msgr2=0x7f725810a950 secure :-1 s=STATE_CONNECTION_ESTABLISHED l=1).mark_down
2026-02-18T20:27:03.131 INFO:teuthology.orchestra.run.trial122.stdout:/usr/bin/ceph: stderr
2026-02-18T20:26:59.743+0000 7f725cdea640 1 --2- 10.20.193.122:0/2188652238 >> [v2:10.20.193.122:3300/0,v1:10.20.193.122:6789/0] conn(0x7f725810a550 0x7f725810a950 secure :-1 s=READY pgs=59 cs=0 l=1 rev1=1 crypto rx=0x7f724c009920 tx=0x7f724c02ef20 comp rx=0 tx=0).stop
2026-02-18T20:27:03.131 INFO:teuthology.orchestra.run.trial122.stdout:/usr/bin/ceph: stderr
2026-02-18T20:26:59.743+0000 7f725cdea640 1 -- 10.20.193.122:0/2188652238 shutdown_connections
2026-02-18T20:27:03.131 INFO:teuthology.orchestra.run.trial122.stdout:/usr/bin/ceph: stderr
2026-02-18T20:26:59.743+0000 7f725cdea640 1 --2- 10.20.193.122:0/2188652238 >> [v2:10.20.193.122:3300/0,v1:10.20.193.122:6789/0] conn(0x7f725810a550 0x7f725810a950 unknown :-1 s=CLOSED pgs=59 cs=0 l=1 rev1=1 crypto rx=0 tx=0 comp rx=0 tx=0).stop
2026-02-18T20:27:03.131 INFO:teuthology.orchestra.run.trial122.stdout:/usr/bin/ceph: stderr
2026-02-18T20:26:59.743+0000 7f725cdea640 1 -- 10.20.193.122:0/2188652238 >> 10.20.193.122:0/2188652238 conn(0x7f725807d9e0 msgr2=0x7f7258108670 unknown :-1 s=STATE_NONE l=0).mark_down
2026-02-18T20:27:03.131 INFO:teuthology.orchestra.run.trial122.stdout:/usr/bin/ceph: stderr
2026-02-18T20:26:59.743+0000 7f725cdea640 1 -- 10.20.193.122:0/2188652238 shutdown_connections
2026-02-18T20:27:03.131 INFO:teuthology.orchestra.run.trial122.stdout:/usr/bin/ceph: stderr
2026-02-18T20:26:59.743+0000 7f725cdea640 1 -- 10.20.193.122:0/2188652238 wait complete.
2026-02-18T20:27:03.131 INFO:teuthology.orchestra.run.trial122.stdout:/usr/bin/ceph: stderr
2026-02-18T20:26:59.743+0000 7f725cdea640 1 Processor -- start
2026-02-18T20:27:03.131 INFO:teuthology.orchestra.run.trial122.stdout:/usr/bin/ceph: stderr
2026-02-18T20:26:59.743+0000 7f725cdea640 1 -- start start
2026-02-18T20:27:03.131 INFO:teuthology.orchestra.run.trial122.stdout:/usr/bin/ceph: stderr
2026-02-18T20:26:59.744+0000 7f725cdea640 1 --2- >> [v2:10.20.193.122:3300/0,v1:10.20.193.122:6789/0] conn(0x7f725810a550 0x7f72581a04c0 unknown :-1 s=NONE pgs=0 cs=0 l=1 rev1=0 crypto rx=0 tx=0 comp rx=0 tx=0).connect
2026-02-18T20:27:03.131 INFO:teuthology.orchestra.run.trial122.stdout:/usr/bin/ceph: stderr
2026-02-18T20:26:59.744+0000 7f725cdea640 1 -- --> [v2:10.20.193.122:3300/0,v1:10.20.193.122:6789/0] -- mon_getmap magic: 0 -- 0x7f725810eb00 con 0x7f725810a550
2026-02-18T20:27:03.132 INFO:teuthology.orchestra.run.trial122.stdout:/usr/bin/ceph: stderr
2026-02-18T20:26:59.744+0000 7f7256575640 1 --2- >> [v2:10.20.193.122:3300/0,v1:10.20.193.122:6789/0] conn(0x7f725810a550 0x7f72581a04c0 unknown :-1 s=BANNER_CONNECTING pgs=0 cs=0 l=1 rev1=0 crypto rx=0 tx=0 comp rx=0 tx=0)._handle_peer_banner_payload supported=3 required=0
2026-02-18T20:27:03.132 INFO:teuthology.orchestra.run.trial122.stdout:/usr/bin/ceph: stderr
2026-02-18T20:26:59.744+0000 7f7256575640 1 --2- >> [v2:10.20.193.122:3300/0,v1:10.20.193.122:6789/0] conn(0x7f725810a550 0x7f72581a04c0 unknown :-1 s=HELLO_CONNECTING pgs=0 cs=0 l=1 rev1=1 crypto rx=0 tx=0 comp rx=0 tx=0).handle_hello peer v2:10.20.193.122:3300/0 says I am v2:10.20.193.122:35448/0 (socket says 10.20.193.122:35448)
2026-02-18T20:27:03.132 INFO:teuthology.orchestra.run.trial122.stdout:/usr/bin/ceph: stderr
2026-02-18T20:26:59.744+0000 7f7256575640 1 -- 10.20.193.122:0/4151598317 learned_addr learned my addr 10.20.193.122:0/4151598317 (peer_addr_for_me v2:10.20.193.122:0/0)
2026-02-18T20:27:03.132 INFO:teuthology.orchestra.run.trial122.stdout:/usr/bin/ceph: stderr
2026-02-18T20:26:59.744+0000 7f7256575640 1 -- 10.20.193.122:0/4151598317 --> [v2:10.20.193.122:3300/0,v1:10.20.193.122:6789/0] -- mon_subscribe({config=0+,monmap=0+}) -- 0x7f72581a0a00 con 0x7f725810a550
2026-02-18T20:27:03.132 INFO:teuthology.orchestra.run.trial122.stdout:/usr/bin/ceph: stderr
2026-02-18T20:26:59.744+0000 7f7256575640 1 --2- 10.20.193.122:0/4151598317 >> [v2:10.20.193.122:3300/0,v1:10.20.193.122:6789/0] conn(0x7f725810a550 0x7f72581a04c0 secure :-1 s=READY pgs=60 cs=0 l=1 rev1=1 crypto rx=0x7f724c037ee0 tx=0x7f724c035b40 comp rx=0 tx=0).ready entity=mon.0 client_cookie=0 server_cookie=0 in_seq=0 out_seq=0
2026-02-18T20:27:03.132 INFO:teuthology.orchestra.run.trial122.stdout:/usr/bin/ceph: stderr
2026-02-18T20:26:59.744+0000 7f723f7fe640 1 -- 10.20.193.122:0/4151598317 <== mon.0 v2:10.20.193.122:3300/0 1 ==== mon_map magic: 0 ==== 205+0+0 (secure 0 0 0) 0x7f724c047070 con 0x7f725810a550
2026-02-18T20:27:03.132 INFO:teuthology.orchestra.run.trial122.stdout:/usr/bin/ceph: stderr
2026-02-18T20:26:59.744+0000 7f723f7fe640 1 -- 10.20.193.122:0/4151598317 <== mon.0 v2:10.20.193.122:3300/0 2 ==== config(28 keys) ==== 1145+0+0 (secure 0 0 0) 0x7f724c037c00 con 0x7f725810a550
2026-02-18T20:27:03.132 INFO:teuthology.orchestra.run.trial122.stdout:/usr/bin/ceph: stderr
2026-02-18T20:26:59.744+0000 7f725cdea640 1 -- 10.20.193.122:0/4151598317 --> [v2:10.20.193.122:3300/0,v1:10.20.193.122:6789/0] -- mon_subscribe({mgrmap=0+}) -- 0x7f72581a0c90 con 0x7f725810a550
2026-02-18T20:27:03.132 INFO:teuthology.orchestra.run.trial122.stdout:/usr/bin/ceph: stderr
2026-02-18T20:26:59.744+0000 7f723f7fe640 1 -- 10.20.193.122:0/4151598317 <== mon.0 v2:10.20.193.122:3300/0 3 ==== mon_map magic: 0 ==== 205+0+0 (secure 0 0 0) 0x7f724c03c070 con 0x7f725810a550
2026-02-18T20:27:03.132 INFO:teuthology.orchestra.run.trial122.stdout:/usr/bin/ceph: stderr
2026-02-18T20:26:59.744+0000 7f725cdea640 1 -- 10.20.193.122:0/4151598317 --> [v2:10.20.193.122:3300/0,v1:10.20.193.122:6789/0] -- mon_subscribe({osdmap=0}) -- 0x7f72581a3980 con 0x7f725810a550
2026-02-18T20:27:03.132 INFO:teuthology.orchestra.run.trial122.stdout:/usr/bin/ceph: stderr
2026-02-18T20:26:59.745+0000 7f723f7fe640 1 -- 10.20.193.122:0/4151598317 <== mon.0 v2:10.20.193.122:3300/0 4 ==== mgrmap(e 9) ==== 50260+0+0 (secure 0 0 0) 0x7f724c0426f0 con 0x7f725810a550
2026-02-18T20:27:03.133 INFO:teuthology.orchestra.run.trial122.stdout:/usr/bin/ceph: stderr
2026-02-18T20:26:59.745+0000 7f723f7fe640 1 --2- 10.20.193.122:0/4151598317 >> [v2:10.20.193.122:6800/864696766,v1:10.20.193.122:6801/864696766] conn(0x7f723003dc40 0x7f7230040100 unknown :-1 s=NONE pgs=0 cs=0 l=1 rev1=0 crypto rx=0 tx=0 comp rx=0 tx=0).connect
2026-02-18T20:27:03.133 INFO:teuthology.orchestra.run.trial122.stdout:/usr/bin/ceph: stderr
2026-02-18T20:26:59.745+0000 7f723f7fe640 1 -- 10.20.193.122:0/4151598317 --> [v2:10.20.193.122:6800/864696766,v1:10.20.193.122:6801/864696766] -- command(tid 0: {"prefix": "get_command_descriptions"}) -- 0x7f7230040810 con 0x7f723003dc40
2026-02-18T20:27:03.133 INFO:teuthology.orchestra.run.trial122.stdout:/usr/bin/ceph: stderr
2026-02-18T20:26:59.745+0000 7f7255d74640 1 -- 10.20.193.122:0/4151598317 >> [v2:10.20.193.122:6800/864696766,v1:10.20.193.122:6801/864696766] conn(0x7f723003dc40 msgr2=0x7f7230040100 unknown :-1 s=STATE_CONNECTING_RE l=1).process reconnect failed to v2:10.20.193.122:6800/864696766
2026-02-18T20:27:03.133 INFO:teuthology.orchestra.run.trial122.stdout:/usr/bin/ceph: stderr
2026-02-18T20:26:59.745+0000 7f723f7fe640 1 -- 10.20.193.122:0/4151598317 <== mon.0 v2:10.20.193.122:3300/0 5 ==== osd_map(2..2 src has 1..2) ==== 940+0+0 (secure 0 0 0) 0x7f724c076820 con 0x7f725810a550
2026-02-18T20:27:03.133 INFO:teuthology.orchestra.run.trial122.stdout:/usr/bin/ceph: stderr
2026-02-18T20:26:59.745+0000 7f7255d74640 1 --2- 10.20.193.122:0/4151598317 >> [v2:10.20.193.122:6800/864696766,v1:10.20.193.122:6801/864696766] conn(0x7f723003dc40 0x7f7230040100 unknown :-1 s=START_CONNECT pgs=0 cs=0 l=1 rev1=0 crypto rx=0 tx=0 comp rx=0 tx=0)._fault waiting 0.200000
2026-02-18T20:27:03.133 INFO:teuthology.orchestra.run.trial122.stdout:/usr/bin/ceph: stderr
2026-02-18T20:26:59.946+0000 7f7255d74640 1 -- 10.20.193.122:0/4151598317 >> [v2:10.20.193.122:6800/864696766,v1:10.20.193.122:6801/864696766] conn(0x7f723003dc40 msgr2=0x7f7230040100 unknown :-1 s=STATE_CONNECTING_RE l=1).process reconnect failed to v2:10.20.193.122:6800/864696766
2026-02-18T20:27:03.133 INFO:teuthology.orchestra.run.trial122.stdout:/usr/bin/ceph: stderr
2026-02-18T20:26:59.946+0000 7f7255d74640 1 --2- 10.20.193.122:0/4151598317 >> [v2:10.20.193.122:6800/864696766,v1:10.20.193.122:6801/864696766] conn(0x7f723003dc40 0x7f7230040100 unknown :-1 s=START_CONNECT pgs=0 cs=0 l=1 rev1=0 crypto rx=0 tx=0 comp rx=0 tx=0)._fault waiting 0.400000
2026-02-18T20:27:03.133 INFO:teuthology.orchestra.run.trial122.stdout:/usr/bin/ceph: stderr
2026-02-18T20:27:00.347+0000 7f7255d74640 1 -- 10.20.193.122:0/4151598317 >> [v2:10.20.193.122:6800/864696766,v1:10.20.193.122:6801/864696766] conn(0x7f723003dc40 msgr2=0x7f7230040100 unknown :-1 s=STATE_CONNECTING_RE l=1).process reconnect failed to v2:10.20.193.122:6800/864696766
2026-02-18T20:27:03.133 INFO:teuthology.orchestra.run.trial122.stdout:/usr/bin/ceph: stderr
2026-02-18T20:27:00.347+0000 7f7255d74640 1 --2- 10.20.193.122:0/4151598317 >> [v2:10.20.193.122:6800/864696766,v1:10.20.193.122:6801/864696766] conn(0x7f723003dc40 0x7f7230040100 unknown :-1 s=START_CONNECT pgs=0 cs=0 l=1 rev1=0 crypto rx=0 tx=0 comp rx=0 tx=0)._fault waiting 0.800000
2026-02-18T20:27:03.134 INFO:teuthology.orchestra.run.trial122.stdout:/usr/bin/ceph: stderr
2026-02-18T20:27:01.148+0000 7f7255d74640 1 -- 10.20.193.122:0/4151598317 >> [v2:10.20.193.122:6800/864696766,v1:10.20.193.122:6801/864696766] conn(0x7f723003dc40 msgr2=0x7f7230040100 unknown :-1 s=STATE_CONNECTING_RE l=1).process reconnect failed to v2:10.20.193.122:6800/864696766
2026-02-18T20:27:03.134 INFO:teuthology.orchestra.run.trial122.stdout:/usr/bin/ceph: stderr
2026-02-18T20:27:01.148+0000 7f7255d74640 1 --2- 10.20.193.122:0/4151598317 >> [v2:10.20.193.122:6800/864696766,v1:10.20.193.122:6801/864696766] conn(0x7f723003dc40 0x7f7230040100 unknown :-1 s=START_CONNECT pgs=0 cs=0 l=1 rev1=0 crypto rx=0 tx=0 comp rx=0 tx=0)._fault waiting 1.600000
2026-02-18T20:27:03.134 INFO:teuthology.orchestra.run.trial122.stdout:/usr/bin/ceph: stderr
2026-02-18T20:27:02.055+0000 7f723f7fe640 1 -- 10.20.193.122:0/4151598317 <== mon.0 v2:10.20.193.122:3300/0 6 ==== mgrmap(e 10) ==== 50027+0+0 (secure 0 0 0) 0x7f724c075620 con 0x7f725810a550
2026-02-18T20:27:03.134 INFO:teuthology.orchestra.run.trial122.stdout:/usr/bin/ceph: stderr
2026-02-18T20:27:02.055+0000 7f723f7fe640 1 -- 10.20.193.122:0/4151598317 >> [v2:10.20.193.122:6800/864696766,v1:10.20.193.122:6801/864696766] conn(0x7f723003dc40 msgr2=0x7f7230040100 unknown :-1 s=STATE_CONNECTING l=1).mark_down
2026-02-18T20:27:03.134 INFO:teuthology.orchestra.run.trial122.stdout:/usr/bin/ceph: stderr
2026-02-18T20:27:02.055+0000 7f723f7fe640 1 --2- 10.20.193.122:0/4151598317 >> [v2:10.20.193.122:6800/864696766,v1:10.20.193.122:6801/864696766] conn(0x7f723003dc40 0x7f7230040100 unknown :-1 s=START_CONNECT pgs=0 cs=0 l=1 rev1=0 crypto rx=0 tx=0 comp rx=0 tx=0).stop
2026-02-18T20:27:03.134 INFO:teuthology.orchestra.run.trial122.stdout:/usr/bin/ceph: stderr
2026-02-18T20:27:03.056+0000 7f723f7fe640 1 -- 10.20.193.122:0/4151598317 <== mon.0 v2:10.20.193.122:3300/0 7 ==== mgrmap(e 11) ==== 50154+0+0 (secure 0 0 0) 0x7f724c037720 con 0x7f725810a550
2026-02-18T20:27:03.134 INFO:teuthology.orchestra.run.trial122.stdout:/usr/bin/ceph: stderr
2026-02-18T20:27:03.056+0000 7f723f7fe640 1 --2- 10.20.193.122:0/4151598317 >> [v2:10.20.193.122:6800/3327480551,v1:10.20.193.122:6801/3327480551] conn(0x7f7230041720 0x7f7230043b10 unknown :-1 s=NONE pgs=0 cs=0 l=1 rev1=0 crypto rx=0 tx=0 comp rx=0 tx=0).connect
2026-02-18T20:27:03.134 INFO:teuthology.orchestra.run.trial122.stdout:/usr/bin/ceph: stderr
2026-02-18T20:27:03.056+0000 7f723f7fe640 1 -- 10.20.193.122:0/4151598317 --> [v2:10.20.193.122:6800/3327480551,v1:10.20.193.122:6801/3327480551] -- command(tid 0: {"prefix": "get_command_descriptions"}) -- 0x7f724c04fe50 con 0x7f7230041720
2026-02-18T20:27:03.134 INFO:teuthology.orchestra.run.trial122.stdout:/usr/bin/ceph: stderr
2026-02-18T20:27:03.056+0000 7f7255d74640 1 --2- 10.20.193.122:0/4151598317 >> [v2:10.20.193.122:6800/3327480551,v1:10.20.193.122:6801/3327480551] conn(0x7f7230041720 0x7f7230043b10 unknown :-1 s=BANNER_CONNECTING pgs=0 cs=0 l=1 rev1=0 crypto rx=0 tx=0 comp rx=0 tx=0)._handle_peer_banner_payload supported=3 required=0
2026-02-18T20:27:03.134 INFO:teuthology.orchestra.run.trial122.stdout:/usr/bin/ceph: stderr
2026-02-18T20:27:03.057+0000 7f7255d74640 1 --2- 10.20.193.122:0/4151598317 >> [v2:10.20.193.122:6800/3327480551,v1:10.20.193.122:6801/3327480551] conn(0x7f7230041720 0x7f7230043b10 secure :-1 s=READY pgs=3 cs=0 l=1 rev1=1 crypto rx=0x7f7240003a80 tx=0x7f72400092b0 comp rx=0 tx=0).ready entity=mgr.14150 client_cookie=0 server_cookie=0 in_seq=0 out_seq=0
2026-02-18T20:27:03.135 INFO:teuthology.orchestra.run.trial122.stdout:/usr/bin/ceph: stderr
2026-02-18T20:27:03.057+0000 7f723f7fe640 1 -- 10.20.193.122:0/4151598317 <== mgr.14150 v2:10.20.193.122:6800/3327480551 1 ==== command_reply(tid 0: 0 ) ==== 8+0+8901 (secure 0 0 0) 0x7f724c04fe50 con 0x7f7230041720
2026-02-18T20:27:03.135 INFO:teuthology.orchestra.run.trial122.stdout:/usr/bin/ceph: stderr
2026-02-18T20:27:03.060+0000 7f725cdea640 1 -- 10.20.193.122:0/4151598317 --> [v2:10.20.193.122:6800/3327480551,v1:10.20.193.122:6801/3327480551] -- command(tid 1: {"prefix": "mgr_status"}) -- 0x7f725810a9d0 con 0x7f7230041720
2026-02-18T20:27:03.135 INFO:teuthology.orchestra.run.trial122.stdout:/usr/bin/ceph: stderr
2026-02-18T20:27:03.061+0000 7f723f7fe640 1 -- 10.20.193.122:0/4151598317 <== mgr.14150 v2:10.20.193.122:6800/3327480551 2 ==== command_reply(tid 1: 0 ) ==== 8+0+52 (secure 0 0 0) 0x7f725810a9d0 con 0x7f7230041720
2026-02-18T20:27:03.135 INFO:teuthology.orchestra.run.trial122.stdout:/usr/bin/ceph: stderr
2026-02-18T20:27:03.061+0000 7f725cdea640 1 -- 10.20.193.122:0/4151598317 >> [v2:10.20.193.122:6800/3327480551,v1:10.20.193.122:6801/3327480551] conn(0x7f7230041720 msgr2=0x7f7230043b10 secure :-1 s=STATE_CONNECTION_ESTABLISHED l=1).mark_down
2026-02-18T20:27:03.135 INFO:teuthology.orchestra.run.trial122.stdout:/usr/bin/ceph: stderr
2026-02-18T20:27:03.061+0000 7f725cdea640 1 --2- 10.20.193.122:0/4151598317 >> [v2:10.20.193.122:6800/3327480551,v1:10.20.193.122:6801/3327480551] conn(0x7f7230041720 0x7f7230043b10 secure :-1 s=READY pgs=3 cs=0 l=1 rev1=1 crypto rx=0x7f7240003a80 tx=0x7f72400092b0 comp rx=0 tx=0).stop
2026-02-18T20:27:03.135 INFO:teuthology.orchestra.run.trial122.stdout:/usr/bin/ceph: stderr
2026-02-18T20:27:03.061+0000 7f725cdea640 1 -- 10.20.193.122:0/4151598317 >> [v2:10.20.193.122:3300/0,v1:10.20.193.122:6789/0] conn(0x7f725810a550 msgr2=0x7f72581a04c0 secure :-1 s=STATE_CONNECTION_ESTABLISHED l=1).mark_down
2026-02-18T20:27:03.135 INFO:teuthology.orchestra.run.trial122.stdout:/usr/bin/ceph: stderr
2026-02-18T20:27:03.061+0000 7f725cdea640 1 --2- 10.20.193.122:0/4151598317 >> [v2:10.20.193.122:3300/0,v1:10.20.193.122:6789/0] conn(0x7f725810a550 0x7f72581a04c0 secure :-1 s=READY pgs=60 cs=0 l=1 rev1=1 crypto rx=0x7f724c037ee0 tx=0x7f724c035b40 comp rx=0 tx=0).stop
2026-02-18T20:27:03.135 INFO:teuthology.orchestra.run.trial122.stdout:/usr/bin/ceph: stderr
2026-02-18T20:27:03.061+0000 7f725cdea640 1 -- 10.20.193.122:0/4151598317 shutdown_connections
2026-02-18T20:27:03.135 INFO:teuthology.orchestra.run.trial122.stdout:/usr/bin/ceph: stderr
2026-02-18T20:27:03.061+0000 7f725cdea640 1 --2- 10.20.193.122:0/4151598317 >> [v2:10.20.193.122:6800/3327480551,v1:10.20.193.122:6801/3327480551] conn(0x7f7230041720 0x7f7230043b10 unknown :-1 s=CLOSED pgs=3 cs=0 l=1 rev1=1 crypto rx=0 tx=0 comp rx=0 tx=0).stop
2026-02-18T20:27:03.135 INFO:teuthology.orchestra.run.trial122.stdout:/usr/bin/ceph: stderr
2026-02-18T20:27:03.061+0000 7f725cdea640 1 --2- 10.20.193.122:0/4151598317 >> [v2:10.20.193.122:6800/864696766,v1:10.20.193.122:6801/864696766] conn(0x7f723003dc40 0x7f7230040100 unknown :-1 s=CLOSED pgs=0 cs=0 l=1 rev1=0 crypto rx=0 tx=0 comp rx=0 tx=0).stop
2026-02-18T20:27:03.135 INFO:teuthology.orchestra.run.trial122.stdout:/usr/bin/ceph: stderr
2026-02-18T20:27:03.061+0000 7f725cdea640 1 --2- 10.20.193.122:0/4151598317 >> [v2:10.20.193.122:3300/0,v1:10.20.193.122:6789/0] conn(0x7f725810a550 0x7f72581a04c0 unknown :-1 s=CLOSED pgs=60 cs=0 l=1 rev1=1 crypto rx=0 tx=0 comp rx=0 tx=0).stop
2026-02-18T20:27:03.136 INFO:teuthology.orchestra.run.trial122.stdout:/usr/bin/ceph: stderr
2026-02-18T20:27:03.061+0000 7f725cdea640 1 -- 10.20.193.122:0/4151598317 >> 10.20.193.122:0/4151598317 conn(0x7f725807d9e0 msgr2=0x7f7258107ed0 unknown :-1 s=STATE_NONE l=0).mark_down
2026-02-18T20:27:03.136 INFO:teuthology.orchestra.run.trial122.stdout:/usr/bin/ceph: stderr
2026-02-18T20:27:03.061+0000 7f725cdea640 1 -- 10.20.193.122:0/4151598317 shutdown_connections
2026-02-18T20:27:03.136 INFO:teuthology.orchestra.run.trial122.stdout:/usr/bin/ceph: stderr
2026-02-18T20:27:03.061+0000 7f725cdea640 1 -- 10.20.193.122:0/4151598317 wait complete.
2026-02-18T20:27:03.136 INFO:teuthology.orchestra.run.trial122.stdout:mgr epoch 9 is available
2026-02-18T20:27:03.136 INFO:teuthology.orchestra.run.trial122.stdout:Generating a dashboard self-signed certificate...
2026-02-18T20:27:03.394 INFO:teuthology.orchestra.run.trial122.stdout:/usr/bin/ceph: stdout Self-signed certificate created
2026-02-18T20:27:03.394 INFO:teuthology.orchestra.run.trial122.stdout:/usr/bin/ceph: stderr
2026-02-18T20:27:03.225+0000 7f6f6102e640 1 Processor -- start
2026-02-18T20:27:03.394 INFO:teuthology.orchestra.run.trial122.stdout:/usr/bin/ceph: stderr
2026-02-18T20:27:03.225+0000 7f6f6102e640 1 -- start start
2026-02-18T20:27:03.394 INFO:teuthology.orchestra.run.trial122.stdout:/usr/bin/ceph: stderr
2026-02-18T20:27:03.225+0000 7f6f6102e640 1 --2- >> [v2:10.20.193.122:3300/0,v1:10.20.193.122:6789/0] conn(0x7f6f5c1082c0 0x7f6f5c1086c0 unknown :-1 s=NONE pgs=0 cs=0 l=0 rev1=0 crypto rx=0 tx=0 comp rx=0 tx=0).connect
2026-02-18T20:27:03.395 INFO:teuthology.orchestra.run.trial122.stdout:/usr/bin/ceph: stderr
2026-02-18T20:27:03.225+0000 7f6f6102e640 1 -- --> [v2:10.20.193.122:3300/0,v1:10.20.193.122:6789/0] -- mon_getmap magic: 0 -- 0x7f6f5c108c90 con 0x7f6f5c1082c0
2026-02-18T20:27:03.395 INFO:teuthology.orchestra.run.trial122.stdout:/usr/bin/ceph: stderr
2026-02-18T20:27:03.225+0000 7f6f5ad76640 1 --2- >> [v2:10.20.193.122:3300/0,v1:10.20.193.122:6789/0] conn(0x7f6f5c1082c0 0x7f6f5c1086c0 unknown :-1 s=BANNER_CONNECTING pgs=0 cs=0 l=0 rev1=0 crypto rx=0 tx=0 comp rx=0 tx=0)._handle_peer_banner_payload supported=3 required=0
2026-02-18T20:27:03.395 INFO:teuthology.orchestra.run.trial122.stdout:/usr/bin/ceph: stderr
2026-02-18T20:27:03.225+0000 7f6f5ad76640 1 --2- >> [v2:10.20.193.122:3300/0,v1:10.20.193.122:6789/0] conn(0x7f6f5c1082c0 0x7f6f5c1086c0 unknown :-1 s=HELLO_CONNECTING pgs=0 cs=0 l=0 rev1=1 crypto rx=0 tx=0 comp rx=0 tx=0).handle_hello peer v2:10.20.193.122:3300/0 says I am v2:10.20.193.122:35502/0 (socket says 10.20.193.122:35502)
2026-02-18T20:27:03.395 INFO:teuthology.orchestra.run.trial122.stdout:/usr/bin/ceph: stderr
2026-02-18T20:27:03.225+0000 7f6f5ad76640 1 -- 10.20.193.122:0/470432339 learned_addr learned my addr 10.20.193.122:0/470432339 (peer_addr_for_me v2:10.20.193.122:0/0)
2026-02-18T20:27:03.395 INFO:teuthology.orchestra.run.trial122.stdout:/usr/bin/ceph: stderr
2026-02-18T20:27:03.226+0000 7f6f5ad76640 1 -- 10.20.193.122:0/470432339 --> [v2:10.20.193.122:3300/0,v1:10.20.193.122:6789/0] -- mon_subscribe({config=0+,monmap=0+}) -- 0x7f6f5c1094c0 con 0x7f6f5c1082c0
2026-02-18T20:27:03.395 INFO:teuthology.orchestra.run.trial122.stdout:/usr/bin/ceph: stderr
2026-02-18T20:27:03.226+0000 7f6f5ad76640 1 --2- 10.20.193.122:0/470432339 >> [v2:10.20.193.122:3300/0,v1:10.20.193.122:6789/0] conn(0x7f6f5c1082c0 0x7f6f5c1086c0 secure :-1 s=READY pgs=68 cs=0 l=1 rev1=1 crypto rx=0x7f6f50009920 tx=0x7f6f5002ef20 comp rx=0 tx=0).ready entity=mon.0 client_cookie=7cdb77f6e5d5dab7 server_cookie=0 in_seq=0 out_seq=0
2026-02-18T20:27:03.395 INFO:teuthology.orchestra.run.trial122.stdout:/usr/bin/ceph: stderr
2026-02-18T20:27:03.226+0000 7f6f59d74640 1 -- 10.20.193.122:0/470432339 <== mon.0 v2:10.20.193.122:3300/0 1 ==== mon_map magic: 0 ==== 205+0+0 (secure 0 0 0) 0x7f6f5003c070 con 0x7f6f5c1082c0
2026-02-18T20:27:03.395 INFO:teuthology.orchestra.run.trial122.stdout:/usr/bin/ceph: stderr
2026-02-18T20:27:03.226+0000 7f6f59d74640 1 -- 10.20.193.122:0/470432339 <== mon.0 v2:10.20.193.122:3300/0 2 ==== config(28 keys) ==== 1145+0+0 (secure 0 0 0) 0x7f6f50037440 con 0x7f6f5c1082c0
2026-02-18T20:27:03.395 INFO:teuthology.orchestra.run.trial122.stdout:/usr/bin/ceph: stderr
2026-02-18T20:27:03.226+0000 7f6f59d74640 1 -- 10.20.193.122:0/470432339 <== mon.0 v2:10.20.193.122:3300/0 3 ==== mon_map magic: 0 ==== 205+0+0 (secure 0 0 0) 0x7f6f50035610 con 0x7f6f5c1082c0
2026-02-18T20:27:03.395 INFO:teuthology.orchestra.run.trial122.stdout:/usr/bin/ceph: stderr
2026-02-18T20:27:03.226+0000 7f6f6102e640 1 -- 10.20.193.122:0/470432339 >> [v2:10.20.193.122:3300/0,v1:10.20.193.122:6789/0] conn(0x7f6f5c1082c0 msgr2=0x7f6f5c1086c0 secure :-1 s=STATE_CONNECTION_ESTABLISHED l=1).mark_down
2026-02-18T20:27:03.396 INFO:teuthology.orchestra.run.trial122.stdout:/usr/bin/ceph: stderr
2026-02-18T20:27:03.226+0000 7f6f6102e640 1 --2- 10.20.193.122:0/470432339 >> [v2:10.20.193.122:3300/0,v1:10.20.193.122:6789/0] conn(0x7f6f5c1082c0 0x7f6f5c1086c0 secure :-1 s=READY pgs=68 cs=0 l=1 rev1=1 crypto rx=0x7f6f50009920 tx=0x7f6f5002ef20 comp rx=0 tx=0).stop
2026-02-18T20:27:03.396 INFO:teuthology.orchestra.run.trial122.stdout:/usr/bin/ceph: stderr
2026-02-18T20:27:03.226+0000 7f6f6102e640 1 -- 10.20.193.122:0/470432339 shutdown_connections
2026-02-18T20:27:03.396 INFO:teuthology.orchestra.run.trial122.stdout:/usr/bin/ceph: stderr
2026-02-18T20:27:03.226+0000 7f6f6102e640 1 --2- 10.20.193.122:0/470432339 >> [v2:10.20.193.122:3300/0,v1:10.20.193.122:6789/0] conn(0x7f6f5c1082c0 0x7f6f5c1086c0 unknown :-1 s=CLOSED pgs=68 cs=0 l=1 rev1=1 crypto rx=0 tx=0 comp rx=0 tx=0).stop
2026-02-18T20:27:03.396 INFO:teuthology.orchestra.run.trial122.stdout:/usr/bin/ceph: stderr
2026-02-18T20:27:03.226+0000 7f6f6102e640 1 -- 10.20.193.122:0/470432339 >> 10.20.193.122:0/470432339 conn(0x7f6f5c103a70 msgr2=0x7f6f5c105e90 unknown :-1 s=STATE_NONE l=0).mark_down
2026-02-18T20:27:03.396 INFO:teuthology.orchestra.run.trial122.stdout:/usr/bin/ceph: stderr
2026-02-18T20:27:03.226+0000 7f6f6102e640 1 -- 10.20.193.122:0/470432339 shutdown_connections
2026-02-18T20:27:03.396 INFO:teuthology.orchestra.run.trial122.stdout:/usr/bin/ceph: stderr
2026-02-18T20:27:03.226+0000 7f6f6102e640 1 -- 10.20.193.122:0/470432339 wait complete.
2026-02-18T20:27:03.396 INFO:teuthology.orchestra.run.trial122.stdout:/usr/bin/ceph: stderr
2026-02-18T20:27:03.227+0000 7f6f6102e640 1 Processor -- start
2026-02-18T20:27:03.396 INFO:teuthology.orchestra.run.trial122.stdout:/usr/bin/ceph: stderr
2026-02-18T20:27:03.227+0000 7f6f6102e640 1 -- start start
2026-02-18T20:27:03.396 INFO:teuthology.orchestra.run.trial122.stdout:/usr/bin/ceph: stderr
2026-02-18T20:27:03.227+0000 7f6f6102e640 1 --2- >> [v2:10.20.193.122:3300/0,v1:10.20.193.122:6789/0] conn(0x7f6f5c1082c0 0x7f6f5c19e1b0 unknown :-1 s=NONE pgs=0 cs=0 l=1 rev1=0 crypto rx=0 tx=0 comp rx=0 tx=0).connect
2026-02-18T20:27:03.397 INFO:teuthology.orchestra.run.trial122.stdout:/usr/bin/ceph: stderr
2026-02-18T20:27:03.227+0000 7f6f6102e640 1 -- --> [v2:10.20.193.122:3300/0,v1:10.20.193.122:6789/0] -- mon_getmap magic: 0 -- 0x7f6f5c10c870 con 0x7f6f5c1082c0
2026-02-18T20:27:03.397 INFO:teuthology.orchestra.run.trial122.stdout:/usr/bin/ceph: stderr
2026-02-18T20:27:03.227+0000 7f6f5ad76640 1 --2- >> [v2:10.20.193.122:3300/0,v1:10.20.193.122:6789/0] conn(0x7f6f5c1082c0 0x7f6f5c19e1b0 unknown :-1 s=BANNER_CONNECTING pgs=0 cs=0 l=1 rev1=0 crypto rx=0 tx=0 comp rx=0 tx=0)._handle_peer_banner_payload supported=3 required=0
2026-02-18T20:27:03.397 INFO:teuthology.orchestra.run.trial122.stdout:/usr/bin/ceph: stderr
2026-02-18T20:27:03.227+0000 7f6f5ad76640 1 --2- >> [v2:10.20.193.122:3300/0,v1:10.20.193.122:6789/0] conn(0x7f6f5c1082c0 0x7f6f5c19e1b0 unknown :-1 s=HELLO_CONNECTING pgs=0 cs=0 l=1 rev1=1 crypto rx=0 tx=0 comp rx=0 tx=0).handle_hello peer v2:10.20.193.122:3300/0 says I am v2:10.20.193.122:35514/0 (socket says 10.20.193.122:35514)
2026-02-18T20:27:03.397 INFO:teuthology.orchestra.run.trial122.stdout:/usr/bin/ceph: stderr
2026-02-18T20:27:03.227+0000 7f6f5ad76640 1 -- 10.20.193.122:0/602605812 learned_addr learned my addr 10.20.193.122:0/602605812 (peer_addr_for_me v2:10.20.193.122:0/0)
2026-02-18T20:27:03.397 INFO:teuthology.orchestra.run.trial122.stdout:/usr/bin/ceph: stderr
2026-02-18T20:27:03.227+0000 7f6f5ad76640 1 -- 10.20.193.122:0/602605812 --> [v2:10.20.193.122:3300/0,v1:10.20.193.122:6789/0] -- mon_subscribe({config=0+,monmap=0+}) -- 0x7f6f5c19e6f0 con 0x7f6f5c1082c0
2026-02-18T20:27:03.397 INFO:teuthology.orchestra.run.trial122.stdout:/usr/bin/ceph: stderr
2026-02-18T20:27:03.227+0000 7f6f5ad76640 1 --2- 10.20.193.122:0/602605812 >> [v2:10.20.193.122:3300/0,v1:10.20.193.122:6789/0] conn(0x7f6f5c1082c0 0x7f6f5c19e1b0 secure :-1 s=READY pgs=69 cs=0 l=1 rev1=1 crypto rx=0x7f6f50035b90 tx=0x7f6f50035bc0 comp rx=0 tx=0).ready entity=mon.0 client_cookie=0 server_cookie=0 in_seq=0 out_seq=0
2026-02-18T20:27:03.397 INFO:teuthology.orchestra.run.trial122.stdout:/usr/bin/ceph: stderr
2026-02-18T20:27:03.227+0000 7f6f3bfff640 1 -- 10.20.193.122:0/602605812 <== mon.0 v2:10.20.193.122:3300/0 1 ==== mon_map magic: 0 ==== 205+0+0 (secure 0 0 0) 0x7f6f50044020 con 0x7f6f5c1082c0
2026-02-18T20:27:03.397 INFO:teuthology.orchestra.run.trial122.stdout:/usr/bin/ceph: stderr
2026-02-18T20:27:03.227+0000 7f6f3bfff640 1 -- 10.20.193.122:0/602605812 <== mon.0 v2:10.20.193.122:3300/0 2 ==== config(28 keys) ==== 1145+0+0 (secure 0 0 0) 0x7f6f50035e80 con 0x7f6f5c1082c0
2026-02-18T20:27:03.397 INFO:teuthology.orchestra.run.trial122.stdout:/usr/bin/ceph: stderr
2026-02-18T20:27:03.227+0000 7f6f6102e640 1 -- 10.20.193.122:0/602605812 --> [v2:10.20.193.122:3300/0,v1:10.20.193.122:6789/0] -- mon_subscribe({mgrmap=0+}) -- 0x7f6f5c19e980 con 0x7f6f5c1082c0
2026-02-18T20:27:03.397 INFO:teuthology.orchestra.run.trial122.stdout:/usr/bin/ceph: stderr
2026-02-18T20:27:03.227+0000 7f6f3bfff640 1 -- 10.20.193.122:0/602605812 <== mon.0 v2:10.20.193.122:3300/0 3 ==== mon_map magic: 0 ==== 205+0+0 (secure 0 0 0) 0x7f6f5003c040 con 0x7f6f5c1082c0
2026-02-18T20:27:03.398 INFO:teuthology.orchestra.run.trial122.stdout:/usr/bin/ceph: stderr
2026-02-18T20:27:03.227+0000 7f6f6102e640 1 -- 10.20.193.122:0/602605812 --> [v2:10.20.193.122:3300/0,v1:10.20.193.122:6789/0] -- mon_subscribe({osdmap=0}) -- 0x7f6f5c1a1670 con 0x7f6f5c1082c0
2026-02-18T20:27:03.398 INFO:teuthology.orchestra.run.trial122.stdout:/usr/bin/ceph: stderr
2026-02-18T20:27:03.228+0000 7f6f6102e640 1 -- 10.20.193.122:0/602605812 --> [v2:10.20.193.122:3300/0,v1:10.20.193.122:6789/0] -- mon_command({"prefix": "get_command_descriptions"} v 0) -- 0x7f6f5c108740 con 0x7f6f5c1082c0
2026-02-18T20:27:03.398 INFO:teuthology.orchestra.run.trial122.stdout:/usr/bin/ceph: stderr
2026-02-18T20:27:03.228+0000 7f6f3bfff640 1 -- 10.20.193.122:0/602605812 <== mon.0 v2:10.20.193.122:3300/0 4 ==== mgrmap(e 11) ==== 50154+0+0 (secure 0 0 0) 0x7f6f5003f050 con 0x7f6f5c1082c0
2026-02-18T20:27:03.398 INFO:teuthology.orchestra.run.trial122.stdout:/usr/bin/ceph: stderr
2026-02-18T20:27:03.228+0000 7f6f3bfff640 1 --2- 10.20.193.122:0/602605812 >> [v2:10.20.193.122:6800/3327480551,v1:10.20.193.122:6801/3327480551] conn(0x7f6f3003dad0 0x7f6f3003ff90 unknown :-1 s=NONE pgs=0 cs=0 l=1 rev1=0 crypto rx=0 tx=0 comp rx=0 tx=0).connect
2026-02-18T20:27:03.398 INFO:teuthology.orchestra.run.trial122.stdout:/usr/bin/ceph: stderr
2026-02-18T20:27:03.228+0000 7f6f3bfff640 1 -- 10.20.193.122:0/602605812 <== mon.0 v2:10.20.193.122:3300/0 5 ==== osd_map(3..3 src has 1..3) ==== 1155+0+0 (secure 0 0 0) 0x7f6f50076c00 con 0x7f6f5c1082c0
2026-02-18T20:27:03.398 INFO:teuthology.orchestra.run.trial122.stdout:/usr/bin/ceph: stderr
2026-02-18T20:27:03.228+0000 7f6f5a575640 1 --2- 10.20.193.122:0/602605812 >> [v2:10.20.193.122:6800/3327480551,v1:10.20.193.122:6801/3327480551] conn(0x7f6f3003dad0 0x7f6f3003ff90 unknown :-1 s=BANNER_CONNECTING pgs=0 cs=0 l=1 rev1=0 crypto rx=0 tx=0 comp rx=0 tx=0)._handle_peer_banner_payload supported=3 required=0
2026-02-18T20:27:03.398 INFO:teuthology.orchestra.run.trial122.stdout:/usr/bin/ceph: stderr
2026-02-18T20:27:03.228+0000 7f6f5a575640 1 --2- 10.20.193.122:0/602605812 >> [v2:10.20.193.122:6800/3327480551,v1:10.20.193.122:6801/3327480551] conn(0x7f6f3003dad0 0x7f6f3003ff90 secure :-1 s=READY pgs=7 cs=0 l=1 rev1=1 crypto rx=0x7f6f440099c0 tx=0x7f6f44006eb0 comp rx=0 tx=0).ready entity=mgr.14150 client_cookie=0 server_cookie=0 in_seq=0 out_seq=0
2026-02-18T20:27:03.398 INFO:teuthology.orchestra.run.trial122.stdout:/usr/bin/ceph: stderr
2026-02-18T20:27:03.231+0000 7f6f3bfff640 1 -- 10.20.193.122:0/602605812 <== mon.0 v2:10.20.193.122:3300/0 6 ==== mon_command_ack([{"prefix": "get_command_descriptions"}]=0 v0) ==== 72+0+195034 (secure 0 0 0) 0x7f6f5004e020 con 0x7f6f5c1082c0
2026-02-18T20:27:03.398 INFO:teuthology.orchestra.run.trial122.stdout:/usr/bin/ceph: stderr
2026-02-18T20:27:03.315+0000 7f6f6102e640 1 -- 10.20.193.122:0/602605812 --> [v2:10.20.193.122:6800/3327480551,v1:10.20.193.122:6801/3327480551] -- mgr_command(tid 0: {"prefix": "dashboard create-self-signed-cert", "target": ["mon-mgr", ""]}) -- 0x7f6f5c104c20 con 0x7f6f3003dad0
2026-02-18T20:27:03.398 INFO:teuthology.orchestra.run.trial122.stdout:/usr/bin/ceph: stderr
2026-02-18T20:27:03.366+0000 7f6f3bfff640 1 -- 10.20.193.122:0/602605812 <== mgr.14150 v2:10.20.193.122:6800/3327480551 1 ==== mgr_command_reply(tid 0: 0 ) ==== 8+0+32 (secure 0 0 0) 0x7f6f5c104c20 con 0x7f6f3003dad0
2026-02-18T20:27:03.399 INFO:teuthology.orchestra.run.trial122.stdout:/usr/bin/ceph: stderr
2026-02-18T20:27:03.367+0000 7f6f6102e640 1 -- 10.20.193.122:0/602605812 >> [v2:10.20.193.122:6800/3327480551,v1:10.20.193.122:6801/3327480551] conn(0x7f6f3003dad0 msgr2=0x7f6f3003ff90 secure :-1 s=STATE_CONNECTION_ESTABLISHED l=1).mark_down
2026-02-18T20:27:03.399 INFO:teuthology.orchestra.run.trial122.stdout:/usr/bin/ceph: stderr
2026-02-18T20:27:03.367+0000 7f6f6102e640 1 --2- 10.20.193.122:0/602605812 >> [v2:10.20.193.122:6800/3327480551,v1:10.20.193.122:6801/3327480551] conn(0x7f6f3003dad0 0x7f6f3003ff90 secure :-1 s=READY pgs=7 cs=0 l=1 rev1=1 crypto rx=0x7f6f440099c0 tx=0x7f6f44006eb0 comp rx=0 tx=0).stop
2026-02-18T20:27:03.399 INFO:teuthology.orchestra.run.trial122.stdout:/usr/bin/ceph: stderr
2026-02-18T20:27:03.367+0000 7f6f6102e640 1 -- 10.20.193.122:0/602605812 >> [v2:10.20.193.122:3300/0,v1:10.20.193.122:6789/0] conn(0x7f6f5c1082c0 msgr2=0x7f6f5c19e1b0 secure :-1 s=STATE_CONNECTION_ESTABLISHED l=1).mark_down
2026-02-18T20:27:03.399 INFO:teuthology.orchestra.run.trial122.stdout:/usr/bin/ceph: stderr
2026-02-18T20:27:03.367+0000 7f6f6102e640 1 --2- 10.20.193.122:0/602605812 >> [v2:10.20.193.122:3300/0,v1:10.20.193.122:6789/0] conn(0x7f6f5c1082c0 0x7f6f5c19e1b0 secure :-1 s=READY pgs=69 cs=0 l=1 rev1=1 crypto rx=0x7f6f50035b90 tx=0x7f6f50035bc0 comp rx=0 tx=0).stop
2026-02-18T20:27:03.399 INFO:teuthology.orchestra.run.trial122.stdout:/usr/bin/ceph: stderr
2026-02-18T20:27:03.367+0000 7f6f6102e640 1 -- 10.20.193.122:0/602605812 shutdown_connections
2026-02-18T20:27:03.399 INFO:teuthology.orchestra.run.trial122.stdout:/usr/bin/ceph: stderr
2026-02-18T20:27:03.367+0000 7f6f6102e640 1 --2- 10.20.193.122:0/602605812 >> [v2:10.20.193.122:6800/3327480551,v1:10.20.193.122:6801/3327480551] conn(0x7f6f3003dad0 0x7f6f3003ff90 unknown :-1 s=CLOSED pgs=7 cs=0 l=1 rev1=1 crypto rx=0 tx=0 comp rx=0 tx=0).stop
2026-02-18T20:27:03.399 INFO:teuthology.orchestra.run.trial122.stdout:/usr/bin/ceph: stderr
2026-02-18T20:27:03.367+0000 7f6f6102e640 1 --2- 10.20.193.122:0/602605812 >> [v2:10.20.193.122:3300/0,v1:10.20.193.122:6789/0] conn(0x7f6f5c1082c0 0x7f6f5c19e1b0 unknown :-1 s=CLOSED pgs=69 cs=0 l=1 rev1=1 crypto rx=0 tx=0 comp rx=0 tx=0).stop
2026-02-18T20:27:03.399 INFO:teuthology.orchestra.run.trial122.stdout:/usr/bin/ceph: stderr
2026-02-18T20:27:03.367+0000 7f6f6102e640 1 -- 10.20.193.122:0/602605812 >> 10.20.193.122:0/602605812 conn(0x7f6f5c103a70 msgr2=0x7f6f5c104510 unknown :-1 s=STATE_NONE l=0).mark_down
2026-02-18T20:27:03.399 INFO:teuthology.orchestra.run.trial122.stdout:/usr/bin/ceph: stderr
2026-02-18T20:27:03.367+0000 7f6f6102e640 1 -- 10.20.193.122:0/602605812 shutdown_connections
2026-02-18T20:27:03.399 INFO:teuthology.orchestra.run.trial122.stdout:/usr/bin/ceph: stderr
2026-02-18T20:27:03.367+0000 7f6f6102e640 1 -- 10.20.193.122:0/602605812 wait complete.
2026-02-18T20:27:03.399 INFO:teuthology.orchestra.run.trial122.stdout:Creating initial admin user...
2026-02-18T20:27:03.580 INFO:journalctl@ceph.mon.a.trial122.stdout:Feb 18 20:27:03 trial122 ceph-mon[23248]: from='mgr.14150 10.20.193.122:0/2425274158' entity='mgr.x'
2026-02-18T20:27:03.580 INFO:journalctl@ceph.mon.a.trial122.stdout:Feb 18 20:27:03 trial122 ceph-mon[23248]: from='mgr.14150 10.20.193.122:0/2425274158' entity='mgr.x'
2026-02-18T20:27:03.581 INFO:journalctl@ceph.mon.a.trial122.stdout:Feb 18 20:27:03 trial122 ceph-mon[23248]: mgrmap e11: x(active, since 1.00475s)
2026-02-18T20:27:03.581 INFO:journalctl@ceph.mon.a.trial122.stdout:Feb 18 20:27:03 trial122 ceph-mon[23248]: [18/Feb/2026:20:27:03] ENGINE Bus STARTING
2026-02-18T20:27:03.581 INFO:journalctl@ceph.mon.a.trial122.stdout:Feb 18 20:27:03 trial122 ceph-mon[23248]: from='client.14162 -' entity='client.admin' cmd=[{"prefix": "dashboard create-self-signed-cert", "target": ["mon-mgr", ""]}]: dispatch
2026-02-18T20:27:03.581 INFO:journalctl@ceph.mon.a.trial122.stdout:Feb 18 20:27:03 trial122 ceph-mon[23248]: [18/Feb/2026:20:27:03] ENGINE Serving on https://10.20.193.122:7150
2026-02-18T20:27:03.581 INFO:journalctl@ceph.mon.a.trial122.stdout:Feb 18 20:27:03 trial122 ceph-mon[23248]: [18/Feb/2026:20:27:03] ENGINE Client ('10.20.193.122', 35102) lost — peer dropped the TLS connection suddenly, during handshake: (6, 'TLS/SSL connection has been closed (EOF) (_ssl.c:1147)')
2026-02-18T20:27:03.581 INFO:journalctl@ceph.mon.a.trial122.stdout:Feb 18 20:27:03 trial122 ceph-mon[23248]: from='mgr.14150 10.20.193.122:0/2425274158' entity='mgr.x'
2026-02-18T20:27:03.581 INFO:journalctl@ceph.mon.a.trial122.stdout:Feb 18 20:27:03 trial122 ceph-mon[23248]: from='mgr.14150 10.20.193.122:0/2425274158' entity='mgr.x'
2026-02-18T20:27:03.755 INFO:teuthology.orchestra.run.trial122.stdout:/usr/bin/ceph: stdout {"username": "admin", "password": "$2b$12$xMvOoan8ZnaMt2KJJ8PtgexLeDnkQmCToD3.Ozf.GEtLQWk3jz5zK", "roles": ["administrator"], "name": null, "email": null, "lastUpdate": 1771446423, "enabled": true, "pwdExpirationDate": null, "pwdUpdateRequired": true}
2026-02-18T20:27:03.755 INFO:teuthology.orchestra.run.trial122.stdout:/usr/bin/ceph: stderr
2026-02-18T20:27:03.495+0000 7f42d2f0d640 1 Processor -- start
