2026-02-18T20:32:22.467 INFO:teuthology.orchestra.run.trial033.stdout:/usr/bin/ceph: stderr
2026-02-18T20:32:22.221+0000 7f993cc0d640 1 -- 10.20.193.33:0/3139877482 learned_addr learned my addr 10.20.193.33:0/3139877482 (peer_addr_for_me v2:10.20.193.33:0/0)
2026-02-18T20:32:22.467 INFO:teuthology.orchestra.run.trial033.stdout:/usr/bin/ceph: stderr
2026-02-18T20:32:22.221+0000 7f993cc0d640 1 -- 10.20.193.33:0/3139877482 --> [v2:10.20.193.33:3300/0,v1:10.20.193.33:6789/0] -- mon_subscribe({config=0+,monmap=0+}) -- 0x7f99381a06f0 con 0x7f993810b860
2026-02-18T20:32:22.467 INFO:teuthology.orchestra.run.trial033.stdout:/usr/bin/ceph: stderr
2026-02-18T20:32:22.221+0000 7f993cc0d640 1 --2- 10.20.193.33:0/3139877482 >> [v2:10.20.193.33:3300/0,v1:10.20.193.33:6789/0] conn(0x7f993810b860 0x7f99381a01b0 secure :-1 s=READY pgs=17 cs=0 l=1 rev1=1 crypto rx=0x7f9928037cd0 tx=0x7f9928037b90 comp rx=0 tx=0).ready entity=mon.0 client_cookie=0 server_cookie=0 in_seq=0 out_seq=0
2026-02-18T20:32:22.467 INFO:teuthology.orchestra.run.trial033.stdout:/usr/bin/ceph: stderr
2026-02-18T20:32:22.221+0000 7f992dffb640 1 -- 10.20.193.33:0/3139877482 <== mon.0 v2:10.20.193.33:3300/0 1 ==== mon_map magic: 0 ==== 205+0+0 (secure 0 0 0) 0x7f9928045070 con 0x7f993810b860
2026-02-18T20:32:22.467 INFO:teuthology.orchestra.run.trial033.stdout:/usr/bin/ceph: stderr
2026-02-18T20:32:22.222+0000 7f992dffb640 1 -- 10.20.193.33:0/3139877482 <== mon.0 v2:10.20.193.33:3300/0 2 ==== config(26 keys) ==== 1045+0+0 (secure 0 0 0) 0x7f9928040450 con 0x7f993810b860
2026-02-18T20:32:22.467 INFO:teuthology.orchestra.run.trial033.stdout:/usr/bin/ceph: stderr
2026-02-18T20:32:22.222+0000 7f993dc0f640 1 -- 10.20.193.33:0/3139877482 --> [v2:10.20.193.33:3300/0,v1:10.20.193.33:6789/0] -- mon_subscribe({mgrmap=0+}) -- 0x7f99381a0980 con 0x7f993810b860
2026-02-18T20:32:22.467 INFO:teuthology.orchestra.run.trial033.stdout:/usr/bin/ceph: stderr
2026-02-18T20:32:22.222+0000 7f992dffb640 1 -- 10.20.193.33:0/3139877482 <== mon.0 v2:10.20.193.33:3300/0 3 ==== mon_map magic: 0 ==== 205+0+0 (secure 0 0 0) 0x7f992803c070 con 0x7f993810b860
2026-02-18T20:32:22.467 INFO:teuthology.orchestra.run.trial033.stdout:/usr/bin/ceph: stderr
2026-02-18T20:32:22.222+0000 7f993dc0f640 1 -- 10.20.193.33:0/3139877482 --> [v2:10.20.193.33:3300/0,v1:10.20.193.33:6789/0] -- mon_subscribe({osdmap=0}) -- 0x7f99381a3670 con 0x7f993810b860
2026-02-18T20:32:22.467 INFO:teuthology.orchestra.run.trial033.stdout:/usr/bin/ceph: stderr
2026-02-18T20:32:22.222+0000 7f993dc0f640 1 -- 10.20.193.33:0/3139877482 --> [v2:10.20.193.33:3300/0,v1:10.20.193.33:6789/0] -- mon_command({"prefix": "get_command_descriptions"} v 0) -- 0x7f993810bce0 con 0x7f993810b860
2026-02-18T20:32:22.467 INFO:teuthology.orchestra.run.trial033.stdout:/usr/bin/ceph: stderr
2026-02-18T20:32:22.222+0000 7f992dffb640 1 -- 10.20.193.33:0/3139877482 <== mon.0 v2:10.20.193.33:3300/0 4 ==== mgrmap(e 3) ==== 50130+0+0 (secure 0 0 0) 0x7f9928040920 con 0x7f993810b860
2026-02-18T20:32:22.467 INFO:teuthology.orchestra.run.trial033.stdout:/usr/bin/ceph: stderr
2026-02-18T20:32:22.223+0000 7f992dffb640 1 --2- 10.20.193.33:0/3139877482 >> [v2:10.20.193.33:6800/1176048719,v1:10.20.193.33:6801/1176048719] conn(0x7f991403da80 0x7f991403ff40 unknown :-1 s=NONE pgs=0 cs=0 l=1 rev1=0 crypto rx=0 tx=0 comp rx=0 tx=0).connect
2026-02-18T20:32:22.467 INFO:teuthology.orchestra.run.trial033.stdout:/usr/bin/ceph: stderr
2026-02-18T20:32:22.223+0000 7f992dffb640 1 -- 10.20.193.33:0/3139877482 <== mon.0 v2:10.20.193.33:3300/0 5 ==== osd_map(1..1 src has 1..1) ==== 725+0+0 (secure 0 0 0) 0x7f9928076320 con 0x7f993810b860
2026-02-18T20:32:22.467 INFO:teuthology.orchestra.run.trial033.stdout:/usr/bin/ceph: stderr
2026-02-18T20:32:22.223+0000 7f992ffff640 1 --2- 10.20.193.33:0/3139877482 >> [v2:10.20.193.33:6800/1176048719,v1:10.20.193.33:6801/1176048719] conn(0x7f991403da80 0x7f991403ff40 unknown :-1 s=BANNER_CONNECTING pgs=0 cs=0 l=1 rev1=0 crypto rx=0 tx=0 comp rx=0 tx=0)._handle_peer_banner_payload supported=3 required=0
2026-02-18T20:32:22.467 INFO:teuthology.orchestra.run.trial033.stdout:/usr/bin/ceph: stderr
2026-02-18T20:32:22.223+0000 7f992ffff640 1 --2- 10.20.193.33:0/3139877482 >> [v2:10.20.193.33:6800/1176048719,v1:10.20.193.33:6801/1176048719] conn(0x7f991403da80 0x7f991403ff40 secure :-1 s=READY pgs=6 cs=0 l=1 rev1=1 crypto rx=0x7f99200099c0 tx=0x7f9920006eb0 comp rx=0 tx=0).ready entity=mgr.14100 client_cookie=0 server_cookie=0 in_seq=0 out_seq=0
2026-02-18T20:32:22.467 INFO:teuthology.orchestra.run.trial033.stdout:/usr/bin/ceph: stderr
2026-02-18T20:32:22.227+0000 7f992dffb640 1 -- 10.20.193.33:0/3139877482 <== mon.0 v2:10.20.193.33:3300/0 6 ==== mon_command_ack([{"prefix": "get_command_descriptions"}]=0 v0) ==== 72+0+195034 (secure 0 0 0) 0x7f9928033200 con 0x7f993810b860
2026-02-18T20:32:22.467 INFO:teuthology.orchestra.run.trial033.stdout:/usr/bin/ceph: stderr
2026-02-18T20:32:22.348+0000 7f993dc0f640 1 -- 10.20.193.33:0/3139877482 --> [v2:10.20.193.33:3300/0,v1:10.20.193.33:6789/0] -- mon_command({"prefix": "status", "format": "json-pretty"} v 0) -- 0x7f99381a3d10 con 0x7f993810b860
2026-02-18T20:32:22.467 INFO:teuthology.orchestra.run.trial033.stdout:/usr/bin/ceph: stderr
2026-02-18T20:32:22.348+0000 7f992dffb640 1 -- 10.20.193.33:0/3139877482 <== mon.0 v2:10.20.193.33:3300/0 7 ==== mon_command_ack([{"prefix": "status", "format": "json-pretty"}]=0 v0) ==== 79+0+1290 (secure 0 0 0) 0x7f9928035e20 con 0x7f993810b860
2026-02-18T20:32:22.467 INFO:teuthology.orchestra.run.trial033.stdout:/usr/bin/ceph: stderr
2026-02-18T20:32:22.350+0000 7f993dc0f640 1 -- 10.20.193.33:0/3139877482 >> [v2:10.20.193.33:6800/1176048719,v1:10.20.193.33:6801/1176048719] conn(0x7f991403da80 msgr2=0x7f991403ff40 secure :-1 s=STATE_CONNECTION_ESTABLISHED l=1).mark_down
2026-02-18T20:32:22.467 INFO:teuthology.orchestra.run.trial033.stdout:/usr/bin/ceph: stderr
2026-02-18T20:32:22.350+0000 7f993dc0f640 1 --2- 10.20.193.33:0/3139877482 >> [v2:10.20.193.33:6800/1176048719,v1:10.20.193.33:6801/1176048719] conn(0x7f991403da80 0x7f991403ff40 secure :-1 s=READY pgs=6 cs=0 l=1 rev1=1 crypto rx=0x7f99200099c0 tx=0x7f9920006eb0 comp rx=0 tx=0).stop
2026-02-18T20:32:22.467 INFO:teuthology.orchestra.run.trial033.stdout:/usr/bin/ceph: stderr
2026-02-18T20:32:22.350+0000 7f993dc0f640 1 -- 10.20.193.33:0/3139877482 >> [v2:10.20.193.33:3300/0,v1:10.20.193.33:6789/0] conn(0x7f993810b860 msgr2=0x7f99381a01b0 secure :-1 s=STATE_CONNECTION_ESTABLISHED l=1).mark_down
2026-02-18T20:32:22.467 INFO:teuthology.orchestra.run.trial033.stdout:/usr/bin/ceph: stderr
2026-02-18T20:32:22.350+0000 7f993dc0f640 1 --2- 10.20.193.33:0/3139877482 >> [v2:10.20.193.33:3300/0,v1:10.20.193.33:6789/0] conn(0x7f993810b860 0x7f99381a01b0 secure :-1 s=READY pgs=17 cs=0 l=1 rev1=1 crypto rx=0x7f9928037cd0 tx=0x7f9928037b90 comp rx=0 tx=0).stop
2026-02-18T20:32:22.467 INFO:teuthology.orchestra.run.trial033.stdout:/usr/bin/ceph: stderr
2026-02-18T20:32:22.350+0000 7f993dc0f640 1 -- 10.20.193.33:0/3139877482 shutdown_connections
2026-02-18T20:32:22.467 INFO:teuthology.orchestra.run.trial033.stdout:/usr/bin/ceph: stderr
2026-02-18T20:32:22.350+0000 7f993dc0f640 1 --2- 10.20.193.33:0/3139877482 >> [v2:10.20.193.33:6800/1176048719,v1:10.20.193.33:6801/1176048719] conn(0x7f991403da80 0x7f991403ff40 unknown :-1 s=CLOSED pgs=6 cs=0 l=1 rev1=1 crypto rx=0 tx=0 comp rx=0 tx=0).stop
2026-02-18T20:32:22.467 INFO:teuthology.orchestra.run.trial033.stdout:/usr/bin/ceph: stderr
2026-02-18T20:32:22.350+0000 7f993dc0f640 1 --2- 10.20.193.33:0/3139877482 >> [v2:10.20.193.33:3300/0,v1:10.20.193.33:6789/0] conn(0x7f993810b860 0x7f99381a01b0 unknown :-1 s=CLOSED pgs=17 cs=0 l=1 rev1=1 crypto rx=0 tx=0 comp rx=0 tx=0).stop
2026-02-18T20:32:22.467 INFO:teuthology.orchestra.run.trial033.stdout:/usr/bin/ceph: stderr
2026-02-18T20:32:22.350+0000 7f993dc0f640 1 -- 10.20.193.33:0/3139877482 >> 10.20.193.33:0/3139877482 conn(0x7f993807d8d0 msgr2=0x7f99381086e0 unknown :-1 s=STATE_NONE l=0).mark_down
2026-02-18T20:32:22.467 INFO:teuthology.orchestra.run.trial033.stdout:/usr/bin/ceph: stderr
2026-02-18T20:32:22.350+0000 7f993dc0f640 1 -- 10.20.193.33:0/3139877482 shutdown_connections
2026-02-18T20:32:22.467 INFO:teuthology.orchestra.run.trial033.stdout:/usr/bin/ceph: stderr
2026-02-18T20:32:22.350+0000 7f993dc0f640 1 -- 10.20.193.33:0/3139877482 wait complete.
2026-02-18T20:32:22.467 INFO:teuthology.orchestra.run.trial033.stdout:mgr is available
2026-02-18T20:32:22.827 INFO:teuthology.orchestra.run.trial033.stdout:/usr/bin/ceph: stdout
2026-02-18T20:32:22.828 INFO:teuthology.orchestra.run.trial033.stdout:/usr/bin/ceph: stdout [global]
2026-02-18T20:32:22.828 INFO:teuthology.orchestra.run.trial033.stdout:/usr/bin/ceph: stdout fsid = ddff68b1-0d08-11f1-9560-d404e6e7d460
2026-02-18T20:32:22.828 INFO:teuthology.orchestra.run.trial033.stdout:/usr/bin/ceph: stdout mon_cluster_log_file_level = debug
2026-02-18T20:32:22.828 INFO:teuthology.orchestra.run.trial033.stdout:/usr/bin/ceph: stdout mon_host = [v2:10.20.193.33:3300,v1:10.20.193.33:6789]
2026-02-18T20:32:22.828 INFO:teuthology.orchestra.run.trial033.stdout:/usr/bin/ceph: stdout mon_osd_allow_pg_remap = true
2026-02-18T20:32:22.828 INFO:teuthology.orchestra.run.trial033.stdout:/usr/bin/ceph: stdout mon_osd_allow_primary_affinity = true
2026-02-18T20:32:22.828 INFO:teuthology.orchestra.run.trial033.stdout:/usr/bin/ceph: stdout mon_warn_on_no_sortbitwise = false
2026-02-18T20:32:22.828 INFO:teuthology.orchestra.run.trial033.stdout:/usr/bin/ceph: stdout osd_crush_chooseleaf_type = 0
2026-02-18T20:32:22.828 INFO:teuthology.orchestra.run.trial033.stdout:/usr/bin/ceph: stdout
2026-02-18T20:32:22.828 INFO:teuthology.orchestra.run.trial033.stdout:/usr/bin/ceph: stdout [mgr]
2026-02-18T20:32:22.828 INFO:teuthology.orchestra.run.trial033.stdout:/usr/bin/ceph: stdout mgr/telemetry/nag = false
2026-02-18T20:32:22.829 INFO:teuthology.orchestra.run.trial033.stdout:/usr/bin/ceph: stdout
2026-02-18T20:32:22.829 INFO:teuthology.orchestra.run.trial033.stdout:/usr/bin/ceph: stdout [osd]
2026-02-18T20:32:22.829 INFO:teuthology.orchestra.run.trial033.stdout:/usr/bin/ceph: stdout mon_osd_backfillfull_ratio = 0.85
2026-02-18T20:32:22.829 INFO:teuthology.orchestra.run.trial033.stdout:/usr/bin/ceph: stdout mon_osd_full_ratio = 0.9
2026-02-18T20:32:22.829 INFO:teuthology.orchestra.run.trial033.stdout:/usr/bin/ceph: stdout mon_osd_nearfull_ratio = 0.8
2026-02-18T20:32:22.829 INFO:teuthology.orchestra.run.trial033.stdout:/usr/bin/ceph: stdout osd_map_max_advance = 10
2026-02-18T20:32:22.829 INFO:teuthology.orchestra.run.trial033.stdout:/usr/bin/ceph: stdout osd_sloppy_crc = true
2026-02-18T20:32:22.829 INFO:teuthology.orchestra.run.trial033.stdout:/usr/bin/ceph: stderr
2026-02-18T20:32:22.644+0000 7f3981a90640 1 Processor -- start
2026-02-18T20:32:22.829 INFO:teuthology.orchestra.run.trial033.stdout:/usr/bin/ceph: stderr
2026-02-18T20:32:22.644+0000 7f3981a90640 1 -- start start
2026-02-18T20:32:22.829 INFO:teuthology.orchestra.run.trial033.stdout:/usr/bin/ceph: stderr
2026-02-18T20:32:22.644+0000 7f3981a90640 1 --2- >> [v2:10.20.193.33:3300/0,v1:10.20.193.33:6789/0] conn(0x7f397c10b860 0x7f397c10bc60 unknown :-1 s=NONE pgs=0 cs=0 l=0 rev1=0 crypto rx=0 tx=0 comp rx=0 tx=0).connect
2026-02-18T20:32:22.829 INFO:teuthology.orchestra.run.trial033.stdout:/usr/bin/ceph: stderr
2026-02-18T20:32:22.644+0000 7f3981a90640 1 -- --> [v2:10.20.193.33:3300/0,v1:10.20.193.33:6789/0] -- mon_getmap magic: 0 -- 0x7f397c10c230 con 0x7f397c10b860
2026-02-18T20:32:22.829 INFO:teuthology.orchestra.run.trial033.stdout:/usr/bin/ceph: stderr
2026-02-18T20:32:22.645+0000 7f3980a8e640 1 --2- >> [v2:10.20.193.33:3300/0,v1:10.20.193.33:6789/0] conn(0x7f397c10b860 0x7f397c10bc60 unknown :-1 s=BANNER_CONNECTING pgs=0 cs=0 l=0 rev1=0 crypto rx=0 tx=0 comp rx=0 tx=0)._handle_peer_banner_payload supported=3 required=0
2026-02-18T20:32:22.830 INFO:teuthology.orchestra.run.trial033.stdout:/usr/bin/ceph: stderr
2026-02-18T20:32:22.645+0000 7f3980a8e640 1 --2- >> [v2:10.20.193.33:3300/0,v1:10.20.193.33:6789/0] conn(0x7f397c10b860 0x7f397c10bc60 unknown :-1 s=HELLO_CONNECTING pgs=0 cs=0 l=0 rev1=1 crypto rx=0 tx=0 comp rx=0 tx=0).handle_hello peer v2:10.20.193.33:3300/0 says I am v2:10.20.193.33:59352/0 (socket says 10.20.193.33:59352)
2026-02-18T20:32:22.830 INFO:teuthology.orchestra.run.trial033.stdout:/usr/bin/ceph: stderr
2026-02-18T20:32:22.645+0000 7f3980a8e640 1 -- 10.20.193.33:0/4141141654 learned_addr learned my addr 10.20.193.33:0/4141141654 (peer_addr_for_me v2:10.20.193.33:0/0)
2026-02-18T20:32:22.830 INFO:teuthology.orchestra.run.trial033.stdout:/usr/bin/ceph: stderr
2026-02-18T20:32:22.645+0000 7f3980a8e640 1 -- 10.20.193.33:0/4141141654 --> [v2:10.20.193.33:3300/0,v1:10.20.193.33:6789/0] -- mon_subscribe({config=0+,monmap=0+}) -- 0x7f397c10c3b0 con 0x7f397c10b860
2026-02-18T20:32:22.830 INFO:teuthology.orchestra.run.trial033.stdout:/usr/bin/ceph: stderr
2026-02-18T20:32:22.646+0000 7f3980a8e640 1 --2- 10.20.193.33:0/4141141654 >> [v2:10.20.193.33:3300/0,v1:10.20.193.33:6789/0] conn(0x7f397c10b860 0x7f397c10bc60 secure :-1 s=READY pgs=18 cs=0 l=1 rev1=1 crypto rx=0x7f396c009920 tx=0x7f396c02ef20 comp rx=0 tx=0).ready entity=mon.0 client_cookie=3418d4c3440e43c0 server_cookie=0 in_seq=0 out_seq=0
2026-02-18T20:32:22.830 INFO:teuthology.orchestra.run.trial033.stdout:/usr/bin/ceph: stderr
2026-02-18T20:32:22.646+0000 7f39737fe640 1 -- 10.20.193.33:0/4141141654 <== mon.0 v2:10.20.193.33:3300/0 1 ==== mon_map magic: 0 ==== 205+0+0 (secure 0 0 0) 0x7f396c03c070 con 0x7f397c10b860
2026-02-18T20:32:22.830 INFO:teuthology.orchestra.run.trial033.stdout:/usr/bin/ceph: stderr
2026-02-18T20:32:22.646+0000 7f39737fe640 1 -- 10.20.193.33:0/4141141654 <== mon.0 v2:10.20.193.33:3300/0 2 ==== config(26 keys) ==== 1045+0+0 (secure 0 0 0) 0x7f396c037440 con 0x7f397c10b860
2026-02-18T20:32:22.830 INFO:teuthology.orchestra.run.trial033.stdout:/usr/bin/ceph: stderr
2026-02-18T20:32:22.646+0000 7f39737fe640 1 -- 10.20.193.33:0/4141141654 <== mon.0 v2:10.20.193.33:3300/0 3 ==== mon_map magic: 0 ==== 205+0+0 (secure 0 0 0) 0x7f396c0354b0 con 0x7f397c10b860
2026-02-18T20:32:22.830 INFO:teuthology.orchestra.run.trial033.stdout:/usr/bin/ceph: stderr
2026-02-18T20:32:22.646+0000 7f3981a90640 1 -- 10.20.193.33:0/4141141654 >> [v2:10.20.193.33:3300/0,v1:10.20.193.33:6789/0] conn(0x7f397c10b860 msgr2=0x7f397c10bc60 secure :-1 s=STATE_CONNECTION_ESTABLISHED l=1).mark_down
2026-02-18T20:32:22.830 INFO:teuthology.orchestra.run.trial033.stdout:/usr/bin/ceph: stderr
2026-02-18T20:32:22.646+0000 7f3981a90640 1 --2- 10.20.193.33:0/4141141654 >> [v2:10.20.193.33:3300/0,v1:10.20.193.33:6789/0] conn(0x7f397c10b860 0x7f397c10bc60 secure :-1 s=READY pgs=18 cs=0 l=1 rev1=1 crypto rx=0x7f396c009920 tx=0x7f396c02ef20 comp rx=0 tx=0).stop
2026-02-18T20:32:22.830 INFO:teuthology.orchestra.run.trial033.stdout:/usr/bin/ceph: stderr
2026-02-18T20:32:22.646+0000 7f3981a90640 1 -- 10.20.193.33:0/4141141654 shutdown_connections
2026-02-18T20:32:22.830 INFO:teuthology.orchestra.run.trial033.stdout:/usr/bin/ceph: stderr
2026-02-18T20:32:22.646+0000 7f3981a90640 1 --2- 10.20.193.33:0/4141141654 >> [v2:10.20.193.33:3300/0,v1:10.20.193.33:6789/0] conn(0x7f397c10b860 0x7f397c10bc60 unknown :-1 s=CLOSED pgs=18 cs=0 l=1 rev1=1 crypto rx=0 tx=0 comp rx=0 tx=0).stop
2026-02-18T20:32:22.831 INFO:teuthology.orchestra.run.trial033.stdout:/usr/bin/ceph: stderr
2026-02-18T20:32:22.646+0000 7f3981a90640 1 -- 10.20.193.33:0/4141141654 >> 10.20.193.33:0/4141141654 conn(0x7f397c07d8d0 msgr2=0x7f397c07dd00 unknown :-1 s=STATE_NONE l=0).mark_down
2026-02-18T20:32:22.831 INFO:teuthology.orchestra.run.trial033.stdout:/usr/bin/ceph: stderr
2026-02-18T20:32:22.646+0000 7f3981a90640 1 -- 10.20.193.33:0/4141141654 shutdown_connections
2026-02-18T20:32:22.831 INFO:teuthology.orchestra.run.trial033.stdout:/usr/bin/ceph: stderr
2026-02-18T20:32:22.646+0000 7f3981a90640 1 -- 10.20.193.33:0/4141141654 wait complete.
2026-02-18T20:32:22.831 INFO:teuthology.orchestra.run.trial033.stdout:/usr/bin/ceph: stderr
2026-02-18T20:32:22.647+0000 7f3981a90640 1 Processor -- start
2026-02-18T20:32:22.831 INFO:teuthology.orchestra.run.trial033.stdout:/usr/bin/ceph: stderr
2026-02-18T20:32:22.647+0000 7f3981a90640 1 -- start start
2026-02-18T20:32:22.831 INFO:teuthology.orchestra.run.trial033.stdout:/usr/bin/ceph: stderr
2026-02-18T20:32:22.648+0000 7f3981a90640 1 --2- >> [v2:10.20.193.33:3300/0,v1:10.20.193.33:6789/0] conn(0x7f397c10b860 0x7f397c1a01b0 unknown :-1 s=NONE pgs=0 cs=0 l=1 rev1=0 crypto rx=0 tx=0 comp rx=0 tx=0).connect
2026-02-18T20:32:22.831 INFO:teuthology.orchestra.run.trial033.stdout:/usr/bin/ceph: stderr
2026-02-18T20:32:22.648+0000 7f3981a90640 1 -- --> [v2:10.20.193.33:3300/0,v1:10.20.193.33:6789/0] -- mon_getmap magic: 0 -- 0x7f397c10b350 con 0x7f397c10b860
2026-02-18T20:32:22.831 INFO:teuthology.orchestra.run.trial033.stdout:/usr/bin/ceph: stderr
2026-02-18T20:32:22.648+0000 7f3980a8e640 1 --2- >> [v2:10.20.193.33:3300/0,v1:10.20.193.33:6789/0] conn(0x7f397c10b860 0x7f397c1a01b0 unknown :-1 s=BANNER_CONNECTING pgs=0 cs=0 l=1 rev1=0 crypto rx=0 tx=0 comp rx=0 tx=0)._handle_peer_banner_payload supported=3 required=0
2026-02-18T20:32:22.831 INFO:teuthology.orchestra.run.trial033.stdout:/usr/bin/ceph: stderr
2026-02-18T20:32:22.648+0000 7f3980a8e640 1 --2- >> [v2:10.20.193.33:3300/0,v1:10.20.193.33:6789/0] conn(0x7f397c10b860 0x7f397c1a01b0 unknown :-1 s=HELLO_CONNECTING pgs=0 cs=0 l=1 rev1=1 crypto rx=0 tx=0 comp rx=0 tx=0).handle_hello peer v2:10.20.193.33:3300/0 says I am v2:10.20.193.33:59366/0 (socket says 10.20.193.33:59366)
2026-02-18T20:32:22.831 INFO:teuthology.orchestra.run.trial033.stdout:/usr/bin/ceph: stderr
2026-02-18T20:32:22.648+0000 7f3980a8e640 1 -- 10.20.193.33:0/2464169409 learned_addr learned my addr 10.20.193.33:0/2464169409 (peer_addr_for_me v2:10.20.193.33:0/0)
2026-02-18T20:32:22.831 INFO:teuthology.orchestra.run.trial033.stdout:/usr/bin/ceph: stderr
2026-02-18T20:32:22.648+0000 7f3980a8e640 1 -- 10.20.193.33:0/2464169409 --> [v2:10.20.193.33:3300/0,v1:10.20.193.33:6789/0] -- mon_subscribe({config=0+,monmap=0+}) -- 0x7f397c1a06f0 con 0x7f397c10b860
2026-02-18T20:32:22.831 INFO:teuthology.orchestra.run.trial033.stdout:/usr/bin/ceph: stderr
2026-02-18T20:32:22.648+0000 7f3980a8e640 1 --2- 10.20.193.33:0/2464169409 >> [v2:10.20.193.33:3300/0,v1:10.20.193.33:6789/0] conn(0x7f397c10b860 0x7f397c1a01b0 secure :-1 s=READY pgs=19 cs=0 l=1 rev1=1 crypto rx=0x7f396c037cd0 tx=0x7f396c037b90 comp rx=0 tx=0).ready entity=mon.0 client_cookie=0 server_cookie=0 in_seq=0 out_seq=0
2026-02-18T20:32:22.831 INFO:teuthology.orchestra.run.trial033.stdout:/usr/bin/ceph: stderr
2026-02-18T20:32:22.648+0000 7f3971ffb640 1 -- 10.20.193.33:0/2464169409 <== mon.0 v2:10.20.193.33:3300/0 1 ==== mon_map magic: 0 ==== 205+0+0 (secure 0 0 0) 0x7f396c045070 con 0x7f397c10b860
2026-02-18T20:32:22.832 INFO:teuthology.orchestra.run.trial033.stdout:/usr/bin/ceph: stderr
2026-02-18T20:32:22.648+0000 7f3971ffb640 1 -- 10.20.193.33:0/2464169409 <== mon.0 v2:10.20.193.33:3300/0 2 ==== config(26 keys) ==== 1045+0+0 (secure 0 0 0) 0x7f396c040450 con 0x7f397c10b860
2026-02-18T20:32:22.832 INFO:teuthology.orchestra.run.trial033.stdout:/usr/bin/ceph: stderr
2026-02-18T20:32:22.648+0000 7f3971ffb640 1 -- 10.20.193.33:0/2464169409 <== mon.0 v2:10.20.193.33:3300/0 3 ==== mon_map magic: 0 ==== 205+0+0 (secure 0 0 0) 0x7f396c03c070 con 0x7f397c10b860
2026-02-18T20:32:22.832 INFO:teuthology.orchestra.run.trial033.stdout:/usr/bin/ceph: stderr
2026-02-18T20:32:22.648+0000 7f3981a90640 1 -- 10.20.193.33:0/2464169409 --> [v2:10.20.193.33:3300/0,v1:10.20.193.33:6789/0] -- mon_subscribe({mgrmap=0+}) -- 0x7f397c1a0980 con 0x7f397c10b860
2026-02-18T20:32:22.832 INFO:teuthology.orchestra.run.trial033.stdout:/usr/bin/ceph: stderr
2026-02-18T20:32:22.648+0000 7f3981a90640 1 -- 10.20.193.33:0/2464169409 --> [v2:10.20.193.33:3300/0,v1:10.20.193.33:6789/0] -- mon_subscribe({osdmap=0}) -- 0x7f397c1a3670 con 0x7f397c10b860
2026-02-18T20:32:22.832 INFO:teuthology.orchestra.run.trial033.stdout:/usr/bin/ceph: stderr
2026-02-18T20:32:22.649+0000 7f3981a90640 1 -- 10.20.193.33:0/2464169409 --> [v2:10.20.193.33:3300/0,v1:10.20.193.33:6789/0] -- mon_command({"prefix": "get_command_descriptions"} v 0) -- 0x7f397c10bce0 con 0x7f397c10b860
2026-02-18T20:32:22.832 INFO:teuthology.orchestra.run.trial033.stdout:/usr/bin/ceph: stderr
2026-02-18T20:32:22.649+0000 7f3971ffb640 1 -- 10.20.193.33:0/2464169409 <== mon.0 v2:10.20.193.33:3300/0 4 ==== mgrmap(e 3) ==== 50130+0+0 (secure 0 0 0) 0x7f396c040920 con 0x7f397c10b860
2026-02-18T20:32:22.832 INFO:teuthology.orchestra.run.trial033.stdout:/usr/bin/ceph: stderr
2026-02-18T20:32:22.650+0000 7f3971ffb640 1 --2- 10.20.193.33:0/2464169409 >> [v2:10.20.193.33:6800/1176048719,v1:10.20.193.33:6801/1176048719] conn(0x7f395803da80 0x7f395803ff40 unknown :-1 s=NONE pgs=0 cs=0 l=1 rev1=0 crypto rx=0 tx=0 comp rx=0 tx=0).connect
2026-02-18T20:32:22.832 INFO:teuthology.orchestra.run.trial033.stdout:/usr/bin/ceph: stderr
2026-02-18T20:32:22.650+0000 7f3971ffb640 1 -- 10.20.193.33:0/2464169409 <== mon.0 v2:10.20.193.33:3300/0 5 ==== osd_map(1..1 src has 1..1) ==== 725+0+0 (secure 0 0 0) 0x7f396c076320 con 0x7f397c10b860
2026-02-18T20:32:22.832 INFO:teuthology.orchestra.run.trial033.stdout:/usr/bin/ceph: stderr
2026-02-18T20:32:22.650+0000 7f3973fff640 1 --2- 10.20.193.33:0/2464169409 >> [v2:10.20.193.33:6800/1176048719,v1:10.20.193.33:6801/1176048719] conn(0x7f395803da80 0x7f395803ff40 unknown :-1 s=BANNER_CONNECTING pgs=0 cs=0 l=1 rev1=0 crypto rx=0 tx=0 comp rx=0 tx=0)._handle_peer_banner_payload supported=3 required=0
2026-02-18T20:32:22.832 INFO:teuthology.orchestra.run.trial033.stdout:/usr/bin/ceph: stderr
2026-02-18T20:32:22.650+0000 7f3973fff640 1 --2- 10.20.193.33:0/2464169409 >> [v2:10.20.193.33:6800/1176048719,v1:10.20.193.33:6801/1176048719] conn(0x7f395803da80 0x7f395803ff40 secure :-1 s=READY pgs=7 cs=0 l=1 rev1=1 crypto rx=0x7f39640099c0 tx=0x7f3964006eb0 comp rx=0 tx=0).ready entity=mgr.14100 client_cookie=0 server_cookie=0 in_seq=0 out_seq=0
2026-02-18T20:32:22.832 INFO:teuthology.orchestra.run.trial033.stdout:/usr/bin/ceph: stderr
2026-02-18T20:32:22.652+0000 7f3971ffb640 1 -- 10.20.193.33:0/2464169409 <== mon.0 v2:10.20.193.33:3300/0 6 ==== mon_command_ack([{"prefix": "get_command_descriptions"}]=0 v0) ==== 72+0+195034 (secure 0 0 0) 0x7f396c033200 con 0x7f397c10b860
2026-02-18T20:32:22.833 INFO:teuthology.orchestra.run.trial033.stdout:/usr/bin/ceph: stderr
2026-02-18T20:32:22.744+0000 7f3981a90640 1 -- 10.20.193.33:0/2464169409 --> [v2:10.20.193.33:3300/0,v1:10.20.193.33:6789/0] -- mon_command({"prefix": "config assimilate-conf"} v 0) -- 0x7f397c1a4e90 con 0x7f397c10b860
2026-02-18T20:32:22.833 INFO:teuthology.orchestra.run.trial033.stdout:/usr/bin/ceph: stderr
2026-02-18T20:32:22.744+0000 7f3971ffb640 1 -- 10.20.193.33:0/2464169409 <== mon.0 v2:10.20.193.33:3300/0 7 ==== mon_command_ack([{"prefix": "config assimilate-conf"}]=0 v3) ==== 70+0+465 (secure 0 0 0) 0x7f396c035e20 con 0x7f397c10b860
2026-02-18T20:32:22.833 INFO:teuthology.orchestra.run.trial033.stdout:/usr/bin/ceph: stderr
2026-02-18T20:32:22.745+0000 7f3981a90640 1 -- 10.20.193.33:0/2464169409 >> [v2:10.20.193.33:6800/1176048719,v1:10.20.193.33:6801/1176048719] conn(0x7f395803da80 msgr2=0x7f395803ff40 secure :-1 s=STATE_CONNECTION_ESTABLISHED l=1).mark_down
2026-02-18T20:32:22.833 INFO:teuthology.orchestra.run.trial033.stdout:/usr/bin/ceph: stderr
2026-02-18T20:32:22.745+0000 7f3981a90640 1 --2- 10.20.193.33:0/2464169409 >> [v2:10.20.193.33:6800/1176048719,v1:10.20.193.33:6801/1176048719] conn(0x7f395803da80 0x7f395803ff40 secure :-1 s=READY pgs=7 cs=0 l=1 rev1=1 crypto rx=0x7f39640099c0 tx=0x7f3964006eb0 comp rx=0 tx=0).stop
2026-02-18T20:32:22.833 INFO:teuthology.orchestra.run.trial033.stdout:/usr/bin/ceph: stderr
2026-02-18T20:32:22.745+0000 7f3981a90640 1 -- 10.20.193.33:0/2464169409 >> [v2:10.20.193.33:3300/0,v1:10.20.193.33:6789/0] conn(0x7f397c10b860 msgr2=0x7f397c1a01b0 secure :-1 s=STATE_CONNECTION_ESTABLISHED l=1).mark_down
2026-02-18T20:32:22.833 INFO:teuthology.orchestra.run.trial033.stdout:/usr/bin/ceph: stderr
2026-02-18T20:32:22.745+0000 7f3981a90640 1 --2- 10.20.193.33:0/2464169409 >> [v2:10.20.193.33:3300/0,v1:10.20.193.33:6789/0] conn(0x7f397c10b860 0x7f397c1a01b0 secure :-1 s=READY pgs=19 cs=0 l=1 rev1=1 crypto rx=0x7f396c037cd0 tx=0x7f396c037b90 comp rx=0 tx=0).stop
2026-02-18T20:32:22.833 INFO:teuthology.orchestra.run.trial033.stdout:/usr/bin/ceph: stderr
2026-02-18T20:32:22.745+0000 7f3981a90640 1 -- 10.20.193.33:0/2464169409 shutdown_connections
2026-02-18T20:32:22.833 INFO:teuthology.orchestra.run.trial033.stdout:/usr/bin/ceph: stderr
2026-02-18T20:32:22.745+0000 7f3981a90640 1 --2- 10.20.193.33:0/2464169409 >> [v2:10.20.193.33:6800/1176048719,v1:10.20.193.33:6801/1176048719] conn(0x7f395803da80 0x7f395803ff40 unknown :-1 s=CLOSED pgs=7 cs=0 l=1 rev1=1 crypto rx=0 tx=0 comp rx=0 tx=0).stop
2026-02-18T20:32:22.833 INFO:teuthology.orchestra.run.trial033.stdout:/usr/bin/ceph: stderr
2026-02-18T20:32:22.745+0000 7f3981a90640 1 --2- 10.20.193.33:0/2464169409 >> [v2:10.20.193.33:3300/0,v1:10.20.193.33:6789/0] conn(0x7f397c10b860 0x7f397c1a01b0 unknown :-1 s=CLOSED pgs=19 cs=0 l=1 rev1=1 crypto rx=0 tx=0 comp rx=0 tx=0).stop
2026-02-18T20:32:22.833 INFO:teuthology.orchestra.run.trial033.stdout:/usr/bin/ceph: stderr
2026-02-18T20:32:22.745+0000 7f3981a90640 1 -- 10.20.193.33:0/2464169409 >> 10.20.193.33:0/2464169409 conn(0x7f397c07d8d0 msgr2=0x7f397c1086e0 unknown :-1 s=STATE_NONE l=0).mark_down
2026-02-18T20:32:22.833 INFO:teuthology.orchestra.run.trial033.stdout:/usr/bin/ceph: stderr
2026-02-18T20:32:22.745+0000 7f3981a90640 1 -- 10.20.193.33:0/2464169409 shutdown_connections
2026-02-18T20:32:22.833 INFO:teuthology.orchestra.run.trial033.stdout:/usr/bin/ceph: stderr
2026-02-18T20:32:22.745+0000 7f3981a90640 1 -- 10.20.193.33:0/2464169409 wait complete.
2026-02-18T20:32:22.834 INFO:teuthology.orchestra.run.trial033.stdout:Enabling cephadm module...
2026-02-18T20:32:23.239 INFO:teuthology.orchestra.run.trial033.stdout:/usr/bin/ceph: stderr
2026-02-18T20:32:22.985+0000 7f998e9c0640 1 Processor -- start
2026-02-18T20:32:23.239 INFO:teuthology.orchestra.run.trial033.stdout:/usr/bin/ceph: stderr
2026-02-18T20:32:22.985+0000 7f998e9c0640 1 -- start start
2026-02-18T20:32:23.239 INFO:teuthology.orchestra.run.trial033.stdout:/usr/bin/ceph: stderr
2026-02-18T20:32:22.985+0000 7f998e9c0640 1 --2- >> [v2:10.20.193.33:3300/0,v1:10.20.193.33:6789/0] conn(0x7f9988081cf0 0x7f99880820f0 unknown :-1 s=NONE pgs=0 cs=0 l=0 rev1=0 crypto rx=0 tx=0 comp rx=0 tx=0).connect
2026-02-18T20:32:23.239 INFO:teuthology.orchestra.run.trial033.stdout:/usr/bin/ceph: stderr
2026-02-18T20:32:22.986+0000 7f998e9c0640 1 -- --> [v2:10.20.193.33:3300/0,v1:10.20.193.33:6789/0] -- mon_getmap magic: 0 -- 0x7f9988082630 con 0x7f9988081cf0
2026-02-18T20:32:23.239 INFO:teuthology.orchestra.run.trial033.stdout:/usr/bin/ceph: stderr
2026-02-18T20:32:22.986+0000 7f998d9be640 1 --2- >> [v2:10.20.193.33:3300/0,v1:10.20.193.33:6789/0] conn(0x7f9988081cf0 0x7f99880820f0 unknown :-1 s=BANNER_CONNECTING pgs=0 cs=0 l=0 rev1=0 crypto rx=0 tx=0 comp rx=0 tx=0)._handle_peer_banner_payload supported=3 required=0
2026-02-18T20:32:23.239 INFO:teuthology.orchestra.run.trial033.stdout:/usr/bin/ceph: stderr
2026-02-18T20:32:22.986+0000 7f998d9be640 1 --2- >> [v2:10.20.193.33:3300/0,v1:10.20.193.33:6789/0] conn(0x7f9988081cf0 0x7f99880820f0 unknown :-1 s=HELLO_CONNECTING pgs=0 cs=0 l=0 rev1=1 crypto rx=0 tx=0 comp rx=0 tx=0).handle_hello peer v2:10.20.193.33:3300/0 says I am v2:10.20.193.33:59368/0 (socket says 10.20.193.33:59368)
2026-02-18T20:32:23.239 INFO:teuthology.orchestra.run.trial033.stdout:/usr/bin/ceph: stderr
2026-02-18T20:32:22.986+0000 7f998d9be640 1 -- 10.20.193.33:0/1476752471 learned_addr learned my addr 10.20.193.33:0/1476752471 (peer_addr_for_me v2:10.20.193.33:0/0)
2026-02-18T20:32:23.239 INFO:teuthology.orchestra.run.trial033.stdout:/usr/bin/ceph: stderr
2026-02-18T20:32:22.986+0000 7f998d9be640 1 -- 10.20.193.33:0/1476752471 --> [v2:10.20.193.33:3300/0,v1:10.20.193.33:6789/0] -- mon_subscribe({config=0+,monmap=0+}) -- 0x7f99880827b0 con 0x7f9988081cf0
2026-02-18T20:32:23.239 INFO:teuthology.orchestra.run.trial033.stdout:/usr/bin/ceph: stderr
2026-02-18T20:32:22.987+0000 7f998d9be640 1 --2- 10.20.193.33:0/1476752471 >> [v2:10.20.193.33:3300/0,v1:10.20.193.33:6789/0] conn(0x7f9988081cf0 0x7f99880820f0 secure :-1 s=READY pgs=20 cs=0 l=1 rev1=1 crypto rx=0x7f9978009920 tx=0x7f997802ef20 comp rx=0 tx=0).ready entity=mon.0 client_cookie=44b76d46b9f1f6f6 server_cookie=0 in_seq=0 out_seq=0
2026-02-18T20:32:23.239 INFO:teuthology.orchestra.run.trial033.stdout:/usr/bin/ceph: stderr
2026-02-18T20:32:22.987+0000 7f998c9bc640 1 -- 10.20.193.33:0/1476752471 <== mon.0 v2:10.20.193.33:3300/0 1 ==== mon_map magic: 0 ==== 205+0+0 (secure 0 0 0) 0x7f997803c070 con 0x7f9988081cf0
2026-02-18T20:32:23.239 INFO:teuthology.orchestra.run.trial033.stdout:/usr/bin/ceph: stderr
2026-02-18T20:32:22.987+0000 7f998c9bc640 1 -- 10.20.193.33:0/1476752471 <== mon.0 v2:10.20.193.33:3300/0 2 ==== config(26 keys) ==== 1045+0+0 (secure 0 0 0) 0x7f9978037440 con 0x7f9988081cf0
2026-02-18T20:32:23.239 INFO:teuthology.orchestra.run.trial033.stdout:/usr/bin/ceph: stderr
2026-02-18T20:32:22.987+0000 7f998c9bc640 1 -- 10.20.193.33:0/1476752471 <== mon.0 v2:10.20.193.33:3300/0 3 ==== mon_map magic: 0 ==== 205+0+0 (secure 0 0 0) 0x7f99780354b0 con 0x7f9988081cf0
2026-02-18T20:32:23.239 INFO:teuthology.orchestra.run.trial033.stdout:/usr/bin/ceph: stderr
2026-02-18T20:32:22.987+0000 7f998e9c0640 1 -- 10.20.193.33:0/1476752471 >> [v2:10.20.193.33:3300/0,v1:10.20.193.33:6789/0] conn(0x7f9988081cf0 msgr2=0x7f99880820f0 secure :-1 s=STATE_CONNECTION_ESTABLISHED l=1).mark_down
2026-02-18T20:32:23.240 INFO:teuthology.orchestra.run.trial033.stdout:/usr/bin/ceph: stderr
2026-02-18T20:32:22.987+0000 7f998e9c0640 1 --2- 10.20.193.33:0/1476752471 >> [v2:10.20.193.33:3300/0,v1:10.20.193.33:6789/0] conn(0x7f9988081cf0 0x7f99880820f0 secure :-1 s=READY pgs=20 cs=0 l=1 rev1=1 crypto rx=0x7f9978009920 tx=0x7f997802ef20 comp rx=0 tx=0).stop
2026-02-18T20:32:23.240 INFO:teuthology.orchestra.run.trial033.stdout:/usr/bin/ceph: stderr
2026-02-18T20:32:22.987+0000 7f998e9c0640 1 -- 10.20.193.33:0/1476752471 shutdown_connections
2026-02-18T20:32:23.240 INFO:teuthology.orchestra.run.trial033.stdout:/usr/bin/ceph: stderr
2026-02-18T20:32:22.987+0000 7f998e9c0640 1 --2- 10.20.193.33:0/1476752471 >> [v2:10.20.193.33:3300/0,v1:10.20.193.33:6789/0] conn(0x7f9988081cf0 0x7f99880820f0 unknown :-1 s=CLOSED pgs=20 cs=0 l=1 rev1=1 crypto rx=0 tx=0 comp rx=0 tx=0).stop
2026-02-18T20:32:23.240 INFO:teuthology.orchestra.run.trial033.stdout:/usr/bin/ceph: stderr
2026-02-18T20:32:22.987+0000 7f998e9c0640 1 -- 10.20.193.33:0/1476752471 >> 10.20.193.33:0/1476752471 conn(0x7f998807da30 msgr2=0x7f998807fe50 unknown :-1 s=STATE_NONE l=0).mark_down
2026-02-18T20:32:23.240 INFO:teuthology.orchestra.run.trial033.stdout:/usr/bin/ceph: stderr
2026-02-18T20:32:22.987+0000 7f998e9c0640 1 -- 10.20.193.33:0/1476752471 shutdown_connections
2026-02-18T20:32:23.240 INFO:teuthology.orchestra.run.trial033.stdout:/usr/bin/ceph: stderr
2026-02-18T20:32:22.988+0000 7f998e9c0640 1 -- 10.20.193.33:0/1476752471 wait complete.
2026-02-18T20:32:23.240 INFO:teuthology.orchestra.run.trial033.stdout:/usr/bin/ceph: stderr
2026-02-18T20:32:22.988+0000 7f998e9c0640 1 Processor -- start
2026-02-18T20:32:23.240 INFO:teuthology.orchestra.run.trial033.stdout:/usr/bin/ceph: stderr
2026-02-18T20:32:22.988+0000 7f998e9c0640 1 -- start start
2026-02-18T20:32:23.240 INFO:teuthology.orchestra.run.trial033.stdout:/usr/bin/ceph: stderr
2026-02-18T20:32:22.989+0000 7f998e9c0640 1 --2- >> [v2:10.20.193.33:3300/0,v1:10.20.193.33:6789/0] conn(0x7f9988081cf0 0x7f99881a46a0 unknown :-1 s=NONE pgs=0 cs=0 l=1 rev1=0 crypto rx=0 tx=0 comp rx=0 tx=0).connect
2026-02-18T20:32:23.240 INFO:teuthology.orchestra.run.trial033.stdout:/usr/bin/ceph: stderr
2026-02-18T20:32:22.989+0000 7f998e9c0640 1 -- --> [v2:10.20.193.33:3300/0,v1:10.20.193.33:6789/0] -- mon_getmap magic: 0 -- 0x7f9988112ab0 con 0x7f9988081cf0
2026-02-18T20:32:23.240 INFO:teuthology.orchestra.run.trial033.stdout:/usr/bin/ceph: stderr
2026-02-18T20:32:22.989+0000 7f998d9be640 1 --2- >> [v2:10.20.193.33:3300/0,v1:10.20.193.33:6789/0] conn(0x7f9988081cf0 0x7f99881a46a0 unknown :-1 s=BANNER_CONNECTING pgs=0 cs=0 l=1 rev1=0 crypto rx=0 tx=0 comp rx=0 tx=0)._handle_peer_banner_payload supported=3 required=0
2026-02-18T20:32:23.240 INFO:teuthology.orchestra.run.trial033.stdout:/usr/bin/ceph: stderr
2026-02-18T20:32:22.989+0000 7f998d9be640 1 --2- >> [v2:10.20.193.33:3300/0,v1:10.20.193.33:6789/0] conn(0x7f9988081cf0 0x7f99881a46a0 unknown :-1 s=HELLO_CONNECTING pgs=0 cs=0 l=1 rev1=1 crypto rx=0 tx=0 comp rx=0 tx=0).handle_hello peer v2:10.20.193.33:3300/0 says I am v2:10.20.193.33:59384/0 (socket says 10.20.193.33:59384)
2026-02-18T20:32:23.240 INFO:teuthology.orchestra.run.trial033.stdout:/usr/bin/ceph: stderr
2026-02-18T20:32:22.989+0000 7f998d9be640 1 -- 10.20.193.33:0/302915064 learned_addr learned my addr 10.20.193.33:0/302915064 (peer_addr_for_me v2:10.20.193.33:0/0)
2026-02-18T20:32:23.240 INFO:teuthology.orchestra.run.trial033.stdout:/usr/bin/ceph: stderr
2026-02-18T20:32:22.989+0000 7f998d9be640 1 -- 10.20.193.33:0/302915064 --> [v2:10.20.193.33:3300/0,v1:10.20.193.33:6789/0] -- mon_subscribe({config=0+,monmap=0+}) -- 0x7f99881a4be0 con 0x7f9988081cf0
2026-02-18T20:32:23.240 INFO:teuthology.orchestra.run.trial033.stdout:/usr/bin/ceph: stderr
2026-02-18T20:32:22.989+0000 7f998d9be640 1 --2- 10.20.193.33:0/302915064 >> [v2:10.20.193.33:3300/0,v1:10.20.193.33:6789/0] conn(0x7f9988081cf0 0x7f99881a46a0 secure :-1 s=READY pgs=21 cs=0 l=1 rev1=1 crypto rx=0x7f9978009a50 tx=0x7f9978037b90 comp rx=0 tx=0).ready entity=mon.0 client_cookie=0 server_cookie=0 in_seq=0 out_seq=0
2026-02-18T20:32:23.240 INFO:teuthology.orchestra.run.trial033.stdout:/usr/bin/ceph: stderr
2026-02-18T20:32:22.989+0000 7f9976ffd640 1 -- 10.20.193.33:0/302915064 <== mon.0 v2:10.20.193.33:3300/0 1 ==== mon_map magic: 0 ==== 205+0+0 (secure 0 0 0) 0x7f9978045070 con 0x7f9988081cf0
2026-02-18T20:32:23.240 INFO:teuthology.orchestra.run.trial033.stdout:/usr/bin/ceph: stderr
2026-02-18T20:32:22.989+0000 7f9976ffd640 1 -- 10.20.193.33:0/302915064 <== mon.0 v2:10.20.193.33:3300/0 2 ==== config(26 keys) ==== 1045+0+0 (secure 0 0 0) 0x7f9978040450 con 0x7f9988081cf0
2026-02-18T20:32:23.240 INFO:teuthology.orchestra.run.trial033.stdout:/usr/bin/ceph: stderr
2026-02-18T20:32:22.989+0000 7f9976ffd640 1 -- 10.20.193.33:0/302915064 <== mon.0 v2:10.20.193.33:3300/0 3 ==== mon_map magic: 0 ==== 205+0+0 (secure 0 0 0) 0x7f997803c070 con 0x7f9988081cf0
2026-02-18T20:32:23.240 INFO:teuthology.orchestra.run.trial033.stdout:/usr/bin/ceph: stderr
2026-02-18T20:32:22.989+0000 7f998e9c0640 1 -- 10.20.193.33:0/302915064 --> [v2:10.20.193.33:3300/0,v1:10.20.193.33:6789/0] -- mon_subscribe({mgrmap=0+}) -- 0x7f99881a4e70 con 0x7f9988081cf0
2026-02-18T20:32:23.240 INFO:teuthology.orchestra.run.trial033.stdout:/usr/bin/ceph: stderr
2026-02-18T20:32:22.990+0000 7f998e9c0640 1 -- 10.20.193.33:0/302915064 --> [v2:10.20.193.33:3300/0,v1:10.20.193.33:6789/0] -- mon_subscribe({osdmap=0}) -- 0x7f99881a7b60 con 0x7f9988081cf0
2026-02-18T20:32:23.240 INFO:teuthology.orchestra.run.trial033.stdout:/usr/bin/ceph: stderr
2026-02-18T20:32:22.990+0000 7f998e9c0640 1 -- 10.20.193.33:0/302915064 --> [v2:10.20.193.33:3300/0,v1:10.20.193.33:6789/0] -- mon_command({"prefix": "get_command_descriptions"} v 0) -- 0x7f9950005390 con 0x7f9988081cf0
2026-02-18T20:32:23.240 INFO:teuthology.orchestra.run.trial033.stdout:/usr/bin/ceph: stderr
2026-02-18T20:32:22.990+0000 7f9976ffd640 1 -- 10.20.193.33:0/302915064 <== mon.0 v2:10.20.193.33:3300/0 4 ==== mgrmap(e 3) ==== 50130+0+0 (secure 0 0 0) 0x7f9978040900 con 0x7f9988081cf0
2026-02-18T20:32:23.240 INFO:teuthology.orchestra.run.trial033.stdout:/usr/bin/ceph: stderr
2026-02-18T20:32:22.991+0000 7f9976ffd640 1 --2- 10.20.193.33:0/302915064 >> [v2:10.20.193.33:6800/1176048719,v1:10.20.193.33:6801/1176048719] conn(0x7f996403dad0 0x7f996403ff90 unknown :-1 s=NONE pgs=0 cs=0 l=1 rev1=0 crypto rx=0 tx=0 comp rx=0 tx=0).connect
2026-02-18T20:32:23.240 INFO:teuthology.orchestra.run.trial033.stdout:/usr/bin/ceph: stderr
2026-02-18T20:32:22.991+0000 7f9976ffd640 1 -- 10.20.193.33:0/302915064 <== mon.0 v2:10.20.193.33:3300/0 5 ==== osd_map(1..1 src has 1..1) ==== 725+0+0 (secure 0 0 0) 0x7f9978076420 con 0x7f9988081cf0
2026-02-18T20:32:23.240 INFO:teuthology.orchestra.run.trial033.stdout:/usr/bin/ceph: stderr
2026-02-18T20:32:22.991+0000 7f998d1bd640 1 --2- 10.20.193.33:0/302915064 >> [v2:10.20.193.33:6800/1176048719,v1:10.20.193.33:6801/1176048719] conn(0x7f996403dad0 0x7f996403ff90 unknown :-1 s=BANNER_CONNECTING pgs=0 cs=0 l=1 rev1=0 crypto rx=0 tx=0 comp rx=0 tx=0)._handle_peer_banner_payload supported=3 required=0
2026-02-18T20:32:23.240 INFO:teuthology.orchestra.run.trial033.stdout:/usr/bin/ceph: stderr
2026-02-18T20:32:22.992+0000 7f998d1bd640 1 --2- 10.20.193.33:0/302915064 >> [v2:10.20.193.33:6800/1176048719,v1:10.20.193.33:6801/1176048719] conn(0x7f996403dad0 0x7f996403ff90 secure :-1 s=READY pgs=8 cs=0 l=1 rev1=1 crypto rx=0x7f997c0099c0 tx=0x7f997c006eb0 comp rx=0 tx=0).ready entity=mgr.14100 client_cookie=0 server_cookie=0 in_seq=0 out_seq=0
2026-02-18T20:32:23.240 INFO:teuthology.orchestra.run.trial033.stdout:/usr/bin/ceph: stderr
2026-02-18T20:32:22.994+0000 7f9976ffd640 1 -- 10.20.193.33:0/302915064 <== mon.0 v2:10.20.193.33:3300/0 6 ==== mon_command_ack([{"prefix": "get_command_descriptions"}]=0 v0) ==== 72+0+195034 (secure 0 0 0) 0x7f997803fe40 con 0x7f9988081cf0
2026-02-18T20:32:23.240 INFO:teuthology.orchestra.run.trial033.stdout:/usr/bin/ceph: stderr
2026-02-18T20:32:23.107+0000 7f998e9c0640 1 -- 10.20.193.33:0/302915064 --> [v2:10.20.193.33:3300/0,v1:10.20.193.33:6789/0] -- mon_command({"prefix": "mgr module enable", "module": "cephadm"} v 0) -- 0x7f9950005680 con 0x7f9988081cf0
2026-02-18T20:32:23.240 INFO:teuthology.orchestra.run.trial033.stdout:/usr/bin/ceph: stderr
2026-02-18T20:32:23.160+0000 7f9976ffd640 1 -- 10.20.193.33:0/302915064 <== mon.0 v2:10.20.193.33:3300/0 7 ==== mon_command_ack([{"prefix": "mgr module enable", "module": "cephadm"}]=0 v4) ==== 86+0+0 (secure 0 0 0) 0x7f99780406b0 con 0x7f9988081cf0
2026-02-18T20:32:23.240 INFO:teuthology.orchestra.run.trial033.stdout:/usr/bin/ceph: stderr
2026-02-18T20:32:23.161+0000 7f9976ffd640 1 -- 10.20.193.33:0/302915064 <== mon.0 v2:10.20.193.33:3300/0 8 ==== mgrmap(e 4) ==== 50247+0+0 (secure 0 0 0) 0x7f9978035aa0 con 0x7f9988081cf0
2026-02-18T20:32:23.240 INFO:teuthology.orchestra.run.trial033.stdout:/usr/bin/ceph: stderr
2026-02-18T20:32:23.162+0000 7f998e9c0640 1 -- 10.20.193.33:0/302915064 >> [v2:10.20.193.33:6800/1176048719,v1:10.20.193.33:6801/1176048719] conn(0x7f996403dad0 msgr2=0x7f996403ff90 secure :-1 s=STATE_CONNECTION_ESTABLISHED l=1).mark_down
2026-02-18T20:32:23.240 INFO:teuthology.orchestra.run.trial033.stdout:/usr/bin/ceph: stderr
2026-02-18T20:32:23.162+0000 7f998e9c0640 1 --2- 10.20.193.33:0/302915064 >> [v2:10.20.193.33:6800/1176048719,v1:10.20.193.33:6801/1176048719] conn(0x7f996403dad0 0x7f996403ff90 secure :-1 s=READY pgs=8 cs=0 l=1 rev1=1 crypto rx=0x7f997c0099c0 tx=0x7f997c006eb0 comp rx=0 tx=0).stop
2026-02-18T20:32:23.240 INFO:teuthology.orchestra.run.trial033.stdout:/usr/bin/ceph: stderr
2026-02-18T20:32:23.162+0000 7f998e9c0640 1 -- 10.20.193.33:0/302915064 >> [v2:10.20.193.33:3300/0,v1:10.20.193.33:6789/0] conn(0x7f9988081cf0 msgr2=0x7f99881a46a0 secure :-1 s=STATE_CONNECTION_ESTABLISHED l=1).mark_down
2026-02-18T20:32:23.240 INFO:teuthology.orchestra.run.trial033.stdout:/usr/bin/ceph: stderr
2026-02-18T20:32:23.162+0000 7f998e9c0640 1 --2- 10.20.193.33:0/302915064 >> [v2:10.20.193.33:3300/0,v1:10.20.193.33:6789/0] conn(0x7f9988081cf0 0x7f99881a46a0 secure :-1 s=READY pgs=21 cs=0 l=1 rev1=1 crypto rx=0x7f9978009a50 tx=0x7f9978037b90 comp rx=0 tx=0).stop
2026-02-18T20:32:23.240 INFO:teuthology.orchestra.run.trial033.stdout:/usr/bin/ceph: stderr
2026-02-18T20:32:23.162+0000 7f998e9c0640 1 -- 10.20.193.33:0/302915064 shutdown_connections
2026-02-18T20:32:23.240 INFO:teuthology.orchestra.run.trial033.stdout:/usr/bin/ceph: stderr
2026-02-18T20:32:23.162+0000 7f998e9c0640 1 --2- 10.20.193.33:0/302915064 >> [v2:10.20.193.33:6800/1176048719,v1:10.20.193.33:6801/1176048719] conn(0x7f996403dad0 0x7f996403ff90 unknown :-1 s=CLOSED pgs=8 cs=0 l=1 rev1=1 crypto rx=0 tx=0 comp rx=0 tx=0).stop
2026-02-18T20:32:23.240 INFO:teuthology.orchestra.run.trial033.stdout:/usr/bin/ceph: stderr
2026-02-18T20:32:23.162+0000 7f998e9c0640 1 --2- 10.20.193.33:0/302915064 >> [v2:10.20.193.33:3300/0,v1:10.20.193.33:6789/0] conn(0x7f9988081cf0 0x7f99881a46a0 unknown :-1 s=CLOSED pgs=21 cs=0 l=1 rev1=1 crypto rx=0 tx=0 comp rx=0 tx=0).stop
2026-02-18T20:32:23.240 INFO:teuthology.orchestra.run.trial033.stdout:/usr/bin/ceph: stderr
2026-02-18T20:32:23.162+0000 7f998e9c0640 1 -- 10.20.193.33:0/302915064 >> 10.20.193.33:0/302915064 conn(0x7f998807da30 msgr2=0x7f998807f6b0 unknown :-1 s=STATE_NONE l=0).mark_down
2026-02-18T20:32:23.240 INFO:teuthology.orchestra.run.trial033.stdout:/usr/bin/ceph: stderr
2026-02-18T20:32:23.162+0000 7f998e9c0640 1 -- 10.20.193.33:0/302915064 shutdown_connections
2026-02-18T20:32:23.240 INFO:teuthology.orchestra.run.trial033.stdout:/usr/bin/ceph: stderr
2026-02-18T20:32:23.162+0000 7f998e9c0640 1 -- 10.20.193.33:0/302915064 wait complete.
2026-02-18T20:32:23.428 INFO:journalctl@ceph.mon.a.trial033.stdout:Feb 18 20:32:23 trial033 ceph-mon[20935]: mgrmap e3: x(active, since 1.00701s)
2026-02-18T20:32:23.428 INFO:journalctl@ceph.mon.a.trial033.stdout:Feb 18 20:32:23 trial033 ceph-mon[20935]: from='client.? 10.20.193.33:0/3139877482' entity='client.admin' cmd=[{"prefix": "status", "format": "json-pretty"}]: dispatch
2026-02-18T20:32:23.428 INFO:journalctl@ceph.mon.a.trial033.stdout:Feb 18 20:32:23 trial033 ceph-mon[20935]: from='client.? 10.20.193.33:0/2464169409' entity='client.admin' cmd=[{"prefix": "config assimilate-conf"}]: dispatch
2026-02-18T20:32:23.428 INFO:journalctl@ceph.mon.a.trial033.stdout:Feb 18 20:32:23 trial033 ceph-mon[20935]: from='client.? 10.20.193.33:0/302915064' entity='client.admin' cmd=[{"prefix": "mgr module enable", "module": "cephadm"}]: dispatch
2026-02-18T20:32:23.429 INFO:journalctl@ceph.mgr.x.trial033.stdout:Feb 18 20:32:23 trial033 ceph-ddff68b1-0d08-11f1-9560-d404e6e7d460-mgr-x[21173]: ignoring --setuser ceph since I am not root
2026-02-18T20:32:23.429 INFO:journalctl@ceph.mgr.x.trial033.stdout:Feb 18 20:32:23 trial033 ceph-ddff68b1-0d08-11f1-9560-d404e6e7d460-mgr-x[21173]: ignoring --setgroup ceph since I am not root
2026-02-18T20:32:23.633 INFO:teuthology.orchestra.run.trial033.stdout:/usr/bin/ceph: stdout {
2026-02-18T20:32:23.634 INFO:teuthology.orchestra.run.trial033.stdout:/usr/bin/ceph: stdout "epoch": 4,
2026-02-18T20:32:23.634 INFO:teuthology.orchestra.run.trial033.stdout:/usr/bin/ceph: stdout "available": true,
2026-02-18T20:32:23.634 INFO:teuthology.orchestra.run.trial033.stdout:/usr/bin/ceph: stdout "active_name": "x",
2026-02-18T20:32:23.634 INFO:teuthology.orchestra.run.trial033.stdout:/usr/bin/ceph: stdout "num_standby": 0
2026-02-18T20:32:23.634 INFO:teuthology.orchestra.run.trial033.stdout:/usr/bin/ceph: stdout }
2026-02-18T20:32:23.634 INFO:teuthology.orchestra.run.trial033.stdout:/usr/bin/ceph: stderr
2026-02-18T20:32:23.425+0000 7f4045f41640 1 Processor -- start
2026-02-18T20:32:23.634 INFO:teuthology.orchestra.run.trial033.stdout:/usr/bin/ceph: stderr
2026-02-18T20:32:23.425+0000 7f4045f41640 1 -- start start
2026-02-18T20:32:23.634 INFO:teuthology.orchestra.run.trial033.stdout:/usr/bin/ceph: stderr
2026-02-18T20:32:23.426+0000 7f4045f41640 1 --2- >> [v2:10.20.193.33:3300/0,v1:10.20.193.33:6789/0] conn(0x7f4040112c20 0x7f40400746a0 unknown :-1 s=NONE pgs=0 cs=0 l=0 rev1=0 crypto rx=0 tx=0 comp rx=0 tx=0).connect
2026-02-18T20:32:23.634 INFO:teuthology.orchestra.run.trial033.stdout:/usr/bin/ceph: stderr
2026-02-18T20:32:23.426+0000 7f4045f41640 1 -- --> [v2:10.20.193.33:3300/0,v1:10.20.193.33:6789/0] -- mon_getmap magic: 0 -- 0x7f40401130b0 con 0x7f4040112c20
2026-02-18T20:32:23.634 INFO:teuthology.orchestra.run.trial033.stdout:/usr/bin/ceph: stderr
2026-02-18T20:32:23.426+0000 7f4044f3f640 1 --2- >> [v2:10.20.193.33:3300/0,v1:10.20.193.33:6789/0] conn(0x7f4040112c20 0x7f40400746a0 unknown :-1 s=BANNER_CONNECTING pgs=0 cs=0 l=0 rev1=0 crypto rx=0 tx=0 comp rx=0 tx=0)._handle_peer_banner_payload supported=3 required=0
2026-02-18T20:32:23.635 INFO:teuthology.orchestra.run.trial033.stdout:/usr/bin/ceph: stderr
2026-02-18T20:32:23.426+0000 7f4044f3f640 1 --2- >> [v2:10.20.193.33:3300/0,v1:10.20.193.33:6789/0] conn(0x7f4040112c20 0x7f40400746a0 unknown :-1 s=HELLO_CONNECTING pgs=0 cs=0 l=0 rev1=1 crypto rx=0 tx=0 comp rx=0 tx=0).handle_hello peer v2:10.20.193.33:3300/0 says I am v2:10.20.193.33:59408/0 (socket says 10.20.193.33:59408)
2026-02-18T20:32:23.635 INFO:teuthology.orchestra.run.trial033.stdout:/usr/bin/ceph: stderr
2026-02-18T20:32:23.426+0000 7f4044f3f640 1 -- 10.20.193.33:0/684330020 learned_addr learned my addr 10.20.193.33:0/684330020 (peer_addr_for_me v2:10.20.193.33:0/0)
2026-02-18T20:32:23.635 INFO:teuthology.orchestra.run.trial033.stdout:/usr/bin/ceph: stderr
2026-02-18T20:32:23.426+0000 7f4044f3f640 1 -- 10.20.193.33:0/684330020 --> [v2:10.20.193.33:3300/0,v1:10.20.193.33:6789/0] -- mon_subscribe({config=0+,monmap=0+}) -- 0x7f4040074be0 con 0x7f4040112c20
2026-02-18T20:32:23.635 INFO:teuthology.orchestra.run.trial033.stdout:/usr/bin/ceph: stderr
2026-02-18T20:32:23.427+0000 7f4044f3f640 1 --2- 10.20.193.33:0/684330020 >> [v2:10.20.193.33:3300/0,v1:10.20.193.33:6789/0] conn(0x7f4040112c20 0x7f40400746a0 secure :-1 s=READY pgs=24 cs=0 l=1 rev1=1 crypto rx=0x7f4030009920 tx=0x7f403002ef20 comp rx=0 tx=0).ready entity=mon.0 client_cookie=1666f321a82d0676 server_cookie=0 in_seq=0 out_seq=0
2026-02-18T20:32:23.635 INFO:teuthology.orchestra.run.trial033.stdout:/usr/bin/ceph: stderr
2026-02-18T20:32:23.428+0000 7f40377fe640 1 -- 10.20.193.33:0/684330020 <== mon.0 v2:10.20.193.33:3300/0 1 ==== mon_map magic: 0 ==== 205+0+0 (secure 0 0 0) 0x7f403003c070 con 0x7f4040112c20
2026-02-18T20:32:23.635 INFO:teuthology.orchestra.run.trial033.stdout:/usr/bin/ceph: stderr
2026-02-18T20:32:23.428+0000 7f40377fe640 1 -- 10.20.193.33:0/684330020 <== mon.0 v2:10.20.193.33:3300/0 2 ==== config(26 keys) ==== 1045+0+0 (secure 0 0 0) 0x7f4030037440 con 0x7f4040112c20
2026-02-18T20:32:23.635 INFO:teuthology.orchestra.run.trial033.stdout:/usr/bin/ceph: stderr
2026-02-18T20:32:23.428+0000 7f40377fe640 1 -- 10.20.193.33:0/684330020 <== mon.0 v2:10.20.193.33:3300/0 3 ==== mon_map magic: 0 ==== 205+0+0 (secure 0 0 0) 0x7f40300354b0 con 0x7f4040112c20
2026-02-18T20:32:23.635 INFO:teuthology.orchestra.run.trial033.stdout:/usr/bin/ceph: stderr
2026-02-18T20:32:23.428+0000 7f4045f41640 1 -- 10.20.193.33:0/684330020 >> [v2:10.20.193.33:3300/0,v1:10.20.193.33:6789/0] conn(0x7f4040112c20 msgr2=0x7f40400746a0 secure :-1 s=STATE_CONNECTION_ESTABLISHED l=1).mark_down
2026-02-18T20:32:23.635 INFO:teuthology.orchestra.run.trial033.stdout:/usr/bin/ceph: stderr
2026-02-18T20:32:23.428+0000 7f4045f41640 1 --2- 10.20.193.33:0/684330020 >> [v2:10.20.193.33:3300/0,v1:10.20.193.33:6789/0] conn(0x7f4040112c20 0x7f40400746a0 secure :-1 s=READY pgs=24 cs=0 l=1 rev1=1 crypto rx=0x7f4030009920 tx=0x7f403002ef20 comp rx=0 tx=0).stop
2026-02-18T20:32:23.635 INFO:teuthology.orchestra.run.trial033.stdout:/usr/bin/ceph: stderr
2026-02-18T20:32:23.428+0000 7f4045f41640 1 -- 10.20.193.33:0/684330020 shutdown_connections
2026-02-18T20:32:23.635 INFO:teuthology.orchestra.run.trial033.stdout:/usr/bin/ceph: stderr
2026-02-18T20:32:23.428+0000 7f4045f41640 1 --2- 10.20.193.33:0/684330020 >> [v2:10.20.193.33:3300/0,v1:10.20.193.33:6789/0] conn(0x7f4040112c20 0x7f40400746a0 unknown :-1 s=CLOSED pgs=24 cs=0 l=1 rev1=1 crypto rx=0 tx=0 comp rx=0 tx=0).stop
2026-02-18T20:32:23.636 INFO:teuthology.orchestra.run.trial033.stdout:/usr/bin/ceph: stderr
2026-02-18T20:32:23.428+0000 7f4045f41640 1 -- 10.20.193.33:0/684330020 >> 10.20.193.33:0/684330020 conn(0x7f404006e5a0 msgr2=0x7f40400709c0 unknown :-1 s=STATE_NONE l=0).mark_down
2026-02-18T20:32:23.636 INFO:teuthology.orchestra.run.trial033.stdout:/usr/bin/ceph: stderr
2026-02-18T20:32:23.428+0000 7f4045f41640 1 -- 10.20.193.33:0/684330020 shutdown_connections
2026-02-18T20:32:23.636 INFO:teuthology.orchestra.run.trial033.stdout:/usr/bin/ceph: stderr
2026-02-18T20:32:23.428+0000 7f4045f41640 1 -- 10.20.193.33:0/684330020 wait complete.
2026-02-18T20:32:23.636 INFO:teuthology.orchestra.run.trial033.stdout:/usr/bin/ceph: stderr
2026-02-18T20:32:23.429+0000 7f4045f41640 1 Processor -- start
2026-02-18T20:32:23.636 INFO:teuthology.orchestra.run.trial033.stdout:/usr/bin/ceph: stderr
2026-02-18T20:32:23.429+0000 7f4045f41640 1 -- start start
2026-02-18T20:32:23.636 INFO:teuthology.orchestra.run.trial033.stdout:/usr/bin/ceph: stderr
2026-02-18T20:32:23.429+0000 7f4045f41640 1 --2- >> [v2:10.20.193.33:3300/0,v1:10.20.193.33:6789/0] conn(0x7f4040112c20 0x7f40401a8ba0 unknown :-1 s=NONE pgs=0 cs=0 l=1 rev1=0 crypto rx=0 tx=0 comp rx=0 tx=0).connect
2026-02-18T20:32:23.636 INFO:teuthology.orchestra.run.trial033.stdout:/usr/bin/ceph: stderr
2026-02-18T20:32:23.429+0000 7f4045f41640 1 -- --> [v2:10.20.193.33:3300/0,v1:10.20.193.33:6789/0] -- mon_getmap magic: 0 -- 0x7f40401117a0 con 0x7f4040112c20
2026-02-18T20:32:23.636 INFO:teuthology.orchestra.run.trial033.stdout:/usr/bin/ceph: stderr
