2026-02-18T20:47:40.270+0000 7f916affd640 1 --2- 10.20.193.5:0/1273551524 >> [v2:10.20.193.5:6800/2754050736,v1:10.20.193.5:6801/2754050736] conn(0x7f914003dad0 0x7f914003ff90 unknown :-1 s=BANNER_CONNECTING pgs=0 cs=0 l=1 rev1=0 crypto rx=0 tx=0 comp rx=0 tx=0)._handle_peer_banner_payload supported=3 required=0
2026-02-18T20:47:41.829 INFO:teuthology.orchestra.run.trial005.stdout:/usr/bin/ceph: stderr
2026-02-18T20:47:40.271+0000 7f916affd640 1 --2- 10.20.193.5:0/1273551524 >> [v2:10.20.193.5:6800/2754050736,v1:10.20.193.5:6801/2754050736] conn(0x7f914003dad0 0x7f914003ff90 secure :-1 s=READY pgs=11 cs=0 l=1 rev1=1 crypto rx=0x7f915c0099c0 tx=0x7f915c006eb0 comp rx=0 tx=0).ready entity=mgr.14118 client_cookie=0 server_cookie=0 in_seq=0 out_seq=0
2026-02-18T20:47:41.829 INFO:teuthology.orchestra.run.trial005.stdout:/usr/bin/ceph: stderr
2026-02-18T20:47:40.273+0000 7f9168ff9640 1 -- 10.20.193.5:0/1273551524 <== mon.0 v2:10.20.193.5:3300/0 6 ==== mon_command_ack([{"prefix": "get_command_descriptions"}]=0 v0) ==== 72+0+195034 (secure 0 0 0) 0x7f915803c210 con 0x7f916c10a2a0
2026-02-18T20:47:41.829 INFO:teuthology.orchestra.run.trial005.stdout:/usr/bin/ceph: stderr
2026-02-18T20:47:40.356+0000 7f9171ade640 1 -- 10.20.193.5:0/1273551524 --> [v2:10.20.193.5:6800/2754050736,v1:10.20.193.5:6801/2754050736] -- mgr_command(tid 0: {"prefix": "orch host add", "hostname": "trial005", "addr": "10.20.193.5", "target": ["mon-mgr", ""]}) -- 0x7f916c108580 con 0x7f914003dad0
2026-02-18T20:47:41.829 INFO:teuthology.orchestra.run.trial005.stdout:/usr/bin/ceph: stderr
2026-02-18T20:47:40.509+0000 7f9168ff9640 1 -- 10.20.193.5:0/1273551524 <== mon.0 v2:10.20.193.5:3300/0 7 ==== mgrmap(e 8) ==== 50247+0+0 (secure 0 0 0) 0x7f915802f9b0 con 0x7f916c10a2a0
2026-02-18T20:47:41.829 INFO:teuthology.orchestra.run.trial005.stdout:/usr/bin/ceph: stderr
2026-02-18T20:47:41.764+0000 7f9168ff9640 1 -- 10.20.193.5:0/1273551524 <== mgr.14118 v2:10.20.193.5:6800/2754050736 1 ==== mgr_command_reply(tid 0: 0 ) ==== 8+0+46 (secure 0 0 0) 0x7f916c108580 con 0x7f914003dad0
2026-02-18T20:47:41.830 INFO:teuthology.orchestra.run.trial005.stdout:/usr/bin/ceph: stderr
2026-02-18T20:47:41.766+0000 7f9171ade640 1 -- 10.20.193.5:0/1273551524 >> [v2:10.20.193.5:6800/2754050736,v1:10.20.193.5:6801/2754050736] conn(0x7f914003dad0 msgr2=0x7f914003ff90 secure :-1 s=STATE_CONNECTION_ESTABLISHED l=1).mark_down
2026-02-18T20:47:41.830 INFO:teuthology.orchestra.run.trial005.stdout:/usr/bin/ceph: stderr
2026-02-18T20:47:41.766+0000 7f9171ade640 1 --2- 10.20.193.5:0/1273551524 >> [v2:10.20.193.5:6800/2754050736,v1:10.20.193.5:6801/2754050736] conn(0x7f914003dad0 0x7f914003ff90 secure :-1 s=READY pgs=11 cs=0 l=1 rev1=1 crypto rx=0x7f915c0099c0 tx=0x7f915c006eb0 comp rx=0 tx=0).stop
2026-02-18T20:47:41.830 INFO:teuthology.orchestra.run.trial005.stdout:/usr/bin/ceph: stderr
2026-02-18T20:47:41.766+0000 7f9171ade640 1 -- 10.20.193.5:0/1273551524 >> [v2:10.20.193.5:3300/0,v1:10.20.193.5:6789/0] conn(0x7f916c10a2a0 msgr2=0x7f916c1a00c0 secure :-1 s=STATE_CONNECTION_ESTABLISHED l=1).mark_down
2026-02-18T20:47:41.830 INFO:teuthology.orchestra.run.trial005.stdout:/usr/bin/ceph: stderr
2026-02-18T20:47:41.766+0000 7f9171ade640 1 --2- 10.20.193.5:0/1273551524 >> [v2:10.20.193.5:3300/0,v1:10.20.193.5:6789/0] conn(0x7f916c10a2a0 0x7f916c1a00c0 secure :-1 s=READY pgs=44 cs=0 l=1 rev1=1 crypto rx=0x7f9158002410 tx=0x7f9158035ac0 comp rx=0 tx=0).stop
2026-02-18T20:47:41.830 INFO:teuthology.orchestra.run.trial005.stdout:/usr/bin/ceph: stderr
2026-02-18T20:47:41.766+0000 7f9171ade640 1 -- 10.20.193.5:0/1273551524 shutdown_connections
2026-02-18T20:47:41.830 INFO:teuthology.orchestra.run.trial005.stdout:/usr/bin/ceph: stderr
2026-02-18T20:47:41.766+0000 7f9171ade640 1 --2- 10.20.193.5:0/1273551524 >> [v2:10.20.193.5:6800/2754050736,v1:10.20.193.5:6801/2754050736] conn(0x7f914003dad0 0x7f914003ff90 unknown :-1 s=CLOSED pgs=11 cs=0 l=1 rev1=1 crypto rx=0 tx=0 comp rx=0 tx=0).stop
2026-02-18T20:47:41.830 INFO:teuthology.orchestra.run.trial005.stdout:/usr/bin/ceph: stderr
2026-02-18T20:47:41.766+0000 7f9171ade640 1 --2- 10.20.193.5:0/1273551524 >> [v2:10.20.193.5:3300/0,v1:10.20.193.5:6789/0] conn(0x7f916c10a2a0 0x7f916c1a00c0 unknown :-1 s=CLOSED pgs=44 cs=0 l=1 rev1=1 crypto rx=0 tx=0 comp rx=0 tx=0).stop
2026-02-18T20:47:41.830 INFO:teuthology.orchestra.run.trial005.stdout:/usr/bin/ceph: stderr
2026-02-18T20:47:41.766+0000 7f9171ade640 1 -- 10.20.193.5:0/1273551524 >> 10.20.193.5:0/1273551524 conn(0x7f916c07d890 msgr2=0x7f916c107e70 unknown :-1 s=STATE_NONE l=0).mark_down
2026-02-18T20:47:41.830 INFO:teuthology.orchestra.run.trial005.stdout:/usr/bin/ceph: stderr
2026-02-18T20:47:41.766+0000 7f9171ade640 1 -- 10.20.193.5:0/1273551524 shutdown_connections
2026-02-18T20:47:41.830 INFO:teuthology.orchestra.run.trial005.stdout:/usr/bin/ceph: stderr
2026-02-18T20:47:41.766+0000 7f9171ade640 1 -- 10.20.193.5:0/1273551524 wait complete.
2026-02-18T20:47:41.830 INFO:teuthology.orchestra.run.trial005.stdout:Deploying unmanaged mon service...
2026-02-18T20:47:42.026 INFO:journalctl@ceph.mon.a.trial005.stdout:Feb 18 20:47:41 trial005 ceph-mon[23726]: from='client.14138 -' entity='client.admin' cmd=[{"prefix": "orch host add", "hostname": "trial005", "addr": "10.20.193.5", "target": ["mon-mgr", ""]}]: dispatch
2026-02-18T20:47:42.026 INFO:journalctl@ceph.mon.a.trial005.stdout:Feb 18 20:47:41 trial005 ceph-mon[23726]: Deploying cephadm binary to trial005
2026-02-18T20:47:42.026 INFO:journalctl@ceph.mon.a.trial005.stdout:Feb 18 20:47:41 trial005 ceph-mon[23726]: from='mgr.14118 10.20.193.5:0/1462463672' entity='mgr.x'
2026-02-18T20:47:42.026 INFO:journalctl@ceph.mon.a.trial005.stdout:Feb 18 20:47:41 trial005 ceph-mon[23726]: from='mgr.14118 10.20.193.5:0/1462463672' entity='mgr.x' cmd=[{"prefix": "config dump", "format": "json"}]: dispatch
2026-02-18T20:47:42.053 INFO:teuthology.orchestra.run.trial005.stdout:/usr/bin/ceph: stdout Scheduled mon update...
2026-02-18T20:47:42.054 INFO:teuthology.orchestra.run.trial005.stdout:/usr/bin/ceph: stderr
2026-02-18T20:47:41.921+0000 7fb2b3a42640 1 Processor -- start
2026-02-18T20:47:42.054 INFO:teuthology.orchestra.run.trial005.stdout:/usr/bin/ceph: stderr
2026-02-18T20:47:41.921+0000 7fb2b3a42640 1 -- start start
2026-02-18T20:47:42.054 INFO:teuthology.orchestra.run.trial005.stdout:/usr/bin/ceph: stderr
2026-02-18T20:47:41.921+0000 7fb2b3a42640 1 --2- >> [v2:10.20.193.5:3300/0,v1:10.20.193.5:6789/0] conn(0x7fb2ac10a2c0 0x7fb2ac10a6c0 unknown :-1 s=NONE pgs=0 cs=0 l=0 rev1=0 crypto rx=0 tx=0 comp rx=0 tx=0).connect
2026-02-18T20:47:42.054 INFO:teuthology.orchestra.run.trial005.stdout:/usr/bin/ceph: stderr
2026-02-18T20:47:41.921+0000 7fb2b3a42640 1 -- --> [v2:10.20.193.5:3300/0,v1:10.20.193.5:6789/0] -- mon_getmap magic: 0 -- 0x7fb2ac10ac90 con 0x7fb2ac10a2c0
2026-02-18T20:47:42.054 INFO:teuthology.orchestra.run.trial005.stdout:/usr/bin/ceph: stderr
2026-02-18T20:47:41.922+0000 7fb2b17b7640 1 --2- >> [v2:10.20.193.5:3300/0,v1:10.20.193.5:6789/0] conn(0x7fb2ac10a2c0 0x7fb2ac10a6c0 unknown :-1 s=BANNER_CONNECTING pgs=0 cs=0 l=0 rev1=0 crypto rx=0 tx=0 comp rx=0 tx=0)._handle_peer_banner_payload supported=3 required=0
2026-02-18T20:47:42.054 INFO:teuthology.orchestra.run.trial005.stdout:/usr/bin/ceph: stderr
2026-02-18T20:47:41.922+0000 7fb2b17b7640 1 --2- >> [v2:10.20.193.5:3300/0,v1:10.20.193.5:6789/0] conn(0x7fb2ac10a2c0 0x7fb2ac10a6c0 unknown :-1 s=HELLO_CONNECTING pgs=0 cs=0 l=0 rev1=1 crypto rx=0 tx=0 comp rx=0 tx=0).handle_hello peer v2:10.20.193.5:3300/0 says I am v2:10.20.193.5:52884/0 (socket says 10.20.193.5:52884)
2026-02-18T20:47:42.054 INFO:teuthology.orchestra.run.trial005.stdout:/usr/bin/ceph: stderr
2026-02-18T20:47:41.922+0000 7fb2b17b7640 1 -- 10.20.193.5:0/2843395524 learned_addr learned my addr 10.20.193.5:0/2843395524 (peer_addr_for_me v2:10.20.193.5:0/0)
2026-02-18T20:47:42.054 INFO:teuthology.orchestra.run.trial005.stdout:/usr/bin/ceph: stderr
2026-02-18T20:47:41.922+0000 7fb2b17b7640 1 -- 10.20.193.5:0/2843395524 --> [v2:10.20.193.5:3300/0,v1:10.20.193.5:6789/0] -- mon_subscribe({config=0+,monmap=0+}) -- 0x7fb2ac10b460 con 0x7fb2ac10a2c0
2026-02-18T20:47:42.055 INFO:teuthology.orchestra.run.trial005.stdout:/usr/bin/ceph: stderr
2026-02-18T20:47:41.922+0000 7fb2b17b7640 1 --2- 10.20.193.5:0/2843395524 >> [v2:10.20.193.5:3300/0,v1:10.20.193.5:6789/0] conn(0x7fb2ac10a2c0 0x7fb2ac10a6c0 secure :-1 s=READY pgs=45 cs=0 l=1 rev1=1 crypto rx=0x7fb29c009920 tx=0x7fb29c02ef20 comp rx=0 tx=0).ready entity=mon.0 client_cookie=85de54acf79b55de server_cookie=0 in_seq=0 out_seq=0
2026-02-18T20:47:42.055 INFO:teuthology.orchestra.run.trial005.stdout:/usr/bin/ceph: stderr
2026-02-18T20:47:41.922+0000 7fb29bfff640 1 -- 10.20.193.5:0/2843395524 <== mon.0 v2:10.20.193.5:3300/0 1 ==== mon_map magic: 0 ==== 205+0+0 (secure 0 0 0) 0x7fb29c03c070 con 0x7fb2ac10a2c0
2026-02-18T20:47:42.055 INFO:teuthology.orchestra.run.trial005.stdout:/usr/bin/ceph: stderr
2026-02-18T20:47:41.922+0000 7fb29bfff640 1 -- 10.20.193.5:0/2843395524 <== mon.0 v2:10.20.193.5:3300/0 2 ==== config(25 keys) ==== 1007+0+0 (secure 0 0 0) 0x7fb29c037440 con 0x7fb2ac10a2c0
2026-02-18T20:47:42.055 INFO:teuthology.orchestra.run.trial005.stdout:/usr/bin/ceph: stderr
2026-02-18T20:47:41.922+0000 7fb29bfff640 1 -- 10.20.193.5:0/2843395524 <== mon.0 v2:10.20.193.5:3300/0 3 ==== mon_map magic: 0 ==== 205+0+0 (secure 0 0 0) 0x7fb29c0354d0 con 0x7fb2ac10a2c0
2026-02-18T20:47:42.055 INFO:teuthology.orchestra.run.trial005.stdout:/usr/bin/ceph: stderr
2026-02-18T20:47:41.922+0000 7fb2b3a42640 1 -- 10.20.193.5:0/2843395524 >> [v2:10.20.193.5:3300/0,v1:10.20.193.5:6789/0] conn(0x7fb2ac10a2c0 msgr2=0x7fb2ac10a6c0 secure :-1 s=STATE_CONNECTION_ESTABLISHED l=1).mark_down
2026-02-18T20:47:42.055 INFO:teuthology.orchestra.run.trial005.stdout:/usr/bin/ceph: stderr
2026-02-18T20:47:41.922+0000 7fb2b3a42640 1 --2- 10.20.193.5:0/2843395524 >> [v2:10.20.193.5:3300/0,v1:10.20.193.5:6789/0] conn(0x7fb2ac10a2c0 0x7fb2ac10a6c0 secure :-1 s=READY pgs=45 cs=0 l=1 rev1=1 crypto rx=0x7fb29c009920 tx=0x7fb29c02ef20 comp rx=0 tx=0).stop
2026-02-18T20:47:42.055 INFO:teuthology.orchestra.run.trial005.stdout:/usr/bin/ceph: stderr
2026-02-18T20:47:41.923+0000 7fb2b3a42640 1 -- 10.20.193.5:0/2843395524 shutdown_connections
2026-02-18T20:47:42.055 INFO:teuthology.orchestra.run.trial005.stdout:/usr/bin/ceph: stderr
2026-02-18T20:47:41.923+0000 7fb2b3a42640 1 --2- 10.20.193.5:0/2843395524 >> [v2:10.20.193.5:3300/0,v1:10.20.193.5:6789/0] conn(0x7fb2ac10a2c0 0x7fb2ac10a6c0 unknown :-1 s=CLOSED pgs=45 cs=0 l=1 rev1=1 crypto rx=0 tx=0 comp rx=0 tx=0).stop
2026-02-18T20:47:42.055 INFO:teuthology.orchestra.run.trial005.stdout:/usr/bin/ceph: stderr
2026-02-18T20:47:41.923+0000 7fb2b3a42640 1 -- 10.20.193.5:0/2843395524 >> 10.20.193.5:0/2843395524 conn(0x7fb2ac07d8c0 msgr2=0x7fb2ac108670 unknown :-1 s=STATE_NONE l=0).mark_down
2026-02-18T20:47:42.055 INFO:teuthology.orchestra.run.trial005.stdout:/usr/bin/ceph: stderr
2026-02-18T20:47:41.923+0000 7fb2b3a42640 1 -- 10.20.193.5:0/2843395524 shutdown_connections
2026-02-18T20:47:42.055 INFO:teuthology.orchestra.run.trial005.stdout:/usr/bin/ceph: stderr
2026-02-18T20:47:41.923+0000 7fb2b3a42640 1 -- 10.20.193.5:0/2843395524 wait complete.
2026-02-18T20:47:42.055 INFO:teuthology.orchestra.run.trial005.stdout:/usr/bin/ceph: stderr
2026-02-18T20:47:41.923+0000 7fb2b3a42640 1 Processor -- start
2026-02-18T20:47:42.056 INFO:teuthology.orchestra.run.trial005.stdout:/usr/bin/ceph: stderr
2026-02-18T20:47:41.923+0000 7fb2b3a42640 1 -- start start
2026-02-18T20:47:42.056 INFO:teuthology.orchestra.run.trial005.stdout:/usr/bin/ceph: stderr
2026-02-18T20:47:41.923+0000 7fb2b3a42640 1 --2- >> [v2:10.20.193.5:3300/0,v1:10.20.193.5:6789/0] conn(0x7fb2ac10a2c0 0x7fb2ac1a0130 unknown :-1 s=NONE pgs=0 cs=0 l=1 rev1=0 crypto rx=0 tx=0 comp rx=0 tx=0).connect
2026-02-18T20:47:42.056 INFO:teuthology.orchestra.run.trial005.stdout:/usr/bin/ceph: stderr
2026-02-18T20:47:41.923+0000 7fb2b3a42640 1 -- --> [v2:10.20.193.5:3300/0,v1:10.20.193.5:6789/0] -- mon_getmap magic: 0 -- 0x7fb2ac10e690 con 0x7fb2ac10a2c0
2026-02-18T20:47:42.056 INFO:teuthology.orchestra.run.trial005.stdout:/usr/bin/ceph: stderr
2026-02-18T20:47:41.923+0000 7fb2b17b7640 1 --2- >> [v2:10.20.193.5:3300/0,v1:10.20.193.5:6789/0] conn(0x7fb2ac10a2c0 0x7fb2ac1a0130 unknown :-1 s=BANNER_CONNECTING pgs=0 cs=0 l=1 rev1=0 crypto rx=0 tx=0 comp rx=0 tx=0)._handle_peer_banner_payload supported=3 required=0
2026-02-18T20:47:42.056 INFO:teuthology.orchestra.run.trial005.stdout:/usr/bin/ceph: stderr
2026-02-18T20:47:41.923+0000 7fb2b17b7640 1 --2- >> [v2:10.20.193.5:3300/0,v1:10.20.193.5:6789/0] conn(0x7fb2ac10a2c0 0x7fb2ac1a0130 unknown :-1 s=HELLO_CONNECTING pgs=0 cs=0 l=1 rev1=1 crypto rx=0 tx=0 comp rx=0 tx=0).handle_hello peer v2:10.20.193.5:3300/0 says I am v2:10.20.193.5:52888/0 (socket says 10.20.193.5:52888)
2026-02-18T20:47:42.056 INFO:teuthology.orchestra.run.trial005.stdout:/usr/bin/ceph: stderr
2026-02-18T20:47:41.923+0000 7fb2b17b7640 1 -- 10.20.193.5:0/1660261211 learned_addr learned my addr 10.20.193.5:0/1660261211 (peer_addr_for_me v2:10.20.193.5:0/0)
2026-02-18T20:47:42.056 INFO:teuthology.orchestra.run.trial005.stdout:/usr/bin/ceph: stderr
2026-02-18T20:47:41.923+0000 7fb2b17b7640 1 -- 10.20.193.5:0/1660261211 --> [v2:10.20.193.5:3300/0,v1:10.20.193.5:6789/0] -- mon_subscribe({config=0+,monmap=0+}) -- 0x7fb2ac1a0670 con 0x7fb2ac10a2c0
2026-02-18T20:47:42.056 INFO:teuthology.orchestra.run.trial005.stdout:/usr/bin/ceph: stderr
2026-02-18T20:47:41.923+0000 7fb2b17b7640 1 --2- 10.20.193.5:0/1660261211 >> [v2:10.20.193.5:3300/0,v1:10.20.193.5:6789/0] conn(0x7fb2ac10a2c0 0x7fb2ac1a0130 secure :-1 s=READY pgs=46 cs=0 l=1 rev1=1 crypto rx=0x7fb29c037cd0 tx=0x7fb29c035b10 comp rx=0 tx=0).ready entity=mon.0 client_cookie=0 server_cookie=0 in_seq=0 out_seq=0
2026-02-18T20:47:42.056 INFO:teuthology.orchestra.run.trial005.stdout:/usr/bin/ceph: stderr
2026-02-18T20:47:41.923+0000 7fb29a7fc640 1 -- 10.20.193.5:0/1660261211 <== mon.0 v2:10.20.193.5:3300/0 1 ==== mon_map magic: 0 ==== 205+0+0 (secure 0 0 0) 0x7fb29c045070 con 0x7fb2ac10a2c0
2026-02-18T20:47:42.056 INFO:teuthology.orchestra.run.trial005.stdout:/usr/bin/ceph: stderr
2026-02-18T20:47:41.924+0000 7fb29a7fc640 1 -- 10.20.193.5:0/1660261211 <== mon.0 v2:10.20.193.5:3300/0 2 ==== config(25 keys) ==== 1007+0+0 (secure 0 0 0) 0x7fb29c040450 con 0x7fb2ac10a2c0
2026-02-18T20:47:42.056 INFO:teuthology.orchestra.run.trial005.stdout:/usr/bin/ceph: stderr
2026-02-18T20:47:41.924+0000 7fb2b3a42640 1 -- 10.20.193.5:0/1660261211 --> [v2:10.20.193.5:3300/0,v1:10.20.193.5:6789/0] -- mon_subscribe({mgrmap=0+}) -- 0x7fb2ac1a0900 con 0x7fb2ac10a2c0
2026-02-18T20:47:42.056 INFO:teuthology.orchestra.run.trial005.stdout:/usr/bin/ceph: stderr
2026-02-18T20:47:41.924+0000 7fb29a7fc640 1 -- 10.20.193.5:0/1660261211 <== mon.0 v2:10.20.193.5:3300/0 3 ==== mon_map magic: 0 ==== 205+0+0 (secure 0 0 0) 0x7fb29c03c070 con 0x7fb2ac10a2c0
2026-02-18T20:47:42.057 INFO:teuthology.orchestra.run.trial005.stdout:/usr/bin/ceph: stderr
2026-02-18T20:47:41.924+0000 7fb2b3a42640 1 -- 10.20.193.5:0/1660261211 --> [v2:10.20.193.5:3300/0,v1:10.20.193.5:6789/0] -- mon_subscribe({osdmap=0}) -- 0x7fb2ac1a35f0 con 0x7fb2ac10a2c0
2026-02-18T20:47:42.057 INFO:teuthology.orchestra.run.trial005.stdout:/usr/bin/ceph: stderr
2026-02-18T20:47:41.924+0000 7fb2b3a42640 1 -- 10.20.193.5:0/1660261211 --> [v2:10.20.193.5:3300/0,v1:10.20.193.5:6789/0] -- mon_command({"prefix": "get_command_descriptions"} v 0) -- 0x7fb2ac10a740 con 0x7fb2ac10a2c0
2026-02-18T20:47:42.057 INFO:teuthology.orchestra.run.trial005.stdout:/usr/bin/ceph: stderr
2026-02-18T20:47:41.924+0000 7fb29a7fc640 1 -- 10.20.193.5:0/1660261211 <== mon.0 v2:10.20.193.5:3300/0 4 ==== mgrmap(e 8) ==== 50247+0+0 (secure 0 0 0) 0x7fb29c03e4e0 con 0x7fb2ac10a2c0
2026-02-18T20:47:42.057 INFO:teuthology.orchestra.run.trial005.stdout:/usr/bin/ceph: stderr
2026-02-18T20:47:41.924+0000 7fb29a7fc640 1 --2- 10.20.193.5:0/1660261211 >> [v2:10.20.193.5:6800/2754050736,v1:10.20.193.5:6801/2754050736] conn(0x7fb28803dbf0 0x7fb2880400b0 unknown :-1 s=NONE pgs=0 cs=0 l=1 rev1=0 crypto rx=0 tx=0 comp rx=0 tx=0).connect
2026-02-18T20:47:42.057 INFO:teuthology.orchestra.run.trial005.stdout:/usr/bin/ceph: stderr
2026-02-18T20:47:41.924+0000 7fb29a7fc640 1 -- 10.20.193.5:0/1660261211 <== mon.0 v2:10.20.193.5:3300/0 5 ==== osd_map(2..2 src has 1..2) ==== 940+0+0 (secure 0 0 0) 0x7fb29c0766b0 con 0x7fb2ac10a2c0
2026-02-18T20:47:42.057 INFO:teuthology.orchestra.run.trial005.stdout:/usr/bin/ceph: stderr
2026-02-18T20:47:41.924+0000 7fb2b0fb6640 1 --2- 10.20.193.5:0/1660261211 >> [v2:10.20.193.5:6800/2754050736,v1:10.20.193.5:6801/2754050736] conn(0x7fb28803dbf0 0x7fb2880400b0 unknown :-1 s=BANNER_CONNECTING pgs=0 cs=0 l=1 rev1=0 crypto rx=0 tx=0 comp rx=0 tx=0)._handle_peer_banner_payload supported=3 required=0
2026-02-18T20:47:42.057 INFO:teuthology.orchestra.run.trial005.stdout:/usr/bin/ceph: stderr
2026-02-18T20:47:41.925+0000 7fb2b0fb6640 1 --2- 10.20.193.5:0/1660261211 >> [v2:10.20.193.5:6800/2754050736,v1:10.20.193.5:6801/2754050736] conn(0x7fb28803dbf0 0x7fb2880400b0 secure :-1 s=READY pgs=12 cs=0 l=1 rev1=1 crypto rx=0x7fb2a00099c0 tx=0x7fb2a0006eb0 comp rx=0 tx=0).ready entity=mgr.14118 client_cookie=0 server_cookie=0 in_seq=0 out_seq=0
2026-02-18T20:47:42.057 INFO:teuthology.orchestra.run.trial005.stdout:/usr/bin/ceph: stderr
2026-02-18T20:47:41.927+0000 7fb29a7fc640 1 -- 10.20.193.5:0/1660261211 <== mon.0 v2:10.20.193.5:3300/0 6 ==== mon_command_ack([{"prefix": "get_command_descriptions"}]=0 v0) ==== 72+0+195034 (secure 0 0 0) 0x7fb29c040900 con 0x7fb2ac10a2c0
2026-02-18T20:47:42.057 INFO:teuthology.orchestra.run.trial005.stdout:/usr/bin/ceph: stderr
2026-02-18T20:47:42.016+0000 7fb2b3a42640 1 -- 10.20.193.5:0/1660261211 --> [v2:10.20.193.5:6800/2754050736,v1:10.20.193.5:6801/2754050736] -- mgr_command(tid 0: {"prefix": "orch apply", "service_type": "mon", "unmanaged": true, "target": ["mon-mgr", ""]}) -- 0x7fb2ac1085c0 con 0x7fb28803dbf0
2026-02-18T20:47:42.058 INFO:teuthology.orchestra.run.trial005.stdout:/usr/bin/ceph: stderr
2026-02-18T20:47:42.019+0000 7fb29a7fc640 1 -- 10.20.193.5:0/1660261211 <== mgr.14118 v2:10.20.193.5:6800/2754050736 1 ==== mgr_command_reply(tid 0: 0 ) ==== 8+0+24 (secure 0 0 0) 0x7fb2ac1085c0 con 0x7fb28803dbf0
2026-02-18T20:47:42.058 INFO:teuthology.orchestra.run.trial005.stdout:/usr/bin/ceph: stderr
2026-02-18T20:47:42.020+0000 7fb2b3a42640 1 -- 10.20.193.5:0/1660261211 >> [v2:10.20.193.5:6800/2754050736,v1:10.20.193.5:6801/2754050736] conn(0x7fb28803dbf0 msgr2=0x7fb2880400b0 secure :-1 s=STATE_CONNECTION_ESTABLISHED l=1).mark_down
2026-02-18T20:47:42.058 INFO:teuthology.orchestra.run.trial005.stdout:/usr/bin/ceph: stderr
2026-02-18T20:47:42.020+0000 7fb2b3a42640 1 --2- 10.20.193.5:0/1660261211 >> [v2:10.20.193.5:6800/2754050736,v1:10.20.193.5:6801/2754050736] conn(0x7fb28803dbf0 0x7fb2880400b0 secure :-1 s=READY pgs=12 cs=0 l=1 rev1=1 crypto rx=0x7fb2a00099c0 tx=0x7fb2a0006eb0 comp rx=0 tx=0).stop
2026-02-18T20:47:42.058 INFO:teuthology.orchestra.run.trial005.stdout:/usr/bin/ceph: stderr
2026-02-18T20:47:42.020+0000 7fb2b3a42640 1 -- 10.20.193.5:0/1660261211 >> [v2:10.20.193.5:3300/0,v1:10.20.193.5:6789/0] conn(0x7fb2ac10a2c0 msgr2=0x7fb2ac1a0130 secure :-1 s=STATE_CONNECTION_ESTABLISHED l=1).mark_down
2026-02-18T20:47:42.058 INFO:teuthology.orchestra.run.trial005.stdout:/usr/bin/ceph: stderr
2026-02-18T20:47:42.020+0000 7fb2b3a42640 1 --2- 10.20.193.5:0/1660261211 >> [v2:10.20.193.5:3300/0,v1:10.20.193.5:6789/0] conn(0x7fb2ac10a2c0 0x7fb2ac1a0130 secure :-1 s=READY pgs=46 cs=0 l=1 rev1=1 crypto rx=0x7fb29c037cd0 tx=0x7fb29c035b10 comp rx=0 tx=0).stop
2026-02-18T20:47:42.058 INFO:teuthology.orchestra.run.trial005.stdout:/usr/bin/ceph: stderr
2026-02-18T20:47:42.020+0000 7fb2b3a42640 1 -- 10.20.193.5:0/1660261211 shutdown_connections
2026-02-18T20:47:42.058 INFO:teuthology.orchestra.run.trial005.stdout:/usr/bin/ceph: stderr
2026-02-18T20:47:42.020+0000 7fb2b3a42640 1 --2- 10.20.193.5:0/1660261211 >> [v2:10.20.193.5:6800/2754050736,v1:10.20.193.5:6801/2754050736] conn(0x7fb28803dbf0 0x7fb2880400b0 unknown :-1 s=CLOSED pgs=12 cs=0 l=1 rev1=1 crypto rx=0 tx=0 comp rx=0 tx=0).stop
2026-02-18T20:47:42.058 INFO:teuthology.orchestra.run.trial005.stdout:/usr/bin/ceph: stderr
2026-02-18T20:47:42.020+0000 7fb2b3a42640 1 --2- 10.20.193.5:0/1660261211 >> [v2:10.20.193.5:3300/0,v1:10.20.193.5:6789/0] conn(0x7fb2ac10a2c0 0x7fb2ac1a0130 unknown :-1 s=CLOSED pgs=46 cs=0 l=1 rev1=1 crypto rx=0 tx=0 comp rx=0 tx=0).stop
2026-02-18T20:47:42.058 INFO:teuthology.orchestra.run.trial005.stdout:/usr/bin/ceph: stderr
2026-02-18T20:47:42.020+0000 7fb2b3a42640 1 -- 10.20.193.5:0/1660261211 >> 10.20.193.5:0/1660261211 conn(0x7fb2ac07d8c0 msgr2=0x7fb2ac107eb0 unknown :-1 s=STATE_NONE l=0).mark_down
2026-02-18T20:47:42.058 INFO:teuthology.orchestra.run.trial005.stdout:/usr/bin/ceph: stderr
2026-02-18T20:47:42.020+0000 7fb2b3a42640 1 -- 10.20.193.5:0/1660261211 shutdown_connections
2026-02-18T20:47:42.058 INFO:teuthology.orchestra.run.trial005.stdout:/usr/bin/ceph: stderr
2026-02-18T20:47:42.020+0000 7fb2b3a42640 1 -- 10.20.193.5:0/1660261211 wait complete.
2026-02-18T20:47:42.059 INFO:teuthology.orchestra.run.trial005.stdout:Deploying unmanaged mgr service...
2026-02-18T20:47:42.268 INFO:teuthology.orchestra.run.trial005.stdout:/usr/bin/ceph: stdout Scheduled mgr update...
2026-02-18T20:47:42.268 INFO:teuthology.orchestra.run.trial005.stdout:/usr/bin/ceph: stderr
2026-02-18T20:47:42.134+0000 7f365f693640 1 Processor -- start
2026-02-18T20:47:42.268 INFO:teuthology.orchestra.run.trial005.stdout:/usr/bin/ceph: stderr
2026-02-18T20:47:42.134+0000 7f365f693640 1 -- start start
2026-02-18T20:47:42.268 INFO:teuthology.orchestra.run.trial005.stdout:/usr/bin/ceph: stderr
2026-02-18T20:47:42.134+0000 7f365f693640 1 --2- >> [v2:10.20.193.5:3300/0,v1:10.20.193.5:6789/0] conn(0x7f365810a2a0 0x7f365810a6a0 unknown :-1 s=NONE pgs=0 cs=0 l=0 rev1=0 crypto rx=0 tx=0 comp rx=0 tx=0).connect
2026-02-18T20:47:42.268 INFO:teuthology.orchestra.run.trial005.stdout:/usr/bin/ceph: stderr
2026-02-18T20:47:42.134+0000 7f365f693640 1 -- --> [v2:10.20.193.5:3300/0,v1:10.20.193.5:6789/0] -- mon_getmap magic: 0 -- 0x7f365810ac70 con 0x7f365810a2a0
2026-02-18T20:47:42.268 INFO:teuthology.orchestra.run.trial005.stdout:/usr/bin/ceph: stderr
2026-02-18T20:47:42.134+0000 7f365d408640 1 --2- >> [v2:10.20.193.5:3300/0,v1:10.20.193.5:6789/0] conn(0x7f365810a2a0 0x7f365810a6a0 unknown :-1 s=BANNER_CONNECTING pgs=0 cs=0 l=0 rev1=0 crypto rx=0 tx=0 comp rx=0 tx=0)._handle_peer_banner_payload supported=3 required=0
2026-02-18T20:47:42.269 INFO:teuthology.orchestra.run.trial005.stdout:/usr/bin/ceph: stderr
2026-02-18T20:47:42.134+0000 7f365d408640 1 --2- >> [v2:10.20.193.5:3300/0,v1:10.20.193.5:6789/0] conn(0x7f365810a2a0 0x7f365810a6a0 unknown :-1 s=HELLO_CONNECTING pgs=0 cs=0 l=0 rev1=1 crypto rx=0 tx=0 comp rx=0 tx=0).handle_hello peer v2:10.20.193.5:3300/0 says I am v2:10.20.193.5:52904/0 (socket says 10.20.193.5:52904)
2026-02-18T20:47:42.269 INFO:teuthology.orchestra.run.trial005.stdout:/usr/bin/ceph: stderr
2026-02-18T20:47:42.134+0000 7f365d408640 1 -- 10.20.193.5:0/573630263 learned_addr learned my addr 10.20.193.5:0/573630263 (peer_addr_for_me v2:10.20.193.5:0/0)
2026-02-18T20:47:42.269 INFO:teuthology.orchestra.run.trial005.stdout:/usr/bin/ceph: stderr
2026-02-18T20:47:42.134+0000 7f365d408640 1 -- 10.20.193.5:0/573630263 --> [v2:10.20.193.5:3300/0,v1:10.20.193.5:6789/0] -- mon_subscribe({config=0+,monmap=0+}) -- 0x7f365810b450 con 0x7f365810a2a0
2026-02-18T20:47:42.269 INFO:teuthology.orchestra.run.trial005.stdout:/usr/bin/ceph: stderr
2026-02-18T20:47:42.134+0000 7f365d408640 1 --2- 10.20.193.5:0/573630263 >> [v2:10.20.193.5:3300/0,v1:10.20.193.5:6789/0] conn(0x7f365810a2a0 0x7f365810a6a0 secure :-1 s=READY pgs=47 cs=0 l=1 rev1=1 crypto rx=0x7f3648009920 tx=0x7f364802ef20 comp rx=0 tx=0).ready entity=mon.0 client_cookie=be04b4f5d5f90136 server_cookie=0 in_seq=0 out_seq=0
2026-02-18T20:47:42.269 INFO:teuthology.orchestra.run.trial005.stdout:/usr/bin/ceph: stderr
2026-02-18T20:47:42.135+0000 7f3647fff640 1 -- 10.20.193.5:0/573630263 <== mon.0 v2:10.20.193.5:3300/0 1 ==== mon_map magic: 0 ==== 205+0+0 (secure 0 0 0) 0x7f364803c070 con 0x7f365810a2a0
2026-02-18T20:47:42.269 INFO:teuthology.orchestra.run.trial005.stdout:/usr/bin/ceph: stderr
2026-02-18T20:47:42.135+0000 7f3647fff640 1 -- 10.20.193.5:0/573630263 <== mon.0 v2:10.20.193.5:3300/0 2 ==== config(25 keys) ==== 1007+0+0 (secure 0 0 0) 0x7f3648037440 con 0x7f365810a2a0
2026-02-18T20:47:42.269 INFO:teuthology.orchestra.run.trial005.stdout:/usr/bin/ceph: stderr
2026-02-18T20:47:42.135+0000 7f3647fff640 1 -- 10.20.193.5:0/573630263 <== mon.0 v2:10.20.193.5:3300/0 3 ==== mon_map magic: 0 ==== 205+0+0 (secure 0 0 0) 0x7f36480354d0 con 0x7f365810a2a0
2026-02-18T20:47:42.269 INFO:teuthology.orchestra.run.trial005.stdout:/usr/bin/ceph: stderr
2026-02-18T20:47:42.135+0000 7f365f693640 1 -- 10.20.193.5:0/573630263 >> [v2:10.20.193.5:3300/0,v1:10.20.193.5:6789/0] conn(0x7f365810a2a0 msgr2=0x7f365810a6a0 secure :-1 s=STATE_CONNECTION_ESTABLISHED l=1).mark_down
2026-02-18T20:47:42.269 INFO:teuthology.orchestra.run.trial005.stdout:/usr/bin/ceph: stderr
2026-02-18T20:47:42.135+0000 7f365f693640 1 --2- 10.20.193.5:0/573630263 >> [v2:10.20.193.5:3300/0,v1:10.20.193.5:6789/0] conn(0x7f365810a2a0 0x7f365810a6a0 secure :-1 s=READY pgs=47 cs=0 l=1 rev1=1 crypto rx=0x7f3648009920 tx=0x7f364802ef20 comp rx=0 tx=0).stop
2026-02-18T20:47:42.269 INFO:teuthology.orchestra.run.trial005.stdout:/usr/bin/ceph: stderr
2026-02-18T20:47:42.135+0000 7f365f693640 1 -- 10.20.193.5:0/573630263 shutdown_connections
2026-02-18T20:47:42.269 INFO:teuthology.orchestra.run.trial005.stdout:/usr/bin/ceph: stderr
2026-02-18T20:47:42.135+0000 7f365f693640 1 --2- 10.20.193.5:0/573630263 >> [v2:10.20.193.5:3300/0,v1:10.20.193.5:6789/0] conn(0x7f365810a2a0 0x7f365810a6a0 unknown :-1 s=CLOSED pgs=47 cs=0 l=1 rev1=1 crypto rx=0 tx=0 comp rx=0 tx=0).stop
2026-02-18T20:47:42.270 INFO:teuthology.orchestra.run.trial005.stdout:/usr/bin/ceph: stderr
2026-02-18T20:47:42.135+0000 7f365f693640 1 -- 10.20.193.5:0/573630263 >> 10.20.193.5:0/573630263 conn(0x7f365807d890 msgr2=0x7f3658108670 unknown :-1 s=STATE_NONE l=0).mark_down
2026-02-18T20:47:42.270 INFO:teuthology.orchestra.run.trial005.stdout:/usr/bin/ceph: stderr
2026-02-18T20:47:42.135+0000 7f365f693640 1 -- 10.20.193.5:0/573630263 shutdown_connections
2026-02-18T20:47:42.270 INFO:teuthology.orchestra.run.trial005.stdout:/usr/bin/ceph: stderr
2026-02-18T20:47:42.135+0000 7f365f693640 1 -- 10.20.193.5:0/573630263 wait complete.
2026-02-18T20:47:42.270 INFO:teuthology.orchestra.run.trial005.stdout:/usr/bin/ceph: stderr
2026-02-18T20:47:42.135+0000 7f365f693640 1 Processor -- start
2026-02-18T20:47:42.270 INFO:teuthology.orchestra.run.trial005.stdout:/usr/bin/ceph: stderr
2026-02-18T20:47:42.135+0000 7f365f693640 1 -- start start
2026-02-18T20:47:42.270 INFO:teuthology.orchestra.run.trial005.stdout:/usr/bin/ceph: stderr
2026-02-18T20:47:42.135+0000 7f365f693640 1 --2- >> [v2:10.20.193.5:3300/0,v1:10.20.193.5:6789/0] conn(0x7f365810a2a0 0x7f36581a00d0 unknown :-1 s=NONE pgs=0 cs=0 l=1 rev1=0 crypto rx=0 tx=0 comp rx=0 tx=0).connect
2026-02-18T20:47:42.270 INFO:teuthology.orchestra.run.trial005.stdout:/usr/bin/ceph: stderr
2026-02-18T20:47:42.135+0000 7f365f693640 1 -- --> [v2:10.20.193.5:3300/0,v1:10.20.193.5:6789/0] -- mon_getmap magic: 0 -- 0x7f365810e680 con 0x7f365810a2a0
2026-02-18T20:47:42.270 INFO:teuthology.orchestra.run.trial005.stdout:/usr/bin/ceph: stderr
2026-02-18T20:47:42.136+0000 7f365d408640 1 --2- >> [v2:10.20.193.5:3300/0,v1:10.20.193.5:6789/0] conn(0x7f365810a2a0 0x7f36581a00d0 unknown :-1 s=BANNER_CONNECTING pgs=0 cs=0 l=1 rev1=0 crypto rx=0 tx=0 comp rx=0 tx=0)._handle_peer_banner_payload supported=3 required=0
2026-02-18T20:47:42.270 INFO:teuthology.orchestra.run.trial005.stdout:/usr/bin/ceph: stderr
2026-02-18T20:47:42.136+0000 7f365d408640 1 --2- >> [v2:10.20.193.5:3300/0,v1:10.20.193.5:6789/0] conn(0x7f365810a2a0 0x7f36581a00d0 unknown :-1 s=HELLO_CONNECTING pgs=0 cs=0 l=1 rev1=1 crypto rx=0 tx=0 comp rx=0 tx=0).handle_hello peer v2:10.20.193.5:3300/0 says I am v2:10.20.193.5:52912/0 (socket says 10.20.193.5:52912)
2026-02-18T20:47:42.270 INFO:teuthology.orchestra.run.trial005.stdout:/usr/bin/ceph: stderr
2026-02-18T20:47:42.136+0000 7f365d408640 1 -- 10.20.193.5:0/1969049319 learned_addr learned my addr 10.20.193.5:0/1969049319 (peer_addr_for_me v2:10.20.193.5:0/0)
2026-02-18T20:47:42.270 INFO:teuthology.orchestra.run.trial005.stdout:/usr/bin/ceph: stderr
2026-02-18T20:47:42.136+0000 7f365d408640 1 -- 10.20.193.5:0/1969049319 --> [v2:10.20.193.5:3300/0,v1:10.20.193.5:6789/0] -- mon_subscribe({config=0+,monmap=0+}) -- 0x7f36581a0610 con 0x7f365810a2a0
2026-02-18T20:47:42.271 INFO:teuthology.orchestra.run.trial005.stdout:/usr/bin/ceph: stderr
2026-02-18T20:47:42.136+0000 7f365d408640 1 --2- 10.20.193.5:0/1969049319 >> [v2:10.20.193.5:3300/0,v1:10.20.193.5:6789/0] conn(0x7f365810a2a0 0x7f36581a00d0 secure :-1 s=READY pgs=48 cs=0 l=1 rev1=1 crypto rx=0x7f3648035e10 tx=0x7f3648035e40 comp rx=0 tx=0).ready entity=mon.0 client_cookie=0 server_cookie=0 in_seq=0 out_seq=0
2026-02-18T20:47:42.271 INFO:teuthology.orchestra.run.trial005.stdout:/usr/bin/ceph: stderr
2026-02-18T20:47:42.136+0000 7f36467fc640 1 -- 10.20.193.5:0/1969049319 <== mon.0 v2:10.20.193.5:3300/0 1 ==== mon_map magic: 0 ==== 205+0+0 (secure 0 0 0) 0x7f3648045070 con 0x7f365810a2a0
2026-02-18T20:47:42.271 INFO:teuthology.orchestra.run.trial005.stdout:/usr/bin/ceph: stderr
2026-02-18T20:47:42.136+0000 7f36467fc640 1 -- 10.20.193.5:0/1969049319 <== mon.0 v2:10.20.193.5:3300/0 2 ==== config(25 keys) ==== 1007+0+0 (secure 0 0 0) 0x7f3648040450 con 0x7f365810a2a0
2026-02-18T20:47:42.271 INFO:teuthology.orchestra.run.trial005.stdout:/usr/bin/ceph: stderr
2026-02-18T20:47:42.136+0000 7f365f693640 1 -- 10.20.193.5:0/1969049319 --> [v2:10.20.193.5:3300/0,v1:10.20.193.5:6789/0] -- mon_subscribe({mgrmap=0+}) -- 0x7f36581a08a0 con 0x7f365810a2a0
2026-02-18T20:47:42.271 INFO:teuthology.orchestra.run.trial005.stdout:/usr/bin/ceph: stderr
2026-02-18T20:47:42.136+0000 7f36467fc640 1 -- 10.20.193.5:0/1969049319 <== mon.0 v2:10.20.193.5:3300/0 3 ==== mon_map magic: 0 ==== 205+0+0 (secure 0 0 0) 0x7f364803c070 con 0x7f365810a2a0
2026-02-18T20:47:42.271 INFO:teuthology.orchestra.run.trial005.stdout:/usr/bin/ceph: stderr
2026-02-18T20:47:42.136+0000 7f365f693640 1 -- 10.20.193.5:0/1969049319 --> [v2:10.20.193.5:3300/0,v1:10.20.193.5:6789/0] -- mon_subscribe({osdmap=0}) -- 0x7f36581a3590 con 0x7f365810a2a0
2026-02-18T20:47:42.271 INFO:teuthology.orchestra.run.trial005.stdout:/usr/bin/ceph: stderr
2026-02-18T20:47:42.136+0000 7f365f693640 1 -- 10.20.193.5:0/1969049319 --> [v2:10.20.193.5:3300/0,v1:10.20.193.5:6789/0] -- mon_command({"prefix": "get_command_descriptions"} v 0) -- 0x7f365810a720 con 0x7f365810a2a0
2026-02-18T20:47:42.271 INFO:teuthology.orchestra.run.trial005.stdout:/usr/bin/ceph: stderr
2026-02-18T20:47:42.136+0000 7f36467fc640 1 -- 10.20.193.5:0/1969049319 <== mon.0 v2:10.20.193.5:3300/0 4 ==== mgrmap(e 8) ==== 50247+0+0 (secure 0 0 0) 0x7f3648040600 con 0x7f365810a2a0
2026-02-18T20:47:42.271 INFO:teuthology.orchestra.run.trial005.stdout:/usr/bin/ceph: stderr
2026-02-18T20:47:42.137+0000 7f36467fc640 1 --2- 10.20.193.5:0/1969049319 >> [v2:10.20.193.5:6800/2754050736,v1:10.20.193.5:6801/2754050736] conn(0x7f363403dbf0 0x7f36340400b0 unknown :-1 s=NONE pgs=0 cs=0 l=1 rev1=0 crypto rx=0 tx=0 comp rx=0 tx=0).connect
2026-02-18T20:47:42.271 INFO:teuthology.orchestra.run.trial005.stdout:/usr/bin/ceph: stderr
2026-02-18T20:47:42.137+0000 7f36467fc640 1 -- 10.20.193.5:0/1969049319 <== mon.0 v2:10.20.193.5:3300/0 5 ==== osd_map(2..2 src has 1..2) ==== 940+0+0 (secure 0 0 0) 0x7f3648076810 con 0x7f365810a2a0
2026-02-18T20:47:42.271 INFO:teuthology.orchestra.run.trial005.stdout:/usr/bin/ceph: stderr
2026-02-18T20:47:42.137+0000 7f365cc07640 1 --2- 10.20.193.5:0/1969049319 >> [v2:10.20.193.5:6800/2754050736,v1:10.20.193.5:6801/2754050736] conn(0x7f363403dbf0 0x7f36340400b0 unknown :-1 s=BANNER_CONNECTING pgs=0 cs=0 l=1 rev1=0 crypto rx=0 tx=0 comp rx=0 tx=0)._handle_peer_banner_payload supported=3 required=0
2026-02-18T20:47:42.271 INFO:teuthology.orchestra.run.trial005.stdout:/usr/bin/ceph: stderr
2026-02-18T20:47:42.137+0000 7f365cc07640 1 --2- 10.20.193.5:0/1969049319 >> [v2:10.20.193.5:6800/2754050736,v1:10.20.193.5:6801/2754050736] conn(0x7f363403dbf0 0x7f36340400b0 secure :-1 s=READY pgs=13 cs=0 l=1 rev1=1 crypto rx=0x7f364c0099c0 tx=0x7f364c006eb0 comp rx=0 tx=0).ready entity=mgr.14118 client_cookie=0 server_cookie=0 in_seq=0 out_seq=0
2026-02-18T20:47:42.272 INFO:teuthology.orchestra.run.trial005.stdout:/usr/bin/ceph: stderr
2026-02-18T20:47:42.139+0000 7f36467fc640 1 -- 10.20.193.5:0/1969049319 <== mon.0 v2:10.20.193.5:3300/0 6 ==== mon_command_ack([{"prefix": "get_command_descriptions"}]=0 v0) ==== 72+0+195034 (secure 0 0 0) 0x7f3648048360 con 0x7f365810a2a0
2026-02-18T20:47:42.272 INFO:teuthology.orchestra.run.trial005.stdout:/usr/bin/ceph: stderr
2026-02-18T20:47:42.230+0000 7f365f693640 1 -- 10.20.193.5:0/1969049319 --> [v2:10.20.193.5:6800/2754050736,v1:10.20.193.5:6801/2754050736] -- mgr_command(tid 0: {"prefix": "orch apply", "service_type": "mgr", "unmanaged": true, "target": ["mon-mgr", ""]}) -- 0x7f3658108590 con 0x7f363403dbf0
2026-02-18T20:47:42.272 INFO:teuthology.orchestra.run.trial005.stdout:/usr/bin/ceph: stderr
2026-02-18T20:47:42.233+0000 7f36467fc640 1 -- 10.20.193.5:0/1969049319 <== mgr.14118 v2:10.20.193.5:6800/2754050736 1 ==== mgr_command_reply(tid 0: 0 ) ==== 8+0+24 (secure 0 0 0) 0x7f3658108590 con 0x7f363403dbf0
2026-02-18T20:47:42.272 INFO:teuthology.orchestra.run.trial005.stdout:/usr/bin/ceph: stderr
2026-02-18T20:47:42.234+0000 7f365f693640 1 -- 10.20.193.5:0/1969049319 >> [v2:10.20.193.5:6800/2754050736,v1:10.20.193.5:6801/2754050736] conn(0x7f363403dbf0 msgr2=0x7f36340400b0 secure :-1 s=STATE_CONNECTION_ESTABLISHED l=1).mark_down
2026-02-18T20:47:42.272 INFO:teuthology.orchestra.run.trial005.stdout:/usr/bin/ceph: stderr
2026-02-18T20:47:42.234+0000 7f365f693640 1 --2- 10.20.193.5:0/1969049319 >> [v2:10.20.193.5:6800/2754050736,v1:10.20.193.5:6801/2754050736] conn(0x7f363403dbf0 0x7f36340400b0 secure :-1 s=READY pgs=13 cs=0 l=1 rev1=1 crypto rx=0x7f364c0099c0 tx=0x7f364c006eb0 comp rx=0 tx=0).stop
2026-02-18T20:47:42.272 INFO:teuthology.orchestra.run.trial005.stdout:/usr/bin/ceph: stderr
2026-02-18T20:47:42.234+0000 7f365f693640 1 -- 10.20.193.5:0/1969049319 >> [v2:10.20.193.5:3300/0,v1:10.20.193.5:6789/0] conn(0x7f365810a2a0 msgr2=0x7f36581a00d0 secure :-1 s=STATE_CONNECTION_ESTABLISHED l=1).mark_down
2026-02-18T20:47:42.272 INFO:teuthology.orchestra.run.trial005.stdout:/usr/bin/ceph: stderr
2026-02-18T20:47:42.234+0000 7f365f693640 1 --2- 10.20.193.5:0/1969049319 >> [v2:10.20.193.5:3300/0,v1:10.20.193.5:6789/0] conn(0x7f365810a2a0 0x7f36581a00d0 secure :-1 s=READY pgs=48 cs=0 l=1 rev1=1 crypto rx=0x7f3648035e10 tx=0x7f3648035e40 comp rx=0 tx=0).stop
2026-02-18T20:47:42.272 INFO:teuthology.orchestra.run.trial005.stdout:/usr/bin/ceph: stderr
2026-02-18T20:47:42.234+0000 7f365f693640 1 -- 10.20.193.5:0/1969049319 shutdown_connections
2026-02-18T20:47:42.272 INFO:teuthology.orchestra.run.trial005.stdout:/usr/bin/ceph: stderr
2026-02-18T20:47:42.234+0000 7f365f693640 1 --2- 10.20.193.5:0/1969049319 >> [v2:10.20.193.5:6800/2754050736,v1:10.20.193.5:6801/2754050736] conn(0x7f363403dbf0 0x7f36340400b0 unknown :-1 s=CLOSED pgs=13 cs=0 l=1 rev1=1 crypto rx=0 tx=0 comp rx=0 tx=0).stop
2026-02-18T20:47:42.272 INFO:teuthology.orchestra.run.trial005.stdout:/usr/bin/ceph: stderr
2026-02-18T20:47:42.234+0000 7f365f693640 1 --2- 10.20.193.5:0/1969049319 >> [v2:10.20.193.5:3300/0,v1:10.20.193.5:6789/0] conn(0x7f365810a2a0 0x7f36581a00d0 unknown :-1 s=CLOSED pgs=48 cs=0 l=1 rev1=1 crypto rx=0 tx=0 comp rx=0 tx=0).stop
2026-02-18T20:47:42.272 INFO:teuthology.orchestra.run.trial005.stdout:/usr/bin/ceph: stderr
2026-02-18T20:47:42.234+0000 7f365f693640 1 -- 10.20.193.5:0/1969049319 >> 10.20.193.5:0/1969049319 conn(0x7f365807d890 msgr2=0x7f3658107e80 unknown :-1 s=STATE_NONE l=0).mark_down
2026-02-18T20:47:42.273 INFO:teuthology.orchestra.run.trial005.stdout:/usr/bin/ceph: stderr
2026-02-18T20:47:42.234+0000 7f365f693640 1 -- 10.20.193.5:0/1969049319 shutdown_connections
2026-02-18T20:47:42.273 INFO:teuthology.orchestra.run.trial005.stdout:/usr/bin/ceph: stderr
2026-02-18T20:47:42.234+0000 7f365f693640 1 -- 10.20.193.5:0/1969049319 wait complete.
2026-02-18T20:47:42.485 INFO:teuthology.orchestra.run.trial005.stdout:/usr/bin/ceph: stderr
2026-02-18T20:47:42.359+0000 7f6a56040640 1 Processor -- start
2026-02-18T20:47:42.486 INFO:teuthology.orchestra.run.trial005.stdout:/usr/bin/ceph: stderr
2026-02-18T20:47:42.359+0000 7f6a56040640 1 -- start start
2026-02-18T20:47:42.486 INFO:teuthology.orchestra.run.trial005.stdout:/usr/bin/ceph: stderr
2026-02-18T20:47:42.359+0000 7f6a56040640 1 --2- >> [v2:10.20.193.5:3300/0,v1:10.20.193.5:6789/0] conn(0x7f6a5007de00 0x7f6a5007c300 unknown :-1 s=NONE pgs=0 cs=0 l=0 rev1=0 crypto rx=0 tx=0 comp rx=0 tx=0).connect
2026-02-18T20:47:42.486 INFO:teuthology.orchestra.run.trial005.stdout:/usr/bin/ceph: stderr
2026-02-18T20:47:42.359+0000 7f6a56040640 1 -- --> [v2:10.20.193.5:3300/0,v1:10.20.193.5:6789/0] -- mon_getmap magic: 0 -- 0x7f6a5007c840 con 0x7f6a5007de00
2026-02-18T20:47:42.486 INFO:teuthology.orchestra.run.trial005.stdout:/usr/bin/ceph: stderr
2026-02-18T20:47:42.360+0000 7f6a4f7fe640 1 --2- >> [v2:10.20.193.5:3300/0,v1:10.20.193.5:6789/0] conn(0x7f6a5007de00 0x7f6a5007c300 unknown :-1 s=BANNER_CONNECTING pgs=0 cs=0 l=0 rev1=0 crypto rx=0 tx=0 comp rx=0 tx=0)._handle_peer_banner_payload supported=3 required=0
2026-02-18T20:47:42.486 INFO:teuthology.orchestra.run.trial005.stdout:/usr/bin/ceph: stderr
2026-02-18T20:47:42.360+0000 7f6a4f7fe640 1 --2- >> [v2:10.20.193.5:3300/0,v1:10.20.193.5:6789/0] conn(0x7f6a5007de00 0x7f6a5007c300 unknown :-1 s=HELLO_CONNECTING pgs=0 cs=0 l=0 rev1=1 crypto rx=0 tx=0 comp rx=0 tx=0).handle_hello peer v2:10.20.193.5:3300/0 says I am v2:10.20.193.5:52920/0 (socket says 10.20.193.5:52920)
2026-02-18T20:47:42.486 INFO:teuthology.orchestra.run.trial005.stdout:/usr/bin/ceph: stderr
2026-02-18T20:47:42.360+0000 7f6a4f7fe640 1 -- 10.20.193.5:0/1800315201 learned_addr learned my addr 10.20.193.5:0/1800315201 (peer_addr_for_me v2:10.20.193.5:0/0)
2026-02-18T20:47:42.486 INFO:teuthology.orchestra.run.trial005.stdout:/usr/bin/ceph: stderr
2026-02-18T20:47:42.360+0000 7f6a4f7fe640 1 -- 10.20.193.5:0/1800315201 --> [v2:10.20.193.5:3300/0,v1:10.20.193.5:6789/0] -- mon_subscribe({config=0+,monmap=0+}) -- 0x7f6a5007c9c0 con 0x7f6a5007de00
2026-02-18T20:47:42.486 INFO:teuthology.orchestra.run.trial005.stdout:/usr/bin/ceph: stderr
2026-02-18T20:47:42.360+0000 7f6a4f7fe640 1 --2- 10.20.193.5:0/1800315201 >> [v2:10.20.193.5:3300/0,v1:10.20.193.5:6789/0] conn(0x7f6a5007de00 0x7f6a5007c300 secure :-1 s=READY pgs=49 cs=0 l=1 rev1=1 crypto rx=0x7f6a3c009920 tx=0x7f6a3c02ef20 comp rx=0 tx=0).ready entity=mon.0 client_cookie=3f6127fc098c88cd server_cookie=0 in_seq=0 out_seq=0
2026-02-18T20:47:42.486 INFO:teuthology.orchestra.run.trial005.stdout:/usr/bin/ceph: stderr
2026-02-18T20:47:42.360+0000 7f6a4e7fc640 1 -- 10.20.193.5:0/1800315201 <== mon.0 v2:10.20.193.5:3300/0 1 ==== mon_map magic: 0 ==== 205+0+0 (secure 0 0 0) 0x7f6a3c03c070 con 0x7f6a5007de00
2026-02-18T20:47:42.487 INFO:teuthology.orchestra.run.trial005.stdout:/usr/bin/ceph: stderr
2026-02-18T20:47:42.360+0000 7f6a4e7fc640 1 -- 10.20.193.5:0/1800315201 <== mon.0 v2:10.20.193.5:3300/0 2 ==== config(25 keys) ==== 1038+0+0 (secure 0 0 0) 0x7f6a3c037440 con 0x7f6a5007de00
2026-02-18T20:47:42.487 INFO:teuthology.orchestra.run.trial005.stdout:/usr/bin/ceph: stderr
2026-02-18T20:47:42.360+0000 7f6a4e7fc640 1 -- 10.20.193.5:0/1800315201 <== mon.0 v2:10.20.193.5:3300/0 3 ==== mon_map magic: 0 ==== 205+0+0 (secure 0 0 0) 0x7f6a3c0354d0 con 0x7f6a5007de00
2026-02-18T20:47:42.487 INFO:teuthology.orchestra.run.trial005.stdout:/usr/bin/ceph: stderr
2026-02-18T20:47:42.361+0000 7f6a56040640 1 -- 10.20.193.5:0/1800315201 >> [v2:10.20.193.5:3300/0,v1:10.20.193.5:6789/0] conn(0x7f6a5007de00 msgr2=0x7f6a5007c300 secure :-1 s=STATE_CONNECTION_ESTABLISHED l=1).mark_down
2026-02-18T20:47:42.487 INFO:teuthology.orchestra.run.trial005.stdout:/usr/bin/ceph: stderr
2026-02-18T20:47:42.361+0000 7f6a56040640 1 --2- 10.20.193.5:0/1800315201 >> [v2:10.20.193.5:3300/0,v1:10.20.193.5:6789/0] conn(0x7f6a5007de00 0x7f6a5007c300 secure :-1 s=READY pgs=49 cs=0 l=1 rev1=1 crypto rx=0x7f6a3c009920 tx=0x7f6a3c02ef20 comp rx=0 tx=0).stop
2026-02-18T20:47:42.487 INFO:teuthology.orchestra.run.trial005.stdout:/usr/bin/ceph: stderr
2026-02-18T20:47:42.361+0000 7f6a56040640 1 -- 10.20.193.5:0/1800315201 shutdown_connections
2026-02-18T20:47:42.487 INFO:teuthology.orchestra.run.trial005.stdout:/usr/bin/ceph: stderr
2026-02-18T20:47:42.361+0000 7f6a56040640 1 --2- 10.20.193.5:0/1800315201 >> [v2:10.20.193.5:3300/0,v1:10.20.193.5:6789/0] conn(0x7f6a5007de00 0x7f6a5007c300 unknown :-1 s=CLOSED pgs=49 cs=0 l=1 rev1=1 crypto rx=0 tx=0 comp rx=0 tx=0).stop
2026-02-18T20:47:42.487 INFO:teuthology.orchestra.run.trial005.stdout:/usr/bin/ceph: stderr
2026-02-18T20:47:42.361+0000 7f6a56040640 1 -- 10.20.193.5:0/1800315201 >> 10.20.193.5:0/1800315201 conn(0x7f6a501037f0 msgr2=0x7f6a50105c30 unknown :-1 s=STATE_NONE l=0).mark_down
2026-02-18T20:47:42.487 INFO:teuthology.orchestra.run.trial005.stdout:/usr/bin/ceph: stderr
2026-02-18T20:47:42.361+0000 7f6a56040640 1 -- 10.20.193.5:0/1800315201 shutdown_connections
2026-02-18T20:47:42.487 INFO:teuthology.orchestra.run.trial005.stdout:/usr/bin/ceph: stderr
2026-02-18T20:47:42.361+0000 7f6a56040640 1 -- 10.20.193.5:0/1800315201 wait complete.
2026-02-18T20:47:42.487 INFO:teuthology.orchestra.run.trial005.stdout:/usr/bin/ceph: stderr
2026-02-18T20:47:42.361+0000 7f6a56040640 1 Processor -- start
2026-02-18T20:47:42.487 INFO:teuthology.orchestra.run.trial005.stdout:/usr/bin/ceph: stderr
2026-02-18T20:47:42.361+0000 7f6a56040640 1 -- start start
2026-02-18T20:47:42.487 INFO:teuthology.orchestra.run.trial005.stdout:/usr/bin/ceph: stderr
2026-02-18T20:47:42.361+0000 7f6a56040640 1 --2- >> [v2:10.20.193.5:3300/0,v1:10.20.193.5:6789/0] conn(0x7f6a5007de00 0x7f6a501a0090 unknown :-1 s=NONE pgs=0 cs=0 l=1 rev1=0 crypto rx=0 tx=0 comp rx=0 tx=0).connect
2026-02-18T20:47:42.488 INFO:teuthology.orchestra.run.trial005.stdout:/usr/bin/ceph: stderr
2026-02-18T20:47:42.361+0000 7f6a56040640 1 -- --> [v2:10.20.193.5:3300/0,v1:10.20.193.5:6789/0] -- mon_getmap magic: 0 -- 0x7f6a5010e5a0 con 0x7f6a5007de00
2026-02-18T20:47:42.488 INFO:teuthology.orchestra.run.trial005.stdout:/usr/bin/ceph: stderr
2026-02-18T20:47:42.361+0000 7f6a4f7fe640 1 --2- >> [v2:10.20.193.5:3300/0,v1:10.20.193.5:6789/0] conn(0x7f6a5007de00 0x7f6a501a0090 unknown :-1 s=BANNER_CONNECTING pgs=0 cs=0 l=1 rev1=0 crypto rx=0 tx=0 comp rx=0 tx=0)._handle_peer_banner_payload supported=3 required=0
2026-02-18T20:47:42.488 INFO:teuthology.orchestra.run.trial005.stdout:/usr/bin/ceph: stderr
2026-02-18T20:47:42.361+0000 7f6a4f7fe640 1 --2- >> [v2:10.20.193.5:3300/0,v1:10.20.193.5:6789/0] conn(0x7f6a5007de00 0x7f6a501a0090 unknown :-1 s=HELLO_CONNECTING pgs=0 cs=0 l=1 rev1=1 crypto rx=0 tx=0 comp rx=0 tx=0).handle_hello peer v2:10.20.193.5:3300/0 says I am v2:10.20.193.5:52922/0 (socket says 10.20.193.5:52922)
2026-02-18T20:47:42.488 INFO:teuthology.orchestra.run.trial005.stdout:/usr/bin/ceph: stderr
2026-02-18T20:47:42.361+0000 7f6a4f7fe640 1 -- 10.20.193.5:0/4135509113 learned_addr learned my addr 10.20.193.5:0/4135509113 (peer_addr_for_me v2:10.20.193.5:0/0)
2026-02-18T20:47:42.488 INFO:teuthology.orchestra.run.trial005.stdout:/usr/bin/ceph: stderr
2026-02-18T20:47:42.361+0000 7f6a4f7fe640 1 -- 10.20.193.5:0/4135509113 --> [v2:10.20.193.5:3300/0,v1:10.20.193.5:6789/0] -- mon_subscribe({config=0+,monmap=0+}) -- 0x7f6a501a05d0 con 0x7f6a5007de00
2026-02-18T20:47:42.488 INFO:teuthology.orchestra.run.trial005.stdout:/usr/bin/ceph: stderr
2026-02-18T20:47:42.361+0000 7f6a4f7fe640 1 --2- 10.20.193.5:0/4135509113 >> [v2:10.20.193.5:3300/0,v1:10.20.193.5:6789/0] conn(0x7f6a5007de00 0x7f6a501a0090 secure :-1 s=READY pgs=50 cs=0 l=1 rev1=1 crypto rx=0x7f6a3c037820 tx=0x7f6a3c037850 comp rx=0 tx=0).ready entity=mon.0 client_cookie=0 server_cookie=0 in_seq=0 out_seq=0
2026-02-18T20:47:42.488 INFO:teuthology.orchestra.run.trial005.stdout:/usr/bin/ceph: stderr
2026-02-18T20:47:42.361+0000 7f6a4cff9640 1 -- 10.20.193.5:0/4135509113 <== mon.0 v2:10.20.193.5:3300/0 1 ==== mon_map magic: 0 ==== 205+0+0 (secure 0 0 0) 0x7f6a3c047070 con 0x7f6a5007de00
2026-02-18T20:47:42.488 INFO:teuthology.orchestra.run.trial005.stdout:/usr/bin/ceph: stderr
2026-02-18T20:47:42.361+0000 7f6a56040640 1 -- 10.20.193.5:0/4135509113 --> [v2:10.20.193.5:3300/0,v1:10.20.193.5:6789/0] -- mon_subscribe({mgrmap=0+}) -- 0x7f6a501a0860 con 0x7f6a5007de00
2026-02-18T20:47:42.488 INFO:teuthology.orchestra.run.trial005.stdout:/usr/bin/ceph: stderr
2026-02-18T20:47:42.361+0000 7f6a4cff9640 1 -- 10.20.193.5:0/4135509113 <== mon.0 v2:10.20.193.5:3300/0 2 ==== config(25 keys) ==== 1038+0+0 (secure 0 0 0) 0x7f6a3c035e50 con 0x7f6a5007de00
2026-02-18T20:47:42.488 INFO:teuthology.orchestra.run.trial005.stdout:/usr/bin/ceph: stderr
2026-02-18T20:47:42.361+0000 7f6a4cff9640 1 -- 10.20.193.5:0/4135509113 <== mon.0 v2:10.20.193.5:3300/0 3 ==== mon_map magic: 0 ==== 205+0+0 (secure 0 0 0) 0x7f6a3c03c070 con 0x7f6a5007de00
2026-02-18T20:47:42.488 INFO:teuthology.orchestra.run.trial005.stdout:/usr/bin/ceph: stderr
2026-02-18T20:47:42.361+0000 7f6a56040640 1 -- 10.20.193.5:0/4135509113 --> [v2:10.20.193.5:3300/0,v1:10.20.193.5:6789/0] -- mon_subscribe({osdmap=0}) -- 0x7f6a501a3550 con 0x7f6a5007de00
2026-02-18T20:47:42.489 INFO:teuthology.orchestra.run.trial005.stdout:/usr/bin/ceph: stderr
2026-02-18T20:47:42.362+0000 7f6a56040640 1 -- 10.20.193.5:0/4135509113 --> [v2:10.20.193.5:3300/0,v1:10.20.193.5:6789/0] -- mon_command({"prefix": "get_command_descriptions"} v 0) -- 0x7f6a5007c380 con 0x7f6a5007de00
2026-02-18T20:47:42.489 INFO:teuthology.orchestra.run.trial005.stdout:/usr/bin/ceph: stderr
2026-02-18T20:47:42.362+0000 7f6a4cff9640 1 -- 10.20.193.5:0/4135509113 <== mon.0 v2:10.20.193.5:3300/0 4 ==== mgrmap(e 8) ==== 50247+0+0 (secure 0 0 0) 0x7f6a3c0425d0 con 0x7f6a5007de00
2026-02-18T20:47:42.489 INFO:teuthology.orchestra.run.trial005.stdout:/usr/bin/ceph: stderr
2026-02-18T20:47:42.362+0000 7f6a4cff9640 1 --2- 10.20.193.5:0/4135509113 >> [v2:10.20.193.5:6800/2754050736,v1:10.20.193.5:6801/2754050736] conn(0x7f6a2403dba0 0x7f6a24040060 unknown :-1 s=NONE pgs=0 cs=0 l=1 rev1=0 crypto rx=0 tx=0 comp rx=0 tx=0).connect
2026-02-18T20:47:42.489 INFO:teuthology.orchestra.run.trial005.stdout:/usr/bin/ceph: stderr
2026-02-18T20:47:42.362+0000 7f6a4cff9640 1 -- 10.20.193.5:0/4135509113 <== mon.0 v2:10.20.193.5:3300/0 5 ==== osd_map(2..2 src has 1..2) ==== 940+0+0 (secure 0 0 0) 0x7f6a3c076950 con 0x7f6a5007de00
2026-02-18T20:47:42.489 INFO:teuthology.orchestra.run.trial005.stdout:/usr/bin/ceph: stderr
2026-02-18T20:47:42.362+0000 7f6a4effd640 1 --2- 10.20.193.5:0/4135509113 >> [v2:10.20.193.5:6800/2754050736,v1:10.20.193.5:6801/2754050736] conn(0x7f6a2403dba0 0x7f6a24040060 unknown :-1 s=BANNER_CONNECTING pgs=0 cs=0 l=1 rev1=0 crypto rx=0 tx=0 comp rx=0 tx=0)._handle_peer_banner_payload supported=3 required=0
2026-02-18T20:47:42.489 INFO:teuthology.orchestra.run.trial005.stdout:/usr/bin/ceph: stderr
2026-02-18T20:47:42.363+0000 7f6a4effd640 1 --2- 10.20.193.5:0/4135509113 >> [v2:10.20.193.5:6800/2754050736,v1:10.20.193.5:6801/2754050736] conn(0x7f6a2403dba0 0x7f6a24040060 secure :-1 s=READY pgs=14 cs=0 l=1 rev1=1 crypto rx=0x7f6a400099c0 tx=0x7f6a40006eb0 comp rx=0 tx=0).ready entity=mgr.14118 client_cookie=0 server_cookie=0 in_seq=0 out_seq=0
2026-02-18T20:47:42.489 INFO:teuthology.orchestra.run.trial005.stdout:/usr/bin/ceph: stderr
2026-02-18T20:47:42.365+0000 7f6a4cff9640 1 -- 10.20.193.5:0/4135509113 <== mon.0 v2:10.20.193.5:3300/0 6 ==== mon_command_ack([{"prefix": "get_command_descriptions"}]=0 v0) ==== 72+0+195034 (secure 0 0 0) 0x7f6a3c04a360 con 0x7f6a5007de00
2026-02-18T20:47:42.489 INFO:teuthology.orchestra.run.trial005.stdout:/usr/bin/ceph: stderr
2026-02-18T20:47:42.448+0000 7f6a56040640 1 -- 10.20.193.5:0/4135509113 --> [v2:10.20.193.5:3300/0,v1:10.20.193.5:6789/0] -- mon_command([{prefix=config set, name=mgr/cephadm/container_init}] v 0) -- 0x7f6a501a3bf0 con 0x7f6a5007de00
2026-02-18T20:47:42.489 INFO:teuthology.orchestra.run.trial005.stdout:/usr/bin/ceph: stderr
2026-02-18T20:47:42.450+0000 7f6a4cff9640 1 -- 10.20.193.5:0/4135509113 <== mon.0 v2:10.20.193.5:3300/0 7 ==== mon_command_ack([{prefix=config set, name=mgr/cephadm/container_init}]=0 v7)=0 v7) ==== 142+0+0 (secure 0 0 0) 0x7f6a3c04f120 con 0x7f6a5007de00
2026-02-18T20:47:42.489 INFO:teuthology.orchestra.run.trial005.stdout:/usr/bin/ceph: stderr
2026-02-18T20:47:42.452+0000 7f6a56040640 1 -- 10.20.193.5:0/4135509113 >> [v2:10.20.193.5:6800/2754050736,v1:10.20.193.5:6801/2754050736] conn(0x7f6a2403dba0 msgr2=0x7f6a24040060 secure :-1 s=STATE_CONNECTION_ESTABLISHED l=1).mark_down
2026-02-18T20:47:42.489 INFO:teuthology.orchestra.run.trial005.stdout:/usr/bin/ceph: stderr
2026-02-18T20:47:42.452+0000 7f6a56040640 1 --2- 10.20.193.5:0/4135509113 >> [v2:10.20.193.5:6800/2754050736,v1:10.20.193.5:6801/2754050736] conn(0x7f6a2403dba0 0x7f6a24040060 secure :-1 s=READY pgs=14 cs=0 l=1 rev1=1 crypto rx=0x7f6a400099c0 tx=0x7f6a40006eb0 comp rx=0 tx=0).stop
2026-02-18T20:47:42.490 INFO:teuthology.orchestra.run.trial005.stdout:/usr/bin/ceph: stderr
