2026-02-18T20:47:34.432 INFO:teuthology.orchestra.run.trial005.stdout:/usr/bin/ceph: stderr
2026-02-18T20:47:34.304+0000 7f39360b2640 1 -- 10.20.193.5:0/2104315241 --> [v2:10.20.193.5:3300/0,v1:10.20.193.5:6789/0] -- mon_command({"prefix": "get_command_descriptions"} v 0) -- 0x7f393010f4d0 con 0x7f393010f070
2026-02-18T20:47:34.432 INFO:teuthology.orchestra.run.trial005.stdout:/usr/bin/ceph: stderr
2026-02-18T20:47:34.304+0000 7f392cff9640 1 --2- 10.20.193.5:0/2104315241 >> [v2:10.20.193.5:6800/2351921889,v1:10.20.193.5:6801/2351921889] conn(0x7f390803dba0 0x7f3908040060 unknown :-1 s=NONE pgs=0 cs=0 l=1 rev1=0 crypto rx=0 tx=0 comp rx=0 tx=0).connect
2026-02-18T20:47:34.432 INFO:teuthology.orchestra.run.trial005.stdout:/usr/bin/ceph: stderr
2026-02-18T20:47:34.304+0000 7f392cff9640 1 -- 10.20.193.5:0/2104315241 <== mon.0 v2:10.20.193.5:3300/0 5 ==== osd_map(1..1 src has 1..1) ==== 725+0+0 (secure 0 0 0) 0x7f391c076850 con 0x7f393010f070
2026-02-18T20:47:34.432 INFO:teuthology.orchestra.run.trial005.stdout:/usr/bin/ceph: stderr
2026-02-18T20:47:34.304+0000 7f392effd640 1 --2- 10.20.193.5:0/2104315241 >> [v2:10.20.193.5:6800/2351921889,v1:10.20.193.5:6801/2351921889] conn(0x7f390803dba0 0x7f3908040060 unknown :-1 s=BANNER_CONNECTING pgs=0 cs=0 l=1 rev1=0 crypto rx=0 tx=0 comp rx=0 tx=0)._handle_peer_banner_payload supported=3 required=0
2026-02-18T20:47:34.433 INFO:teuthology.orchestra.run.trial005.stdout:/usr/bin/ceph: stderr
2026-02-18T20:47:34.304+0000 7f392effd640 1 --2- 10.20.193.5:0/2104315241 >> [v2:10.20.193.5:6800/2351921889,v1:10.20.193.5:6801/2351921889] conn(0x7f390803dba0 0x7f3908040060 secure :-1 s=READY pgs=7 cs=0 l=1 rev1=1 crypto rx=0x7f39140099c0 tx=0x7f3914006eb0 comp rx=0 tx=0).ready entity=mgr.14100 client_cookie=0 server_cookie=0 in_seq=0 out_seq=0
2026-02-18T20:47:34.433 INFO:teuthology.orchestra.run.trial005.stdout:/usr/bin/ceph: stderr
2026-02-18T20:47:34.307+0000 7f392cff9640 1 -- 10.20.193.5:0/2104315241 <== mon.0 v2:10.20.193.5:3300/0 6 ==== mon_command_ack([{"prefix": "get_command_descriptions"}]=0 v0) ==== 72+0+195034 (secure 0 0 0) 0x7f391c048360 con 0x7f393010f070
2026-02-18T20:47:34.433 INFO:teuthology.orchestra.run.trial005.stdout:/usr/bin/ceph: stderr
2026-02-18T20:47:34.391+0000 7f39360b2640 1 -- 10.20.193.5:0/2104315241 --> [v2:10.20.193.5:3300/0,v1:10.20.193.5:6789/0] -- mon_command({"prefix": "config assimilate-conf"} v 0) -- 0x7f39301a9420 con 0x7f393010f070
2026-02-18T20:47:34.433 INFO:teuthology.orchestra.run.trial005.stdout:/usr/bin/ceph: stderr
2026-02-18T20:47:34.391+0000 7f392cff9640 1 -- 10.20.193.5:0/2104315241 <== mon.0 v2:10.20.193.5:3300/0 7 ==== mon_command_ack([{"prefix": "config assimilate-conf"}]=0 v3) ==== 70+0+463 (secure 0 0 0) 0x7f391c076270 con 0x7f393010f070
2026-02-18T20:47:34.433 INFO:teuthology.orchestra.run.trial005.stdout:/usr/bin/ceph: stderr
2026-02-18T20:47:34.392+0000 7f39360b2640 1 -- 10.20.193.5:0/2104315241 >> [v2:10.20.193.5:6800/2351921889,v1:10.20.193.5:6801/2351921889] conn(0x7f390803dba0 msgr2=0x7f3908040060 secure :-1 s=STATE_CONNECTION_ESTABLISHED l=1).mark_down
2026-02-18T20:47:34.433 INFO:teuthology.orchestra.run.trial005.stdout:/usr/bin/ceph: stderr
2026-02-18T20:47:34.392+0000 7f39360b2640 1 --2- 10.20.193.5:0/2104315241 >> [v2:10.20.193.5:6800/2351921889,v1:10.20.193.5:6801/2351921889] conn(0x7f390803dba0 0x7f3908040060 secure :-1 s=READY pgs=7 cs=0 l=1 rev1=1 crypto rx=0x7f39140099c0 tx=0x7f3914006eb0 comp rx=0 tx=0).stop
2026-02-18T20:47:34.433 INFO:teuthology.orchestra.run.trial005.stdout:/usr/bin/ceph: stderr
2026-02-18T20:47:34.392+0000 7f39360b2640 1 -- 10.20.193.5:0/2104315241 >> [v2:10.20.193.5:3300/0,v1:10.20.193.5:6789/0] conn(0x7f393010f070 msgr2=0x7f39301a4540 secure :-1 s=STATE_CONNECTION_ESTABLISHED l=1).mark_down
2026-02-18T20:47:34.433 INFO:teuthology.orchestra.run.trial005.stdout:/usr/bin/ceph: stderr
2026-02-18T20:47:34.392+0000 7f39360b2640 1 --2- 10.20.193.5:0/2104315241 >> [v2:10.20.193.5:3300/0,v1:10.20.193.5:6789/0] conn(0x7f393010f070 0x7f39301a4540 secure :-1 s=READY pgs=19 cs=0 l=1 rev1=1 crypto rx=0x7f391c035e10 tx=0x7f391c035e40 comp rx=0 tx=0).stop
2026-02-18T20:47:34.433 INFO:teuthology.orchestra.run.trial005.stdout:/usr/bin/ceph: stderr
2026-02-18T20:47:34.392+0000 7f39360b2640 1 -- 10.20.193.5:0/2104315241 shutdown_connections
2026-02-18T20:47:34.433 INFO:teuthology.orchestra.run.trial005.stdout:/usr/bin/ceph: stderr
2026-02-18T20:47:34.392+0000 7f39360b2640 1 --2- 10.20.193.5:0/2104315241 >> [v2:10.20.193.5:6800/2351921889,v1:10.20.193.5:6801/2351921889] conn(0x7f390803dba0 0x7f3908040060 unknown :-1 s=CLOSED pgs=7 cs=0 l=1 rev1=1 crypto rx=0 tx=0 comp rx=0 tx=0).stop
2026-02-18T20:47:34.433 INFO:teuthology.orchestra.run.trial005.stdout:/usr/bin/ceph: stderr
2026-02-18T20:47:34.392+0000 7f39360b2640 1 --2- 10.20.193.5:0/2104315241 >> [v2:10.20.193.5:3300/0,v1:10.20.193.5:6789/0] conn(0x7f393010f070 0x7f39301a4540 unknown :-1 s=CLOSED pgs=19 cs=0 l=1 rev1=1 crypto rx=0 tx=0 comp rx=0 tx=0).stop
2026-02-18T20:47:34.433 INFO:teuthology.orchestra.run.trial005.stdout:/usr/bin/ceph: stderr
2026-02-18T20:47:34.392+0000 7f39360b2640 1 -- 10.20.193.5:0/2104315241 >> 10.20.193.5:0/2104315241 conn(0x7f393007d8c0 msgr2=0x7f393007f4e0 unknown :-1 s=STATE_NONE l=0).mark_down
2026-02-18T20:47:34.433 INFO:teuthology.orchestra.run.trial005.stdout:/usr/bin/ceph: stderr
2026-02-18T20:47:34.392+0000 7f39360b2640 1 -- 10.20.193.5:0/2104315241 shutdown_connections
2026-02-18T20:47:34.434 INFO:teuthology.orchestra.run.trial005.stdout:/usr/bin/ceph: stderr
2026-02-18T20:47:34.392+0000 7f39360b2640 1 -- 10.20.193.5:0/2104315241 wait complete.
2026-02-18T20:47:34.434 INFO:teuthology.orchestra.run.trial005.stdout:Enabling cephadm module...
2026-02-18T20:47:34.520 INFO:journalctl@ceph.mon.a.trial005.stdout:Feb 18 20:47:34 trial005 ceph-mon[23726]: mgrmap e3: x(active, since 1.00555s)
2026-02-18T20:47:34.520 INFO:journalctl@ceph.mon.a.trial005.stdout:Feb 18 20:47:34 trial005 ceph-mon[23726]: from='client.? 10.20.193.5:0/2233157921' entity='client.admin' cmd=[{"prefix": "status", "format": "json-pretty"}]: dispatch
2026-02-18T20:47:35.303 INFO:teuthology.orchestra.run.trial005.stdout:/usr/bin/ceph: stderr
2026-02-18T20:47:34.510+0000 7f295be4c640 1 Processor -- start
2026-02-18T20:47:35.303 INFO:teuthology.orchestra.run.trial005.stdout:/usr/bin/ceph: stderr
2026-02-18T20:47:34.510+0000 7f295be4c640 1 -- start start
2026-02-18T20:47:35.303 INFO:teuthology.orchestra.run.trial005.stdout:/usr/bin/ceph: stderr
2026-02-18T20:47:34.510+0000 7f295be4c640 1 --2- >> [v2:10.20.193.5:3300/0,v1:10.20.193.5:6789/0] conn(0x7f295410a2c0 0x7f295410a6c0 unknown :-1 s=NONE pgs=0 cs=0 l=0 rev1=0 crypto rx=0 tx=0 comp rx=0 tx=0).connect
2026-02-18T20:47:35.303 INFO:teuthology.orchestra.run.trial005.stdout:/usr/bin/ceph: stderr
2026-02-18T20:47:34.510+0000 7f295be4c640 1 -- --> [v2:10.20.193.5:3300/0,v1:10.20.193.5:6789/0] -- mon_getmap magic: 0 -- 0x7f295410ac90 con 0x7f295410a2c0
2026-02-18T20:47:35.303 INFO:teuthology.orchestra.run.trial005.stdout:/usr/bin/ceph: stderr
2026-02-18T20:47:34.510+0000 7f2959bc1640 1 --2- >> [v2:10.20.193.5:3300/0,v1:10.20.193.5:6789/0] conn(0x7f295410a2c0 0x7f295410a6c0 unknown :-1 s=BANNER_CONNECTING pgs=0 cs=0 l=0 rev1=0 crypto rx=0 tx=0 comp rx=0 tx=0)._handle_peer_banner_payload supported=3 required=0
2026-02-18T20:47:35.304 INFO:teuthology.orchestra.run.trial005.stdout:/usr/bin/ceph: stderr
2026-02-18T20:47:34.510+0000 7f2959bc1640 1 --2- >> [v2:10.20.193.5:3300/0,v1:10.20.193.5:6789/0] conn(0x7f295410a2c0 0x7f295410a6c0 unknown :-1 s=HELLO_CONNECTING pgs=0 cs=0 l=0 rev1=1 crypto rx=0 tx=0 comp rx=0 tx=0).handle_hello peer v2:10.20.193.5:3300/0 says I am v2:10.20.193.5:60230/0 (socket says 10.20.193.5:60230)
2026-02-18T20:47:35.304 INFO:teuthology.orchestra.run.trial005.stdout:/usr/bin/ceph: stderr
2026-02-18T20:47:34.510+0000 7f2959bc1640 1 -- 10.20.193.5:0/936140774 learned_addr learned my addr 10.20.193.5:0/936140774 (peer_addr_for_me v2:10.20.193.5:0/0)
2026-02-18T20:47:35.304 INFO:teuthology.orchestra.run.trial005.stdout:/usr/bin/ceph: stderr
2026-02-18T20:47:34.510+0000 7f2959bc1640 1 -- 10.20.193.5:0/936140774 --> [v2:10.20.193.5:3300/0,v1:10.20.193.5:6789/0] -- mon_subscribe({config=0+,monmap=0+}) -- 0x7f295410b460 con 0x7f295410a2c0
2026-02-18T20:47:35.304 INFO:teuthology.orchestra.run.trial005.stdout:/usr/bin/ceph: stderr
2026-02-18T20:47:34.511+0000 7f2959bc1640 1 --2- 10.20.193.5:0/936140774 >> [v2:10.20.193.5:3300/0,v1:10.20.193.5:6789/0] conn(0x7f295410a2c0 0x7f295410a6c0 secure :-1 s=READY pgs=20 cs=0 l=1 rev1=1 crypto rx=0x7f2944009920 tx=0x7f294402ef20 comp rx=0 tx=0).ready entity=mon.0 client_cookie=3074b8093bea829a server_cookie=0 in_seq=0 out_seq=0
2026-02-18T20:47:35.304 INFO:teuthology.orchestra.run.trial005.stdout:/usr/bin/ceph: stderr
2026-02-18T20:47:34.511+0000 7f2958bbf640 1 -- 10.20.193.5:0/936140774 <== mon.0 v2:10.20.193.5:3300/0 1 ==== mon_map magic: 0 ==== 205+0+0 (secure 0 0 0) 0x7f294403c070 con 0x7f295410a2c0
2026-02-18T20:47:35.304 INFO:teuthology.orchestra.run.trial005.stdout:/usr/bin/ceph: stderr
2026-02-18T20:47:34.511+0000 7f2958bbf640 1 -- 10.20.193.5:0/936140774 <== mon.0 v2:10.20.193.5:3300/0 2 ==== config(25 keys) ==== 1007+0+0 (secure 0 0 0) 0x7f2944037440 con 0x7f295410a2c0
2026-02-18T20:47:35.304 INFO:teuthology.orchestra.run.trial005.stdout:/usr/bin/ceph: stderr
2026-02-18T20:47:34.511+0000 7f2958bbf640 1 -- 10.20.193.5:0/936140774 <== mon.0 v2:10.20.193.5:3300/0 3 ==== mon_map magic: 0 ==== 205+0+0 (secure 0 0 0) 0x7f29440354d0 con 0x7f295410a2c0
2026-02-18T20:47:35.304 INFO:teuthology.orchestra.run.trial005.stdout:/usr/bin/ceph: stderr
2026-02-18T20:47:34.511+0000 7f295be4c640 1 -- 10.20.193.5:0/936140774 >> [v2:10.20.193.5:3300/0,v1:10.20.193.5:6789/0] conn(0x7f295410a2c0 msgr2=0x7f295410a6c0 secure :-1 s=STATE_CONNECTION_ESTABLISHED l=1).mark_down
2026-02-18T20:47:35.304 INFO:teuthology.orchestra.run.trial005.stdout:/usr/bin/ceph: stderr
2026-02-18T20:47:34.511+0000 7f295be4c640 1 --2- 10.20.193.5:0/936140774 >> [v2:10.20.193.5:3300/0,v1:10.20.193.5:6789/0] conn(0x7f295410a2c0 0x7f295410a6c0 secure :-1 s=READY pgs=20 cs=0 l=1 rev1=1 crypto rx=0x7f2944009920 tx=0x7f294402ef20 comp rx=0 tx=0).stop
2026-02-18T20:47:35.304 INFO:teuthology.orchestra.run.trial005.stdout:/usr/bin/ceph: stderr
2026-02-18T20:47:34.511+0000 7f295be4c640 1 -- 10.20.193.5:0/936140774 shutdown_connections
2026-02-18T20:47:35.304 INFO:teuthology.orchestra.run.trial005.stdout:/usr/bin/ceph: stderr
2026-02-18T20:47:34.511+0000 7f295be4c640 1 --2- 10.20.193.5:0/936140774 >> [v2:10.20.193.5:3300/0,v1:10.20.193.5:6789/0] conn(0x7f295410a2c0 0x7f295410a6c0 unknown :-1 s=CLOSED pgs=20 cs=0 l=1 rev1=1 crypto rx=0 tx=0 comp rx=0 tx=0).stop
2026-02-18T20:47:35.305 INFO:teuthology.orchestra.run.trial005.stdout:/usr/bin/ceph: stderr
2026-02-18T20:47:34.511+0000 7f295be4c640 1 -- 10.20.193.5:0/936140774 >> 10.20.193.5:0/936140774 conn(0x7f295407d8c0 msgr2=0x7f2954108670 unknown :-1 s=STATE_NONE l=0).mark_down
2026-02-18T20:47:35.305 INFO:teuthology.orchestra.run.trial005.stdout:/usr/bin/ceph: stderr
2026-02-18T20:47:34.511+0000 7f295be4c640 1 -- 10.20.193.5:0/936140774 shutdown_connections
2026-02-18T20:47:35.305 INFO:teuthology.orchestra.run.trial005.stdout:/usr/bin/ceph: stderr
2026-02-18T20:47:34.511+0000 7f295be4c640 1 -- 10.20.193.5:0/936140774 wait complete.
2026-02-18T20:47:35.305 INFO:teuthology.orchestra.run.trial005.stdout:/usr/bin/ceph: stderr
2026-02-18T20:47:34.512+0000 7f295be4c640 1 Processor -- start
2026-02-18T20:47:35.305 INFO:teuthology.orchestra.run.trial005.stdout:/usr/bin/ceph: stderr
2026-02-18T20:47:34.512+0000 7f295be4c640 1 -- start start
2026-02-18T20:47:35.305 INFO:teuthology.orchestra.run.trial005.stdout:/usr/bin/ceph: stderr
2026-02-18T20:47:34.512+0000 7f295be4c640 1 --2- >> [v2:10.20.193.5:3300/0,v1:10.20.193.5:6789/0] conn(0x7f295410a2c0 0x7f29541a0130 unknown :-1 s=NONE pgs=0 cs=0 l=1 rev1=0 crypto rx=0 tx=0 comp rx=0 tx=0).connect
2026-02-18T20:47:35.305 INFO:teuthology.orchestra.run.trial005.stdout:/usr/bin/ceph: stderr
2026-02-18T20:47:34.512+0000 7f295be4c640 1 -- --> [v2:10.20.193.5:3300/0,v1:10.20.193.5:6789/0] -- mon_getmap magic: 0 -- 0x7f295410e690 con 0x7f295410a2c0
2026-02-18T20:47:35.305 INFO:teuthology.orchestra.run.trial005.stdout:/usr/bin/ceph: stderr
2026-02-18T20:47:34.512+0000 7f2959bc1640 1 --2- >> [v2:10.20.193.5:3300/0,v1:10.20.193.5:6789/0] conn(0x7f295410a2c0 0x7f29541a0130 unknown :-1 s=BANNER_CONNECTING pgs=0 cs=0 l=1 rev1=0 crypto rx=0 tx=0 comp rx=0 tx=0)._handle_peer_banner_payload supported=3 required=0
2026-02-18T20:47:35.305 INFO:teuthology.orchestra.run.trial005.stdout:/usr/bin/ceph: stderr
2026-02-18T20:47:34.512+0000 7f2959bc1640 1 --2- >> [v2:10.20.193.5:3300/0,v1:10.20.193.5:6789/0] conn(0x7f295410a2c0 0x7f29541a0130 unknown :-1 s=HELLO_CONNECTING pgs=0 cs=0 l=1 rev1=1 crypto rx=0 tx=0 comp rx=0 tx=0).handle_hello peer v2:10.20.193.5:3300/0 says I am v2:10.20.193.5:60236/0 (socket says 10.20.193.5:60236)
2026-02-18T20:47:35.306 INFO:teuthology.orchestra.run.trial005.stdout:/usr/bin/ceph: stderr
2026-02-18T20:47:34.512+0000 7f2959bc1640 1 -- 10.20.193.5:0/1341202004 learned_addr learned my addr 10.20.193.5:0/1341202004 (peer_addr_for_me v2:10.20.193.5:0/0)
2026-02-18T20:47:35.306 INFO:teuthology.orchestra.run.trial005.stdout:/usr/bin/ceph: stderr
2026-02-18T20:47:34.512+0000 7f2959bc1640 1 -- 10.20.193.5:0/1341202004 --> [v2:10.20.193.5:3300/0,v1:10.20.193.5:6789/0] -- mon_subscribe({config=0+,monmap=0+}) -- 0x7f29541a0670 con 0x7f295410a2c0
2026-02-18T20:47:35.306 INFO:teuthology.orchestra.run.trial005.stdout:/usr/bin/ceph: stderr
2026-02-18T20:47:34.512+0000 7f2959bc1640 1 --2- 10.20.193.5:0/1341202004 >> [v2:10.20.193.5:3300/0,v1:10.20.193.5:6789/0] conn(0x7f295410a2c0 0x7f29541a0130 secure :-1 s=READY pgs=21 cs=0 l=1 rev1=1 crypto rx=0x7f2944037cd0 tx=0x7f2944035b10 comp rx=0 tx=0).ready entity=mon.0 client_cookie=0 server_cookie=0 in_seq=0 out_seq=0
2026-02-18T20:47:35.306 INFO:teuthology.orchestra.run.trial005.stdout:/usr/bin/ceph: stderr
2026-02-18T20:47:34.512+0000 7f2942ffd640 1 -- 10.20.193.5:0/1341202004 <== mon.0 v2:10.20.193.5:3300/0 1 ==== mon_map magic: 0 ==== 205+0+0 (secure 0 0 0) 0x7f2944045070 con 0x7f295410a2c0
2026-02-18T20:47:35.306 INFO:teuthology.orchestra.run.trial005.stdout:/usr/bin/ceph: stderr
2026-02-18T20:47:34.512+0000 7f295be4c640 1 -- 10.20.193.5:0/1341202004 --> [v2:10.20.193.5:3300/0,v1:10.20.193.5:6789/0] -- mon_subscribe({mgrmap=0+}) -- 0x7f29541a0900 con 0x7f295410a2c0
2026-02-18T20:47:35.306 INFO:teuthology.orchestra.run.trial005.stdout:/usr/bin/ceph: stderr
2026-02-18T20:47:34.512+0000 7f2942ffd640 1 -- 10.20.193.5:0/1341202004 <== mon.0 v2:10.20.193.5:3300/0 2 ==== config(25 keys) ==== 1007+0+0 (secure 0 0 0) 0x7f2944040450 con 0x7f295410a2c0
2026-02-18T20:47:35.306 INFO:teuthology.orchestra.run.trial005.stdout:/usr/bin/ceph: stderr
2026-02-18T20:47:34.512+0000 7f2942ffd640 1 -- 10.20.193.5:0/1341202004 <== mon.0 v2:10.20.193.5:3300/0 3 ==== mon_map magic: 0 ==== 205+0+0 (secure 0 0 0) 0x7f294403c070 con 0x7f295410a2c0
2026-02-18T20:47:35.306 INFO:teuthology.orchestra.run.trial005.stdout:/usr/bin/ceph: stderr
2026-02-18T20:47:34.512+0000 7f295be4c640 1 -- 10.20.193.5:0/1341202004 --> [v2:10.20.193.5:3300/0,v1:10.20.193.5:6789/0] -- mon_subscribe({osdmap=0}) -- 0x7f29541a35f0 con 0x7f295410a2c0
2026-02-18T20:47:35.306 INFO:teuthology.orchestra.run.trial005.stdout:/usr/bin/ceph: stderr
2026-02-18T20:47:34.513+0000 7f295be4c640 1 -- 10.20.193.5:0/1341202004 --> [v2:10.20.193.5:3300/0,v1:10.20.193.5:6789/0] -- mon_command({"prefix": "get_command_descriptions"} v 0) -- 0x7f295410a740 con 0x7f295410a2c0
2026-02-18T20:47:35.307 INFO:teuthology.orchestra.run.trial005.stdout:/usr/bin/ceph: stderr
2026-02-18T20:47:34.513+0000 7f2942ffd640 1 -- 10.20.193.5:0/1341202004 <== mon.0 v2:10.20.193.5:3300/0 4 ==== mgrmap(e 4) ==== 50236+0+0 (secure 0 0 0) 0x7f294402fae0 con 0x7f295410a2c0
2026-02-18T20:47:35.307 INFO:teuthology.orchestra.run.trial005.stdout:/usr/bin/ceph: stderr
2026-02-18T20:47:34.513+0000 7f2942ffd640 1 --2- 10.20.193.5:0/1341202004 >> [v2:10.20.193.5:6800/2351921889,v1:10.20.193.5:6801/2351921889] conn(0x7f293003dba0 0x7f2930040060 unknown :-1 s=NONE pgs=0 cs=0 l=1 rev1=0 crypto rx=0 tx=0 comp rx=0 tx=0).connect
2026-02-18T20:47:35.307 INFO:teuthology.orchestra.run.trial005.stdout:/usr/bin/ceph: stderr
2026-02-18T20:47:34.513+0000 7f2942ffd640 1 -- 10.20.193.5:0/1341202004 <== mon.0 v2:10.20.193.5:3300/0 5 ==== osd_map(1..1 src has 1..1) ==== 725+0+0 (secure 0 0 0) 0x7f2944076640 con 0x7f295410a2c0
2026-02-18T20:47:35.307 INFO:teuthology.orchestra.run.trial005.stdout:/usr/bin/ceph: stderr
2026-02-18T20:47:34.513+0000 7f29593c0640 1 --2- 10.20.193.5:0/1341202004 >> [v2:10.20.193.5:6800/2351921889,v1:10.20.193.5:6801/2351921889] conn(0x7f293003dba0 0x7f2930040060 unknown :-1 s=BANNER_CONNECTING pgs=0 cs=0 l=1 rev1=0 crypto rx=0 tx=0 comp rx=0 tx=0)._handle_peer_banner_payload supported=3 required=0
2026-02-18T20:47:35.307 INFO:teuthology.orchestra.run.trial005.stdout:/usr/bin/ceph: stderr
2026-02-18T20:47:34.513+0000 7f29593c0640 1 --2- 10.20.193.5:0/1341202004 >> [v2:10.20.193.5:6800/2351921889,v1:10.20.193.5:6801/2351921889] conn(0x7f293003dba0 0x7f2930040060 secure :-1 s=READY pgs=8 cs=0 l=1 rev1=1 crypto rx=0x7f29480099c0 tx=0x7f2948006eb0 comp rx=0 tx=0).ready entity=mgr.14100 client_cookie=0 server_cookie=0 in_seq=0 out_seq=0
2026-02-18T20:47:35.307 INFO:teuthology.orchestra.run.trial005.stdout:/usr/bin/ceph: stderr
2026-02-18T20:47:34.516+0000 7f2942ffd640 1 -- 10.20.193.5:0/1341202004 <== mon.0 v2:10.20.193.5:3300/0 6 ==== mon_command_ack([{"prefix": "get_command_descriptions"}]=0 v0) ==== 72+0+195034 (secure 0 0 0) 0x7f2944033200 con 0x7f295410a2c0
2026-02-18T20:47:35.307 INFO:teuthology.orchestra.run.trial005.stdout:/usr/bin/ceph: stderr
2026-02-18T20:47:34.619+0000 7f295be4c640 1 -- 10.20.193.5:0/1341202004 --> [v2:10.20.193.5:3300/0,v1:10.20.193.5:6789/0] -- mon_command({"prefix": "mgr module enable", "module": "cephadm"} v 0) -- 0x7f29541a3c90 con 0x7f295410a2c0
2026-02-18T20:47:35.307 INFO:teuthology.orchestra.run.trial005.stdout:/usr/bin/ceph: stderr
2026-02-18T20:47:35.267+0000 7f2942ffd640 1 -- 10.20.193.5:0/1341202004 <== mon.0 v2:10.20.193.5:3300/0 7 ==== mon_command_ack([{"prefix": "mgr module enable", "module": "cephadm"}]=0 v5) ==== 86+0+0 (secure 0 0 0) 0x7f2944076060 con 0x7f295410a2c0
2026-02-18T20:47:35.307 INFO:teuthology.orchestra.run.trial005.stdout:/usr/bin/ceph: stderr
2026-02-18T20:47:35.268+0000 7f295be4c640 1 -- 10.20.193.5:0/1341202004 >> [v2:10.20.193.5:6800/2351921889,v1:10.20.193.5:6801/2351921889] conn(0x7f293003dba0 msgr2=0x7f2930040060 secure :-1 s=STATE_CONNECTION_ESTABLISHED l=1).mark_down
2026-02-18T20:47:35.307 INFO:teuthology.orchestra.run.trial005.stdout:/usr/bin/ceph: stderr
2026-02-18T20:47:35.268+0000 7f295be4c640 1 --2- 10.20.193.5:0/1341202004 >> [v2:10.20.193.5:6800/2351921889,v1:10.20.193.5:6801/2351921889] conn(0x7f293003dba0 0x7f2930040060 secure :-1 s=READY pgs=8 cs=0 l=1 rev1=1 crypto rx=0x7f29480099c0 tx=0x7f2948006eb0 comp rx=0 tx=0).stop
2026-02-18T20:47:35.307 INFO:teuthology.orchestra.run.trial005.stdout:/usr/bin/ceph: stderr
2026-02-18T20:47:35.268+0000 7f295be4c640 1 -- 10.20.193.5:0/1341202004 >> [v2:10.20.193.5:3300/0,v1:10.20.193.5:6789/0] conn(0x7f295410a2c0 msgr2=0x7f29541a0130 secure :-1 s=STATE_CONNECTION_ESTABLISHED l=1).mark_down
2026-02-18T20:47:35.307 INFO:teuthology.orchestra.run.trial005.stdout:/usr/bin/ceph: stderr
2026-02-18T20:47:35.268+0000 7f295be4c640 1 --2- 10.20.193.5:0/1341202004 >> [v2:10.20.193.5:3300/0,v1:10.20.193.5:6789/0] conn(0x7f295410a2c0 0x7f29541a0130 secure :-1 s=READY pgs=21 cs=0 l=1 rev1=1 crypto rx=0x7f2944037cd0 tx=0x7f2944035b10 comp rx=0 tx=0).stop
2026-02-18T20:47:35.308 INFO:teuthology.orchestra.run.trial005.stdout:/usr/bin/ceph: stderr
2026-02-18T20:47:35.268+0000 7f295be4c640 1 -- 10.20.193.5:0/1341202004 shutdown_connections
2026-02-18T20:47:35.308 INFO:teuthology.orchestra.run.trial005.stdout:/usr/bin/ceph: stderr
2026-02-18T20:47:35.268+0000 7f295be4c640 1 --2- 10.20.193.5:0/1341202004 >> [v2:10.20.193.5:6800/2351921889,v1:10.20.193.5:6801/2351921889] conn(0x7f293003dba0 0x7f2930040060 unknown :-1 s=CLOSED pgs=8 cs=0 l=1 rev1=1 crypto rx=0 tx=0 comp rx=0 tx=0).stop
2026-02-18T20:47:35.308 INFO:teuthology.orchestra.run.trial005.stdout:/usr/bin/ceph: stderr
2026-02-18T20:47:35.268+0000 7f295be4c640 1 --2- 10.20.193.5:0/1341202004 >> [v2:10.20.193.5:3300/0,v1:10.20.193.5:6789/0] conn(0x7f295410a2c0 0x7f29541a0130 unknown :-1 s=CLOSED pgs=21 cs=0 l=1 rev1=1 crypto rx=0 tx=0 comp rx=0 tx=0).stop
2026-02-18T20:47:35.308 INFO:teuthology.orchestra.run.trial005.stdout:/usr/bin/ceph: stderr
2026-02-18T20:47:35.268+0000 7f295be4c640 1 -- 10.20.193.5:0/1341202004 >> 10.20.193.5:0/1341202004 conn(0x7f295407d8c0 msgr2=0x7f2954107eb0 unknown :-1 s=STATE_NONE l=0).mark_down
2026-02-18T20:47:35.308 INFO:teuthology.orchestra.run.trial005.stdout:/usr/bin/ceph: stderr
2026-02-18T20:47:35.268+0000 7f295be4c640 1 -- 10.20.193.5:0/1341202004 shutdown_connections
2026-02-18T20:47:35.308 INFO:teuthology.orchestra.run.trial005.stdout:/usr/bin/ceph: stderr
2026-02-18T20:47:35.268+0000 7f295be4c640 1 -- 10.20.193.5:0/1341202004 wait complete.
2026-02-18T20:47:35.524 INFO:journalctl@ceph.mon.a.trial005.stdout:Feb 18 20:47:35 trial005 ceph-mon[23726]: mgrmap e4: x(active, since 2s)
2026-02-18T20:47:35.525 INFO:journalctl@ceph.mon.a.trial005.stdout:Feb 18 20:47:35 trial005 ceph-mon[23726]: from='client.? 10.20.193.5:0/2104315241' entity='client.admin' cmd=[{"prefix": "config assimilate-conf"}]: dispatch
2026-02-18T20:47:35.525 INFO:journalctl@ceph.mon.a.trial005.stdout:Feb 18 20:47:35 trial005 ceph-mon[23726]: from='client.? 10.20.193.5:0/1341202004' entity='client.admin' cmd=[{"prefix": "mgr module enable", "module": "cephadm"}]: dispatch
2026-02-18T20:47:35.525 INFO:journalctl@ceph.mgr.x.trial005.stdout:Feb 18 20:47:35 trial005 ceph-fe9d2e4d-0d0a-11f1-9df4-d404e6e7d460-mgr-x[23992]: ignoring --setuser ceph since I am not root
2026-02-18T20:47:35.525 INFO:journalctl@ceph.mgr.x.trial005.stdout:Feb 18 20:47:35 trial005 ceph-fe9d2e4d-0d0a-11f1-9df4-d404e6e7d460-mgr-x[23992]: ignoring --setgroup ceph since I am not root
2026-02-18T20:47:35.534 INFO:teuthology.orchestra.run.trial005.stdout:/usr/bin/ceph: stdout {
2026-02-18T20:47:35.534 INFO:teuthology.orchestra.run.trial005.stdout:/usr/bin/ceph: stdout "epoch": 5,
2026-02-18T20:47:35.534 INFO:teuthology.orchestra.run.trial005.stdout:/usr/bin/ceph: stdout "available": true,
2026-02-18T20:47:35.534 INFO:teuthology.orchestra.run.trial005.stdout:/usr/bin/ceph: stdout "active_name": "x",
2026-02-18T20:47:35.534 INFO:teuthology.orchestra.run.trial005.stdout:/usr/bin/ceph: stdout "num_standby": 0
2026-02-18T20:47:35.534 INFO:teuthology.orchestra.run.trial005.stdout:/usr/bin/ceph: stdout }
2026-02-18T20:47:35.534 INFO:teuthology.orchestra.run.trial005.stdout:/usr/bin/ceph: stderr
2026-02-18T20:47:35.385+0000 7ff05c669640 1 Processor -- start
2026-02-18T20:47:35.535 INFO:teuthology.orchestra.run.trial005.stdout:/usr/bin/ceph: stderr
2026-02-18T20:47:35.385+0000 7ff05c669640 1 -- start start
2026-02-18T20:47:35.535 INFO:teuthology.orchestra.run.trial005.stdout:/usr/bin/ceph: stderr
2026-02-18T20:47:35.385+0000 7ff05c669640 1 --2- >> [v2:10.20.193.5:3300/0,v1:10.20.193.5:6789/0] conn(0x7ff05410a2c0 0x7ff05410a6c0 unknown :-1 s=NONE pgs=0 cs=0 l=0 rev1=0 crypto rx=0 tx=0 comp rx=0 tx=0).connect
2026-02-18T20:47:35.535 INFO:teuthology.orchestra.run.trial005.stdout:/usr/bin/ceph: stderr
2026-02-18T20:47:35.385+0000 7ff05c669640 1 -- --> [v2:10.20.193.5:3300/0,v1:10.20.193.5:6789/0] -- mon_getmap magic: 0 -- 0x7ff05410ac90 con 0x7ff05410a2c0
2026-02-18T20:47:35.535 INFO:teuthology.orchestra.run.trial005.stdout:/usr/bin/ceph: stderr
2026-02-18T20:47:35.385+0000 7ff05a3de640 1 --2- >> [v2:10.20.193.5:3300/0,v1:10.20.193.5:6789/0] conn(0x7ff05410a2c0 0x7ff05410a6c0 unknown :-1 s=BANNER_CONNECTING pgs=0 cs=0 l=0 rev1=0 crypto rx=0 tx=0 comp rx=0 tx=0)._handle_peer_banner_payload supported=3 required=0
2026-02-18T20:47:35.535 INFO:teuthology.orchestra.run.trial005.stdout:/usr/bin/ceph: stderr
2026-02-18T20:47:35.385+0000 7ff05a3de640 1 --2- >> [v2:10.20.193.5:3300/0,v1:10.20.193.5:6789/0] conn(0x7ff05410a2c0 0x7ff05410a6c0 unknown :-1 s=HELLO_CONNECTING pgs=0 cs=0 l=0 rev1=1 crypto rx=0 tx=0 comp rx=0 tx=0).handle_hello peer v2:10.20.193.5:3300/0 says I am v2:10.20.193.5:60272/0 (socket says 10.20.193.5:60272)
2026-02-18T20:47:35.535 INFO:teuthology.orchestra.run.trial005.stdout:/usr/bin/ceph: stderr
2026-02-18T20:47:35.385+0000 7ff05a3de640 1 -- 10.20.193.5:0/3965356903 learned_addr learned my addr 10.20.193.5:0/3965356903 (peer_addr_for_me v2:10.20.193.5:0/0)
2026-02-18T20:47:35.535 INFO:teuthology.orchestra.run.trial005.stdout:/usr/bin/ceph: stderr
2026-02-18T20:47:35.385+0000 7ff05a3de640 1 -- 10.20.193.5:0/3965356903 --> [v2:10.20.193.5:3300/0,v1:10.20.193.5:6789/0] -- mon_subscribe({config=0+,monmap=0+}) -- 0x7ff05410b460 con 0x7ff05410a2c0
2026-02-18T20:47:35.535 INFO:teuthology.orchestra.run.trial005.stdout:/usr/bin/ceph: stderr
2026-02-18T20:47:35.386+0000 7ff05a3de640 1 --2- 10.20.193.5:0/3965356903 >> [v2:10.20.193.5:3300/0,v1:10.20.193.5:6789/0] conn(0x7ff05410a2c0 0x7ff05410a6c0 secure :-1 s=READY pgs=24 cs=0 l=1 rev1=1 crypto rx=0x7ff044009920 tx=0x7ff04402ef20 comp rx=0 tx=0).ready entity=mon.0 client_cookie=39ea618badab952d server_cookie=0 in_seq=0 out_seq=0
2026-02-18T20:47:35.535 INFO:teuthology.orchestra.run.trial005.stdout:/usr/bin/ceph: stderr
2026-02-18T20:47:35.386+0000 7ff0593dc640 1 -- 10.20.193.5:0/3965356903 <== mon.0 v2:10.20.193.5:3300/0 1 ==== mon_map magic: 0 ==== 205+0+0 (secure 0 0 0) 0x7ff04403c070 con 0x7ff05410a2c0
2026-02-18T20:47:35.535 INFO:teuthology.orchestra.run.trial005.stdout:/usr/bin/ceph: stderr
2026-02-18T20:47:35.386+0000 7ff0593dc640 1 -- 10.20.193.5:0/3965356903 <== mon.0 v2:10.20.193.5:3300/0 2 ==== config(25 keys) ==== 1007+0+0 (secure 0 0 0) 0x7ff044037440 con 0x7ff05410a2c0
2026-02-18T20:47:35.535 INFO:teuthology.orchestra.run.trial005.stdout:/usr/bin/ceph: stderr
2026-02-18T20:47:35.386+0000 7ff0593dc640 1 -- 10.20.193.5:0/3965356903 <== mon.0 v2:10.20.193.5:3300/0 3 ==== mon_map magic: 0 ==== 205+0+0 (secure 0 0 0) 0x7ff0440354d0 con 0x7ff05410a2c0
2026-02-18T20:47:35.535 INFO:teuthology.orchestra.run.trial005.stdout:/usr/bin/ceph: stderr
2026-02-18T20:47:35.386+0000 7ff05c669640 1 -- 10.20.193.5:0/3965356903 >> [v2:10.20.193.5:3300/0,v1:10.20.193.5:6789/0] conn(0x7ff05410a2c0 msgr2=0x7ff05410a6c0 secure :-1 s=STATE_CONNECTION_ESTABLISHED l=1).mark_down
2026-02-18T20:47:35.536 INFO:teuthology.orchestra.run.trial005.stdout:/usr/bin/ceph: stderr
2026-02-18T20:47:35.386+0000 7ff05c669640 1 --2- 10.20.193.5:0/3965356903 >> [v2:10.20.193.5:3300/0,v1:10.20.193.5:6789/0] conn(0x7ff05410a2c0 0x7ff05410a6c0 secure :-1 s=READY pgs=24 cs=0 l=1 rev1=1 crypto rx=0x7ff044009920 tx=0x7ff04402ef20 comp rx=0 tx=0).stop
2026-02-18T20:47:35.536 INFO:teuthology.orchestra.run.trial005.stdout:/usr/bin/ceph: stderr
2026-02-18T20:47:35.386+0000 7ff05c669640 1 -- 10.20.193.5:0/3965356903 shutdown_connections
2026-02-18T20:47:35.536 INFO:teuthology.orchestra.run.trial005.stdout:/usr/bin/ceph: stderr
2026-02-18T20:47:35.386+0000 7ff05c669640 1 --2- 10.20.193.5:0/3965356903 >> [v2:10.20.193.5:3300/0,v1:10.20.193.5:6789/0] conn(0x7ff05410a2c0 0x7ff05410a6c0 unknown :-1 s=CLOSED pgs=24 cs=0 l=1 rev1=1 crypto rx=0 tx=0 comp rx=0 tx=0).stop
2026-02-18T20:47:35.536 INFO:teuthology.orchestra.run.trial005.stdout:/usr/bin/ceph: stderr
2026-02-18T20:47:35.386+0000 7ff05c669640 1 -- 10.20.193.5:0/3965356903 >> 10.20.193.5:0/3965356903 conn(0x7ff05407d8c0 msgr2=0x7ff054108670 unknown :-1 s=STATE_NONE l=0).mark_down
2026-02-18T20:47:35.536 INFO:teuthology.orchestra.run.trial005.stdout:/usr/bin/ceph: stderr
2026-02-18T20:47:35.386+0000 7ff05c669640 1 -- 10.20.193.5:0/3965356903 shutdown_connections
2026-02-18T20:47:35.536 INFO:teuthology.orchestra.run.trial005.stdout:/usr/bin/ceph: stderr
2026-02-18T20:47:35.386+0000 7ff05c669640 1 -- 10.20.193.5:0/3965356903 wait complete.
2026-02-18T20:47:35.536 INFO:teuthology.orchestra.run.trial005.stdout:/usr/bin/ceph: stderr
2026-02-18T20:47:35.387+0000 7ff05c669640 1 Processor -- start
2026-02-18T20:47:35.536 INFO:teuthology.orchestra.run.trial005.stdout:/usr/bin/ceph: stderr
2026-02-18T20:47:35.387+0000 7ff05c669640 1 -- start start
2026-02-18T20:47:35.536 INFO:teuthology.orchestra.run.trial005.stdout:/usr/bin/ceph: stderr
2026-02-18T20:47:35.387+0000 7ff05c669640 1 --2- >> [v2:10.20.193.5:3300/0,v1:10.20.193.5:6789/0] conn(0x7ff05410a2c0 0x7ff0541a0130 unknown :-1 s=NONE pgs=0 cs=0 l=1 rev1=0 crypto rx=0 tx=0 comp rx=0 tx=0).connect
2026-02-18T20:47:35.536 INFO:teuthology.orchestra.run.trial005.stdout:/usr/bin/ceph: stderr
2026-02-18T20:47:35.387+0000 7ff05c669640 1 -- --> [v2:10.20.193.5:3300/0,v1:10.20.193.5:6789/0] -- mon_getmap magic: 0 -- 0x7ff05410e690 con 0x7ff05410a2c0
2026-02-18T20:47:35.536 INFO:teuthology.orchestra.run.trial005.stdout:/usr/bin/ceph: stderr
2026-02-18T20:47:35.387+0000 7ff05a3de640 1 --2- >> [v2:10.20.193.5:3300/0,v1:10.20.193.5:6789/0] conn(0x7ff05410a2c0 0x7ff0541a0130 unknown :-1 s=BANNER_CONNECTING pgs=0 cs=0 l=1 rev1=0 crypto rx=0 tx=0 comp rx=0 tx=0)._handle_peer_banner_payload supported=3 required=0
2026-02-18T20:47:35.536 INFO:teuthology.orchestra.run.trial005.stdout:/usr/bin/ceph: stderr
2026-02-18T20:47:35.387+0000 7ff05a3de640 1 --2- >> [v2:10.20.193.5:3300/0,v1:10.20.193.5:6789/0] conn(0x7ff05410a2c0 0x7ff0541a0130 unknown :-1 s=HELLO_CONNECTING pgs=0 cs=0 l=1 rev1=1 crypto rx=0 tx=0 comp rx=0 tx=0).handle_hello peer v2:10.20.193.5:3300/0 says I am v2:10.20.193.5:60284/0 (socket says 10.20.193.5:60284)
2026-02-18T20:47:35.537 INFO:teuthology.orchestra.run.trial005.stdout:/usr/bin/ceph: stderr
2026-02-18T20:47:35.387+0000 7ff05a3de640 1 -- 10.20.193.5:0/91908340 learned_addr learned my addr 10.20.193.5:0/91908340 (peer_addr_for_me v2:10.20.193.5:0/0)
2026-02-18T20:47:35.537 INFO:teuthology.orchestra.run.trial005.stdout:/usr/bin/ceph: stderr
2026-02-18T20:47:35.387+0000 7ff05a3de640 1 -- 10.20.193.5:0/91908340 --> [v2:10.20.193.5:3300/0,v1:10.20.193.5:6789/0] -- mon_subscribe({config=0+,monmap=0+}) -- 0x7ff0541a0670 con 0x7ff05410a2c0
2026-02-18T20:47:35.537 INFO:teuthology.orchestra.run.trial005.stdout:/usr/bin/ceph: stderr
2026-02-18T20:47:35.387+0000 7ff05a3de640 1 --2- 10.20.193.5:0/91908340 >> [v2:10.20.193.5:3300/0,v1:10.20.193.5:6789/0] conn(0x7ff05410a2c0 0x7ff0541a0130 secure :-1 s=READY pgs=25 cs=0 l=1 rev1=1 crypto rx=0x7ff044037cd0 tx=0x7ff044035b10 comp rx=0 tx=0).ready entity=mon.0 client_cookie=0 server_cookie=0 in_seq=0 out_seq=0
2026-02-18T20:47:35.537 INFO:teuthology.orchestra.run.trial005.stdout:/usr/bin/ceph: stderr
2026-02-18T20:47:35.387+0000 7ff03b7fe640 1 -- 10.20.193.5:0/91908340 <== mon.0 v2:10.20.193.5:3300/0 1 ==== mon_map magic: 0 ==== 205+0+0 (secure 0 0 0) 0x7ff044045070 con 0x7ff05410a2c0
2026-02-18T20:47:35.537 INFO:teuthology.orchestra.run.trial005.stdout:/usr/bin/ceph: stderr
2026-02-18T20:47:35.387+0000 7ff05c669640 1 -- 10.20.193.5:0/91908340 --> [v2:10.20.193.5:3300/0,v1:10.20.193.5:6789/0] -- mon_subscribe({mgrmap=0+}) -- 0x7ff0541a0900 con 0x7ff05410a2c0
2026-02-18T20:47:35.537 INFO:teuthology.orchestra.run.trial005.stdout:/usr/bin/ceph: stderr
2026-02-18T20:47:35.387+0000 7ff03b7fe640 1 -- 10.20.193.5:0/91908340 <== mon.0 v2:10.20.193.5:3300/0 2 ==== config(25 keys) ==== 1007+0+0 (secure 0 0 0) 0x7ff044040450 con 0x7ff05410a2c0
2026-02-18T20:47:35.537 INFO:teuthology.orchestra.run.trial005.stdout:/usr/bin/ceph: stderr
2026-02-18T20:47:35.387+0000 7ff03b7fe640 1 -- 10.20.193.5:0/91908340 <== mon.0 v2:10.20.193.5:3300/0 3 ==== mon_map magic: 0 ==== 205+0+0 (secure 0 0 0) 0x7ff04403c070 con 0x7ff05410a2c0
2026-02-18T20:47:35.537 INFO:teuthology.orchestra.run.trial005.stdout:/usr/bin/ceph: stderr
2026-02-18T20:47:35.387+0000 7ff05c669640 1 -- 10.20.193.5:0/91908340 --> [v2:10.20.193.5:3300/0,v1:10.20.193.5:6789/0] -- mon_subscribe({osdmap=0}) -- 0x7ff0541a35f0 con 0x7ff05410a2c0
2026-02-18T20:47:35.537 INFO:teuthology.orchestra.run.trial005.stdout:/usr/bin/ceph: stderr
2026-02-18T20:47:35.387+0000 7ff05c669640 1 -- 10.20.193.5:0/91908340 --> [v2:10.20.193.5:3300/0,v1:10.20.193.5:6789/0] -- mon_command({"prefix": "get_command_descriptions"} v 0) -- 0x7ff05410a740 con 0x7ff05410a2c0
2026-02-18T20:47:35.537 INFO:teuthology.orchestra.run.trial005.stdout:/usr/bin/ceph: stderr
2026-02-18T20:47:35.388+0000 7ff03b7fe640 1 -- 10.20.193.5:0/91908340 <== mon.0 v2:10.20.193.5:3300/0 4 ==== mgrmap(e 5) ==== 50247+0+0 (secure 0 0 0) 0x7ff04403e5f0 con 0x7ff05410a2c0
2026-02-18T20:47:35.537 INFO:teuthology.orchestra.run.trial005.stdout:/usr/bin/ceph: stderr
2026-02-18T20:47:35.388+0000 7ff03b7fe640 1 --2- 10.20.193.5:0/91908340 >> [v2:10.20.193.5:6800/2351921889,v1:10.20.193.5:6801/2351921889] conn(0x7ff03003dba0 0x7ff030040060 unknown :-1 s=NONE pgs=0 cs=0 l=1 rev1=0 crypto rx=0 tx=0 comp rx=0 tx=0).connect
2026-02-18T20:47:35.537 INFO:teuthology.orchestra.run.trial005.stdout:/usr/bin/ceph: stderr
2026-02-18T20:47:35.388+0000 7ff03b7fe640 1 -- 10.20.193.5:0/91908340 <== mon.0 v2:10.20.193.5:3300/0 5 ==== osd_map(1..1 src has 1..1) ==== 725+0+0 (secure 0 0 0) 0x7ff0440766f0 con 0x7ff05410a2c0
2026-02-18T20:47:35.538 INFO:teuthology.orchestra.run.trial005.stdout:/usr/bin/ceph: stderr
2026-02-18T20:47:35.388+0000 7ff059bdd640 1 -- 10.20.193.5:0/91908340 >> [v2:10.20.193.5:6800/2351921889,v1:10.20.193.5:6801/2351921889] conn(0x7ff03003dba0 msgr2=0x7ff030040060 unknown :-1 s=STATE_CONNECTING_RE l=1).process reconnect failed to v2:10.20.193.5:6800/2351921889
2026-02-18T20:47:35.538 INFO:teuthology.orchestra.run.trial005.stdout:/usr/bin/ceph: stderr
2026-02-18T20:47:35.388+0000 7ff059bdd640 1 --2- 10.20.193.5:0/91908340 >> [v2:10.20.193.5:6800/2351921889,v1:10.20.193.5:6801/2351921889] conn(0x7ff03003dba0 0x7ff030040060 unknown :-1 s=START_CONNECT pgs=0 cs=0 l=1 rev1=0 crypto rx=0 tx=0 comp rx=0 tx=0)._fault waiting 0.200000
2026-02-18T20:47:35.538 INFO:teuthology.orchestra.run.trial005.stdout:/usr/bin/ceph: stderr
2026-02-18T20:47:35.392+0000 7ff03b7fe640 1 -- 10.20.193.5:0/91908340 <== mon.0 v2:10.20.193.5:3300/0 6 ==== mon_command_ack([{"prefix": "get_command_descriptions"}]=0 v0) ==== 72+0+195034 (secure 0 0 0) 0x7ff044049e00 con 0x7ff05410a2c0
2026-02-18T20:47:35.538 INFO:teuthology.orchestra.run.trial005.stdout:/usr/bin/ceph: stderr
2026-02-18T20:47:35.497+0000 7ff05c669640 1 -- 10.20.193.5:0/91908340 --> [v2:10.20.193.5:3300/0,v1:10.20.193.5:6789/0] -- mon_command({"prefix": "mgr stat"} v 0) -- 0x7ff0541a3c90 con 0x7ff05410a2c0
2026-02-18T20:47:35.538 INFO:teuthology.orchestra.run.trial005.stdout:/usr/bin/ceph: stderr
2026-02-18T20:47:35.497+0000 7ff03b7fe640 1 -- 10.20.193.5:0/91908340 <== mon.0 v2:10.20.193.5:3300/0 7 ==== mon_command_ack([{"prefix": "mgr stat"}]=0 v5) ==== 56+0+88 (secure 0 0 0) 0x7ff044076110 con 0x7ff05410a2c0
2026-02-18T20:47:35.538 INFO:teuthology.orchestra.run.trial005.stdout:/usr/bin/ceph: stderr
2026-02-18T20:47:35.498+0000 7ff05c669640 1 -- 10.20.193.5:0/91908340 >> [v2:10.20.193.5:6800/2351921889,v1:10.20.193.5:6801/2351921889] conn(0x7ff03003dba0 msgr2=0x7ff030040060 unknown :-1 s=STATE_CONNECTING l=1).mark_down
2026-02-18T20:47:35.538 INFO:teuthology.orchestra.run.trial005.stdout:/usr/bin/ceph: stderr
2026-02-18T20:47:35.498+0000 7ff05c669640 1 --2- 10.20.193.5:0/91908340 >> [v2:10.20.193.5:6800/2351921889,v1:10.20.193.5:6801/2351921889] conn(0x7ff03003dba0 0x7ff030040060 unknown :-1 s=START_CONNECT pgs=0 cs=0 l=1 rev1=0 crypto rx=0 tx=0 comp rx=0 tx=0).stop
2026-02-18T20:47:35.538 INFO:teuthology.orchestra.run.trial005.stdout:/usr/bin/ceph: stderr
2026-02-18T20:47:35.498+0000 7ff05c669640 1 -- 10.20.193.5:0/91908340 >> [v2:10.20.193.5:3300/0,v1:10.20.193.5:6789/0] conn(0x7ff05410a2c0 msgr2=0x7ff0541a0130 secure :-1 s=STATE_CONNECTION_ESTABLISHED l=1).mark_down
2026-02-18T20:47:35.538 INFO:teuthology.orchestra.run.trial005.stdout:/usr/bin/ceph: stderr
2026-02-18T20:47:35.498+0000 7ff05c669640 1 --2- 10.20.193.5:0/91908340 >> [v2:10.20.193.5:3300/0,v1:10.20.193.5:6789/0] conn(0x7ff05410a2c0 0x7ff0541a0130 secure :-1 s=READY pgs=25 cs=0 l=1 rev1=1 crypto rx=0x7ff044037cd0 tx=0x7ff044035b10 comp rx=0 tx=0).stop
2026-02-18T20:47:35.538 INFO:teuthology.orchestra.run.trial005.stdout:/usr/bin/ceph: stderr
2026-02-18T20:47:35.498+0000 7ff05c669640 1 -- 10.20.193.5:0/91908340 shutdown_connections
2026-02-18T20:47:35.538 INFO:teuthology.orchestra.run.trial005.stdout:/usr/bin/ceph: stderr
2026-02-18T20:47:35.498+0000 7ff05c669640 1 --2- 10.20.193.5:0/91908340 >> [v2:10.20.193.5:6800/2351921889,v1:10.20.193.5:6801/2351921889] conn(0x7ff03003dba0 0x7ff030040060 unknown :-1 s=CLOSED pgs=0 cs=0 l=1 rev1=0 crypto rx=0 tx=0 comp rx=0 tx=0).stop
2026-02-18T20:47:35.539 INFO:teuthology.orchestra.run.trial005.stdout:/usr/bin/ceph: stderr
2026-02-18T20:47:35.498+0000 7ff05c669640 1 --2- 10.20.193.5:0/91908340 >> [v2:10.20.193.5:3300/0,v1:10.20.193.5:6789/0] conn(0x7ff05410a2c0 0x7ff0541a0130 unknown :-1 s=CLOSED pgs=25 cs=0 l=1 rev1=1 crypto rx=0 tx=0 comp rx=0 tx=0).stop
2026-02-18T20:47:35.539 INFO:teuthology.orchestra.run.trial005.stdout:/usr/bin/ceph: stderr
2026-02-18T20:47:35.498+0000 7ff05c669640 1 -- 10.20.193.5:0/91908340 >> 10.20.193.5:0/91908340 conn(0x7ff05407d8c0 msgr2=0x7ff054107eb0 unknown :-1 s=STATE_NONE l=0).mark_down
2026-02-18T20:47:35.539 INFO:teuthology.orchestra.run.trial005.stdout:/usr/bin/ceph: stderr
2026-02-18T20:47:35.498+0000 7ff05c669640 1 -- 10.20.193.5:0/91908340 shutdown_connections
2026-02-18T20:47:35.539 INFO:teuthology.orchestra.run.trial005.stdout:/usr/bin/ceph: stderr
2026-02-18T20:47:35.498+0000 7ff05c669640 1 -- 10.20.193.5:0/91908340 wait complete.
2026-02-18T20:47:35.539 INFO:teuthology.orchestra.run.trial005.stdout:Waiting for the mgr to restart...
2026-02-18T20:47:35.539 INFO:teuthology.orchestra.run.trial005.stdout:Waiting for mgr epoch 5...
2026-02-18T20:47:35.834 INFO:journalctl@ceph.mgr.x.trial005.stdout:Feb 18 20:47:35 trial005 ceph-fe9d2e4d-0d0a-11f1-9df4-d404e6e7d460-mgr-x[23992]:
2026-02-18T20:47:35.680+0000 7f3a7bf4b140 -1 mgr[py] Module snap_schedule has missing NOTIFY_TYPES member
2026-02-18T20:47:35.834 INFO:journalctl@ceph.mgr.x.trial005.stdout:Feb 18 20:47:35 trial005 ceph-fe9d2e4d-0d0a-11f1-9df4-d404e6e7d460-mgr-x[23992]:
2026-02-18T20:47:35.824+0000 7f3a7bf4b140 -1 mgr[py] Module prometheus has missing NOTIFY_TYPES member
2026-02-18T20:47:36.111 INFO:journalctl@ceph.mgr.x.trial005.stdout:Feb 18 20:47:35 trial005 ceph-fe9d2e4d-0d0a-11f1-9df4-d404e6e7d460-mgr-x[23992]:
2026-02-18T20:47:35.858+0000 7f3a7bf4b140 -1 mgr[py] Module balancer has missing NOTIFY_TYPES member
2026-02-18T20:47:36.111 INFO:journalctl@ceph.mgr.x.trial005.stdout:Feb 18 20:47:35 trial005 ceph-fe9d2e4d-0d0a-11f1-9df4-d404e6e7d460-mgr-x[23992]:
2026-02-18T20:47:35.901+0000 7f3a7bf4b140 -1 mgr[py] Module rbd_support has missing NOTIFY_TYPES member
2026-02-18T20:47:36.111 INFO:journalctl@ceph.mgr.x.trial005.stdout:Feb 18 20:47:35 trial005 ceph-fe9d2e4d-0d0a-11f1-9df4-d404e6e7d460-mgr-x[23992]:
2026-02-18T20:47:35.933+0000 7f3a7bf4b140 -1 mgr[py] Module devicehealth has missing NOTIFY_TYPES member
2026-02-18T20:47:36.111 INFO:journalctl@ceph.mgr.x.trial005.stdout:Feb 18 20:47:35 trial005 ceph-fe9d2e4d-0d0a-11f1-9df4-d404e6e7d460-mgr-x[23992]:
2026-02-18T20:47:35.967+0000 7f3a7bf4b140 -1 mgr[py] Module alerts has missing NOTIFY_TYPES member
2026-02-18T20:47:36.111 INFO:journalctl@ceph.mgr.x.trial005.stdout:Feb 18 20:47:36 trial005 ceph-fe9d2e4d-0d0a-11f1-9df4-d404e6e7d460-mgr-x[23992]:
2026-02-18T20:47:36.032+0000 7f3a7bf4b140 -1 mgr[py] Module telemetry has missing NOTIFY_TYPES member
2026-02-18T20:47:36.111 INFO:journalctl@ceph.mgr.x.trial005.stdout:Feb 18 20:47:36 trial005 ceph-fe9d2e4d-0d0a-11f1-9df4-d404e6e7d460-mgr-x[23992]: /lib64/python3.9/site-packages/scipy/__init__.py:73: UserWarning: NumPy was imported from a Python sub-interpreter but NumPy does not properly support sub-interpreters. This will likely work for most users but might cause hard to track down issues or subtle bugs. A common user of the rare sub-interpreter feature is wsgi which also allows single-interpreter mode.
2026-02-18T20:47:36.111 INFO:journalctl@ceph.mgr.x.trial005.stdout:Feb 18 20:47:36 trial005 ceph-fe9d2e4d-0d0a-11f1-9df4-d404e6e7d460-mgr-x[23992]: Improvements in the case of bugs are welcome, but is not on the NumPy roadmap, and full support may require significant effort to achieve.
2026-02-18T20:47:36.112 INFO:journalctl@ceph.mgr.x.trial005.stdout:Feb 18 20:47:36 trial005 ceph-fe9d2e4d-0d0a-11f1-9df4-d404e6e7d460-mgr-x[23992]: from numpy import show_config as show_numpy_config
2026-02-18T20:47:36.372 INFO:journalctl@ceph.mon.a.trial005.stdout:Feb 18 20:47:36 trial005 ceph-mon[23726]: from='client.? 10.20.193.5:0/1341202004' entity='client.admin' cmd='[{"prefix": "mgr module enable", "module": "cephadm"}]': finished
2026-02-18T20:47:36.372 INFO:journalctl@ceph.mon.a.trial005.stdout:Feb 18 20:47:36 trial005 ceph-mon[23726]: mgrmap e5: x(active, since 3s)
2026-02-18T20:47:36.372 INFO:journalctl@ceph.mon.a.trial005.stdout:Feb 18 20:47:36 trial005 ceph-mon[23726]: from='client.? 10.20.193.5:0/91908340' entity='client.admin' cmd=[{"prefix": "mgr stat"}]: dispatch
2026-02-18T20:47:36.372 INFO:journalctl@ceph.mgr.x.trial005.stdout:Feb 18 20:47:36 trial005 ceph-fe9d2e4d-0d0a-11f1-9df4-d404e6e7d460-mgr-x[23992]:
2026-02-18T20:47:36.105+0000 7f3a7bf4b140 -1 mgr[py] Module diskprediction_local has missing NOTIFY_TYPES member
2026-02-18T20:47:36.372 INFO:journalctl@ceph.mgr.x.trial005.stdout:Feb 18 20:47:36 trial005 ceph-fe9d2e4d-0d0a-11f1-9df4-d404e6e7d460-mgr-x[23992]:
2026-02-18T20:47:36.139+0000 7f3a7bf4b140 -1 mgr[py] Module status has missing NOTIFY_TYPES member
2026-02-18T20:47:36.372 INFO:journalctl@ceph.mgr.x.trial005.stdout:Feb 18 20:47:36 trial005 ceph-fe9d2e4d-0d0a-11f1-9df4-d404e6e7d460-mgr-x[23992]:
2026-02-18T20:47:36.235+0000 7f3a7bf4b140 -1 mgr[py] Module rgw has missing NOTIFY_TYPES member
2026-02-18T20:47:36.373 INFO:journalctl@ceph.mgr.x.trial005.stdout:Feb 18 20:47:36 trial005 ceph-fe9d2e4d-0d0a-11f1-9df4-d404e6e7d460-mgr-x[23992]:
2026-02-18T20:47:36.295+0000 7f3a7bf4b140 -1 mgr[py] Module iostat has missing NOTIFY_TYPES member
2026-02-18T20:47:36.373 INFO:journalctl@ceph.mgr.x.trial005.stdout:Feb 18 20:47:36 trial005 ceph-fe9d2e4d-0d0a-11f1-9df4-d404e6e7d460-mgr-x[23992]:
2026-02-18T20:47:36.329+0000 7f3a7bf4b140 -1 mgr[py] Module pg_autoscaler has missing NOTIFY_TYPES member
2026-02-18T20:47:36.373 INFO:journalctl@ceph.mgr.x.trial005.stdout:Feb 18 20:47:36 trial005 ceph-fe9d2e4d-0d0a-11f1-9df4-d404e6e7d460-mgr-x[23992]:
2026-02-18T20:47:36.362+0000 7f3a7bf4b140 -1 mgr[py] Module osd_perf_query has missing NOTIFY_TYPES member
2026-02-18T20:47:36.670 INFO:journalctl@ceph.mgr.x.trial005.stdout:Feb 18 20:47:36 trial005 ceph-fe9d2e4d-0d0a-11f1-9df4-d404e6e7d460-mgr-x[23992]:
2026-02-18T20:47:36.397+0000 7f3a7bf4b140 -1 mgr[py] Module crash has missing NOTIFY_TYPES member
2026-02-18T20:47:36.670 INFO:journalctl@ceph.mgr.x.trial005.stdout:Feb 18 20:47:36 trial005 ceph-fe9d2e4d-0d0a-11f1-9df4-d404e6e7d460-mgr-x[23992]:
2026-02-18T20:47:36.427+0000 7f3a7bf4b140 -1 mgr[py] Module progress has missing NOTIFY_TYPES member
2026-02-18T20:47:36.670 INFO:journalctl@ceph.mgr.x.trial005.stdout:Feb 18 20:47:36 trial005 ceph-fe9d2e4d-0d0a-11f1-9df4-d404e6e7d460-mgr-x[23992]:
2026-02-18T20:47:36.660+0000 7f3a7bf4b140 -1 mgr[py] Module rook has missing NOTIFY_TYPES member
2026-02-18T20:47:36.923 INFO:journalctl@ceph.mgr.x.trial005.stdout:Feb 18 20:47:36 trial005 ceph-fe9d2e4d-0d0a-11f1-9df4-d404e6e7d460-mgr-x[23992]:
2026-02-18T20:47:36.759+0000 7f3a7bf4b140 -1 mgr[py] Module nfs has missing NOTIFY_TYPES member
2026-02-18T20:47:36.923 INFO:journalctl@ceph.mgr.x.trial005.stdout:Feb 18 20:47:36 trial005 ceph-fe9d2e4d-0d0a-11f1-9df4-d404e6e7d460-mgr-x[23992]:
2026-02-18T20:47:36.790+0000 7f3a7bf4b140 -1 mgr[py] Module telegraf has missing NOTIFY_TYPES member
2026-02-18T20:47:36.923 INFO:journalctl@ceph.mgr.x.trial005.stdout:Feb 18 20:47:36 trial005 ceph-fe9d2e4d-0d0a-11f1-9df4-d404e6e7d460-mgr-x[23992]:
2026-02-18T20:47:36.820+0000 7f3a7bf4b140 -1 mgr[py] Module selftest has missing NOTIFY_TYPES member
2026-02-18T20:47:36.923 INFO:journalctl@ceph.mgr.x.trial005.stdout:Feb 18 20:47:36 trial005 ceph-fe9d2e4d-0d0a-11f1-9df4-d404e6e7d460-mgr-x[23992]:
2026-02-18T20:47:36.913+0000 7f3a7bf4b140 -1 mgr[py] Module test_orchestrator has missing NOTIFY_TYPES member
2026-02-18T20:47:37.246 INFO:journalctl@ceph.mgr.x.trial005.stdout:Feb 18 20:47:36 trial005 ceph-fe9d2e4d-0d0a-11f1-9df4-d404e6e7d460-mgr-x[23992]:
2026-02-18T20:47:36.942+0000 7f3a7bf4b140 -1 mgr[py] Module osd_support has missing NOTIFY_TYPES member
2026-02-18T20:47:37.246 INFO:journalctl@ceph.mgr.x.trial005.stdout:Feb 18 20:47:37 trial005 ceph-fe9d2e4d-0d0a-11f1-9df4-d404e6e7d460-mgr-x[23992]:
2026-02-18T20:47:37.033+0000 7f3a7bf4b140 -1 mgr[py] Module orchestrator has missing NOTIFY_TYPES member
2026-02-18T20:47:37.935 INFO:journalctl@ceph.mgr.x.trial005.stdout:Feb 18 20:47:37 trial005 ceph-fe9d2e4d-0d0a-11f1-9df4-d404e6e7d460-mgr-x[23992]:
2026-02-18T20:47:37.497+0000 7f3a7bf4b140 -1 mgr[py] Module volumes has missing NOTIFY_TYPES member
2026-02-18T20:47:37.935 INFO:journalctl@ceph.mgr.x.trial005.stdout:Feb 18 20:47:37 trial005 ceph-fe9d2e4d-0d0a-11f1-9df4-d404e6e7d460-mgr-x[23992]:
2026-02-18T20:47:37.528+0000 7f3a7bf4b140 -1 mgr[py] Module zabbix has missing NOTIFY_TYPES member
2026-02-18T20:47:37.935 INFO:journalctl@ceph.mgr.x.trial005.stdout:Feb 18 20:47:37 trial005 ceph-fe9d2e4d-0d0a-11f1-9df4-d404e6e7d460-mgr-x[23992]:
2026-02-18T20:47:37.925+0000 7f3a7bf4b140 -1 mgr[py] Module influx has missing NOTIFY_TYPES member
2026-02-18T20:47:38.246 INFO:journalctl@ceph.mon.a.trial005.stdout:Feb 18 20:47:37 trial005 ceph-mon[23726]: Active manager daemon x restarted
2026-02-18T20:47:38.247 INFO:journalctl@ceph.mon.a.trial005.stdout:Feb 18 20:47:37 trial005 ceph-mon[23726]: Activating manager daemon x
2026-02-18T20:47:38.247 INFO:journalctl@ceph.mon.a.trial005.stdout:Feb 18 20:47:37 trial005 ceph-mon[23726]: osdmap e2: 0 total, 0 up, 0 in
2026-02-18T20:47:38.247 INFO:journalctl@ceph.mon.a.trial005.stdout:Feb 18 20:47:37 trial005 ceph-mon[23726]: mgrmap e6: x(active, starting, since 0.0025028s)
2026-02-18T20:47:38.247 INFO:journalctl@ceph.mon.a.trial005.stdout:Feb 18 20:47:37 trial005 ceph-mon[23726]: from='mgr.14118 10.20.193.5:0/1462463672' entity='mgr.x' cmd=[{"prefix": "mon metadata", "id": "a"}]: dispatch
2026-02-18T20:47:38.247 INFO:journalctl@ceph.mon.a.trial005.stdout:Feb 18 20:47:37 trial005 ceph-mon[23726]: from='mgr.14118 10.20.193.5:0/1462463672' entity='mgr.x' cmd=[{"prefix": "mgr metadata", "who": "x", "id": "x"}]: dispatch
2026-02-18T20:47:38.247 INFO:journalctl@ceph.mon.a.trial005.stdout:Feb 18 20:47:37 trial005 ceph-mon[23726]: from='mgr.14118 10.20.193.5:0/1462463672' entity='mgr.x' cmd=[{"prefix": "mds metadata"}]: dispatch
2026-02-18T20:47:38.247 INFO:journalctl@ceph.mon.a.trial005.stdout:Feb 18 20:47:37 trial005 ceph-mon[23726]: from='mgr.14118 10.20.193.5:0/1462463672' entity='mgr.x' cmd=[{"prefix": "osd metadata"}]: dispatch
2026-02-18T20:47:38.247 INFO:journalctl@ceph.mon.a.trial005.stdout:Feb 18 20:47:37 trial005 ceph-mon[23726]: from='mgr.14118 10.20.193.5:0/1462463672' entity='mgr.x' cmd=[{"prefix": "mon metadata"}]: dispatch
2026-02-18T20:47:38.247 INFO:journalctl@ceph.mon.a.trial005.stdout:Feb 18 20:47:37 trial005 ceph-mon[23726]: Manager daemon x is now available
2026-02-18T20:47:38.248 INFO:journalctl@ceph.mon.a.trial005.stdout:Feb 18 20:47:37 trial005 ceph-mon[23726]: from='mgr.14118 10.20.193.5:0/1462463672' entity='mgr.x'
2026-02-18T20:47:38.248 INFO:journalctl@ceph.mon.a.trial005.stdout:Feb 18 20:47:37 trial005 ceph-mon[23726]: from='mgr.14118 10.20.193.5:0/1462463672' entity='mgr.x'
2026-02-18T20:47:38.248 INFO:journalctl@ceph.mon.a.trial005.stdout:Feb 18 20:47:37 trial005 ceph-mon[23726]: from='mgr.14118 10.20.193.5:0/1462463672' entity='mgr.x' cmd=[{"prefix": "config dump", "format": "json"}]: dispatch
2026-02-18T20:47:38.248 INFO:journalctl@ceph.mon.a.trial005.stdout:Feb 18 20:47:37 trial005 ceph-mon[23726]: from='mgr.14118 10.20.193.5:0/1462463672' entity='mgr.x' cmd=[{"prefix": "config dump", "format": "json"}]: dispatch
2026-02-18T20:47:38.248 INFO:journalctl@ceph.mon.a.trial005.stdout:Feb 18 20:47:37 trial005 ceph-mon[23726]: from='mgr.14118 10.20.193.5:0/1462463672' entity='mgr.x' cmd=[{"prefix":"config rm","who":"mgr","name":"mgr/rbd_support/x/mirror_snapshot_schedule"}]: dispatch
2026-02-18T20:47:38.248 INFO:journalctl@ceph.mon.a.trial005.stdout:Feb 18 20:47:37 trial005 ceph-mon[23726]: from='mgr.14118 10.20.193.5:0/1462463672' entity='mgr.x' cmd=[{"prefix":"config rm","who":"mgr","name":"mgr/rbd_support/x/trash_purge_schedule"}]: dispatch
2026-02-18T20:47:39.217 INFO:journalctl@ceph.mon.a.trial005.stdout:Feb 18 20:47:38 trial005 ceph-mon[23726]: Found migration_current of "None". Setting to last migration.
2026-02-18T20:47:39.217 INFO:journalctl@ceph.mon.a.trial005.stdout:Feb 18 20:47:38 trial005 ceph-mon[23726]: from='mgr.14118 10.20.193.5:0/1462463672' entity='mgr.x'
2026-02-18T20:47:39.217 INFO:journalctl@ceph.mon.a.trial005.stdout:Feb 18 20:47:38 trial005 ceph-mon[23726]: from='mgr.14118 10.20.193.5:0/1462463672' entity='mgr.x'
2026-02-18T20:47:39.217 INFO:journalctl@ceph.mon.a.trial005.stdout:Feb 18 20:47:38 trial005 ceph-mon[23726]: mgrmap e7: x(active, since 1.00431s)
2026-02-18T20:47:39.330 INFO:teuthology.orchestra.run.trial005.stdout:/usr/bin/ceph: stdout {
2026-02-18T20:47:39.330 INFO:teuthology.orchestra.run.trial005.stdout:/usr/bin/ceph: stdout "mgrmap_epoch": 7,
