2026-02-18T20:47:39.755 INFO:teuthology.orchestra.run.trial005.stdout:/usr/bin/ceph: stderr
2026-02-18T20:47:39.718+0000 7f1ae57ab640 1 -- 10.20.193.5:0/1109242211 shutdown_connections
2026-02-18T20:47:39.755 INFO:teuthology.orchestra.run.trial005.stdout:/usr/bin/ceph: stderr
2026-02-18T20:47:39.718+0000 7f1ae57ab640 1 --2- 10.20.193.5:0/1109242211 >> [v2:10.20.193.5:6800/2754050736,v1:10.20.193.5:6801/2754050736] conn(0x7f1ab403dad0 0x7f1ab403ff90 unknown :-1 s=CLOSED pgs=8 cs=0 l=1 rev1=1 crypto rx=0 tx=0 comp rx=0 tx=0).stop
2026-02-18T20:47:39.755 INFO:teuthology.orchestra.run.trial005.stdout:/usr/bin/ceph: stderr
2026-02-18T20:47:39.718+0000 7f1ae57ab640 1 --2- 10.20.193.5:0/1109242211 >> [v2:10.20.193.5:3300/0,v1:10.20.193.5:6789/0] conn(0x7f1ae010a2a0 0x7f1ae01a00f0 unknown :-1 s=CLOSED pgs=38 cs=0 l=1 rev1=1 crypto rx=0 tx=0 comp rx=0 tx=0).stop
2026-02-18T20:47:39.755 INFO:teuthology.orchestra.run.trial005.stdout:/usr/bin/ceph: stderr
2026-02-18T20:47:39.718+0000 7f1ae57ab640 1 -- 10.20.193.5:0/1109242211 >> 10.20.193.5:0/1109242211 conn(0x7f1ae007d890 msgr2=0x7f1ae0107e20 unknown :-1 s=STATE_NONE l=0).mark_down
2026-02-18T20:47:39.755 INFO:teuthology.orchestra.run.trial005.stdout:/usr/bin/ceph: stderr
2026-02-18T20:47:39.718+0000 7f1ae57ab640 1 -- 10.20.193.5:0/1109242211 shutdown_connections
2026-02-18T20:47:39.755 INFO:teuthology.orchestra.run.trial005.stdout:/usr/bin/ceph: stderr
2026-02-18T20:47:39.718+0000 7f1ae57ab640 1 -- 10.20.193.5:0/1109242211 wait complete.
2026-02-18T20:47:39.755 INFO:teuthology.orchestra.run.trial005.stdout:Generating ssh key...
2026-02-18T20:47:39.976 INFO:teuthology.orchestra.run.trial005.stdout:/usr/bin/ceph: stderr
2026-02-18T20:47:39.831+0000 7f495f08f640 1 Processor -- start
2026-02-18T20:47:39.977 INFO:teuthology.orchestra.run.trial005.stdout:/usr/bin/ceph: stderr
2026-02-18T20:47:39.832+0000 7f495f08f640 1 -- start start
2026-02-18T20:47:39.977 INFO:teuthology.orchestra.run.trial005.stdout:/usr/bin/ceph: stderr
2026-02-18T20:47:39.832+0000 7f495f08f640 1 --2- >> [v2:10.20.193.5:3300/0,v1:10.20.193.5:6789/0] conn(0x7f495810a2a0 0x7f495810a6a0 unknown :-1 s=NONE pgs=0 cs=0 l=0 rev1=0 crypto rx=0 tx=0 comp rx=0 tx=0).connect
2026-02-18T20:47:39.977 INFO:teuthology.orchestra.run.trial005.stdout:/usr/bin/ceph: stderr
2026-02-18T20:47:39.832+0000 7f495f08f640 1 -- --> [v2:10.20.193.5:3300/0,v1:10.20.193.5:6789/0] -- mon_getmap magic: 0 -- 0x7f495810ac70 con 0x7f495810a2a0
2026-02-18T20:47:39.977 INFO:teuthology.orchestra.run.trial005.stdout:/usr/bin/ceph: stderr
2026-02-18T20:47:39.832+0000 7f495ce04640 1 --2- >> [v2:10.20.193.5:3300/0,v1:10.20.193.5:6789/0] conn(0x7f495810a2a0 0x7f495810a6a0 unknown :-1 s=BANNER_CONNECTING pgs=0 cs=0 l=0 rev1=0 crypto rx=0 tx=0 comp rx=0 tx=0)._handle_peer_banner_payload supported=3 required=0
2026-02-18T20:47:39.977 INFO:teuthology.orchestra.run.trial005.stdout:/usr/bin/ceph: stderr
2026-02-18T20:47:39.832+0000 7f495ce04640 1 --2- >> [v2:10.20.193.5:3300/0,v1:10.20.193.5:6789/0] conn(0x7f495810a2a0 0x7f495810a6a0 unknown :-1 s=HELLO_CONNECTING pgs=0 cs=0 l=0 rev1=1 crypto rx=0 tx=0 comp rx=0 tx=0).handle_hello peer v2:10.20.193.5:3300/0 says I am v2:10.20.193.5:60430/0 (socket says 10.20.193.5:60430)
2026-02-18T20:47:39.977 INFO:teuthology.orchestra.run.trial005.stdout:/usr/bin/ceph: stderr
2026-02-18T20:47:39.832+0000 7f495ce04640 1 -- 10.20.193.5:0/4004707447 learned_addr learned my addr 10.20.193.5:0/4004707447 (peer_addr_for_me v2:10.20.193.5:0/0)
2026-02-18T20:47:39.977 INFO:teuthology.orchestra.run.trial005.stdout:/usr/bin/ceph: stderr
2026-02-18T20:47:39.832+0000 7f495ce04640 1 -- 10.20.193.5:0/4004707447 --> [v2:10.20.193.5:3300/0,v1:10.20.193.5:6789/0] -- mon_subscribe({config=0+,monmap=0+}) -- 0x7f495810b420 con 0x7f495810a2a0
2026-02-18T20:47:39.977 INFO:teuthology.orchestra.run.trial005.stdout:/usr/bin/ceph: stderr
2026-02-18T20:47:39.832+0000 7f495ce04640 1 --2- 10.20.193.5:0/4004707447 >> [v2:10.20.193.5:3300/0,v1:10.20.193.5:6789/0] conn(0x7f495810a2a0 0x7f495810a6a0 secure :-1 s=READY pgs=39 cs=0 l=1 rev1=1 crypto rx=0x7f4948009920 tx=0x7f494802ef20 comp rx=0 tx=0).ready entity=mon.0 client_cookie=e6988af137353b55 server_cookie=0 in_seq=0 out_seq=0
2026-02-18T20:47:39.978 INFO:teuthology.orchestra.run.trial005.stdout:/usr/bin/ceph: stderr
2026-02-18T20:47:39.833+0000 7f494f7fe640 1 -- 10.20.193.5:0/4004707447 <== mon.0 v2:10.20.193.5:3300/0 1 ==== mon_map magic: 0 ==== 205+0+0 (secure 0 0 0) 0x7f494803c070 con 0x7f495810a2a0
2026-02-18T20:47:39.978 INFO:teuthology.orchestra.run.trial005.stdout:/usr/bin/ceph: stderr
2026-02-18T20:47:39.833+0000 7f494f7fe640 1 -- 10.20.193.5:0/4004707447 <== mon.0 v2:10.20.193.5:3300/0 2 ==== config(25 keys) ==== 1007+0+0 (secure 0 0 0) 0x7f4948037440 con 0x7f495810a2a0
2026-02-18T20:47:39.978 INFO:teuthology.orchestra.run.trial005.stdout:/usr/bin/ceph: stderr
2026-02-18T20:47:39.833+0000 7f494f7fe640 1 -- 10.20.193.5:0/4004707447 <== mon.0 v2:10.20.193.5:3300/0 3 ==== mon_map magic: 0 ==== 205+0+0 (secure 0 0 0) 0x7f49480354d0 con 0x7f495810a2a0
2026-02-18T20:47:39.978 INFO:teuthology.orchestra.run.trial005.stdout:/usr/bin/ceph: stderr
2026-02-18T20:47:39.833+0000 7f495f08f640 1 -- 10.20.193.5:0/4004707447 >> [v2:10.20.193.5:3300/0,v1:10.20.193.5:6789/0] conn(0x7f495810a2a0 msgr2=0x7f495810a6a0 secure :-1 s=STATE_CONNECTION_ESTABLISHED l=1).mark_down
2026-02-18T20:47:39.978 INFO:teuthology.orchestra.run.trial005.stdout:/usr/bin/ceph: stderr
2026-02-18T20:47:39.833+0000 7f495f08f640 1 --2- 10.20.193.5:0/4004707447 >> [v2:10.20.193.5:3300/0,v1:10.20.193.5:6789/0] conn(0x7f495810a2a0 0x7f495810a6a0 secure :-1 s=READY pgs=39 cs=0 l=1 rev1=1 crypto rx=0x7f4948009920 tx=0x7f494802ef20 comp rx=0 tx=0).stop
2026-02-18T20:47:39.978 INFO:teuthology.orchestra.run.trial005.stdout:/usr/bin/ceph: stderr
2026-02-18T20:47:39.833+0000 7f495f08f640 1 -- 10.20.193.5:0/4004707447 shutdown_connections
2026-02-18T20:47:39.978 INFO:teuthology.orchestra.run.trial005.stdout:/usr/bin/ceph: stderr
2026-02-18T20:47:39.833+0000 7f495f08f640 1 --2- 10.20.193.5:0/4004707447 >> [v2:10.20.193.5:3300/0,v1:10.20.193.5:6789/0] conn(0x7f495810a2a0 0x7f495810a6a0 unknown :-1 s=CLOSED pgs=39 cs=0 l=1 rev1=1 crypto rx=0 tx=0 comp rx=0 tx=0).stop
2026-02-18T20:47:39.978 INFO:teuthology.orchestra.run.trial005.stdout:/usr/bin/ceph: stderr
2026-02-18T20:47:39.833+0000 7f495f08f640 1 -- 10.20.193.5:0/4004707447 >> 10.20.193.5:0/4004707447 conn(0x7f495807d8c0 msgr2=0x7f4958108670 unknown :-1 s=STATE_NONE l=0).mark_down
2026-02-18T20:47:39.978 INFO:teuthology.orchestra.run.trial005.stdout:/usr/bin/ceph: stderr
2026-02-18T20:47:39.833+0000 7f495f08f640 1 -- 10.20.193.5:0/4004707447 shutdown_connections
2026-02-18T20:47:39.978 INFO:teuthology.orchestra.run.trial005.stdout:/usr/bin/ceph: stderr
2026-02-18T20:47:39.833+0000 7f495f08f640 1 -- 10.20.193.5:0/4004707447 wait complete.
2026-02-18T20:47:39.978 INFO:teuthology.orchestra.run.trial005.stdout:/usr/bin/ceph: stderr
2026-02-18T20:47:39.833+0000 7f495f08f640 1 Processor -- start
2026-02-18T20:47:39.979 INFO:teuthology.orchestra.run.trial005.stdout:/usr/bin/ceph: stderr
2026-02-18T20:47:39.833+0000 7f495f08f640 1 -- start start
2026-02-18T20:47:39.979 INFO:teuthology.orchestra.run.trial005.stdout:/usr/bin/ceph: stderr
2026-02-18T20:47:39.833+0000 7f495f08f640 1 --2- >> [v2:10.20.193.5:3300/0,v1:10.20.193.5:6789/0] conn(0x7f495810a2a0 0x7f49581a00a0 unknown :-1 s=NONE pgs=0 cs=0 l=1 rev1=0 crypto rx=0 tx=0 comp rx=0 tx=0).connect
2026-02-18T20:47:39.979 INFO:teuthology.orchestra.run.trial005.stdout:/usr/bin/ceph: stderr
2026-02-18T20:47:39.833+0000 7f495f08f640 1 -- --> [v2:10.20.193.5:3300/0,v1:10.20.193.5:6789/0] -- mon_getmap magic: 0 -- 0x7f495810e650 con 0x7f495810a2a0
2026-02-18T20:47:39.979 INFO:teuthology.orchestra.run.trial005.stdout:/usr/bin/ceph: stderr
2026-02-18T20:47:39.833+0000 7f495ce04640 1 --2- >> [v2:10.20.193.5:3300/0,v1:10.20.193.5:6789/0] conn(0x7f495810a2a0 0x7f49581a00a0 unknown :-1 s=BANNER_CONNECTING pgs=0 cs=0 l=1 rev1=0 crypto rx=0 tx=0 comp rx=0 tx=0)._handle_peer_banner_payload supported=3 required=0
2026-02-18T20:47:39.979 INFO:teuthology.orchestra.run.trial005.stdout:/usr/bin/ceph: stderr
2026-02-18T20:47:39.833+0000 7f495ce04640 1 --2- >> [v2:10.20.193.5:3300/0,v1:10.20.193.5:6789/0] conn(0x7f495810a2a0 0x7f49581a00a0 unknown :-1 s=HELLO_CONNECTING pgs=0 cs=0 l=1 rev1=1 crypto rx=0 tx=0 comp rx=0 tx=0).handle_hello peer v2:10.20.193.5:3300/0 says I am v2:10.20.193.5:60446/0 (socket says 10.20.193.5:60446)
2026-02-18T20:47:39.979 INFO:teuthology.orchestra.run.trial005.stdout:/usr/bin/ceph: stderr
2026-02-18T20:47:39.833+0000 7f495ce04640 1 -- 10.20.193.5:0/3120732092 learned_addr learned my addr 10.20.193.5:0/3120732092 (peer_addr_for_me v2:10.20.193.5:0/0)
2026-02-18T20:47:39.979 INFO:teuthology.orchestra.run.trial005.stdout:/usr/bin/ceph: stderr
2026-02-18T20:47:39.834+0000 7f495ce04640 1 -- 10.20.193.5:0/3120732092 --> [v2:10.20.193.5:3300/0,v1:10.20.193.5:6789/0] -- mon_subscribe({config=0+,monmap=0+}) -- 0x7f49581a05e0 con 0x7f495810a2a0
2026-02-18T20:47:39.979 INFO:teuthology.orchestra.run.trial005.stdout:/usr/bin/ceph: stderr
2026-02-18T20:47:39.834+0000 7f495ce04640 1 --2- 10.20.193.5:0/3120732092 >> [v2:10.20.193.5:3300/0,v1:10.20.193.5:6789/0] conn(0x7f495810a2a0 0x7f49581a00a0 secure :-1 s=READY pgs=40 cs=0 l=1 rev1=1 crypto rx=0x7f4948035e10 tx=0x7f4948035e40 comp rx=0 tx=0).ready entity=mon.0 client_cookie=0 server_cookie=0 in_seq=0 out_seq=0
2026-02-18T20:47:39.979 INFO:teuthology.orchestra.run.trial005.stdout:/usr/bin/ceph: stderr
2026-02-18T20:47:39.834+0000 7f494dffb640 1 -- 10.20.193.5:0/3120732092 <== mon.0 v2:10.20.193.5:3300/0 1 ==== mon_map magic: 0 ==== 205+0+0 (secure 0 0 0) 0x7f4948045070 con 0x7f495810a2a0
2026-02-18T20:47:39.979 INFO:teuthology.orchestra.run.trial005.stdout:/usr/bin/ceph: stderr
2026-02-18T20:47:39.834+0000 7f495f08f640 1 -- 10.20.193.5:0/3120732092 --> [v2:10.20.193.5:3300/0,v1:10.20.193.5:6789/0] -- mon_subscribe({mgrmap=0+}) -- 0x7f49581a0870 con 0x7f495810a2a0
2026-02-18T20:47:39.980 INFO:teuthology.orchestra.run.trial005.stdout:/usr/bin/ceph: stderr
2026-02-18T20:47:39.834+0000 7f495f08f640 1 -- 10.20.193.5:0/3120732092 --> [v2:10.20.193.5:3300/0,v1:10.20.193.5:6789/0] -- mon_subscribe({osdmap=0}) -- 0x7f49581a3560 con 0x7f495810a2a0
2026-02-18T20:47:39.980 INFO:teuthology.orchestra.run.trial005.stdout:/usr/bin/ceph: stderr
2026-02-18T20:47:39.834+0000 7f494dffb640 1 -- 10.20.193.5:0/3120732092 <== mon.0 v2:10.20.193.5:3300/0 2 ==== config(25 keys) ==== 1007+0+0 (secure 0 0 0) 0x7f4948037440 con 0x7f495810a2a0
2026-02-18T20:47:39.980 INFO:teuthology.orchestra.run.trial005.stdout:/usr/bin/ceph: stderr
2026-02-18T20:47:39.834+0000 7f494dffb640 1 -- 10.20.193.5:0/3120732092 <== mon.0 v2:10.20.193.5:3300/0 3 ==== mon_map magic: 0 ==== 205+0+0 (secure 0 0 0) 0x7f494803c070 con 0x7f495810a2a0
2026-02-18T20:47:39.980 INFO:teuthology.orchestra.run.trial005.stdout:/usr/bin/ceph: stderr
2026-02-18T20:47:39.834+0000 7f495f08f640 1 -- 10.20.193.5:0/3120732092 --> [v2:10.20.193.5:3300/0,v1:10.20.193.5:6789/0] -- mon_command({"prefix": "get_command_descriptions"} v 0) -- 0x7f495810a720 con 0x7f495810a2a0
2026-02-18T20:47:39.980 INFO:teuthology.orchestra.run.trial005.stdout:/usr/bin/ceph: stderr
2026-02-18T20:47:39.834+0000 7f494dffb640 1 -- 10.20.193.5:0/3120732092 <== mon.0 v2:10.20.193.5:3300/0 4 ==== mgrmap(e 7) ==== 50141+0+0 (secure 0 0 0) 0x7f49480499e0 con 0x7f495810a2a0
2026-02-18T20:47:39.980 INFO:teuthology.orchestra.run.trial005.stdout:/usr/bin/ceph: stderr
2026-02-18T20:47:39.835+0000 7f494dffb640 1 --2- 10.20.193.5:0/3120732092 >> [v2:10.20.193.5:6800/2754050736,v1:10.20.193.5:6801/2754050736] conn(0x7f493403dad0 0x7f493403ff90 unknown :-1 s=NONE pgs=0 cs=0 l=1 rev1=0 crypto rx=0 tx=0 comp rx=0 tx=0).connect
2026-02-18T20:47:39.980 INFO:teuthology.orchestra.run.trial005.stdout:/usr/bin/ceph: stderr
2026-02-18T20:47:39.835+0000 7f494dffb640 1 -- 10.20.193.5:0/3120732092 <== mon.0 v2:10.20.193.5:3300/0 5 ==== osd_map(2..2 src has 1..2) ==== 940+0+0 (secure 0 0 0) 0x7f4948076840 con 0x7f495810a2a0
2026-02-18T20:47:39.980 INFO:teuthology.orchestra.run.trial005.stdout:/usr/bin/ceph: stderr
2026-02-18T20:47:39.835+0000 7f494ffff640 1 --2- 10.20.193.5:0/3120732092 >> [v2:10.20.193.5:6800/2754050736,v1:10.20.193.5:6801/2754050736] conn(0x7f493403dad0 0x7f493403ff90 unknown :-1 s=BANNER_CONNECTING pgs=0 cs=0 l=1 rev1=0 crypto rx=0 tx=0 comp rx=0 tx=0)._handle_peer_banner_payload supported=3 required=0
2026-02-18T20:47:39.980 INFO:teuthology.orchestra.run.trial005.stdout:/usr/bin/ceph: stderr
2026-02-18T20:47:39.835+0000 7f494ffff640 1 --2- 10.20.193.5:0/3120732092 >> [v2:10.20.193.5:6800/2754050736,v1:10.20.193.5:6801/2754050736] conn(0x7f493403dad0 0x7f493403ff90 secure :-1 s=READY pgs=9 cs=0 l=1 rev1=1 crypto rx=0x7f49400099c0 tx=0x7f4940006eb0 comp rx=0 tx=0).ready entity=mgr.14118 client_cookie=0 server_cookie=0 in_seq=0 out_seq=0
2026-02-18T20:47:39.980 INFO:teuthology.orchestra.run.trial005.stdout:/usr/bin/ceph: stderr
2026-02-18T20:47:39.837+0000 7f494dffb640 1 -- 10.20.193.5:0/3120732092 <== mon.0 v2:10.20.193.5:3300/0 6 ==== mon_command_ack([{"prefix": "get_command_descriptions"}]=0 v0) ==== 72+0+195034 (secure 0 0 0) 0x7f4948043120 con 0x7f495810a2a0
2026-02-18T20:47:39.980 INFO:teuthology.orchestra.run.trial005.stdout:/usr/bin/ceph: stderr
2026-02-18T20:47:39.920+0000 7f495f08f640 1 -- 10.20.193.5:0/3120732092 --> [v2:10.20.193.5:6800/2754050736,v1:10.20.193.5:6801/2754050736] -- mgr_command(tid 0: {"prefix": "cephadm generate-key", "target": ["mon-mgr", ""]}) -- 0x7f4958108410 con 0x7f493403dad0
2026-02-18T20:47:39.981 INFO:teuthology.orchestra.run.trial005.stdout:/usr/bin/ceph: stderr
2026-02-18T20:47:39.941+0000 7f494dffb640 1 -- 10.20.193.5:0/3120732092 <== mgr.14118 v2:10.20.193.5:6800/2754050736 1 ==== mgr_command_reply(tid 0: 0 ) ==== 8+0+0 (secure 0 0 0) 0x7f4958108410 con 0x7f493403dad0
2026-02-18T20:47:39.981 INFO:teuthology.orchestra.run.trial005.stdout:/usr/bin/ceph: stderr
2026-02-18T20:47:39.942+0000 7f495f08f640 1 -- 10.20.193.5:0/3120732092 >> [v2:10.20.193.5:6800/2754050736,v1:10.20.193.5:6801/2754050736] conn(0x7f493403dad0 msgr2=0x7f493403ff90 secure :-1 s=STATE_CONNECTION_ESTABLISHED l=1).mark_down
2026-02-18T20:47:39.981 INFO:teuthology.orchestra.run.trial005.stdout:/usr/bin/ceph: stderr
2026-02-18T20:47:39.942+0000 7f495f08f640 1 --2- 10.20.193.5:0/3120732092 >> [v2:10.20.193.5:6800/2754050736,v1:10.20.193.5:6801/2754050736] conn(0x7f493403dad0 0x7f493403ff90 secure :-1 s=READY pgs=9 cs=0 l=1 rev1=1 crypto rx=0x7f49400099c0 tx=0x7f4940006eb0 comp rx=0 tx=0).stop
2026-02-18T20:47:39.981 INFO:teuthology.orchestra.run.trial005.stdout:/usr/bin/ceph: stderr
2026-02-18T20:47:39.942+0000 7f495f08f640 1 -- 10.20.193.5:0/3120732092 >> [v2:10.20.193.5:3300/0,v1:10.20.193.5:6789/0] conn(0x7f495810a2a0 msgr2=0x7f49581a00a0 secure :-1 s=STATE_CONNECTION_ESTABLISHED l=1).mark_down
2026-02-18T20:47:39.981 INFO:teuthology.orchestra.run.trial005.stdout:/usr/bin/ceph: stderr
2026-02-18T20:47:39.942+0000 7f495f08f640 1 --2- 10.20.193.5:0/3120732092 >> [v2:10.20.193.5:3300/0,v1:10.20.193.5:6789/0] conn(0x7f495810a2a0 0x7f49581a00a0 secure :-1 s=READY pgs=40 cs=0 l=1 rev1=1 crypto rx=0x7f4948035e10 tx=0x7f4948035e40 comp rx=0 tx=0).stop
2026-02-18T20:47:39.981 INFO:teuthology.orchestra.run.trial005.stdout:/usr/bin/ceph: stderr
2026-02-18T20:47:39.942+0000 7f495f08f640 1 -- 10.20.193.5:0/3120732092 shutdown_connections
2026-02-18T20:47:39.981 INFO:teuthology.orchestra.run.trial005.stdout:/usr/bin/ceph: stderr
2026-02-18T20:47:39.942+0000 7f495f08f640 1 --2- 10.20.193.5:0/3120732092 >> [v2:10.20.193.5:6800/2754050736,v1:10.20.193.5:6801/2754050736] conn(0x7f493403dad0 0x7f493403ff90 unknown :-1 s=CLOSED pgs=9 cs=0 l=1 rev1=1 crypto rx=0 tx=0 comp rx=0 tx=0).stop
2026-02-18T20:47:39.981 INFO:teuthology.orchestra.run.trial005.stdout:/usr/bin/ceph: stderr
2026-02-18T20:47:39.942+0000 7f495f08f640 1 --2- 10.20.193.5:0/3120732092 >> [v2:10.20.193.5:3300/0,v1:10.20.193.5:6789/0] conn(0x7f495810a2a0 0x7f49581a00a0 unknown :-1 s=CLOSED pgs=40 cs=0 l=1 rev1=1 crypto rx=0 tx=0 comp rx=0 tx=0).stop
2026-02-18T20:47:39.981 INFO:teuthology.orchestra.run.trial005.stdout:/usr/bin/ceph: stderr
2026-02-18T20:47:39.942+0000 7f495f08f640 1 -- 10.20.193.5:0/3120732092 >> 10.20.193.5:0/3120732092 conn(0x7f495807d8c0 msgr2=0x7f4958107d00 unknown :-1 s=STATE_NONE l=0).mark_down
2026-02-18T20:47:39.981 INFO:teuthology.orchestra.run.trial005.stdout:/usr/bin/ceph: stderr
2026-02-18T20:47:39.942+0000 7f495f08f640 1 -- 10.20.193.5:0/3120732092 shutdown_connections
2026-02-18T20:47:39.982 INFO:teuthology.orchestra.run.trial005.stdout:/usr/bin/ceph: stderr
2026-02-18T20:47:39.942+0000 7f495f08f640 1 -- 10.20.193.5:0/3120732092 wait complete.
2026-02-18T20:47:40.018 INFO:journalctl@ceph.mon.a.trial005.stdout:Feb 18 20:47:39 trial005 ceph-mon[23726]: from='client.14122 -' entity='client.admin' cmd=[{"prefix": "get_command_descriptions"}]: dispatch
2026-02-18T20:47:40.018 INFO:journalctl@ceph.mon.a.trial005.stdout:Feb 18 20:47:39 trial005 ceph-mon[23726]: from='client.14122 -' entity='client.admin' cmd=[{"prefix": "mgr_status"}]: dispatch
2026-02-18T20:47:40.019 INFO:journalctl@ceph.mon.a.trial005.stdout:Feb 18 20:47:39 trial005 ceph-mon[23726]: [18/Feb/2026:20:47:39] ENGINE Bus STARTING
2026-02-18T20:47:40.019 INFO:journalctl@ceph.mon.a.trial005.stdout:Feb 18 20:47:39 trial005 ceph-mon[23726]: [18/Feb/2026:20:47:39] ENGINE Serving on http://10.20.193.5:8765
2026-02-18T20:47:40.019 INFO:journalctl@ceph.mon.a.trial005.stdout:Feb 18 20:47:39 trial005 ceph-mon[23726]: from='mgr.14118 10.20.193.5:0/1462463672' entity='mgr.x' cmd=[{"prefix": "config dump", "format": "json"}]: dispatch
2026-02-18T20:47:40.019 INFO:journalctl@ceph.mon.a.trial005.stdout:Feb 18 20:47:39 trial005 ceph-mon[23726]: from='mgr.14118 10.20.193.5:0/1462463672' entity='mgr.x'
2026-02-18T20:47:40.019 INFO:journalctl@ceph.mon.a.trial005.stdout:Feb 18 20:47:39 trial005 ceph-mon[23726]: from='mgr.14118 10.20.193.5:0/1462463672' entity='mgr.x' cmd=[{"prefix": "config dump", "format": "json"}]: dispatch
2026-02-18T20:47:40.019 INFO:journalctl@ceph.mon.a.trial005.stdout:Feb 18 20:47:39 trial005 ceph-mon[23726]: from='mgr.14118 10.20.193.5:0/1462463672' entity='mgr.x'
2026-02-18T20:47:40.019 INFO:journalctl@ceph.mon.a.trial005.stdout:Feb 18 20:47:39 trial005 ceph-mon[23726]: from='mgr.14118 10.20.193.5:0/1462463672' entity='mgr.x'
2026-02-18T20:47:40.019 INFO:journalctl@ceph.mgr.x.trial005.stdout:Feb 18 20:47:39 trial005 ceph-fe9d2e4d-0d0a-11f1-9df4-d404e6e7d460-mgr-x[23992]: Generating public/private ed25519 key pair.
2026-02-18T20:47:40.019 INFO:journalctl@ceph.mgr.x.trial005.stdout:Feb 18 20:47:39 trial005 ceph-fe9d2e4d-0d0a-11f1-9df4-d404e6e7d460-mgr-x[23992]: Your identification has been saved in /tmp/tmp4us8u7eg/key
2026-02-18T20:47:40.020 INFO:journalctl@ceph.mgr.x.trial005.stdout:Feb 18 20:47:39 trial005 ceph-fe9d2e4d-0d0a-11f1-9df4-d404e6e7d460-mgr-x[23992]: Your public key has been saved in /tmp/tmp4us8u7eg/key.pub
2026-02-18T20:47:40.020 INFO:journalctl@ceph.mgr.x.trial005.stdout:Feb 18 20:47:39 trial005 ceph-fe9d2e4d-0d0a-11f1-9df4-d404e6e7d460-mgr-x[23992]: The key fingerprint is:
2026-02-18T20:47:40.020 INFO:journalctl@ceph.mgr.x.trial005.stdout:Feb 18 20:47:39 trial005 ceph-fe9d2e4d-0d0a-11f1-9df4-d404e6e7d460-mgr-x[23992]: SHA256:Y0K+jvl9vd89+GOchcXa+IK7ISWNfgpjhsNCJ3++WfA ceph-fe9d2e4d-0d0a-11f1-9df4-d404e6e7d460
2026-02-18T20:47:40.020 INFO:journalctl@ceph.mgr.x.trial005.stdout:Feb 18 20:47:39 trial005 ceph-fe9d2e4d-0d0a-11f1-9df4-d404e6e7d460-mgr-x[23992]: The key's randomart image is:
2026-02-18T20:47:40.020 INFO:journalctl@ceph.mgr.x.trial005.stdout:Feb 18 20:47:39 trial005 ceph-fe9d2e4d-0d0a-11f1-9df4-d404e6e7d460-mgr-x[23992]: +--[ED25519 256]--+
2026-02-18T20:47:40.020 INFO:journalctl@ceph.mgr.x.trial005.stdout:Feb 18 20:47:39 trial005 ceph-fe9d2e4d-0d0a-11f1-9df4-d404e6e7d460-mgr-x[23992]: | |
2026-02-18T20:47:40.020 INFO:journalctl@ceph.mgr.x.trial005.stdout:Feb 18 20:47:39 trial005 ceph-fe9d2e4d-0d0a-11f1-9df4-d404e6e7d460-mgr-x[23992]: | |
2026-02-18T20:47:40.020 INFO:journalctl@ceph.mgr.x.trial005.stdout:Feb 18 20:47:39 trial005 ceph-fe9d2e4d-0d0a-11f1-9df4-d404e6e7d460-mgr-x[23992]: | . . |
2026-02-18T20:47:40.020 INFO:journalctl@ceph.mgr.x.trial005.stdout:Feb 18 20:47:39 trial005 ceph-fe9d2e4d-0d0a-11f1-9df4-d404e6e7d460-mgr-x[23992]: | o o o|
2026-02-18T20:47:40.020 INFO:journalctl@ceph.mgr.x.trial005.stdout:Feb 18 20:47:39 trial005 ceph-fe9d2e4d-0d0a-11f1-9df4-d404e6e7d460-mgr-x[23992]: | o + S o o * |
2026-02-18T20:47:40.020 INFO:journalctl@ceph.mgr.x.trial005.stdout:Feb 18 20:47:39 trial005 ceph-fe9d2e4d-0d0a-11f1-9df4-d404e6e7d460-mgr-x[23992]: | . = = = o + o|
2026-02-18T20:47:40.020 INFO:journalctl@ceph.mgr.x.trial005.stdout:Feb 18 20:47:39 trial005 ceph-fe9d2e4d-0d0a-11f1-9df4-d404e6e7d460-mgr-x[23992]: | . * * E.o.o.o|
2026-02-18T20:47:40.021 INFO:journalctl@ceph.mgr.x.trial005.stdout:Feb 18 20:47:39 trial005 ceph-fe9d2e4d-0d0a-11f1-9df4-d404e6e7d460-mgr-x[23992]: | = B =.+oo.Bo|
2026-02-18T20:47:40.021 INFO:journalctl@ceph.mgr.x.trial005.stdout:Feb 18 20:47:39 trial005 ceph-fe9d2e4d-0d0a-11f1-9df4-d404e6e7d460-mgr-x[23992]: | o.o =o. +=+o=|
2026-02-18T20:47:40.021 INFO:journalctl@ceph.mgr.x.trial005.stdout:Feb 18 20:47:39 trial005 ceph-fe9d2e4d-0d0a-11f1-9df4-d404e6e7d460-mgr-x[23992]: +----[SHA256]-----+
2026-02-18T20:47:40.179 INFO:teuthology.orchestra.run.trial005.stdout:/usr/bin/ceph: stdout ssh-ed25519 AAAAC3NzaC1lZDI1NTE5AAAAIOyZE1Ate7DKadNElS9yAnZ3yUyaFzZD6e2mOx4TXi1N ceph-fe9d2e4d-0d0a-11f1-9df4-d404e6e7d460
2026-02-18T20:47:40.180 INFO:teuthology.orchestra.run.trial005.stdout:/usr/bin/ceph: stderr
2026-02-18T20:47:40.057+0000 7f8cd1207640 1 Processor -- start
2026-02-18T20:47:40.180 INFO:teuthology.orchestra.run.trial005.stdout:/usr/bin/ceph: stderr
2026-02-18T20:47:40.057+0000 7f8cd1207640 1 -- start start
2026-02-18T20:47:40.180 INFO:teuthology.orchestra.run.trial005.stdout:/usr/bin/ceph: stderr
2026-02-18T20:47:40.057+0000 7f8cd1207640 1 --2- >> [v2:10.20.193.5:3300/0,v1:10.20.193.5:6789/0] conn(0x7f8ccc10a2e0 0x7f8ccc10a6e0 unknown :-1 s=NONE pgs=0 cs=0 l=0 rev1=0 crypto rx=0 tx=0 comp rx=0 tx=0).connect
2026-02-18T20:47:40.180 INFO:teuthology.orchestra.run.trial005.stdout:/usr/bin/ceph: stderr
2026-02-18T20:47:40.057+0000 7f8cd1207640 1 -- --> [v2:10.20.193.5:3300/0,v1:10.20.193.5:6789/0] -- mon_getmap magic: 0 -- 0x7f8ccc10acb0 con 0x7f8ccc10a2e0
2026-02-18T20:47:40.180 INFO:teuthology.orchestra.run.trial005.stdout:/usr/bin/ceph: stderr
2026-02-18T20:47:40.057+0000 7f8ccad76640 1 --2- >> [v2:10.20.193.5:3300/0,v1:10.20.193.5:6789/0] conn(0x7f8ccc10a2e0 0x7f8ccc10a6e0 unknown :-1 s=BANNER_CONNECTING pgs=0 cs=0 l=0 rev1=0 crypto rx=0 tx=0 comp rx=0 tx=0)._handle_peer_banner_payload supported=3 required=0
2026-02-18T20:47:40.180 INFO:teuthology.orchestra.run.trial005.stdout:/usr/bin/ceph: stderr
2026-02-18T20:47:40.057+0000 7f8ccad76640 1 --2- >> [v2:10.20.193.5:3300/0,v1:10.20.193.5:6789/0] conn(0x7f8ccc10a2e0 0x7f8ccc10a6e0 unknown :-1 s=HELLO_CONNECTING pgs=0 cs=0 l=0 rev1=1 crypto rx=0 tx=0 comp rx=0 tx=0).handle_hello peer v2:10.20.193.5:3300/0 says I am v2:10.20.193.5:60448/0 (socket says 10.20.193.5:60448)
2026-02-18T20:47:40.180 INFO:teuthology.orchestra.run.trial005.stdout:/usr/bin/ceph: stderr
2026-02-18T20:47:40.057+0000 7f8ccad76640 1 -- 10.20.193.5:0/724059467 learned_addr learned my addr 10.20.193.5:0/724059467 (peer_addr_for_me v2:10.20.193.5:0/0)
2026-02-18T20:47:40.180 INFO:teuthology.orchestra.run.trial005.stdout:/usr/bin/ceph: stderr
2026-02-18T20:47:40.057+0000 7f8ccad76640 1 -- 10.20.193.5:0/724059467 --> [v2:10.20.193.5:3300/0,v1:10.20.193.5:6789/0] -- mon_subscribe({config=0+,monmap=0+}) -- 0x7f8ccc10b490 con 0x7f8ccc10a2e0
2026-02-18T20:47:40.181 INFO:teuthology.orchestra.run.trial005.stdout:/usr/bin/ceph: stderr
2026-02-18T20:47:40.057+0000 7f8ccad76640 1 --2- 10.20.193.5:0/724059467 >> [v2:10.20.193.5:3300/0,v1:10.20.193.5:6789/0] conn(0x7f8ccc10a2e0 0x7f8ccc10a6e0 secure :-1 s=READY pgs=41 cs=0 l=1 rev1=1 crypto rx=0x7f8cc0009920 tx=0x7f8cc002ef20 comp rx=0 tx=0).ready entity=mon.0 client_cookie=3fb5268b9d178d1e server_cookie=0 in_seq=0 out_seq=0
2026-02-18T20:47:40.181 INFO:teuthology.orchestra.run.trial005.stdout:/usr/bin/ceph: stderr
2026-02-18T20:47:40.058+0000 7f8cc9d74640 1 -- 10.20.193.5:0/724059467 <== mon.0 v2:10.20.193.5:3300/0 1 ==== mon_map magic: 0 ==== 205+0+0 (secure 0 0 0) 0x7f8cc003c070 con 0x7f8ccc10a2e0
2026-02-18T20:47:40.181 INFO:teuthology.orchestra.run.trial005.stdout:/usr/bin/ceph: stderr
2026-02-18T20:47:40.058+0000 7f8cc9d74640 1 -- 10.20.193.5:0/724059467 <== mon.0 v2:10.20.193.5:3300/0 2 ==== config(25 keys) ==== 1007+0+0 (secure 0 0 0) 0x7f8cc0037440 con 0x7f8ccc10a2e0
2026-02-18T20:47:40.181 INFO:teuthology.orchestra.run.trial005.stdout:/usr/bin/ceph: stderr
2026-02-18T20:47:40.058+0000 7f8cc9d74640 1 -- 10.20.193.5:0/724059467 <== mon.0 v2:10.20.193.5:3300/0 3 ==== mon_map magic: 0 ==== 205+0+0 (secure 0 0 0) 0x7f8cc00354d0 con 0x7f8ccc10a2e0
2026-02-18T20:47:40.181 INFO:teuthology.orchestra.run.trial005.stdout:/usr/bin/ceph: stderr
2026-02-18T20:47:40.058+0000 7f8cd1207640 1 -- 10.20.193.5:0/724059467 >> [v2:10.20.193.5:3300/0,v1:10.20.193.5:6789/0] conn(0x7f8ccc10a2e0 msgr2=0x7f8ccc10a6e0 secure :-1 s=STATE_CONNECTION_ESTABLISHED l=1).mark_down
2026-02-18T20:47:40.181 INFO:teuthology.orchestra.run.trial005.stdout:/usr/bin/ceph: stderr
2026-02-18T20:47:40.058+0000 7f8cd1207640 1 --2- 10.20.193.5:0/724059467 >> [v2:10.20.193.5:3300/0,v1:10.20.193.5:6789/0] conn(0x7f8ccc10a2e0 0x7f8ccc10a6e0 secure :-1 s=READY pgs=41 cs=0 l=1 rev1=1 crypto rx=0x7f8cc0009920 tx=0x7f8cc002ef20 comp rx=0 tx=0).stop
2026-02-18T20:47:40.181 INFO:teuthology.orchestra.run.trial005.stdout:/usr/bin/ceph: stderr
2026-02-18T20:47:40.058+0000 7f8cd1207640 1 -- 10.20.193.5:0/724059467 shutdown_connections
2026-02-18T20:47:40.181 INFO:teuthology.orchestra.run.trial005.stdout:/usr/bin/ceph: stderr
2026-02-18T20:47:40.058+0000 7f8cd1207640 1 --2- 10.20.193.5:0/724059467 >> [v2:10.20.193.5:3300/0,v1:10.20.193.5:6789/0] conn(0x7f8ccc10a2e0 0x7f8ccc10a6e0 unknown :-1 s=CLOSED pgs=41 cs=0 l=1 rev1=1 crypto rx=0 tx=0 comp rx=0 tx=0).stop
2026-02-18T20:47:40.181 INFO:teuthology.orchestra.run.trial005.stdout:/usr/bin/ceph: stderr
2026-02-18T20:47:40.058+0000 7f8cd1207640 1 -- 10.20.193.5:0/724059467 >> 10.20.193.5:0/724059467 conn(0x7f8ccc07d820 msgr2=0x7f8ccc07dc50 unknown :-1 s=STATE_NONE l=0).mark_down
2026-02-18T20:47:40.181 INFO:teuthology.orchestra.run.trial005.stdout:/usr/bin/ceph: stderr
2026-02-18T20:47:40.058+0000 7f8cd1207640 1 -- 10.20.193.5:0/724059467 shutdown_connections
2026-02-18T20:47:40.182 INFO:teuthology.orchestra.run.trial005.stdout:/usr/bin/ceph: stderr
2026-02-18T20:47:40.058+0000 7f8cd1207640 1 -- 10.20.193.5:0/724059467 wait complete.
2026-02-18T20:47:40.182 INFO:teuthology.orchestra.run.trial005.stdout:/usr/bin/ceph: stderr
2026-02-18T20:47:40.058+0000 7f8cd1207640 1 Processor -- start
2026-02-18T20:47:40.182 INFO:teuthology.orchestra.run.trial005.stdout:/usr/bin/ceph: stderr
2026-02-18T20:47:40.058+0000 7f8cd1207640 1 -- start start
2026-02-18T20:47:40.182 INFO:teuthology.orchestra.run.trial005.stdout:/usr/bin/ceph: stderr
2026-02-18T20:47:40.058+0000 7f8cd1207640 1 --2- >> [v2:10.20.193.5:3300/0,v1:10.20.193.5:6789/0] conn(0x7f8ccc10a2e0 0x7f8ccc1a0130 unknown :-1 s=NONE pgs=0 cs=0 l=1 rev1=0 crypto rx=0 tx=0 comp rx=0 tx=0).connect
2026-02-18T20:47:40.182 INFO:teuthology.orchestra.run.trial005.stdout:/usr/bin/ceph: stderr
2026-02-18T20:47:40.058+0000 7f8cd1207640 1 -- --> [v2:10.20.193.5:3300/0,v1:10.20.193.5:6789/0] -- mon_getmap magic: 0 -- 0x7f8ccc10e6c0 con 0x7f8ccc10a2e0
2026-02-18T20:47:40.182 INFO:teuthology.orchestra.run.trial005.stdout:/usr/bin/ceph: stderr
2026-02-18T20:47:40.058+0000 7f8ccad76640 1 --2- >> [v2:10.20.193.5:3300/0,v1:10.20.193.5:6789/0] conn(0x7f8ccc10a2e0 0x7f8ccc1a0130 unknown :-1 s=BANNER_CONNECTING pgs=0 cs=0 l=1 rev1=0 crypto rx=0 tx=0 comp rx=0 tx=0)._handle_peer_banner_payload supported=3 required=0
2026-02-18T20:47:40.182 INFO:teuthology.orchestra.run.trial005.stdout:/usr/bin/ceph: stderr
2026-02-18T20:47:40.058+0000 7f8ccad76640 1 --2- >> [v2:10.20.193.5:3300/0,v1:10.20.193.5:6789/0] conn(0x7f8ccc10a2e0 0x7f8ccc1a0130 unknown :-1 s=HELLO_CONNECTING pgs=0 cs=0 l=1 rev1=1 crypto rx=0 tx=0 comp rx=0 tx=0).handle_hello peer v2:10.20.193.5:3300/0 says I am v2:10.20.193.5:60462/0 (socket says 10.20.193.5:60462)
2026-02-18T20:47:40.182 INFO:teuthology.orchestra.run.trial005.stdout:/usr/bin/ceph: stderr
2026-02-18T20:47:40.058+0000 7f8ccad76640 1 -- 10.20.193.5:0/2729525208 learned_addr learned my addr 10.20.193.5:0/2729525208 (peer_addr_for_me v2:10.20.193.5:0/0)
2026-02-18T20:47:40.182 INFO:teuthology.orchestra.run.trial005.stdout:/usr/bin/ceph: stderr
2026-02-18T20:47:40.059+0000 7f8ccad76640 1 -- 10.20.193.5:0/2729525208 --> [v2:10.20.193.5:3300/0,v1:10.20.193.5:6789/0] -- mon_subscribe({config=0+,monmap=0+}) -- 0x7f8ccc1a0670 con 0x7f8ccc10a2e0
2026-02-18T20:47:40.182 INFO:teuthology.orchestra.run.trial005.stdout:/usr/bin/ceph: stderr
2026-02-18T20:47:40.059+0000 7f8ccad76640 1 --2- 10.20.193.5:0/2729525208 >> [v2:10.20.193.5:3300/0,v1:10.20.193.5:6789/0] conn(0x7f8ccc10a2e0 0x7f8ccc1a0130 secure :-1 s=READY pgs=42 cs=0 l=1 rev1=1 crypto rx=0x7f8cc0037cd0 tx=0x7f8cc0035b10 comp rx=0 tx=0).ready entity=mon.0 client_cookie=0 server_cookie=0 in_seq=0 out_seq=0
2026-02-18T20:47:40.182 INFO:teuthology.orchestra.run.trial005.stdout:/usr/bin/ceph: stderr
2026-02-18T20:47:40.059+0000 7f8cabfff640 1 -- 10.20.193.5:0/2729525208 <== mon.0 v2:10.20.193.5:3300/0 1 ==== mon_map magic: 0 ==== 205+0+0 (secure 0 0 0) 0x7f8cc0045070 con 0x7f8ccc10a2e0
2026-02-18T20:47:40.182 INFO:teuthology.orchestra.run.trial005.stdout:/usr/bin/ceph: stderr
2026-02-18T20:47:40.059+0000 7f8cabfff640 1 -- 10.20.193.5:0/2729525208 <== mon.0 v2:10.20.193.5:3300/0 2 ==== config(25 keys) ==== 1007+0+0 (secure 0 0 0) 0x7f8cc0040450 con 0x7f8ccc10a2e0
2026-02-18T20:47:40.183 INFO:teuthology.orchestra.run.trial005.stdout:/usr/bin/ceph: stderr
2026-02-18T20:47:40.059+0000 7f8cd1207640 1 -- 10.20.193.5:0/2729525208 --> [v2:10.20.193.5:3300/0,v1:10.20.193.5:6789/0] -- mon_subscribe({mgrmap=0+}) -- 0x7f8ccc1a0900 con 0x7f8ccc10a2e0
2026-02-18T20:47:40.183 INFO:teuthology.orchestra.run.trial005.stdout:/usr/bin/ceph: stderr
2026-02-18T20:47:40.059+0000 7f8cabfff640 1 -- 10.20.193.5:0/2729525208 <== mon.0 v2:10.20.193.5:3300/0 3 ==== mon_map magic: 0 ==== 205+0+0 (secure 0 0 0) 0x7f8cc003c070 con 0x7f8ccc10a2e0
2026-02-18T20:47:40.183 INFO:teuthology.orchestra.run.trial005.stdout:/usr/bin/ceph: stderr
2026-02-18T20:47:40.059+0000 7f8cd1207640 1 -- 10.20.193.5:0/2729525208 --> [v2:10.20.193.5:3300/0,v1:10.20.193.5:6789/0] -- mon_subscribe({osdmap=0}) -- 0x7f8ccc1a35f0 con 0x7f8ccc10a2e0
2026-02-18T20:47:40.183 INFO:teuthology.orchestra.run.trial005.stdout:/usr/bin/ceph: stderr
2026-02-18T20:47:40.059+0000 7f8cd1207640 1 -- 10.20.193.5:0/2729525208 --> [v2:10.20.193.5:3300/0,v1:10.20.193.5:6789/0] -- mon_command({"prefix": "get_command_descriptions"} v 0) -- 0x7f8ccc10a760 con 0x7f8ccc10a2e0
2026-02-18T20:47:40.183 INFO:teuthology.orchestra.run.trial005.stdout:/usr/bin/ceph: stderr
2026-02-18T20:47:40.059+0000 7f8cabfff640 1 -- 10.20.193.5:0/2729525208 <== mon.0 v2:10.20.193.5:3300/0 4 ==== mgrmap(e 7) ==== 50141+0+0 (secure 0 0 0) 0x7f8cc003e5f0 con 0x7f8ccc10a2e0
2026-02-18T20:47:40.183 INFO:teuthology.orchestra.run.trial005.stdout:/usr/bin/ceph: stderr
2026-02-18T20:47:40.060+0000 7f8cabfff640 1 --2- 10.20.193.5:0/2729525208 >> [v2:10.20.193.5:6800/2754050736,v1:10.20.193.5:6801/2754050736] conn(0x7f8ca003da80 0x7f8ca003ff40 unknown :-1 s=NONE pgs=0 cs=0 l=1 rev1=0 crypto rx=0 tx=0 comp rx=0 tx=0).connect
2026-02-18T20:47:40.183 INFO:teuthology.orchestra.run.trial005.stdout:/usr/bin/ceph: stderr
2026-02-18T20:47:40.060+0000 7f8cabfff640 1 -- 10.20.193.5:0/2729525208 <== mon.0 v2:10.20.193.5:3300/0 5 ==== osd_map(2..2 src has 1..2) ==== 940+0+0 (secure 0 0 0) 0x7f8cc0076530 con 0x7f8ccc10a2e0
2026-02-18T20:47:40.183 INFO:teuthology.orchestra.run.trial005.stdout:/usr/bin/ceph: stderr
2026-02-18T20:47:40.060+0000 7f8cca575640 1 --2- 10.20.193.5:0/2729525208 >> [v2:10.20.193.5:6800/2754050736,v1:10.20.193.5:6801/2754050736] conn(0x7f8ca003da80 0x7f8ca003ff40 unknown :-1 s=BANNER_CONNECTING pgs=0 cs=0 l=1 rev1=0 crypto rx=0 tx=0 comp rx=0 tx=0)._handle_peer_banner_payload supported=3 required=0
2026-02-18T20:47:40.183 INFO:teuthology.orchestra.run.trial005.stdout:/usr/bin/ceph: stderr
2026-02-18T20:47:40.060+0000 7f8cca575640 1 --2- 10.20.193.5:0/2729525208 >> [v2:10.20.193.5:6800/2754050736,v1:10.20.193.5:6801/2754050736] conn(0x7f8ca003da80 0x7f8ca003ff40 secure :-1 s=READY pgs=10 cs=0 l=1 rev1=1 crypto rx=0x7f8cb40099c0 tx=0x7f8cb4006eb0 comp rx=0 tx=0).ready entity=mgr.14118 client_cookie=0 server_cookie=0 in_seq=0 out_seq=0
2026-02-18T20:47:40.183 INFO:teuthology.orchestra.run.trial005.stdout:/usr/bin/ceph: stderr
2026-02-18T20:47:40.062+0000 7f8cabfff640 1 -- 10.20.193.5:0/2729525208 <== mon.0 v2:10.20.193.5:3300/0 6 ==== mon_command_ack([{"prefix": "get_command_descriptions"}]=0 v0) ==== 72+0+195034 (secure 0 0 0) 0x7f8cc0049e00 con 0x7f8ccc10a2e0
2026-02-18T20:47:40.183 INFO:teuthology.orchestra.run.trial005.stdout:/usr/bin/ceph: stderr
2026-02-18T20:47:40.146+0000 7f8cd1207640 1 -- 10.20.193.5:0/2729525208 --> [v2:10.20.193.5:6800/2754050736,v1:10.20.193.5:6801/2754050736] -- mgr_command(tid 0: {"prefix": "cephadm get-pub-key", "target": ["mon-mgr", ""]}) -- 0x7f8ccc10cdc0 con 0x7f8ca003da80
2026-02-18T20:47:40.183 INFO:teuthology.orchestra.run.trial005.stdout:/usr/bin/ceph: stderr
2026-02-18T20:47:40.146+0000 7f8cabfff640 1 -- 10.20.193.5:0/2729525208 <== mgr.14118 v2:10.20.193.5:6800/2754050736 1 ==== mgr_command_reply(tid 0: 0 ) ==== 8+0+123 (secure 0 0 0) 0x7f8ccc10cdc0 con 0x7f8ca003da80
2026-02-18T20:47:40.184 INFO:teuthology.orchestra.run.trial005.stdout:/usr/bin/ceph: stderr
2026-02-18T20:47:40.147+0000 7f8cd1207640 1 -- 10.20.193.5:0/2729525208 >> [v2:10.20.193.5:6800/2754050736,v1:10.20.193.5:6801/2754050736] conn(0x7f8ca003da80 msgr2=0x7f8ca003ff40 secure :-1 s=STATE_CONNECTION_ESTABLISHED l=1).mark_down
2026-02-18T20:47:40.184 INFO:teuthology.orchestra.run.trial005.stdout:/usr/bin/ceph: stderr
2026-02-18T20:47:40.147+0000 7f8cd1207640 1 --2- 10.20.193.5:0/2729525208 >> [v2:10.20.193.5:6800/2754050736,v1:10.20.193.5:6801/2754050736] conn(0x7f8ca003da80 0x7f8ca003ff40 secure :-1 s=READY pgs=10 cs=0 l=1 rev1=1 crypto rx=0x7f8cb40099c0 tx=0x7f8cb4006eb0 comp rx=0 tx=0).stop
2026-02-18T20:47:40.184 INFO:teuthology.orchestra.run.trial005.stdout:/usr/bin/ceph: stderr
2026-02-18T20:47:40.147+0000 7f8cd1207640 1 -- 10.20.193.5:0/2729525208 >> [v2:10.20.193.5:3300/0,v1:10.20.193.5:6789/0] conn(0x7f8ccc10a2e0 msgr2=0x7f8ccc1a0130 secure :-1 s=STATE_CONNECTION_ESTABLISHED l=1).mark_down
2026-02-18T20:47:40.184 INFO:teuthology.orchestra.run.trial005.stdout:/usr/bin/ceph: stderr
2026-02-18T20:47:40.147+0000 7f8cd1207640 1 --2- 10.20.193.5:0/2729525208 >> [v2:10.20.193.5:3300/0,v1:10.20.193.5:6789/0] conn(0x7f8ccc10a2e0 0x7f8ccc1a0130 secure :-1 s=READY pgs=42 cs=0 l=1 rev1=1 crypto rx=0x7f8cc0037cd0 tx=0x7f8cc0035b10 comp rx=0 tx=0).stop
2026-02-18T20:47:40.184 INFO:teuthology.orchestra.run.trial005.stdout:/usr/bin/ceph: stderr
2026-02-18T20:47:40.147+0000 7f8cd1207640 1 -- 10.20.193.5:0/2729525208 shutdown_connections
2026-02-18T20:47:40.184 INFO:teuthology.orchestra.run.trial005.stdout:/usr/bin/ceph: stderr
2026-02-18T20:47:40.147+0000 7f8cd1207640 1 --2- 10.20.193.5:0/2729525208 >> [v2:10.20.193.5:6800/2754050736,v1:10.20.193.5:6801/2754050736] conn(0x7f8ca003da80 0x7f8ca003ff40 unknown :-1 s=CLOSED pgs=10 cs=0 l=1 rev1=1 crypto rx=0 tx=0 comp rx=0 tx=0).stop
2026-02-18T20:47:40.184 INFO:teuthology.orchestra.run.trial005.stdout:/usr/bin/ceph: stderr
2026-02-18T20:47:40.147+0000 7f8cd1207640 1 --2- 10.20.193.5:0/2729525208 >> [v2:10.20.193.5:3300/0,v1:10.20.193.5:6789/0] conn(0x7f8ccc10a2e0 0x7f8ccc1a0130 unknown :-1 s=CLOSED pgs=42 cs=0 l=1 rev1=1 crypto rx=0 tx=0 comp rx=0 tx=0).stop
2026-02-18T20:47:40.184 INFO:teuthology.orchestra.run.trial005.stdout:/usr/bin/ceph: stderr
2026-02-18T20:47:40.147+0000 7f8cd1207640 1 -- 10.20.193.5:0/2729525208 >> 10.20.193.5:0/2729525208 conn(0x7f8ccc07d820 msgr2=0x7f8ccc10c6b0 unknown :-1 s=STATE_NONE l=0).mark_down
2026-02-18T20:47:40.184 INFO:teuthology.orchestra.run.trial005.stdout:/usr/bin/ceph: stderr
2026-02-18T20:47:40.147+0000 7f8cd1207640 1 -- 10.20.193.5:0/2729525208 shutdown_connections
2026-02-18T20:47:40.184 INFO:teuthology.orchestra.run.trial005.stdout:/usr/bin/ceph: stderr
2026-02-18T20:47:40.147+0000 7f8cd1207640 1 -- 10.20.193.5:0/2729525208 wait complete.
2026-02-18T20:47:40.184 INFO:teuthology.orchestra.run.trial005.stdout:Wrote public SSH key to /home/ubuntu/cephtest/ceph.pub
2026-02-18T20:47:40.185 INFO:teuthology.orchestra.run.trial005.stdout:Adding key to root@localhost authorized_keys...
2026-02-18T20:47:40.185 INFO:teuthology.orchestra.run.trial005.stdout:Adding host trial005...
2026-02-18T20:47:41.246 INFO:journalctl@ceph.mon.a.trial005.stdout:Feb 18 20:47:40 trial005 ceph-mon[23726]: [18/Feb/2026:20:47:39] ENGINE Serving on https://10.20.193.5:7150
2026-02-18T20:47:41.247 INFO:journalctl@ceph.mon.a.trial005.stdout:Feb 18 20:47:40 trial005 ceph-mon[23726]: [18/Feb/2026:20:47:39] ENGINE Bus STARTED
2026-02-18T20:47:41.247 INFO:journalctl@ceph.mon.a.trial005.stdout:Feb 18 20:47:40 trial005 ceph-mon[23726]: [18/Feb/2026:20:47:39] ENGINE Client ('10.20.193.5', 41530) lost — peer dropped the TLS connection suddenly, during handshake: (6, 'TLS/SSL connection has been closed (EOF) (_ssl.c:1147)')
2026-02-18T20:47:41.247 INFO:journalctl@ceph.mon.a.trial005.stdout:Feb 18 20:47:40 trial005 ceph-mon[23726]: from='client.14130 -' entity='client.admin' cmd=[{"prefix": "orch set backend", "module_name": "cephadm", "target": ["mon-mgr", ""]}]: dispatch
2026-02-18T20:47:41.247 INFO:journalctl@ceph.mon.a.trial005.stdout:Feb 18 20:47:40 trial005 ceph-mon[23726]: from='client.14132 -' entity='client.admin' cmd=[{"prefix": "cephadm set-user", "user": "root", "target": ["mon-mgr", ""]}]: dispatch
2026-02-18T20:47:41.247 INFO:journalctl@ceph.mon.a.trial005.stdout:Feb 18 20:47:40 trial005 ceph-mon[23726]: from='client.14134 -' entity='client.admin' cmd=[{"prefix": "cephadm generate-key", "target": ["mon-mgr", ""]}]: dispatch
2026-02-18T20:47:41.247 INFO:journalctl@ceph.mon.a.trial005.stdout:Feb 18 20:47:40 trial005 ceph-mon[23726]: Generating ssh key...
2026-02-18T20:47:41.247 INFO:journalctl@ceph.mon.a.trial005.stdout:Feb 18 20:47:40 trial005 ceph-mon[23726]: from='client.14136 -' entity='client.admin' cmd=[{"prefix": "cephadm get-pub-key", "target": ["mon-mgr", ""]}]: dispatch
2026-02-18T20:47:41.247 INFO:journalctl@ceph.mon.a.trial005.stdout:Feb 18 20:47:40 trial005 ceph-mon[23726]: mgrmap e8: x(active, since 2s)
2026-02-18T20:47:41.825 INFO:teuthology.orchestra.run.trial005.stdout:/usr/bin/ceph: stdout Added host 'trial005' with addr '10.20.193.5'
2026-02-18T20:47:41.826 INFO:teuthology.orchestra.run.trial005.stdout:/usr/bin/ceph: stderr
2026-02-18T20:47:40.267+0000 7f9171ade640 1 Processor -- start
2026-02-18T20:47:41.826 INFO:teuthology.orchestra.run.trial005.stdout:/usr/bin/ceph: stderr
2026-02-18T20:47:40.267+0000 7f9171ade640 1 -- start start
2026-02-18T20:47:41.826 INFO:teuthology.orchestra.run.trial005.stdout:/usr/bin/ceph: stderr
2026-02-18T20:47:40.267+0000 7f9171ade640 1 --2- >> [v2:10.20.193.5:3300/0,v1:10.20.193.5:6789/0] conn(0x7f916c10a2a0 0x7f916c10a6a0 unknown :-1 s=NONE pgs=0 cs=0 l=0 rev1=0 crypto rx=0 tx=0 comp rx=0 tx=0).connect
2026-02-18T20:47:41.826 INFO:teuthology.orchestra.run.trial005.stdout:/usr/bin/ceph: stderr
2026-02-18T20:47:40.267+0000 7f9171ade640 1 -- --> [v2:10.20.193.5:3300/0,v1:10.20.193.5:6789/0] -- mon_getmap magic: 0 -- 0x7f916c10ac70 con 0x7f916c10a2a0
2026-02-18T20:47:41.826 INFO:teuthology.orchestra.run.trial005.stdout:/usr/bin/ceph: stderr
2026-02-18T20:47:40.267+0000 7f916b7fe640 1 --2- >> [v2:10.20.193.5:3300/0,v1:10.20.193.5:6789/0] conn(0x7f916c10a2a0 0x7f916c10a6a0 unknown :-1 s=BANNER_CONNECTING pgs=0 cs=0 l=0 rev1=0 crypto rx=0 tx=0 comp rx=0 tx=0)._handle_peer_banner_payload supported=3 required=0
2026-02-18T20:47:41.826 INFO:teuthology.orchestra.run.trial005.stdout:/usr/bin/ceph: stderr
2026-02-18T20:47:40.267+0000 7f916b7fe640 1 --2- >> [v2:10.20.193.5:3300/0,v1:10.20.193.5:6789/0] conn(0x7f916c10a2a0 0x7f916c10a6a0 unknown :-1 s=HELLO_CONNECTING pgs=0 cs=0 l=0 rev1=1 crypto rx=0 tx=0 comp rx=0 tx=0).handle_hello peer v2:10.20.193.5:3300/0 says I am v2:10.20.193.5:60466/0 (socket says 10.20.193.5:60466)
2026-02-18T20:47:41.826 INFO:teuthology.orchestra.run.trial005.stdout:/usr/bin/ceph: stderr
2026-02-18T20:47:40.267+0000 7f916b7fe640 1 -- 10.20.193.5:0/2214952628 learned_addr learned my addr 10.20.193.5:0/2214952628 (peer_addr_for_me v2:10.20.193.5:0/0)
2026-02-18T20:47:41.826 INFO:teuthology.orchestra.run.trial005.stdout:/usr/bin/ceph: stderr
2026-02-18T20:47:40.268+0000 7f916b7fe640 1 -- 10.20.193.5:0/2214952628 --> [v2:10.20.193.5:3300/0,v1:10.20.193.5:6789/0] -- mon_subscribe({config=0+,monmap=0+}) -- 0x7f916c10b450 con 0x7f916c10a2a0
2026-02-18T20:47:41.826 INFO:teuthology.orchestra.run.trial005.stdout:/usr/bin/ceph: stderr
2026-02-18T20:47:40.268+0000 7f916b7fe640 1 --2- 10.20.193.5:0/2214952628 >> [v2:10.20.193.5:3300/0,v1:10.20.193.5:6789/0] conn(0x7f916c10a2a0 0x7f916c10a6a0 secure :-1 s=READY pgs=43 cs=0 l=1 rev1=1 crypto rx=0x7f9158009920 tx=0x7f915802ef20 comp rx=0 tx=0).ready entity=mon.0 client_cookie=1dbd78580d5a733e server_cookie=0 in_seq=0 out_seq=0
2026-02-18T20:47:41.826 INFO:teuthology.orchestra.run.trial005.stdout:/usr/bin/ceph: stderr
2026-02-18T20:47:40.268+0000 7f916a7fc640 1 -- 10.20.193.5:0/2214952628 <== mon.0 v2:10.20.193.5:3300/0 1 ==== mon_map magic: 0 ==== 205+0+0 (secure 0 0 0) 0x7f915803c070 con 0x7f916c10a2a0
2026-02-18T20:47:41.827 INFO:teuthology.orchestra.run.trial005.stdout:/usr/bin/ceph: stderr
2026-02-18T20:47:40.268+0000 7f916a7fc640 1 -- 10.20.193.5:0/2214952628 <== mon.0 v2:10.20.193.5:3300/0 2 ==== config(25 keys) ==== 1007+0+0 (secure 0 0 0) 0x7f9158037440 con 0x7f916c10a2a0
2026-02-18T20:47:41.827 INFO:teuthology.orchestra.run.trial005.stdout:/usr/bin/ceph: stderr
2026-02-18T20:47:40.268+0000 7f916a7fc640 1 -- 10.20.193.5:0/2214952628 <== mon.0 v2:10.20.193.5:3300/0 3 ==== mon_map magic: 0 ==== 205+0+0 (secure 0 0 0) 0x7f91580354d0 con 0x7f916c10a2a0
2026-02-18T20:47:41.827 INFO:teuthology.orchestra.run.trial005.stdout:/usr/bin/ceph: stderr
2026-02-18T20:47:40.268+0000 7f9171ade640 1 -- 10.20.193.5:0/2214952628 >> [v2:10.20.193.5:3300/0,v1:10.20.193.5:6789/0] conn(0x7f916c10a2a0 msgr2=0x7f916c10a6a0 secure :-1 s=STATE_CONNECTION_ESTABLISHED l=1).mark_down
2026-02-18T20:47:41.827 INFO:teuthology.orchestra.run.trial005.stdout:/usr/bin/ceph: stderr
2026-02-18T20:47:40.268+0000 7f9171ade640 1 --2- 10.20.193.5:0/2214952628 >> [v2:10.20.193.5:3300/0,v1:10.20.193.5:6789/0] conn(0x7f916c10a2a0 0x7f916c10a6a0 secure :-1 s=READY pgs=43 cs=0 l=1 rev1=1 crypto rx=0x7f9158009920 tx=0x7f915802ef20 comp rx=0 tx=0).stop
2026-02-18T20:47:41.827 INFO:teuthology.orchestra.run.trial005.stdout:/usr/bin/ceph: stderr
2026-02-18T20:47:40.268+0000 7f9171ade640 1 -- 10.20.193.5:0/2214952628 shutdown_connections
2026-02-18T20:47:41.827 INFO:teuthology.orchestra.run.trial005.stdout:/usr/bin/ceph: stderr
2026-02-18T20:47:40.268+0000 7f9171ade640 1 --2- 10.20.193.5:0/2214952628 >> [v2:10.20.193.5:3300/0,v1:10.20.193.5:6789/0] conn(0x7f916c10a2a0 0x7f916c10a6a0 unknown :-1 s=CLOSED pgs=43 cs=0 l=1 rev1=1 crypto rx=0 tx=0 comp rx=0 tx=0).stop
2026-02-18T20:47:41.827 INFO:teuthology.orchestra.run.trial005.stdout:/usr/bin/ceph: stderr
2026-02-18T20:47:40.268+0000 7f9171ade640 1 -- 10.20.193.5:0/2214952628 >> 10.20.193.5:0/2214952628 conn(0x7f916c07d890 msgr2=0x7f916c108670 unknown :-1 s=STATE_NONE l=0).mark_down
2026-02-18T20:47:41.827 INFO:teuthology.orchestra.run.trial005.stdout:/usr/bin/ceph: stderr
2026-02-18T20:47:40.268+0000 7f9171ade640 1 -- 10.20.193.5:0/2214952628 shutdown_connections
2026-02-18T20:47:41.827 INFO:teuthology.orchestra.run.trial005.stdout:/usr/bin/ceph: stderr
2026-02-18T20:47:40.268+0000 7f9171ade640 1 -- 10.20.193.5:0/2214952628 wait complete.
2026-02-18T20:47:41.827 INFO:teuthology.orchestra.run.trial005.stdout:/usr/bin/ceph: stderr
2026-02-18T20:47:40.269+0000 7f9171ade640 1 Processor -- start
2026-02-18T20:47:41.827 INFO:teuthology.orchestra.run.trial005.stdout:/usr/bin/ceph: stderr
2026-02-18T20:47:40.269+0000 7f9171ade640 1 -- start start
2026-02-18T20:47:41.828 INFO:teuthology.orchestra.run.trial005.stdout:/usr/bin/ceph: stderr
2026-02-18T20:47:40.269+0000 7f9171ade640 1 --2- >> [v2:10.20.193.5:3300/0,v1:10.20.193.5:6789/0] conn(0x7f916c10a2a0 0x7f916c1a00c0 unknown :-1 s=NONE pgs=0 cs=0 l=1 rev1=0 crypto rx=0 tx=0 comp rx=0 tx=0).connect
2026-02-18T20:47:41.828 INFO:teuthology.orchestra.run.trial005.stdout:/usr/bin/ceph: stderr
2026-02-18T20:47:40.269+0000 7f9171ade640 1 -- --> [v2:10.20.193.5:3300/0,v1:10.20.193.5:6789/0] -- mon_getmap magic: 0 -- 0x7f916c10e680 con 0x7f916c10a2a0
2026-02-18T20:47:41.828 INFO:teuthology.orchestra.run.trial005.stdout:/usr/bin/ceph: stderr
2026-02-18T20:47:40.269+0000 7f916b7fe640 1 --2- >> [v2:10.20.193.5:3300/0,v1:10.20.193.5:6789/0] conn(0x7f916c10a2a0 0x7f916c1a00c0 unknown :-1 s=BANNER_CONNECTING pgs=0 cs=0 l=1 rev1=0 crypto rx=0 tx=0 comp rx=0 tx=0)._handle_peer_banner_payload supported=3 required=0
2026-02-18T20:47:41.828 INFO:teuthology.orchestra.run.trial005.stdout:/usr/bin/ceph: stderr
2026-02-18T20:47:40.269+0000 7f916b7fe640 1 --2- >> [v2:10.20.193.5:3300/0,v1:10.20.193.5:6789/0] conn(0x7f916c10a2a0 0x7f916c1a00c0 unknown :-1 s=HELLO_CONNECTING pgs=0 cs=0 l=1 rev1=1 crypto rx=0 tx=0 comp rx=0 tx=0).handle_hello peer v2:10.20.193.5:3300/0 says I am v2:10.20.193.5:60478/0 (socket says 10.20.193.5:60478)
2026-02-18T20:47:41.828 INFO:teuthology.orchestra.run.trial005.stdout:/usr/bin/ceph: stderr
2026-02-18T20:47:40.269+0000 7f916b7fe640 1 -- 10.20.193.5:0/1273551524 learned_addr learned my addr 10.20.193.5:0/1273551524 (peer_addr_for_me v2:10.20.193.5:0/0)
2026-02-18T20:47:41.828 INFO:teuthology.orchestra.run.trial005.stdout:/usr/bin/ceph: stderr
2026-02-18T20:47:40.269+0000 7f916b7fe640 1 -- 10.20.193.5:0/1273551524 --> [v2:10.20.193.5:3300/0,v1:10.20.193.5:6789/0] -- mon_subscribe({config=0+,monmap=0+}) -- 0x7f916c1a0600 con 0x7f916c10a2a0
2026-02-18T20:47:41.828 INFO:teuthology.orchestra.run.trial005.stdout:/usr/bin/ceph: stderr
2026-02-18T20:47:40.269+0000 7f916b7fe640 1 --2- 10.20.193.5:0/1273551524 >> [v2:10.20.193.5:3300/0,v1:10.20.193.5:6789/0] conn(0x7f916c10a2a0 0x7f916c1a00c0 secure :-1 s=READY pgs=44 cs=0 l=1 rev1=1 crypto rx=0x7f9158002410 tx=0x7f9158035ac0 comp rx=0 tx=0).ready entity=mon.0 client_cookie=0 server_cookie=0 in_seq=0 out_seq=0
2026-02-18T20:47:41.828 INFO:teuthology.orchestra.run.trial005.stdout:/usr/bin/ceph: stderr
2026-02-18T20:47:40.269+0000 7f9168ff9640 1 -- 10.20.193.5:0/1273551524 <== mon.0 v2:10.20.193.5:3300/0 1 ==== mon_map magic: 0 ==== 205+0+0 (secure 0 0 0) 0x7f9158045070 con 0x7f916c10a2a0
2026-02-18T20:47:41.828 INFO:teuthology.orchestra.run.trial005.stdout:/usr/bin/ceph: stderr
2026-02-18T20:47:40.269+0000 7f9168ff9640 1 -- 10.20.193.5:0/1273551524 <== mon.0 v2:10.20.193.5:3300/0 2 ==== config(25 keys) ==== 1007+0+0 (secure 0 0 0) 0x7f915802fe00 con 0x7f916c10a2a0
2026-02-18T20:47:41.828 INFO:teuthology.orchestra.run.trial005.stdout:/usr/bin/ceph: stderr
2026-02-18T20:47:40.269+0000 7f9171ade640 1 -- 10.20.193.5:0/1273551524 --> [v2:10.20.193.5:3300/0,v1:10.20.193.5:6789/0] -- mon_subscribe({mgrmap=0+}) -- 0x7f916c1a0890 con 0x7f916c10a2a0
2026-02-18T20:47:41.828 INFO:teuthology.orchestra.run.trial005.stdout:/usr/bin/ceph: stderr
2026-02-18T20:47:40.269+0000 7f9168ff9640 1 -- 10.20.193.5:0/1273551524 <== mon.0 v2:10.20.193.5:3300/0 3 ==== mon_map magic: 0 ==== 205+0+0 (secure 0 0 0) 0x7f915803c070 con 0x7f916c10a2a0
2026-02-18T20:47:41.828 INFO:teuthology.orchestra.run.trial005.stdout:/usr/bin/ceph: stderr
2026-02-18T20:47:40.269+0000 7f9171ade640 1 -- 10.20.193.5:0/1273551524 --> [v2:10.20.193.5:3300/0,v1:10.20.193.5:6789/0] -- mon_subscribe({osdmap=0}) -- 0x7f916c1a3580 con 0x7f916c10a2a0
2026-02-18T20:47:41.829 INFO:teuthology.orchestra.run.trial005.stdout:/usr/bin/ceph: stderr
2026-02-18T20:47:40.270+0000 7f9171ade640 1 -- 10.20.193.5:0/1273551524 --> [v2:10.20.193.5:3300/0,v1:10.20.193.5:6789/0] -- mon_command({"prefix": "get_command_descriptions"} v 0) -- 0x7f916c10a720 con 0x7f916c10a2a0
2026-02-18T20:47:41.829 INFO:teuthology.orchestra.run.trial005.stdout:/usr/bin/ceph: stderr
2026-02-18T20:47:40.270+0000 7f9168ff9640 1 -- 10.20.193.5:0/1273551524 <== mon.0 v2:10.20.193.5:3300/0 4 ==== mgrmap(e 7) ==== 50141+0+0 (secure 0 0 0) 0x7f9158040650 con 0x7f916c10a2a0
2026-02-18T20:47:41.829 INFO:teuthology.orchestra.run.trial005.stdout:/usr/bin/ceph: stderr
2026-02-18T20:47:40.270+0000 7f9168ff9640 1 --2- 10.20.193.5:0/1273551524 >> [v2:10.20.193.5:6800/2754050736,v1:10.20.193.5:6801/2754050736] conn(0x7f914003dad0 0x7f914003ff90 unknown :-1 s=NONE pgs=0 cs=0 l=1 rev1=0 crypto rx=0 tx=0 comp rx=0 tx=0).connect
2026-02-18T20:47:41.829 INFO:teuthology.orchestra.run.trial005.stdout:/usr/bin/ceph: stderr
2026-02-18T20:47:40.270+0000 7f9168ff9640 1 -- 10.20.193.5:0/1273551524 <== mon.0 v2:10.20.193.5:3300/0 5 ==== osd_map(2..2 src has 1..2) ==== 940+0+0 (secure 0 0 0) 0x7f9158076780 con 0x7f916c10a2a0
2026-02-18T20:47:41.829 INFO:teuthology.orchestra.run.trial005.stdout:/usr/bin/ceph: stderr
