2026-02-18T20:57:21.658+0000 7fe252ffd640 1 --2- 10.20.193.16:0/4087337548 >> [v2:10.20.193.16:6800/210580451,v1:10.20.193.16:6801/210580451] conn(0x7fe22803dc40 0x7fe228040100 unknown :-1 s=START_CONNECT pgs=0 cs=0 l=1 rev1=0 crypto rx=0 tx=0 comp rx=0 tx=0)._fault waiting 3.200000
2026-02-18T20:57:22.872 INFO:teuthology.orchestra.run.trial016.stdout:/usr/bin/ceph: stderr
2026-02-18T20:57:21.775+0000 7fe250ff9640 1 -- 10.20.193.16:0/4087337548 <== mon.0 v2:10.20.193.16:3300/0 6 ==== mgrmap(e 9) ==== 50027+0+0 (secure 0 0 0) 0x7fe2400359e0 con 0x7fe25410a4b0
2026-02-18T20:57:22.872 INFO:teuthology.orchestra.run.trial016.stdout:/usr/bin/ceph: stderr
2026-02-18T20:57:21.775+0000 7fe250ff9640 1 -- 10.20.193.16:0/4087337548 >> [v2:10.20.193.16:6800/210580451,v1:10.20.193.16:6801/210580451] conn(0x7fe22803dc40 msgr2=0x7fe228040100 unknown :-1 s=STATE_CONNECTING l=1).mark_down
2026-02-18T20:57:22.872 INFO:teuthology.orchestra.run.trial016.stdout:/usr/bin/ceph: stderr
2026-02-18T20:57:21.775+0000 7fe250ff9640 1 --2- 10.20.193.16:0/4087337548 >> [v2:10.20.193.16:6800/210580451,v1:10.20.193.16:6801/210580451] conn(0x7fe22803dc40 0x7fe228040100 unknown :-1 s=START_CONNECT pgs=0 cs=0 l=1 rev1=0 crypto rx=0 tx=0 comp rx=0 tx=0).stop
2026-02-18T20:57:22.872 INFO:teuthology.orchestra.run.trial016.stdout:/usr/bin/ceph: stderr
2026-02-18T20:57:22.777+0000 7fe250ff9640 1 -- 10.20.193.16:0/4087337548 <== mon.0 v2:10.20.193.16:3300/0 7 ==== mgrmap(e 10) ==== 50154+0+0 (secure 0 0 0) 0x7fe240078110 con 0x7fe25410a4b0
2026-02-18T20:57:22.872 INFO:teuthology.orchestra.run.trial016.stdout:/usr/bin/ceph: stderr
2026-02-18T20:57:22.777+0000 7fe250ff9640 1 --2- 10.20.193.16:0/4087337548 >> [v2:10.20.193.16:6800/2756778647,v1:10.20.193.16:6801/2756778647] conn(0x7fe228041530 0x7fe228043920 unknown :-1 s=NONE pgs=0 cs=0 l=1 rev1=0 crypto rx=0 tx=0 comp rx=0 tx=0).connect
2026-02-18T20:57:22.872 INFO:teuthology.orchestra.run.trial016.stdout:/usr/bin/ceph: stderr
2026-02-18T20:57:22.777+0000 7fe250ff9640 1 -- 10.20.193.16:0/4087337548 --> [v2:10.20.193.16:6800/2756778647,v1:10.20.193.16:6801/2756778647] -- command(tid 0: {"prefix": "get_command_descriptions"}) -- 0x7fe240007e50 con 0x7fe228041530
2026-02-18T20:57:22.873 INFO:teuthology.orchestra.run.trial016.stdout:/usr/bin/ceph: stderr
2026-02-18T20:57:22.778+0000 7fe252ffd640 1 --2- 10.20.193.16:0/4087337548 >> [v2:10.20.193.16:6800/2756778647,v1:10.20.193.16:6801/2756778647] conn(0x7fe228041530 0x7fe228043920 unknown :-1 s=BANNER_CONNECTING pgs=0 cs=0 l=1 rev1=0 crypto rx=0 tx=0 comp rx=0 tx=0)._handle_peer_banner_payload supported=3 required=0
2026-02-18T20:57:22.873 INFO:teuthology.orchestra.run.trial016.stdout:/usr/bin/ceph: stderr
2026-02-18T20:57:22.779+0000 7fe252ffd640 1 --2- 10.20.193.16:0/4087337548 >> [v2:10.20.193.16:6800/2756778647,v1:10.20.193.16:6801/2756778647] conn(0x7fe228041530 0x7fe228043920 secure :-1 s=READY pgs=1 cs=0 l=1 rev1=1 crypto rx=0x7fe244003a80 tx=0x7fe2440092b0 comp rx=0 tx=0).ready entity=mgr.14150 client_cookie=0 server_cookie=0 in_seq=0 out_seq=0
2026-02-18T20:57:22.873 INFO:teuthology.orchestra.run.trial016.stdout:/usr/bin/ceph: stderr
2026-02-18T20:57:22.779+0000 7fe250ff9640 1 -- 10.20.193.16:0/4087337548 <== mgr.14150 v2:10.20.193.16:6800/2756778647 1 ==== command_reply(tid 0: 0 ) ==== 8+0+8901 (secure 0 0 0) 0x7fe240007e50 con 0x7fe228041530
2026-02-18T20:57:22.873 INFO:teuthology.orchestra.run.trial016.stdout:/usr/bin/ceph: stderr
2026-02-18T20:57:22.783+0000 7fe25a033640 1 -- 10.20.193.16:0/4087337548 --> [v2:10.20.193.16:6800/2756778647,v1:10.20.193.16:6801/2756778647] -- command(tid 1: {"prefix": "mgr_status"}) -- 0x7fe25410eb60 con 0x7fe228041530
2026-02-18T20:57:22.873 INFO:teuthology.orchestra.run.trial016.stdout:/usr/bin/ceph: stderr
2026-02-18T20:57:22.783+0000 7fe250ff9640 1 -- 10.20.193.16:0/4087337548 <== mgr.14150 v2:10.20.193.16:6800/2756778647 2 ==== command_reply(tid 1: 0 ) ==== 8+0+52 (secure 0 0 0) 0x7fe25410eb60 con 0x7fe228041530
2026-02-18T20:57:22.873 INFO:teuthology.orchestra.run.trial016.stdout:/usr/bin/ceph: stderr
2026-02-18T20:57:22.783+0000 7fe25a033640 1 -- 10.20.193.16:0/4087337548 >> [v2:10.20.193.16:6800/2756778647,v1:10.20.193.16:6801/2756778647] conn(0x7fe228041530 msgr2=0x7fe228043920 secure :-1 s=STATE_CONNECTION_ESTABLISHED l=1).mark_down
2026-02-18T20:57:22.873 INFO:teuthology.orchestra.run.trial016.stdout:/usr/bin/ceph: stderr
2026-02-18T20:57:22.783+0000 7fe25a033640 1 --2- 10.20.193.16:0/4087337548 >> [v2:10.20.193.16:6800/2756778647,v1:10.20.193.16:6801/2756778647] conn(0x7fe228041530 0x7fe228043920 secure :-1 s=READY pgs=1 cs=0 l=1 rev1=1 crypto rx=0x7fe244003a80 tx=0x7fe2440092b0 comp rx=0 tx=0).stop
2026-02-18T20:57:22.873 INFO:teuthology.orchestra.run.trial016.stdout:/usr/bin/ceph: stderr
2026-02-18T20:57:22.783+0000 7fe25a033640 1 -- 10.20.193.16:0/4087337548 >> [v2:10.20.193.16:3300/0,v1:10.20.193.16:6789/0] conn(0x7fe25410a4b0 msgr2=0x7fe2541a0330 secure :-1 s=STATE_CONNECTION_ESTABLISHED l=1).mark_down
2026-02-18T20:57:22.873 INFO:teuthology.orchestra.run.trial016.stdout:/usr/bin/ceph: stderr
2026-02-18T20:57:22.783+0000 7fe25a033640 1 --2- 10.20.193.16:0/4087337548 >> [v2:10.20.193.16:3300/0,v1:10.20.193.16:6789/0] conn(0x7fe25410a4b0 0x7fe2541a0330 secure :-1 s=READY pgs=60 cs=0 l=1 rev1=1 crypto rx=0x7fe240002410 tx=0x7fe240037820 comp rx=0 tx=0).stop
2026-02-18T20:57:22.873 INFO:teuthology.orchestra.run.trial016.stdout:/usr/bin/ceph: stderr
2026-02-18T20:57:22.783+0000 7fe25a033640 1 -- 10.20.193.16:0/4087337548 shutdown_connections
2026-02-18T20:57:22.873 INFO:teuthology.orchestra.run.trial016.stdout:/usr/bin/ceph: stderr
2026-02-18T20:57:22.783+0000 7fe25a033640 1 --2- 10.20.193.16:0/4087337548 >> [v2:10.20.193.16:6800/2756778647,v1:10.20.193.16:6801/2756778647] conn(0x7fe228041530 0x7fe228043920 unknown :-1 s=CLOSED pgs=1 cs=0 l=1 rev1=1 crypto rx=0 tx=0 comp rx=0 tx=0).stop
2026-02-18T20:57:22.873 INFO:teuthology.orchestra.run.trial016.stdout:/usr/bin/ceph: stderr
2026-02-18T20:57:22.783+0000 7fe25a033640 1 --2- 10.20.193.16:0/4087337548 >> [v2:10.20.193.16:6800/210580451,v1:10.20.193.16:6801/210580451] conn(0x7fe22803dc40 0x7fe228040100 unknown :-1 s=CLOSED pgs=0 cs=0 l=1 rev1=0 crypto rx=0 tx=0 comp rx=0 tx=0).stop
2026-02-18T20:57:22.874 INFO:teuthology.orchestra.run.trial016.stdout:/usr/bin/ceph: stderr
2026-02-18T20:57:22.783+0000 7fe25a033640 1 --2- 10.20.193.16:0/4087337548 >> [v2:10.20.193.16:3300/0,v1:10.20.193.16:6789/0] conn(0x7fe25410a4b0 0x7fe2541a0330 unknown :-1 s=CLOSED pgs=60 cs=0 l=1 rev1=1 crypto rx=0 tx=0 comp rx=0 tx=0).stop
2026-02-18T20:57:22.874 INFO:teuthology.orchestra.run.trial016.stdout:/usr/bin/ceph: stderr
2026-02-18T20:57:22.783+0000 7fe25a033640 1 -- 10.20.193.16:0/4087337548 >> 10.20.193.16:0/4087337548 conn(0x7fe25407dbf0 msgr2=0x7fe254107e50 unknown :-1 s=STATE_NONE l=0).mark_down
2026-02-18T20:57:22.874 INFO:teuthology.orchestra.run.trial016.stdout:/usr/bin/ceph: stderr
2026-02-18T20:57:22.784+0000 7fe25a033640 1 -- 10.20.193.16:0/4087337548 shutdown_connections
2026-02-18T20:57:22.874 INFO:teuthology.orchestra.run.trial016.stdout:/usr/bin/ceph: stderr
2026-02-18T20:57:22.784+0000 7fe25a033640 1 -- 10.20.193.16:0/4087337548 wait complete.
2026-02-18T20:57:22.874 INFO:teuthology.orchestra.run.trial016.stdout:mgr epoch 8 is available
2026-02-18T20:57:22.874 INFO:teuthology.orchestra.run.trial016.stdout:Generating a dashboard self-signed certificate...
2026-02-18T20:57:23.310 INFO:teuthology.orchestra.run.trial016.stdout:/usr/bin/ceph: stdout Self-signed certificate created
2026-02-18T20:57:23.311 INFO:teuthology.orchestra.run.trial016.stdout:/usr/bin/ceph: stderr
2026-02-18T20:57:23.031+0000 7f57faf1a640 1 Processor -- start
2026-02-18T20:57:23.311 INFO:teuthology.orchestra.run.trial016.stdout:/usr/bin/ceph: stderr
2026-02-18T20:57:23.031+0000 7f57faf1a640 1 -- start start
2026-02-18T20:57:23.311 INFO:teuthology.orchestra.run.trial016.stdout:/usr/bin/ceph: stderr
2026-02-18T20:57:23.031+0000 7f57faf1a640 1 --2- >> [v2:10.20.193.16:3300/0,v1:10.20.193.16:6789/0] conn(0x7f57f410a2a0 0x7f57f410a6a0 unknown :-1 s=NONE pgs=0 cs=0 l=0 rev1=0 crypto rx=0 tx=0 comp rx=0 tx=0).connect
2026-02-18T20:57:23.311 INFO:teuthology.orchestra.run.trial016.stdout:/usr/bin/ceph: stderr
2026-02-18T20:57:23.031+0000 7f57faf1a640 1 -- --> [v2:10.20.193.16:3300/0,v1:10.20.193.16:6789/0] -- mon_getmap magic: 0 -- 0x7f57f410ac70 con 0x7f57f410a2a0
2026-02-18T20:57:23.311 INFO:teuthology.orchestra.run.trial016.stdout:/usr/bin/ceph: stderr
2026-02-18T20:57:23.032+0000 7f57f9f18640 1 --2- >> [v2:10.20.193.16:3300/0,v1:10.20.193.16:6789/0] conn(0x7f57f410a2a0 0x7f57f410a6a0 unknown :-1 s=BANNER_CONNECTING pgs=0 cs=0 l=0 rev1=0 crypto rx=0 tx=0 comp rx=0 tx=0)._handle_peer_banner_payload supported=3 required=0
2026-02-18T20:57:23.311 INFO:teuthology.orchestra.run.trial016.stdout:/usr/bin/ceph: stderr
2026-02-18T20:57:23.032+0000 7f57f9f18640 1 --2- >> [v2:10.20.193.16:3300/0,v1:10.20.193.16:6789/0] conn(0x7f57f410a2a0 0x7f57f410a6a0 unknown :-1 s=HELLO_CONNECTING pgs=0 cs=0 l=0 rev1=1 crypto rx=0 tx=0 comp rx=0 tx=0).handle_hello peer v2:10.20.193.16:3300/0 says I am v2:10.20.193.16:54234/0 (socket says 10.20.193.16:54234)
2026-02-18T20:57:23.312 INFO:teuthology.orchestra.run.trial016.stdout:/usr/bin/ceph: stderr
2026-02-18T20:57:23.032+0000 7f57f9f18640 1 -- 10.20.193.16:0/3443008716 learned_addr learned my addr 10.20.193.16:0/3443008716 (peer_addr_for_me v2:10.20.193.16:0/0)
2026-02-18T20:57:23.312 INFO:teuthology.orchestra.run.trial016.stdout:/usr/bin/ceph: stderr
2026-02-18T20:57:23.032+0000 7f57f9f18640 1 -- 10.20.193.16:0/3443008716 --> [v2:10.20.193.16:3300/0,v1:10.20.193.16:6789/0] -- mon_subscribe({config=0+,monmap=0+}) -- 0x7f57f410b450 con 0x7f57f410a2a0
2026-02-18T20:57:23.312 INFO:teuthology.orchestra.run.trial016.stdout:/usr/bin/ceph: stderr
2026-02-18T20:57:23.033+0000 7f57f9f18640 1 --2- 10.20.193.16:0/3443008716 >> [v2:10.20.193.16:3300/0,v1:10.20.193.16:6789/0] conn(0x7f57f410a2a0 0x7f57f410a6a0 secure :-1 s=READY pgs=68 cs=0 l=1 rev1=1 crypto rx=0x7f57e4009b80 tx=0x7f57e402f190 comp rx=0 tx=0).ready entity=mon.0 client_cookie=81488e907fef776d server_cookie=0 in_seq=0 out_seq=0
2026-02-18T20:57:23.312 INFO:teuthology.orchestra.run.trial016.stdout:/usr/bin/ceph: stderr
2026-02-18T20:57:23.033+0000 7f57f8f16640 1 -- 10.20.193.16:0/3443008716 <== mon.0 v2:10.20.193.16:3300/0 1 ==== mon_map magic: 0 ==== 205+0+0 (secure 0 0 0) 0x7f57e403c070 con 0x7f57f410a2a0
2026-02-18T20:57:23.312 INFO:teuthology.orchestra.run.trial016.stdout:/usr/bin/ceph: stderr
2026-02-18T20:57:23.033+0000 7f57f8f16640 1 -- 10.20.193.16:0/3443008716 <== mon.0 v2:10.20.193.16:3300/0 2 ==== config(26 keys) ==== 1076+0+0 (secure 0 0 0) 0x7f57e4037440 con 0x7f57f410a2a0
2026-02-18T20:57:23.312 INFO:teuthology.orchestra.run.trial016.stdout:/usr/bin/ceph: stderr
2026-02-18T20:57:23.033+0000 7f57f8f16640 1 -- 10.20.193.16:0/3443008716 <== mon.0 v2:10.20.193.16:3300/0 3 ==== mon_map magic: 0 ==== 205+0+0 (secure 0 0 0) 0x7f57e4035510 con 0x7f57f410a2a0
2026-02-18T20:57:23.312 INFO:teuthology.orchestra.run.trial016.stdout:/usr/bin/ceph: stderr
2026-02-18T20:57:23.033+0000 7f57faf1a640 1 -- 10.20.193.16:0/3443008716 >> [v2:10.20.193.16:3300/0,v1:10.20.193.16:6789/0] conn(0x7f57f410a2a0 msgr2=0x7f57f410a6a0 secure :-1 s=STATE_CONNECTION_ESTABLISHED l=1).mark_down
2026-02-18T20:57:23.313 INFO:teuthology.orchestra.run.trial016.stdout:/usr/bin/ceph: stderr
2026-02-18T20:57:23.033+0000 7f57faf1a640 1 --2- 10.20.193.16:0/3443008716 >> [v2:10.20.193.16:3300/0,v1:10.20.193.16:6789/0] conn(0x7f57f410a2a0 0x7f57f410a6a0 secure :-1 s=READY pgs=68 cs=0 l=1 rev1=1 crypto rx=0x7f57e4009b80 tx=0x7f57e402f190 comp rx=0 tx=0).stop
2026-02-18T20:57:23.313 INFO:teuthology.orchestra.run.trial016.stdout:/usr/bin/ceph: stderr
2026-02-18T20:57:23.033+0000 7f57faf1a640 1 -- 10.20.193.16:0/3443008716 shutdown_connections
2026-02-18T20:57:23.313 INFO:teuthology.orchestra.run.trial016.stdout:/usr/bin/ceph: stderr
2026-02-18T20:57:23.033+0000 7f57faf1a640 1 --2- 10.20.193.16:0/3443008716 >> [v2:10.20.193.16:3300/0,v1:10.20.193.16:6789/0] conn(0x7f57f410a2a0 0x7f57f410a6a0 unknown :-1 s=CLOSED pgs=68 cs=0 l=1 rev1=1 crypto rx=0 tx=0 comp rx=0 tx=0).stop
2026-02-18T20:57:23.313 INFO:teuthology.orchestra.run.trial016.stdout:/usr/bin/ceph: stderr
2026-02-18T20:57:23.033+0000 7f57faf1a640 1 -- 10.20.193.16:0/3443008716 >> 10.20.193.16:0/3443008716 conn(0x7f57f407d9d0 msgr2=0x7f57f4108670 unknown :-1 s=STATE_NONE l=0).mark_down
2026-02-18T20:57:23.313 INFO:teuthology.orchestra.run.trial016.stdout:/usr/bin/ceph: stderr
2026-02-18T20:57:23.033+0000 7f57faf1a640 1 -- 10.20.193.16:0/3443008716 shutdown_connections
2026-02-18T20:57:23.313 INFO:teuthology.orchestra.run.trial016.stdout:/usr/bin/ceph: stderr
2026-02-18T20:57:23.033+0000 7f57faf1a640 1 -- 10.20.193.16:0/3443008716 wait complete.
2026-02-18T20:57:23.313 INFO:teuthology.orchestra.run.trial016.stdout:/usr/bin/ceph: stderr
2026-02-18T20:57:23.034+0000 7f57faf1a640 1 Processor -- start
2026-02-18T20:57:23.314 INFO:teuthology.orchestra.run.trial016.stdout:/usr/bin/ceph: stderr
2026-02-18T20:57:23.034+0000 7f57faf1a640 1 -- start start
2026-02-18T20:57:23.314 INFO:teuthology.orchestra.run.trial016.stdout:/usr/bin/ceph: stderr
2026-02-18T20:57:23.034+0000 7f57faf1a640 1 --2- >> [v2:10.20.193.16:3300/0,v1:10.20.193.16:6789/0] conn(0x7f57f410a2a0 0x7f57f41a0180 unknown :-1 s=NONE pgs=0 cs=0 l=1 rev1=0 crypto rx=0 tx=0 comp rx=0 tx=0).connect
2026-02-18T20:57:23.314 INFO:teuthology.orchestra.run.trial016.stdout:/usr/bin/ceph: stderr
2026-02-18T20:57:23.034+0000 7f57faf1a640 1 -- --> [v2:10.20.193.16:3300/0,v1:10.20.193.16:6789/0] -- mon_getmap magic: 0 -- 0x7f57f410e800 con 0x7f57f410a2a0
2026-02-18T20:57:23.314 INFO:teuthology.orchestra.run.trial016.stdout:/usr/bin/ceph: stderr
2026-02-18T20:57:23.034+0000 7f57f9f18640 1 --2- >> [v2:10.20.193.16:3300/0,v1:10.20.193.16:6789/0] conn(0x7f57f410a2a0 0x7f57f41a0180 unknown :-1 s=BANNER_CONNECTING pgs=0 cs=0 l=1 rev1=0 crypto rx=0 tx=0 comp rx=0 tx=0)._handle_peer_banner_payload supported=3 required=0
2026-02-18T20:57:23.314 INFO:teuthology.orchestra.run.trial016.stdout:/usr/bin/ceph: stderr
2026-02-18T20:57:23.035+0000 7f57f9f18640 1 --2- >> [v2:10.20.193.16:3300/0,v1:10.20.193.16:6789/0] conn(0x7f57f410a2a0 0x7f57f41a0180 unknown :-1 s=HELLO_CONNECTING pgs=0 cs=0 l=1 rev1=1 crypto rx=0 tx=0 comp rx=0 tx=0).handle_hello peer v2:10.20.193.16:3300/0 says I am v2:10.20.193.16:54250/0 (socket says 10.20.193.16:54250)
2026-02-18T20:57:23.314 INFO:teuthology.orchestra.run.trial016.stdout:/usr/bin/ceph: stderr
2026-02-18T20:57:23.035+0000 7f57f9f18640 1 -- 10.20.193.16:0/2748713042 learned_addr learned my addr 10.20.193.16:0/2748713042 (peer_addr_for_me v2:10.20.193.16:0/0)
2026-02-18T20:57:23.314 INFO:teuthology.orchestra.run.trial016.stdout:/usr/bin/ceph: stderr
2026-02-18T20:57:23.035+0000 7f57f9f18640 1 -- 10.20.193.16:0/2748713042 --> [v2:10.20.193.16:3300/0,v1:10.20.193.16:6789/0] -- mon_subscribe({config=0+,monmap=0+}) -- 0x7f57f41a06c0 con 0x7f57f410a2a0
2026-02-18T20:57:23.315 INFO:teuthology.orchestra.run.trial016.stdout:/usr/bin/ceph: stderr
2026-02-18T20:57:23.035+0000 7f57f9f18640 1 --2- 10.20.193.16:0/2748713042 >> [v2:10.20.193.16:3300/0,v1:10.20.193.16:6789/0] conn(0x7f57f410a2a0 0x7f57f41a0180 secure :-1 s=READY pgs=69 cs=0 l=1 rev1=1 crypto rx=0x7f57e4037830 tx=0x7f57e4037860 comp rx=0 tx=0).ready entity=mon.0 client_cookie=0 server_cookie=0 in_seq=0 out_seq=0
2026-02-18T20:57:23.315 INFO:teuthology.orchestra.run.trial016.stdout:/usr/bin/ceph: stderr
2026-02-18T20:57:23.035+0000 7f57e2ffd640 1 -- 10.20.193.16:0/2748713042 <== mon.0 v2:10.20.193.16:3300/0 1 ==== mon_map magic: 0 ==== 205+0+0 (secure 0 0 0) 0x7f57e4047070 con 0x7f57f410a2a0
2026-02-18T20:57:23.315 INFO:teuthology.orchestra.run.trial016.stdout:/usr/bin/ceph: stderr
2026-02-18T20:57:23.035+0000 7f57e2ffd640 1 -- 10.20.193.16:0/2748713042 <== mon.0 v2:10.20.193.16:3300/0 2 ==== config(26 keys) ==== 1076+0+0 (secure 0 0 0) 0x7f57e4035de0 con 0x7f57f410a2a0
2026-02-18T20:57:23.315 INFO:teuthology.orchestra.run.trial016.stdout:/usr/bin/ceph: stderr
2026-02-18T20:57:23.035+0000 7f57faf1a640 1 -- 10.20.193.16:0/2748713042 --> [v2:10.20.193.16:3300/0,v1:10.20.193.16:6789/0] -- mon_subscribe({mgrmap=0+}) -- 0x7f57f41a0950 con 0x7f57f410a2a0
2026-02-18T20:57:23.315 INFO:teuthology.orchestra.run.trial016.stdout:/usr/bin/ceph: stderr
2026-02-18T20:57:23.035+0000 7f57e2ffd640 1 -- 10.20.193.16:0/2748713042 <== mon.0 v2:10.20.193.16:3300/0 3 ==== mon_map magic: 0 ==== 205+0+0 (secure 0 0 0) 0x7f57e403c070 con 0x7f57f410a2a0
2026-02-18T20:57:23.315 INFO:teuthology.orchestra.run.trial016.stdout:/usr/bin/ceph: stderr
2026-02-18T20:57:23.035+0000 7f57faf1a640 1 -- 10.20.193.16:0/2748713042 --> [v2:10.20.193.16:3300/0,v1:10.20.193.16:6789/0] -- mon_subscribe({osdmap=0}) -- 0x7f57f41a3640 con 0x7f57f410a2a0
2026-02-18T20:57:23.315 INFO:teuthology.orchestra.run.trial016.stdout:/usr/bin/ceph: stderr
2026-02-18T20:57:23.036+0000 7f57faf1a640 1 -- 10.20.193.16:0/2748713042 --> [v2:10.20.193.16:3300/0,v1:10.20.193.16:6789/0] -- mon_command({"prefix": "get_command_descriptions"} v 0) -- 0x7f57f410e980 con 0x7f57f410a2a0
2026-02-18T20:57:23.315 INFO:teuthology.orchestra.run.trial016.stdout:/usr/bin/ceph: stderr
2026-02-18T20:57:23.036+0000 7f57e2ffd640 1 -- 10.20.193.16:0/2748713042 <== mon.0 v2:10.20.193.16:3300/0 4 ==== mgrmap(e 10) ==== 50154+0+0 (secure 0 0 0) 0x7f57e4042660 con 0x7f57f410a2a0
2026-02-18T20:57:23.315 INFO:teuthology.orchestra.run.trial016.stdout:/usr/bin/ceph: stderr
2026-02-18T20:57:23.036+0000 7f57e2ffd640 1 --2- 10.20.193.16:0/2748713042 >> [v2:10.20.193.16:6800/2756778647,v1:10.20.193.16:6801/2756778647] conn(0x7f57d003db20 0x7f57d003ffe0 unknown :-1 s=NONE pgs=0 cs=0 l=1 rev1=0 crypto rx=0 tx=0 comp rx=0 tx=0).connect
2026-02-18T20:57:23.315 INFO:teuthology.orchestra.run.trial016.stdout:/usr/bin/ceph: stderr
2026-02-18T20:57:23.037+0000 7f57e2ffd640 1 -- 10.20.193.16:0/2748713042 <== mon.0 v2:10.20.193.16:3300/0 5 ==== osd_map(3..3 src has 1..3) ==== 1155+0+0 (secure 0 0 0) 0x7f57e4077490 con 0x7f57f410a2a0
2026-02-18T20:57:23.315 INFO:teuthology.orchestra.run.trial016.stdout:/usr/bin/ceph: stderr
2026-02-18T20:57:23.037+0000 7f57f9717640 1 --2- 10.20.193.16:0/2748713042 >> [v2:10.20.193.16:6800/2756778647,v1:10.20.193.16:6801/2756778647] conn(0x7f57d003db20 0x7f57d003ffe0 unknown :-1 s=BANNER_CONNECTING pgs=0 cs=0 l=1 rev1=0 crypto rx=0 tx=0 comp rx=0 tx=0)._handle_peer_banner_payload supported=3 required=0
2026-02-18T20:57:23.316 INFO:teuthology.orchestra.run.trial016.stdout:/usr/bin/ceph: stderr
2026-02-18T20:57:23.037+0000 7f57f9717640 1 --2- 10.20.193.16:0/2748713042 >> [v2:10.20.193.16:6800/2756778647,v1:10.20.193.16:6801/2756778647] conn(0x7f57d003db20 0x7f57d003ffe0 secure :-1 s=READY pgs=7 cs=0 l=1 rev1=1 crypto rx=0x7f57e80099c0 tx=0x7f57e8006eb0 comp rx=0 tx=0).ready entity=mgr.14150 client_cookie=0 server_cookie=0 in_seq=0 out_seq=0
2026-02-18T20:57:23.316 INFO:teuthology.orchestra.run.trial016.stdout:/usr/bin/ceph: stderr
2026-02-18T20:57:23.039+0000 7f57e2ffd640 1 -- 10.20.193.16:0/2748713042 <== mon.0 v2:10.20.193.16:3300/0 6 ==== mon_command_ack([{"prefix": "get_command_descriptions"}]=0 v0) ==== 72+0+195034 (secure 0 0 0) 0x7f57e4051030 con 0x7f57f410a2a0
2026-02-18T20:57:23.316 INFO:teuthology.orchestra.run.trial016.stdout:/usr/bin/ceph: stderr
2026-02-18T20:57:23.133+0000 7f57faf1a640 1 -- 10.20.193.16:0/2748713042 --> [v2:10.20.193.16:6800/2756778647,v1:10.20.193.16:6801/2756778647] -- mgr_command(tid 0: {"prefix": "dashboard create-self-signed-cert", "target": ["mon-mgr", ""]}) -- 0x7f57f41084d0 con 0x7f57d003db20
2026-02-18T20:57:23.316 INFO:teuthology.orchestra.run.trial016.stdout:/usr/bin/ceph: stderr
2026-02-18T20:57:23.222+0000 7f57e2ffd640 1 -- 10.20.193.16:0/2748713042 <== mgr.14150 v2:10.20.193.16:6800/2756778647 1 ==== mgr_command_reply(tid 0: 0 ) ==== 8+0+32 (secure 0 0 0) 0x7f57f41084d0 con 0x7f57d003db20
2026-02-18T20:57:23.316 INFO:teuthology.orchestra.run.trial016.stdout:/usr/bin/ceph: stderr
2026-02-18T20:57:23.224+0000 7f57faf1a640 1 -- 10.20.193.16:0/2748713042 >> [v2:10.20.193.16:6800/2756778647,v1:10.20.193.16:6801/2756778647] conn(0x7f57d003db20 msgr2=0x7f57d003ffe0 secure :-1 s=STATE_CONNECTION_ESTABLISHED l=1).mark_down
2026-02-18T20:57:23.316 INFO:teuthology.orchestra.run.trial016.stdout:/usr/bin/ceph: stderr
2026-02-18T20:57:23.224+0000 7f57faf1a640 1 --2- 10.20.193.16:0/2748713042 >> [v2:10.20.193.16:6800/2756778647,v1:10.20.193.16:6801/2756778647] conn(0x7f57d003db20 0x7f57d003ffe0 secure :-1 s=READY pgs=7 cs=0 l=1 rev1=1 crypto rx=0x7f57e80099c0 tx=0x7f57e8006eb0 comp rx=0 tx=0).stop
2026-02-18T20:57:23.316 INFO:teuthology.orchestra.run.trial016.stdout:/usr/bin/ceph: stderr
2026-02-18T20:57:23.224+0000 7f57faf1a640 1 -- 10.20.193.16:0/2748713042 >> [v2:10.20.193.16:3300/0,v1:10.20.193.16:6789/0] conn(0x7f57f410a2a0 msgr2=0x7f57f41a0180 secure :-1 s=STATE_CONNECTION_ESTABLISHED l=1).mark_down
2026-02-18T20:57:23.316 INFO:teuthology.orchestra.run.trial016.stdout:/usr/bin/ceph: stderr
2026-02-18T20:57:23.224+0000 7f57faf1a640 1 --2- 10.20.193.16:0/2748713042 >> [v2:10.20.193.16:3300/0,v1:10.20.193.16:6789/0] conn(0x7f57f410a2a0 0x7f57f41a0180 secure :-1 s=READY pgs=69 cs=0 l=1 rev1=1 crypto rx=0x7f57e4037830 tx=0x7f57e4037860 comp rx=0 tx=0).stop
2026-02-18T20:57:23.316 INFO:teuthology.orchestra.run.trial016.stdout:/usr/bin/ceph: stderr
2026-02-18T20:57:23.224+0000 7f57faf1a640 1 -- 10.20.193.16:0/2748713042 shutdown_connections
2026-02-18T20:57:23.316 INFO:teuthology.orchestra.run.trial016.stdout:/usr/bin/ceph: stderr
2026-02-18T20:57:23.224+0000 7f57faf1a640 1 --2- 10.20.193.16:0/2748713042 >> [v2:10.20.193.16:6800/2756778647,v1:10.20.193.16:6801/2756778647] conn(0x7f57d003db20 0x7f57d003ffe0 unknown :-1 s=CLOSED pgs=7 cs=0 l=1 rev1=1 crypto rx=0 tx=0 comp rx=0 tx=0).stop
2026-02-18T20:57:23.317 INFO:teuthology.orchestra.run.trial016.stdout:/usr/bin/ceph: stderr
2026-02-18T20:57:23.224+0000 7f57faf1a640 1 --2- 10.20.193.16:0/2748713042 >> [v2:10.20.193.16:3300/0,v1:10.20.193.16:6789/0] conn(0x7f57f410a2a0 0x7f57f41a0180 unknown :-1 s=CLOSED pgs=69 cs=0 l=1 rev1=1 crypto rx=0 tx=0 comp rx=0 tx=0).stop
2026-02-18T20:57:23.317 INFO:teuthology.orchestra.run.trial016.stdout:/usr/bin/ceph: stderr
2026-02-18T20:57:23.224+0000 7f57faf1a640 1 -- 10.20.193.16:0/2748713042 >> 10.20.193.16:0/2748713042 conn(0x7f57f407d9d0 msgr2=0x7f57f4107dc0 unknown :-1 s=STATE_NONE l=0).mark_down
2026-02-18T20:57:23.317 INFO:teuthology.orchestra.run.trial016.stdout:/usr/bin/ceph: stderr
2026-02-18T20:57:23.225+0000 7f57faf1a640 1 -- 10.20.193.16:0/2748713042 shutdown_connections
2026-02-18T20:57:23.317 INFO:teuthology.orchestra.run.trial016.stdout:/usr/bin/ceph: stderr
2026-02-18T20:57:23.225+0000 7f57faf1a640 1 -- 10.20.193.16:0/2748713042 wait complete.
2026-02-18T20:57:23.317 INFO:teuthology.orchestra.run.trial016.stdout:Creating initial admin user...
2026-02-18T20:57:23.581 INFO:journalctl@ceph.mon.a.trial016.stdout:Feb 18 20:57:23 trial016 ceph-mon[20936]: [18/Feb/2026:20:57:22] ENGINE Bus STARTING
2026-02-18T20:57:23.581 INFO:journalctl@ceph.mon.a.trial016.stdout:Feb 18 20:57:23 trial016 ceph-mon[20936]: from='mgr.14150 10.20.193.16:0/2070672893' entity='mgr.x'
2026-02-18T20:57:23.581 INFO:journalctl@ceph.mon.a.trial016.stdout:Feb 18 20:57:23 trial016 ceph-mon[20936]: [18/Feb/2026:20:57:22] ENGINE Serving on http://10.20.193.16:8765
2026-02-18T20:57:23.581 INFO:journalctl@ceph.mon.a.trial016.stdout:Feb 18 20:57:23 trial016 ceph-mon[20936]: [18/Feb/2026:20:57:22] ENGINE Serving on https://10.20.193.16:7150
2026-02-18T20:57:23.581 INFO:journalctl@ceph.mon.a.trial016.stdout:Feb 18 20:57:23 trial016 ceph-mon[20936]: [18/Feb/2026:20:57:22] ENGINE Bus STARTED
2026-02-18T20:57:23.582 INFO:journalctl@ceph.mon.a.trial016.stdout:Feb 18 20:57:23 trial016 ceph-mon[20936]: [18/Feb/2026:20:57:22] ENGINE Client ('10.20.193.16', 41312) lost — peer dropped the TLS connection suddenly, during handshake: (6, 'TLS/SSL connection has been closed (EOF) (_ssl.c:1147)')
2026-02-18T20:57:23.582 INFO:journalctl@ceph.mon.a.trial016.stdout:Feb 18 20:57:23 trial016 ceph-mon[20936]: mgrmap e10: x(active, since 1.00564s)
2026-02-18T20:57:23.582 INFO:journalctl@ceph.mon.a.trial016.stdout:Feb 18 20:57:23 trial016 ceph-mon[20936]: from='client.14154 -' entity='client.admin' cmd=[{"prefix": "get_command_descriptions"}]: dispatch
2026-02-18T20:57:23.582 INFO:journalctl@ceph.mon.a.trial016.stdout:Feb 18 20:57:23 trial016 ceph-mon[20936]: from='client.14154 -' entity='client.admin' cmd=[{"prefix": "mgr_status"}]: dispatch
2026-02-18T20:57:23.582 INFO:journalctl@ceph.mon.a.trial016.stdout:Feb 18 20:57:23 trial016 ceph-mon[20936]: from='mgr.14150 10.20.193.16:0/2070672893' entity='mgr.x'
2026-02-18T20:57:23.582 INFO:journalctl@ceph.mon.a.trial016.stdout:Feb 18 20:57:23 trial016 ceph-mon[20936]: from='mgr.14150 10.20.193.16:0/2070672893' entity='mgr.x'
2026-02-18T20:57:23.582 INFO:journalctl@ceph.mon.a.trial016.stdout:Feb 18 20:57:23 trial016 ceph-mon[20936]: from='mgr.14150 10.20.193.16:0/2070672893' entity='mgr.x'
2026-02-18T20:57:23.821 INFO:teuthology.orchestra.run.trial016.stdout:/usr/bin/ceph: stdout {"username": "admin", "password": "$2b$12$ItujmEWOUXbbfU4REB6aquriQu4Nqxl5XuW5unMYgAdedNorCQfdO", "roles": ["administrator"], "name": null, "email": null, "lastUpdate": 1771448243, "enabled": true, "pwdExpirationDate": null, "pwdUpdateRequired": true}
2026-02-18T20:57:23.821 INFO:teuthology.orchestra.run.trial016.stdout:/usr/bin/ceph: stderr
2026-02-18T20:57:23.486+0000 7f535f595640 1 Processor -- start
2026-02-18T20:57:23.821 INFO:teuthology.orchestra.run.trial016.stdout:/usr/bin/ceph: stderr
2026-02-18T20:57:23.486+0000 7f535f595640 1 -- start start
2026-02-18T20:57:23.822 INFO:teuthology.orchestra.run.trial016.stdout:/usr/bin/ceph: stderr
2026-02-18T20:57:23.486+0000 7f535f595640 1 --2- >> [v2:10.20.193.16:3300/0,v1:10.20.193.16:6789/0] conn(0x7f535807de50 0x7f535807c300 unknown :-1 s=NONE pgs=0 cs=0 l=0 rev1=0 crypto rx=0 tx=0 comp rx=0 tx=0).connect
2026-02-18T20:57:23.822 INFO:teuthology.orchestra.run.trial016.stdout:/usr/bin/ceph: stderr
2026-02-18T20:57:23.486+0000 7f535f595640 1 -- --> [v2:10.20.193.16:3300/0,v1:10.20.193.16:6789/0] -- mon_getmap magic: 0 -- 0x7f535807c840 con 0x7f535807de50
2026-02-18T20:57:23.822 INFO:teuthology.orchestra.run.trial016.stdout:/usr/bin/ceph: stderr
2026-02-18T20:57:23.486+0000 7f535e593640 1 --2- >> [v2:10.20.193.16:3300/0,v1:10.20.193.16:6789/0] conn(0x7f535807de50 0x7f535807c300 unknown :-1 s=BANNER_CONNECTING pgs=0 cs=0 l=0 rev1=0 crypto rx=0 tx=0 comp rx=0 tx=0)._handle_peer_banner_payload supported=3 required=0
2026-02-18T20:57:23.822 INFO:teuthology.orchestra.run.trial016.stdout:/usr/bin/ceph: stderr
2026-02-18T20:57:23.486+0000 7f535e593640 1 --2- >> [v2:10.20.193.16:3300/0,v1:10.20.193.16:6789/0] conn(0x7f535807de50 0x7f535807c300 unknown :-1 s=HELLO_CONNECTING pgs=0 cs=0 l=0 rev1=1 crypto rx=0 tx=0 comp rx=0 tx=0).handle_hello peer v2:10.20.193.16:3300/0 says I am v2:10.20.193.16:54264/0 (socket says 10.20.193.16:54264)
2026-02-18T20:57:23.822 INFO:teuthology.orchestra.run.trial016.stdout:/usr/bin/ceph: stderr
2026-02-18T20:57:23.487+0000 7f535e593640 1 -- 10.20.193.16:0/1335743255 learned_addr learned my addr 10.20.193.16:0/1335743255 (peer_addr_for_me v2:10.20.193.16:0/0)
2026-02-18T20:57:23.822 INFO:teuthology.orchestra.run.trial016.stdout:/usr/bin/ceph: stderr
2026-02-18T20:57:23.487+0000 7f535e593640 1 -- 10.20.193.16:0/1335743255 --> [v2:10.20.193.16:3300/0,v1:10.20.193.16:6789/0] -- mon_subscribe({config=0+,monmap=0+}) -- 0x7f535807c9c0 con 0x7f535807de50
2026-02-18T20:57:23.822 INFO:teuthology.orchestra.run.trial016.stdout:/usr/bin/ceph: stderr
2026-02-18T20:57:23.487+0000 7f535e593640 1 --2- 10.20.193.16:0/1335743255 >> [v2:10.20.193.16:3300/0,v1:10.20.193.16:6789/0] conn(0x7f535807de50 0x7f535807c300 secure :-1 s=READY pgs=70 cs=0 l=1 rev1=1 crypto rx=0x7f5350009920 tx=0x7f535002ef20 comp rx=0 tx=0).ready entity=mon.0 client_cookie=dc2c8d69f14190f9 server_cookie=0 in_seq=0 out_seq=0
2026-02-18T20:57:23.822 INFO:teuthology.orchestra.run.trial016.stdout:/usr/bin/ceph: stderr
2026-02-18T20:57:23.488+0000 7f535d591640 1 -- 10.20.193.16:0/1335743255 <== mon.0 v2:10.20.193.16:3300/0 1 ==== mon_map magic: 0 ==== 205+0+0 (secure 0 0 0) 0x7f535003c070 con 0x7f535807de50
2026-02-18T20:57:23.822 INFO:teuthology.orchestra.run.trial016.stdout:/usr/bin/ceph: stderr
2026-02-18T20:57:23.488+0000 7f535d591640 1 -- 10.20.193.16:0/1335743255 <== mon.0 v2:10.20.193.16:3300/0 2 ==== config(26 keys) ==== 1076+0+0 (secure 0 0 0) 0x7f5350037440 con 0x7f535807de50
2026-02-18T20:57:23.822 INFO:teuthology.orchestra.run.trial016.stdout:/usr/bin/ceph: stderr
2026-02-18T20:57:23.488+0000 7f535d591640 1 -- 10.20.193.16:0/1335743255 <== mon.0 v2:10.20.193.16:3300/0 3 ==== mon_map magic: 0 ==== 205+0+0 (secure 0 0 0) 0x7f53500354d0 con 0x7f535807de50
2026-02-18T20:57:23.822 INFO:teuthology.orchestra.run.trial016.stdout:/usr/bin/ceph: stderr
2026-02-18T20:57:23.488+0000 7f535f595640 1 -- 10.20.193.16:0/1335743255 >> [v2:10.20.193.16:3300/0,v1:10.20.193.16:6789/0] conn(0x7f535807de50 msgr2=0x7f535807c300 secure :-1 s=STATE_CONNECTION_ESTABLISHED l=1).mark_down
2026-02-18T20:57:23.823 INFO:teuthology.orchestra.run.trial016.stdout:/usr/bin/ceph: stderr
2026-02-18T20:57:23.488+0000 7f535f595640 1 --2- 10.20.193.16:0/1335743255 >> [v2:10.20.193.16:3300/0,v1:10.20.193.16:6789/0] conn(0x7f535807de50 0x7f535807c300 secure :-1 s=READY pgs=70 cs=0 l=1 rev1=1 crypto rx=0x7f5350009920 tx=0x7f535002ef20 comp rx=0 tx=0).stop
2026-02-18T20:57:23.823 INFO:teuthology.orchestra.run.trial016.stdout:/usr/bin/ceph: stderr
2026-02-18T20:57:23.488+0000 7f535f595640 1 -- 10.20.193.16:0/1335743255 shutdown_connections
2026-02-18T20:57:23.823 INFO:teuthology.orchestra.run.trial016.stdout:/usr/bin/ceph: stderr
2026-02-18T20:57:23.488+0000 7f535f595640 1 --2- 10.20.193.16:0/1335743255 >> [v2:10.20.193.16:3300/0,v1:10.20.193.16:6789/0] conn(0x7f535807de50 0x7f535807c300 unknown :-1 s=CLOSED pgs=70 cs=0 l=1 rev1=1 crypto rx=0 tx=0 comp rx=0 tx=0).stop
2026-02-18T20:57:23.823 INFO:teuthology.orchestra.run.trial016.stdout:/usr/bin/ceph: stderr
2026-02-18T20:57:23.488+0000 7f535f595640 1 -- 10.20.193.16:0/1335743255 >> 10.20.193.16:0/1335743255 conn(0x7f53581037b0 msgr2=0x7f5358105bf0 unknown :-1 s=STATE_NONE l=0).mark_down
2026-02-18T20:57:23.823 INFO:teuthology.orchestra.run.trial016.stdout:/usr/bin/ceph: stderr
2026-02-18T20:57:23.488+0000 7f535f595640 1 -- 10.20.193.16:0/1335743255 shutdown_connections
2026-02-18T20:57:23.823 INFO:teuthology.orchestra.run.trial016.stdout:/usr/bin/ceph: stderr
2026-02-18T20:57:23.488+0000 7f535f595640 1 -- 10.20.193.16:0/1335743255 wait complete.
2026-02-18T20:57:23.823 INFO:teuthology.orchestra.run.trial016.stdout:/usr/bin/ceph: stderr
2026-02-18T20:57:23.489+0000 7f535f595640 1 Processor -- start
2026-02-18T20:57:23.823 INFO:teuthology.orchestra.run.trial016.stdout:/usr/bin/ceph: stderr
2026-02-18T20:57:23.489+0000 7f535f595640 1 -- start start
2026-02-18T20:57:23.823 INFO:teuthology.orchestra.run.trial016.stdout:/usr/bin/ceph: stderr
2026-02-18T20:57:23.489+0000 7f535f595640 1 --2- >> [v2:10.20.193.16:3300/0,v1:10.20.193.16:6789/0] conn(0x7f535807de50 0x7f53581a0100 unknown :-1 s=NONE pgs=0 cs=0 l=1 rev1=0 crypto rx=0 tx=0 comp rx=0 tx=0).connect
2026-02-18T20:57:23.823 INFO:teuthology.orchestra.run.trial016.stdout:/usr/bin/ceph: stderr
2026-02-18T20:57:23.489+0000 7f535f595640 1 -- --> [v2:10.20.193.16:3300/0,v1:10.20.193.16:6789/0] -- mon_getmap magic: 0 -- 0x7f535810e620 con 0x7f535807de50
2026-02-18T20:57:23.823 INFO:teuthology.orchestra.run.trial016.stdout:/usr/bin/ceph: stderr
2026-02-18T20:57:23.490+0000 7f535e593640 1 --2- >> [v2:10.20.193.16:3300/0,v1:10.20.193.16:6789/0] conn(0x7f535807de50 0x7f53581a0100 unknown :-1 s=BANNER_CONNECTING pgs=0 cs=0 l=1 rev1=0 crypto rx=0 tx=0 comp rx=0 tx=0)._handle_peer_banner_payload supported=3 required=0
2026-02-18T20:57:23.823 INFO:teuthology.orchestra.run.trial016.stdout:/usr/bin/ceph: stderr
2026-02-18T20:57:23.490+0000 7f535e593640 1 --2- >> [v2:10.20.193.16:3300/0,v1:10.20.193.16:6789/0] conn(0x7f535807de50 0x7f53581a0100 unknown :-1 s=HELLO_CONNECTING pgs=0 cs=0 l=1 rev1=1 crypto rx=0 tx=0 comp rx=0 tx=0).handle_hello peer v2:10.20.193.16:3300/0 says I am v2:10.20.193.16:54276/0 (socket says 10.20.193.16:54276)
2026-02-18T20:57:23.824 INFO:teuthology.orchestra.run.trial016.stdout:/usr/bin/ceph: stderr
2026-02-18T20:57:23.490+0000 7f535e593640 1 -- 10.20.193.16:0/699052009 learned_addr learned my addr 10.20.193.16:0/699052009 (peer_addr_for_me v2:10.20.193.16:0/0)
2026-02-18T20:57:23.824 INFO:teuthology.orchestra.run.trial016.stdout:/usr/bin/ceph: stderr
2026-02-18T20:57:23.490+0000 7f535e593640 1 -- 10.20.193.16:0/699052009 --> [v2:10.20.193.16:3300/0,v1:10.20.193.16:6789/0] -- mon_subscribe({config=0+,monmap=0+}) -- 0x7f53581a0640 con 0x7f535807de50
2026-02-18T20:57:23.824 INFO:teuthology.orchestra.run.trial016.stdout:/usr/bin/ceph: stderr
2026-02-18T20:57:23.490+0000 7f535e593640 1 --2- 10.20.193.16:0/699052009 >> [v2:10.20.193.16:3300/0,v1:10.20.193.16:6789/0] conn(0x7f535807de50 0x7f53581a0100 secure :-1 s=READY pgs=71 cs=0 l=1 rev1=1 crypto rx=0x7f5350002410 tx=0x7f5350037820 comp rx=0 tx=0).ready entity=mon.0 client_cookie=0 server_cookie=0 in_seq=0 out_seq=0
2026-02-18T20:57:23.824 INFO:teuthology.orchestra.run.trial016.stdout:/usr/bin/ceph: stderr
2026-02-18T20:57:23.490+0000 7f53437fe640 1 -- 10.20.193.16:0/699052009 <== mon.0 v2:10.20.193.16:3300/0 1 ==== mon_map magic: 0 ==== 205+0+0 (secure 0 0 0) 0x7f5350047070 con 0x7f535807de50
2026-02-18T20:57:23.824 INFO:teuthology.orchestra.run.trial016.stdout:/usr/bin/ceph: stderr
2026-02-18T20:57:23.490+0000 7f53437fe640 1 -- 10.20.193.16:0/699052009 <== mon.0 v2:10.20.193.16:3300/0 2 ==== config(26 keys) ==== 1076+0+0 (secure 0 0 0) 0x7f5350035da0 con 0x7f535807de50
2026-02-18T20:57:23.824 INFO:teuthology.orchestra.run.trial016.stdout:/usr/bin/ceph: stderr
2026-02-18T20:57:23.490+0000 7f53437fe640 1 -- 10.20.193.16:0/699052009 <== mon.0 v2:10.20.193.16:3300/0 3 ==== mon_map magic: 0 ==== 205+0+0 (secure 0 0 0) 0x7f535003c070 con 0x7f535807de50
2026-02-18T20:57:23.824 INFO:teuthology.orchestra.run.trial016.stdout:/usr/bin/ceph: stderr
2026-02-18T20:57:23.490+0000 7f535f595640 1 -- 10.20.193.16:0/699052009 --> [v2:10.20.193.16:3300/0,v1:10.20.193.16:6789/0] -- mon_subscribe({mgrmap=0+}) -- 0x7f53581a08d0 con 0x7f535807de50
2026-02-18T20:57:23.824 INFO:teuthology.orchestra.run.trial016.stdout:/usr/bin/ceph: stderr
2026-02-18T20:57:23.490+0000 7f535f595640 1 -- 10.20.193.16:0/699052009 --> [v2:10.20.193.16:3300/0,v1:10.20.193.16:6789/0] -- mon_subscribe({osdmap=0}) -- 0x7f53581a35c0 con 0x7f535807de50
2026-02-18T20:57:23.824 INFO:teuthology.orchestra.run.trial016.stdout:/usr/bin/ceph: stderr
2026-02-18T20:57:23.491+0000 7f535f595640 1 -- 10.20.193.16:0/699052009 --> [v2:10.20.193.16:3300/0,v1:10.20.193.16:6789/0] -- mon_command({"prefix": "get_command_descriptions"} v 0) -- 0x7f535807c380 con 0x7f535807de50
2026-02-18T20:57:23.824 INFO:teuthology.orchestra.run.trial016.stdout:/usr/bin/ceph: stderr
2026-02-18T20:57:23.491+0000 7f53437fe640 1 -- 10.20.193.16:0/699052009 <== mon.0 v2:10.20.193.16:3300/0 4 ==== mgrmap(e 10) ==== 50154+0+0 (secure 0 0 0) 0x7f5350042660 con 0x7f535807de50
2026-02-18T20:57:23.824 INFO:teuthology.orchestra.run.trial016.stdout:/usr/bin/ceph: stderr
2026-02-18T20:57:23.491+0000 7f53437fe640 1 --2- 10.20.193.16:0/699052009 >> [v2:10.20.193.16:6800/2756778647,v1:10.20.193.16:6801/2756778647] conn(0x7f533403db20 0x7f533403ffe0 unknown :-1 s=NONE pgs=0 cs=0 l=1 rev1=0 crypto rx=0 tx=0 comp rx=0 tx=0).connect
2026-02-18T20:57:23.825 INFO:teuthology.orchestra.run.trial016.stdout:/usr/bin/ceph: stderr
2026-02-18T20:57:23.491+0000 7f53437fe640 1 -- 10.20.193.16:0/699052009 <== mon.0 v2:10.20.193.16:3300/0 5 ==== osd_map(3..3 src has 1..3) ==== 1155+0+0 (secure 0 0 0) 0x7f5350076b20 con 0x7f535807de50
2026-02-18T20:57:23.825 INFO:teuthology.orchestra.run.trial016.stdout:/usr/bin/ceph: stderr
2026-02-18T20:57:23.492+0000 7f535dd92640 1 --2- 10.20.193.16:0/699052009 >> [v2:10.20.193.16:6800/2756778647,v1:10.20.193.16:6801/2756778647] conn(0x7f533403db20 0x7f533403ffe0 unknown :-1 s=BANNER_CONNECTING pgs=0 cs=0 l=1 rev1=0 crypto rx=0 tx=0 comp rx=0 tx=0)._handle_peer_banner_payload supported=3 required=0
2026-02-18T20:57:23.825 INFO:teuthology.orchestra.run.trial016.stdout:/usr/bin/ceph: stderr
2026-02-18T20:57:23.492+0000 7f535dd92640 1 --2- 10.20.193.16:0/699052009 >> [v2:10.20.193.16:6800/2756778647,v1:10.20.193.16:6801/2756778647] conn(0x7f533403db20 0x7f533403ffe0 secure :-1 s=READY pgs=8 cs=0 l=1 rev1=1 crypto rx=0x7f53440099c0 tx=0x7f5344006eb0 comp rx=0 tx=0).ready entity=mgr.14150 client_cookie=0 server_cookie=0 in_seq=0 out_seq=0
2026-02-18T20:57:23.825 INFO:teuthology.orchestra.run.trial016.stdout:/usr/bin/ceph: stderr
2026-02-18T20:57:23.494+0000 7f53437fe640 1 -- 10.20.193.16:0/699052009 <== mon.0 v2:10.20.193.16:3300/0 6 ==== mon_command_ack([{"prefix": "get_command_descriptions"}]=0 v0) ==== 72+0+195034 (secure 0 0 0) 0x7f53500342a0 con 0x7f535807de50
2026-02-18T20:57:23.825 INFO:teuthology.orchestra.run.trial016.stdout:/usr/bin/ceph: stderr
2026-02-18T20:57:23.591+0000 7f535f595640 1 -- 10.20.193.16:0/699052009 --> [v2:10.20.193.16:6800/2756778647,v1:10.20.193.16:6801/2756778647] -- mgr_command(tid 0: {"prefix": "dashboard ac-user-create", "username": "admin", "rolename": "administrator", "force_password": true, "pwd_update_required": true, "target": ["mon-mgr", ""]}) -- 0x7f5358104a50 con 0x7f533403db20
2026-02-18T20:57:23.825 INFO:teuthology.orchestra.run.trial016.stdout:/usr/bin/ceph: stderr
2026-02-18T20:57:23.733+0000 7f53437fe640 1 -- 10.20.193.16:0/699052009 <== mgr.14150 v2:10.20.193.16:6800/2756778647 1 ==== mgr_command_reply(tid 0: 0 ) ==== 8+0+252 (secure 0 0 0) 0x7f5358104a50 con 0x7f533403db20
2026-02-18T20:57:23.825 INFO:teuthology.orchestra.run.trial016.stdout:/usr/bin/ceph: stderr
2026-02-18T20:57:23.735+0000 7f535f595640 1 -- 10.20.193.16:0/699052009 >> [v2:10.20.193.16:6800/2756778647,v1:10.20.193.16:6801/2756778647] conn(0x7f533403db20 msgr2=0x7f533403ffe0 secure :-1 s=STATE_CONNECTION_ESTABLISHED l=1).mark_down
2026-02-18T20:57:23.825 INFO:teuthology.orchestra.run.trial016.stdout:/usr/bin/ceph: stderr
2026-02-18T20:57:23.735+0000 7f535f595640 1 --2- 10.20.193.16:0/699052009 >> [v2:10.20.193.16:6800/2756778647,v1:10.20.193.16:6801/2756778647] conn(0x7f533403db20 0x7f533403ffe0 secure :-1 s=READY pgs=8 cs=0 l=1 rev1=1 crypto rx=0x7f53440099c0 tx=0x7f5344006eb0 comp rx=0 tx=0).stop
2026-02-18T20:57:23.825 INFO:teuthology.orchestra.run.trial016.stdout:/usr/bin/ceph: stderr
2026-02-18T20:57:23.735+0000 7f535f595640 1 -- 10.20.193.16:0/699052009 >> [v2:10.20.193.16:3300/0,v1:10.20.193.16:6789/0] conn(0x7f535807de50 msgr2=0x7f53581a0100 secure :-1 s=STATE_CONNECTION_ESTABLISHED l=1).mark_down
2026-02-18T20:57:23.825 INFO:teuthology.orchestra.run.trial016.stdout:/usr/bin/ceph: stderr
2026-02-18T20:57:23.735+0000 7f535f595640 1 --2- 10.20.193.16:0/699052009 >> [v2:10.20.193.16:3300/0,v1:10.20.193.16:6789/0] conn(0x7f535807de50 0x7f53581a0100 secure :-1 s=READY pgs=71 cs=0 l=1 rev1=1 crypto rx=0x7f5350002410 tx=0x7f5350037820 comp rx=0 tx=0).stop
2026-02-18T20:57:23.826 INFO:teuthology.orchestra.run.trial016.stdout:/usr/bin/ceph: stderr
2026-02-18T20:57:23.735+0000 7f535f595640 1 -- 10.20.193.16:0/699052009 shutdown_connections
2026-02-18T20:57:23.826 INFO:teuthology.orchestra.run.trial016.stdout:/usr/bin/ceph: stderr
2026-02-18T20:57:23.735+0000 7f535f595640 1 --2- 10.20.193.16:0/699052009 >> [v2:10.20.193.16:6800/2756778647,v1:10.20.193.16:6801/2756778647] conn(0x7f533403db20 0x7f533403ffe0 unknown :-1 s=CLOSED pgs=8 cs=0 l=1 rev1=1 crypto rx=0 tx=0 comp rx=0 tx=0).stop
2026-02-18T20:57:23.826 INFO:teuthology.orchestra.run.trial016.stdout:/usr/bin/ceph: stderr
2026-02-18T20:57:23.735+0000 7f535f595640 1 --2- 10.20.193.16:0/699052009 >> [v2:10.20.193.16:3300/0,v1:10.20.193.16:6789/0] conn(0x7f535807de50 0x7f53581a0100 unknown :-1 s=CLOSED pgs=71 cs=0 l=1 rev1=1 crypto rx=0 tx=0 comp rx=0 tx=0).stop
2026-02-18T20:57:23.826 INFO:teuthology.orchestra.run.trial016.stdout:/usr/bin/ceph: stderr
2026-02-18T20:57:23.735+0000 7f535f595640 1 -- 10.20.193.16:0/699052009 >> 10.20.193.16:0/699052009 conn(0x7f53581037b0 msgr2=0x7f5358104340 unknown :-1 s=STATE_NONE l=0).mark_down
2026-02-18T20:57:23.826 INFO:teuthology.orchestra.run.trial016.stdout:/usr/bin/ceph: stderr
2026-02-18T20:57:23.736+0000 7f535f595640 1 -- 10.20.193.16:0/699052009 shutdown_connections
2026-02-18T20:57:23.826 INFO:teuthology.orchestra.run.trial016.stdout:/usr/bin/ceph: stderr
2026-02-18T20:57:23.736+0000 7f535f595640 1 -- 10.20.193.16:0/699052009 wait complete.
2026-02-18T20:57:23.826 INFO:teuthology.orchestra.run.trial016.stdout:Fetching dashboard port number...
2026-02-18T20:57:24.190 INFO:teuthology.orchestra.run.trial016.stdout:/usr/bin/ceph: stdout 8443
2026-02-18T20:57:24.190 INFO:teuthology.orchestra.run.trial016.stdout:/usr/bin/ceph: stderr
2026-02-18T20:57:24.003+0000 7f6951f84640 1 Processor -- start
2026-02-18T20:57:24.190 INFO:teuthology.orchestra.run.trial016.stdout:/usr/bin/ceph: stderr
2026-02-18T20:57:24.003+0000 7f6951f84640 1 -- start start
2026-02-18T20:57:24.190 INFO:teuthology.orchestra.run.trial016.stdout:/usr/bin/ceph: stderr
2026-02-18T20:57:24.003+0000 7f6951f84640 1 --2- >> [v2:10.20.193.16:3300/0,v1:10.20.193.16:6789/0] conn(0x7f694c10a470 0x7f694c10a870 unknown :-1 s=NONE pgs=0 cs=0 l=0 rev1=0 crypto rx=0 tx=0 comp rx=0 tx=0).connect
2026-02-18T20:57:24.190 INFO:teuthology.orchestra.run.trial016.stdout:/usr/bin/ceph: stderr
2026-02-18T20:57:24.003+0000 7f6951f84640 1 -- --> [v2:10.20.193.16:3300/0,v1:10.20.193.16:6789/0] -- mon_getmap magic: 0 -- 0x7f694c10ae40 con 0x7f694c10a470
2026-02-18T20:57:24.190 INFO:teuthology.orchestra.run.trial016.stdout:/usr/bin/ceph: stderr
2026-02-18T20:57:24.004+0000 7f694b7fe640 1 --2- >> [v2:10.20.193.16:3300/0,v1:10.20.193.16:6789/0] conn(0x7f694c10a470 0x7f694c10a870 unknown :-1 s=BANNER_CONNECTING pgs=0 cs=0 l=0 rev1=0 crypto rx=0 tx=0 comp rx=0 tx=0)._handle_peer_banner_payload supported=3 required=0
2026-02-18T20:57:24.190 INFO:teuthology.orchestra.run.trial016.stdout:/usr/bin/ceph: stderr
2026-02-18T20:57:24.004+0000 7f694b7fe640 1 --2- >> [v2:10.20.193.16:3300/0,v1:10.20.193.16:6789/0] conn(0x7f694c10a470 0x7f694c10a870 unknown :-1 s=HELLO_CONNECTING pgs=0 cs=0 l=0 rev1=1 crypto rx=0 tx=0 comp rx=0 tx=0).handle_hello peer v2:10.20.193.16:3300/0 says I am v2:10.20.193.16:54278/0 (socket says 10.20.193.16:54278)
2026-02-18T20:57:24.191 INFO:teuthology.orchestra.run.trial016.stdout:/usr/bin/ceph: stderr
2026-02-18T20:57:24.004+0000 7f694b7fe640 1 -- 10.20.193.16:0/3706191267 learned_addr learned my addr 10.20.193.16:0/3706191267 (peer_addr_for_me v2:10.20.193.16:0/0)
2026-02-18T20:57:24.191 INFO:teuthology.orchestra.run.trial016.stdout:/usr/bin/ceph: stderr
2026-02-18T20:57:24.004+0000 7f694b7fe640 1 -- 10.20.193.16:0/3706191267 --> [v2:10.20.193.16:3300/0,v1:10.20.193.16:6789/0] -- mon_subscribe({config=0+,monmap=0+}) -- 0x7f694c10b5f0 con 0x7f694c10a470
2026-02-18T20:57:24.191 INFO:teuthology.orchestra.run.trial016.stdout:/usr/bin/ceph: stderr
2026-02-18T20:57:24.005+0000 7f694b7fe640 1 --2- 10.20.193.16:0/3706191267 >> [v2:10.20.193.16:3300/0,v1:10.20.193.16:6789/0] conn(0x7f694c10a470 0x7f694c10a870 secure :-1 s=READY pgs=72 cs=0 l=1 rev1=1 crypto rx=0x7f6938009920 tx=0x7f693802ef20 comp rx=0 tx=0).ready entity=mon.0 client_cookie=e871c8f7eabec041 server_cookie=0 in_seq=0 out_seq=0
2026-02-18T20:57:24.191 INFO:teuthology.orchestra.run.trial016.stdout:/usr/bin/ceph: stderr
2026-02-18T20:57:24.005+0000 7f694a7fc640 1 -- 10.20.193.16:0/3706191267 <== mon.0 v2:10.20.193.16:3300/0 1 ==== mon_map magic: 0 ==== 205+0+0 (secure 0 0 0) 0x7f693803c070 con 0x7f694c10a470
2026-02-18T20:57:24.191 INFO:teuthology.orchestra.run.trial016.stdout:/usr/bin/ceph: stderr
2026-02-18T20:57:24.005+0000 7f694a7fc640 1 -- 10.20.193.16:0/3706191267 <== mon.0 v2:10.20.193.16:3300/0 2 ==== config(26 keys) ==== 1076+0+0 (secure 0 0 0) 0x7f6938037440 con 0x7f694c10a470
2026-02-18T20:57:24.191 INFO:teuthology.orchestra.run.trial016.stdout:/usr/bin/ceph: stderr
2026-02-18T20:57:24.005+0000 7f694a7fc640 1 -- 10.20.193.16:0/3706191267 <== mon.0 v2:10.20.193.16:3300/0 3 ==== mon_map magic: 0 ==== 205+0+0 (secure 0 0 0) 0x7f69380354d0 con 0x7f694c10a470
2026-02-18T20:57:24.191 INFO:teuthology.orchestra.run.trial016.stdout:/usr/bin/ceph: stderr
2026-02-18T20:57:24.005+0000 7f6951f84640 1 -- 10.20.193.16:0/3706191267 >> [v2:10.20.193.16:3300/0,v1:10.20.193.16:6789/0] conn(0x7f694c10a470 msgr2=0x7f694c10a870 secure :-1 s=STATE_CONNECTION_ESTABLISHED l=1).mark_down
2026-02-18T20:57:24.191 INFO:teuthology.orchestra.run.trial016.stdout:/usr/bin/ceph: stderr
2026-02-18T20:57:24.005+0000 7f6951f84640 1 --2- 10.20.193.16:0/3706191267 >> [v2:10.20.193.16:3300/0,v1:10.20.193.16:6789/0] conn(0x7f694c10a470 0x7f694c10a870 secure :-1 s=READY pgs=72 cs=0 l=1 rev1=1 crypto rx=0x7f6938009920 tx=0x7f693802ef20 comp rx=0 tx=0).stop
2026-02-18T20:57:24.191 INFO:teuthology.orchestra.run.trial016.stdout:/usr/bin/ceph: stderr
2026-02-18T20:57:24.005+0000 7f6951f84640 1 -- 10.20.193.16:0/3706191267 shutdown_connections
2026-02-18T20:57:24.191 INFO:teuthology.orchestra.run.trial016.stdout:/usr/bin/ceph: stderr
2026-02-18T20:57:24.005+0000 7f6951f84640 1 --2- 10.20.193.16:0/3706191267 >> [v2:10.20.193.16:3300/0,v1:10.20.193.16:6789/0] conn(0x7f694c10a470 0x7f694c10a870 unknown :-1 s=CLOSED pgs=72 cs=0 l=1 rev1=1 crypto rx=0 tx=0 comp rx=0 tx=0).stop
2026-02-18T20:57:24.191 INFO:teuthology.orchestra.run.trial016.stdout:/usr/bin/ceph: stderr
2026-02-18T20:57:24.005+0000 7f6951f84640 1 -- 10.20.193.16:0/3706191267 >> 10.20.193.16:0/3706191267 conn(0x7f694c07dbf0 msgr2=0x7f694c108670 unknown :-1 s=STATE_NONE l=0).mark_down
2026-02-18T20:57:24.192 INFO:teuthology.orchestra.run.trial016.stdout:/usr/bin/ceph: stderr
2026-02-18T20:57:24.005+0000 7f6951f84640 1 -- 10.20.193.16:0/3706191267 shutdown_connections
2026-02-18T20:57:24.192 INFO:teuthology.orchestra.run.trial016.stdout:/usr/bin/ceph: stderr
2026-02-18T20:57:24.005+0000 7f6951f84640 1 -- 10.20.193.16:0/3706191267 wait complete.
2026-02-18T20:57:24.192 INFO:teuthology.orchestra.run.trial016.stdout:/usr/bin/ceph: stderr
2026-02-18T20:57:24.006+0000 7f6951f84640 1 Processor -- start
2026-02-18T20:57:24.192 INFO:teuthology.orchestra.run.trial016.stdout:/usr/bin/ceph: stderr
2026-02-18T20:57:24.006+0000 7f6951f84640 1 -- start start
2026-02-18T20:57:24.192 INFO:teuthology.orchestra.run.trial016.stdout:/usr/bin/ceph: stderr
2026-02-18T20:57:24.006+0000 7f6951f84640 1 --2- >> [v2:10.20.193.16:3300/0,v1:10.20.193.16:6789/0] conn(0x7f694c10a470 0x7f694c081c20 unknown :-1 s=NONE pgs=0 cs=0 l=1 rev1=0 crypto rx=0 tx=0 comp rx=0 tx=0).connect
2026-02-18T20:57:24.192 INFO:teuthology.orchestra.run.trial016.stdout:/usr/bin/ceph: stderr
2026-02-18T20:57:24.006+0000 7f6951f84640 1 -- --> [v2:10.20.193.16:3300/0,v1:10.20.193.16:6789/0] -- mon_getmap magic: 0 -- 0x7f694c10e9a0 con 0x7f694c10a470
2026-02-18T20:57:24.192 INFO:teuthology.orchestra.run.trial016.stdout:/usr/bin/ceph: stderr
2026-02-18T20:57:24.007+0000 7f694b7fe640 1 --2- >> [v2:10.20.193.16:3300/0,v1:10.20.193.16:6789/0] conn(0x7f694c10a470 0x7f694c081c20 unknown :-1 s=BANNER_CONNECTING pgs=0 cs=0 l=1 rev1=0 crypto rx=0 tx=0 comp rx=0 tx=0)._handle_peer_banner_payload supported=3 required=0
2026-02-18T20:57:24.192 INFO:teuthology.orchestra.run.trial016.stdout:/usr/bin/ceph: stderr
2026-02-18T20:57:24.007+0000 7f694b7fe640 1 --2- >> [v2:10.20.193.16:3300/0,v1:10.20.193.16:6789/0] conn(0x7f694c10a470 0x7f694c081c20 unknown :-1 s=HELLO_CONNECTING pgs=0 cs=0 l=1 rev1=1 crypto rx=0 tx=0 comp rx=0 tx=0).handle_hello peer v2:10.20.193.16:3300/0 says I am v2:10.20.193.16:54292/0 (socket says 10.20.193.16:54292)
2026-02-18T20:57:24.192 INFO:teuthology.orchestra.run.trial016.stdout:/usr/bin/ceph: stderr
2026-02-18T20:57:24.007+0000 7f694b7fe640 1 -- 10.20.193.16:0/953684228 learned_addr learned my addr 10.20.193.16:0/953684228 (peer_addr_for_me v2:10.20.193.16:0/0)
2026-02-18T20:57:24.192 INFO:teuthology.orchestra.run.trial016.stdout:/usr/bin/ceph: stderr
2026-02-18T20:57:24.007+0000 7f694b7fe640 1 -- 10.20.193.16:0/953684228 --> [v2:10.20.193.16:3300/0,v1:10.20.193.16:6789/0] -- mon_subscribe({config=0+,monmap=0+}) -- 0x7f694c082160 con 0x7f694c10a470
2026-02-18T20:57:24.192 INFO:teuthology.orchestra.run.trial016.stdout:/usr/bin/ceph: stderr
2026-02-18T20:57:24.007+0000 7f694b7fe640 1 --2- 10.20.193.16:0/953684228 >> [v2:10.20.193.16:3300/0,v1:10.20.193.16:6789/0] conn(0x7f694c10a470 0x7f694c081c20 secure :-1 s=READY pgs=73 cs=0 l=1 rev1=1 crypto rx=0x7f6938002410 tx=0x7f6938037820 comp rx=0 tx=0).ready entity=mon.0 client_cookie=0 server_cookie=0 in_seq=0 out_seq=0
2026-02-18T20:57:24.192 INFO:teuthology.orchestra.run.trial016.stdout:/usr/bin/ceph: stderr
2026-02-18T20:57:24.007+0000 7f6948ff9640 1 -- 10.20.193.16:0/953684228 <== mon.0 v2:10.20.193.16:3300/0 1 ==== mon_map magic: 0 ==== 205+0+0 (secure 0 0 0) 0x7f6938047070 con 0x7f694c10a470
2026-02-18T20:57:24.192 INFO:teuthology.orchestra.run.trial016.stdout:/usr/bin/ceph: stderr
2026-02-18T20:57:24.007+0000 7f6948ff9640 1 -- 10.20.193.16:0/953684228 <== mon.0 v2:10.20.193.16:3300/0 2 ==== config(26 keys) ==== 1076+0+0 (secure 0 0 0) 0x7f6938035e80 con 0x7f694c10a470
2026-02-18T20:57:24.193 INFO:teuthology.orchestra.run.trial016.stdout:/usr/bin/ceph: stderr
