2026-02-18T21:30:35.153 INFO:journalctl@ceph.mgr.x.trial041.stdout:Feb 18 21:30:34 trial041 ceph-fd5c8867-0d10-11f1-a8a4-d404e6e7d460-mgr-x[23543]:
2026-02-18T21:30:34.926+0000 7f45db89b140 -1 mgr[py] Module crash has missing NOTIFY_TYPES member
2026-02-18T21:30:35.153 INFO:journalctl@ceph.mgr.x.trial041.stdout:Feb 18 21:30:34 trial041 ceph-fd5c8867-0d10-11f1-a8a4-d404e6e7d460-mgr-x[23543]:
2026-02-18T21:30:34.957+0000 7f45db89b140 -1 mgr[py] Module progress has missing NOTIFY_TYPES member
2026-02-18T21:30:35.455 INFO:journalctl@ceph.mgr.x.trial041.stdout:Feb 18 21:30:35 trial041 ceph-fd5c8867-0d10-11f1-a8a4-d404e6e7d460-mgr-x[23543]:
2026-02-18T21:30:35.197+0000 7f45db89b140 -1 mgr[py] Module rook has missing NOTIFY_TYPES member
2026-02-18T21:30:35.455 INFO:journalctl@ceph.mgr.x.trial041.stdout:Feb 18 21:30:35 trial041 ceph-fd5c8867-0d10-11f1-a8a4-d404e6e7d460-mgr-x[23543]:
2026-02-18T21:30:35.297+0000 7f45db89b140 -1 mgr[py] Module nfs has missing NOTIFY_TYPES member
2026-02-18T21:30:35.455 INFO:journalctl@ceph.mgr.x.trial041.stdout:Feb 18 21:30:35 trial041 ceph-fd5c8867-0d10-11f1-a8a4-d404e6e7d460-mgr-x[23543]:
2026-02-18T21:30:35.329+0000 7f45db89b140 -1 mgr[py] Module telegraf has missing NOTIFY_TYPES member
2026-02-18T21:30:35.455 INFO:journalctl@ceph.mgr.x.trial041.stdout:Feb 18 21:30:35 trial041 ceph-fd5c8867-0d10-11f1-a8a4-d404e6e7d460-mgr-x[23543]:
2026-02-18T21:30:35.360+0000 7f45db89b140 -1 mgr[py] Module selftest has missing NOTIFY_TYPES member
2026-02-18T21:30:35.455 INFO:journalctl@ceph.mgr.x.trial041.stdout:Feb 18 21:30:35 trial041 ceph-fd5c8867-0d10-11f1-a8a4-d404e6e7d460-mgr-x[23543]:
2026-02-18T21:30:35.455+0000 7f45db89b140 -1 mgr[py] Module test_orchestrator has missing NOTIFY_TYPES member
2026-02-18T21:30:35.903 INFO:journalctl@ceph.mgr.x.trial041.stdout:Feb 18 21:30:35 trial041 ceph-fd5c8867-0d10-11f1-a8a4-d404e6e7d460-mgr-x[23543]:
2026-02-18T21:30:35.485+0000 7f45db89b140 -1 mgr[py] Module osd_support has missing NOTIFY_TYPES member
2026-02-18T21:30:35.903 INFO:journalctl@ceph.mgr.x.trial041.stdout:Feb 18 21:30:35 trial041 ceph-fd5c8867-0d10-11f1-a8a4-d404e6e7d460-mgr-x[23543]:
2026-02-18T21:30:35.578+0000 7f45db89b140 -1 mgr[py] Module orchestrator has missing NOTIFY_TYPES member
2026-02-18T21:30:36.403 INFO:journalctl@ceph.mgr.x.trial041.stdout:Feb 18 21:30:36 trial041 ceph-fd5c8867-0d10-11f1-a8a4-d404e6e7d460-mgr-x[23543]:
2026-02-18T21:30:36.051+0000 7f45db89b140 -1 mgr[py] Module volumes has missing NOTIFY_TYPES member
2026-02-18T21:30:36.403 INFO:journalctl@ceph.mgr.x.trial041.stdout:Feb 18 21:30:36 trial041 ceph-fd5c8867-0d10-11f1-a8a4-d404e6e7d460-mgr-x[23543]:
2026-02-18T21:30:36.081+0000 7f45db89b140 -1 mgr[py] Module zabbix has missing NOTIFY_TYPES member
2026-02-18T21:30:36.841 INFO:journalctl@ceph.mgr.x.trial041.stdout:Feb 18 21:30:36 trial041 ceph-fd5c8867-0d10-11f1-a8a4-d404e6e7d460-mgr-x[23543]:
2026-02-18T21:30:36.484+0000 7f45db89b140 -1 mgr[py] Module influx has missing NOTIFY_TYPES member
2026-02-18T21:30:36.841 INFO:journalctl@ceph.mon.a.trial041.stdout:Feb 18 21:30:36 trial041 ceph-mon[23271]: Active manager daemon x restarted
2026-02-18T21:30:36.841 INFO:journalctl@ceph.mon.a.trial041.stdout:Feb 18 21:30:36 trial041 ceph-mon[23271]: Activating manager daemon x
2026-02-18T21:30:36.841 INFO:journalctl@ceph.mon.a.trial041.stdout:Feb 18 21:30:36 trial041 ceph-mon[23271]: osdmap e3: 0 total, 0 up, 0 in
2026-02-18T21:30:36.842 INFO:journalctl@ceph.mon.a.trial041.stdout:Feb 18 21:30:36 trial041 ceph-mon[23271]: mgrmap e10: x(active, starting, since 0.00271311s)
2026-02-18T21:30:36.842 INFO:journalctl@ceph.mon.a.trial041.stdout:Feb 18 21:30:36 trial041 ceph-mon[23271]: from='mgr.14150 10.20.193.41:0/2615151811' entity='mgr.x' cmd=[{"prefix": "mon metadata", "id": "a"}]: dispatch
2026-02-18T21:30:36.842 INFO:journalctl@ceph.mon.a.trial041.stdout:Feb 18 21:30:36 trial041 ceph-mon[23271]: from='mgr.14150 10.20.193.41:0/2615151811' entity='mgr.x' cmd=[{"prefix": "mgr metadata", "who": "x", "id": "x"}]: dispatch
2026-02-18T21:30:36.842 INFO:journalctl@ceph.mon.a.trial041.stdout:Feb 18 21:30:36 trial041 ceph-mon[23271]: from='mgr.14150 10.20.193.41:0/2615151811' entity='mgr.x' cmd=[{"prefix": "mds metadata"}]: dispatch
2026-02-18T21:30:36.842 INFO:journalctl@ceph.mon.a.trial041.stdout:Feb 18 21:30:36 trial041 ceph-mon[23271]: from='mgr.14150 10.20.193.41:0/2615151811' entity='mgr.x' cmd=[{"prefix": "osd metadata"}]: dispatch
2026-02-18T21:30:36.842 INFO:journalctl@ceph.mon.a.trial041.stdout:Feb 18 21:30:36 trial041 ceph-mon[23271]: from='mgr.14150 10.20.193.41:0/2615151811' entity='mgr.x' cmd=[{"prefix": "mon metadata"}]: dispatch
2026-02-18T21:30:36.842 INFO:journalctl@ceph.mon.a.trial041.stdout:Feb 18 21:30:36 trial041 ceph-mon[23271]: Manager daemon x is now available
2026-02-18T21:30:36.842 INFO:journalctl@ceph.mon.a.trial041.stdout:Feb 18 21:30:36 trial041 ceph-mon[23271]: from='mgr.14150 10.20.193.41:0/2615151811' entity='mgr.x' cmd=[{"prefix": "config dump", "format": "json"}]: dispatch
2026-02-18T21:30:36.842 INFO:journalctl@ceph.mon.a.trial041.stdout:Feb 18 21:30:36 trial041 ceph-mon[23271]: from='mgr.14150 10.20.193.41:0/2615151811' entity='mgr.x' cmd=[{"prefix":"config rm","who":"mgr","name":"mgr/rbd_support/x/mirror_snapshot_schedule"}]: dispatch
2026-02-18T21:30:36.842 INFO:journalctl@ceph.mon.a.trial041.stdout:Feb 18 21:30:36 trial041 ceph-mon[23271]: from='mgr.14150 10.20.193.41:0/2615151811' entity='mgr.x' cmd=[{"prefix":"config rm","who":"mgr","name":"mgr/rbd_support/x/trash_purge_schedule"}]: dispatch
2026-02-18T21:30:37.552 INFO:teuthology.orchestra.run.trial041.stdout:/usr/bin/ceph: stdout {
2026-02-18T21:30:37.552 INFO:teuthology.orchestra.run.trial041.stdout:/usr/bin/ceph: stdout "mgrmap_epoch": 11,
2026-02-18T21:30:37.552 INFO:teuthology.orchestra.run.trial041.stdout:/usr/bin/ceph: stdout "initialized": true
2026-02-18T21:30:37.552 INFO:teuthology.orchestra.run.trial041.stdout:/usr/bin/ceph: stdout }
2026-02-18T21:30:37.552 INFO:teuthology.orchestra.run.trial041.stdout:/usr/bin/ceph: stderr
2026-02-18T21:30:34.132+0000 7fc209459640 1 Processor -- start
2026-02-18T21:30:37.552 INFO:teuthology.orchestra.run.trial041.stdout:/usr/bin/ceph: stderr
2026-02-18T21:30:34.132+0000 7fc209459640 1 -- start start
2026-02-18T21:30:37.552 INFO:teuthology.orchestra.run.trial041.stdout:/usr/bin/ceph: stderr
2026-02-18T21:30:34.132+0000 7fc209459640 1 --2- >> [v2:10.20.193.41:3300/0,v1:10.20.193.41:6789/0] conn(0x7fc20407dea0 0x7fc20407c300 unknown :-1 s=NONE pgs=0 cs=0 l=0 rev1=0 crypto rx=0 tx=0 comp rx=0 tx=0).connect
2026-02-18T21:30:37.553 INFO:teuthology.orchestra.run.trial041.stdout:/usr/bin/ceph: stderr
2026-02-18T21:30:34.132+0000 7fc209459640 1 -- --> [v2:10.20.193.41:3300/0,v1:10.20.193.41:6789/0] -- mon_getmap magic: 0 -- 0x7fc20407c840 con 0x7fc20407dea0
2026-02-18T21:30:37.553 INFO:teuthology.orchestra.run.trial041.stdout:/usr/bin/ceph: stderr
2026-02-18T21:30:34.132+0000 7fc202ffd640 1 --2- >> [v2:10.20.193.41:3300/0,v1:10.20.193.41:6789/0] conn(0x7fc20407dea0 0x7fc20407c300 unknown :-1 s=BANNER_CONNECTING pgs=0 cs=0 l=0 rev1=0 crypto rx=0 tx=0 comp rx=0 tx=0)._handle_peer_banner_payload supported=3 required=0
2026-02-18T21:30:37.553 INFO:teuthology.orchestra.run.trial041.stdout:/usr/bin/ceph: stderr
2026-02-18T21:30:34.132+0000 7fc202ffd640 1 --2- >> [v2:10.20.193.41:3300/0,v1:10.20.193.41:6789/0] conn(0x7fc20407dea0 0x7fc20407c300 unknown :-1 s=HELLO_CONNECTING pgs=0 cs=0 l=0 rev1=1 crypto rx=0 tx=0 comp rx=0 tx=0).handle_hello peer v2:10.20.193.41:3300/0 says I am v2:10.20.193.41:36028/0 (socket says 10.20.193.41:36028)
2026-02-18T21:30:37.553 INFO:teuthology.orchestra.run.trial041.stdout:/usr/bin/ceph: stderr
2026-02-18T21:30:34.132+0000 7fc202ffd640 1 -- 10.20.193.41:0/3464612059 learned_addr learned my addr 10.20.193.41:0/3464612059 (peer_addr_for_me v2:10.20.193.41:0/0)
2026-02-18T21:30:37.553 INFO:teuthology.orchestra.run.trial041.stdout:/usr/bin/ceph: stderr
2026-02-18T21:30:34.133+0000 7fc202ffd640 1 -- 10.20.193.41:0/3464612059 --> [v2:10.20.193.41:3300/0,v1:10.20.193.41:6789/0] -- mon_subscribe({config=0+,monmap=0+}) -- 0x7fc20407c9c0 con 0x7fc20407dea0
2026-02-18T21:30:37.553 INFO:teuthology.orchestra.run.trial041.stdout:/usr/bin/ceph: stderr
2026-02-18T21:30:34.133+0000 7fc202ffd640 1 --2- 10.20.193.41:0/3464612059 >> [v2:10.20.193.41:3300/0,v1:10.20.193.41:6789/0] conn(0x7fc20407dea0 0x7fc20407c300 secure :-1 s=READY pgs=59 cs=0 l=1 rev1=1 crypto rx=0x7fc1f8009920 tx=0x7fc1f802ef20 comp rx=0 tx=0).ready entity=mon.0 client_cookie=cc0c55ea4b8af56e server_cookie=0 in_seq=0 out_seq=0
2026-02-18T21:30:37.553 INFO:teuthology.orchestra.run.trial041.stdout:/usr/bin/ceph: stderr
2026-02-18T21:30:34.133+0000 7fc201ffb640 1 -- 10.20.193.41:0/3464612059 <== mon.0 v2:10.20.193.41:3300/0 1 ==== mon_map magic: 0 ==== 205+0+0 (secure 0 0 0) 0x7fc1f803c070 con 0x7fc20407dea0
2026-02-18T21:30:37.553 INFO:teuthology.orchestra.run.trial041.stdout:/usr/bin/ceph: stderr
2026-02-18T21:30:34.133+0000 7fc201ffb640 1 -- 10.20.193.41:0/3464612059 <== mon.0 v2:10.20.193.41:3300/0 2 ==== config(26 keys) ==== 1076+0+0 (secure 0 0 0) 0x7fc1f8037440 con 0x7fc20407dea0
2026-02-18T21:30:37.553 INFO:teuthology.orchestra.run.trial041.stdout:/usr/bin/ceph: stderr
2026-02-18T21:30:34.133+0000 7fc201ffb640 1 -- 10.20.193.41:0/3464612059 <== mon.0 v2:10.20.193.41:3300/0 3 ==== mon_map magic: 0 ==== 205+0+0 (secure 0 0 0) 0x7fc1f80354d0 con 0x7fc20407dea0
2026-02-18T21:30:37.553 INFO:teuthology.orchestra.run.trial041.stdout:/usr/bin/ceph: stderr
2026-02-18T21:30:34.133+0000 7fc209459640 1 -- 10.20.193.41:0/3464612059 >> [v2:10.20.193.41:3300/0,v1:10.20.193.41:6789/0] conn(0x7fc20407dea0 msgr2=0x7fc20407c300 secure :-1 s=STATE_CONNECTION_ESTABLISHED l=1).mark_down
2026-02-18T21:30:37.553 INFO:teuthology.orchestra.run.trial041.stdout:/usr/bin/ceph: stderr
2026-02-18T21:30:34.133+0000 7fc209459640 1 --2- 10.20.193.41:0/3464612059 >> [v2:10.20.193.41:3300/0,v1:10.20.193.41:6789/0] conn(0x7fc20407dea0 0x7fc20407c300 secure :-1 s=READY pgs=59 cs=0 l=1 rev1=1 crypto rx=0x7fc1f8009920 tx=0x7fc1f802ef20 comp rx=0 tx=0).stop
2026-02-18T21:30:37.554 INFO:teuthology.orchestra.run.trial041.stdout:/usr/bin/ceph: stderr
2026-02-18T21:30:34.134+0000 7fc209459640 1 -- 10.20.193.41:0/3464612059 shutdown_connections
2026-02-18T21:30:37.554 INFO:teuthology.orchestra.run.trial041.stdout:/usr/bin/ceph: stderr
2026-02-18T21:30:34.134+0000 7fc209459640 1 --2- 10.20.193.41:0/3464612059 >> [v2:10.20.193.41:3300/0,v1:10.20.193.41:6789/0] conn(0x7fc20407dea0 0x7fc20407c300 unknown :-1 s=CLOSED pgs=59 cs=0 l=1 rev1=1 crypto rx=0 tx=0 comp rx=0 tx=0).stop
2026-02-18T21:30:37.554 INFO:teuthology.orchestra.run.trial041.stdout:/usr/bin/ceph: stderr
2026-02-18T21:30:34.134+0000 7fc209459640 1 -- 10.20.193.41:0/3464612059 >> 10.20.193.41:0/3464612059 conn(0x7fc204103920 msgr2=0x7fc204105d40 unknown :-1 s=STATE_NONE l=0).mark_down
2026-02-18T21:30:37.554 INFO:teuthology.orchestra.run.trial041.stdout:/usr/bin/ceph: stderr
2026-02-18T21:30:34.134+0000 7fc209459640 1 -- 10.20.193.41:0/3464612059 shutdown_connections
2026-02-18T21:30:37.554 INFO:teuthology.orchestra.run.trial041.stdout:/usr/bin/ceph: stderr
2026-02-18T21:30:34.134+0000 7fc209459640 1 -- 10.20.193.41:0/3464612059 wait complete.
2026-02-18T21:30:37.554 INFO:teuthology.orchestra.run.trial041.stdout:/usr/bin/ceph: stderr
2026-02-18T21:30:34.134+0000 7fc209459640 1 Processor -- start
2026-02-18T21:30:37.554 INFO:teuthology.orchestra.run.trial041.stdout:/usr/bin/ceph: stderr
2026-02-18T21:30:34.134+0000 7fc209459640 1 -- start start
2026-02-18T21:30:37.554 INFO:teuthology.orchestra.run.trial041.stdout:/usr/bin/ceph: stderr
2026-02-18T21:30:34.134+0000 7fc209459640 1 --2- >> [v2:10.20.193.41:3300/0,v1:10.20.193.41:6789/0] conn(0x7fc20407dea0 0x7fc2041a0220 unknown :-1 s=NONE pgs=0 cs=0 l=1 rev1=0 crypto rx=0 tx=0 comp rx=0 tx=0).connect
2026-02-18T21:30:37.554 INFO:teuthology.orchestra.run.trial041.stdout:/usr/bin/ceph: stderr
2026-02-18T21:30:34.134+0000 7fc209459640 1 -- --> [v2:10.20.193.41:3300/0,v1:10.20.193.41:6789/0] -- mon_getmap magic: 0 -- 0x7fc20410e750 con 0x7fc20407dea0
2026-02-18T21:30:37.555 INFO:teuthology.orchestra.run.trial041.stdout:/usr/bin/ceph: stderr
2026-02-18T21:30:34.134+0000 7fc202ffd640 1 --2- >> [v2:10.20.193.41:3300/0,v1:10.20.193.41:6789/0] conn(0x7fc20407dea0 0x7fc2041a0220 unknown :-1 s=BANNER_CONNECTING pgs=0 cs=0 l=1 rev1=0 crypto rx=0 tx=0 comp rx=0 tx=0)._handle_peer_banner_payload supported=3 required=0
2026-02-18T21:30:37.555 INFO:teuthology.orchestra.run.trial041.stdout:/usr/bin/ceph: stderr
2026-02-18T21:30:34.134+0000 7fc202ffd640 1 --2- >> [v2:10.20.193.41:3300/0,v1:10.20.193.41:6789/0] conn(0x7fc20407dea0 0x7fc2041a0220 unknown :-1 s=HELLO_CONNECTING pgs=0 cs=0 l=1 rev1=1 crypto rx=0 tx=0 comp rx=0 tx=0).handle_hello peer v2:10.20.193.41:3300/0 says I am v2:10.20.193.41:36030/0 (socket says 10.20.193.41:36030)
2026-02-18T21:30:37.555 INFO:teuthology.orchestra.run.trial041.stdout:/usr/bin/ceph: stderr
2026-02-18T21:30:34.134+0000 7fc202ffd640 1 -- 10.20.193.41:0/2360237392 learned_addr learned my addr 10.20.193.41:0/2360237392 (peer_addr_for_me v2:10.20.193.41:0/0)
2026-02-18T21:30:37.555 INFO:teuthology.orchestra.run.trial041.stdout:/usr/bin/ceph: stderr
2026-02-18T21:30:34.134+0000 7fc202ffd640 1 -- 10.20.193.41:0/2360237392 --> [v2:10.20.193.41:3300/0,v1:10.20.193.41:6789/0] -- mon_subscribe({config=0+,monmap=0+}) -- 0x7fc2041a0760 con 0x7fc20407dea0
2026-02-18T21:30:37.555 INFO:teuthology.orchestra.run.trial041.stdout:/usr/bin/ceph: stderr
2026-02-18T21:30:34.134+0000 7fc202ffd640 1 --2- 10.20.193.41:0/2360237392 >> [v2:10.20.193.41:3300/0,v1:10.20.193.41:6789/0] conn(0x7fc20407dea0 0x7fc2041a0220 secure :-1 s=READY pgs=60 cs=0 l=1 rev1=1 crypto rx=0x7fc1f8002410 tx=0x7fc1f8037820 comp rx=0 tx=0).ready entity=mon.0 client_cookie=0 server_cookie=0 in_seq=0 out_seq=0
2026-02-18T21:30:37.555 INFO:teuthology.orchestra.run.trial041.stdout:/usr/bin/ceph: stderr
2026-02-18T21:30:34.134+0000 7fc1e3fff640 1 -- 10.20.193.41:0/2360237392 <== mon.0 v2:10.20.193.41:3300/0 1 ==== mon_map magic: 0 ==== 205+0+0 (secure 0 0 0) 0x7fc1f8047070 con 0x7fc20407dea0
2026-02-18T21:30:37.555 INFO:teuthology.orchestra.run.trial041.stdout:/usr/bin/ceph: stderr
2026-02-18T21:30:34.134+0000 7fc1e3fff640 1 -- 10.20.193.41:0/2360237392 <== mon.0 v2:10.20.193.41:3300/0 2 ==== config(26 keys) ==== 1076+0+0 (secure 0 0 0) 0x7fc1f8035da0 con 0x7fc20407dea0
2026-02-18T21:30:37.555 INFO:teuthology.orchestra.run.trial041.stdout:/usr/bin/ceph: stderr
2026-02-18T21:30:34.134+0000 7fc209459640 1 -- 10.20.193.41:0/2360237392 --> [v2:10.20.193.41:3300/0,v1:10.20.193.41:6789/0] -- mon_subscribe({mgrmap=0+}) -- 0x7fc2041a09f0 con 0x7fc20407dea0
2026-02-18T21:30:37.555 INFO:teuthology.orchestra.run.trial041.stdout:/usr/bin/ceph: stderr
2026-02-18T21:30:34.134+0000 7fc1e3fff640 1 -- 10.20.193.41:0/2360237392 <== mon.0 v2:10.20.193.41:3300/0 3 ==== mon_map magic: 0 ==== 205+0+0 (secure 0 0 0) 0x7fc1f803c070 con 0x7fc20407dea0
2026-02-18T21:30:37.555 INFO:teuthology.orchestra.run.trial041.stdout:/usr/bin/ceph: stderr
2026-02-18T21:30:34.134+0000 7fc209459640 1 -- 10.20.193.41:0/2360237392 --> [v2:10.20.193.41:3300/0,v1:10.20.193.41:6789/0] -- mon_subscribe({osdmap=0}) -- 0x7fc2041a36e0 con 0x7fc20407dea0
2026-02-18T21:30:37.555 INFO:teuthology.orchestra.run.trial041.stdout:/usr/bin/ceph: stderr
2026-02-18T21:30:34.135+0000 7fc1e3fff640 1 -- 10.20.193.41:0/2360237392 <== mon.0 v2:10.20.193.41:3300/0 4 ==== mgrmap(e 9) ==== 50260+0+0 (secure 0 0 0) 0x7fc1f8035900 con 0x7fc20407dea0
2026-02-18T21:30:37.556 INFO:teuthology.orchestra.run.trial041.stdout:/usr/bin/ceph: stderr
2026-02-18T21:30:34.135+0000 7fc1e3fff640 1 --2- 10.20.193.41:0/2360237392 >> [v2:10.20.193.41:6800/4068847752,v1:10.20.193.41:6801/4068847752] conn(0x7fc1d803dc40 0x7fc1d8040100 unknown :-1 s=NONE pgs=0 cs=0 l=1 rev1=0 crypto rx=0 tx=0 comp rx=0 tx=0).connect
2026-02-18T21:30:37.556 INFO:teuthology.orchestra.run.trial041.stdout:/usr/bin/ceph: stderr
2026-02-18T21:30:34.135+0000 7fc1e3fff640 1 -- 10.20.193.41:0/2360237392 --> [v2:10.20.193.41:6800/4068847752,v1:10.20.193.41:6801/4068847752] -- command(tid 0: {"prefix": "get_command_descriptions"}) -- 0x7fc1d8040810 con 0x7fc1d803dc40
2026-02-18T21:30:37.556 INFO:teuthology.orchestra.run.trial041.stdout:/usr/bin/ceph: stderr
2026-02-18T21:30:34.135+0000 7fc2027fc640 1 -- 10.20.193.41:0/2360237392 >> [v2:10.20.193.41:6800/4068847752,v1:10.20.193.41:6801/4068847752] conn(0x7fc1d803dc40 msgr2=0x7fc1d8040100 unknown :-1 s=STATE_CONNECTING_RE l=1).process reconnect failed to v2:10.20.193.41:6800/4068847752
2026-02-18T21:30:37.556 INFO:teuthology.orchestra.run.trial041.stdout:/usr/bin/ceph: stderr
2026-02-18T21:30:34.135+0000 7fc1e3fff640 1 -- 10.20.193.41:0/2360237392 <== mon.0 v2:10.20.193.41:3300/0 5 ==== osd_map(2..2 src has 1..2) ==== 940+0+0 (secure 0 0 0) 0x7fc1f8076870 con 0x7fc20407dea0
2026-02-18T21:30:37.556 INFO:teuthology.orchestra.run.trial041.stdout:/usr/bin/ceph: stderr
2026-02-18T21:30:34.135+0000 7fc2027fc640 1 --2- 10.20.193.41:0/2360237392 >> [v2:10.20.193.41:6800/4068847752,v1:10.20.193.41:6801/4068847752] conn(0x7fc1d803dc40 0x7fc1d8040100 unknown :-1 s=START_CONNECT pgs=0 cs=0 l=1 rev1=0 crypto rx=0 tx=0 comp rx=0 tx=0)._fault waiting 0.200000
2026-02-18T21:30:37.556 INFO:teuthology.orchestra.run.trial041.stdout:/usr/bin/ceph: stderr
2026-02-18T21:30:34.336+0000 7fc2027fc640 1 -- 10.20.193.41:0/2360237392 >> [v2:10.20.193.41:6800/4068847752,v1:10.20.193.41:6801/4068847752] conn(0x7fc1d803dc40 msgr2=0x7fc1d8040100 unknown :-1 s=STATE_CONNECTING_RE l=1).process reconnect failed to v2:10.20.193.41:6800/4068847752
2026-02-18T21:30:37.556 INFO:teuthology.orchestra.run.trial041.stdout:/usr/bin/ceph: stderr
2026-02-18T21:30:34.336+0000 7fc2027fc640 1 --2- 10.20.193.41:0/2360237392 >> [v2:10.20.193.41:6800/4068847752,v1:10.20.193.41:6801/4068847752] conn(0x7fc1d803dc40 0x7fc1d8040100 unknown :-1 s=START_CONNECT pgs=0 cs=0 l=1 rev1=0 crypto rx=0 tx=0 comp rx=0 tx=0)._fault waiting 0.400000
2026-02-18T21:30:37.556 INFO:teuthology.orchestra.run.trial041.stdout:/usr/bin/ceph: stderr
2026-02-18T21:30:34.737+0000 7fc2027fc640 1 -- 10.20.193.41:0/2360237392 >> [v2:10.20.193.41:6800/4068847752,v1:10.20.193.41:6801/4068847752] conn(0x7fc1d803dc40 msgr2=0x7fc1d8040100 unknown :-1 s=STATE_CONNECTING_RE l=1).process reconnect failed to v2:10.20.193.41:6800/4068847752
2026-02-18T21:30:37.556 INFO:teuthology.orchestra.run.trial041.stdout:/usr/bin/ceph: stderr
2026-02-18T21:30:34.737+0000 7fc2027fc640 1 --2- 10.20.193.41:0/2360237392 >> [v2:10.20.193.41:6800/4068847752,v1:10.20.193.41:6801/4068847752] conn(0x7fc1d803dc40 0x7fc1d8040100 unknown :-1 s=START_CONNECT pgs=0 cs=0 l=1 rev1=0 crypto rx=0 tx=0 comp rx=0 tx=0)._fault waiting 0.800000
2026-02-18T21:30:37.556 INFO:teuthology.orchestra.run.trial041.stdout:/usr/bin/ceph: stderr
2026-02-18T21:30:35.538+0000 7fc2027fc640 1 -- 10.20.193.41:0/2360237392 >> [v2:10.20.193.41:6800/4068847752,v1:10.20.193.41:6801/4068847752] conn(0x7fc1d803dc40 msgr2=0x7fc1d8040100 unknown :-1 s=STATE_CONNECTING_RE l=1).process reconnect failed to v2:10.20.193.41:6800/4068847752
2026-02-18T21:30:37.557 INFO:teuthology.orchestra.run.trial041.stdout:/usr/bin/ceph: stderr
2026-02-18T21:30:35.538+0000 7fc2027fc640 1 --2- 10.20.193.41:0/2360237392 >> [v2:10.20.193.41:6800/4068847752,v1:10.20.193.41:6801/4068847752] conn(0x7fc1d803dc40 0x7fc1d8040100 unknown :-1 s=START_CONNECT pgs=0 cs=0 l=1 rev1=0 crypto rx=0 tx=0 comp rx=0 tx=0)._fault waiting 1.600000
2026-02-18T21:30:37.557 INFO:teuthology.orchestra.run.trial041.stdout:/usr/bin/ceph: stderr
2026-02-18T21:30:36.487+0000 7fc1e3fff640 1 -- 10.20.193.41:0/2360237392 <== mon.0 v2:10.20.193.41:3300/0 6 ==== mgrmap(e 10) ==== 50027+0+0 (secure 0 0 0) 0x7fc1f8075670 con 0x7fc20407dea0
2026-02-18T21:30:37.557 INFO:teuthology.orchestra.run.trial041.stdout:/usr/bin/ceph: stderr
2026-02-18T21:30:36.487+0000 7fc1e3fff640 1 -- 10.20.193.41:0/2360237392 >> [v2:10.20.193.41:6800/4068847752,v1:10.20.193.41:6801/4068847752] conn(0x7fc1d803dc40 msgr2=0x7fc1d8040100 unknown :-1 s=STATE_CONNECTING l=1).mark_down
2026-02-18T21:30:37.557 INFO:teuthology.orchestra.run.trial041.stdout:/usr/bin/ceph: stderr
2026-02-18T21:30:36.487+0000 7fc1e3fff640 1 --2- 10.20.193.41:0/2360237392 >> [v2:10.20.193.41:6800/4068847752,v1:10.20.193.41:6801/4068847752] conn(0x7fc1d803dc40 0x7fc1d8040100 unknown :-1 s=START_CONNECT pgs=0 cs=0 l=1 rev1=0 crypto rx=0 tx=0 comp rx=0 tx=0).stop
2026-02-18T21:30:37.557 INFO:teuthology.orchestra.run.trial041.stdout:/usr/bin/ceph: stderr
2026-02-18T21:30:37.488+0000 7fc1e3fff640 1 -- 10.20.193.41:0/2360237392 <== mon.0 v2:10.20.193.41:3300/0 7 ==== mgrmap(e 11) ==== 50154+0+0 (secure 0 0 0) 0x7fc1f8075d70 con 0x7fc20407dea0
2026-02-18T21:30:37.557 INFO:teuthology.orchestra.run.trial041.stdout:/usr/bin/ceph: stderr
2026-02-18T21:30:37.488+0000 7fc1e3fff640 1 --2- 10.20.193.41:0/2360237392 >> [v2:10.20.193.41:6800/783726480,v1:10.20.193.41:6801/783726480] conn(0x7fc1d8041720 0x7fc1d8043b10 unknown :-1 s=NONE pgs=0 cs=0 l=1 rev1=0 crypto rx=0 tx=0 comp rx=0 tx=0).connect
2026-02-18T21:30:37.557 INFO:teuthology.orchestra.run.trial041.stdout:/usr/bin/ceph: stderr
2026-02-18T21:30:37.488+0000 7fc1e3fff640 1 -- 10.20.193.41:0/2360237392 --> [v2:10.20.193.41:6800/783726480,v1:10.20.193.41:6801/783726480] -- command(tid 0: {"prefix": "get_command_descriptions"}) -- 0x7fc1f8046ec0 con 0x7fc1d8041720
2026-02-18T21:30:37.557 INFO:teuthology.orchestra.run.trial041.stdout:/usr/bin/ceph: stderr
2026-02-18T21:30:37.489+0000 7fc2027fc640 1 --2- 10.20.193.41:0/2360237392 >> [v2:10.20.193.41:6800/783726480,v1:10.20.193.41:6801/783726480] conn(0x7fc1d8041720 0x7fc1d8043b10 unknown :-1 s=BANNER_CONNECTING pgs=0 cs=0 l=1 rev1=0 crypto rx=0 tx=0 comp rx=0 tx=0)._handle_peer_banner_payload supported=3 required=0
2026-02-18T21:30:37.557 INFO:teuthology.orchestra.run.trial041.stdout:/usr/bin/ceph: stderr
2026-02-18T21:30:37.489+0000 7fc2027fc640 1 --2- 10.20.193.41:0/2360237392 >> [v2:10.20.193.41:6800/783726480,v1:10.20.193.41:6801/783726480] conn(0x7fc1d8041720 0x7fc1d8043b10 secure :-1 s=READY pgs=1 cs=0 l=1 rev1=1 crypto rx=0x7fc1ec003a80 tx=0x7fc1ec0092b0 comp rx=0 tx=0).ready entity=mgr.14150 client_cookie=0 server_cookie=0 in_seq=0 out_seq=0
2026-02-18T21:30:37.557 INFO:teuthology.orchestra.run.trial041.stdout:/usr/bin/ceph: stderr
2026-02-18T21:30:37.489+0000 7fc1e3fff640 1 -- 10.20.193.41:0/2360237392 <== mgr.14150 v2:10.20.193.41:6800/783726480 1 ==== command_reply(tid 0: 0 ) ==== 8+0+8901 (secure 0 0 0) 0x7fc1f8046ec0 con 0x7fc1d8041720
2026-02-18T21:30:37.558 INFO:teuthology.orchestra.run.trial041.stdout:/usr/bin/ceph: stderr
2026-02-18T21:30:37.493+0000 7fc209459640 1 -- 10.20.193.41:0/2360237392 --> [v2:10.20.193.41:6800/783726480,v1:10.20.193.41:6801/783726480] -- command(tid 1: {"prefix": "mgr_status"}) -- 0x7fc20407c380 con 0x7fc1d8041720
2026-02-18T21:30:37.558 INFO:teuthology.orchestra.run.trial041.stdout:/usr/bin/ceph: stderr
2026-02-18T21:30:37.493+0000 7fc1e3fff640 1 -- 10.20.193.41:0/2360237392 <== mgr.14150 v2:10.20.193.41:6800/783726480 2 ==== command_reply(tid 1: 0 ) ==== 8+0+52 (secure 0 0 0) 0x7fc20407c380 con 0x7fc1d8041720
2026-02-18T21:30:37.558 INFO:teuthology.orchestra.run.trial041.stdout:/usr/bin/ceph: stderr
2026-02-18T21:30:37.493+0000 7fc209459640 1 -- 10.20.193.41:0/2360237392 >> [v2:10.20.193.41:6800/783726480,v1:10.20.193.41:6801/783726480] conn(0x7fc1d8041720 msgr2=0x7fc1d8043b10 secure :-1 s=STATE_CONNECTION_ESTABLISHED l=1).mark_down
2026-02-18T21:30:37.558 INFO:teuthology.orchestra.run.trial041.stdout:/usr/bin/ceph: stderr
2026-02-18T21:30:37.493+0000 7fc209459640 1 --2- 10.20.193.41:0/2360237392 >> [v2:10.20.193.41:6800/783726480,v1:10.20.193.41:6801/783726480] conn(0x7fc1d8041720 0x7fc1d8043b10 secure :-1 s=READY pgs=1 cs=0 l=1 rev1=1 crypto rx=0x7fc1ec003a80 tx=0x7fc1ec0092b0 comp rx=0 tx=0).stop
2026-02-18T21:30:37.558 INFO:teuthology.orchestra.run.trial041.stdout:/usr/bin/ceph: stderr
2026-02-18T21:30:37.493+0000 7fc209459640 1 -- 10.20.193.41:0/2360237392 >> [v2:10.20.193.41:3300/0,v1:10.20.193.41:6789/0] conn(0x7fc20407dea0 msgr2=0x7fc2041a0220 secure :-1 s=STATE_CONNECTION_ESTABLISHED l=1).mark_down
2026-02-18T21:30:37.558 INFO:teuthology.orchestra.run.trial041.stdout:/usr/bin/ceph: stderr
2026-02-18T21:30:37.493+0000 7fc209459640 1 --2- 10.20.193.41:0/2360237392 >> [v2:10.20.193.41:3300/0,v1:10.20.193.41:6789/0] conn(0x7fc20407dea0 0x7fc2041a0220 secure :-1 s=READY pgs=60 cs=0 l=1 rev1=1 crypto rx=0x7fc1f8002410 tx=0x7fc1f8037820 comp rx=0 tx=0).stop
2026-02-18T21:30:37.558 INFO:teuthology.orchestra.run.trial041.stdout:/usr/bin/ceph: stderr
2026-02-18T21:30:37.493+0000 7fc209459640 1 -- 10.20.193.41:0/2360237392 shutdown_connections
2026-02-18T21:30:37.558 INFO:teuthology.orchestra.run.trial041.stdout:/usr/bin/ceph: stderr
2026-02-18T21:30:37.493+0000 7fc209459640 1 --2- 10.20.193.41:0/2360237392 >> [v2:10.20.193.41:6800/783726480,v1:10.20.193.41:6801/783726480] conn(0x7fc1d8041720 0x7fc1d8043b10 unknown :-1 s=CLOSED pgs=1 cs=0 l=1 rev1=1 crypto rx=0 tx=0 comp rx=0 tx=0).stop
2026-02-18T21:30:37.558 INFO:teuthology.orchestra.run.trial041.stdout:/usr/bin/ceph: stderr
2026-02-18T21:30:37.493+0000 7fc209459640 1 --2- 10.20.193.41:0/2360237392 >> [v2:10.20.193.41:6800/4068847752,v1:10.20.193.41:6801/4068847752] conn(0x7fc1d803dc40 0x7fc1d8040100 unknown :-1 s=CLOSED pgs=0 cs=0 l=1 rev1=0 crypto rx=0 tx=0 comp rx=0 tx=0).stop
2026-02-18T21:30:37.558 INFO:teuthology.orchestra.run.trial041.stdout:/usr/bin/ceph: stderr
2026-02-18T21:30:37.493+0000 7fc209459640 1 --2- 10.20.193.41:0/2360237392 >> [v2:10.20.193.41:3300/0,v1:10.20.193.41:6789/0] conn(0x7fc20407dea0 0x7fc2041a0220 unknown :-1 s=CLOSED pgs=60 cs=0 l=1 rev1=1 crypto rx=0 tx=0 comp rx=0 tx=0).stop
2026-02-18T21:30:37.559 INFO:teuthology.orchestra.run.trial041.stdout:/usr/bin/ceph: stderr
2026-02-18T21:30:37.493+0000 7fc209459640 1 -- 10.20.193.41:0/2360237392 >> 10.20.193.41:0/2360237392 conn(0x7fc204103920 msgr2=0x7fc204104460 unknown :-1 s=STATE_NONE l=0).mark_down
2026-02-18T21:30:37.559 INFO:teuthology.orchestra.run.trial041.stdout:/usr/bin/ceph: stderr
2026-02-18T21:30:37.493+0000 7fc209459640 1 -- 10.20.193.41:0/2360237392 shutdown_connections
2026-02-18T21:30:37.559 INFO:teuthology.orchestra.run.trial041.stdout:/usr/bin/ceph: stderr
2026-02-18T21:30:37.493+0000 7fc209459640 1 -- 10.20.193.41:0/2360237392 wait complete.
2026-02-18T21:30:37.559 INFO:teuthology.orchestra.run.trial041.stdout:mgr epoch 9 is available
2026-02-18T21:30:37.559 INFO:teuthology.orchestra.run.trial041.stdout:Generating a dashboard self-signed certificate...
2026-02-18T21:30:37.810 INFO:teuthology.orchestra.run.trial041.stdout:/usr/bin/ceph: stdout Self-signed certificate created
2026-02-18T21:30:37.810 INFO:teuthology.orchestra.run.trial041.stdout:/usr/bin/ceph: stderr
2026-02-18T21:30:37.644+0000 7f6c5e221640 1 Processor -- start
2026-02-18T21:30:37.810 INFO:teuthology.orchestra.run.trial041.stdout:/usr/bin/ceph: stderr
2026-02-18T21:30:37.644+0000 7f6c5e221640 1 -- start start
2026-02-18T21:30:37.810 INFO:teuthology.orchestra.run.trial041.stdout:/usr/bin/ceph: stderr
2026-02-18T21:30:37.645+0000 7f6c5e221640 1 --2- >> [v2:10.20.193.41:3300/0,v1:10.20.193.41:6789/0] conn(0x7f6c5810a390 0x7f6c5810a790 unknown :-1 s=NONE pgs=0 cs=0 l=0 rev1=0 crypto rx=0 tx=0 comp rx=0 tx=0).connect
2026-02-18T21:30:37.811 INFO:teuthology.orchestra.run.trial041.stdout:/usr/bin/ceph: stderr
2026-02-18T21:30:37.645+0000 7f6c5e221640 1 -- --> [v2:10.20.193.41:3300/0,v1:10.20.193.41:6789/0] -- mon_getmap magic: 0 -- 0x7f6c5810ad60 con 0x7f6c5810a390
2026-02-18T21:30:37.811 INFO:teuthology.orchestra.run.trial041.stdout:/usr/bin/ceph: stderr
2026-02-18T21:30:37.645+0000 7f6c577fe640 1 --2- >> [v2:10.20.193.41:3300/0,v1:10.20.193.41:6789/0] conn(0x7f6c5810a390 0x7f6c5810a790 unknown :-1 s=BANNER_CONNECTING pgs=0 cs=0 l=0 rev1=0 crypto rx=0 tx=0 comp rx=0 tx=0)._handle_peer_banner_payload supported=3 required=0
2026-02-18T21:30:37.811 INFO:teuthology.orchestra.run.trial041.stdout:/usr/bin/ceph: stderr
2026-02-18T21:30:37.645+0000 7f6c577fe640 1 --2- >> [v2:10.20.193.41:3300/0,v1:10.20.193.41:6789/0] conn(0x7f6c5810a390 0x7f6c5810a790 unknown :-1 s=HELLO_CONNECTING pgs=0 cs=0 l=0 rev1=1 crypto rx=0 tx=0 comp rx=0 tx=0).handle_hello peer v2:10.20.193.41:3300/0 says I am v2:10.20.193.41:36100/0 (socket says 10.20.193.41:36100)
2026-02-18T21:30:37.811 INFO:teuthology.orchestra.run.trial041.stdout:/usr/bin/ceph: stderr
2026-02-18T21:30:37.645+0000 7f6c577fe640 1 -- 10.20.193.41:0/3389771524 learned_addr learned my addr 10.20.193.41:0/3389771524 (peer_addr_for_me v2:10.20.193.41:0/0)
2026-02-18T21:30:37.811 INFO:teuthology.orchestra.run.trial041.stdout:/usr/bin/ceph: stderr
2026-02-18T21:30:37.645+0000 7f6c577fe640 1 -- 10.20.193.41:0/3389771524 --> [v2:10.20.193.41:3300/0,v1:10.20.193.41:6789/0] -- mon_subscribe({config=0+,monmap=0+}) -- 0x7f6c5810b5e0 con 0x7f6c5810a390
2026-02-18T21:30:37.811 INFO:teuthology.orchestra.run.trial041.stdout:/usr/bin/ceph: stderr
2026-02-18T21:30:37.645+0000 7f6c577fe640 1 --2- 10.20.193.41:0/3389771524 >> [v2:10.20.193.41:3300/0,v1:10.20.193.41:6789/0] conn(0x7f6c5810a390 0x7f6c5810a790 secure :-1 s=READY pgs=68 cs=0 l=1 rev1=1 crypto rx=0x7f6c44009920 tx=0x7f6c4402ef20 comp rx=0 tx=0).ready entity=mon.0 client_cookie=c57de453023dd40f server_cookie=0 in_seq=0 out_seq=0
2026-02-18T21:30:37.811 INFO:teuthology.orchestra.run.trial041.stdout:/usr/bin/ceph: stderr
2026-02-18T21:30:37.645+0000 7f6c567fc640 1 -- 10.20.193.41:0/3389771524 <== mon.0 v2:10.20.193.41:3300/0 1 ==== mon_map magic: 0 ==== 205+0+0 (secure 0 0 0) 0x7f6c4403c070 con 0x7f6c5810a390
2026-02-18T21:30:37.811 INFO:teuthology.orchestra.run.trial041.stdout:/usr/bin/ceph: stderr
2026-02-18T21:30:37.645+0000 7f6c567fc640 1 -- 10.20.193.41:0/3389771524 <== mon.0 v2:10.20.193.41:3300/0 2 ==== config(26 keys) ==== 1076+0+0 (secure 0 0 0) 0x7f6c44037440 con 0x7f6c5810a390
2026-02-18T21:30:37.811 INFO:teuthology.orchestra.run.trial041.stdout:/usr/bin/ceph: stderr
2026-02-18T21:30:37.645+0000 7f6c567fc640 1 -- 10.20.193.41:0/3389771524 <== mon.0 v2:10.20.193.41:3300/0 3 ==== mon_map magic: 0 ==== 205+0+0 (secure 0 0 0) 0x7f6c440354d0 con 0x7f6c5810a390
2026-02-18T21:30:37.811 INFO:teuthology.orchestra.run.trial041.stdout:/usr/bin/ceph: stderr
2026-02-18T21:30:37.646+0000 7f6c5e221640 1 -- 10.20.193.41:0/3389771524 >> [v2:10.20.193.41:3300/0,v1:10.20.193.41:6789/0] conn(0x7f6c5810a390 msgr2=0x7f6c5810a790 secure :-1 s=STATE_CONNECTION_ESTABLISHED l=1).mark_down
2026-02-18T21:30:37.811 INFO:teuthology.orchestra.run.trial041.stdout:/usr/bin/ceph: stderr
2026-02-18T21:30:37.646+0000 7f6c5e221640 1 --2- 10.20.193.41:0/3389771524 >> [v2:10.20.193.41:3300/0,v1:10.20.193.41:6789/0] conn(0x7f6c5810a390 0x7f6c5810a790 secure :-1 s=READY pgs=68 cs=0 l=1 rev1=1 crypto rx=0x7f6c44009920 tx=0x7f6c4402ef20 comp rx=0 tx=0).stop
2026-02-18T21:30:37.812 INFO:teuthology.orchestra.run.trial041.stdout:/usr/bin/ceph: stderr
2026-02-18T21:30:37.646+0000 7f6c5e221640 1 -- 10.20.193.41:0/3389771524 shutdown_connections
2026-02-18T21:30:37.812 INFO:teuthology.orchestra.run.trial041.stdout:/usr/bin/ceph: stderr
2026-02-18T21:30:37.646+0000 7f6c5e221640 1 --2- 10.20.193.41:0/3389771524 >> [v2:10.20.193.41:3300/0,v1:10.20.193.41:6789/0] conn(0x7f6c5810a390 0x7f6c5810a790 unknown :-1 s=CLOSED pgs=68 cs=0 l=1 rev1=1 crypto rx=0 tx=0 comp rx=0 tx=0).stop
2026-02-18T21:30:37.812 INFO:teuthology.orchestra.run.trial041.stdout:/usr/bin/ceph: stderr
2026-02-18T21:30:37.646+0000 7f6c5e221640 1 -- 10.20.193.41:0/3389771524 >> 10.20.193.41:0/3389771524 conn(0x7f6c5807dbd0 msgr2=0x7f6c58108670 unknown :-1 s=STATE_NONE l=0).mark_down
2026-02-18T21:30:37.812 INFO:teuthology.orchestra.run.trial041.stdout:/usr/bin/ceph: stderr
2026-02-18T21:30:37.646+0000 7f6c5e221640 1 -- 10.20.193.41:0/3389771524 shutdown_connections
2026-02-18T21:30:37.812 INFO:teuthology.orchestra.run.trial041.stdout:/usr/bin/ceph: stderr
2026-02-18T21:30:37.646+0000 7f6c5e221640 1 -- 10.20.193.41:0/3389771524 wait complete.
2026-02-18T21:30:37.812 INFO:teuthology.orchestra.run.trial041.stdout:/usr/bin/ceph: stderr
2026-02-18T21:30:37.646+0000 7f6c5e221640 1 Processor -- start
2026-02-18T21:30:37.812 INFO:teuthology.orchestra.run.trial041.stdout:/usr/bin/ceph: stderr
2026-02-18T21:30:37.646+0000 7f6c5e221640 1 -- start start
2026-02-18T21:30:37.812 INFO:teuthology.orchestra.run.trial041.stdout:/usr/bin/ceph: stderr
2026-02-18T21:30:37.646+0000 7f6c5e221640 1 --2- >> [v2:10.20.193.41:3300/0,v1:10.20.193.41:6789/0] conn(0x7f6c5810a390 0x7f6c581a0210 unknown :-1 s=NONE pgs=0 cs=0 l=1 rev1=0 crypto rx=0 tx=0 comp rx=0 tx=0).connect
2026-02-18T21:30:37.812 INFO:teuthology.orchestra.run.trial041.stdout:/usr/bin/ceph: stderr
2026-02-18T21:30:37.646+0000 7f6c5e221640 1 -- --> [v2:10.20.193.41:3300/0,v1:10.20.193.41:6789/0] -- mon_getmap magic: 0 -- 0x7f6c5810e990 con 0x7f6c5810a390
2026-02-18T21:30:37.812 INFO:teuthology.orchestra.run.trial041.stdout:/usr/bin/ceph: stderr
2026-02-18T21:30:37.646+0000 7f6c577fe640 1 --2- >> [v2:10.20.193.41:3300/0,v1:10.20.193.41:6789/0] conn(0x7f6c5810a390 0x7f6c581a0210 unknown :-1 s=BANNER_CONNECTING pgs=0 cs=0 l=1 rev1=0 crypto rx=0 tx=0 comp rx=0 tx=0)._handle_peer_banner_payload supported=3 required=0
2026-02-18T21:30:37.812 INFO:teuthology.orchestra.run.trial041.stdout:/usr/bin/ceph: stderr
2026-02-18T21:30:37.646+0000 7f6c577fe640 1 --2- >> [v2:10.20.193.41:3300/0,v1:10.20.193.41:6789/0] conn(0x7f6c5810a390 0x7f6c581a0210 unknown :-1 s=HELLO_CONNECTING pgs=0 cs=0 l=1 rev1=1 crypto rx=0 tx=0 comp rx=0 tx=0).handle_hello peer v2:10.20.193.41:3300/0 says I am v2:10.20.193.41:36102/0 (socket says 10.20.193.41:36102)
2026-02-18T21:30:37.813 INFO:teuthology.orchestra.run.trial041.stdout:/usr/bin/ceph: stderr
2026-02-18T21:30:37.646+0000 7f6c577fe640 1 -- 10.20.193.41:0/3300999172 learned_addr learned my addr 10.20.193.41:0/3300999172 (peer_addr_for_me v2:10.20.193.41:0/0)
2026-02-18T21:30:37.813 INFO:teuthology.orchestra.run.trial041.stdout:/usr/bin/ceph: stderr
2026-02-18T21:30:37.647+0000 7f6c577fe640 1 -- 10.20.193.41:0/3300999172 --> [v2:10.20.193.41:3300/0,v1:10.20.193.41:6789/0] -- mon_subscribe({config=0+,monmap=0+}) -- 0x7f6c581a0750 con 0x7f6c5810a390
2026-02-18T21:30:37.813 INFO:teuthology.orchestra.run.trial041.stdout:/usr/bin/ceph: stderr
2026-02-18T21:30:37.647+0000 7f6c577fe640 1 --2- 10.20.193.41:0/3300999172 >> [v2:10.20.193.41:3300/0,v1:10.20.193.41:6789/0] conn(0x7f6c5810a390 0x7f6c581a0210 secure :-1 s=READY pgs=69 cs=0 l=1 rev1=1 crypto rx=0x7f6c44039000 tx=0x7f6c44037820 comp rx=0 tx=0).ready entity=mon.0 client_cookie=0 server_cookie=0 in_seq=0 out_seq=0
2026-02-18T21:30:37.813 INFO:teuthology.orchestra.run.trial041.stdout:/usr/bin/ceph: stderr
2026-02-18T21:30:37.647+0000 7f6c54ff9640 1 -- 10.20.193.41:0/3300999172 <== mon.0 v2:10.20.193.41:3300/0 1 ==== mon_map magic: 0 ==== 205+0+0 (secure 0 0 0) 0x7f6c44047070 con 0x7f6c5810a390
2026-02-18T21:30:37.813 INFO:teuthology.orchestra.run.trial041.stdout:/usr/bin/ceph: stderr
2026-02-18T21:30:37.647+0000 7f6c54ff9640 1 -- 10.20.193.41:0/3300999172 <== mon.0 v2:10.20.193.41:3300/0 2 ==== config(26 keys) ==== 1076+0+0 (secure 0 0 0) 0x7f6c44035df0 con 0x7f6c5810a390
2026-02-18T21:30:37.813 INFO:teuthology.orchestra.run.trial041.stdout:/usr/bin/ceph: stderr
2026-02-18T21:30:37.647+0000 7f6c54ff9640 1 -- 10.20.193.41:0/3300999172 <== mon.0 v2:10.20.193.41:3300/0 3 ==== mon_map magic: 0 ==== 205+0+0 (secure 0 0 0) 0x7f6c4403c070 con 0x7f6c5810a390
2026-02-18T21:30:37.813 INFO:teuthology.orchestra.run.trial041.stdout:/usr/bin/ceph: stderr
2026-02-18T21:30:37.647+0000 7f6c5e221640 1 -- 10.20.193.41:0/3300999172 --> [v2:10.20.193.41:3300/0,v1:10.20.193.41:6789/0] -- mon_subscribe({mgrmap=0+}) -- 0x7f6c581a09e0 con 0x7f6c5810a390
2026-02-18T21:30:37.813 INFO:teuthology.orchestra.run.trial041.stdout:/usr/bin/ceph: stderr
2026-02-18T21:30:37.647+0000 7f6c5e221640 1 -- 10.20.193.41:0/3300999172 --> [v2:10.20.193.41:3300/0,v1:10.20.193.41:6789/0] -- mon_subscribe({osdmap=0}) -- 0x7f6c581a36d0 con 0x7f6c5810a390
2026-02-18T21:30:37.813 INFO:teuthology.orchestra.run.trial041.stdout:/usr/bin/ceph: stderr
2026-02-18T21:30:37.647+0000 7f6c5e221640 1 -- 10.20.193.41:0/3300999172 --> [v2:10.20.193.41:3300/0,v1:10.20.193.41:6789/0] -- mon_command({"prefix": "get_command_descriptions"} v 0) -- 0x7f6c5810a810 con 0x7f6c5810a390
2026-02-18T21:30:37.813 INFO:teuthology.orchestra.run.trial041.stdout:/usr/bin/ceph: stderr
2026-02-18T21:30:37.647+0000 7f6c54ff9640 1 -- 10.20.193.41:0/3300999172 <== mon.0 v2:10.20.193.41:3300/0 4 ==== mgrmap(e 11) ==== 50154+0+0 (secure 0 0 0) 0x7f6c44042640 con 0x7f6c5810a390
2026-02-18T21:30:37.813 INFO:teuthology.orchestra.run.trial041.stdout:/usr/bin/ceph: stderr
2026-02-18T21:30:37.647+0000 7f6c54ff9640 1 --2- 10.20.193.41:0/3300999172 >> [v2:10.20.193.41:6800/783726480,v1:10.20.193.41:6801/783726480] conn(0x7f6c2c03dad0 0x7f6c2c03ff90 unknown :-1 s=NONE pgs=0 cs=0 l=1 rev1=0 crypto rx=0 tx=0 comp rx=0 tx=0).connect
2026-02-18T21:30:37.813 INFO:teuthology.orchestra.run.trial041.stdout:/usr/bin/ceph: stderr
2026-02-18T21:30:37.647+0000 7f6c54ff9640 1 -- 10.20.193.41:0/3300999172 <== mon.0 v2:10.20.193.41:3300/0 5 ==== osd_map(3..3 src has 1..3) ==== 1155+0+0 (secure 0 0 0) 0x7f6c44076b20 con 0x7f6c5810a390
2026-02-18T21:30:37.814 INFO:teuthology.orchestra.run.trial041.stdout:/usr/bin/ceph: stderr
2026-02-18T21:30:37.648+0000 7f6c56ffd640 1 --2- 10.20.193.41:0/3300999172 >> [v2:10.20.193.41:6800/783726480,v1:10.20.193.41:6801/783726480] conn(0x7f6c2c03dad0 0x7f6c2c03ff90 unknown :-1 s=BANNER_CONNECTING pgs=0 cs=0 l=1 rev1=0 crypto rx=0 tx=0 comp rx=0 tx=0)._handle_peer_banner_payload supported=3 required=0
2026-02-18T21:30:37.814 INFO:teuthology.orchestra.run.trial041.stdout:/usr/bin/ceph: stderr
2026-02-18T21:30:37.648+0000 7f6c56ffd640 1 --2- 10.20.193.41:0/3300999172 >> [v2:10.20.193.41:6800/783726480,v1:10.20.193.41:6801/783726480] conn(0x7f6c2c03dad0 0x7f6c2c03ff90 secure :-1 s=READY pgs=7 cs=0 l=1 rev1=1 crypto rx=0x7f6c480099c0 tx=0x7f6c48006eb0 comp rx=0 tx=0).ready entity=mgr.14150 client_cookie=0 server_cookie=0 in_seq=0 out_seq=0
2026-02-18T21:30:37.814 INFO:teuthology.orchestra.run.trial041.stdout:/usr/bin/ceph: stderr
2026-02-18T21:30:37.650+0000 7f6c54ff9640 1 -- 10.20.193.41:0/3300999172 <== mon.0 v2:10.20.193.41:3300/0 6 ==== mon_command_ack([{"prefix": "get_command_descriptions"}]=0 v0) ==== 72+0+195034 (secure 0 0 0) 0x7f6c440342a0 con 0x7f6c5810a390
2026-02-18T21:30:37.814 INFO:teuthology.orchestra.run.trial041.stdout:/usr/bin/ceph: stderr
2026-02-18T21:30:37.734+0000 7f6c5e221640 1 -- 10.20.193.41:0/3300999172 --> [v2:10.20.193.41:6800/783726480,v1:10.20.193.41:6801/783726480] -- mgr_command(tid 0: {"prefix": "dashboard create-self-signed-cert", "target": ["mon-mgr", ""]}) -- 0x7f6c58108420 con 0x7f6c2c03dad0
2026-02-18T21:30:37.814 INFO:teuthology.orchestra.run.trial041.stdout:/usr/bin/ceph: stderr
2026-02-18T21:30:37.784+0000 7f6c54ff9640 1 -- 10.20.193.41:0/3300999172 <== mgr.14150 v2:10.20.193.41:6800/783726480 1 ==== mgr_command_reply(tid 0: 0 ) ==== 8+0+32 (secure 0 0 0) 0x7f6c58108420 con 0x7f6c2c03dad0
2026-02-18T21:30:37.814 INFO:teuthology.orchestra.run.trial041.stdout:/usr/bin/ceph: stderr
2026-02-18T21:30:37.785+0000 7f6c5e221640 1 -- 10.20.193.41:0/3300999172 >> [v2:10.20.193.41:6800/783726480,v1:10.20.193.41:6801/783726480] conn(0x7f6c2c03dad0 msgr2=0x7f6c2c03ff90 secure :-1 s=STATE_CONNECTION_ESTABLISHED l=1).mark_down
2026-02-18T21:30:37.814 INFO:teuthology.orchestra.run.trial041.stdout:/usr/bin/ceph: stderr
2026-02-18T21:30:37.785+0000 7f6c5e221640 1 --2- 10.20.193.41:0/3300999172 >> [v2:10.20.193.41:6800/783726480,v1:10.20.193.41:6801/783726480] conn(0x7f6c2c03dad0 0x7f6c2c03ff90 secure :-1 s=READY pgs=7 cs=0 l=1 rev1=1 crypto rx=0x7f6c480099c0 tx=0x7f6c48006eb0 comp rx=0 tx=0).stop
2026-02-18T21:30:37.814 INFO:teuthology.orchestra.run.trial041.stdout:/usr/bin/ceph: stderr
2026-02-18T21:30:37.785+0000 7f6c5e221640 1 -- 10.20.193.41:0/3300999172 >> [v2:10.20.193.41:3300/0,v1:10.20.193.41:6789/0] conn(0x7f6c5810a390 msgr2=0x7f6c581a0210 secure :-1 s=STATE_CONNECTION_ESTABLISHED l=1).mark_down
2026-02-18T21:30:37.814 INFO:teuthology.orchestra.run.trial041.stdout:/usr/bin/ceph: stderr
2026-02-18T21:30:37.785+0000 7f6c5e221640 1 --2- 10.20.193.41:0/3300999172 >> [v2:10.20.193.41:3300/0,v1:10.20.193.41:6789/0] conn(0x7f6c5810a390 0x7f6c581a0210 secure :-1 s=READY pgs=69 cs=0 l=1 rev1=1 crypto rx=0x7f6c44039000 tx=0x7f6c44037820 comp rx=0 tx=0).stop
2026-02-18T21:30:37.814 INFO:teuthology.orchestra.run.trial041.stdout:/usr/bin/ceph: stderr
2026-02-18T21:30:37.785+0000 7f6c5e221640 1 -- 10.20.193.41:0/3300999172 shutdown_connections
2026-02-18T21:30:37.814 INFO:teuthology.orchestra.run.trial041.stdout:/usr/bin/ceph: stderr
2026-02-18T21:30:37.785+0000 7f6c5e221640 1 --2- 10.20.193.41:0/3300999172 >> [v2:10.20.193.41:6800/783726480,v1:10.20.193.41:6801/783726480] conn(0x7f6c2c03dad0 0x7f6c2c03ff90 unknown :-1 s=CLOSED pgs=7 cs=0 l=1 rev1=1 crypto rx=0 tx=0 comp rx=0 tx=0).stop
2026-02-18T21:30:37.814 INFO:teuthology.orchestra.run.trial041.stdout:/usr/bin/ceph: stderr
2026-02-18T21:30:37.785+0000 7f6c5e221640 1 --2- 10.20.193.41:0/3300999172 >> [v2:10.20.193.41:3300/0,v1:10.20.193.41:6789/0] conn(0x7f6c5810a390 0x7f6c581a0210 unknown :-1 s=CLOSED pgs=69 cs=0 l=1 rev1=1 crypto rx=0 tx=0 comp rx=0 tx=0).stop
2026-02-18T21:30:37.815 INFO:teuthology.orchestra.run.trial041.stdout:/usr/bin/ceph: stderr
2026-02-18T21:30:37.785+0000 7f6c5e221640 1 -- 10.20.193.41:0/3300999172 >> 10.20.193.41:0/3300999172 conn(0x7f6c5807dbd0 msgr2=0x7f6c58107d10 unknown :-1 s=STATE_NONE l=0).mark_down
2026-02-18T21:30:37.815 INFO:teuthology.orchestra.run.trial041.stdout:/usr/bin/ceph: stderr
2026-02-18T21:30:37.785+0000 7f6c5e221640 1 -- 10.20.193.41:0/3300999172 shutdown_connections
2026-02-18T21:30:37.815 INFO:teuthology.orchestra.run.trial041.stdout:/usr/bin/ceph: stderr
2026-02-18T21:30:37.785+0000 7f6c5e221640 1 -- 10.20.193.41:0/3300999172 wait complete.
2026-02-18T21:30:37.815 INFO:teuthology.orchestra.run.trial041.stdout:Creating initial admin user...
2026-02-18T21:30:38.005 INFO:journalctl@ceph.mon.a.trial041.stdout:Feb 18 21:30:37 trial041 ceph-mon[23271]: from='mgr.14150 10.20.193.41:0/2615151811' entity='mgr.x'
2026-02-18T21:30:38.005 INFO:journalctl@ceph.mon.a.trial041.stdout:Feb 18 21:30:37 trial041 ceph-mon[23271]: from='mgr.14150 10.20.193.41:0/2615151811' entity='mgr.x'
2026-02-18T21:30:38.005 INFO:journalctl@ceph.mon.a.trial041.stdout:Feb 18 21:30:37 trial041 ceph-mon[23271]: [18/Feb/2026:21:30:37] ENGINE Bus STARTING
2026-02-18T21:30:38.005 INFO:journalctl@ceph.mon.a.trial041.stdout:Feb 18 21:30:37 trial041 ceph-mon[23271]: [18/Feb/2026:21:30:37] ENGINE Serving on https://10.20.193.41:7150
2026-02-18T21:30:38.005 INFO:journalctl@ceph.mon.a.trial041.stdout:Feb 18 21:30:37 trial041 ceph-mon[23271]: [18/Feb/2026:21:30:37] ENGINE Client ('10.20.193.41', 51390) lost — peer dropped the TLS connection suddenly, during handshake: (6, 'TLS/SSL connection has been closed (EOF) (_ssl.c:1147)')
2026-02-18T21:30:38.006 INFO:journalctl@ceph.mon.a.trial041.stdout:Feb 18 21:30:37 trial041 ceph-mon[23271]: from='client.14154 -' entity='client.admin' cmd=[{"prefix": "get_command_descriptions"}]: dispatch
2026-02-18T21:30:38.006 INFO:journalctl@ceph.mon.a.trial041.stdout:Feb 18 21:30:37 trial041 ceph-mon[23271]: mgrmap e11: x(active, since 1.00465s)
2026-02-18T21:30:38.006 INFO:journalctl@ceph.mon.a.trial041.stdout:Feb 18 21:30:37 trial041 ceph-mon[23271]: from='client.14154 -' entity='client.admin' cmd=[{"prefix": "mgr_status"}]: dispatch
2026-02-18T21:30:38.006 INFO:journalctl@ceph.mon.a.trial041.stdout:Feb 18 21:30:37 trial041 ceph-mon[23271]: [18/Feb/2026:21:30:37] ENGINE Serving on http://10.20.193.41:8765
2026-02-18T21:30:38.006 INFO:journalctl@ceph.mon.a.trial041.stdout:Feb 18 21:30:37 trial041 ceph-mon[23271]: [18/Feb/2026:21:30:37] ENGINE Bus STARTED
2026-02-18T21:30:38.006 INFO:journalctl@ceph.mon.a.trial041.stdout:Feb 18 21:30:37 trial041 ceph-mon[23271]: from='client.14162 -' entity='client.admin' cmd=[{"prefix": "dashboard create-self-signed-cert", "target": ["mon-mgr", ""]}]: dispatch
2026-02-18T21:30:38.006 INFO:journalctl@ceph.mon.a.trial041.stdout:Feb 18 21:30:37 trial041 ceph-mon[23271]: from='mgr.14150 10.20.193.41:0/2615151811' entity='mgr.x'
2026-02-18T21:30:38.006 INFO:journalctl@ceph.mon.a.trial041.stdout:Feb 18 21:30:37 trial041 ceph-mon[23271]: from='mgr.14150 10.20.193.41:0/2615151811' entity='mgr.x'
2026-02-18T21:30:38.166 INFO:teuthology.orchestra.run.trial041.stdout:/usr/bin/ceph: stdout {"username": "admin", "password": "$2b$12$nvCqyioZaWtamq3NUnO6jOyvAwnrVMC91vLlZBoEAlkhPT21vwR2C", "roles": ["administrator"], "name": null, "email": null, "lastUpdate": 1771450238, "enabled": true, "pwdExpirationDate": null, "pwdUpdateRequired": true}
2026-02-18T21:30:38.166 INFO:teuthology.orchestra.run.trial041.stdout:/usr/bin/ceph: stderr
2026-02-18T21:30:37.910+0000 7f9ac6afb640 1 Processor -- start
2026-02-18T21:30:38.166 INFO:teuthology.orchestra.run.trial041.stdout:/usr/bin/ceph: stderr
2026-02-18T21:30:37.910+0000 7f9ac6afb640 1 -- start start
2026-02-18T21:30:38.166 INFO:teuthology.orchestra.run.trial041.stdout:/usr/bin/ceph: stderr
2026-02-18T21:30:37.910+0000 7f9ac6afb640 1 --2- >> [v2:10.20.193.41:3300/0,v1:10.20.193.41:6789/0] conn(0x7f9ac010a390 0x7f9ac010a790 unknown :-1 s=NONE pgs=0 cs=0 l=0 rev1=0 crypto rx=0 tx=0 comp rx=0 tx=0).connect
2026-02-18T21:30:38.166 INFO:teuthology.orchestra.run.trial041.stdout:/usr/bin/ceph: stderr
2026-02-18T21:30:37.910+0000 7f9ac6afb640 1 -- --> [v2:10.20.193.41:3300/0,v1:10.20.193.41:6789/0] -- mon_getmap magic: 0 -- 0x7f9ac010ad60 con 0x7f9ac010a390
2026-02-18T21:30:38.166 INFO:teuthology.orchestra.run.trial041.stdout:/usr/bin/ceph: stderr
2026-02-18T21:30:37.910+0000 7f9ac4870640 1 --2- >> [v2:10.20.193.41:3300/0,v1:10.20.193.41:6789/0] conn(0x7f9ac010a390 0x7f9ac010a790 unknown :-1 s=BANNER_CONNECTING pgs=0 cs=0 l=0 rev1=0 crypto rx=0 tx=0 comp rx=0 tx=0)._handle_peer_banner_payload supported=3 required=0
2026-02-18T21:30:38.166 INFO:teuthology.orchestra.run.trial041.stdout:/usr/bin/ceph: stderr
2026-02-18T21:30:37.910+0000 7f9ac4870640 1 --2- >> [v2:10.20.193.41:3300/0,v1:10.20.193.41:6789/0] conn(0x7f9ac010a390 0x7f9ac010a790 unknown :-1 s=HELLO_CONNECTING pgs=0 cs=0 l=0 rev1=1 crypto rx=0 tx=0 comp rx=0 tx=0).handle_hello peer v2:10.20.193.41:3300/0 says I am v2:10.20.193.41:36112/0 (socket says 10.20.193.41:36112)
2026-02-18T21:30:38.166 INFO:teuthology.orchestra.run.trial041.stdout:/usr/bin/ceph: stderr
2026-02-18T21:30:37.910+0000 7f9ac4870640 1 -- 10.20.193.41:0/391415458 learned_addr learned my addr 10.20.193.41:0/391415458 (peer_addr_for_me v2:10.20.193.41:0/0)
2026-02-18T21:30:38.166 INFO:teuthology.orchestra.run.trial041.stdout:/usr/bin/ceph: stderr
2026-02-18T21:30:37.910+0000 7f9ac4870640 1 -- 10.20.193.41:0/391415458 --> [v2:10.20.193.41:3300/0,v1:10.20.193.41:6789/0] -- mon_subscribe({config=0+,monmap=0+}) -- 0x7f9ac010b590 con 0x7f9ac010a390
2026-02-18T21:30:38.166 INFO:teuthology.orchestra.run.trial041.stdout:/usr/bin/ceph: stderr
2026-02-18T21:30:37.911+0000 7f9ac4870640 1 --2- 10.20.193.41:0/391415458 >> [v2:10.20.193.41:3300/0,v1:10.20.193.41:6789/0] conn(0x7f9ac010a390 0x7f9ac010a790 secure :-1 s=READY pgs=70 cs=0 l=1 rev1=1 crypto rx=0x7f9ab0009920 tx=0x7f9ab002ef20 comp rx=0 tx=0).ready entity=mon.0 client_cookie=3c139b33e61739f4 server_cookie=0 in_seq=0 out_seq=0
2026-02-18T21:30:38.166 INFO:teuthology.orchestra.run.trial041.stdout:/usr/bin/ceph: stderr
2026-02-18T21:30:37.911+0000 7f9ab77fe640 1 -- 10.20.193.41:0/391415458 <== mon.0 v2:10.20.193.41:3300/0 1 ==== mon_map magic: 0 ==== 205+0+0 (secure 0 0 0) 0x7f9ab003c070 con 0x7f9ac010a390
2026-02-18T21:30:38.166 INFO:teuthology.orchestra.run.trial041.stdout:/usr/bin/ceph: stderr
2026-02-18T21:30:37.911+0000 7f9ab77fe640 1 -- 10.20.193.41:0/391415458 <== mon.0 v2:10.20.193.41:3300/0 2 ==== config(26 keys) ==== 1076+0+0 (secure 0 0 0) 0x7f9ab0037440 con 0x7f9ac010a390
2026-02-18T21:30:38.166 INFO:teuthology.orchestra.run.trial041.stdout:/usr/bin/ceph: stderr
2026-02-18T21:30:37.911+0000 7f9ab77fe640 1 -- 10.20.193.41:0/391415458 <== mon.0 v2:10.20.193.41:3300/0 3 ==== mon_map magic: 0 ==== 205+0+0 (secure 0 0 0) 0x7f9ab00354d0 con 0x7f9ac010a390
2026-02-18T21:30:38.166 INFO:teuthology.orchestra.run.trial041.stdout:/usr/bin/ceph: stderr
2026-02-18T21:30:37.911+0000 7f9ac6afb640 1 -- 10.20.193.41:0/391415458 >> [v2:10.20.193.41:3300/0,v1:10.20.193.41:6789/0] conn(0x7f9ac010a390 msgr2=0x7f9ac010a790 secure :-1 s=STATE_CONNECTION_ESTABLISHED l=1).mark_down
2026-02-18T21:30:38.166 INFO:teuthology.orchestra.run.trial041.stdout:/usr/bin/ceph: stderr
2026-02-18T21:30:37.911+0000 7f9ac6afb640 1 --2- 10.20.193.41:0/391415458 >> [v2:10.20.193.41:3300/0,v1:10.20.193.41:6789/0] conn(0x7f9ac010a390 0x7f9ac010a790 secure :-1 s=READY pgs=70 cs=0 l=1 rev1=1 crypto rx=0x7f9ab0009920 tx=0x7f9ab002ef20 comp rx=0 tx=0).stop
2026-02-18T21:30:38.166 INFO:teuthology.orchestra.run.trial041.stdout:/usr/bin/ceph: stderr
2026-02-18T21:30:37.911+0000 7f9ac6afb640 1 -- 10.20.193.41:0/391415458 shutdown_connections
2026-02-18T21:30:38.166 INFO:teuthology.orchestra.run.trial041.stdout:/usr/bin/ceph: stderr
2026-02-18T21:30:37.911+0000 7f9ac6afb640 1 --2- 10.20.193.41:0/391415458 >> [v2:10.20.193.41:3300/0,v1:10.20.193.41:6789/0] conn(0x7f9ac010a390 0x7f9ac010a790 unknown :-1 s=CLOSED pgs=70 cs=0 l=1 rev1=1 crypto rx=0 tx=0 comp rx=0 tx=0).stop
2026-02-18T21:30:38.166 INFO:teuthology.orchestra.run.trial041.stdout:/usr/bin/ceph: stderr
