2026-02-18T21:30:37.911+0000 7f9ac6afb640 1 -- 10.20.193.41:0/391415458 >> 10.20.193.41:0/391415458 conn(0x7f9ac007dba0 msgr2=0x7f9ac0108670 unknown :-1 s=STATE_NONE l=0).mark_down
2026-02-18T21:30:38.166 INFO:teuthology.orchestra.run.trial041.stdout:/usr/bin/ceph: stderr
2026-02-18T21:30:37.911+0000 7f9ac6afb640 1 -- 10.20.193.41:0/391415458 shutdown_connections
2026-02-18T21:30:38.167 INFO:teuthology.orchestra.run.trial041.stdout:/usr/bin/ceph: stderr
2026-02-18T21:30:37.911+0000 7f9ac6afb640 1 -- 10.20.193.41:0/391415458 wait complete.
2026-02-18T21:30:38.167 INFO:teuthology.orchestra.run.trial041.stdout:/usr/bin/ceph: stderr
2026-02-18T21:30:37.912+0000 7f9ac6afb640 1 Processor -- start
2026-02-18T21:30:38.167 INFO:teuthology.orchestra.run.trial041.stdout:/usr/bin/ceph: stderr
2026-02-18T21:30:37.912+0000 7f9ac6afb640 1 -- start start
2026-02-18T21:30:38.167 INFO:teuthology.orchestra.run.trial041.stdout:/usr/bin/ceph: stderr
2026-02-18T21:30:37.912+0000 7f9ac6afb640 1 --2- >> [v2:10.20.193.41:3300/0,v1:10.20.193.41:6789/0] conn(0x7f9ac010a390 0x7f9ac01a02c0 unknown :-1 s=NONE pgs=0 cs=0 l=1 rev1=0 crypto rx=0 tx=0 comp rx=0 tx=0).connect
2026-02-18T21:30:38.167 INFO:teuthology.orchestra.run.trial041.stdout:/usr/bin/ceph: stderr
2026-02-18T21:30:37.912+0000 7f9ac6afb640 1 -- --> [v2:10.20.193.41:3300/0,v1:10.20.193.41:6789/0] -- mon_getmap magic: 0 -- 0x7f9ac010e940 con 0x7f9ac010a390
2026-02-18T21:30:38.167 INFO:teuthology.orchestra.run.trial041.stdout:/usr/bin/ceph: stderr
2026-02-18T21:30:37.912+0000 7f9ac4870640 1 --2- >> [v2:10.20.193.41:3300/0,v1:10.20.193.41:6789/0] conn(0x7f9ac010a390 0x7f9ac01a02c0 unknown :-1 s=BANNER_CONNECTING pgs=0 cs=0 l=1 rev1=0 crypto rx=0 tx=0 comp rx=0 tx=0)._handle_peer_banner_payload supported=3 required=0
2026-02-18T21:30:38.167 INFO:teuthology.orchestra.run.trial041.stdout:/usr/bin/ceph: stderr
2026-02-18T21:30:37.912+0000 7f9ac4870640 1 --2- >> [v2:10.20.193.41:3300/0,v1:10.20.193.41:6789/0] conn(0x7f9ac010a390 0x7f9ac01a02c0 unknown :-1 s=HELLO_CONNECTING pgs=0 cs=0 l=1 rev1=1 crypto rx=0 tx=0 comp rx=0 tx=0).handle_hello peer v2:10.20.193.41:3300/0 says I am v2:10.20.193.41:36128/0 (socket says 10.20.193.41:36128)
2026-02-18T21:30:38.167 INFO:teuthology.orchestra.run.trial041.stdout:/usr/bin/ceph: stderr
2026-02-18T21:30:37.912+0000 7f9ac4870640 1 -- 10.20.193.41:0/1451123394 learned_addr learned my addr 10.20.193.41:0/1451123394 (peer_addr_for_me v2:10.20.193.41:0/0)
2026-02-18T21:30:38.167 INFO:teuthology.orchestra.run.trial041.stdout:/usr/bin/ceph: stderr
2026-02-18T21:30:37.912+0000 7f9ac4870640 1 -- 10.20.193.41:0/1451123394 --> [v2:10.20.193.41:3300/0,v1:10.20.193.41:6789/0] -- mon_subscribe({config=0+,monmap=0+}) -- 0x7f9ac01a0800 con 0x7f9ac010a390
2026-02-18T21:30:38.167 INFO:teuthology.orchestra.run.trial041.stdout:/usr/bin/ceph: stderr
2026-02-18T21:30:37.912+0000 7f9ac4870640 1 --2- 10.20.193.41:0/1451123394 >> [v2:10.20.193.41:3300/0,v1:10.20.193.41:6789/0] conn(0x7f9ac010a390 0x7f9ac01a02c0 secure :-1 s=READY pgs=71 cs=0 l=1 rev1=1 crypto rx=0x7f9ab0039000 tx=0x7f9ab0037890 comp rx=0 tx=0).ready entity=mon.0 client_cookie=0 server_cookie=0 in_seq=0 out_seq=0
2026-02-18T21:30:38.167 INFO:teuthology.orchestra.run.trial041.stdout:/usr/bin/ceph: stderr
2026-02-18T21:30:37.912+0000 7f9ab5ffb640 1 -- 10.20.193.41:0/1451123394 <== mon.0 v2:10.20.193.41:3300/0 1 ==== mon_map magic: 0 ==== 205+0+0 (secure 0 0 0) 0x7f9ab0047070 con 0x7f9ac010a390
2026-02-18T21:30:38.167 INFO:teuthology.orchestra.run.trial041.stdout:/usr/bin/ceph: stderr
2026-02-18T21:30:37.912+0000 7f9ab5ffb640 1 -- 10.20.193.41:0/1451123394 <== mon.0 v2:10.20.193.41:3300/0 2 ==== config(26 keys) ==== 1076+0+0 (secure 0 0 0) 0x7f9ab0042440 con 0x7f9ac010a390
2026-02-18T21:30:38.167 INFO:teuthology.orchestra.run.trial041.stdout:/usr/bin/ceph: stderr
2026-02-18T21:30:37.912+0000 7f9ac6afb640 1 -- 10.20.193.41:0/1451123394 --> [v2:10.20.193.41:3300/0,v1:10.20.193.41:6789/0] -- mon_subscribe({mgrmap=0+}) -- 0x7f9ac01a0a90 con 0x7f9ac010a390
2026-02-18T21:30:38.167 INFO:teuthology.orchestra.run.trial041.stdout:/usr/bin/ceph: stderr
2026-02-18T21:30:37.912+0000 7f9ab5ffb640 1 -- 10.20.193.41:0/1451123394 <== mon.0 v2:10.20.193.41:3300/0 3 ==== mon_map magic: 0 ==== 205+0+0 (secure 0 0 0) 0x7f9ab003c070 con 0x7f9ac010a390
2026-02-18T21:30:38.167 INFO:teuthology.orchestra.run.trial041.stdout:/usr/bin/ceph: stderr
2026-02-18T21:30:37.912+0000 7f9ac6afb640 1 -- 10.20.193.41:0/1451123394 --> [v2:10.20.193.41:3300/0,v1:10.20.193.41:6789/0] -- mon_subscribe({osdmap=0}) -- 0x7f9ac01a3780 con 0x7f9ac010a390
2026-02-18T21:30:38.167 INFO:teuthology.orchestra.run.trial041.stdout:/usr/bin/ceph: stderr
2026-02-18T21:30:37.913+0000 7f9ac6afb640 1 -- 10.20.193.41:0/1451123394 --> [v2:10.20.193.41:3300/0,v1:10.20.193.41:6789/0] -- mon_command({"prefix": "get_command_descriptions"} v 0) -- 0x7f9ac010eac0 con 0x7f9ac010a390
2026-02-18T21:30:38.167 INFO:teuthology.orchestra.run.trial041.stdout:/usr/bin/ceph: stderr
2026-02-18T21:30:37.913+0000 7f9ab5ffb640 1 -- 10.20.193.41:0/1451123394 <== mon.0 v2:10.20.193.41:3300/0 4 ==== mgrmap(e 11) ==== 50154+0+0 (secure 0 0 0) 0x7f9ab00425f0 con 0x7f9ac010a390
2026-02-18T21:30:38.167 INFO:teuthology.orchestra.run.trial041.stdout:/usr/bin/ceph: stderr
2026-02-18T21:30:37.913+0000 7f9ab5ffb640 1 --2- 10.20.193.41:0/1451123394 >> [v2:10.20.193.41:6800/783726480,v1:10.20.193.41:6801/783726480] conn(0x7f9a9c03db20 0x7f9a9c03ffe0 unknown :-1 s=NONE pgs=0 cs=0 l=1 rev1=0 crypto rx=0 tx=0 comp rx=0 tx=0).connect
2026-02-18T21:30:38.167 INFO:teuthology.orchestra.run.trial041.stdout:/usr/bin/ceph: stderr
2026-02-18T21:30:37.913+0000 7f9ab5ffb640 1 -- 10.20.193.41:0/1451123394 <== mon.0 v2:10.20.193.41:3300/0 5 ==== osd_map(3..3 src has 1..3) ==== 1155+0+0 (secure 0 0 0) 0x7f9ab0076a60 con 0x7f9ac010a390
2026-02-18T21:30:38.167 INFO:teuthology.orchestra.run.trial041.stdout:/usr/bin/ceph: stderr
2026-02-18T21:30:37.913+0000 7f9ab7fff640 1 --2- 10.20.193.41:0/1451123394 >> [v2:10.20.193.41:6800/783726480,v1:10.20.193.41:6801/783726480] conn(0x7f9a9c03db20 0x7f9a9c03ffe0 unknown :-1 s=BANNER_CONNECTING pgs=0 cs=0 l=1 rev1=0 crypto rx=0 tx=0 comp rx=0 tx=0)._handle_peer_banner_payload supported=3 required=0
2026-02-18T21:30:38.167 INFO:teuthology.orchestra.run.trial041.stdout:/usr/bin/ceph: stderr
2026-02-18T21:30:37.914+0000 7f9ab7fff640 1 --2- 10.20.193.41:0/1451123394 >> [v2:10.20.193.41:6800/783726480,v1:10.20.193.41:6801/783726480] conn(0x7f9a9c03db20 0x7f9a9c03ffe0 secure :-1 s=READY pgs=8 cs=0 l=1 rev1=1 crypto rx=0x7f9aa80099c0 tx=0x7f9aa8006eb0 comp rx=0 tx=0).ready entity=mgr.14150 client_cookie=0 server_cookie=0 in_seq=0 out_seq=0
2026-02-18T21:30:38.167 INFO:teuthology.orchestra.run.trial041.stdout:/usr/bin/ceph: stderr
2026-02-18T21:30:37.916+0000 7f9ab5ffb640 1 -- 10.20.193.41:0/1451123394 <== mon.0 v2:10.20.193.41:3300/0 6 ==== mon_command_ack([{"prefix": "get_command_descriptions"}]=0 v0) ==== 72+0+195034 (secure 0 0 0) 0x7f9ab003d270 con 0x7f9ac010a390
2026-02-18T21:30:38.167 INFO:teuthology.orchestra.run.trial041.stdout:/usr/bin/ceph: stderr
2026-02-18T21:30:38.004+0000 7f9ac6afb640 1 -- 10.20.193.41:0/1451123394 --> [v2:10.20.193.41:6800/783726480,v1:10.20.193.41:6801/783726480] -- mgr_command(tid 0: {"prefix": "dashboard ac-user-create", "username": "admin", "rolename": "administrator", "force_password": true, "pwd_update_required": true, "target": ["mon-mgr", ""]}) -- 0x7f9ac010a810 con 0x7f9a9c03db20
2026-02-18T21:30:38.167 INFO:teuthology.orchestra.run.trial041.stdout:/usr/bin/ceph: stderr
2026-02-18T21:30:38.145+0000 7f9ab5ffb640 1 -- 10.20.193.41:0/1451123394 <== mgr.14150 v2:10.20.193.41:6800/783726480 1 ==== mgr_command_reply(tid 0: 0 ) ==== 8+0+252 (secure 0 0 0) 0x7f9ac010a810 con 0x7f9a9c03db20
2026-02-18T21:30:38.167 INFO:teuthology.orchestra.run.trial041.stdout:/usr/bin/ceph: stderr
2026-02-18T21:30:38.146+0000 7f9ac6afb640 1 -- 10.20.193.41:0/1451123394 >> [v2:10.20.193.41:6800/783726480,v1:10.20.193.41:6801/783726480] conn(0x7f9a9c03db20 msgr2=0x7f9a9c03ffe0 secure :-1 s=STATE_CONNECTION_ESTABLISHED l=1).mark_down
2026-02-18T21:30:38.167 INFO:teuthology.orchestra.run.trial041.stdout:/usr/bin/ceph: stderr
2026-02-18T21:30:38.146+0000 7f9ac6afb640 1 --2- 10.20.193.41:0/1451123394 >> [v2:10.20.193.41:6800/783726480,v1:10.20.193.41:6801/783726480] conn(0x7f9a9c03db20 0x7f9a9c03ffe0 secure :-1 s=READY pgs=8 cs=0 l=1 rev1=1 crypto rx=0x7f9aa80099c0 tx=0x7f9aa8006eb0 comp rx=0 tx=0).stop
2026-02-18T21:30:38.167 INFO:teuthology.orchestra.run.trial041.stdout:/usr/bin/ceph: stderr
2026-02-18T21:30:38.146+0000 7f9ac6afb640 1 -- 10.20.193.41:0/1451123394 >> [v2:10.20.193.41:3300/0,v1:10.20.193.41:6789/0] conn(0x7f9ac010a390 msgr2=0x7f9ac01a02c0 secure :-1 s=STATE_CONNECTION_ESTABLISHED l=1).mark_down
2026-02-18T21:30:38.167 INFO:teuthology.orchestra.run.trial041.stdout:/usr/bin/ceph: stderr
2026-02-18T21:30:38.146+0000 7f9ac6afb640 1 --2- 10.20.193.41:0/1451123394 >> [v2:10.20.193.41:3300/0,v1:10.20.193.41:6789/0] conn(0x7f9ac010a390 0x7f9ac01a02c0 secure :-1 s=READY pgs=71 cs=0 l=1 rev1=1 crypto rx=0x7f9ab0039000 tx=0x7f9ab0037890 comp rx=0 tx=0).stop
2026-02-18T21:30:38.167 INFO:teuthology.orchestra.run.trial041.stdout:/usr/bin/ceph: stderr
2026-02-18T21:30:38.146+0000 7f9ac6afb640 1 -- 10.20.193.41:0/1451123394 shutdown_connections
2026-02-18T21:30:38.167 INFO:teuthology.orchestra.run.trial041.stdout:/usr/bin/ceph: stderr
2026-02-18T21:30:38.146+0000 7f9ac6afb640 1 --2- 10.20.193.41:0/1451123394 >> [v2:10.20.193.41:6800/783726480,v1:10.20.193.41:6801/783726480] conn(0x7f9a9c03db20 0x7f9a9c03ffe0 unknown :-1 s=CLOSED pgs=8 cs=0 l=1 rev1=1 crypto rx=0 tx=0 comp rx=0 tx=0).stop
2026-02-18T21:30:38.167 INFO:teuthology.orchestra.run.trial041.stdout:/usr/bin/ceph: stderr
2026-02-18T21:30:38.146+0000 7f9ac6afb640 1 --2- 10.20.193.41:0/1451123394 >> [v2:10.20.193.41:3300/0,v1:10.20.193.41:6789/0] conn(0x7f9ac010a390 0x7f9ac01a02c0 unknown :-1 s=CLOSED pgs=71 cs=0 l=1 rev1=1 crypto rx=0 tx=0 comp rx=0 tx=0).stop
2026-02-18T21:30:38.167 INFO:teuthology.orchestra.run.trial041.stdout:/usr/bin/ceph: stderr
2026-02-18T21:30:38.146+0000 7f9ac6afb640 1 -- 10.20.193.41:0/1451123394 >> 10.20.193.41:0/1451123394 conn(0x7f9ac007dba0 msgr2=0x7f9ac0107e80 unknown :-1 s=STATE_NONE l=0).mark_down
2026-02-18T21:30:38.167 INFO:teuthology.orchestra.run.trial041.stdout:/usr/bin/ceph: stderr
2026-02-18T21:30:38.146+0000 7f9ac6afb640 1 -- 10.20.193.41:0/1451123394 shutdown_connections
2026-02-18T21:30:38.167 INFO:teuthology.orchestra.run.trial041.stdout:/usr/bin/ceph: stderr
2026-02-18T21:30:38.146+0000 7f9ac6afb640 1 -- 10.20.193.41:0/1451123394 wait complete.
2026-02-18T21:30:38.167 INFO:teuthology.orchestra.run.trial041.stdout:Fetching dashboard port number...
2026-02-18T21:30:38.371 INFO:teuthology.orchestra.run.trial041.stdout:/usr/bin/ceph: stdout 8443
2026-02-18T21:30:38.371 INFO:teuthology.orchestra.run.trial041.stdout:/usr/bin/ceph: stderr
2026-02-18T21:30:38.260+0000 7fa32d30a640 1 Processor -- start
2026-02-18T21:30:38.371 INFO:teuthology.orchestra.run.trial041.stdout:/usr/bin/ceph: stderr
2026-02-18T21:30:38.260+0000 7fa32d30a640 1 -- start start
2026-02-18T21:30:38.371 INFO:teuthology.orchestra.run.trial041.stdout:/usr/bin/ceph: stderr
2026-02-18T21:30:38.261+0000 7fa32d30a640 1 --2- >> [v2:10.20.193.41:3300/0,v1:10.20.193.41:6789/0] conn(0x7fa32807dea0 0x7fa32807c300 unknown :-1 s=NONE pgs=0 cs=0 l=0 rev1=0 crypto rx=0 tx=0 comp rx=0 tx=0).connect
2026-02-18T21:30:38.371 INFO:teuthology.orchestra.run.trial041.stdout:/usr/bin/ceph: stderr
2026-02-18T21:30:38.261+0000 7fa32d30a640 1 -- --> [v2:10.20.193.41:3300/0,v1:10.20.193.41:6789/0] -- mon_getmap magic: 0 -- 0x7fa32807c840 con 0x7fa32807dea0
2026-02-18T21:30:38.371 INFO:teuthology.orchestra.run.trial041.stdout:/usr/bin/ceph: stderr
2026-02-18T21:30:38.261+0000 7fa326ffd640 1 --2- >> [v2:10.20.193.41:3300/0,v1:10.20.193.41:6789/0] conn(0x7fa32807dea0 0x7fa32807c300 unknown :-1 s=BANNER_CONNECTING pgs=0 cs=0 l=0 rev1=0 crypto rx=0 tx=0 comp rx=0 tx=0)._handle_peer_banner_payload supported=3 required=0
2026-02-18T21:30:38.371 INFO:teuthology.orchestra.run.trial041.stdout:/usr/bin/ceph: stderr
2026-02-18T21:30:38.261+0000 7fa326ffd640 1 --2- >> [v2:10.20.193.41:3300/0,v1:10.20.193.41:6789/0] conn(0x7fa32807dea0 0x7fa32807c300 unknown :-1 s=HELLO_CONNECTING pgs=0 cs=0 l=0 rev1=1 crypto rx=0 tx=0 comp rx=0 tx=0).handle_hello peer v2:10.20.193.41:3300/0 says I am v2:10.20.193.41:48410/0 (socket says 10.20.193.41:48410)
2026-02-18T21:30:38.371 INFO:teuthology.orchestra.run.trial041.stdout:/usr/bin/ceph: stderr
2026-02-18T21:30:38.261+0000 7fa326ffd640 1 -- 10.20.193.41:0/936339871 learned_addr learned my addr 10.20.193.41:0/936339871 (peer_addr_for_me v2:10.20.193.41:0/0)
2026-02-18T21:30:38.371 INFO:teuthology.orchestra.run.trial041.stdout:/usr/bin/ceph: stderr
2026-02-18T21:30:38.261+0000 7fa326ffd640 1 -- 10.20.193.41:0/936339871 --> [v2:10.20.193.41:3300/0,v1:10.20.193.41:6789/0] -- mon_subscribe({config=0+,monmap=0+}) -- 0x7fa32807c9c0 con 0x7fa32807dea0
2026-02-18T21:30:38.372 INFO:teuthology.orchestra.run.trial041.stdout:/usr/bin/ceph: stderr
2026-02-18T21:30:38.261+0000 7fa326ffd640 1 --2- 10.20.193.41:0/936339871 >> [v2:10.20.193.41:3300/0,v1:10.20.193.41:6789/0] conn(0x7fa32807dea0 0x7fa32807c300 secure :-1 s=READY pgs=72 cs=0 l=1 rev1=1 crypto rx=0x7fa31c009920 tx=0x7fa31c02ef20 comp rx=0 tx=0).ready entity=mon.0 client_cookie=b3b981f36121f06e server_cookie=0 in_seq=0 out_seq=0
2026-02-18T21:30:38.372 INFO:teuthology.orchestra.run.trial041.stdout:/usr/bin/ceph: stderr
2026-02-18T21:30:38.262+0000 7fa325ffb640 1 -- 10.20.193.41:0/936339871 <== mon.0 v2:10.20.193.41:3300/0 1 ==== mon_map magic: 0 ==== 205+0+0 (secure 0 0 0) 0x7fa31c03c070 con 0x7fa32807dea0
2026-02-18T21:30:38.372 INFO:teuthology.orchestra.run.trial041.stdout:/usr/bin/ceph: stderr
2026-02-18T21:30:38.262+0000 7fa325ffb640 1 -- 10.20.193.41:0/936339871 <== mon.0 v2:10.20.193.41:3300/0 2 ==== config(26 keys) ==== 1076+0+0 (secure 0 0 0) 0x7fa31c037440 con 0x7fa32807dea0
2026-02-18T21:30:38.372 INFO:teuthology.orchestra.run.trial041.stdout:/usr/bin/ceph: stderr
2026-02-18T21:30:38.262+0000 7fa325ffb640 1 -- 10.20.193.41:0/936339871 <== mon.0 v2:10.20.193.41:3300/0 3 ==== mon_map magic: 0 ==== 205+0+0 (secure 0 0 0) 0x7fa31c0354d0 con 0x7fa32807dea0
2026-02-18T21:30:38.372 INFO:teuthology.orchestra.run.trial041.stdout:/usr/bin/ceph: stderr
2026-02-18T21:30:38.262+0000 7fa32d30a640 1 -- 10.20.193.41:0/936339871 >> [v2:10.20.193.41:3300/0,v1:10.20.193.41:6789/0] conn(0x7fa32807dea0 msgr2=0x7fa32807c300 secure :-1 s=STATE_CONNECTION_ESTABLISHED l=1).mark_down
2026-02-18T21:30:38.372 INFO:teuthology.orchestra.run.trial041.stdout:/usr/bin/ceph: stderr
2026-02-18T21:30:38.262+0000 7fa32d30a640 1 --2- 10.20.193.41:0/936339871 >> [v2:10.20.193.41:3300/0,v1:10.20.193.41:6789/0] conn(0x7fa32807dea0 0x7fa32807c300 secure :-1 s=READY pgs=72 cs=0 l=1 rev1=1 crypto rx=0x7fa31c009920 tx=0x7fa31c02ef20 comp rx=0 tx=0).stop
2026-02-18T21:30:38.372 INFO:teuthology.orchestra.run.trial041.stdout:/usr/bin/ceph: stderr
2026-02-18T21:30:38.262+0000 7fa32d30a640 1 -- 10.20.193.41:0/936339871 shutdown_connections
2026-02-18T21:30:38.372 INFO:teuthology.orchestra.run.trial041.stdout:/usr/bin/ceph: stderr
2026-02-18T21:30:38.262+0000 7fa32d30a640 1 --2- 10.20.193.41:0/936339871 >> [v2:10.20.193.41:3300/0,v1:10.20.193.41:6789/0] conn(0x7fa32807dea0 0x7fa32807c300 unknown :-1 s=CLOSED pgs=72 cs=0 l=1 rev1=1 crypto rx=0 tx=0 comp rx=0 tx=0).stop
2026-02-18T21:30:38.372 INFO:teuthology.orchestra.run.trial041.stdout:/usr/bin/ceph: stderr
2026-02-18T21:30:38.262+0000 7fa32d30a640 1 -- 10.20.193.41:0/936339871 >> 10.20.193.41:0/936339871 conn(0x7fa3281038b0 msgr2=0x7fa328105cd0 unknown :-1 s=STATE_NONE l=0).mark_down
2026-02-18T21:30:38.372 INFO:teuthology.orchestra.run.trial041.stdout:/usr/bin/ceph: stderr
2026-02-18T21:30:38.262+0000 7fa32d30a640 1 -- 10.20.193.41:0/936339871 shutdown_connections
2026-02-18T21:30:38.372 INFO:teuthology.orchestra.run.trial041.stdout:/usr/bin/ceph: stderr
2026-02-18T21:30:38.262+0000 7fa32d30a640 1 -- 10.20.193.41:0/936339871 wait complete.
2026-02-18T21:30:38.372 INFO:teuthology.orchestra.run.trial041.stdout:/usr/bin/ceph: stderr
2026-02-18T21:30:38.262+0000 7fa32d30a640 1 Processor -- start
2026-02-18T21:30:38.372 INFO:teuthology.orchestra.run.trial041.stdout:/usr/bin/ceph: stderr
2026-02-18T21:30:38.262+0000 7fa32d30a640 1 -- start start
2026-02-18T21:30:38.372 INFO:teuthology.orchestra.run.trial041.stdout:/usr/bin/ceph: stderr
2026-02-18T21:30:38.263+0000 7fa32d30a640 1 --2- >> [v2:10.20.193.41:3300/0,v1:10.20.193.41:6789/0] conn(0x7fa32807dea0 0x7fa3281a0220 unknown :-1 s=NONE pgs=0 cs=0 l=1 rev1=0 crypto rx=0 tx=0 comp rx=0 tx=0).connect
2026-02-18T21:30:38.372 INFO:teuthology.orchestra.run.trial041.stdout:/usr/bin/ceph: stderr
2026-02-18T21:30:38.263+0000 7fa32d30a640 1 -- --> [v2:10.20.193.41:3300/0,v1:10.20.193.41:6789/0] -- mon_getmap magic: 0 -- 0x7fa32810e700 con 0x7fa32807dea0
2026-02-18T21:30:38.372 INFO:teuthology.orchestra.run.trial041.stdout:/usr/bin/ceph: stderr
2026-02-18T21:30:38.263+0000 7fa326ffd640 1 --2- >> [v2:10.20.193.41:3300/0,v1:10.20.193.41:6789/0] conn(0x7fa32807dea0 0x7fa3281a0220 unknown :-1 s=BANNER_CONNECTING pgs=0 cs=0 l=1 rev1=0 crypto rx=0 tx=0 comp rx=0 tx=0)._handle_peer_banner_payload supported=3 required=0
2026-02-18T21:30:38.372 INFO:teuthology.orchestra.run.trial041.stdout:/usr/bin/ceph: stderr
2026-02-18T21:30:38.263+0000 7fa326ffd640 1 --2- >> [v2:10.20.193.41:3300/0,v1:10.20.193.41:6789/0] conn(0x7fa32807dea0 0x7fa3281a0220 unknown :-1 s=HELLO_CONNECTING pgs=0 cs=0 l=1 rev1=1 crypto rx=0 tx=0 comp rx=0 tx=0).handle_hello peer v2:10.20.193.41:3300/0 says I am v2:10.20.193.41:48426/0 (socket says 10.20.193.41:48426)
2026-02-18T21:30:38.372 INFO:teuthology.orchestra.run.trial041.stdout:/usr/bin/ceph: stderr
2026-02-18T21:30:38.263+0000 7fa326ffd640 1 -- 10.20.193.41:0/1195357627 learned_addr learned my addr 10.20.193.41:0/1195357627 (peer_addr_for_me v2:10.20.193.41:0/0)
2026-02-18T21:30:38.372 INFO:teuthology.orchestra.run.trial041.stdout:/usr/bin/ceph: stderr
2026-02-18T21:30:38.263+0000 7fa326ffd640 1 -- 10.20.193.41:0/1195357627 --> [v2:10.20.193.41:3300/0,v1:10.20.193.41:6789/0] -- mon_subscribe({config=0+,monmap=0+}) -- 0x7fa3281a0760 con 0x7fa32807dea0
2026-02-18T21:30:38.372 INFO:teuthology.orchestra.run.trial041.stdout:/usr/bin/ceph: stderr
2026-02-18T21:30:38.263+0000 7fa326ffd640 1 --2- 10.20.193.41:0/1195357627 >> [v2:10.20.193.41:3300/0,v1:10.20.193.41:6789/0] conn(0x7fa32807dea0 0x7fa3281a0220 secure :-1 s=READY pgs=73 cs=0 l=1 rev1=1 crypto rx=0x7fa31c039000 tx=0x7fa31c037820 comp rx=0 tx=0).ready entity=mon.0 client_cookie=0 server_cookie=0 in_seq=0 out_seq=0
2026-02-18T21:30:38.372 INFO:teuthology.orchestra.run.trial041.stdout:/usr/bin/ceph: stderr
2026-02-18T21:30:38.263+0000 7fa307fff640 1 -- 10.20.193.41:0/1195357627 <== mon.0 v2:10.20.193.41:3300/0 1 ==== mon_map magic: 0 ==== 205+0+0 (secure 0 0 0) 0x7fa31c047070 con 0x7fa32807dea0
2026-02-18T21:30:38.372 INFO:teuthology.orchestra.run.trial041.stdout:/usr/bin/ceph: stderr
2026-02-18T21:30:38.263+0000 7fa32d30a640 1 -- 10.20.193.41:0/1195357627 --> [v2:10.20.193.41:3300/0,v1:10.20.193.41:6789/0] -- mon_subscribe({mgrmap=0+}) -- 0x7fa3281a09f0 con 0x7fa32807dea0
2026-02-18T21:30:38.372 INFO:teuthology.orchestra.run.trial041.stdout:/usr/bin/ceph: stderr
2026-02-18T21:30:38.263+0000 7fa307fff640 1 -- 10.20.193.41:0/1195357627 <== mon.0 v2:10.20.193.41:3300/0 2 ==== config(26 keys) ==== 1076+0+0 (secure 0 0 0) 0x7fa31c035df0 con 0x7fa32807dea0
2026-02-18T21:30:38.372 INFO:teuthology.orchestra.run.trial041.stdout:/usr/bin/ceph: stderr
2026-02-18T21:30:38.263+0000 7fa307fff640 1 -- 10.20.193.41:0/1195357627 <== mon.0 v2:10.20.193.41:3300/0 3 ==== mon_map magic: 0 ==== 205+0+0 (secure 0 0 0) 0x7fa31c03c070 con 0x7fa32807dea0
2026-02-18T21:30:38.372 INFO:teuthology.orchestra.run.trial041.stdout:/usr/bin/ceph: stderr
2026-02-18T21:30:38.263+0000 7fa32d30a640 1 -- 10.20.193.41:0/1195357627 --> [v2:10.20.193.41:3300/0,v1:10.20.193.41:6789/0] -- mon_subscribe({osdmap=0}) -- 0x7fa3281a36e0 con 0x7fa32807dea0
2026-02-18T21:30:38.372 INFO:teuthology.orchestra.run.trial041.stdout:/usr/bin/ceph: stderr
2026-02-18T21:30:38.263+0000 7fa32d30a640 1 -- 10.20.193.41:0/1195357627 --> [v2:10.20.193.41:3300/0,v1:10.20.193.41:6789/0] -- mon_command({"prefix": "get_command_descriptions"} v 0) -- 0x7fa32807c380 con 0x7fa32807dea0
2026-02-18T21:30:38.372 INFO:teuthology.orchestra.run.trial041.stdout:/usr/bin/ceph: stderr
2026-02-18T21:30:38.264+0000 7fa307fff640 1 -- 10.20.193.41:0/1195357627 <== mon.0 v2:10.20.193.41:3300/0 4 ==== mgrmap(e 11) ==== 50154+0+0 (secure 0 0 0) 0x7fa31c042640 con 0x7fa32807dea0
2026-02-18T21:30:38.372 INFO:teuthology.orchestra.run.trial041.stdout:/usr/bin/ceph: stderr
2026-02-18T21:30:38.264+0000 7fa307fff640 1 --2- 10.20.193.41:0/1195357627 >> [v2:10.20.193.41:6800/783726480,v1:10.20.193.41:6801/783726480] conn(0x7fa2fc03db20 0x7fa2fc03ffe0 unknown :-1 s=NONE pgs=0 cs=0 l=1 rev1=0 crypto rx=0 tx=0 comp rx=0 tx=0).connect
2026-02-18T21:30:38.372 INFO:teuthology.orchestra.run.trial041.stdout:/usr/bin/ceph: stderr
2026-02-18T21:30:38.264+0000 7fa307fff640 1 -- 10.20.193.41:0/1195357627 <== mon.0 v2:10.20.193.41:3300/0 5 ==== osd_map(3..3 src has 1..3) ==== 1155+0+0 (secure 0 0 0) 0x7fa31c076be0 con 0x7fa32807dea0
2026-02-18T21:30:38.372 INFO:teuthology.orchestra.run.trial041.stdout:/usr/bin/ceph: stderr
2026-02-18T21:30:38.264+0000 7fa3267fc640 1 --2- 10.20.193.41:0/1195357627 >> [v2:10.20.193.41:6800/783726480,v1:10.20.193.41:6801/783726480] conn(0x7fa2fc03db20 0x7fa2fc03ffe0 unknown :-1 s=BANNER_CONNECTING pgs=0 cs=0 l=1 rev1=0 crypto rx=0 tx=0 comp rx=0 tx=0)._handle_peer_banner_payload supported=3 required=0
2026-02-18T21:30:38.372 INFO:teuthology.orchestra.run.trial041.stdout:/usr/bin/ceph: stderr
2026-02-18T21:30:38.264+0000 7fa3267fc640 1 --2- 10.20.193.41:0/1195357627 >> [v2:10.20.193.41:6800/783726480,v1:10.20.193.41:6801/783726480] conn(0x7fa2fc03db20 0x7fa2fc03ffe0 secure :-1 s=READY pgs=9 cs=0 l=1 rev1=1 crypto rx=0x7fa3100099c0 tx=0x7fa310006eb0 comp rx=0 tx=0).ready entity=mgr.14150 client_cookie=0 server_cookie=0 in_seq=0 out_seq=0
2026-02-18T21:30:38.372 INFO:teuthology.orchestra.run.trial041.stdout:/usr/bin/ceph: stderr
2026-02-18T21:30:38.266+0000 7fa307fff640 1 -- 10.20.193.41:0/1195357627 <== mon.0 v2:10.20.193.41:3300/0 6 ==== mon_command_ack([{"prefix": "get_command_descriptions"}]=0 v0) ==== 72+0+195034 (secure 0 0 0) 0x7fa31c033c90 con 0x7fa32807dea0
2026-02-18T21:30:38.372 INFO:teuthology.orchestra.run.trial041.stdout:/usr/bin/ceph: stderr
2026-02-18T21:30:38.350+0000 7fa32d30a640 1 -- 10.20.193.41:0/1195357627 --> [v2:10.20.193.41:3300/0,v1:10.20.193.41:6789/0] -- mon_command({"prefix": "config get", "who": "mgr", "key": "mgr/dashboard/ssl_server_port"} v 0) -- 0x7fa3281a3d80 con 0x7fa32807dea0
2026-02-18T21:30:38.372 INFO:teuthology.orchestra.run.trial041.stdout:/usr/bin/ceph: stderr
2026-02-18T21:30:38.350+0000 7fa307fff640 1 -- 10.20.193.41:0/1195357627 <== mon.0 v2:10.20.193.41:3300/0 7 ==== mon_command_ack([{"prefix": "config get", "who": "mgr", "key": "mgr/dashboard/ssl_server_port"}]=0 v8) ==== 112+0+5 (secure 0 0 0) 0x7fa31c035950 con 0x7fa32807dea0
2026-02-18T21:30:38.372 INFO:teuthology.orchestra.run.trial041.stdout:/usr/bin/ceph: stderr
2026-02-18T21:30:38.351+0000 7fa32d30a640 1 -- 10.20.193.41:0/1195357627 >> [v2:10.20.193.41:6800/783726480,v1:10.20.193.41:6801/783726480] conn(0x7fa2fc03db20 msgr2=0x7fa2fc03ffe0 secure :-1 s=STATE_CONNECTION_ESTABLISHED l=1).mark_down
2026-02-18T21:30:38.372 INFO:teuthology.orchestra.run.trial041.stdout:/usr/bin/ceph: stderr
2026-02-18T21:30:38.351+0000 7fa32d30a640 1 --2- 10.20.193.41:0/1195357627 >> [v2:10.20.193.41:6800/783726480,v1:10.20.193.41:6801/783726480] conn(0x7fa2fc03db20 0x7fa2fc03ffe0 secure :-1 s=READY pgs=9 cs=0 l=1 rev1=1 crypto rx=0x7fa3100099c0 tx=0x7fa310006eb0 comp rx=0 tx=0).stop
2026-02-18T21:30:38.372 INFO:teuthology.orchestra.run.trial041.stdout:/usr/bin/ceph: stderr
2026-02-18T21:30:38.351+0000 7fa32d30a640 1 -- 10.20.193.41:0/1195357627 >> [v2:10.20.193.41:3300/0,v1:10.20.193.41:6789/0] conn(0x7fa32807dea0 msgr2=0x7fa3281a0220 secure :-1 s=STATE_CONNECTION_ESTABLISHED l=1).mark_down
2026-02-18T21:30:38.372 INFO:teuthology.orchestra.run.trial041.stdout:/usr/bin/ceph: stderr
2026-02-18T21:30:38.351+0000 7fa32d30a640 1 --2- 10.20.193.41:0/1195357627 >> [v2:10.20.193.41:3300/0,v1:10.20.193.41:6789/0] conn(0x7fa32807dea0 0x7fa3281a0220 secure :-1 s=READY pgs=73 cs=0 l=1 rev1=1 crypto rx=0x7fa31c039000 tx=0x7fa31c037820 comp rx=0 tx=0).stop
2026-02-18T21:30:38.372 INFO:teuthology.orchestra.run.trial041.stdout:/usr/bin/ceph: stderr
2026-02-18T21:30:38.351+0000 7fa32d30a640 1 -- 10.20.193.41:0/1195357627 shutdown_connections
2026-02-18T21:30:38.372 INFO:teuthology.orchestra.run.trial041.stdout:/usr/bin/ceph: stderr
2026-02-18T21:30:38.351+0000 7fa32d30a640 1 --2- 10.20.193.41:0/1195357627 >> [v2:10.20.193.41:6800/783726480,v1:10.20.193.41:6801/783726480] conn(0x7fa2fc03db20 0x7fa2fc03ffe0 unknown :-1 s=CLOSED pgs=9 cs=0 l=1 rev1=1 crypto rx=0 tx=0 comp rx=0 tx=0).stop
2026-02-18T21:30:38.372 INFO:teuthology.orchestra.run.trial041.stdout:/usr/bin/ceph: stderr
2026-02-18T21:30:38.351+0000 7fa32d30a640 1 --2- 10.20.193.41:0/1195357627 >> [v2:10.20.193.41:3300/0,v1:10.20.193.41:6789/0] conn(0x7fa32807dea0 0x7fa3281a0220 unknown :-1 s=CLOSED pgs=73 cs=0 l=1 rev1=1 crypto rx=0 tx=0 comp rx=0 tx=0).stop
2026-02-18T21:30:38.372 INFO:teuthology.orchestra.run.trial041.stdout:/usr/bin/ceph: stderr
2026-02-18T21:30:38.351+0000 7fa32d30a640 1 -- 10.20.193.41:0/1195357627 >> 10.20.193.41:0/1195357627 conn(0x7fa3281038b0 msgr2=0x7fa328104440 unknown :-1 s=STATE_NONE l=0).mark_down
2026-02-18T21:30:38.372 INFO:teuthology.orchestra.run.trial041.stdout:/usr/bin/ceph: stderr
2026-02-18T21:30:38.351+0000 7fa32d30a640 1 -- 10.20.193.41:0/1195357627 shutdown_connections
2026-02-18T21:30:38.373 INFO:teuthology.orchestra.run.trial041.stdout:/usr/bin/ceph: stderr
2026-02-18T21:30:38.351+0000 7fa32d30a640 1 -- 10.20.193.41:0/1195357627 wait complete.
2026-02-18T21:30:38.379 INFO:teuthology.orchestra.run.trial041.stdout:Non-zero exit code 1 from systemctl is-enabled firewalld.service
2026-02-18T21:30:38.379 INFO:teuthology.orchestra.run.trial041.stdout:systemctl: stdout disabled
2026-02-18T21:30:38.385 INFO:teuthology.orchestra.run.trial041.stdout:Non-zero exit code 3 from systemctl is-active firewalld.service
2026-02-18T21:30:38.385 INFO:teuthology.orchestra.run.trial041.stdout:systemctl: stdout inactive
2026-02-18T21:30:38.385 INFO:teuthology.orchestra.run.trial041.stdout:firewalld.service is not enabled
2026-02-18T21:30:38.385 INFO:teuthology.orchestra.run.trial041.stdout:Not possible to open ports <[8443]>. firewalld.service is not available
2026-02-18T21:30:38.386 INFO:teuthology.orchestra.run.trial041.stdout:Ceph Dashboard is now available at:
2026-02-18T21:30:38.386 INFO:teuthology.orchestra.run.trial041.stdout:
2026-02-18T21:30:38.386 INFO:teuthology.orchestra.run.trial041.stdout: URL: https://trial041:8443/
2026-02-18T21:30:38.386 INFO:teuthology.orchestra.run.trial041.stdout: User: admin
2026-02-18T21:30:38.386 INFO:teuthology.orchestra.run.trial041.stdout: Password: pwt7y3d2g0
2026-02-18T21:30:38.386 INFO:teuthology.orchestra.run.trial041.stdout:
2026-02-18T21:30:38.386 INFO:teuthology.orchestra.run.trial041.stdout:Saving cluster configuration to /var/lib/ceph/fd5c8867-0d10-11f1-a8a4-d404e6e7d460/config directory
2026-02-18T21:30:38.639 INFO:teuthology.orchestra.run.trial041.stdout:/usr/bin/ceph: stderr
2026-02-18T21:30:38.480+0000 7fcd5cabe640 1 Processor -- start
2026-02-18T21:30:38.639 INFO:teuthology.orchestra.run.trial041.stdout:/usr/bin/ceph: stderr
2026-02-18T21:30:38.480+0000 7fcd5cabe640 1 -- start start
2026-02-18T21:30:38.639 INFO:teuthology.orchestra.run.trial041.stdout:/usr/bin/ceph: stderr
2026-02-18T21:30:38.480+0000 7fcd5cabe640 1 --2- >> [v2:10.20.193.41:3300/0,v1:10.20.193.41:6789/0] conn(0x7fcd5810a390 0x7fcd5810a790 unknown :-1 s=NONE pgs=0 cs=0 l=0 rev1=0 crypto rx=0 tx=0 comp rx=0 tx=0).connect
2026-02-18T21:30:38.639 INFO:teuthology.orchestra.run.trial041.stdout:/usr/bin/ceph: stderr
2026-02-18T21:30:38.480+0000 7fcd5cabe640 1 -- --> [v2:10.20.193.41:3300/0,v1:10.20.193.41:6789/0] -- mon_getmap magic: 0 -- 0x7fcd5810ad60 con 0x7fcd5810a390
2026-02-18T21:30:38.639 INFO:teuthology.orchestra.run.trial041.stdout:/usr/bin/ceph: stderr
2026-02-18T21:30:38.480+0000 7fcd56575640 1 --2- >> [v2:10.20.193.41:3300/0,v1:10.20.193.41:6789/0] conn(0x7fcd5810a390 0x7fcd5810a790 unknown :-1 s=BANNER_CONNECTING pgs=0 cs=0 l=0 rev1=0 crypto rx=0 tx=0 comp rx=0 tx=0)._handle_peer_banner_payload supported=3 required=0
2026-02-18T21:30:38.639 INFO:teuthology.orchestra.run.trial041.stdout:/usr/bin/ceph: stderr
2026-02-18T21:30:38.481+0000 7fcd56575640 1 --2- >> [v2:10.20.193.41:3300/0,v1:10.20.193.41:6789/0] conn(0x7fcd5810a390 0x7fcd5810a790 unknown :-1 s=HELLO_CONNECTING pgs=0 cs=0 l=0 rev1=1 crypto rx=0 tx=0 comp rx=0 tx=0).handle_hello peer v2:10.20.193.41:3300/0 says I am v2:10.20.193.41:48428/0 (socket says 10.20.193.41:48428)
2026-02-18T21:30:38.639 INFO:teuthology.orchestra.run.trial041.stdout:/usr/bin/ceph: stderr
2026-02-18T21:30:38.481+0000 7fcd56575640 1 -- 10.20.193.41:0/1764038049 learned_addr learned my addr 10.20.193.41:0/1764038049 (peer_addr_for_me v2:10.20.193.41:0/0)
2026-02-18T21:30:38.640 INFO:teuthology.orchestra.run.trial041.stdout:/usr/bin/ceph: stderr
2026-02-18T21:30:38.481+0000 7fcd56575640 1 -- 10.20.193.41:0/1764038049 --> [v2:10.20.193.41:3300/0,v1:10.20.193.41:6789/0] -- mon_subscribe({config=0+,monmap=0+}) -- 0x7fcd5810b590 con 0x7fcd5810a390
2026-02-18T21:30:38.640 INFO:teuthology.orchestra.run.trial041.stdout:/usr/bin/ceph: stderr
2026-02-18T21:30:38.481+0000 7fcd56575640 1 --2- 10.20.193.41:0/1764038049 >> [v2:10.20.193.41:3300/0,v1:10.20.193.41:6789/0] conn(0x7fcd5810a390 0x7fcd5810a790 secure :-1 s=READY pgs=74 cs=0 l=1 rev1=1 crypto rx=0x7fcd4c009920 tx=0x7fcd4c02ef20 comp rx=0 tx=0).ready entity=mon.0 client_cookie=50e5eb2d09cf5b96 server_cookie=0 in_seq=0 out_seq=0
2026-02-18T21:30:38.640 INFO:teuthology.orchestra.run.trial041.stdout:/usr/bin/ceph: stderr
2026-02-18T21:30:38.481+0000 7fcd55573640 1 -- 10.20.193.41:0/1764038049 <== mon.0 v2:10.20.193.41:3300/0 1 ==== mon_map magic: 0 ==== 205+0+0 (secure 0 0 0) 0x7fcd4c03c070 con 0x7fcd5810a390
2026-02-18T21:30:38.640 INFO:teuthology.orchestra.run.trial041.stdout:/usr/bin/ceph: stderr
2026-02-18T21:30:38.481+0000 7fcd55573640 1 -- 10.20.193.41:0/1764038049 <== mon.0 v2:10.20.193.41:3300/0 2 ==== config(26 keys) ==== 1076+0+0 (secure 0 0 0) 0x7fcd4c037440 con 0x7fcd5810a390
2026-02-18T21:30:38.640 INFO:teuthology.orchestra.run.trial041.stdout:/usr/bin/ceph: stderr
2026-02-18T21:30:38.481+0000 7fcd55573640 1 -- 10.20.193.41:0/1764038049 <== mon.0 v2:10.20.193.41:3300/0 3 ==== mon_map magic: 0 ==== 205+0+0 (secure 0 0 0) 0x7fcd4c0354d0 con 0x7fcd5810a390
2026-02-18T21:30:38.640 INFO:teuthology.orchestra.run.trial041.stdout:/usr/bin/ceph: stderr
2026-02-18T21:30:38.482+0000 7fcd5cabe640 1 -- 10.20.193.41:0/1764038049 >> [v2:10.20.193.41:3300/0,v1:10.20.193.41:6789/0] conn(0x7fcd5810a390 msgr2=0x7fcd5810a790 secure :-1 s=STATE_CONNECTION_ESTABLISHED l=1).mark_down
2026-02-18T21:30:38.640 INFO:teuthology.orchestra.run.trial041.stdout:/usr/bin/ceph: stderr
2026-02-18T21:30:38.482+0000 7fcd5cabe640 1 --2- 10.20.193.41:0/1764038049 >> [v2:10.20.193.41:3300/0,v1:10.20.193.41:6789/0] conn(0x7fcd5810a390 0x7fcd5810a790 secure :-1 s=READY pgs=74 cs=0 l=1 rev1=1 crypto rx=0x7fcd4c009920 tx=0x7fcd4c02ef20 comp rx=0 tx=0).stop
2026-02-18T21:30:38.640 INFO:teuthology.orchestra.run.trial041.stdout:/usr/bin/ceph: stderr
2026-02-18T21:30:38.482+0000 7fcd5cabe640 1 -- 10.20.193.41:0/1764038049 shutdown_connections
2026-02-18T21:30:38.640 INFO:teuthology.orchestra.run.trial041.stdout:/usr/bin/ceph: stderr
2026-02-18T21:30:38.482+0000 7fcd5cabe640 1 --2- 10.20.193.41:0/1764038049 >> [v2:10.20.193.41:3300/0,v1:10.20.193.41:6789/0] conn(0x7fcd5810a390 0x7fcd5810a790 unknown :-1 s=CLOSED pgs=74 cs=0 l=1 rev1=1 crypto rx=0 tx=0 comp rx=0 tx=0).stop
2026-02-18T21:30:38.640 INFO:teuthology.orchestra.run.trial041.stdout:/usr/bin/ceph: stderr
2026-02-18T21:30:38.482+0000 7fcd5cabe640 1 -- 10.20.193.41:0/1764038049 >> 10.20.193.41:0/1764038049 conn(0x7fcd5807dba0 msgr2=0x7fcd58108670 unknown :-1 s=STATE_NONE l=0).mark_down
2026-02-18T21:30:38.640 INFO:teuthology.orchestra.run.trial041.stdout:/usr/bin/ceph: stderr
2026-02-18T21:30:38.482+0000 7fcd5cabe640 1 -- 10.20.193.41:0/1764038049 shutdown_connections
2026-02-18T21:30:38.640 INFO:teuthology.orchestra.run.trial041.stdout:/usr/bin/ceph: stderr
2026-02-18T21:30:38.482+0000 7fcd5cabe640 1 -- 10.20.193.41:0/1764038049 wait complete.
2026-02-18T21:30:38.641 INFO:teuthology.orchestra.run.trial041.stdout:/usr/bin/ceph: stderr
2026-02-18T21:30:38.482+0000 7fcd5cabe640 1 Processor -- start
2026-02-18T21:30:38.641 INFO:teuthology.orchestra.run.trial041.stdout:/usr/bin/ceph: stderr
2026-02-18T21:30:38.482+0000 7fcd5cabe640 1 -- start start
2026-02-18T21:30:38.641 INFO:teuthology.orchestra.run.trial041.stdout:/usr/bin/ceph: stderr
2026-02-18T21:30:38.482+0000 7fcd5cabe640 1 --2- >> [v2:10.20.193.41:3300/0,v1:10.20.193.41:6789/0] conn(0x7fcd5810a390 0x7fcd581a02c0 unknown :-1 s=NONE pgs=0 cs=0 l=1 rev1=0 crypto rx=0 tx=0 comp rx=0 tx=0).connect
2026-02-18T21:30:38.641 INFO:teuthology.orchestra.run.trial041.stdout:/usr/bin/ceph: stderr
2026-02-18T21:30:38.482+0000 7fcd5cabe640 1 -- --> [v2:10.20.193.41:3300/0,v1:10.20.193.41:6789/0] -- mon_getmap magic: 0 -- 0x7fcd5810e940 con 0x7fcd5810a390
2026-02-18T21:30:38.641 INFO:teuthology.orchestra.run.trial041.stdout:/usr/bin/ceph: stderr
2026-02-18T21:30:38.482+0000 7fcd56575640 1 --2- >> [v2:10.20.193.41:3300/0,v1:10.20.193.41:6789/0] conn(0x7fcd5810a390 0x7fcd581a02c0 unknown :-1 s=BANNER_CONNECTING pgs=0 cs=0 l=1 rev1=0 crypto rx=0 tx=0 comp rx=0 tx=0)._handle_peer_banner_payload supported=3 required=0
2026-02-18T21:30:38.641 INFO:teuthology.orchestra.run.trial041.stdout:/usr/bin/ceph: stderr
2026-02-18T21:30:38.482+0000 7fcd56575640 1 --2- >> [v2:10.20.193.41:3300/0,v1:10.20.193.41:6789/0] conn(0x7fcd5810a390 0x7fcd581a02c0 unknown :-1 s=HELLO_CONNECTING pgs=0 cs=0 l=1 rev1=1 crypto rx=0 tx=0 comp rx=0 tx=0).handle_hello peer v2:10.20.193.41:3300/0 says I am v2:10.20.193.41:48440/0 (socket says 10.20.193.41:48440)
2026-02-18T21:30:38.641 INFO:teuthology.orchestra.run.trial041.stdout:/usr/bin/ceph: stderr
2026-02-18T21:30:38.482+0000 7fcd56575640 1 -- 10.20.193.41:0/96342514 learned_addr learned my addr 10.20.193.41:0/96342514 (peer_addr_for_me v2:10.20.193.41:0/0)
2026-02-18T21:30:38.641 INFO:teuthology.orchestra.run.trial041.stdout:/usr/bin/ceph: stderr
2026-02-18T21:30:38.482+0000 7fcd56575640 1 -- 10.20.193.41:0/96342514 --> [v2:10.20.193.41:3300/0,v1:10.20.193.41:6789/0] -- mon_subscribe({config=0+,monmap=0+}) -- 0x7fcd581a0800 con 0x7fcd5810a390
2026-02-18T21:30:38.641 INFO:teuthology.orchestra.run.trial041.stdout:/usr/bin/ceph: stderr
2026-02-18T21:30:38.482+0000 7fcd56575640 1 --2- 10.20.193.41:0/96342514 >> [v2:10.20.193.41:3300/0,v1:10.20.193.41:6789/0] conn(0x7fcd5810a390 0x7fcd581a02c0 secure :-1 s=READY pgs=75 cs=0 l=1 rev1=1 crypto rx=0x7fcd4c039000 tx=0x7fcd4c037890 comp rx=0 tx=0).ready entity=mon.0 client_cookie=0 server_cookie=0 in_seq=0 out_seq=0
2026-02-18T21:30:38.641 INFO:teuthology.orchestra.run.trial041.stdout:/usr/bin/ceph: stderr
2026-02-18T21:30:38.482+0000 7fcd3f7fe640 1 -- 10.20.193.41:0/96342514 <== mon.0 v2:10.20.193.41:3300/0 1 ==== mon_map magic: 0 ==== 205+0+0 (secure 0 0 0) 0x7fcd4c047070 con 0x7fcd5810a390
2026-02-18T21:30:38.641 INFO:teuthology.orchestra.run.trial041.stdout:/usr/bin/ceph: stderr
2026-02-18T21:30:38.482+0000 7fcd3f7fe640 1 -- 10.20.193.41:0/96342514 <== mon.0 v2:10.20.193.41:3300/0 2 ==== config(26 keys) ==== 1076+0+0 (secure 0 0 0) 0x7fcd4c042440 con 0x7fcd5810a390
2026-02-18T21:30:38.642 INFO:teuthology.orchestra.run.trial041.stdout:/usr/bin/ceph: stderr
2026-02-18T21:30:38.482+0000 7fcd5cabe640 1 -- 10.20.193.41:0/96342514 --> [v2:10.20.193.41:3300/0,v1:10.20.193.41:6789/0] -- mon_subscribe({mgrmap=0+}) -- 0x7fcd581a0a90 con 0x7fcd5810a390
2026-02-18T21:30:38.642 INFO:teuthology.orchestra.run.trial041.stdout:/usr/bin/ceph: stderr
2026-02-18T21:30:38.482+0000 7fcd3f7fe640 1 -- 10.20.193.41:0/96342514 <== mon.0 v2:10.20.193.41:3300/0 3 ==== mon_map magic: 0 ==== 205+0+0 (secure 0 0 0) 0x7fcd4c03c070 con 0x7fcd5810a390
2026-02-18T21:30:38.642 INFO:teuthology.orchestra.run.trial041.stdout:/usr/bin/ceph: stderr
2026-02-18T21:30:38.482+0000 7fcd5cabe640 1 -- 10.20.193.41:0/96342514 --> [v2:10.20.193.41:3300/0,v1:10.20.193.41:6789/0] -- mon_subscribe({osdmap=0}) -- 0x7fcd581a3780 con 0x7fcd5810a390
2026-02-18T21:30:38.642 INFO:teuthology.orchestra.run.trial041.stdout:/usr/bin/ceph: stderr
2026-02-18T21:30:38.483+0000 7fcd5cabe640 1 -- 10.20.193.41:0/96342514 --> [v2:10.20.193.41:3300/0,v1:10.20.193.41:6789/0] -- mon_command({"prefix": "get_command_descriptions"} v 0) -- 0x7fcd5810eac0 con 0x7fcd5810a390
2026-02-18T21:30:38.642 INFO:teuthology.orchestra.run.trial041.stdout:/usr/bin/ceph: stderr
2026-02-18T21:30:38.483+0000 7fcd3f7fe640 1 -- 10.20.193.41:0/96342514 <== mon.0 v2:10.20.193.41:3300/0 4 ==== mgrmap(e 11) ==== 50154+0+0 (secure 0 0 0) 0x7fcd4c0413e0 con 0x7fcd5810a390
2026-02-18T21:30:38.642 INFO:teuthology.orchestra.run.trial041.stdout:/usr/bin/ceph: stderr
2026-02-18T21:30:38.483+0000 7fcd3f7fe640 1 --2- 10.20.193.41:0/96342514 >> [v2:10.20.193.41:6800/783726480,v1:10.20.193.41:6801/783726480] conn(0x7fcd3003db20 0x7fcd3003ffe0 unknown :-1 s=NONE pgs=0 cs=0 l=1 rev1=0 crypto rx=0 tx=0 comp rx=0 tx=0).connect
2026-02-18T21:30:38.642 INFO:teuthology.orchestra.run.trial041.stdout:/usr/bin/ceph: stderr
2026-02-18T21:30:38.483+0000 7fcd3f7fe640 1 -- 10.20.193.41:0/96342514 <== mon.0 v2:10.20.193.41:3300/0 5 ==== osd_map(3..3 src has 1..3) ==== 1155+0+0 (secure 0 0 0) 0x7fcd4c076aa0 con 0x7fcd5810a390
2026-02-18T21:30:38.642 INFO:teuthology.orchestra.run.trial041.stdout:/usr/bin/ceph: stderr
2026-02-18T21:30:38.483+0000 7fcd55d74640 1 --2- 10.20.193.41:0/96342514 >> [v2:10.20.193.41:6800/783726480,v1:10.20.193.41:6801/783726480] conn(0x7fcd3003db20 0x7fcd3003ffe0 unknown :-1 s=BANNER_CONNECTING pgs=0 cs=0 l=1 rev1=0 crypto rx=0 tx=0 comp rx=0 tx=0)._handle_peer_banner_payload supported=3 required=0
2026-02-18T21:30:38.642 INFO:teuthology.orchestra.run.trial041.stdout:/usr/bin/ceph: stderr
2026-02-18T21:30:38.484+0000 7fcd55d74640 1 --2- 10.20.193.41:0/96342514 >> [v2:10.20.193.41:6800/783726480,v1:10.20.193.41:6801/783726480] conn(0x7fcd3003db20 0x7fcd3003ffe0 secure :-1 s=READY pgs=10 cs=0 l=1 rev1=1 crypto rx=0x7fcd400099c0 tx=0x7fcd40006eb0 comp rx=0 tx=0).ready entity=mgr.14150 client_cookie=0 server_cookie=0 in_seq=0 out_seq=0
2026-02-18T21:30:38.642 INFO:teuthology.orchestra.run.trial041.stdout:/usr/bin/ceph: stderr
2026-02-18T21:30:38.486+0000 7fcd3f7fe640 1 -- 10.20.193.41:0/96342514 <== mon.0 v2:10.20.193.41:3300/0 6 ==== mon_command_ack([{"prefix": "get_command_descriptions"}]=0 v0) ==== 72+0+195034 (secure 0 0 0) 0x7fcd4c042980 con 0x7fcd5810a390
2026-02-18T21:30:38.642 INFO:teuthology.orchestra.run.trial041.stdout:/usr/bin/ceph: stderr
2026-02-18T21:30:38.610+0000 7fcd5cabe640 1 -- 10.20.193.41:0/96342514 --> [v2:10.20.193.41:3300/0,v1:10.20.193.41:6789/0] -- mon_command([{prefix=config-key set, key=mgr/dashboard/cluster/status}] v 0) -- 0x7fcd5810a810 con 0x7fcd5810a390
2026-02-18T21:30:38.642 INFO:teuthology.orchestra.run.trial041.stdout:/usr/bin/ceph: stderr
2026-02-18T21:30:38.612+0000 7fcd3f7fe640 1 -- 10.20.193.41:0/96342514 <== mon.0 v2:10.20.193.41:3300/0 7 ==== mon_command_ack([{prefix=config-key set, key=mgr/dashboard/cluster/status}]=0 set mgr/dashboard/cluster/status v28)=0 set mgr/dashboard/cluster/status v28) ==== 153+0+0 (secure 0 0 0) 0x7fcd4c035a30 con 0x7fcd5810a390
2026-02-18T21:30:38.643 INFO:teuthology.orchestra.run.trial041.stdout:/usr/bin/ceph: stderr set mgr/dashboard/cluster/status
2026-02-18T21:30:38.643 INFO:teuthology.orchestra.run.trial041.stdout:/usr/bin/ceph: stderr
2026-02-18T21:30:38.613+0000 7fcd5cabe640 1 -- 10.20.193.41:0/96342514 >> [v2:10.20.193.41:6800/783726480,v1:10.20.193.41:6801/783726480] conn(0x7fcd3003db20 msgr2=0x7fcd3003ffe0 secure :-1 s=STATE_CONNECTION_ESTABLISHED l=1).mark_down
2026-02-18T21:30:38.643 INFO:teuthology.orchestra.run.trial041.stdout:/usr/bin/ceph: stderr
2026-02-18T21:30:38.613+0000 7fcd5cabe640 1 --2- 10.20.193.41:0/96342514 >> [v2:10.20.193.41:6800/783726480,v1:10.20.193.41:6801/783726480] conn(0x7fcd3003db20 0x7fcd3003ffe0 secure :-1 s=READY pgs=10 cs=0 l=1 rev1=1 crypto rx=0x7fcd400099c0 tx=0x7fcd40006eb0 comp rx=0 tx=0).stop
2026-02-18T21:30:38.643 INFO:teuthology.orchestra.run.trial041.stdout:/usr/bin/ceph: stderr
2026-02-18T21:30:38.613+0000 7fcd5cabe640 1 -- 10.20.193.41:0/96342514 >> [v2:10.20.193.41:3300/0,v1:10.20.193.41:6789/0] conn(0x7fcd5810a390 msgr2=0x7fcd581a02c0 secure :-1 s=STATE_CONNECTION_ESTABLISHED l=1).mark_down
2026-02-18T21:30:38.643 INFO:teuthology.orchestra.run.trial041.stdout:/usr/bin/ceph: stderr
2026-02-18T21:30:38.613+0000 7fcd5cabe640 1 --2- 10.20.193.41:0/96342514 >> [v2:10.20.193.41:3300/0,v1:10.20.193.41:6789/0] conn(0x7fcd5810a390 0x7fcd581a02c0 secure :-1 s=READY pgs=75 cs=0 l=1 rev1=1 crypto rx=0x7fcd4c039000 tx=0x7fcd4c037890 comp rx=0 tx=0).stop
2026-02-18T21:30:38.643 INFO:teuthology.orchestra.run.trial041.stdout:/usr/bin/ceph: stderr
2026-02-18T21:30:38.613+0000 7fcd5cabe640 1 -- 10.20.193.41:0/96342514 shutdown_connections
2026-02-18T21:30:38.643 INFO:teuthology.orchestra.run.trial041.stdout:/usr/bin/ceph: stderr
2026-02-18T21:30:38.613+0000 7fcd5cabe640 1 --2- 10.20.193.41:0/96342514 >> [v2:10.20.193.41:6800/783726480,v1:10.20.193.41:6801/783726480] conn(0x7fcd3003db20 0x7fcd3003ffe0 unknown :-1 s=CLOSED pgs=10 cs=0 l=1 rev1=1 crypto rx=0 tx=0 comp rx=0 tx=0).stop
2026-02-18T21:30:38.643 INFO:teuthology.orchestra.run.trial041.stdout:/usr/bin/ceph: stderr
2026-02-18T21:30:38.613+0000 7fcd5cabe640 1 --2- 10.20.193.41:0/96342514 >> [v2:10.20.193.41:3300/0,v1:10.20.193.41:6789/0] conn(0x7fcd5810a390 0x7fcd581a02c0 unknown :-1 s=CLOSED pgs=75 cs=0 l=1 rev1=1 crypto rx=0 tx=0 comp rx=0 tx=0).stop
2026-02-18T21:30:38.643 INFO:teuthology.orchestra.run.trial041.stdout:/usr/bin/ceph: stderr
2026-02-18T21:30:38.613+0000 7fcd5cabe640 1 -- 10.20.193.41:0/96342514 >> 10.20.193.41:0/96342514 conn(0x7fcd5807dba0 msgr2=0x7fcd58107e30 unknown :-1 s=STATE_NONE l=0).mark_down
2026-02-18T21:30:38.643 INFO:teuthology.orchestra.run.trial041.stdout:/usr/bin/ceph: stderr
2026-02-18T21:30:38.613+0000 7fcd5cabe640 1 -- 10.20.193.41:0/96342514 shutdown_connections
2026-02-18T21:30:38.643 INFO:teuthology.orchestra.run.trial041.stdout:/usr/bin/ceph: stderr
2026-02-18T21:30:38.613+0000 7fcd5cabe640 1 -- 10.20.193.41:0/96342514 wait complete.
2026-02-18T21:30:38.643 INFO:teuthology.orchestra.run.trial041.stdout:You can access the Ceph CLI as following in case of multi-cluster or non-default config:
2026-02-18T21:30:38.644 INFO:teuthology.orchestra.run.trial041.stdout:
2026-02-18T21:30:38.644 INFO:teuthology.orchestra.run.trial041.stdout: sudo /home/ubuntu/cephtest/cephadm shell --fsid fd5c8867-0d10-11f1-a8a4-d404e6e7d460 -c /etc/ceph/ceph.conf -k /etc/ceph/ceph.client.admin.keyring
2026-02-18T21:30:38.644 INFO:teuthology.orchestra.run.trial041.stdout:
2026-02-18T21:30:38.644 INFO:teuthology.orchestra.run.trial041.stdout:Or, if you are only running a single cluster on this host:
2026-02-18T21:30:38.644 INFO:teuthology.orchestra.run.trial041.stdout:
2026-02-18T21:30:38.644 INFO:teuthology.orchestra.run.trial041.stdout: sudo /home/ubuntu/cephtest/cephadm shell
2026-02-18T21:30:38.644 INFO:teuthology.orchestra.run.trial041.stdout:
2026-02-18T21:30:38.644 INFO:teuthology.orchestra.run.trial041.stdout:Please consider enabling telemetry to help improve Ceph:
2026-02-18T21:30:38.644 INFO:teuthology.orchestra.run.trial041.stdout:
2026-02-18T21:30:38.644 INFO:teuthology.orchestra.run.trial041.stdout: ceph telemetry on
2026-02-18T21:30:38.644 INFO:teuthology.orchestra.run.trial041.stdout:
2026-02-18T21:30:38.644 INFO:teuthology.orchestra.run.trial041.stdout:For more information see:
2026-02-18T21:30:38.645 INFO:teuthology.orchestra.run.trial041.stdout:
2026-02-18T21:30:38.645 INFO:teuthology.orchestra.run.trial041.stdout: https://docs.ceph.com/en/latest/mgr/telemetry/
2026-02-18T21:30:38.645 INFO:teuthology.orchestra.run.trial041.stdout:
2026-02-18T21:30:38.645 INFO:teuthology.orchestra.run.trial041.stdout:Bootstrap complete.
2026-02-18T21:30:38.662 INFO:tasks.cephadm:Fetching config...
2026-02-18T21:30:38.663 DEBUG:teuthology.orchestra.run.trial041:> set -ex
2026-02-18T21:30:38.663 DEBUG:teuthology.orchestra.run.trial041:> dd if=/etc/ceph/ceph.conf of=/dev/stdout
2026-02-18T21:30:38.679 INFO:tasks.cephadm:Fetching client.admin keyring...
2026-02-18T21:30:38.679 DEBUG:teuthology.orchestra.run.trial041:> set -ex
2026-02-18T21:30:38.679 DEBUG:teuthology.orchestra.run.trial041:> dd if=/etc/ceph/ceph.client.admin.keyring of=/dev/stdout
2026-02-18T21:30:38.735 INFO:tasks.cephadm:Fetching mon keyring...
2026-02-18T21:30:38.735 DEBUG:teuthology.orchestra.run.trial041:> set -ex
2026-02-18T21:30:38.736 DEBUG:teuthology.orchestra.run.trial041:> sudo dd if=/var/lib/ceph/fd5c8867-0d10-11f1-a8a4-d404e6e7d460/mon.a/keyring of=/dev/stdout
2026-02-18T21:30:38.801 INFO:tasks.cephadm:Fetching pub ssh key...
2026-02-18T21:30:38.801 DEBUG:teuthology.orchestra.run.trial041:> set -ex
2026-02-18T21:30:38.802 DEBUG:teuthology.orchestra.run.trial041:> dd if=/home/ubuntu/cephtest/ceph.pub of=/dev/stdout
2026-02-18T21:30:38.858 INFO:tasks.cephadm:Installing pub ssh key for root users...
2026-02-18T21:30:38.858 DEBUG:teuthology.orchestra.run.trial041:> sudo install -d -m 0700 /root/.ssh && echo 'ssh-ed25519 AAAAC3NzaC1lZDI1NTE5AAAAIMFBzN7jVciUJ7K31joR8sNURJtueJYby73W/y7ogzfx ceph-fd5c8867-0d10-11f1-a8a4-d404e6e7d460' | sudo tee -a /root/.ssh/authorized_keys && sudo chmod 0600 /root/.ssh/authorized_keys
2026-02-18T21:30:38.931 INFO:teuthology.orchestra.run.trial041.stdout:ssh-ed25519 AAAAC3NzaC1lZDI1NTE5AAAAIMFBzN7jVciUJ7K31joR8sNURJtueJYby73W/y7ogzfx ceph-fd5c8867-0d10-11f1-a8a4-d404e6e7d460
2026-02-18T21:30:38.941 DEBUG:teuthology.orchestra.run.trial176:> sudo install -d -m 0700 /root/.ssh && echo 'ssh-ed25519 AAAAC3NzaC1lZDI1NTE5AAAAIMFBzN7jVciUJ7K31joR8sNURJtueJYby73W/y7ogzfx ceph-fd5c8867-0d10-11f1-a8a4-d404e6e7d460' | sudo tee -a /root/.ssh/authorized_keys && sudo chmod 0600 /root/.ssh/authorized_keys
2026-02-18T21:30:38.976 INFO:teuthology.orchestra.run.trial176.stdout:ssh-ed25519 AAAAC3NzaC1lZDI1NTE5AAAAIMFBzN7jVciUJ7K31joR8sNURJtueJYby73W/y7ogzfx ceph-fd5c8867-0d10-11f1-a8a4-d404e6e7d460
2026-02-18T21:30:38.985 DEBUG:teuthology.orchestra.run.trial193:> sudo install -d -m 0700 /root/.ssh && echo 'ssh-ed25519 AAAAC3NzaC1lZDI1NTE5AAAAIMFBzN7jVciUJ7K31joR8sNURJtueJYby73W/y7ogzfx ceph-fd5c8867-0d10-11f1-a8a4-d404e6e7d460' | sudo tee -a /root/.ssh/authorized_keys && sudo chmod 0600 /root/.ssh/authorized_keys
2026-02-18T21:30:39.021 INFO:teuthology.orchestra.run.trial193.stdout:ssh-ed25519 AAAAC3NzaC1lZDI1NTE5AAAAIMFBzN7jVciUJ7K31joR8sNURJtueJYby73W/y7ogzfx ceph-fd5c8867-0d10-11f1-a8a4-d404e6e7d460
2026-02-18T21:30:39.032 DEBUG:teuthology.orchestra.run.trial041:> sudo /home/ubuntu/cephtest/cephadm --image quay.ceph.io/ceph-ci/ceph:5c7d9533eb2b3fdb031dd48c8022c4d967a9a910 shell -c /etc/ceph/ceph.conf -k /etc/ceph/ceph.client.admin.keyring --fsid fd5c8867-0d10-11f1-a8a4-d404e6e7d460 -- ceph config set mgr mgr/cephadm/allow_ptrace true
2026-02-18T21:30:39.184 INFO:teuthology.orchestra.run.trial041.stderr:Inferring config /var/lib/ceph/fd5c8867-0d10-11f1-a8a4-d404e6e7d460/mon.a/config
2026-02-18T21:30:39.208 INFO:journalctl@ceph.mon.a.trial041.stdout:Feb 18 21:30:39 trial041 ceph-mon[23271]: from='client.14164 -' entity='client.admin' cmd=[{"prefix": "dashboard ac-user-create", "username": "admin", "rolename": "administrator", "force_password": true, "pwd_update_required": true, "target": ["mon-mgr", ""]}]: dispatch
2026-02-18T21:30:39.208 INFO:journalctl@ceph.mon.a.trial041.stdout:Feb 18 21:30:39 trial041 ceph-mon[23271]: from='mgr.14150 10.20.193.41:0/2615151811' entity='mgr.x'
2026-02-18T21:30:39.208 INFO:journalctl@ceph.mon.a.trial041.stdout:Feb 18 21:30:39 trial041 ceph-mon[23271]: from='client.? 10.20.193.41:0/1195357627' entity='client.admin' cmd=[{"prefix": "config get", "who": "mgr", "key": "mgr/dashboard/ssl_server_port"}]: dispatch
2026-02-18T21:30:39.208 INFO:journalctl@ceph.mon.a.trial041.stdout:Feb 18 21:30:39 trial041 ceph-mon[23271]: from='client.? 10.20.193.41:0/96342514' entity='client.admin'
2026-02-18T21:30:39.208 INFO:journalctl@ceph.mon.a.trial041.stdout:Feb 18 21:30:39 trial041 ceph-mon[23271]: from='mgr.14150 10.20.193.41:0/2615151811' entity='mgr.x'
2026-02-18T21:30:39.294 INFO:teuthology.orchestra.run.trial041.stderr:2026-02-18T21:30:39.292+0000 7f90d6efb640 1 -- 10.20.193.41:0/1888821881 >> [v2:10.20.193.41:3300/0,v1:10.20.193.41:6789/0] conn(0x7f90d0102330 msgr2=0x7f90d0102730 secure :-1 s=STATE_CONNECTION_ESTABLISHED l=1).mark_down
2026-02-18T21:30:39.294 INFO:teuthology.orchestra.run.trial041.stderr:2026-02-18T21:30:39.292+0000 7f90d6efb640 1 --2- 10.20.193.41:0/1888821881 >> [v2:10.20.193.41:3300/0,v1:10.20.193.41:6789/0] conn(0x7f90d0102330 0x7f90d0102730 secure :-1 s=READY pgs=76 cs=0 l=1 rev1=1 crypto rx=0x7f90c00099b0 tx=0x7f90c002f2b0 comp rx=0 tx=0).stop
2026-02-18T21:30:39.294 INFO:teuthology.orchestra.run.trial041.stderr:2026-02-18T21:30:39.292+0000 7f90d6efb640 1 -- 10.20.193.41:0/1888821881 shutdown_connections
