2026-02-18T21:30:29.901 INFO:teuthology.orchestra.run.trial041.stdout:/usr/bin/ceph: stderr
2026-02-18T21:30:29.744+0000 7fad6508e640 1 --2- >> [v2:10.20.193.41:3300/0,v1:10.20.193.41:6789/0] conn(0x7fad6010a390 0x7fad601a0240 unknown :-1 s=NONE pgs=0 cs=0 l=1 rev1=0 crypto rx=0 tx=0 comp rx=0 tx=0).connect
2026-02-18T21:30:29.901 INFO:teuthology.orchestra.run.trial041.stdout:/usr/bin/ceph: stderr
2026-02-18T21:30:29.744+0000 7fad6508e640 1 -- --> [v2:10.20.193.41:3300/0,v1:10.20.193.41:6789/0] -- mon_getmap magic: 0 -- 0x7fad6010e810 con 0x7fad6010a390
2026-02-18T21:30:29.901 INFO:teuthology.orchestra.run.trial041.stdout:/usr/bin/ceph: stderr
2026-02-18T21:30:29.744+0000 7fad5ed76640 1 --2- >> [v2:10.20.193.41:3300/0,v1:10.20.193.41:6789/0] conn(0x7fad6010a390 0x7fad601a0240 unknown :-1 s=BANNER_CONNECTING pgs=0 cs=0 l=1 rev1=0 crypto rx=0 tx=0 comp rx=0 tx=0)._handle_peer_banner_payload supported=3 required=0
2026-02-18T21:30:29.901 INFO:teuthology.orchestra.run.trial041.stdout:/usr/bin/ceph: stderr
2026-02-18T21:30:29.744+0000 7fad5ed76640 1 --2- >> [v2:10.20.193.41:3300/0,v1:10.20.193.41:6789/0] conn(0x7fad6010a390 0x7fad601a0240 unknown :-1 s=HELLO_CONNECTING pgs=0 cs=0 l=1 rev1=1 crypto rx=0 tx=0 comp rx=0 tx=0).handle_hello peer v2:10.20.193.41:3300/0 says I am v2:10.20.193.41:35866/0 (socket says 10.20.193.41:35866)
2026-02-18T21:30:29.901 INFO:teuthology.orchestra.run.trial041.stdout:/usr/bin/ceph: stderr
2026-02-18T21:30:29.744+0000 7fad5ed76640 1 -- 10.20.193.41:0/328113070 learned_addr learned my addr 10.20.193.41:0/328113070 (peer_addr_for_me v2:10.20.193.41:0/0)
2026-02-18T21:30:29.901 INFO:teuthology.orchestra.run.trial041.stdout:/usr/bin/ceph: stderr
2026-02-18T21:30:29.744+0000 7fad5ed76640 1 -- 10.20.193.41:0/328113070 --> [v2:10.20.193.41:3300/0,v1:10.20.193.41:6789/0] -- mon_subscribe({config=0+,monmap=0+}) -- 0x7fad601a0780 con 0x7fad6010a390
2026-02-18T21:30:29.901 INFO:teuthology.orchestra.run.trial041.stdout:/usr/bin/ceph: stderr
2026-02-18T21:30:29.744+0000 7fad5ed76640 1 --2- 10.20.193.41:0/328113070 >> [v2:10.20.193.41:3300/0,v1:10.20.193.41:6789/0] conn(0x7fad6010a390 0x7fad601a0240 secure :-1 s=READY pgs=40 cs=0 l=1 rev1=1 crypto rx=0x7fad54006fd0 tx=0x7fad54037bb0 comp rx=0 tx=0).ready entity=mon.0 client_cookie=0 server_cookie=0 in_seq=0 out_seq=0
2026-02-18T21:30:29.901 INFO:teuthology.orchestra.run.trial041.stdout:/usr/bin/ceph: stderr
2026-02-18T21:30:29.744+0000 7fad3ffff640 1 -- 10.20.193.41:0/328113070 <== mon.0 v2:10.20.193.41:3300/0 1 ==== mon_map magic: 0 ==== 205+0+0 (secure 0 0 0) 0x7fad54045070 con 0x7fad6010a390
2026-02-18T21:30:29.901 INFO:teuthology.orchestra.run.trial041.stdout:/usr/bin/ceph: stderr
2026-02-18T21:30:29.744+0000 7fad3ffff640 1 -- 10.20.193.41:0/328113070 <== mon.0 v2:10.20.193.41:3300/0 2 ==== config(26 keys) ==== 1045+0+0 (secure 0 0 0) 0x7fad54040450 con 0x7fad6010a390
2026-02-18T21:30:29.901 INFO:teuthology.orchestra.run.trial041.stdout:/usr/bin/ceph: stderr
2026-02-18T21:30:29.744+0000 7fad6508e640 1 -- 10.20.193.41:0/328113070 --> [v2:10.20.193.41:3300/0,v1:10.20.193.41:6789/0] -- mon_subscribe({mgrmap=0+}) -- 0x7fad601a0a10 con 0x7fad6010a390
2026-02-18T21:30:29.901 INFO:teuthology.orchestra.run.trial041.stdout:/usr/bin/ceph: stderr
2026-02-18T21:30:29.744+0000 7fad3ffff640 1 -- 10.20.193.41:0/328113070 <== mon.0 v2:10.20.193.41:3300/0 3 ==== mon_map magic: 0 ==== 205+0+0 (secure 0 0 0) 0x7fad5403c070 con 0x7fad6010a390
2026-02-18T21:30:29.901 INFO:teuthology.orchestra.run.trial041.stdout:/usr/bin/ceph: stderr
2026-02-18T21:30:29.744+0000 7fad6508e640 1 -- 10.20.193.41:0/328113070 --> [v2:10.20.193.41:3300/0,v1:10.20.193.41:6789/0] -- mon_subscribe({osdmap=0}) -- 0x7fad601a3700 con 0x7fad6010a390
2026-02-18T21:30:29.901 INFO:teuthology.orchestra.run.trial041.stdout:/usr/bin/ceph: stderr
2026-02-18T21:30:29.744+0000 7fad6508e640 1 -- 10.20.193.41:0/328113070 --> [v2:10.20.193.41:3300/0,v1:10.20.193.41:6789/0] -- mon_command({"prefix": "get_command_descriptions"} v 0) -- 0x7fad6010a810 con 0x7fad6010a390
2026-02-18T21:30:29.901 INFO:teuthology.orchestra.run.trial041.stdout:/usr/bin/ceph: stderr
2026-02-18T21:30:29.745+0000 7fad3ffff640 1 -- 10.20.193.41:0/328113070 <== mon.0 v2:10.20.193.41:3300/0 4 ==== mgrmap(e 7) ==== 50141+0+0 (secure 0 0 0) 0x7fad54040600 con 0x7fad6010a390
2026-02-18T21:30:29.901 INFO:teuthology.orchestra.run.trial041.stdout:/usr/bin/ceph: stderr
2026-02-18T21:30:29.745+0000 7fad3ffff640 1 --2- 10.20.193.41:0/328113070 >> [v2:10.20.193.41:6800/4068847752,v1:10.20.193.41:6801/4068847752] conn(0x7fad3403da30 0x7fad3403fef0 unknown :-1 s=NONE pgs=0 cs=0 l=1 rev1=0 crypto rx=0 tx=0 comp rx=0 tx=0).connect
2026-02-18T21:30:29.901 INFO:teuthology.orchestra.run.trial041.stdout:/usr/bin/ceph: stderr
2026-02-18T21:30:29.745+0000 7fad3ffff640 1 -- 10.20.193.41:0/328113070 <== mon.0 v2:10.20.193.41:3300/0 5 ==== osd_map(2..2 src has 1..2) ==== 940+0+0 (secure 0 0 0) 0x7fad54076490 con 0x7fad6010a390
2026-02-18T21:30:29.901 INFO:teuthology.orchestra.run.trial041.stdout:/usr/bin/ceph: stderr
2026-02-18T21:30:29.745+0000 7fad5e575640 1 --2- 10.20.193.41:0/328113070 >> [v2:10.20.193.41:6800/4068847752,v1:10.20.193.41:6801/4068847752] conn(0x7fad3403da30 0x7fad3403fef0 unknown :-1 s=BANNER_CONNECTING pgs=0 cs=0 l=1 rev1=0 crypto rx=0 tx=0 comp rx=0 tx=0)._handle_peer_banner_payload supported=3 required=0
2026-02-18T21:30:29.901 INFO:teuthology.orchestra.run.trial041.stdout:/usr/bin/ceph: stderr
2026-02-18T21:30:29.745+0000 7fad5e575640 1 --2- 10.20.193.41:0/328113070 >> [v2:10.20.193.41:6800/4068847752,v1:10.20.193.41:6801/4068847752] conn(0x7fad3403da30 0x7fad3403fef0 secure :-1 s=READY pgs=9 cs=0 l=1 rev1=1 crypto rx=0x7fad480099c0 tx=0x7fad48006eb0 comp rx=0 tx=0).ready entity=mgr.14118 client_cookie=0 server_cookie=0 in_seq=0 out_seq=0
2026-02-18T21:30:29.901 INFO:teuthology.orchestra.run.trial041.stdout:/usr/bin/ceph: stderr
2026-02-18T21:30:29.747+0000 7fad3ffff640 1 -- 10.20.193.41:0/328113070 <== mon.0 v2:10.20.193.41:3300/0 6 ==== mon_command_ack([{"prefix": "get_command_descriptions"}]=0 v0) ==== 72+0+195034 (secure 0 0 0) 0x7fad54033200 con 0x7fad6010a390
2026-02-18T21:30:29.901 INFO:teuthology.orchestra.run.trial041.stdout:/usr/bin/ceph: stderr
2026-02-18T21:30:29.832+0000 7fad6508e640 1 -- 10.20.193.41:0/328113070 --> [v2:10.20.193.41:6800/4068847752,v1:10.20.193.41:6801/4068847752] -- mgr_command(tid 0: {"prefix": "cephadm generate-key", "target": ["mon-mgr", ""]}) -- 0x7fad601084d0 con 0x7fad3403da30
2026-02-18T21:30:29.901 INFO:teuthology.orchestra.run.trial041.stdout:/usr/bin/ceph: stderr
2026-02-18T21:30:29.852+0000 7fad3ffff640 1 -- 10.20.193.41:0/328113070 <== mgr.14118 v2:10.20.193.41:6800/4068847752 1 ==== mgr_command_reply(tid 0: 0 ) ==== 8+0+0 (secure 0 0 0) 0x7fad601084d0 con 0x7fad3403da30
2026-02-18T21:30:29.901 INFO:teuthology.orchestra.run.trial041.stdout:/usr/bin/ceph: stderr
2026-02-18T21:30:29.854+0000 7fad6508e640 1 -- 10.20.193.41:0/328113070 >> [v2:10.20.193.41:6800/4068847752,v1:10.20.193.41:6801/4068847752] conn(0x7fad3403da30 msgr2=0x7fad3403fef0 secure :-1 s=STATE_CONNECTION_ESTABLISHED l=1).mark_down
2026-02-18T21:30:29.901 INFO:teuthology.orchestra.run.trial041.stdout:/usr/bin/ceph: stderr
2026-02-18T21:30:29.854+0000 7fad6508e640 1 --2- 10.20.193.41:0/328113070 >> [v2:10.20.193.41:6800/4068847752,v1:10.20.193.41:6801/4068847752] conn(0x7fad3403da30 0x7fad3403fef0 secure :-1 s=READY pgs=9 cs=0 l=1 rev1=1 crypto rx=0x7fad480099c0 tx=0x7fad48006eb0 comp rx=0 tx=0).stop
2026-02-18T21:30:29.901 INFO:teuthology.orchestra.run.trial041.stdout:/usr/bin/ceph: stderr
2026-02-18T21:30:29.854+0000 7fad6508e640 1 -- 10.20.193.41:0/328113070 >> [v2:10.20.193.41:3300/0,v1:10.20.193.41:6789/0] conn(0x7fad6010a390 msgr2=0x7fad601a0240 secure :-1 s=STATE_CONNECTION_ESTABLISHED l=1).mark_down
2026-02-18T21:30:29.901 INFO:teuthology.orchestra.run.trial041.stdout:/usr/bin/ceph: stderr
2026-02-18T21:30:29.854+0000 7fad6508e640 1 --2- 10.20.193.41:0/328113070 >> [v2:10.20.193.41:3300/0,v1:10.20.193.41:6789/0] conn(0x7fad6010a390 0x7fad601a0240 secure :-1 s=READY pgs=40 cs=0 l=1 rev1=1 crypto rx=0x7fad54006fd0 tx=0x7fad54037bb0 comp rx=0 tx=0).stop
2026-02-18T21:30:29.901 INFO:teuthology.orchestra.run.trial041.stdout:/usr/bin/ceph: stderr
2026-02-18T21:30:29.854+0000 7fad6508e640 1 -- 10.20.193.41:0/328113070 shutdown_connections
2026-02-18T21:30:29.901 INFO:teuthology.orchestra.run.trial041.stdout:/usr/bin/ceph: stderr
2026-02-18T21:30:29.854+0000 7fad6508e640 1 --2- 10.20.193.41:0/328113070 >> [v2:10.20.193.41:6800/4068847752,v1:10.20.193.41:6801/4068847752] conn(0x7fad3403da30 0x7fad3403fef0 unknown :-1 s=CLOSED pgs=9 cs=0 l=1 rev1=1 crypto rx=0 tx=0 comp rx=0 tx=0).stop
2026-02-18T21:30:29.901 INFO:teuthology.orchestra.run.trial041.stdout:/usr/bin/ceph: stderr
2026-02-18T21:30:29.854+0000 7fad6508e640 1 --2- 10.20.193.41:0/328113070 >> [v2:10.20.193.41:3300/0,v1:10.20.193.41:6789/0] conn(0x7fad6010a390 0x7fad601a0240 unknown :-1 s=CLOSED pgs=40 cs=0 l=1 rev1=1 crypto rx=0 tx=0 comp rx=0 tx=0).stop
2026-02-18T21:30:29.901 INFO:teuthology.orchestra.run.trial041.stdout:/usr/bin/ceph: stderr
2026-02-18T21:30:29.854+0000 7fad6508e640 1 -- 10.20.193.41:0/328113070 >> 10.20.193.41:0/328113070 conn(0x7fad6007dbd0 msgr2=0x7fad60107dc0 unknown :-1 s=STATE_NONE l=0).mark_down
2026-02-18T21:30:29.901 INFO:teuthology.orchestra.run.trial041.stdout:/usr/bin/ceph: stderr
2026-02-18T21:30:29.854+0000 7fad6508e640 1 -- 10.20.193.41:0/328113070 shutdown_connections
2026-02-18T21:30:29.901 INFO:teuthology.orchestra.run.trial041.stdout:/usr/bin/ceph: stderr
2026-02-18T21:30:29.854+0000 7fad6508e640 1 -- 10.20.193.41:0/328113070 wait complete.
2026-02-18T21:30:29.942 INFO:journalctl@ceph.mgr.x.trial041.stdout:Feb 18 21:30:29 trial041 ceph-fd5c8867-0d10-11f1-a8a4-d404e6e7d460-mgr-x[23543]: Generating public/private ed25519 key pair.
2026-02-18T21:30:29.942 INFO:journalctl@ceph.mgr.x.trial041.stdout:Feb 18 21:30:29 trial041 ceph-fd5c8867-0d10-11f1-a8a4-d404e6e7d460-mgr-x[23543]: Your identification has been saved in /tmp/tmp0l7g0d1_/key
2026-02-18T21:30:29.942 INFO:journalctl@ceph.mgr.x.trial041.stdout:Feb 18 21:30:29 trial041 ceph-fd5c8867-0d10-11f1-a8a4-d404e6e7d460-mgr-x[23543]: Your public key has been saved in /tmp/tmp0l7g0d1_/key.pub
2026-02-18T21:30:29.942 INFO:journalctl@ceph.mgr.x.trial041.stdout:Feb 18 21:30:29 trial041 ceph-fd5c8867-0d10-11f1-a8a4-d404e6e7d460-mgr-x[23543]: The key fingerprint is:
2026-02-18T21:30:29.942 INFO:journalctl@ceph.mgr.x.trial041.stdout:Feb 18 21:30:29 trial041 ceph-fd5c8867-0d10-11f1-a8a4-d404e6e7d460-mgr-x[23543]: SHA256:cuPUObzZ75Bx5f+KRoRJFPHPsoq3MUYgzQ/GiISOXGk ceph-fd5c8867-0d10-11f1-a8a4-d404e6e7d460
2026-02-18T21:30:29.942 INFO:journalctl@ceph.mgr.x.trial041.stdout:Feb 18 21:30:29 trial041 ceph-fd5c8867-0d10-11f1-a8a4-d404e6e7d460-mgr-x[23543]: The key's randomart image is:
2026-02-18T21:30:29.942 INFO:journalctl@ceph.mgr.x.trial041.stdout:Feb 18 21:30:29 trial041 ceph-fd5c8867-0d10-11f1-a8a4-d404e6e7d460-mgr-x[23543]: +--[ED25519 256]--+
2026-02-18T21:30:29.943 INFO:journalctl@ceph.mgr.x.trial041.stdout:Feb 18 21:30:29 trial041 ceph-fd5c8867-0d10-11f1-a8a4-d404e6e7d460-mgr-x[23543]: | .o .+o |
2026-02-18T21:30:29.943 INFO:journalctl@ceph.mgr.x.trial041.stdout:Feb 18 21:30:29 trial041 ceph-fd5c8867-0d10-11f1-a8a4-d404e6e7d460-mgr-x[23543]: | .E . = .. |
2026-02-18T21:30:29.943 INFO:journalctl@ceph.mgr.x.trial041.stdout:Feb 18 21:30:29 trial041 ceph-fd5c8867-0d10-11f1-a8a4-d404e6e7d460-mgr-x[23543]: |.oo . o B. o. .|
2026-02-18T21:30:29.943 INFO:journalctl@ceph.mgr.x.trial041.stdout:Feb 18 21:30:29 trial041 ceph-fd5c8867-0d10-11f1-a8a4-d404e6e7d460-mgr-x[23543]: |... o *o..o o |
2026-02-18T21:30:29.943 INFO:journalctl@ceph.mgr.x.trial041.stdout:Feb 18 21:30:29 trial041 ceph-fd5c8867-0d10-11f1-a8a4-d404e6e7d460-mgr-x[23543]: | . S B.o + .|
2026-02-18T21:30:29.943 INFO:journalctl@ceph.mgr.x.trial041.stdout:Feb 18 21:30:29 trial041 ceph-fd5c8867-0d10-11f1-a8a4-d404e6e7d460-mgr-x[23543]: | = o =.* .|
2026-02-18T21:30:29.943 INFO:journalctl@ceph.mgr.x.trial041.stdout:Feb 18 21:30:29 trial041 ceph-fd5c8867-0d10-11f1-a8a4-d404e6e7d460-mgr-x[23543]: | . *.= .|
2026-02-18T21:30:29.943 INFO:journalctl@ceph.mgr.x.trial041.stdout:Feb 18 21:30:29 trial041 ceph-fd5c8867-0d10-11f1-a8a4-d404e6e7d460-mgr-x[23543]: | o.+.+ .|
2026-02-18T21:30:29.943 INFO:journalctl@ceph.mgr.x.trial041.stdout:Feb 18 21:30:29 trial041 ceph-fd5c8867-0d10-11f1-a8a4-d404e6e7d460-mgr-x[23543]: | ..oo..+..|
2026-02-18T21:30:29.943 INFO:journalctl@ceph.mgr.x.trial041.stdout:Feb 18 21:30:29 trial041 ceph-fd5c8867-0d10-11f1-a8a4-d404e6e7d460-mgr-x[23543]: +----[SHA256]-----+
2026-02-18T21:30:30.102 INFO:teuthology.orchestra.run.trial041.stdout:/usr/bin/ceph: stdout ssh-ed25519 AAAAC3NzaC1lZDI1NTE5AAAAIMFBzN7jVciUJ7K31joR8sNURJtueJYby73W/y7ogzfx ceph-fd5c8867-0d10-11f1-a8a4-d404e6e7d460
2026-02-18T21:30:30.102 INFO:teuthology.orchestra.run.trial041.stdout:/usr/bin/ceph: stderr
2026-02-18T21:30:29.990+0000 7fc29bafd640 1 Processor -- start
2026-02-18T21:30:30.102 INFO:teuthology.orchestra.run.trial041.stdout:/usr/bin/ceph: stderr
2026-02-18T21:30:29.990+0000 7fc29bafd640 1 -- start start
2026-02-18T21:30:30.102 INFO:teuthology.orchestra.run.trial041.stdout:/usr/bin/ceph: stderr
2026-02-18T21:30:29.990+0000 7fc29bafd640 1 --2- >> [v2:10.20.193.41:3300/0,v1:10.20.193.41:6789/0] conn(0x7fc29410a390 0x7fc29410a790 unknown :-1 s=NONE pgs=0 cs=0 l=0 rev1=0 crypto rx=0 tx=0 comp rx=0 tx=0).connect
2026-02-18T21:30:30.102 INFO:teuthology.orchestra.run.trial041.stdout:/usr/bin/ceph: stderr
2026-02-18T21:30:29.990+0000 7fc29bafd640 1 -- --> [v2:10.20.193.41:3300/0,v1:10.20.193.41:6789/0] -- mon_getmap magic: 0 -- 0x7fc29410ad60 con 0x7fc29410a390
2026-02-18T21:30:30.102 INFO:teuthology.orchestra.run.trial041.stdout:/usr/bin/ceph: stderr
2026-02-18T21:30:29.991+0000 7fc299872640 1 --2- >> [v2:10.20.193.41:3300/0,v1:10.20.193.41:6789/0] conn(0x7fc29410a390 0x7fc29410a790 unknown :-1 s=BANNER_CONNECTING pgs=0 cs=0 l=0 rev1=0 crypto rx=0 tx=0 comp rx=0 tx=0)._handle_peer_banner_payload supported=3 required=0
2026-02-18T21:30:30.102 INFO:teuthology.orchestra.run.trial041.stdout:/usr/bin/ceph: stderr
2026-02-18T21:30:29.991+0000 7fc299872640 1 --2- >> [v2:10.20.193.41:3300/0,v1:10.20.193.41:6789/0] conn(0x7fc29410a390 0x7fc29410a790 unknown :-1 s=HELLO_CONNECTING pgs=0 cs=0 l=0 rev1=1 crypto rx=0 tx=0 comp rx=0 tx=0).handle_hello peer v2:10.20.193.41:3300/0 says I am v2:10.20.193.41:35872/0 (socket says 10.20.193.41:35872)
2026-02-18T21:30:30.102 INFO:teuthology.orchestra.run.trial041.stdout:/usr/bin/ceph: stderr
2026-02-18T21:30:29.991+0000 7fc299872640 1 -- 10.20.193.41:0/2771504850 learned_addr learned my addr 10.20.193.41:0/2771504850 (peer_addr_for_me v2:10.20.193.41:0/0)
2026-02-18T21:30:30.102 INFO:teuthology.orchestra.run.trial041.stdout:/usr/bin/ceph: stderr
2026-02-18T21:30:29.991+0000 7fc299872640 1 -- 10.20.193.41:0/2771504850 --> [v2:10.20.193.41:3300/0,v1:10.20.193.41:6789/0] -- mon_subscribe({config=0+,monmap=0+}) -- 0x7fc29410b590 con 0x7fc29410a390
2026-02-18T21:30:30.102 INFO:teuthology.orchestra.run.trial041.stdout:/usr/bin/ceph: stderr
2026-02-18T21:30:29.991+0000 7fc299872640 1 --2- 10.20.193.41:0/2771504850 >> [v2:10.20.193.41:3300/0,v1:10.20.193.41:6789/0] conn(0x7fc29410a390 0x7fc29410a790 secure :-1 s=READY pgs=41 cs=0 l=1 rev1=1 crypto rx=0x7fc284009920 tx=0x7fc28402ef20 comp rx=0 tx=0).ready entity=mon.0 client_cookie=b45ce671acc97781 server_cookie=0 in_seq=0 out_seq=0
2026-02-18T21:30:30.103 INFO:teuthology.orchestra.run.trial041.stdout:/usr/bin/ceph: stderr
2026-02-18T21:30:29.991+0000 7fc298870640 1 -- 10.20.193.41:0/2771504850 <== mon.0 v2:10.20.193.41:3300/0 1 ==== mon_map magic: 0 ==== 205+0+0 (secure 0 0 0) 0x7fc28403c070 con 0x7fc29410a390
2026-02-18T21:30:30.103 INFO:teuthology.orchestra.run.trial041.stdout:/usr/bin/ceph: stderr
2026-02-18T21:30:29.991+0000 7fc298870640 1 -- 10.20.193.41:0/2771504850 <== mon.0 v2:10.20.193.41:3300/0 2 ==== config(26 keys) ==== 1045+0+0 (secure 0 0 0) 0x7fc284037440 con 0x7fc29410a390
2026-02-18T21:30:30.103 INFO:teuthology.orchestra.run.trial041.stdout:/usr/bin/ceph: stderr
2026-02-18T21:30:29.991+0000 7fc298870640 1 -- 10.20.193.41:0/2771504850 <== mon.0 v2:10.20.193.41:3300/0 3 ==== mon_map magic: 0 ==== 205+0+0 (secure 0 0 0) 0x7fc2840354b0 con 0x7fc29410a390
2026-02-18T21:30:30.103 INFO:teuthology.orchestra.run.trial041.stdout:/usr/bin/ceph: stderr
2026-02-18T21:30:29.992+0000 7fc29bafd640 1 -- 10.20.193.41:0/2771504850 >> [v2:10.20.193.41:3300/0,v1:10.20.193.41:6789/0] conn(0x7fc29410a390 msgr2=0x7fc29410a790 secure :-1 s=STATE_CONNECTION_ESTABLISHED l=1).mark_down
2026-02-18T21:30:30.103 INFO:teuthology.orchestra.run.trial041.stdout:/usr/bin/ceph: stderr
2026-02-18T21:30:29.992+0000 7fc29bafd640 1 --2- 10.20.193.41:0/2771504850 >> [v2:10.20.193.41:3300/0,v1:10.20.193.41:6789/0] conn(0x7fc29410a390 0x7fc29410a790 secure :-1 s=READY pgs=41 cs=0 l=1 rev1=1 crypto rx=0x7fc284009920 tx=0x7fc28402ef20 comp rx=0 tx=0).stop
2026-02-18T21:30:30.103 INFO:teuthology.orchestra.run.trial041.stdout:/usr/bin/ceph: stderr
2026-02-18T21:30:29.992+0000 7fc29bafd640 1 -- 10.20.193.41:0/2771504850 shutdown_connections
2026-02-18T21:30:30.103 INFO:teuthology.orchestra.run.trial041.stdout:/usr/bin/ceph: stderr
2026-02-18T21:30:29.992+0000 7fc29bafd640 1 --2- 10.20.193.41:0/2771504850 >> [v2:10.20.193.41:3300/0,v1:10.20.193.41:6789/0] conn(0x7fc29410a390 0x7fc29410a790 unknown :-1 s=CLOSED pgs=41 cs=0 l=1 rev1=1 crypto rx=0 tx=0 comp rx=0 tx=0).stop
2026-02-18T21:30:30.103 INFO:teuthology.orchestra.run.trial041.stdout:/usr/bin/ceph: stderr
2026-02-18T21:30:29.992+0000 7fc29bafd640 1 -- 10.20.193.41:0/2771504850 >> 10.20.193.41:0/2771504850 conn(0x7fc29407dba0 msgr2=0x7fc294108670 unknown :-1 s=STATE_NONE l=0).mark_down
2026-02-18T21:30:30.103 INFO:teuthology.orchestra.run.trial041.stdout:/usr/bin/ceph: stderr
2026-02-18T21:30:29.992+0000 7fc29bafd640 1 -- 10.20.193.41:0/2771504850 shutdown_connections
2026-02-18T21:30:30.103 INFO:teuthology.orchestra.run.trial041.stdout:/usr/bin/ceph: stderr
2026-02-18T21:30:29.992+0000 7fc29bafd640 1 -- 10.20.193.41:0/2771504850 wait complete.
2026-02-18T21:30:30.103 INFO:teuthology.orchestra.run.trial041.stdout:/usr/bin/ceph: stderr
2026-02-18T21:30:29.992+0000 7fc29bafd640 1 Processor -- start
2026-02-18T21:30:30.103 INFO:teuthology.orchestra.run.trial041.stdout:/usr/bin/ceph: stderr
2026-02-18T21:30:29.992+0000 7fc29bafd640 1 -- start start
2026-02-18T21:30:30.103 INFO:teuthology.orchestra.run.trial041.stdout:/usr/bin/ceph: stderr
2026-02-18T21:30:29.992+0000 7fc29bafd640 1 --2- >> [v2:10.20.193.41:3300/0,v1:10.20.193.41:6789/0] conn(0x7fc29410a390 0x7fc2941a02e0 unknown :-1 s=NONE pgs=0 cs=0 l=1 rev1=0 crypto rx=0 tx=0 comp rx=0 tx=0).connect
2026-02-18T21:30:30.103 INFO:teuthology.orchestra.run.trial041.stdout:/usr/bin/ceph: stderr
2026-02-18T21:30:29.992+0000 7fc29bafd640 1 -- --> [v2:10.20.193.41:3300/0,v1:10.20.193.41:6789/0] -- mon_getmap magic: 0 -- 0x7fc29410e7c0 con 0x7fc29410a390
2026-02-18T21:30:30.103 INFO:teuthology.orchestra.run.trial041.stdout:/usr/bin/ceph: stderr
2026-02-18T21:30:29.992+0000 7fc299872640 1 --2- >> [v2:10.20.193.41:3300/0,v1:10.20.193.41:6789/0] conn(0x7fc29410a390 0x7fc2941a02e0 unknown :-1 s=BANNER_CONNECTING pgs=0 cs=0 l=1 rev1=0 crypto rx=0 tx=0 comp rx=0 tx=0)._handle_peer_banner_payload supported=3 required=0
2026-02-18T21:30:30.103 INFO:teuthology.orchestra.run.trial041.stdout:/usr/bin/ceph: stderr
2026-02-18T21:30:29.992+0000 7fc299872640 1 --2- >> [v2:10.20.193.41:3300/0,v1:10.20.193.41:6789/0] conn(0x7fc29410a390 0x7fc2941a02e0 unknown :-1 s=HELLO_CONNECTING pgs=0 cs=0 l=1 rev1=1 crypto rx=0 tx=0 comp rx=0 tx=0).handle_hello peer v2:10.20.193.41:3300/0 says I am v2:10.20.193.41:35880/0 (socket says 10.20.193.41:35880)
2026-02-18T21:30:30.103 INFO:teuthology.orchestra.run.trial041.stdout:/usr/bin/ceph: stderr
2026-02-18T21:30:29.992+0000 7fc299872640 1 -- 10.20.193.41:0/4042705118 learned_addr learned my addr 10.20.193.41:0/4042705118 (peer_addr_for_me v2:10.20.193.41:0/0)
2026-02-18T21:30:30.103 INFO:teuthology.orchestra.run.trial041.stdout:/usr/bin/ceph: stderr
2026-02-18T21:30:29.992+0000 7fc299872640 1 -- 10.20.193.41:0/4042705118 --> [v2:10.20.193.41:3300/0,v1:10.20.193.41:6789/0] -- mon_subscribe({config=0+,monmap=0+}) -- 0x7fc2941a0820 con 0x7fc29410a390
2026-02-18T21:30:30.103 INFO:teuthology.orchestra.run.trial041.stdout:/usr/bin/ceph: stderr
2026-02-18T21:30:29.992+0000 7fc299872640 1 --2- 10.20.193.41:0/4042705118 >> [v2:10.20.193.41:3300/0,v1:10.20.193.41:6789/0] conn(0x7fc29410a390 0x7fc2941a02e0 secure :-1 s=READY pgs=42 cs=0 l=1 rev1=1 crypto rx=0x7fc284006fd0 tx=0x7fc284036940 comp rx=0 tx=0).ready entity=mon.0 client_cookie=0 server_cookie=0 in_seq=0 out_seq=0
2026-02-18T21:30:30.103 INFO:teuthology.orchestra.run.trial041.stdout:/usr/bin/ceph: stderr
2026-02-18T21:30:29.993+0000 7fc282ffd640 1 -- 10.20.193.41:0/4042705118 <== mon.0 v2:10.20.193.41:3300/0 1 ==== mon_map magic: 0 ==== 205+0+0 (secure 0 0 0) 0x7fc284045070 con 0x7fc29410a390
2026-02-18T21:30:30.103 INFO:teuthology.orchestra.run.trial041.stdout:/usr/bin/ceph: stderr
2026-02-18T21:30:29.993+0000 7fc282ffd640 1 -- 10.20.193.41:0/4042705118 <== mon.0 v2:10.20.193.41:3300/0 2 ==== config(26 keys) ==== 1045+0+0 (secure 0 0 0) 0x7fc284040450 con 0x7fc29410a390
2026-02-18T21:30:30.103 INFO:teuthology.orchestra.run.trial041.stdout:/usr/bin/ceph: stderr
2026-02-18T21:30:29.993+0000 7fc29bafd640 1 -- 10.20.193.41:0/4042705118 --> [v2:10.20.193.41:3300/0,v1:10.20.193.41:6789/0] -- mon_subscribe({mgrmap=0+}) -- 0x7fc2941a0ab0 con 0x7fc29410a390
2026-02-18T21:30:30.103 INFO:teuthology.orchestra.run.trial041.stdout:/usr/bin/ceph: stderr
2026-02-18T21:30:29.993+0000 7fc282ffd640 1 -- 10.20.193.41:0/4042705118 <== mon.0 v2:10.20.193.41:3300/0 3 ==== mon_map magic: 0 ==== 205+0+0 (secure 0 0 0) 0x7fc28403c070 con 0x7fc29410a390
2026-02-18T21:30:30.103 INFO:teuthology.orchestra.run.trial041.stdout:/usr/bin/ceph: stderr
2026-02-18T21:30:29.993+0000 7fc29bafd640 1 -- 10.20.193.41:0/4042705118 --> [v2:10.20.193.41:3300/0,v1:10.20.193.41:6789/0] -- mon_subscribe({osdmap=0}) -- 0x7fc2941a37a0 con 0x7fc29410a390
2026-02-18T21:30:30.103 INFO:teuthology.orchestra.run.trial041.stdout:/usr/bin/ceph: stderr
2026-02-18T21:30:29.993+0000 7fc29bafd640 1 -- 10.20.193.41:0/4042705118 --> [v2:10.20.193.41:3300/0,v1:10.20.193.41:6789/0] -- mon_command({"prefix": "get_command_descriptions"} v 0) -- 0x7fc29410a810 con 0x7fc29410a390
2026-02-18T21:30:30.103 INFO:teuthology.orchestra.run.trial041.stdout:/usr/bin/ceph: stderr
2026-02-18T21:30:29.993+0000 7fc282ffd640 1 -- 10.20.193.41:0/4042705118 <== mon.0 v2:10.20.193.41:3300/0 4 ==== mgrmap(e 7) ==== 50141+0+0 (secure 0 0 0) 0x7fc284040900 con 0x7fc29410a390
2026-02-18T21:30:30.103 INFO:teuthology.orchestra.run.trial041.stdout:/usr/bin/ceph: stderr
2026-02-18T21:30:29.993+0000 7fc282ffd640 1 --2- 10.20.193.41:0/4042705118 >> [v2:10.20.193.41:6800/4068847752,v1:10.20.193.41:6801/4068847752] conn(0x7fc27003da80 0x7fc27003ff40 unknown :-1 s=NONE pgs=0 cs=0 l=1 rev1=0 crypto rx=0 tx=0 comp rx=0 tx=0).connect
2026-02-18T21:30:30.103 INFO:teuthology.orchestra.run.trial041.stdout:/usr/bin/ceph: stderr
2026-02-18T21:30:29.993+0000 7fc282ffd640 1 -- 10.20.193.41:0/4042705118 <== mon.0 v2:10.20.193.41:3300/0 5 ==== osd_map(2..2 src has 1..2) ==== 940+0+0 (secure 0 0 0) 0x7fc284076510 con 0x7fc29410a390
2026-02-18T21:30:30.103 INFO:teuthology.orchestra.run.trial041.stdout:/usr/bin/ceph: stderr
2026-02-18T21:30:29.994+0000 7fc299071640 1 --2- 10.20.193.41:0/4042705118 >> [v2:10.20.193.41:6800/4068847752,v1:10.20.193.41:6801/4068847752] conn(0x7fc27003da80 0x7fc27003ff40 unknown :-1 s=BANNER_CONNECTING pgs=0 cs=0 l=1 rev1=0 crypto rx=0 tx=0 comp rx=0 tx=0)._handle_peer_banner_payload supported=3 required=0
2026-02-18T21:30:30.103 INFO:teuthology.orchestra.run.trial041.stdout:/usr/bin/ceph: stderr
2026-02-18T21:30:29.994+0000 7fc299071640 1 --2- 10.20.193.41:0/4042705118 >> [v2:10.20.193.41:6800/4068847752,v1:10.20.193.41:6801/4068847752] conn(0x7fc27003da80 0x7fc27003ff40 secure :-1 s=READY pgs=10 cs=0 l=1 rev1=1 crypto rx=0x7fc2880099c0 tx=0x7fc288006eb0 comp rx=0 tx=0).ready entity=mgr.14118 client_cookie=0 server_cookie=0 in_seq=0 out_seq=0
2026-02-18T21:30:30.103 INFO:teuthology.orchestra.run.trial041.stdout:/usr/bin/ceph: stderr
2026-02-18T21:30:29.996+0000 7fc282ffd640 1 -- 10.20.193.41:0/4042705118 <== mon.0 v2:10.20.193.41:3300/0 6 ==== mon_command_ack([{"prefix": "get_command_descriptions"}]=0 v0) ==== 72+0+195034 (secure 0 0 0) 0x7fc284033200 con 0x7fc29410a390
2026-02-18T21:30:30.103 INFO:teuthology.orchestra.run.trial041.stdout:/usr/bin/ceph: stderr
2026-02-18T21:30:30.080+0000 7fc29bafd640 1 -- 10.20.193.41:0/4042705118 --> [v2:10.20.193.41:6800/4068847752,v1:10.20.193.41:6801/4068847752] -- mgr_command(tid 0: {"prefix": "cephadm get-pub-key", "target": ["mon-mgr", ""]}) -- 0x7fc294108600 con 0x7fc27003da80
2026-02-18T21:30:30.103 INFO:teuthology.orchestra.run.trial041.stdout:/usr/bin/ceph: stderr
2026-02-18T21:30:30.081+0000 7fc282ffd640 1 -- 10.20.193.41:0/4042705118 <== mgr.14118 v2:10.20.193.41:6800/4068847752 1 ==== mgr_command_reply(tid 0: 0 ) ==== 8+0+123 (secure 0 0 0) 0x7fc294108600 con 0x7fc27003da80
2026-02-18T21:30:30.103 INFO:teuthology.orchestra.run.trial041.stdout:/usr/bin/ceph: stderr
2026-02-18T21:30:30.081+0000 7fc29bafd640 1 -- 10.20.193.41:0/4042705118 >> [v2:10.20.193.41:6800/4068847752,v1:10.20.193.41:6801/4068847752] conn(0x7fc27003da80 msgr2=0x7fc27003ff40 secure :-1 s=STATE_CONNECTION_ESTABLISHED l=1).mark_down
2026-02-18T21:30:30.103 INFO:teuthology.orchestra.run.trial041.stdout:/usr/bin/ceph: stderr
2026-02-18T21:30:30.081+0000 7fc29bafd640 1 --2- 10.20.193.41:0/4042705118 >> [v2:10.20.193.41:6800/4068847752,v1:10.20.193.41:6801/4068847752] conn(0x7fc27003da80 0x7fc27003ff40 secure :-1 s=READY pgs=10 cs=0 l=1 rev1=1 crypto rx=0x7fc2880099c0 tx=0x7fc288006eb0 comp rx=0 tx=0).stop
2026-02-18T21:30:30.103 INFO:teuthology.orchestra.run.trial041.stdout:/usr/bin/ceph: stderr
2026-02-18T21:30:30.081+0000 7fc29bafd640 1 -- 10.20.193.41:0/4042705118 >> [v2:10.20.193.41:3300/0,v1:10.20.193.41:6789/0] conn(0x7fc29410a390 msgr2=0x7fc2941a02e0 secure :-1 s=STATE_CONNECTION_ESTABLISHED l=1).mark_down
2026-02-18T21:30:30.103 INFO:teuthology.orchestra.run.trial041.stdout:/usr/bin/ceph: stderr
2026-02-18T21:30:30.081+0000 7fc29bafd640 1 --2- 10.20.193.41:0/4042705118 >> [v2:10.20.193.41:3300/0,v1:10.20.193.41:6789/0] conn(0x7fc29410a390 0x7fc2941a02e0 secure :-1 s=READY pgs=42 cs=0 l=1 rev1=1 crypto rx=0x7fc284006fd0 tx=0x7fc284036940 comp rx=0 tx=0).stop
2026-02-18T21:30:30.103 INFO:teuthology.orchestra.run.trial041.stdout:/usr/bin/ceph: stderr
2026-02-18T21:30:30.081+0000 7fc29bafd640 1 -- 10.20.193.41:0/4042705118 shutdown_connections
2026-02-18T21:30:30.103 INFO:teuthology.orchestra.run.trial041.stdout:/usr/bin/ceph: stderr
2026-02-18T21:30:30.081+0000 7fc29bafd640 1 --2- 10.20.193.41:0/4042705118 >> [v2:10.20.193.41:6800/4068847752,v1:10.20.193.41:6801/4068847752] conn(0x7fc27003da80 0x7fc27003ff40 unknown :-1 s=CLOSED pgs=10 cs=0 l=1 rev1=1 crypto rx=0 tx=0 comp rx=0 tx=0).stop
2026-02-18T21:30:30.103 INFO:teuthology.orchestra.run.trial041.stdout:/usr/bin/ceph: stderr
2026-02-18T21:30:30.081+0000 7fc29bafd640 1 --2- 10.20.193.41:0/4042705118 >> [v2:10.20.193.41:3300/0,v1:10.20.193.41:6789/0] conn(0x7fc29410a390 0x7fc2941a02e0 unknown :-1 s=CLOSED pgs=42 cs=0 l=1 rev1=1 crypto rx=0 tx=0 comp rx=0 tx=0).stop
2026-02-18T21:30:30.103 INFO:teuthology.orchestra.run.trial041.stdout:/usr/bin/ceph: stderr
2026-02-18T21:30:30.081+0000 7fc29bafd640 1 -- 10.20.193.41:0/4042705118 >> 10.20.193.41:0/4042705118 conn(0x7fc29407dba0 msgr2=0x7fc294107ef0 unknown :-1 s=STATE_NONE l=0).mark_down
2026-02-18T21:30:30.104 INFO:teuthology.orchestra.run.trial041.stdout:/usr/bin/ceph: stderr
2026-02-18T21:30:30.081+0000 7fc29bafd640 1 -- 10.20.193.41:0/4042705118 shutdown_connections
2026-02-18T21:30:30.104 INFO:teuthology.orchestra.run.trial041.stdout:/usr/bin/ceph: stderr
2026-02-18T21:30:30.082+0000 7fc29bafd640 1 -- 10.20.193.41:0/4042705118 wait complete.
2026-02-18T21:30:30.104 INFO:teuthology.orchestra.run.trial041.stdout:Wrote public SSH key to /home/ubuntu/cephtest/ceph.pub
2026-02-18T21:30:30.104 INFO:teuthology.orchestra.run.trial041.stdout:Adding key to root@localhost authorized_keys...
2026-02-18T21:30:30.104 INFO:teuthology.orchestra.run.trial041.stdout:Adding host trial041...
2026-02-18T21:30:30.720 INFO:journalctl@ceph.mon.a.trial041.stdout:Feb 18 21:30:30 trial041 ceph-mon[23271]: [18/Feb/2026:21:30:29] ENGINE Bus STARTING
2026-02-18T21:30:30.720 INFO:journalctl@ceph.mon.a.trial041.stdout:Feb 18 21:30:30 trial041 ceph-mon[23271]: [18/Feb/2026:21:30:29] ENGINE Serving on https://10.20.193.41:7150
2026-02-18T21:30:30.721 INFO:journalctl@ceph.mon.a.trial041.stdout:Feb 18 21:30:30 trial041 ceph-mon[23271]: [18/Feb/2026:21:30:29] ENGINE Client ('10.20.193.41', 51370) lost — peer dropped the TLS connection suddenly, during handshake: (6, 'TLS/SSL connection has been closed (EOF) (_ssl.c:1147)')
2026-02-18T21:30:30.721 INFO:journalctl@ceph.mon.a.trial041.stdout:Feb 18 21:30:30 trial041 ceph-mon[23271]: from='client.14122 -' entity='client.admin' cmd=[{"prefix": "get_command_descriptions"}]: dispatch
2026-02-18T21:30:30.721 INFO:journalctl@ceph.mon.a.trial041.stdout:Feb 18 21:30:30 trial041 ceph-mon[23271]: from='client.14122 -' entity='client.admin' cmd=[{"prefix": "mgr_status"}]: dispatch
2026-02-18T21:30:30.721 INFO:journalctl@ceph.mon.a.trial041.stdout:Feb 18 21:30:30 trial041 ceph-mon[23271]: [18/Feb/2026:21:30:29] ENGINE Serving on http://10.20.193.41:8765
2026-02-18T21:30:30.721 INFO:journalctl@ceph.mon.a.trial041.stdout:Feb 18 21:30:30 trial041 ceph-mon[23271]: [18/Feb/2026:21:30:29] ENGINE Bus STARTED
2026-02-18T21:30:30.721 INFO:journalctl@ceph.mon.a.trial041.stdout:Feb 18 21:30:30 trial041 ceph-mon[23271]: from='client.14130 -' entity='client.admin' cmd=[{"prefix": "orch set backend", "module_name": "cephadm", "target": ["mon-mgr", ""]}]: dispatch
2026-02-18T21:30:30.721 INFO:journalctl@ceph.mon.a.trial041.stdout:Feb 18 21:30:30 trial041 ceph-mon[23271]: from='mgr.14118 10.20.193.41:0/4042785127' entity='mgr.x'
2026-02-18T21:30:30.721 INFO:journalctl@ceph.mon.a.trial041.stdout:Feb 18 21:30:30 trial041 ceph-mon[23271]: from='mgr.14118 10.20.193.41:0/4042785127' entity='mgr.x'
2026-02-18T21:30:31.732 INFO:journalctl@ceph.mon.a.trial041.stdout:Feb 18 21:30:31 trial041 ceph-mon[23271]: from='client.14132 -' entity='client.admin' cmd=[{"prefix": "cephadm set-user", "user": "root", "target": ["mon-mgr", ""]}]: dispatch
2026-02-18T21:30:31.732 INFO:journalctl@ceph.mon.a.trial041.stdout:Feb 18 21:30:31 trial041 ceph-mon[23271]: from='client.14134 -' entity='client.admin' cmd=[{"prefix": "cephadm generate-key", "target": ["mon-mgr", ""]}]: dispatch
2026-02-18T21:30:31.733 INFO:journalctl@ceph.mon.a.trial041.stdout:Feb 18 21:30:31 trial041 ceph-mon[23271]: Generating ssh key...
2026-02-18T21:30:31.733 INFO:journalctl@ceph.mon.a.trial041.stdout:Feb 18 21:30:31 trial041 ceph-mon[23271]: from='client.14136 -' entity='client.admin' cmd=[{"prefix": "cephadm get-pub-key", "target": ["mon-mgr", ""]}]: dispatch
2026-02-18T21:30:31.733 INFO:journalctl@ceph.mon.a.trial041.stdout:Feb 18 21:30:31 trial041 ceph-mon[23271]: from='client.14138 -' entity='client.admin' cmd=[{"prefix": "orch host add", "hostname": "trial041", "addr": "10.20.193.41", "target": ["mon-mgr", ""]}]: dispatch
2026-02-18T21:30:31.733 INFO:journalctl@ceph.mon.a.trial041.stdout:Feb 18 21:30:31 trial041 ceph-mon[23271]: mgrmap e8: x(active, since 2s)
2026-02-18T21:30:31.781 INFO:teuthology.orchestra.run.trial041.stdout:/usr/bin/ceph: stdout Added host 'trial041' with addr '10.20.193.41'
2026-02-18T21:30:31.781 INFO:teuthology.orchestra.run.trial041.stdout:/usr/bin/ceph: stderr
2026-02-18T21:30:30.197+0000 7f73b6cf4640 1 Processor -- start
2026-02-18T21:30:31.782 INFO:teuthology.orchestra.run.trial041.stdout:/usr/bin/ceph: stderr
2026-02-18T21:30:30.197+0000 7f73b6cf4640 1 -- start start
2026-02-18T21:30:31.782 INFO:teuthology.orchestra.run.trial041.stdout:/usr/bin/ceph: stderr
2026-02-18T21:30:30.197+0000 7f73b6cf4640 1 --2- >> [v2:10.20.193.41:3300/0,v1:10.20.193.41:6789/0] conn(0x7f73b010a390 0x7f73b010a790 unknown :-1 s=NONE pgs=0 cs=0 l=0 rev1=0 crypto rx=0 tx=0 comp rx=0 tx=0).connect
2026-02-18T21:30:31.782 INFO:teuthology.orchestra.run.trial041.stdout:/usr/bin/ceph: stderr
2026-02-18T21:30:30.197+0000 7f73b6cf4640 1 -- --> [v2:10.20.193.41:3300/0,v1:10.20.193.41:6789/0] -- mon_getmap magic: 0 -- 0x7f73b010ad60 con 0x7f73b010a390
2026-02-18T21:30:31.782 INFO:teuthology.orchestra.run.trial041.stdout:/usr/bin/ceph: stderr
2026-02-18T21:30:30.197+0000 7f73b4a69640 1 --2- >> [v2:10.20.193.41:3300/0,v1:10.20.193.41:6789/0] conn(0x7f73b010a390 0x7f73b010a790 unknown :-1 s=BANNER_CONNECTING pgs=0 cs=0 l=0 rev1=0 crypto rx=0 tx=0 comp rx=0 tx=0)._handle_peer_banner_payload supported=3 required=0
2026-02-18T21:30:31.782 INFO:teuthology.orchestra.run.trial041.stdout:/usr/bin/ceph: stderr
2026-02-18T21:30:30.197+0000 7f73b4a69640 1 --2- >> [v2:10.20.193.41:3300/0,v1:10.20.193.41:6789/0] conn(0x7f73b010a390 0x7f73b010a790 unknown :-1 s=HELLO_CONNECTING pgs=0 cs=0 l=0 rev1=1 crypto rx=0 tx=0 comp rx=0 tx=0).handle_hello peer v2:10.20.193.41:3300/0 says I am v2:10.20.193.41:35884/0 (socket says 10.20.193.41:35884)
2026-02-18T21:30:31.782 INFO:teuthology.orchestra.run.trial041.stdout:/usr/bin/ceph: stderr
2026-02-18T21:30:30.197+0000 7f73b4a69640 1 -- 10.20.193.41:0/358095227 learned_addr learned my addr 10.20.193.41:0/358095227 (peer_addr_for_me v2:10.20.193.41:0/0)
2026-02-18T21:30:31.782 INFO:teuthology.orchestra.run.trial041.stdout:/usr/bin/ceph: stderr
2026-02-18T21:30:30.198+0000 7f73b4a69640 1 -- 10.20.193.41:0/358095227 --> [v2:10.20.193.41:3300/0,v1:10.20.193.41:6789/0] -- mon_subscribe({config=0+,monmap=0+}) -- 0x7f73b010b590 con 0x7f73b010a390
2026-02-18T21:30:31.782 INFO:teuthology.orchestra.run.trial041.stdout:/usr/bin/ceph: stderr
2026-02-18T21:30:30.198+0000 7f73b4a69640 1 --2- 10.20.193.41:0/358095227 >> [v2:10.20.193.41:3300/0,v1:10.20.193.41:6789/0] conn(0x7f73b010a390 0x7f73b010a790 secure :-1 s=READY pgs=43 cs=0 l=1 rev1=1 crypto rx=0x7f73a0009920 tx=0x7f73a002ef20 comp rx=0 tx=0).ready entity=mon.0 client_cookie=be4361237a3250d server_cookie=0 in_seq=0 out_seq=0
2026-02-18T21:30:31.782 INFO:teuthology.orchestra.run.trial041.stdout:/usr/bin/ceph: stderr
2026-02-18T21:30:30.198+0000 7f73a77fe640 1 -- 10.20.193.41:0/358095227 <== mon.0 v2:10.20.193.41:3300/0 1 ==== mon_map magic: 0 ==== 205+0+0 (secure 0 0 0) 0x7f73a003c070 con 0x7f73b010a390
2026-02-18T21:30:31.782 INFO:teuthology.orchestra.run.trial041.stdout:/usr/bin/ceph: stderr
2026-02-18T21:30:30.198+0000 7f73a77fe640 1 -- 10.20.193.41:0/358095227 <== mon.0 v2:10.20.193.41:3300/0 2 ==== config(26 keys) ==== 1045+0+0 (secure 0 0 0) 0x7f73a0037440 con 0x7f73b010a390
2026-02-18T21:30:31.783 INFO:teuthology.orchestra.run.trial041.stdout:/usr/bin/ceph: stderr
2026-02-18T21:30:30.198+0000 7f73a77fe640 1 -- 10.20.193.41:0/358095227 <== mon.0 v2:10.20.193.41:3300/0 3 ==== mon_map magic: 0 ==== 205+0+0 (secure 0 0 0) 0x7f73a00354b0 con 0x7f73b010a390
2026-02-18T21:30:31.783 INFO:teuthology.orchestra.run.trial041.stdout:/usr/bin/ceph: stderr
2026-02-18T21:30:30.199+0000 7f73b6cf4640 1 -- 10.20.193.41:0/358095227 >> [v2:10.20.193.41:3300/0,v1:10.20.193.41:6789/0] conn(0x7f73b010a390 msgr2=0x7f73b010a790 secure :-1 s=STATE_CONNECTION_ESTABLISHED l=1).mark_down
2026-02-18T21:30:31.783 INFO:teuthology.orchestra.run.trial041.stdout:/usr/bin/ceph: stderr
2026-02-18T21:30:30.199+0000 7f73b6cf4640 1 --2- 10.20.193.41:0/358095227 >> [v2:10.20.193.41:3300/0,v1:10.20.193.41:6789/0] conn(0x7f73b010a390 0x7f73b010a790 secure :-1 s=READY pgs=43 cs=0 l=1 rev1=1 crypto rx=0x7f73a0009920 tx=0x7f73a002ef20 comp rx=0 tx=0).stop
2026-02-18T21:30:31.783 INFO:teuthology.orchestra.run.trial041.stdout:/usr/bin/ceph: stderr
2026-02-18T21:30:30.199+0000 7f73b6cf4640 1 -- 10.20.193.41:0/358095227 shutdown_connections
2026-02-18T21:30:31.783 INFO:teuthology.orchestra.run.trial041.stdout:/usr/bin/ceph: stderr
2026-02-18T21:30:30.199+0000 7f73b6cf4640 1 --2- 10.20.193.41:0/358095227 >> [v2:10.20.193.41:3300/0,v1:10.20.193.41:6789/0] conn(0x7f73b010a390 0x7f73b010a790 unknown :-1 s=CLOSED pgs=43 cs=0 l=1 rev1=1 crypto rx=0 tx=0 comp rx=0 tx=0).stop
2026-02-18T21:30:31.783 INFO:teuthology.orchestra.run.trial041.stdout:/usr/bin/ceph: stderr
2026-02-18T21:30:30.199+0000 7f73b6cf4640 1 -- 10.20.193.41:0/358095227 >> 10.20.193.41:0/358095227 conn(0x7f73b007dba0 msgr2=0x7f73b0108670 unknown :-1 s=STATE_NONE l=0).mark_down
2026-02-18T21:30:31.783 INFO:teuthology.orchestra.run.trial041.stdout:/usr/bin/ceph: stderr
2026-02-18T21:30:30.199+0000 7f73b6cf4640 1 -- 10.20.193.41:0/358095227 shutdown_connections
2026-02-18T21:30:31.783 INFO:teuthology.orchestra.run.trial041.stdout:/usr/bin/ceph: stderr
2026-02-18T21:30:30.199+0000 7f73b6cf4640 1 -- 10.20.193.41:0/358095227 wait complete.
2026-02-18T21:30:31.783 INFO:teuthology.orchestra.run.trial041.stdout:/usr/bin/ceph: stderr
2026-02-18T21:30:30.199+0000 7f73b6cf4640 1 Processor -- start
2026-02-18T21:30:31.783 INFO:teuthology.orchestra.run.trial041.stdout:/usr/bin/ceph: stderr
2026-02-18T21:30:30.199+0000 7f73b6cf4640 1 -- start start
2026-02-18T21:30:31.783 INFO:teuthology.orchestra.run.trial041.stdout:/usr/bin/ceph: stderr
2026-02-18T21:30:30.199+0000 7f73b6cf4640 1 --2- >> [v2:10.20.193.41:3300/0,v1:10.20.193.41:6789/0] conn(0x7f73b010a390 0x7f73b01a02e0 unknown :-1 s=NONE pgs=0 cs=0 l=1 rev1=0 crypto rx=0 tx=0 comp rx=0 tx=0).connect
2026-02-18T21:30:31.783 INFO:teuthology.orchestra.run.trial041.stdout:/usr/bin/ceph: stderr
2026-02-18T21:30:30.199+0000 7f73b6cf4640 1 -- --> [v2:10.20.193.41:3300/0,v1:10.20.193.41:6789/0] -- mon_getmap magic: 0 -- 0x7f73b010e7c0 con 0x7f73b010a390
2026-02-18T21:30:31.784 INFO:teuthology.orchestra.run.trial041.stdout:/usr/bin/ceph: stderr
2026-02-18T21:30:30.199+0000 7f73b4a69640 1 --2- >> [v2:10.20.193.41:3300/0,v1:10.20.193.41:6789/0] conn(0x7f73b010a390 0x7f73b01a02e0 unknown :-1 s=BANNER_CONNECTING pgs=0 cs=0 l=1 rev1=0 crypto rx=0 tx=0 comp rx=0 tx=0)._handle_peer_banner_payload supported=3 required=0
2026-02-18T21:30:31.784 INFO:teuthology.orchestra.run.trial041.stdout:/usr/bin/ceph: stderr
2026-02-18T21:30:30.199+0000 7f73b4a69640 1 --2- >> [v2:10.20.193.41:3300/0,v1:10.20.193.41:6789/0] conn(0x7f73b010a390 0x7f73b01a02e0 unknown :-1 s=HELLO_CONNECTING pgs=0 cs=0 l=1 rev1=1 crypto rx=0 tx=0 comp rx=0 tx=0).handle_hello peer v2:10.20.193.41:3300/0 says I am v2:10.20.193.41:35900/0 (socket says 10.20.193.41:35900)
2026-02-18T21:30:31.784 INFO:teuthology.orchestra.run.trial041.stdout:/usr/bin/ceph: stderr
2026-02-18T21:30:30.199+0000 7f73b4a69640 1 -- 10.20.193.41:0/3903664303 learned_addr learned my addr 10.20.193.41:0/3903664303 (peer_addr_for_me v2:10.20.193.41:0/0)
2026-02-18T21:30:31.784 INFO:teuthology.orchestra.run.trial041.stdout:/usr/bin/ceph: stderr
2026-02-18T21:30:30.199+0000 7f73b4a69640 1 -- 10.20.193.41:0/3903664303 --> [v2:10.20.193.41:3300/0,v1:10.20.193.41:6789/0] -- mon_subscribe({config=0+,monmap=0+}) -- 0x7f73b01a0820 con 0x7f73b010a390
2026-02-18T21:30:31.784 INFO:teuthology.orchestra.run.trial041.stdout:/usr/bin/ceph: stderr
2026-02-18T21:30:30.199+0000 7f73b4a69640 1 --2- 10.20.193.41:0/3903664303 >> [v2:10.20.193.41:3300/0,v1:10.20.193.41:6789/0] conn(0x7f73b010a390 0x7f73b01a02e0 secure :-1 s=READY pgs=44 cs=0 l=1 rev1=1 crypto rx=0x7f73a0006fd0 tx=0x7f73a0037bb0 comp rx=0 tx=0).ready entity=mon.0 client_cookie=0 server_cookie=0 in_seq=0 out_seq=0
2026-02-18T21:30:31.784 INFO:teuthology.orchestra.run.trial041.stdout:/usr/bin/ceph: stderr
2026-02-18T21:30:30.200+0000 7f73a5ffb640 1 -- 10.20.193.41:0/3903664303 <== mon.0 v2:10.20.193.41:3300/0 1 ==== mon_map magic: 0 ==== 205+0+0 (secure 0 0 0) 0x7f73a0045070 con 0x7f73b010a390
2026-02-18T21:30:31.784 INFO:teuthology.orchestra.run.trial041.stdout:/usr/bin/ceph: stderr
2026-02-18T21:30:30.200+0000 7f73b6cf4640 1 -- 10.20.193.41:0/3903664303 --> [v2:10.20.193.41:3300/0,v1:10.20.193.41:6789/0] -- mon_subscribe({mgrmap=0+}) -- 0x7f73b01a0ab0 con 0x7f73b010a390
2026-02-18T21:30:31.784 INFO:teuthology.orchestra.run.trial041.stdout:/usr/bin/ceph: stderr
2026-02-18T21:30:30.200+0000 7f73a5ffb640 1 -- 10.20.193.41:0/3903664303 <== mon.0 v2:10.20.193.41:3300/0 2 ==== config(26 keys) ==== 1045+0+0 (secure 0 0 0) 0x7f73a0040450 con 0x7f73b010a390
2026-02-18T21:30:31.784 INFO:teuthology.orchestra.run.trial041.stdout:/usr/bin/ceph: stderr
2026-02-18T21:30:30.200+0000 7f73a5ffb640 1 -- 10.20.193.41:0/3903664303 <== mon.0 v2:10.20.193.41:3300/0 3 ==== mon_map magic: 0 ==== 205+0+0 (secure 0 0 0) 0x7f73a003c070 con 0x7f73b010a390
2026-02-18T21:30:31.784 INFO:teuthology.orchestra.run.trial041.stdout:/usr/bin/ceph: stderr
2026-02-18T21:30:30.200+0000 7f73b6cf4640 1 -- 10.20.193.41:0/3903664303 --> [v2:10.20.193.41:3300/0,v1:10.20.193.41:6789/0] -- mon_subscribe({osdmap=0}) -- 0x7f73b01a37a0 con 0x7f73b010a390
2026-02-18T21:30:31.784 INFO:teuthology.orchestra.run.trial041.stdout:/usr/bin/ceph: stderr
2026-02-18T21:30:30.200+0000 7f73b6cf4640 1 -- 10.20.193.41:0/3903664303 --> [v2:10.20.193.41:3300/0,v1:10.20.193.41:6789/0] -- mon_command({"prefix": "get_command_descriptions"} v 0) -- 0x7f73b010a810 con 0x7f73b010a390
2026-02-18T21:30:31.784 INFO:teuthology.orchestra.run.trial041.stdout:/usr/bin/ceph: stderr
2026-02-18T21:30:30.200+0000 7f73a5ffb640 1 -- 10.20.193.41:0/3903664303 <== mon.0 v2:10.20.193.41:3300/0 4 ==== mgrmap(e 7) ==== 50141+0+0 (secure 0 0 0) 0x7f73a0040900 con 0x7f73b010a390
2026-02-18T21:30:31.785 INFO:teuthology.orchestra.run.trial041.stdout:/usr/bin/ceph: stderr
2026-02-18T21:30:30.200+0000 7f73a5ffb640 1 --2- 10.20.193.41:0/3903664303 >> [v2:10.20.193.41:6800/4068847752,v1:10.20.193.41:6801/4068847752] conn(0x7f738c03dad0 0x7f738c03ff90 unknown :-1 s=NONE pgs=0 cs=0 l=1 rev1=0 crypto rx=0 tx=0 comp rx=0 tx=0).connect
2026-02-18T21:30:31.785 INFO:teuthology.orchestra.run.trial041.stdout:/usr/bin/ceph: stderr
2026-02-18T21:30:30.200+0000 7f73a5ffb640 1 -- 10.20.193.41:0/3903664303 <== mon.0 v2:10.20.193.41:3300/0 5 ==== osd_map(2..2 src has 1..2) ==== 940+0+0 (secure 0 0 0) 0x7f73a0076480 con 0x7f73b010a390
2026-02-18T21:30:31.785 INFO:teuthology.orchestra.run.trial041.stdout:/usr/bin/ceph: stderr
2026-02-18T21:30:30.200+0000 7f73a7fff640 1 --2- 10.20.193.41:0/3903664303 >> [v2:10.20.193.41:6800/4068847752,v1:10.20.193.41:6801/4068847752] conn(0x7f738c03dad0 0x7f738c03ff90 unknown :-1 s=BANNER_CONNECTING pgs=0 cs=0 l=1 rev1=0 crypto rx=0 tx=0 comp rx=0 tx=0)._handle_peer_banner_payload supported=3 required=0
2026-02-18T21:30:31.785 INFO:teuthology.orchestra.run.trial041.stdout:/usr/bin/ceph: stderr
2026-02-18T21:30:30.201+0000 7f73a7fff640 1 --2- 10.20.193.41:0/3903664303 >> [v2:10.20.193.41:6800/4068847752,v1:10.20.193.41:6801/4068847752] conn(0x7f738c03dad0 0x7f738c03ff90 secure :-1 s=READY pgs=11 cs=0 l=1 rev1=1 crypto rx=0x7f73980099c0 tx=0x7f7398006eb0 comp rx=0 tx=0).ready entity=mgr.14118 client_cookie=0 server_cookie=0 in_seq=0 out_seq=0
2026-02-18T21:30:31.785 INFO:teuthology.orchestra.run.trial041.stdout:/usr/bin/ceph: stderr
2026-02-18T21:30:30.203+0000 7f73a5ffb640 1 -- 10.20.193.41:0/3903664303 <== mon.0 v2:10.20.193.41:3300/0 6 ==== mon_command_ack([{"prefix": "get_command_descriptions"}]=0 v0) ==== 72+0+195034 (secure 0 0 0) 0x7f73a00406b0 con 0x7f73b010a390
2026-02-18T21:30:31.785 INFO:teuthology.orchestra.run.trial041.stdout:/usr/bin/ceph: stderr
2026-02-18T21:30:30.287+0000 7f73b6cf4640 1 -- 10.20.193.41:0/3903664303 --> [v2:10.20.193.41:6800/4068847752,v1:10.20.193.41:6801/4068847752] -- mgr_command(tid 0: {"prefix": "orch host add", "hostname": "trial041", "addr": "10.20.193.41", "target": ["mon-mgr", ""]}) -- 0x7f73b0108600 con 0x7f738c03dad0
2026-02-18T21:30:31.785 INFO:teuthology.orchestra.run.trial041.stdout:/usr/bin/ceph: stderr
2026-02-18T21:30:30.853+0000 7f73a5ffb640 1 -- 10.20.193.41:0/3903664303 <== mon.0 v2:10.20.193.41:3300/0 7 ==== mgrmap(e 8) ==== 50247+0+0 (secure 0 0 0) 0x7f73a0035aa0 con 0x7f73b010a390
2026-02-18T21:30:31.785 INFO:teuthology.orchestra.run.trial041.stdout:/usr/bin/ceph: stderr
2026-02-18T21:30:31.731+0000 7f73a5ffb640 1 -- 10.20.193.41:0/3903664303 <== mgr.14118 v2:10.20.193.41:6800/4068847752 1 ==== mgr_command_reply(tid 0: 0 ) ==== 8+0+47 (secure 0 0 0) 0x7f73b0108600 con 0x7f738c03dad0
2026-02-18T21:30:31.785 INFO:teuthology.orchestra.run.trial041.stdout:/usr/bin/ceph: stderr
2026-02-18T21:30:31.734+0000 7f73b6cf4640 1 -- 10.20.193.41:0/3903664303 >> [v2:10.20.193.41:6800/4068847752,v1:10.20.193.41:6801/4068847752] conn(0x7f738c03dad0 msgr2=0x7f738c03ff90 secure :-1 s=STATE_CONNECTION_ESTABLISHED l=1).mark_down
2026-02-18T21:30:31.785 INFO:teuthology.orchestra.run.trial041.stdout:/usr/bin/ceph: stderr
2026-02-18T21:30:31.734+0000 7f73b6cf4640 1 --2- 10.20.193.41:0/3903664303 >> [v2:10.20.193.41:6800/4068847752,v1:10.20.193.41:6801/4068847752] conn(0x7f738c03dad0 0x7f738c03ff90 secure :-1 s=READY pgs=11 cs=0 l=1 rev1=1 crypto rx=0x7f73980099c0 tx=0x7f7398006eb0 comp rx=0 tx=0).stop
2026-02-18T21:30:31.785 INFO:teuthology.orchestra.run.trial041.stdout:/usr/bin/ceph: stderr
2026-02-18T21:30:31.734+0000 7f73b6cf4640 1 -- 10.20.193.41:0/3903664303 >> [v2:10.20.193.41:3300/0,v1:10.20.193.41:6789/0] conn(0x7f73b010a390 msgr2=0x7f73b01a02e0 secure :-1 s=STATE_CONNECTION_ESTABLISHED l=1).mark_down
2026-02-18T21:30:31.785 INFO:teuthology.orchestra.run.trial041.stdout:/usr/bin/ceph: stderr
2026-02-18T21:30:31.734+0000 7f73b6cf4640 1 --2- 10.20.193.41:0/3903664303 >> [v2:10.20.193.41:3300/0,v1:10.20.193.41:6789/0] conn(0x7f73b010a390 0x7f73b01a02e0 secure :-1 s=READY pgs=44 cs=0 l=1 rev1=1 crypto rx=0x7f73a0006fd0 tx=0x7f73a0037bb0 comp rx=0 tx=0).stop
2026-02-18T21:30:31.786 INFO:teuthology.orchestra.run.trial041.stdout:/usr/bin/ceph: stderr
2026-02-18T21:30:31.734+0000 7f73b6cf4640 1 -- 10.20.193.41:0/3903664303 shutdown_connections
2026-02-18T21:30:31.786 INFO:teuthology.orchestra.run.trial041.stdout:/usr/bin/ceph: stderr
2026-02-18T21:30:31.734+0000 7f73b6cf4640 1 --2- 10.20.193.41:0/3903664303 >> [v2:10.20.193.41:6800/4068847752,v1:10.20.193.41:6801/4068847752] conn(0x7f738c03dad0 0x7f738c03ff90 unknown :-1 s=CLOSED pgs=11 cs=0 l=1 rev1=1 crypto rx=0 tx=0 comp rx=0 tx=0).stop
2026-02-18T21:30:31.786 INFO:teuthology.orchestra.run.trial041.stdout:/usr/bin/ceph: stderr
2026-02-18T21:30:31.734+0000 7f73b6cf4640 1 --2- 10.20.193.41:0/3903664303 >> [v2:10.20.193.41:3300/0,v1:10.20.193.41:6789/0] conn(0x7f73b010a390 0x7f73b01a02e0 unknown :-1 s=CLOSED pgs=44 cs=0 l=1 rev1=1 crypto rx=0 tx=0 comp rx=0 tx=0).stop
2026-02-18T21:30:31.786 INFO:teuthology.orchestra.run.trial041.stdout:/usr/bin/ceph: stderr
2026-02-18T21:30:31.734+0000 7f73b6cf4640 1 -- 10.20.193.41:0/3903664303 >> 10.20.193.41:0/3903664303 conn(0x7f73b007dba0 msgr2=0x7f73b0107ef0 unknown :-1 s=STATE_NONE l=0).mark_down
2026-02-18T21:30:31.786 INFO:teuthology.orchestra.run.trial041.stdout:/usr/bin/ceph: stderr
2026-02-18T21:30:31.734+0000 7f73b6cf4640 1 -- 10.20.193.41:0/3903664303 shutdown_connections
2026-02-18T21:30:31.786 INFO:teuthology.orchestra.run.trial041.stdout:/usr/bin/ceph: stderr
2026-02-18T21:30:31.734+0000 7f73b6cf4640 1 -- 10.20.193.41:0/3903664303 wait complete.
2026-02-18T21:30:31.786 INFO:teuthology.orchestra.run.trial041.stdout:Deploying unmanaged mon service...
2026-02-18T21:30:32.012 INFO:teuthology.orchestra.run.trial041.stdout:/usr/bin/ceph: stdout Scheduled mon update...
2026-02-18T21:30:32.013 INFO:teuthology.orchestra.run.trial041.stdout:/usr/bin/ceph: stderr
2026-02-18T21:30:31.888+0000 7f604b27c640 1 Processor -- start
2026-02-18T21:30:32.013 INFO:teuthology.orchestra.run.trial041.stdout:/usr/bin/ceph: stderr
2026-02-18T21:30:31.888+0000 7f604b27c640 1 -- start start
2026-02-18T21:30:32.013 INFO:teuthology.orchestra.run.trial041.stdout:/usr/bin/ceph: stderr
2026-02-18T21:30:31.888+0000 7f604b27c640 1 --2- >> [v2:10.20.193.41:3300/0,v1:10.20.193.41:6789/0] conn(0x7f6044108140 0x7f6044108540 unknown :-1 s=NONE pgs=0 cs=0 l=0 rev1=0 crypto rx=0 tx=0 comp rx=0 tx=0).connect
2026-02-18T21:30:32.013 INFO:teuthology.orchestra.run.trial041.stdout:/usr/bin/ceph: stderr
2026-02-18T21:30:31.888+0000 7f604b27c640 1 -- --> [v2:10.20.193.41:3300/0,v1:10.20.193.41:6789/0] -- mon_getmap magic: 0 -- 0x7f6044108b10 con 0x7f6044108140
2026-02-18T21:30:32.013 INFO:teuthology.orchestra.run.trial041.stdout:/usr/bin/ceph: stderr
2026-02-18T21:30:31.889+0000 7f6048ff1640 1 --2- >> [v2:10.20.193.41:3300/0,v1:10.20.193.41:6789/0] conn(0x7f6044108140 0x7f6044108540 unknown :-1 s=BANNER_CONNECTING pgs=0 cs=0 l=0 rev1=0 crypto rx=0 tx=0 comp rx=0 tx=0)._handle_peer_banner_payload supported=3 required=0
2026-02-18T21:30:32.013 INFO:teuthology.orchestra.run.trial041.stdout:/usr/bin/ceph: stderr
2026-02-18T21:30:31.889+0000 7f6048ff1640 1 --2- >> [v2:10.20.193.41:3300/0,v1:10.20.193.41:6789/0] conn(0x7f6044108140 0x7f6044108540 unknown :-1 s=HELLO_CONNECTING pgs=0 cs=0 l=0 rev1=1 crypto rx=0 tx=0 comp rx=0 tx=0).handle_hello peer v2:10.20.193.41:3300/0 says I am v2:10.20.193.41:35904/0 (socket says 10.20.193.41:35904)
2026-02-18T21:30:32.013 INFO:teuthology.orchestra.run.trial041.stdout:/usr/bin/ceph: stderr
2026-02-18T21:30:31.889+0000 7f6048ff1640 1 -- 10.20.193.41:0/3064894595 learned_addr learned my addr 10.20.193.41:0/3064894595 (peer_addr_for_me v2:10.20.193.41:0/0)
2026-02-18T21:30:32.013 INFO:teuthology.orchestra.run.trial041.stdout:/usr/bin/ceph: stderr
