2026-02-19T11:35:01.386+0000 7fe904473140 -1 mgr[py] Module volumes has missing NOTIFY_TYPES member
2026-02-19T11:35:01.800 INFO:journalctl@ceph.mgr.x.trial013.stdout:Feb 19 11:35:01 trial013 ceph-f6b7d478-0d86-11f1-9ce4-d404e6e7d460-mgr-x[23512]:
2026-02-19T11:35:01.416+0000 7fe904473140 -1 mgr[py] Module zabbix has missing NOTIFY_TYPES member
2026-02-19T11:35:02.300 INFO:journalctl@ceph.mgr.x.trial013.stdout:Feb 19 11:35:01 trial013 ceph-f6b7d478-0d86-11f1-9ce4-d404e6e7d460-mgr-x[23512]:
2026-02-19T11:35:01.820+0000 7fe904473140 -1 mgr[py] Module influx has missing NOTIFY_TYPES member
2026-02-19T11:35:02.301 INFO:journalctl@ceph.mon.a.trial013.stdout:Feb 19 11:35:01 trial013 ceph-mon[23237]: Active manager daemon x restarted
2026-02-19T11:35:02.301 INFO:journalctl@ceph.mon.a.trial013.stdout:Feb 19 11:35:01 trial013 ceph-mon[23237]: Activating manager daemon x
2026-02-19T11:35:02.301 INFO:journalctl@ceph.mon.a.trial013.stdout:Feb 19 11:35:01 trial013 ceph-mon[23237]: osdmap e2: 0 total, 0 up, 0 in
2026-02-19T11:35:02.301 INFO:journalctl@ceph.mon.a.trial013.stdout:Feb 19 11:35:01 trial013 ceph-mon[23237]: mgrmap e6: x(active, starting, since 0.00248579s)
2026-02-19T11:35:02.301 INFO:journalctl@ceph.mon.a.trial013.stdout:Feb 19 11:35:01 trial013 ceph-mon[23237]: from='mgr.14118 10.20.193.13:0/83193226' entity='mgr.x' cmd=[{"prefix": "mon metadata", "id": "a"}]: dispatch
2026-02-19T11:35:02.301 INFO:journalctl@ceph.mon.a.trial013.stdout:Feb 19 11:35:01 trial013 ceph-mon[23237]: from='mgr.14118 10.20.193.13:0/83193226' entity='mgr.x' cmd=[{"prefix": "mgr metadata", "who": "x", "id": "x"}]: dispatch
2026-02-19T11:35:02.301 INFO:journalctl@ceph.mon.a.trial013.stdout:Feb 19 11:35:01 trial013 ceph-mon[23237]: from='mgr.14118 10.20.193.13:0/83193226' entity='mgr.x' cmd=[{"prefix": "mds metadata"}]: dispatch
2026-02-19T11:35:02.302 INFO:journalctl@ceph.mon.a.trial013.stdout:Feb 19 11:35:01 trial013 ceph-mon[23237]: from='mgr.14118 10.20.193.13:0/83193226' entity='mgr.x' cmd=[{"prefix": "osd metadata"}]: dispatch
2026-02-19T11:35:02.302 INFO:journalctl@ceph.mon.a.trial013.stdout:Feb 19 11:35:01 trial013 ceph-mon[23237]: from='mgr.14118 10.20.193.13:0/83193226' entity='mgr.x' cmd=[{"prefix": "mon metadata"}]: dispatch
2026-02-19T11:35:02.302 INFO:journalctl@ceph.mon.a.trial013.stdout:Feb 19 11:35:01 trial013 ceph-mon[23237]: Manager daemon x is now available
2026-02-19T11:35:02.302 INFO:journalctl@ceph.mon.a.trial013.stdout:Feb 19 11:35:01 trial013 ceph-mon[23237]: from='mgr.14118 10.20.193.13:0/83193226' entity='mgr.x'
2026-02-19T11:35:02.302 INFO:journalctl@ceph.mon.a.trial013.stdout:Feb 19 11:35:01 trial013 ceph-mon[23237]: from='mgr.14118 10.20.193.13:0/83193226' entity='mgr.x'
2026-02-19T11:35:02.302 INFO:journalctl@ceph.mon.a.trial013.stdout:Feb 19 11:35:01 trial013 ceph-mon[23237]: from='mgr.14118 10.20.193.13:0/83193226' entity='mgr.x' cmd=[{"prefix": "config dump", "format": "json"}]: dispatch
2026-02-19T11:35:02.302 INFO:journalctl@ceph.mon.a.trial013.stdout:Feb 19 11:35:01 trial013 ceph-mon[23237]: from='mgr.14118 10.20.193.13:0/83193226' entity='mgr.x' cmd=[{"prefix": "config dump", "format": "json"}]: dispatch
2026-02-19T11:35:02.302 INFO:journalctl@ceph.mon.a.trial013.stdout:Feb 19 11:35:01 trial013 ceph-mon[23237]: from='mgr.14118 10.20.193.13:0/83193226' entity='mgr.x' cmd=[{"prefix":"config rm","who":"mgr","name":"mgr/rbd_support/x/mirror_snapshot_schedule"}]: dispatch
2026-02-19T11:35:02.302 INFO:journalctl@ceph.mon.a.trial013.stdout:Feb 19 11:35:01 trial013 ceph-mon[23237]: from='mgr.14118 10.20.193.13:0/83193226' entity='mgr.x' cmd=[{"prefix":"config rm","who":"mgr","name":"mgr/rbd_support/x/trash_purge_schedule"}]: dispatch
2026-02-19T11:35:02.889 INFO:teuthology.orchestra.run.trial013.stdout:/usr/bin/ceph: stdout {
2026-02-19T11:35:02.889 INFO:teuthology.orchestra.run.trial013.stdout:/usr/bin/ceph: stdout "mgrmap_epoch": 7,
2026-02-19T11:35:02.889 INFO:teuthology.orchestra.run.trial013.stdout:/usr/bin/ceph: stdout "initialized": true
2026-02-19T11:35:02.889 INFO:teuthology.orchestra.run.trial013.stdout:/usr/bin/ceph: stdout }
2026-02-19T11:35:02.889 INFO:teuthology.orchestra.run.trial013.stdout:/usr/bin/ceph: stderr
2026-02-19T11:34:59.530+0000 7f7cf2db1640 1 Processor -- start
2026-02-19T11:35:02.889 INFO:teuthology.orchestra.run.trial013.stdout:/usr/bin/ceph: stderr
2026-02-19T11:34:59.530+0000 7f7cf2db1640 1 -- start start
2026-02-19T11:35:02.890 INFO:teuthology.orchestra.run.trial013.stdout:/usr/bin/ceph: stderr
2026-02-19T11:34:59.530+0000 7f7cf2db1640 1 --2- >> [v2:10.20.193.13:3300/0,v1:10.20.193.13:6789/0] conn(0x7f7cec10a2a0 0x7f7cec10a6a0 unknown :-1 s=NONE pgs=0 cs=0 l=0 rev1=0 crypto rx=0 tx=0 comp rx=0 tx=0).connect
2026-02-19T11:35:02.890 INFO:teuthology.orchestra.run.trial013.stdout:/usr/bin/ceph: stderr
2026-02-19T11:34:59.530+0000 7f7cf2db1640 1 -- --> [v2:10.20.193.13:3300/0,v1:10.20.193.13:6789/0] -- mon_getmap magic: 0 -- 0x7f7cec10ac70 con 0x7f7cec10a2a0
2026-02-19T11:35:02.890 INFO:teuthology.orchestra.run.trial013.stdout:/usr/bin/ceph: stderr
2026-02-19T11:34:59.530+0000 7f7cf0b26640 1 --2- >> [v2:10.20.193.13:3300/0,v1:10.20.193.13:6789/0] conn(0x7f7cec10a2a0 0x7f7cec10a6a0 unknown :-1 s=BANNER_CONNECTING pgs=0 cs=0 l=0 rev1=0 crypto rx=0 tx=0 comp rx=0 tx=0)._handle_peer_banner_payload supported=3 required=0
2026-02-19T11:35:02.890 INFO:teuthology.orchestra.run.trial013.stdout:/usr/bin/ceph: stderr
2026-02-19T11:34:59.530+0000 7f7cf0b26640 1 --2- >> [v2:10.20.193.13:3300/0,v1:10.20.193.13:6789/0] conn(0x7f7cec10a2a0 0x7f7cec10a6a0 unknown :-1 s=HELLO_CONNECTING pgs=0 cs=0 l=0 rev1=1 crypto rx=0 tx=0 comp rx=0 tx=0).handle_hello peer v2:10.20.193.13:3300/0 says I am v2:10.20.193.13:35134/0 (socket says 10.20.193.13:35134)
2026-02-19T11:35:02.890 INFO:teuthology.orchestra.run.trial013.stdout:/usr/bin/ceph: stderr
2026-02-19T11:34:59.530+0000 7f7cf0b26640 1 -- 10.20.193.13:0/2839901407 learned_addr learned my addr 10.20.193.13:0/2839901407 (peer_addr_for_me v2:10.20.193.13:0/0)
2026-02-19T11:35:02.890 INFO:teuthology.orchestra.run.trial013.stdout:/usr/bin/ceph: stderr
2026-02-19T11:34:59.530+0000 7f7cf0b26640 1 -- 10.20.193.13:0/2839901407 --> [v2:10.20.193.13:3300/0,v1:10.20.193.13:6789/0] -- mon_subscribe({config=0+,monmap=0+}) -- 0x7f7cec10b450 con 0x7f7cec10a2a0
2026-02-19T11:35:02.890 INFO:teuthology.orchestra.run.trial013.stdout:/usr/bin/ceph: stderr
2026-02-19T11:34:59.531+0000 7f7cf0b26640 1 --2- 10.20.193.13:0/2839901407 >> [v2:10.20.193.13:3300/0,v1:10.20.193.13:6789/0] conn(0x7f7cec10a2a0 0x7f7cec10a6a0 secure :-1 s=READY pgs=26 cs=0 l=1 rev1=1 crypto rx=0x7f7cdc009920 tx=0x7f7cdc02ef20 comp rx=0 tx=0).ready entity=mon.0 client_cookie=966af652b6fa12d4 server_cookie=0 in_seq=0 out_seq=0
2026-02-19T11:35:02.890 INFO:teuthology.orchestra.run.trial013.stdout:/usr/bin/ceph: stderr
2026-02-19T11:34:59.531+0000 7f7ce37fe640 1 -- 10.20.193.13:0/2839901407 <== mon.0 v2:10.20.193.13:3300/0 1 ==== mon_map magic: 0 ==== 205+0+0 (secure 0 0 0) 0x7f7cdc03c070 con 0x7f7cec10a2a0
2026-02-19T11:35:02.890 INFO:teuthology.orchestra.run.trial013.stdout:/usr/bin/ceph: stderr
2026-02-19T11:34:59.531+0000 7f7ce37fe640 1 -- 10.20.193.13:0/2839901407 <== mon.0 v2:10.20.193.13:3300/0 2 ==== config(25 keys) ==== 1007+0+0 (secure 0 0 0) 0x7f7cdc037440 con 0x7f7cec10a2a0
2026-02-19T11:35:02.890 INFO:teuthology.orchestra.run.trial013.stdout:/usr/bin/ceph: stderr
2026-02-19T11:34:59.531+0000 7f7ce37fe640 1 -- 10.20.193.13:0/2839901407 <== mon.0 v2:10.20.193.13:3300/0 3 ==== mon_map magic: 0 ==== 205+0+0 (secure 0 0 0) 0x7f7cdc0354d0 con 0x7f7cec10a2a0
2026-02-19T11:35:02.891 INFO:teuthology.orchestra.run.trial013.stdout:/usr/bin/ceph: stderr
2026-02-19T11:34:59.531+0000 7f7cf2db1640 1 -- 10.20.193.13:0/2839901407 >> [v2:10.20.193.13:3300/0,v1:10.20.193.13:6789/0] conn(0x7f7cec10a2a0 msgr2=0x7f7cec10a6a0 secure :-1 s=STATE_CONNECTION_ESTABLISHED l=1).mark_down
2026-02-19T11:35:02.891 INFO:teuthology.orchestra.run.trial013.stdout:/usr/bin/ceph: stderr
2026-02-19T11:34:59.531+0000 7f7cf2db1640 1 --2- 10.20.193.13:0/2839901407 >> [v2:10.20.193.13:3300/0,v1:10.20.193.13:6789/0] conn(0x7f7cec10a2a0 0x7f7cec10a6a0 secure :-1 s=READY pgs=26 cs=0 l=1 rev1=1 crypto rx=0x7f7cdc009920 tx=0x7f7cdc02ef20 comp rx=0 tx=0).stop
2026-02-19T11:35:02.891 INFO:teuthology.orchestra.run.trial013.stdout:/usr/bin/ceph: stderr
2026-02-19T11:34:59.531+0000 7f7cf2db1640 1 -- 10.20.193.13:0/2839901407 shutdown_connections
2026-02-19T11:35:02.891 INFO:teuthology.orchestra.run.trial013.stdout:/usr/bin/ceph: stderr
2026-02-19T11:34:59.531+0000 7f7cf2db1640 1 --2- 10.20.193.13:0/2839901407 >> [v2:10.20.193.13:3300/0,v1:10.20.193.13:6789/0] conn(0x7f7cec10a2a0 0x7f7cec10a6a0 unknown :-1 s=CLOSED pgs=26 cs=0 l=1 rev1=1 crypto rx=0 tx=0 comp rx=0 tx=0).stop
2026-02-19T11:35:02.891 INFO:teuthology.orchestra.run.trial013.stdout:/usr/bin/ceph: stderr
2026-02-19T11:34:59.531+0000 7f7cf2db1640 1 -- 10.20.193.13:0/2839901407 >> 10.20.193.13:0/2839901407 conn(0x7f7cec07d890 msgr2=0x7f7cec108670 unknown :-1 s=STATE_NONE l=0).mark_down
2026-02-19T11:35:02.891 INFO:teuthology.orchestra.run.trial013.stdout:/usr/bin/ceph: stderr
2026-02-19T11:34:59.531+0000 7f7cf2db1640 1 -- 10.20.193.13:0/2839901407 shutdown_connections
2026-02-19T11:35:02.891 INFO:teuthology.orchestra.run.trial013.stdout:/usr/bin/ceph: stderr
2026-02-19T11:34:59.531+0000 7f7cf2db1640 1 -- 10.20.193.13:0/2839901407 wait complete.
2026-02-19T11:35:02.891 INFO:teuthology.orchestra.run.trial013.stdout:/usr/bin/ceph: stderr
2026-02-19T11:34:59.532+0000 7f7cf2db1640 1 Processor -- start
2026-02-19T11:35:02.891 INFO:teuthology.orchestra.run.trial013.stdout:/usr/bin/ceph: stderr
2026-02-19T11:34:59.532+0000 7f7cf2db1640 1 -- start start
2026-02-19T11:35:02.891 INFO:teuthology.orchestra.run.trial013.stdout:/usr/bin/ceph: stderr
2026-02-19T11:34:59.532+0000 7f7cf2db1640 1 --2- >> [v2:10.20.193.13:3300/0,v1:10.20.193.13:6789/0] conn(0x7f7cec10a2a0 0x7f7cec1a00f0 unknown :-1 s=NONE pgs=0 cs=0 l=1 rev1=0 crypto rx=0 tx=0 comp rx=0 tx=0).connect
2026-02-19T11:35:02.891 INFO:teuthology.orchestra.run.trial013.stdout:/usr/bin/ceph: stderr
2026-02-19T11:34:59.532+0000 7f7cf2db1640 1 -- --> [v2:10.20.193.13:3300/0,v1:10.20.193.13:6789/0] -- mon_getmap magic: 0 -- 0x7f7cec10e680 con 0x7f7cec10a2a0
2026-02-19T11:35:02.891 INFO:teuthology.orchestra.run.trial013.stdout:/usr/bin/ceph: stderr
2026-02-19T11:34:59.532+0000 7f7cf0b26640 1 --2- >> [v2:10.20.193.13:3300/0,v1:10.20.193.13:6789/0] conn(0x7f7cec10a2a0 0x7f7cec1a00f0 unknown :-1 s=BANNER_CONNECTING pgs=0 cs=0 l=1 rev1=0 crypto rx=0 tx=0 comp rx=0 tx=0)._handle_peer_banner_payload supported=3 required=0
2026-02-19T11:35:02.892 INFO:teuthology.orchestra.run.trial013.stdout:/usr/bin/ceph: stderr
2026-02-19T11:34:59.532+0000 7f7cf0b26640 1 --2- >> [v2:10.20.193.13:3300/0,v1:10.20.193.13:6789/0] conn(0x7f7cec10a2a0 0x7f7cec1a00f0 unknown :-1 s=HELLO_CONNECTING pgs=0 cs=0 l=1 rev1=1 crypto rx=0 tx=0 comp rx=0 tx=0).handle_hello peer v2:10.20.193.13:3300/0 says I am v2:10.20.193.13:35148/0 (socket says 10.20.193.13:35148)
2026-02-19T11:35:02.892 INFO:teuthology.orchestra.run.trial013.stdout:/usr/bin/ceph: stderr
2026-02-19T11:34:59.532+0000 7f7cf0b26640 1 -- 10.20.193.13:0/797891588 learned_addr learned my addr 10.20.193.13:0/797891588 (peer_addr_for_me v2:10.20.193.13:0/0)
2026-02-19T11:35:02.892 INFO:teuthology.orchestra.run.trial013.stdout:/usr/bin/ceph: stderr
2026-02-19T11:34:59.532+0000 7f7cf0b26640 1 -- 10.20.193.13:0/797891588 --> [v2:10.20.193.13:3300/0,v1:10.20.193.13:6789/0] -- mon_subscribe({config=0+,monmap=0+}) -- 0x7f7cec1a0630 con 0x7f7cec10a2a0
2026-02-19T11:35:02.892 INFO:teuthology.orchestra.run.trial013.stdout:/usr/bin/ceph: stderr
2026-02-19T11:34:59.532+0000 7f7cf0b26640 1 --2- 10.20.193.13:0/797891588 >> [v2:10.20.193.13:3300/0,v1:10.20.193.13:6789/0] conn(0x7f7cec10a2a0 0x7f7cec1a00f0 secure :-1 s=READY pgs=27 cs=0 l=1 rev1=1 crypto rx=0x7f7cdc035e10 tx=0x7f7cdc035e40 comp rx=0 tx=0).ready entity=mon.0 client_cookie=0 server_cookie=0 in_seq=0 out_seq=0
2026-02-19T11:35:02.892 INFO:teuthology.orchestra.run.trial013.stdout:/usr/bin/ceph: stderr
2026-02-19T11:34:59.532+0000 7f7ce1ffb640 1 -- 10.20.193.13:0/797891588 <== mon.0 v2:10.20.193.13:3300/0 1 ==== mon_map magic: 0 ==== 205+0+0 (secure 0 0 0) 0x7f7cdc045070 con 0x7f7cec10a2a0
2026-02-19T11:35:02.892 INFO:teuthology.orchestra.run.trial013.stdout:/usr/bin/ceph: stderr
2026-02-19T11:34:59.532+0000 7f7ce1ffb640 1 -- 10.20.193.13:0/797891588 <== mon.0 v2:10.20.193.13:3300/0 2 ==== config(25 keys) ==== 1007+0+0 (secure 0 0 0) 0x7f7cdc040450 con 0x7f7cec10a2a0
2026-02-19T11:35:02.892 INFO:teuthology.orchestra.run.trial013.stdout:/usr/bin/ceph: stderr
2026-02-19T11:34:59.532+0000 7f7cf2db1640 1 -- 10.20.193.13:0/797891588 --> [v2:10.20.193.13:3300/0,v1:10.20.193.13:6789/0] -- mon_subscribe({mgrmap=0+}) -- 0x7f7cec1a08c0 con 0x7f7cec10a2a0
2026-02-19T11:35:02.892 INFO:teuthology.orchestra.run.trial013.stdout:/usr/bin/ceph: stderr
2026-02-19T11:34:59.532+0000 7f7ce1ffb640 1 -- 10.20.193.13:0/797891588 <== mon.0 v2:10.20.193.13:3300/0 3 ==== mon_map magic: 0 ==== 205+0+0 (secure 0 0 0) 0x7f7cdc03c070 con 0x7f7cec10a2a0
2026-02-19T11:35:02.892 INFO:teuthology.orchestra.run.trial013.stdout:/usr/bin/ceph: stderr
2026-02-19T11:34:59.532+0000 7f7cf2db1640 1 -- 10.20.193.13:0/797891588 --> [v2:10.20.193.13:3300/0,v1:10.20.193.13:6789/0] -- mon_subscribe({osdmap=0}) -- 0x7f7cec1a35b0 con 0x7f7cec10a2a0
2026-02-19T11:35:02.892 INFO:teuthology.orchestra.run.trial013.stdout:/usr/bin/ceph: stderr
2026-02-19T11:34:59.533+0000 7f7ce1ffb640 1 -- 10.20.193.13:0/797891588 <== mon.0 v2:10.20.193.13:3300/0 4 ==== mgrmap(e 5) ==== 50247+0+0 (secure 0 0 0) 0x7f7cdc040600 con 0x7f7cec10a2a0
2026-02-19T11:35:02.892 INFO:teuthology.orchestra.run.trial013.stdout:/usr/bin/ceph: stderr
2026-02-19T11:34:59.533+0000 7f7ce1ffb640 1 --2- 10.20.193.13:0/797891588 >> [v2:10.20.193.13:6800/1337244981,v1:10.20.193.13:6801/1337244981] conn(0x7f7cc803dbf0 0x7f7cc80400b0 unknown :-1 s=NONE pgs=0 cs=0 l=1 rev1=0 crypto rx=0 tx=0 comp rx=0 tx=0).connect
2026-02-19T11:35:02.892 INFO:teuthology.orchestra.run.trial013.stdout:/usr/bin/ceph: stderr
2026-02-19T11:34:59.533+0000 7f7ce1ffb640 1 -- 10.20.193.13:0/797891588 --> [v2:10.20.193.13:6800/1337244981,v1:10.20.193.13:6801/1337244981] -- command(tid 0: {"prefix": "get_command_descriptions"}) -- 0x7f7cc80407c0 con 0x7f7cc803dbf0
2026-02-19T11:35:02.893 INFO:teuthology.orchestra.run.trial013.stdout:/usr/bin/ceph: stderr
2026-02-19T11:34:59.533+0000 7f7ce3fff640 1 -- 10.20.193.13:0/797891588 >> [v2:10.20.193.13:6800/1337244981,v1:10.20.193.13:6801/1337244981] conn(0x7f7cc803dbf0 msgr2=0x7f7cc80400b0 unknown :-1 s=STATE_CONNECTING_RE l=1).process reconnect failed to v2:10.20.193.13:6800/1337244981
2026-02-19T11:35:02.893 INFO:teuthology.orchestra.run.trial013.stdout:/usr/bin/ceph: stderr
2026-02-19T11:34:59.533+0000 7f7ce1ffb640 1 -- 10.20.193.13:0/797891588 <== mon.0 v2:10.20.193.13:3300/0 5 ==== osd_map(1..1 src has 1..1) ==== 725+0+0 (secure 0 0 0) 0x7f7cdc076800 con 0x7f7cec10a2a0
2026-02-19T11:35:02.893 INFO:teuthology.orchestra.run.trial013.stdout:/usr/bin/ceph: stderr
2026-02-19T11:34:59.533+0000 7f7ce3fff640 1 --2- 10.20.193.13:0/797891588 >> [v2:10.20.193.13:6800/1337244981,v1:10.20.193.13:6801/1337244981] conn(0x7f7cc803dbf0 0x7f7cc80400b0 unknown :-1 s=START_CONNECT pgs=0 cs=0 l=1 rev1=0 crypto rx=0 tx=0 comp rx=0 tx=0)._fault waiting 0.200000
2026-02-19T11:35:02.893 INFO:teuthology.orchestra.run.trial013.stdout:/usr/bin/ceph: stderr
2026-02-19T11:34:59.734+0000 7f7ce3fff640 1 -- 10.20.193.13:0/797891588 >> [v2:10.20.193.13:6800/1337244981,v1:10.20.193.13:6801/1337244981] conn(0x7f7cc803dbf0 msgr2=0x7f7cc80400b0 unknown :-1 s=STATE_CONNECTING_RE l=1).process reconnect failed to v2:10.20.193.13:6800/1337244981
2026-02-19T11:35:02.893 INFO:teuthology.orchestra.run.trial013.stdout:/usr/bin/ceph: stderr
2026-02-19T11:34:59.734+0000 7f7ce3fff640 1 --2- 10.20.193.13:0/797891588 >> [v2:10.20.193.13:6800/1337244981,v1:10.20.193.13:6801/1337244981] conn(0x7f7cc803dbf0 0x7f7cc80400b0 unknown :-1 s=START_CONNECT pgs=0 cs=0 l=1 rev1=0 crypto rx=0 tx=0 comp rx=0 tx=0)._fault waiting 0.400000
2026-02-19T11:35:02.893 INFO:teuthology.orchestra.run.trial013.stdout:/usr/bin/ceph: stderr
2026-02-19T11:35:00.135+0000 7f7ce3fff640 1 -- 10.20.193.13:0/797891588 >> [v2:10.20.193.13:6800/1337244981,v1:10.20.193.13:6801/1337244981] conn(0x7f7cc803dbf0 msgr2=0x7f7cc80400b0 unknown :-1 s=STATE_CONNECTING_RE l=1).process reconnect failed to v2:10.20.193.13:6800/1337244981
2026-02-19T11:35:02.893 INFO:teuthology.orchestra.run.trial013.stdout:/usr/bin/ceph: stderr
2026-02-19T11:35:00.135+0000 7f7ce3fff640 1 --2- 10.20.193.13:0/797891588 >> [v2:10.20.193.13:6800/1337244981,v1:10.20.193.13:6801/1337244981] conn(0x7f7cc803dbf0 0x7f7cc80400b0 unknown :-1 s=START_CONNECT pgs=0 cs=0 l=1 rev1=0 crypto rx=0 tx=0 comp rx=0 tx=0)._fault waiting 0.800000
2026-02-19T11:35:02.893 INFO:teuthology.orchestra.run.trial013.stdout:/usr/bin/ceph: stderr
2026-02-19T11:35:00.936+0000 7f7ce3fff640 1 -- 10.20.193.13:0/797891588 >> [v2:10.20.193.13:6800/1337244981,v1:10.20.193.13:6801/1337244981] conn(0x7f7cc803dbf0 msgr2=0x7f7cc80400b0 unknown :-1 s=STATE_CONNECTING_RE l=1).process reconnect failed to v2:10.20.193.13:6800/1337244981
2026-02-19T11:35:02.893 INFO:teuthology.orchestra.run.trial013.stdout:/usr/bin/ceph: stderr
2026-02-19T11:35:00.936+0000 7f7ce3fff640 1 --2- 10.20.193.13:0/797891588 >> [v2:10.20.193.13:6800/1337244981,v1:10.20.193.13:6801/1337244981] conn(0x7f7cc803dbf0 0x7f7cc80400b0 unknown :-1 s=START_CONNECT pgs=0 cs=0 l=1 rev1=0 crypto rx=0 tx=0 comp rx=0 tx=0)._fault waiting 1.600000
2026-02-19T11:35:02.893 INFO:teuthology.orchestra.run.trial013.stdout:/usr/bin/ceph: stderr
2026-02-19T11:35:01.823+0000 7f7ce1ffb640 1 -- 10.20.193.13:0/797891588 <== mon.0 v2:10.20.193.13:3300/0 6 ==== mgrmap(e 6) ==== 50014+0+0 (secure 0 0 0) 0x7f7cdc0752c0 con 0x7f7cec10a2a0
2026-02-19T11:35:02.893 INFO:teuthology.orchestra.run.trial013.stdout:/usr/bin/ceph: stderr
2026-02-19T11:35:01.823+0000 7f7ce1ffb640 1 -- 10.20.193.13:0/797891588 >> [v2:10.20.193.13:6800/1337244981,v1:10.20.193.13:6801/1337244981] conn(0x7f7cc803dbf0 msgr2=0x7f7cc80400b0 unknown :-1 s=STATE_CONNECTING l=1).mark_down
2026-02-19T11:35:02.894 INFO:teuthology.orchestra.run.trial013.stdout:/usr/bin/ceph: stderr
2026-02-19T11:35:01.823+0000 7f7ce1ffb640 1 --2- 10.20.193.13:0/797891588 >> [v2:10.20.193.13:6800/1337244981,v1:10.20.193.13:6801/1337244981] conn(0x7f7cc803dbf0 0x7f7cc80400b0 unknown :-1 s=START_CONNECT pgs=0 cs=0 l=1 rev1=0 crypto rx=0 tx=0 comp rx=0 tx=0).stop
2026-02-19T11:35:02.894 INFO:teuthology.orchestra.run.trial013.stdout:/usr/bin/ceph: stderr
2026-02-19T11:35:02.824+0000 7f7ce1ffb640 1 -- 10.20.193.13:0/797891588 <== mon.0 v2:10.20.193.13:3300/0 7 ==== mgrmap(e 7) ==== 50141+0+0 (secure 0 0 0) 0x7f7cdc0759c0 con 0x7f7cec10a2a0
2026-02-19T11:35:02.894 INFO:teuthology.orchestra.run.trial013.stdout:/usr/bin/ceph: stderr
2026-02-19T11:35:02.824+0000 7f7ce1ffb640 1 --2- 10.20.193.13:0/797891588 >> [v2:10.20.193.13:6800/1008537474,v1:10.20.193.13:6801/1008537474] conn(0x7f7cc8041540 0x7f7cc8043930 unknown :-1 s=NONE pgs=0 cs=0 l=1 rev1=0 crypto rx=0 tx=0 comp rx=0 tx=0).connect
2026-02-19T11:35:02.894 INFO:teuthology.orchestra.run.trial013.stdout:/usr/bin/ceph: stderr
2026-02-19T11:35:02.824+0000 7f7ce1ffb640 1 -- 10.20.193.13:0/797891588 --> [v2:10.20.193.13:6800/1008537474,v1:10.20.193.13:6801/1008537474] -- command(tid 0: {"prefix": "get_command_descriptions"}) -- 0x7f7cc80407c0 con 0x7f7cc8041540
2026-02-19T11:35:02.894 INFO:teuthology.orchestra.run.trial013.stdout:/usr/bin/ceph: stderr
2026-02-19T11:35:02.824+0000 7f7ce3fff640 1 --2- 10.20.193.13:0/797891588 >> [v2:10.20.193.13:6800/1008537474,v1:10.20.193.13:6801/1008537474] conn(0x7f7cc8041540 0x7f7cc8043930 unknown :-1 s=BANNER_CONNECTING pgs=0 cs=0 l=1 rev1=0 crypto rx=0 tx=0 comp rx=0 tx=0)._handle_peer_banner_payload supported=3 required=0
2026-02-19T11:35:02.894 INFO:teuthology.orchestra.run.trial013.stdout:/usr/bin/ceph: stderr
2026-02-19T11:35:02.824+0000 7f7ce3fff640 1 --2- 10.20.193.13:0/797891588 >> [v2:10.20.193.13:6800/1008537474,v1:10.20.193.13:6801/1008537474] conn(0x7f7cc8041540 0x7f7cc8043930 secure :-1 s=READY pgs=1 cs=0 l=1 rev1=1 crypto rx=0x7f7cd4003a80 tx=0x7f7cd40092b0 comp rx=0 tx=0).ready entity=mgr.14118 client_cookie=0 server_cookie=0 in_seq=0 out_seq=0
2026-02-19T11:35:02.894 INFO:teuthology.orchestra.run.trial013.stdout:/usr/bin/ceph: stderr
2026-02-19T11:35:02.825+0000 7f7ce1ffb640 1 -- 10.20.193.13:0/797891588 <== mgr.14118 v2:10.20.193.13:6800/1008537474 1 ==== command_reply(tid 0: 0 ) ==== 8+0+8901 (secure 0 0 0) 0x7f7cc80407c0 con 0x7f7cc8041540
2026-02-19T11:35:02.894 INFO:teuthology.orchestra.run.trial013.stdout:/usr/bin/ceph: stderr
2026-02-19T11:35:02.828+0000 7f7cf2db1640 1 -- 10.20.193.13:0/797891588 --> [v2:10.20.193.13:6800/1008537474,v1:10.20.193.13:6801/1008537474] -- command(tid 1: {"prefix": "mgr_status"}) -- 0x7f7cec10a720 con 0x7f7cc8041540
2026-02-19T11:35:02.894 INFO:teuthology.orchestra.run.trial013.stdout:/usr/bin/ceph: stderr
2026-02-19T11:35:02.828+0000 7f7ce1ffb640 1 -- 10.20.193.13:0/797891588 <== mgr.14118 v2:10.20.193.13:6800/1008537474 2 ==== command_reply(tid 1: 0 ) ==== 8+0+51 (secure 0 0 0) 0x7f7cec10a720 con 0x7f7cc8041540
2026-02-19T11:35:02.894 INFO:teuthology.orchestra.run.trial013.stdout:/usr/bin/ceph: stderr
2026-02-19T11:35:02.829+0000 7f7cf2db1640 1 -- 10.20.193.13:0/797891588 >> [v2:10.20.193.13:6800/1008537474,v1:10.20.193.13:6801/1008537474] conn(0x7f7cc8041540 msgr2=0x7f7cc8043930 secure :-1 s=STATE_CONNECTION_ESTABLISHED l=1).mark_down
2026-02-19T11:35:02.894 INFO:teuthology.orchestra.run.trial013.stdout:/usr/bin/ceph: stderr
2026-02-19T11:35:02.829+0000 7f7cf2db1640 1 --2- 10.20.193.13:0/797891588 >> [v2:10.20.193.13:6800/1008537474,v1:10.20.193.13:6801/1008537474] conn(0x7f7cc8041540 0x7f7cc8043930 secure :-1 s=READY pgs=1 cs=0 l=1 rev1=1 crypto rx=0x7f7cd4003a80 tx=0x7f7cd40092b0 comp rx=0 tx=0).stop
2026-02-19T11:35:02.894 INFO:teuthology.orchestra.run.trial013.stdout:/usr/bin/ceph: stderr
2026-02-19T11:35:02.829+0000 7f7cf2db1640 1 -- 10.20.193.13:0/797891588 >> [v2:10.20.193.13:3300/0,v1:10.20.193.13:6789/0] conn(0x7f7cec10a2a0 msgr2=0x7f7cec1a00f0 secure :-1 s=STATE_CONNECTION_ESTABLISHED l=1).mark_down
2026-02-19T11:35:02.895 INFO:teuthology.orchestra.run.trial013.stdout:/usr/bin/ceph: stderr
2026-02-19T11:35:02.829+0000 7f7cf2db1640 1 --2- 10.20.193.13:0/797891588 >> [v2:10.20.193.13:3300/0,v1:10.20.193.13:6789/0] conn(0x7f7cec10a2a0 0x7f7cec1a00f0 secure :-1 s=READY pgs=27 cs=0 l=1 rev1=1 crypto rx=0x7f7cdc035e10 tx=0x7f7cdc035e40 comp rx=0 tx=0).stop
2026-02-19T11:35:02.895 INFO:teuthology.orchestra.run.trial013.stdout:/usr/bin/ceph: stderr
2026-02-19T11:35:02.829+0000 7f7cf2db1640 1 -- 10.20.193.13:0/797891588 shutdown_connections
2026-02-19T11:35:02.895 INFO:teuthology.orchestra.run.trial013.stdout:/usr/bin/ceph: stderr
2026-02-19T11:35:02.829+0000 7f7cf2db1640 1 --2- 10.20.193.13:0/797891588 >> [v2:10.20.193.13:6800/1008537474,v1:10.20.193.13:6801/1008537474] conn(0x7f7cc8041540 0x7f7cc8043930 unknown :-1 s=CLOSED pgs=1 cs=0 l=1 rev1=1 crypto rx=0 tx=0 comp rx=0 tx=0).stop
2026-02-19T11:35:02.895 INFO:teuthology.orchestra.run.trial013.stdout:/usr/bin/ceph: stderr
2026-02-19T11:35:02.829+0000 7f7cf2db1640 1 --2- 10.20.193.13:0/797891588 >> [v2:10.20.193.13:6800/1337244981,v1:10.20.193.13:6801/1337244981] conn(0x7f7cc803dbf0 0x7f7cc80400b0 unknown :-1 s=CLOSED pgs=0 cs=0 l=1 rev1=0 crypto rx=0 tx=0 comp rx=0 tx=0).stop
2026-02-19T11:35:02.895 INFO:teuthology.orchestra.run.trial013.stdout:/usr/bin/ceph: stderr
2026-02-19T11:35:02.829+0000 7f7cf2db1640 1 --2- 10.20.193.13:0/797891588 >> [v2:10.20.193.13:3300/0,v1:10.20.193.13:6789/0] conn(0x7f7cec10a2a0 0x7f7cec1a00f0 unknown :-1 s=CLOSED pgs=27 cs=0 l=1 rev1=1 crypto rx=0 tx=0 comp rx=0 tx=0).stop
2026-02-19T11:35:02.895 INFO:teuthology.orchestra.run.trial013.stdout:/usr/bin/ceph: stderr
2026-02-19T11:35:02.829+0000 7f7cf2db1640 1 -- 10.20.193.13:0/797891588 >> 10.20.193.13:0/797891588 conn(0x7f7cec07d890 msgr2=0x7f7cec107e20 unknown :-1 s=STATE_NONE l=0).mark_down
2026-02-19T11:35:02.895 INFO:teuthology.orchestra.run.trial013.stdout:/usr/bin/ceph: stderr
2026-02-19T11:35:02.829+0000 7f7cf2db1640 1 -- 10.20.193.13:0/797891588 shutdown_connections
2026-02-19T11:35:02.895 INFO:teuthology.orchestra.run.trial013.stdout:/usr/bin/ceph: stderr
2026-02-19T11:35:02.829+0000 7f7cf2db1640 1 -- 10.20.193.13:0/797891588 wait complete.
2026-02-19T11:35:02.895 INFO:teuthology.orchestra.run.trial013.stdout:mgr epoch 5 is available
2026-02-19T11:35:02.895 INFO:teuthology.orchestra.run.trial013.stdout:Setting orchestrator backend to cephadm...
2026-02-19T11:35:03.080 INFO:journalctl@ceph.mon.a.trial013.stdout:Feb 19 11:35:02 trial013 ceph-mon[23237]: Found migration_current of "None". Setting to last migration.
2026-02-19T11:35:03.080 INFO:journalctl@ceph.mon.a.trial013.stdout:Feb 19 11:35:02 trial013 ceph-mon[23237]: from='mgr.14118 10.20.193.13:0/83193226' entity='mgr.x'
2026-02-19T11:35:03.080 INFO:journalctl@ceph.mon.a.trial013.stdout:Feb 19 11:35:02 trial013 ceph-mon[23237]: from='mgr.14118 10.20.193.13:0/83193226' entity='mgr.x'
2026-02-19T11:35:03.080 INFO:journalctl@ceph.mon.a.trial013.stdout:Feb 19 11:35:02 trial013 ceph-mon[23237]: mgrmap e7: x(active, since 1.00385s)
2026-02-19T11:35:03.100 INFO:teuthology.orchestra.run.trial013.stdout:/usr/bin/ceph: stderr
2026-02-19T11:35:02.978+0000 7fd1d9f67640 1 Processor -- start
2026-02-19T11:35:03.100 INFO:teuthology.orchestra.run.trial013.stdout:/usr/bin/ceph: stderr
2026-02-19T11:35:02.978+0000 7fd1d9f67640 1 -- start start
2026-02-19T11:35:03.100 INFO:teuthology.orchestra.run.trial013.stdout:/usr/bin/ceph: stderr
2026-02-19T11:35:02.978+0000 7fd1d9f67640 1 --2- >> [v2:10.20.193.13:3300/0,v1:10.20.193.13:6789/0] conn(0x7fd1d4108010 0x7fd1d4108410 unknown :-1 s=NONE pgs=0 cs=0 l=0 rev1=0 crypto rx=0 tx=0 comp rx=0 tx=0).connect
2026-02-19T11:35:03.100 INFO:teuthology.orchestra.run.trial013.stdout:/usr/bin/ceph: stderr
2026-02-19T11:35:02.978+0000 7fd1d9f67640 1 -- --> [v2:10.20.193.13:3300/0,v1:10.20.193.13:6789/0] -- mon_getmap magic: 0 -- 0x7fd1d41089e0 con 0x7fd1d4108010
2026-02-19T11:35:03.100 INFO:teuthology.orchestra.run.trial013.stdout:/usr/bin/ceph: stderr
2026-02-19T11:35:02.978+0000 7fd1d37fe640 1 --2- >> [v2:10.20.193.13:3300/0,v1:10.20.193.13:6789/0] conn(0x7fd1d4108010 0x7fd1d4108410 unknown :-1 s=BANNER_CONNECTING pgs=0 cs=0 l=0 rev1=0 crypto rx=0 tx=0 comp rx=0 tx=0)._handle_peer_banner_payload supported=3 required=0
2026-02-19T11:35:03.100 INFO:teuthology.orchestra.run.trial013.stdout:/usr/bin/ceph: stderr
2026-02-19T11:35:02.978+0000 7fd1d37fe640 1 --2- >> [v2:10.20.193.13:3300/0,v1:10.20.193.13:6789/0] conn(0x7fd1d4108010 0x7fd1d4108410 unknown :-1 s=HELLO_CONNECTING pgs=0 cs=0 l=0 rev1=1 crypto rx=0 tx=0 comp rx=0 tx=0).handle_hello peer v2:10.20.193.13:3300/0 says I am v2:10.20.193.13:35230/0 (socket says 10.20.193.13:35230)
2026-02-19T11:35:03.100 INFO:teuthology.orchestra.run.trial013.stdout:/usr/bin/ceph: stderr
2026-02-19T11:35:02.978+0000 7fd1d37fe640 1 -- 10.20.193.13:0/3996402372 learned_addr learned my addr 10.20.193.13:0/3996402372 (peer_addr_for_me v2:10.20.193.13:0/0)
2026-02-19T11:35:03.100 INFO:teuthology.orchestra.run.trial013.stdout:/usr/bin/ceph: stderr
2026-02-19T11:35:02.978+0000 7fd1d37fe640 1 -- 10.20.193.13:0/3996402372 --> [v2:10.20.193.13:3300/0,v1:10.20.193.13:6789/0] -- mon_subscribe({config=0+,monmap=0+}) -- 0x7fd1d41091c0 con 0x7fd1d4108010
2026-02-19T11:35:03.100 INFO:teuthology.orchestra.run.trial013.stdout:/usr/bin/ceph: stderr
2026-02-19T11:35:02.979+0000 7fd1d37fe640 1 --2- 10.20.193.13:0/3996402372 >> [v2:10.20.193.13:3300/0,v1:10.20.193.13:6789/0] conn(0x7fd1d4108010 0x7fd1d4108410 secure :-1 s=READY pgs=35 cs=0 l=1 rev1=1 crypto rx=0x7fd1c0009920 tx=0x7fd1c002ef20 comp rx=0 tx=0).ready entity=mon.0 client_cookie=b1bb33a2ab8bd7f8 server_cookie=0 in_seq=0 out_seq=0
2026-02-19T11:35:03.100 INFO:teuthology.orchestra.run.trial013.stdout:/usr/bin/ceph: stderr
2026-02-19T11:35:02.979+0000 7fd1d27fc640 1 -- 10.20.193.13:0/3996402372 <== mon.0 v2:10.20.193.13:3300/0 1 ==== mon_map magic: 0 ==== 205+0+0 (secure 0 0 0) 0x7fd1c003c070 con 0x7fd1d4108010
2026-02-19T11:35:03.101 INFO:teuthology.orchestra.run.trial013.stdout:/usr/bin/ceph: stderr
2026-02-19T11:35:02.979+0000 7fd1d27fc640 1 -- 10.20.193.13:0/3996402372 <== mon.0 v2:10.20.193.13:3300/0 2 ==== config(25 keys) ==== 1007+0+0 (secure 0 0 0) 0x7fd1c0037440 con 0x7fd1d4108010
2026-02-19T11:35:03.101 INFO:teuthology.orchestra.run.trial013.stdout:/usr/bin/ceph: stderr
2026-02-19T11:35:02.979+0000 7fd1d27fc640 1 -- 10.20.193.13:0/3996402372 <== mon.0 v2:10.20.193.13:3300/0 3 ==== mon_map magic: 0 ==== 205+0+0 (secure 0 0 0) 0x7fd1c00354d0 con 0x7fd1d4108010
2026-02-19T11:35:03.101 INFO:teuthology.orchestra.run.trial013.stdout:/usr/bin/ceph: stderr
2026-02-19T11:35:02.979+0000 7fd1d9f67640 1 -- 10.20.193.13:0/3996402372 >> [v2:10.20.193.13:3300/0,v1:10.20.193.13:6789/0] conn(0x7fd1d4108010 msgr2=0x7fd1d4108410 secure :-1 s=STATE_CONNECTION_ESTABLISHED l=1).mark_down
2026-02-19T11:35:03.101 INFO:teuthology.orchestra.run.trial013.stdout:/usr/bin/ceph: stderr
2026-02-19T11:35:02.979+0000 7fd1d9f67640 1 --2- 10.20.193.13:0/3996402372 >> [v2:10.20.193.13:3300/0,v1:10.20.193.13:6789/0] conn(0x7fd1d4108010 0x7fd1d4108410 secure :-1 s=READY pgs=35 cs=0 l=1 rev1=1 crypto rx=0x7fd1c0009920 tx=0x7fd1c002ef20 comp rx=0 tx=0).stop
2026-02-19T11:35:03.101 INFO:teuthology.orchestra.run.trial013.stdout:/usr/bin/ceph: stderr
2026-02-19T11:35:02.979+0000 7fd1d9f67640 1 -- 10.20.193.13:0/3996402372 shutdown_connections
2026-02-19T11:35:03.101 INFO:teuthology.orchestra.run.trial013.stdout:/usr/bin/ceph: stderr
2026-02-19T11:35:02.979+0000 7fd1d9f67640 1 --2- 10.20.193.13:0/3996402372 >> [v2:10.20.193.13:3300/0,v1:10.20.193.13:6789/0] conn(0x7fd1d4108010 0x7fd1d4108410 unknown :-1 s=CLOSED pgs=35 cs=0 l=1 rev1=1 crypto rx=0 tx=0 comp rx=0 tx=0).stop
2026-02-19T11:35:03.101 INFO:teuthology.orchestra.run.trial013.stdout:/usr/bin/ceph: stderr
2026-02-19T11:35:02.979+0000 7fd1d9f67640 1 -- 10.20.193.13:0/3996402372 >> 10.20.193.13:0/3996402372 conn(0x7fd1d4103760 msgr2=0x7fd1d4105be0 unknown :-1 s=STATE_NONE l=0).mark_down
2026-02-19T11:35:03.101 INFO:teuthology.orchestra.run.trial013.stdout:/usr/bin/ceph: stderr
2026-02-19T11:35:02.979+0000 7fd1d9f67640 1 -- 10.20.193.13:0/3996402372 shutdown_connections
2026-02-19T11:35:03.101 INFO:teuthology.orchestra.run.trial013.stdout:/usr/bin/ceph: stderr
2026-02-19T11:35:02.979+0000 7fd1d9f67640 1 -- 10.20.193.13:0/3996402372 wait complete.
2026-02-19T11:35:03.101 INFO:teuthology.orchestra.run.trial013.stdout:/usr/bin/ceph: stderr
2026-02-19T11:35:02.980+0000 7fd1d9f67640 1 Processor -- start
2026-02-19T11:35:03.101 INFO:teuthology.orchestra.run.trial013.stdout:/usr/bin/ceph: stderr
2026-02-19T11:35:02.980+0000 7fd1d9f67640 1 -- start start
2026-02-19T11:35:03.101 INFO:teuthology.orchestra.run.trial013.stdout:/usr/bin/ceph: stderr
2026-02-19T11:35:02.980+0000 7fd1d9f67640 1 --2- >> [v2:10.20.193.13:3300/0,v1:10.20.193.13:6789/0] conn(0x7fd1d4108010 0x7fd1d419de60 unknown :-1 s=NONE pgs=0 cs=0 l=1 rev1=0 crypto rx=0 tx=0 comp rx=0 tx=0).connect
2026-02-19T11:35:03.101 INFO:teuthology.orchestra.run.trial013.stdout:/usr/bin/ceph: stderr
2026-02-19T11:35:02.980+0000 7fd1d9f67640 1 -- --> [v2:10.20.193.13:3300/0,v1:10.20.193.13:6789/0] -- mon_getmap magic: 0 -- 0x7fd1d410c3f0 con 0x7fd1d4108010
2026-02-19T11:35:03.101 INFO:teuthology.orchestra.run.trial013.stdout:/usr/bin/ceph: stderr
2026-02-19T11:35:02.980+0000 7fd1d37fe640 1 --2- >> [v2:10.20.193.13:3300/0,v1:10.20.193.13:6789/0] conn(0x7fd1d4108010 0x7fd1d419de60 unknown :-1 s=BANNER_CONNECTING pgs=0 cs=0 l=1 rev1=0 crypto rx=0 tx=0 comp rx=0 tx=0)._handle_peer_banner_payload supported=3 required=0
2026-02-19T11:35:03.101 INFO:teuthology.orchestra.run.trial013.stdout:/usr/bin/ceph: stderr
2026-02-19T11:35:02.980+0000 7fd1d37fe640 1 --2- >> [v2:10.20.193.13:3300/0,v1:10.20.193.13:6789/0] conn(0x7fd1d4108010 0x7fd1d419de60 unknown :-1 s=HELLO_CONNECTING pgs=0 cs=0 l=1 rev1=1 crypto rx=0 tx=0 comp rx=0 tx=0).handle_hello peer v2:10.20.193.13:3300/0 says I am v2:10.20.193.13:35236/0 (socket says 10.20.193.13:35236)
2026-02-19T11:35:03.101 INFO:teuthology.orchestra.run.trial013.stdout:/usr/bin/ceph: stderr
2026-02-19T11:35:02.980+0000 7fd1d37fe640 1 -- 10.20.193.13:0/1297931584 learned_addr learned my addr 10.20.193.13:0/1297931584 (peer_addr_for_me v2:10.20.193.13:0/0)
2026-02-19T11:35:03.101 INFO:teuthology.orchestra.run.trial013.stdout:/usr/bin/ceph: stderr
2026-02-19T11:35:02.980+0000 7fd1d37fe640 1 -- 10.20.193.13:0/1297931584 --> [v2:10.20.193.13:3300/0,v1:10.20.193.13:6789/0] -- mon_subscribe({config=0+,monmap=0+}) -- 0x7fd1d419e3a0 con 0x7fd1d4108010
2026-02-19T11:35:03.101 INFO:teuthology.orchestra.run.trial013.stdout:/usr/bin/ceph: stderr
2026-02-19T11:35:02.980+0000 7fd1d37fe640 1 --2- 10.20.193.13:0/1297931584 >> [v2:10.20.193.13:3300/0,v1:10.20.193.13:6789/0] conn(0x7fd1d4108010 0x7fd1d419de60 secure :-1 s=READY pgs=36 cs=0 l=1 rev1=1 crypto rx=0x7fd1c0035e10 tx=0x7fd1c0035e40 comp rx=0 tx=0).ready entity=mon.0 client_cookie=0 server_cookie=0 in_seq=0 out_seq=0
2026-02-19T11:35:03.101 INFO:teuthology.orchestra.run.trial013.stdout:/usr/bin/ceph: stderr
2026-02-19T11:35:02.980+0000 7fd1d0ff9640 1 -- 10.20.193.13:0/1297931584 <== mon.0 v2:10.20.193.13:3300/0 1 ==== mon_map magic: 0 ==== 205+0+0 (secure 0 0 0) 0x7fd1c0045070 con 0x7fd1d4108010
2026-02-19T11:35:03.101 INFO:teuthology.orchestra.run.trial013.stdout:/usr/bin/ceph: stderr
2026-02-19T11:35:02.980+0000 7fd1d0ff9640 1 -- 10.20.193.13:0/1297931584 <== mon.0 v2:10.20.193.13:3300/0 2 ==== config(25 keys) ==== 1007+0+0 (secure 0 0 0) 0x7fd1c0040450 con 0x7fd1d4108010
2026-02-19T11:35:03.101 INFO:teuthology.orchestra.run.trial013.stdout:/usr/bin/ceph: stderr
2026-02-19T11:35:02.980+0000 7fd1d9f67640 1 -- 10.20.193.13:0/1297931584 --> [v2:10.20.193.13:3300/0,v1:10.20.193.13:6789/0] -- mon_subscribe({mgrmap=0+}) -- 0x7fd1d419e630 con 0x7fd1d4108010
2026-02-19T11:35:03.101 INFO:teuthology.orchestra.run.trial013.stdout:/usr/bin/ceph: stderr
2026-02-19T11:35:02.980+0000 7fd1d0ff9640 1 -- 10.20.193.13:0/1297931584 <== mon.0 v2:10.20.193.13:3300/0 3 ==== mon_map magic: 0 ==== 205+0+0 (secure 0 0 0) 0x7fd1c003c070 con 0x7fd1d4108010
2026-02-19T11:35:03.101 INFO:teuthology.orchestra.run.trial013.stdout:/usr/bin/ceph: stderr
2026-02-19T11:35:02.980+0000 7fd1d9f67640 1 -- 10.20.193.13:0/1297931584 --> [v2:10.20.193.13:3300/0,v1:10.20.193.13:6789/0] -- mon_subscribe({osdmap=0}) -- 0x7fd1d41a1320 con 0x7fd1d4108010
2026-02-19T11:35:03.101 INFO:teuthology.orchestra.run.trial013.stdout:/usr/bin/ceph: stderr
2026-02-19T11:35:02.981+0000 7fd1d9f67640 1 -- 10.20.193.13:0/1297931584 --> [v2:10.20.193.13:3300/0,v1:10.20.193.13:6789/0] -- mon_command({"prefix": "get_command_descriptions"} v 0) -- 0x7fd1d4108490 con 0x7fd1d4108010
2026-02-19T11:35:03.101 INFO:teuthology.orchestra.run.trial013.stdout:/usr/bin/ceph: stderr
2026-02-19T11:35:02.981+0000 7fd1d0ff9640 1 -- 10.20.193.13:0/1297931584 <== mon.0 v2:10.20.193.13:3300/0 4 ==== mgrmap(e 7) ==== 50141+0+0 (secure 0 0 0) 0x7fd1c003e5f0 con 0x7fd1d4108010
2026-02-19T11:35:03.101 INFO:teuthology.orchestra.run.trial013.stdout:/usr/bin/ceph: stderr
2026-02-19T11:35:02.981+0000 7fd1d0ff9640 1 --2- 10.20.193.13:0/1297931584 >> [v2:10.20.193.13:6800/1008537474,v1:10.20.193.13:6801/1008537474] conn(0x7fd1a803dad0 0x7fd1a803ff90 unknown :-1 s=NONE pgs=0 cs=0 l=1 rev1=0 crypto rx=0 tx=0 comp rx=0 tx=0).connect
2026-02-19T11:35:03.101 INFO:teuthology.orchestra.run.trial013.stdout:/usr/bin/ceph: stderr
2026-02-19T11:35:02.981+0000 7fd1d0ff9640 1 -- 10.20.193.13:0/1297931584 <== mon.0 v2:10.20.193.13:3300/0 5 ==== osd_map(2..2 src has 1..2) ==== 940+0+0 (secure 0 0 0) 0x7fd1c0076870 con 0x7fd1d4108010
2026-02-19T11:35:03.101 INFO:teuthology.orchestra.run.trial013.stdout:/usr/bin/ceph: stderr
2026-02-19T11:35:02.981+0000 7fd1d2ffd640 1 --2- 10.20.193.13:0/1297931584 >> [v2:10.20.193.13:6800/1008537474,v1:10.20.193.13:6801/1008537474] conn(0x7fd1a803dad0 0x7fd1a803ff90 unknown :-1 s=BANNER_CONNECTING pgs=0 cs=0 l=1 rev1=0 crypto rx=0 tx=0 comp rx=0 tx=0)._handle_peer_banner_payload supported=3 required=0
2026-02-19T11:35:03.101 INFO:teuthology.orchestra.run.trial013.stdout:/usr/bin/ceph: stderr
2026-02-19T11:35:02.981+0000 7fd1d2ffd640 1 --2- 10.20.193.13:0/1297931584 >> [v2:10.20.193.13:6800/1008537474,v1:10.20.193.13:6801/1008537474] conn(0x7fd1a803dad0 0x7fd1a803ff90 secure :-1 s=READY pgs=7 cs=0 l=1 rev1=1 crypto rx=0x7fd1c40099c0 tx=0x7fd1c4006eb0 comp rx=0 tx=0).ready entity=mgr.14118 client_cookie=0 server_cookie=0 in_seq=0 out_seq=0
2026-02-19T11:35:03.101 INFO:teuthology.orchestra.run.trial013.stdout:/usr/bin/ceph: stderr
2026-02-19T11:35:02.984+0000 7fd1d0ff9640 1 -- 10.20.193.13:0/1297931584 <== mon.0 v2:10.20.193.13:3300/0 6 ==== mon_command_ack([{"prefix": "get_command_descriptions"}]=0 v0) ==== 72+0+195034 (secure 0 0 0) 0x7fd1c003f3b0 con 0x7fd1d4108010
2026-02-19T11:35:03.101 INFO:teuthology.orchestra.run.trial013.stdout:/usr/bin/ceph: stderr
2026-02-19T11:35:03.073+0000 7fd1d9f67640 1 -- 10.20.193.13:0/1297931584 --> [v2:10.20.193.13:6800/1008537474,v1:10.20.193.13:6801/1008537474] -- mgr_command(tid 0: {"prefix": "orch set backend", "module_name": "cephadm", "target": ["mon-mgr", ""]}) -- 0x7fd1d4104a90 con 0x7fd1a803dad0
2026-02-19T11:35:03.101 INFO:teuthology.orchestra.run.trial013.stdout:/usr/bin/ceph: stderr
2026-02-19T11:35:03.076+0000 7fd1d0ff9640 1 -- 10.20.193.13:0/1297931584 <== mgr.14118 v2:10.20.193.13:6800/1008537474 1 ==== mgr_command_reply(tid 0: 0 ) ==== 8+0+0 (secure 0 0 0) 0x7fd1d4104a90 con 0x7fd1a803dad0
2026-02-19T11:35:03.101 INFO:teuthology.orchestra.run.trial013.stdout:/usr/bin/ceph: stderr
2026-02-19T11:35:03.077+0000 7fd1d9f67640 1 -- 10.20.193.13:0/1297931584 >> [v2:10.20.193.13:6800/1008537474,v1:10.20.193.13:6801/1008537474] conn(0x7fd1a803dad0 msgr2=0x7fd1a803ff90 secure :-1 s=STATE_CONNECTION_ESTABLISHED l=1).mark_down
2026-02-19T11:35:03.101 INFO:teuthology.orchestra.run.trial013.stdout:/usr/bin/ceph: stderr
2026-02-19T11:35:03.077+0000 7fd1d9f67640 1 --2- 10.20.193.13:0/1297931584 >> [v2:10.20.193.13:6800/1008537474,v1:10.20.193.13:6801/1008537474] conn(0x7fd1a803dad0 0x7fd1a803ff90 secure :-1 s=READY pgs=7 cs=0 l=1 rev1=1 crypto rx=0x7fd1c40099c0 tx=0x7fd1c4006eb0 comp rx=0 tx=0).stop
2026-02-19T11:35:03.101 INFO:teuthology.orchestra.run.trial013.stdout:/usr/bin/ceph: stderr
2026-02-19T11:35:03.077+0000 7fd1d9f67640 1 -- 10.20.193.13:0/1297931584 >> [v2:10.20.193.13:3300/0,v1:10.20.193.13:6789/0] conn(0x7fd1d4108010 msgr2=0x7fd1d419de60 secure :-1 s=STATE_CONNECTION_ESTABLISHED l=1).mark_down
2026-02-19T11:35:03.101 INFO:teuthology.orchestra.run.trial013.stdout:/usr/bin/ceph: stderr
2026-02-19T11:35:03.077+0000 7fd1d9f67640 1 --2- 10.20.193.13:0/1297931584 >> [v2:10.20.193.13:3300/0,v1:10.20.193.13:6789/0] conn(0x7fd1d4108010 0x7fd1d419de60 secure :-1 s=READY pgs=36 cs=0 l=1 rev1=1 crypto rx=0x7fd1c0035e10 tx=0x7fd1c0035e40 comp rx=0 tx=0).stop
2026-02-19T11:35:03.101 INFO:teuthology.orchestra.run.trial013.stdout:/usr/bin/ceph: stderr
2026-02-19T11:35:03.077+0000 7fd1d9f67640 1 -- 10.20.193.13:0/1297931584 shutdown_connections
2026-02-19T11:35:03.101 INFO:teuthology.orchestra.run.trial013.stdout:/usr/bin/ceph: stderr
2026-02-19T11:35:03.077+0000 7fd1d9f67640 1 --2- 10.20.193.13:0/1297931584 >> [v2:10.20.193.13:6800/1008537474,v1:10.20.193.13:6801/1008537474] conn(0x7fd1a803dad0 0x7fd1a803ff90 unknown :-1 s=CLOSED pgs=7 cs=0 l=1 rev1=1 crypto rx=0 tx=0 comp rx=0 tx=0).stop
2026-02-19T11:35:03.101 INFO:teuthology.orchestra.run.trial013.stdout:/usr/bin/ceph: stderr
2026-02-19T11:35:03.077+0000 7fd1d9f67640 1 --2- 10.20.193.13:0/1297931584 >> [v2:10.20.193.13:3300/0,v1:10.20.193.13:6789/0] conn(0x7fd1d4108010 0x7fd1d419de60 unknown :-1 s=CLOSED pgs=36 cs=0 l=1 rev1=1 crypto rx=0 tx=0 comp rx=0 tx=0).stop
2026-02-19T11:35:03.101 INFO:teuthology.orchestra.run.trial013.stdout:/usr/bin/ceph: stderr
2026-02-19T11:35:03.077+0000 7fd1d9f67640 1 -- 10.20.193.13:0/1297931584 >> 10.20.193.13:0/1297931584 conn(0x7fd1d4103760 msgr2=0x7fd1d4104380 unknown :-1 s=STATE_NONE l=0).mark_down
2026-02-19T11:35:03.101 INFO:teuthology.orchestra.run.trial013.stdout:/usr/bin/ceph: stderr
2026-02-19T11:35:03.077+0000 7fd1d9f67640 1 -- 10.20.193.13:0/1297931584 shutdown_connections
2026-02-19T11:35:03.101 INFO:teuthology.orchestra.run.trial013.stdout:/usr/bin/ceph: stderr
2026-02-19T11:35:03.077+0000 7fd1d9f67640 1 -- 10.20.193.13:0/1297931584 wait complete.
2026-02-19T11:35:03.300 INFO:teuthology.orchestra.run.trial013.stdout:/usr/bin/ceph: stdout value unchanged
2026-02-19T11:35:03.300 INFO:teuthology.orchestra.run.trial013.stdout:/usr/bin/ceph: stderr
2026-02-19T11:35:03.186+0000 7f06c10eb640 1 Processor -- start
2026-02-19T11:35:03.300 INFO:teuthology.orchestra.run.trial013.stdout:/usr/bin/ceph: stderr
2026-02-19T11:35:03.186+0000 7f06c10eb640 1 -- start start
2026-02-19T11:35:03.300 INFO:teuthology.orchestra.run.trial013.stdout:/usr/bin/ceph: stderr
2026-02-19T11:35:03.186+0000 7f06c10eb640 1 --2- >> [v2:10.20.193.13:3300/0,v1:10.20.193.13:6789/0] conn(0x7f06bc10a2a0 0x7f06bc10a6a0 unknown :-1 s=NONE pgs=0 cs=0 l=0 rev1=0 crypto rx=0 tx=0 comp rx=0 tx=0).connect
2026-02-19T11:35:03.300 INFO:teuthology.orchestra.run.trial013.stdout:/usr/bin/ceph: stderr
2026-02-19T11:35:03.186+0000 7f06c10eb640 1 -- --> [v2:10.20.193.13:3300/0,v1:10.20.193.13:6789/0] -- mon_getmap magic: 0 -- 0x7f06bc10ac70 con 0x7f06bc10a2a0
2026-02-19T11:35:03.300 INFO:teuthology.orchestra.run.trial013.stdout:/usr/bin/ceph: stderr
2026-02-19T11:35:03.187+0000 7f06bad76640 1 --2- >> [v2:10.20.193.13:3300/0,v1:10.20.193.13:6789/0] conn(0x7f06bc10a2a0 0x7f06bc10a6a0 unknown :-1 s=BANNER_CONNECTING pgs=0 cs=0 l=0 rev1=0 crypto rx=0 tx=0 comp rx=0 tx=0)._handle_peer_banner_payload supported=3 required=0
2026-02-19T11:35:03.300 INFO:teuthology.orchestra.run.trial013.stdout:/usr/bin/ceph: stderr
2026-02-19T11:35:03.187+0000 7f06bad76640 1 --2- >> [v2:10.20.193.13:3300/0,v1:10.20.193.13:6789/0] conn(0x7f06bc10a2a0 0x7f06bc10a6a0 unknown :-1 s=HELLO_CONNECTING pgs=0 cs=0 l=0 rev1=1 crypto rx=0 tx=0 comp rx=0 tx=0).handle_hello peer v2:10.20.193.13:3300/0 says I am v2:10.20.193.13:35240/0 (socket says 10.20.193.13:35240)
2026-02-19T11:35:03.300 INFO:teuthology.orchestra.run.trial013.stdout:/usr/bin/ceph: stderr
2026-02-19T11:35:03.187+0000 7f06bad76640 1 -- 10.20.193.13:0/3360082960 learned_addr learned my addr 10.20.193.13:0/3360082960 (peer_addr_for_me v2:10.20.193.13:0/0)
2026-02-19T11:35:03.300 INFO:teuthology.orchestra.run.trial013.stdout:/usr/bin/ceph: stderr
2026-02-19T11:35:03.187+0000 7f06bad76640 1 -- 10.20.193.13:0/3360082960 --> [v2:10.20.193.13:3300/0,v1:10.20.193.13:6789/0] -- mon_subscribe({config=0+,monmap=0+}) -- 0x7f06bc10b450 con 0x7f06bc10a2a0
2026-02-19T11:35:03.300 INFO:teuthology.orchestra.run.trial013.stdout:/usr/bin/ceph: stderr
2026-02-19T11:35:03.187+0000 7f06bad76640 1 --2- 10.20.193.13:0/3360082960 >> [v2:10.20.193.13:3300/0,v1:10.20.193.13:6789/0] conn(0x7f06bc10a2a0 0x7f06bc10a6a0 secure :-1 s=READY pgs=37 cs=0 l=1 rev1=1 crypto rx=0x7f06b0009920 tx=0x7f06b002ef20 comp rx=0 tx=0).ready entity=mon.0 client_cookie=6c98a33d7fa95fea server_cookie=0 in_seq=0 out_seq=0
2026-02-19T11:35:03.300 INFO:teuthology.orchestra.run.trial013.stdout:/usr/bin/ceph: stderr
2026-02-19T11:35:03.187+0000 7f06b9d74640 1 -- 10.20.193.13:0/3360082960 <== mon.0 v2:10.20.193.13:3300/0 1 ==== mon_map magic: 0 ==== 205+0+0 (secure 0 0 0) 0x7f06b003c070 con 0x7f06bc10a2a0
2026-02-19T11:35:03.300 INFO:teuthology.orchestra.run.trial013.stdout:/usr/bin/ceph: stderr
2026-02-19T11:35:03.187+0000 7f06b9d74640 1 -- 10.20.193.13:0/3360082960 <== mon.0 v2:10.20.193.13:3300/0 2 ==== config(25 keys) ==== 1007+0+0 (secure 0 0 0) 0x7f06b0037440 con 0x7f06bc10a2a0
2026-02-19T11:35:03.301 INFO:teuthology.orchestra.run.trial013.stdout:/usr/bin/ceph: stderr
2026-02-19T11:35:03.187+0000 7f06b9d74640 1 -- 10.20.193.13:0/3360082960 <== mon.0 v2:10.20.193.13:3300/0 3 ==== mon_map magic: 0 ==== 205+0+0 (secure 0 0 0) 0x7f06b00354d0 con 0x7f06bc10a2a0
2026-02-19T11:35:03.301 INFO:teuthology.orchestra.run.trial013.stdout:/usr/bin/ceph: stderr
2026-02-19T11:35:03.188+0000 7f06c10eb640 1 -- 10.20.193.13:0/3360082960 >> [v2:10.20.193.13:3300/0,v1:10.20.193.13:6789/0] conn(0x7f06bc10a2a0 msgr2=0x7f06bc10a6a0 secure :-1 s=STATE_CONNECTION_ESTABLISHED l=1).mark_down
2026-02-19T11:35:03.301 INFO:teuthology.orchestra.run.trial013.stdout:/usr/bin/ceph: stderr
2026-02-19T11:35:03.188+0000 7f06c10eb640 1 --2- 10.20.193.13:0/3360082960 >> [v2:10.20.193.13:3300/0,v1:10.20.193.13:6789/0] conn(0x7f06bc10a2a0 0x7f06bc10a6a0 secure :-1 s=READY pgs=37 cs=0 l=1 rev1=1 crypto rx=0x7f06b0009920 tx=0x7f06b002ef20 comp rx=0 tx=0).stop
2026-02-19T11:35:03.301 INFO:teuthology.orchestra.run.trial013.stdout:/usr/bin/ceph: stderr
2026-02-19T11:35:03.188+0000 7f06c10eb640 1 -- 10.20.193.13:0/3360082960 shutdown_connections
2026-02-19T11:35:03.301 INFO:teuthology.orchestra.run.trial013.stdout:/usr/bin/ceph: stderr
2026-02-19T11:35:03.188+0000 7f06c10eb640 1 --2- 10.20.193.13:0/3360082960 >> [v2:10.20.193.13:3300/0,v1:10.20.193.13:6789/0] conn(0x7f06bc10a2a0 0x7f06bc10a6a0 unknown :-1 s=CLOSED pgs=37 cs=0 l=1 rev1=1 crypto rx=0 tx=0 comp rx=0 tx=0).stop
2026-02-19T11:35:03.301 INFO:teuthology.orchestra.run.trial013.stdout:/usr/bin/ceph: stderr
2026-02-19T11:35:03.188+0000 7f06c10eb640 1 -- 10.20.193.13:0/3360082960 >> 10.20.193.13:0/3360082960 conn(0x7f06bc07d890 msgr2=0x7f06bc108670 unknown :-1 s=STATE_NONE l=0).mark_down
2026-02-19T11:35:03.301 INFO:teuthology.orchestra.run.trial013.stdout:/usr/bin/ceph: stderr
2026-02-19T11:35:03.188+0000 7f06c10eb640 1 -- 10.20.193.13:0/3360082960 shutdown_connections
2026-02-19T11:35:03.301 INFO:teuthology.orchestra.run.trial013.stdout:/usr/bin/ceph: stderr
2026-02-19T11:35:03.188+0000 7f06c10eb640 1 -- 10.20.193.13:0/3360082960 wait complete.
2026-02-19T11:35:03.301 INFO:teuthology.orchestra.run.trial013.stdout:/usr/bin/ceph: stderr
2026-02-19T11:35:03.188+0000 7f06c10eb640 1 Processor -- start
2026-02-19T11:35:03.301 INFO:teuthology.orchestra.run.trial013.stdout:/usr/bin/ceph: stderr
2026-02-19T11:35:03.188+0000 7f06c10eb640 1 -- start start
2026-02-19T11:35:03.301 INFO:teuthology.orchestra.run.trial013.stdout:/usr/bin/ceph: stderr
2026-02-19T11:35:03.188+0000 7f06c10eb640 1 --2- >> [v2:10.20.193.13:3300/0,v1:10.20.193.13:6789/0] conn(0x7f06bc10a2a0 0x7f06bc1a0100 unknown :-1 s=NONE pgs=0 cs=0 l=1 rev1=0 crypto rx=0 tx=0 comp rx=0 tx=0).connect
2026-02-19T11:35:03.301 INFO:teuthology.orchestra.run.trial013.stdout:/usr/bin/ceph: stderr
2026-02-19T11:35:03.188+0000 7f06c10eb640 1 -- --> [v2:10.20.193.13:3300/0,v1:10.20.193.13:6789/0] -- mon_getmap magic: 0 -- 0x7f06bc10e680 con 0x7f06bc10a2a0
2026-02-19T11:35:03.301 INFO:teuthology.orchestra.run.trial013.stdout:/usr/bin/ceph: stderr
2026-02-19T11:35:03.188+0000 7f06bad76640 1 --2- >> [v2:10.20.193.13:3300/0,v1:10.20.193.13:6789/0] conn(0x7f06bc10a2a0 0x7f06bc1a0100 unknown :-1 s=BANNER_CONNECTING pgs=0 cs=0 l=1 rev1=0 crypto rx=0 tx=0 comp rx=0 tx=0)._handle_peer_banner_payload supported=3 required=0
2026-02-19T11:35:03.301 INFO:teuthology.orchestra.run.trial013.stdout:/usr/bin/ceph: stderr
2026-02-19T11:35:03.188+0000 7f06bad76640 1 --2- >> [v2:10.20.193.13:3300/0,v1:10.20.193.13:6789/0] conn(0x7f06bc10a2a0 0x7f06bc1a0100 unknown :-1 s=HELLO_CONNECTING pgs=0 cs=0 l=1 rev1=1 crypto rx=0 tx=0 comp rx=0 tx=0).handle_hello peer v2:10.20.193.13:3300/0 says I am v2:10.20.193.13:35254/0 (socket says 10.20.193.13:35254)
2026-02-19T11:35:03.301 INFO:teuthology.orchestra.run.trial013.stdout:/usr/bin/ceph: stderr
2026-02-19T11:35:03.188+0000 7f06bad76640 1 -- 10.20.193.13:0/2274634034 learned_addr learned my addr 10.20.193.13:0/2274634034 (peer_addr_for_me v2:10.20.193.13:0/0)
2026-02-19T11:35:03.301 INFO:teuthology.orchestra.run.trial013.stdout:/usr/bin/ceph: stderr
2026-02-19T11:35:03.189+0000 7f06bad76640 1 -- 10.20.193.13:0/2274634034 --> [v2:10.20.193.13:3300/0,v1:10.20.193.13:6789/0] -- mon_subscribe({config=0+,monmap=0+}) -- 0x7f06bc1a0640 con 0x7f06bc10a2a0
2026-02-19T11:35:03.301 INFO:teuthology.orchestra.run.trial013.stdout:/usr/bin/ceph: stderr
2026-02-19T11:35:03.189+0000 7f06bad76640 1 --2- 10.20.193.13:0/2274634034 >> [v2:10.20.193.13:3300/0,v1:10.20.193.13:6789/0] conn(0x7f06bc10a2a0 0x7f06bc1a0100 secure :-1 s=READY pgs=38 cs=0 l=1 rev1=1 crypto rx=0x7f06b0035e10 tx=0x7f06b0035e40 comp rx=0 tx=0).ready entity=mon.0 client_cookie=0 server_cookie=0 in_seq=0 out_seq=0
2026-02-19T11:35:03.301 INFO:teuthology.orchestra.run.trial013.stdout:/usr/bin/ceph: stderr
2026-02-19T11:35:03.189+0000 7f069bfff640 1 -- 10.20.193.13:0/2274634034 <== mon.0 v2:10.20.193.13:3300/0 1 ==== mon_map magic: 0 ==== 205+0+0 (secure 0 0 0) 0x7f06b0045070 con 0x7f06bc10a2a0
2026-02-19T11:35:03.301 INFO:teuthology.orchestra.run.trial013.stdout:/usr/bin/ceph: stderr
2026-02-19T11:35:03.189+0000 7f06c10eb640 1 -- 10.20.193.13:0/2274634034 --> [v2:10.20.193.13:3300/0,v1:10.20.193.13:6789/0] -- mon_subscribe({mgrmap=0+}) -- 0x7f06bc1a08d0 con 0x7f06bc10a2a0
2026-02-19T11:35:03.301 INFO:teuthology.orchestra.run.trial013.stdout:/usr/bin/ceph: stderr
2026-02-19T11:35:03.189+0000 7f069bfff640 1 -- 10.20.193.13:0/2274634034 <== mon.0 v2:10.20.193.13:3300/0 2 ==== config(25 keys) ==== 1007+0+0 (secure 0 0 0) 0x7f06b0040450 con 0x7f06bc10a2a0
2026-02-19T11:35:03.301 INFO:teuthology.orchestra.run.trial013.stdout:/usr/bin/ceph: stderr
