2026-02-19T11:39:14.434 INFO:teuthology.orchestra.run.trial075.stdout:/usr/bin/ceph: stderr
2026-02-19T11:39:14.247+0000 7fdddd7fa640 1 -- 10.20.193.75:0/201396544 <== mon.0 v2:10.20.193.75:3300/0 2 ==== config(26 keys) ==== 1045+0+0 (secure 0 0 0) 0x7fddcc040450 con 0x7fdde0081e30
2026-02-19T11:39:14.434 INFO:teuthology.orchestra.run.trial075.stdout:/usr/bin/ceph: stderr
2026-02-19T11:39:14.247+0000 7fdde57c6640 1 -- 10.20.193.75:0/201396544 --> [v2:10.20.193.75:3300/0,v1:10.20.193.75:6789/0] -- mon_subscribe({mgrmap=0+}) -- 0x7fdde01a4ee0 con 0x7fdde0081e30
2026-02-19T11:39:14.434 INFO:teuthology.orchestra.run.trial075.stdout:/usr/bin/ceph: stderr
2026-02-19T11:39:14.247+0000 7fdddd7fa640 1 -- 10.20.193.75:0/201396544 <== mon.0 v2:10.20.193.75:3300/0 3 ==== mon_map magic: 0 ==== 205+0+0 (secure 0 0 0) 0x7fddcc03c070 con 0x7fdde0081e30
2026-02-19T11:39:14.434 INFO:teuthology.orchestra.run.trial075.stdout:/usr/bin/ceph: stderr
2026-02-19T11:39:14.247+0000 7fdde57c6640 1 -- 10.20.193.75:0/201396544 --> [v2:10.20.193.75:3300/0,v1:10.20.193.75:6789/0] -- mon_subscribe({osdmap=0}) -- 0x7fdde01a7bd0 con 0x7fdde0081e30
2026-02-19T11:39:14.434 INFO:teuthology.orchestra.run.trial075.stdout:/usr/bin/ceph: stderr
2026-02-19T11:39:14.248+0000 7fdde57c6640 1 -- 10.20.193.75:0/201396544 --> [v2:10.20.193.75:3300/0,v1:10.20.193.75:6789/0] -- mon_command({"prefix": "get_command_descriptions"} v 0) -- 0x7fdde00822b0 con 0x7fdde0081e30
2026-02-19T11:39:14.434 INFO:teuthology.orchestra.run.trial075.stdout:/usr/bin/ceph: stderr
2026-02-19T11:39:14.248+0000 7fdddd7fa640 1 -- 10.20.193.75:0/201396544 <== mon.0 v2:10.20.193.75:3300/0 4 ==== mgrmap(e 6) ==== 50141+0+0 (secure 0 0 0) 0x7fddcc040900 con 0x7fdde0081e30
2026-02-19T11:39:14.434 INFO:teuthology.orchestra.run.trial075.stdout:/usr/bin/ceph: stderr
2026-02-19T11:39:14.249+0000 7fdddd7fa640 1 --2- 10.20.193.75:0/201396544 >> [v2:10.20.193.75:6800/3608444831,v1:10.20.193.75:6801/3608444831] conn(0x7fddb403db20 0x7fddb403ffe0 unknown :-1 s=NONE pgs=0 cs=0 l=1 rev1=0 crypto rx=0 tx=0 comp rx=0 tx=0).connect
2026-02-19T11:39:14.434 INFO:teuthology.orchestra.run.trial075.stdout:/usr/bin/ceph: stderr
2026-02-19T11:39:14.249+0000 7fdddd7fa640 1 -- 10.20.193.75:0/201396544 <== mon.0 v2:10.20.193.75:3300/0 5 ==== osd_map(2..2 src has 1..2) ==== 940+0+0 (secure 0 0 0) 0x7fddcc076500 con 0x7fdde0081e30
2026-02-19T11:39:14.434 INFO:teuthology.orchestra.run.trial075.stdout:/usr/bin/ceph: stderr
2026-02-19T11:39:14.249+0000 7fdddf7fe640 1 --2- 10.20.193.75:0/201396544 >> [v2:10.20.193.75:6800/3608444831,v1:10.20.193.75:6801/3608444831] conn(0x7fddb403db20 0x7fddb403ffe0 unknown :-1 s=BANNER_CONNECTING pgs=0 cs=0 l=1 rev1=0 crypto rx=0 tx=0 comp rx=0 tx=0)._handle_peer_banner_payload supported=3 required=0
2026-02-19T11:39:14.434 INFO:teuthology.orchestra.run.trial075.stdout:/usr/bin/ceph: stderr
2026-02-19T11:39:14.250+0000 7fdddf7fe640 1 --2- 10.20.193.75:0/201396544 >> [v2:10.20.193.75:6800/3608444831,v1:10.20.193.75:6801/3608444831] conn(0x7fddb403db20 0x7fddb403ffe0 secure :-1 s=READY pgs=7 cs=0 l=1 rev1=1 crypto rx=0x7fddd00099c0 tx=0x7fddd0006eb0 comp rx=0 tx=0).ready entity=mgr.14118 client_cookie=0 server_cookie=0 in_seq=0 out_seq=0
2026-02-19T11:39:14.434 INFO:teuthology.orchestra.run.trial075.stdout:/usr/bin/ceph: stderr
2026-02-19T11:39:14.252+0000 7fdddd7fa640 1 -- 10.20.193.75:0/201396544 <== mon.0 v2:10.20.193.75:3300/0 6 ==== mon_command_ack([{"prefix": "get_command_descriptions"}]=0 v0) ==== 72+0+195034 (secure 0 0 0) 0x7fddcc0406b0 con 0x7fdde0081e30
2026-02-19T11:39:14.434 INFO:teuthology.orchestra.run.trial075.stdout:/usr/bin/ceph: stderr
2026-02-19T11:39:14.350+0000 7fdde57c6640 1 -- 10.20.193.75:0/201396544 --> [v2:10.20.193.75:6800/3608444831,v1:10.20.193.75:6801/3608444831] -- mgr_command(tid 0: {"prefix": "orch set backend", "module_name": "cephadm", "target": ["mon-mgr", ""]}) -- 0x7fdde007fe60 con 0x7fddb403db20
2026-02-19T11:39:14.434 INFO:teuthology.orchestra.run.trial075.stdout:/usr/bin/ceph: stderr
2026-02-19T11:39:14.354+0000 7fdddd7fa640 1 -- 10.20.193.75:0/201396544 <== mgr.14118 v2:10.20.193.75:6800/3608444831 1 ==== mgr_command_reply(tid 0: 0 ) ==== 8+0+0 (secure 0 0 0) 0x7fdde007fe60 con 0x7fddb403db20
2026-02-19T11:39:14.434 INFO:teuthology.orchestra.run.trial075.stdout:/usr/bin/ceph: stderr
2026-02-19T11:39:14.355+0000 7fdde57c6640 1 -- 10.20.193.75:0/201396544 >> [v2:10.20.193.75:6800/3608444831,v1:10.20.193.75:6801/3608444831] conn(0x7fddb403db20 msgr2=0x7fddb403ffe0 secure :-1 s=STATE_CONNECTION_ESTABLISHED l=1).mark_down
2026-02-19T11:39:14.434 INFO:teuthology.orchestra.run.trial075.stdout:/usr/bin/ceph: stderr
2026-02-19T11:39:14.355+0000 7fdde57c6640 1 --2- 10.20.193.75:0/201396544 >> [v2:10.20.193.75:6800/3608444831,v1:10.20.193.75:6801/3608444831] conn(0x7fddb403db20 0x7fddb403ffe0 secure :-1 s=READY pgs=7 cs=0 l=1 rev1=1 crypto rx=0x7fddd00099c0 tx=0x7fddd0006eb0 comp rx=0 tx=0).stop
2026-02-19T11:39:14.434 INFO:teuthology.orchestra.run.trial075.stdout:/usr/bin/ceph: stderr
2026-02-19T11:39:14.355+0000 7fdde57c6640 1 -- 10.20.193.75:0/201396544 >> [v2:10.20.193.75:3300/0,v1:10.20.193.75:6789/0] conn(0x7fdde0081e30 msgr2=0x7fdde01a4710 secure :-1 s=STATE_CONNECTION_ESTABLISHED l=1).mark_down
2026-02-19T11:39:14.434 INFO:teuthology.orchestra.run.trial075.stdout:/usr/bin/ceph: stderr
2026-02-19T11:39:14.355+0000 7fdde57c6640 1 --2- 10.20.193.75:0/201396544 >> [v2:10.20.193.75:3300/0,v1:10.20.193.75:6789/0] conn(0x7fdde0081e30 0x7fdde01a4710 secure :-1 s=READY pgs=36 cs=0 l=1 rev1=1 crypto rx=0x7fddcc006fd0 tx=0x7fddcc037bb0 comp rx=0 tx=0).stop
2026-02-19T11:39:14.434 INFO:teuthology.orchestra.run.trial075.stdout:/usr/bin/ceph: stderr
2026-02-19T11:39:14.355+0000 7fdde57c6640 1 -- 10.20.193.75:0/201396544 shutdown_connections
2026-02-19T11:39:14.434 INFO:teuthology.orchestra.run.trial075.stdout:/usr/bin/ceph: stderr
2026-02-19T11:39:14.355+0000 7fdde57c6640 1 --2- 10.20.193.75:0/201396544 >> [v2:10.20.193.75:6800/3608444831,v1:10.20.193.75:6801/3608444831] conn(0x7fddb403db20 0x7fddb403ffe0 unknown :-1 s=CLOSED pgs=7 cs=0 l=1 rev1=1 crypto rx=0 tx=0 comp rx=0 tx=0).stop
2026-02-19T11:39:14.434 INFO:teuthology.orchestra.run.trial075.stdout:/usr/bin/ceph: stderr
2026-02-19T11:39:14.355+0000 7fdde57c6640 1 --2- 10.20.193.75:0/201396544 >> [v2:10.20.193.75:3300/0,v1:10.20.193.75:6789/0] conn(0x7fdde0081e30 0x7fdde01a4710 unknown :-1 s=CLOSED pgs=36 cs=0 l=1 rev1=1 crypto rx=0 tx=0 comp rx=0 tx=0).stop
2026-02-19T11:39:14.434 INFO:teuthology.orchestra.run.trial075.stdout:/usr/bin/ceph: stderr
2026-02-19T11:39:14.355+0000 7fdde57c6640 1 -- 10.20.193.75:0/201396544 >> 10.20.193.75:0/201396544 conn(0x7fdde007dac0 msgr2=0x7fdde007f750 unknown :-1 s=STATE_NONE l=0).mark_down
2026-02-19T11:39:14.434 INFO:teuthology.orchestra.run.trial075.stdout:/usr/bin/ceph: stderr
2026-02-19T11:39:14.355+0000 7fdde57c6640 1 -- 10.20.193.75:0/201396544 shutdown_connections
2026-02-19T11:39:14.434 INFO:teuthology.orchestra.run.trial075.stdout:/usr/bin/ceph: stderr
2026-02-19T11:39:14.355+0000 7fdde57c6640 1 -- 10.20.193.75:0/201396544 wait complete.
2026-02-19T11:39:14.508 INFO:journalctl@ceph.mon.a.trial075.stdout:Feb 19 11:39:14 trial075 ceph-mon[20933]: Found migration_current of "None". Setting to last migration.
2026-02-19T11:39:14.508 INFO:journalctl@ceph.mon.a.trial075.stdout:Feb 19 11:39:14 trial075 ceph-mon[20933]: from='mgr.14118 10.20.193.75:0/809005114' entity='mgr.x'
2026-02-19T11:39:14.508 INFO:journalctl@ceph.mon.a.trial075.stdout:Feb 19 11:39:14 trial075 ceph-mon[20933]: from='mgr.14118 10.20.193.75:0/809005114' entity='mgr.x'
2026-02-19T11:39:14.508 INFO:journalctl@ceph.mon.a.trial075.stdout:Feb 19 11:39:14 trial075 ceph-mon[20933]: mgrmap e6: x(active, since 1.00404s)
2026-02-19T11:39:14.508 INFO:journalctl@ceph.mon.a.trial075.stdout:Feb 19 11:39:14 trial075 ceph-mon[20933]: from='mgr.14118 10.20.193.75:0/809005114' entity='mgr.x' cmd=[{"prefix": "config dump", "format": "json"}]: dispatch
2026-02-19T11:39:14.508 INFO:journalctl@ceph.mon.a.trial075.stdout:Feb 19 11:39:14 trial075 ceph-mon[20933]: from='mgr.14118 10.20.193.75:0/809005114' entity='mgr.x'
2026-02-19T11:39:14.769 INFO:teuthology.orchestra.run.trial075.stdout:/usr/bin/ceph: stdout value unchanged
2026-02-19T11:39:14.769 INFO:teuthology.orchestra.run.trial075.stdout:/usr/bin/ceph: stderr
2026-02-19T11:39:14.586+0000 7f785b531640 1 Processor -- start
2026-02-19T11:39:14.769 INFO:teuthology.orchestra.run.trial075.stdout:/usr/bin/ceph: stderr
2026-02-19T11:39:14.586+0000 7f785b531640 1 -- start start
2026-02-19T11:39:14.769 INFO:teuthology.orchestra.run.trial075.stdout:/usr/bin/ceph: stderr
2026-02-19T11:39:14.586+0000 7f785b531640 1 --2- >> [v2:10.20.193.75:3300/0,v1:10.20.193.75:6789/0] conn(0x7f7854073f10 0x7f7854074310 unknown :-1 s=NONE pgs=0 cs=0 l=0 rev1=0 crypto rx=0 tx=0 comp rx=0 tx=0).connect
2026-02-19T11:39:14.769 INFO:teuthology.orchestra.run.trial075.stdout:/usr/bin/ceph: stderr
2026-02-19T11:39:14.586+0000 7f785b531640 1 -- --> [v2:10.20.193.75:3300/0,v1:10.20.193.75:6789/0] -- mon_getmap magic: 0 -- 0x7f7854074850 con 0x7f7854073f10
2026-02-19T11:39:14.769 INFO:teuthology.orchestra.run.trial075.stdout:/usr/bin/ceph: stderr
2026-02-19T11:39:14.587+0000 7f785a52f640 1 --2- >> [v2:10.20.193.75:3300/0,v1:10.20.193.75:6789/0] conn(0x7f7854073f10 0x7f7854074310 unknown :-1 s=BANNER_CONNECTING pgs=0 cs=0 l=0 rev1=0 crypto rx=0 tx=0 comp rx=0 tx=0)._handle_peer_banner_payload supported=3 required=0
2026-02-19T11:39:14.769 INFO:teuthology.orchestra.run.trial075.stdout:/usr/bin/ceph: stderr
2026-02-19T11:39:14.587+0000 7f785a52f640 1 --2- >> [v2:10.20.193.75:3300/0,v1:10.20.193.75:6789/0] conn(0x7f7854073f10 0x7f7854074310 unknown :-1 s=HELLO_CONNECTING pgs=0 cs=0 l=0 rev1=1 crypto rx=0 tx=0 comp rx=0 tx=0).handle_hello peer v2:10.20.193.75:3300/0 says I am v2:10.20.193.75:57176/0 (socket says 10.20.193.75:57176)
2026-02-19T11:39:14.769 INFO:teuthology.orchestra.run.trial075.stdout:/usr/bin/ceph: stderr
2026-02-19T11:39:14.587+0000 7f785a52f640 1 -- 10.20.193.75:0/1433507397 learned_addr learned my addr 10.20.193.75:0/1433507397 (peer_addr_for_me v2:10.20.193.75:0/0)
2026-02-19T11:39:14.769 INFO:teuthology.orchestra.run.trial075.stdout:/usr/bin/ceph: stderr
2026-02-19T11:39:14.587+0000 7f785a52f640 1 -- 10.20.193.75:0/1433507397 --> [v2:10.20.193.75:3300/0,v1:10.20.193.75:6789/0] -- mon_subscribe({config=0+,monmap=0+}) -- 0x7f78540749d0 con 0x7f7854073f10
2026-02-19T11:39:14.769 INFO:teuthology.orchestra.run.trial075.stdout:/usr/bin/ceph: stderr
2026-02-19T11:39:14.588+0000 7f785a52f640 1 --2- 10.20.193.75:0/1433507397 >> [v2:10.20.193.75:3300/0,v1:10.20.193.75:6789/0] conn(0x7f7854073f10 0x7f7854074310 secure :-1 s=READY pgs=37 cs=0 l=1 rev1=1 crypto rx=0x7f7844009920 tx=0x7f784402ef20 comp rx=0 tx=0).ready entity=mon.0 client_cookie=dadbe10447b7c9c9 server_cookie=0 in_seq=0 out_seq=0
2026-02-19T11:39:14.769 INFO:teuthology.orchestra.run.trial075.stdout:/usr/bin/ceph: stderr
2026-02-19T11:39:14.588+0000 7f785952d640 1 -- 10.20.193.75:0/1433507397 <== mon.0 v2:10.20.193.75:3300/0 1 ==== mon_map magic: 0 ==== 205+0+0 (secure 0 0 0) 0x7f784403c070 con 0x7f7854073f10
2026-02-19T11:39:14.769 INFO:teuthology.orchestra.run.trial075.stdout:/usr/bin/ceph: stderr
2026-02-19T11:39:14.588+0000 7f785952d640 1 -- 10.20.193.75:0/1433507397 <== mon.0 v2:10.20.193.75:3300/0 2 ==== config(26 keys) ==== 1045+0+0 (secure 0 0 0) 0x7f7844037440 con 0x7f7854073f10
2026-02-19T11:39:14.769 INFO:teuthology.orchestra.run.trial075.stdout:/usr/bin/ceph: stderr
2026-02-19T11:39:14.588+0000 7f785952d640 1 -- 10.20.193.75:0/1433507397 <== mon.0 v2:10.20.193.75:3300/0 3 ==== mon_map magic: 0 ==== 205+0+0 (secure 0 0 0) 0x7f78440354b0 con 0x7f7854073f10
2026-02-19T11:39:14.769 INFO:teuthology.orchestra.run.trial075.stdout:/usr/bin/ceph: stderr
2026-02-19T11:39:14.588+0000 7f785b531640 1 -- 10.20.193.75:0/1433507397 >> [v2:10.20.193.75:3300/0,v1:10.20.193.75:6789/0] conn(0x7f7854073f10 msgr2=0x7f7854074310 secure :-1 s=STATE_CONNECTION_ESTABLISHED l=1).mark_down
2026-02-19T11:39:14.769 INFO:teuthology.orchestra.run.trial075.stdout:/usr/bin/ceph: stderr
2026-02-19T11:39:14.588+0000 7f785b531640 1 --2- 10.20.193.75:0/1433507397 >> [v2:10.20.193.75:3300/0,v1:10.20.193.75:6789/0] conn(0x7f7854073f10 0x7f7854074310 secure :-1 s=READY pgs=37 cs=0 l=1 rev1=1 crypto rx=0x7f7844009920 tx=0x7f784402ef20 comp rx=0 tx=0).stop
2026-02-19T11:39:14.769 INFO:teuthology.orchestra.run.trial075.stdout:/usr/bin/ceph: stderr
2026-02-19T11:39:14.588+0000 7f785b531640 1 -- 10.20.193.75:0/1433507397 shutdown_connections
2026-02-19T11:39:14.769 INFO:teuthology.orchestra.run.trial075.stdout:/usr/bin/ceph: stderr
2026-02-19T11:39:14.588+0000 7f785b531640 1 --2- 10.20.193.75:0/1433507397 >> [v2:10.20.193.75:3300/0,v1:10.20.193.75:6789/0] conn(0x7f7854073f10 0x7f7854074310 unknown :-1 s=CLOSED pgs=37 cs=0 l=1 rev1=1 crypto rx=0 tx=0 comp rx=0 tx=0).stop
2026-02-19T11:39:14.769 INFO:teuthology.orchestra.run.trial075.stdout:/usr/bin/ceph: stderr
2026-02-19T11:39:14.588+0000 7f785b531640 1 -- 10.20.193.75:0/1433507397 >> 10.20.193.75:0/1433507397 conn(0x7f785406e8a0 msgr2=0x7f7854070d20 unknown :-1 s=STATE_NONE l=0).mark_down
2026-02-19T11:39:14.769 INFO:teuthology.orchestra.run.trial075.stdout:/usr/bin/ceph: stderr
2026-02-19T11:39:14.588+0000 7f785b531640 1 -- 10.20.193.75:0/1433507397 shutdown_connections
2026-02-19T11:39:14.769 INFO:teuthology.orchestra.run.trial075.stdout:/usr/bin/ceph: stderr
2026-02-19T11:39:14.589+0000 7f785b531640 1 -- 10.20.193.75:0/1433507397 wait complete.
2026-02-19T11:39:14.769 INFO:teuthology.orchestra.run.trial075.stdout:/usr/bin/ceph: stderr
2026-02-19T11:39:14.589+0000 7f785b531640 1 Processor -- start
2026-02-19T11:39:14.770 INFO:teuthology.orchestra.run.trial075.stdout:/usr/bin/ceph: stderr
2026-02-19T11:39:14.589+0000 7f785b531640 1 -- start start
2026-02-19T11:39:14.770 INFO:teuthology.orchestra.run.trial075.stdout:/usr/bin/ceph: stderr
2026-02-19T11:39:14.590+0000 7f785b531640 1 --2- >> [v2:10.20.193.75:3300/0,v1:10.20.193.75:6789/0] conn(0x7f7854073f10 0x7f78541ad120 unknown :-1 s=NONE pgs=0 cs=0 l=1 rev1=0 crypto rx=0 tx=0 comp rx=0 tx=0).connect
2026-02-19T11:39:14.770 INFO:teuthology.orchestra.run.trial075.stdout:/usr/bin/ceph: stderr
2026-02-19T11:39:14.590+0000 7f785b531640 1 -- --> [v2:10.20.193.75:3300/0,v1:10.20.193.75:6789/0] -- mon_getmap magic: 0 -- 0x7f7854073340 con 0x7f7854073f10
2026-02-19T11:39:14.770 INFO:teuthology.orchestra.run.trial075.stdout:/usr/bin/ceph: stderr
2026-02-19T11:39:14.590+0000 7f785a52f640 1 --2- >> [v2:10.20.193.75:3300/0,v1:10.20.193.75:6789/0] conn(0x7f7854073f10 0x7f78541ad120 unknown :-1 s=BANNER_CONNECTING pgs=0 cs=0 l=1 rev1=0 crypto rx=0 tx=0 comp rx=0 tx=0)._handle_peer_banner_payload supported=3 required=0
2026-02-19T11:39:14.770 INFO:teuthology.orchestra.run.trial075.stdout:/usr/bin/ceph: stderr
2026-02-19T11:39:14.590+0000 7f785a52f640 1 --2- >> [v2:10.20.193.75:3300/0,v1:10.20.193.75:6789/0] conn(0x7f7854073f10 0x7f78541ad120 unknown :-1 s=HELLO_CONNECTING pgs=0 cs=0 l=1 rev1=1 crypto rx=0 tx=0 comp rx=0 tx=0).handle_hello peer v2:10.20.193.75:3300/0 says I am v2:10.20.193.75:57188/0 (socket says 10.20.193.75:57188)
2026-02-19T11:39:14.770 INFO:teuthology.orchestra.run.trial075.stdout:/usr/bin/ceph: stderr
2026-02-19T11:39:14.590+0000 7f785a52f640 1 -- 10.20.193.75:0/1383119575 learned_addr learned my addr 10.20.193.75:0/1383119575 (peer_addr_for_me v2:10.20.193.75:0/0)
2026-02-19T11:39:14.770 INFO:teuthology.orchestra.run.trial075.stdout:/usr/bin/ceph: stderr
2026-02-19T11:39:14.590+0000 7f785a52f640 1 -- 10.20.193.75:0/1383119575 --> [v2:10.20.193.75:3300/0,v1:10.20.193.75:6789/0] -- mon_subscribe({config=0+,monmap=0+}) -- 0x7f78541ad660 con 0x7f7854073f10
2026-02-19T11:39:14.770 INFO:teuthology.orchestra.run.trial075.stdout:/usr/bin/ceph: stderr
2026-02-19T11:39:14.590+0000 7f785a52f640 1 --2- 10.20.193.75:0/1383119575 >> [v2:10.20.193.75:3300/0,v1:10.20.193.75:6789/0] conn(0x7f7854073f10 0x7f78541ad120 secure :-1 s=READY pgs=38 cs=0 l=1 rev1=1 crypto rx=0x7f7844006fd0 tx=0x7f7844037bb0 comp rx=0 tx=0).ready entity=mon.0 client_cookie=0 server_cookie=0 in_seq=0 out_seq=0
2026-02-19T11:39:14.770 INFO:teuthology.orchestra.run.trial075.stdout:/usr/bin/ceph: stderr
2026-02-19T11:39:14.590+0000 7f783b7fe640 1 -- 10.20.193.75:0/1383119575 <== mon.0 v2:10.20.193.75:3300/0 1 ==== mon_map magic: 0 ==== 205+0+0 (secure 0 0 0) 0x7f7844045070 con 0x7f7854073f10
2026-02-19T11:39:14.770 INFO:teuthology.orchestra.run.trial075.stdout:/usr/bin/ceph: stderr
2026-02-19T11:39:14.590+0000 7f783b7fe640 1 -- 10.20.193.75:0/1383119575 <== mon.0 v2:10.20.193.75:3300/0 2 ==== config(26 keys) ==== 1045+0+0 (secure 0 0 0) 0x7f7844040450 con 0x7f7854073f10
2026-02-19T11:39:14.770 INFO:teuthology.orchestra.run.trial075.stdout:/usr/bin/ceph: stderr
2026-02-19T11:39:14.590+0000 7f785b531640 1 -- 10.20.193.75:0/1383119575 --> [v2:10.20.193.75:3300/0,v1:10.20.193.75:6789/0] -- mon_subscribe({mgrmap=0+}) -- 0x7f78541ad8f0 con 0x7f7854073f10
2026-02-19T11:39:14.770 INFO:teuthology.orchestra.run.trial075.stdout:/usr/bin/ceph: stderr
2026-02-19T11:39:14.590+0000 7f783b7fe640 1 -- 10.20.193.75:0/1383119575 <== mon.0 v2:10.20.193.75:3300/0 3 ==== mon_map magic: 0 ==== 205+0+0 (secure 0 0 0) 0x7f784403c070 con 0x7f7854073f10
2026-02-19T11:39:14.770 INFO:teuthology.orchestra.run.trial075.stdout:/usr/bin/ceph: stderr
2026-02-19T11:39:14.590+0000 7f785b531640 1 -- 10.20.193.75:0/1383119575 --> [v2:10.20.193.75:3300/0,v1:10.20.193.75:6789/0] -- mon_subscribe({osdmap=0}) -- 0x7f78541b05e0 con 0x7f7854073f10
2026-02-19T11:39:14.770 INFO:teuthology.orchestra.run.trial075.stdout:/usr/bin/ceph: stderr
2026-02-19T11:39:14.591+0000 7f785b531640 1 -- 10.20.193.75:0/1383119575 --> [v2:10.20.193.75:3300/0,v1:10.20.193.75:6789/0] -- mon_command({"prefix": "get_command_descriptions"} v 0) -- 0x7f7854074390 con 0x7f7854073f10
2026-02-19T11:39:14.770 INFO:teuthology.orchestra.run.trial075.stdout:/usr/bin/ceph: stderr
2026-02-19T11:39:14.591+0000 7f783b7fe640 1 -- 10.20.193.75:0/1383119575 <== mon.0 v2:10.20.193.75:3300/0 4 ==== mgrmap(e 6) ==== 50141+0+0 (secure 0 0 0) 0x7f7844040900 con 0x7f7854073f10
2026-02-19T11:39:14.770 INFO:teuthology.orchestra.run.trial075.stdout:/usr/bin/ceph: stderr
2026-02-19T11:39:14.592+0000 7f783b7fe640 1 --2- 10.20.193.75:0/1383119575 >> [v2:10.20.193.75:6800/3608444831,v1:10.20.193.75:6801/3608444831] conn(0x7f783003db20 0x7f783003ffe0 unknown :-1 s=NONE pgs=0 cs=0 l=1 rev1=0 crypto rx=0 tx=0 comp rx=0 tx=0).connect
2026-02-19T11:39:14.770 INFO:teuthology.orchestra.run.trial075.stdout:/usr/bin/ceph: stderr
2026-02-19T11:39:14.592+0000 7f783b7fe640 1 -- 10.20.193.75:0/1383119575 <== mon.0 v2:10.20.193.75:3300/0 5 ==== osd_map(2..2 src has 1..2) ==== 940+0+0 (secure 0 0 0) 0x7f7844076550 con 0x7f7854073f10
2026-02-19T11:39:14.770 INFO:teuthology.orchestra.run.trial075.stdout:/usr/bin/ceph: stderr
2026-02-19T11:39:14.592+0000 7f7859d2e640 1 --2- 10.20.193.75:0/1383119575 >> [v2:10.20.193.75:6800/3608444831,v1:10.20.193.75:6801/3608444831] conn(0x7f783003db20 0x7f783003ffe0 unknown :-1 s=BANNER_CONNECTING pgs=0 cs=0 l=1 rev1=0 crypto rx=0 tx=0 comp rx=0 tx=0)._handle_peer_banner_payload supported=3 required=0
2026-02-19T11:39:14.770 INFO:teuthology.orchestra.run.trial075.stdout:/usr/bin/ceph: stderr
2026-02-19T11:39:14.592+0000 7f7859d2e640 1 --2- 10.20.193.75:0/1383119575 >> [v2:10.20.193.75:6800/3608444831,v1:10.20.193.75:6801/3608444831] conn(0x7f783003db20 0x7f783003ffe0 secure :-1 s=READY pgs=8 cs=0 l=1 rev1=1 crypto rx=0x7f78480099c0 tx=0x7f7848006eb0 comp rx=0 tx=0).ready entity=mgr.14118 client_cookie=0 server_cookie=0 in_seq=0 out_seq=0
2026-02-19T11:39:14.770 INFO:teuthology.orchestra.run.trial075.stdout:/usr/bin/ceph: stderr
2026-02-19T11:39:14.595+0000 7f783b7fe640 1 -- 10.20.193.75:0/1383119575 <== mon.0 v2:10.20.193.75:3300/0 6 ==== mon_command_ack([{"prefix": "get_command_descriptions"}]=0 v0) ==== 72+0+195034 (secure 0 0 0) 0x7f784403fe40 con 0x7f7854073f10
2026-02-19T11:39:14.770 INFO:teuthology.orchestra.run.trial075.stdout:/usr/bin/ceph: stderr
2026-02-19T11:39:14.687+0000 7f785b531640 1 -- 10.20.193.75:0/1383119575 --> [v2:10.20.193.75:6800/3608444831,v1:10.20.193.75:6801/3608444831] -- mgr_command(tid 0: {"prefix": "cephadm set-user", "user": "root", "target": ["mon-mgr", ""]}) -- 0x7f785406fc60 con 0x7f783003db20
2026-02-19T11:39:14.770 INFO:teuthology.orchestra.run.trial075.stdout:/usr/bin/ceph: stderr
2026-02-19T11:39:14.688+0000 7f783b7fe640 1 -- 10.20.193.75:0/1383119575 <== mgr.14118 v2:10.20.193.75:6800/3608444831 1 ==== mgr_command_reply(tid 0: 0 ) ==== 8+0+16 (secure 0 0 0) 0x7f785406fc60 con 0x7f783003db20
2026-02-19T11:39:14.770 INFO:teuthology.orchestra.run.trial075.stdout:/usr/bin/ceph: stderr
2026-02-19T11:39:14.689+0000 7f785b531640 1 -- 10.20.193.75:0/1383119575 >> [v2:10.20.193.75:6800/3608444831,v1:10.20.193.75:6801/3608444831] conn(0x7f783003db20 msgr2=0x7f783003ffe0 secure :-1 s=STATE_CONNECTION_ESTABLISHED l=1).mark_down
2026-02-19T11:39:14.770 INFO:teuthology.orchestra.run.trial075.stdout:/usr/bin/ceph: stderr
2026-02-19T11:39:14.689+0000 7f785b531640 1 --2- 10.20.193.75:0/1383119575 >> [v2:10.20.193.75:6800/3608444831,v1:10.20.193.75:6801/3608444831] conn(0x7f783003db20 0x7f783003ffe0 secure :-1 s=READY pgs=8 cs=0 l=1 rev1=1 crypto rx=0x7f78480099c0 tx=0x7f7848006eb0 comp rx=0 tx=0).stop
2026-02-19T11:39:14.770 INFO:teuthology.orchestra.run.trial075.stdout:/usr/bin/ceph: stderr
2026-02-19T11:39:14.689+0000 7f785b531640 1 -- 10.20.193.75:0/1383119575 >> [v2:10.20.193.75:3300/0,v1:10.20.193.75:6789/0] conn(0x7f7854073f10 msgr2=0x7f78541ad120 secure :-1 s=STATE_CONNECTION_ESTABLISHED l=1).mark_down
2026-02-19T11:39:14.770 INFO:teuthology.orchestra.run.trial075.stdout:/usr/bin/ceph: stderr
2026-02-19T11:39:14.689+0000 7f785b531640 1 --2- 10.20.193.75:0/1383119575 >> [v2:10.20.193.75:3300/0,v1:10.20.193.75:6789/0] conn(0x7f7854073f10 0x7f78541ad120 secure :-1 s=READY pgs=38 cs=0 l=1 rev1=1 crypto rx=0x7f7844006fd0 tx=0x7f7844037bb0 comp rx=0 tx=0).stop
2026-02-19T11:39:14.770 INFO:teuthology.orchestra.run.trial075.stdout:/usr/bin/ceph: stderr
2026-02-19T11:39:14.689+0000 7f785b531640 1 -- 10.20.193.75:0/1383119575 shutdown_connections
2026-02-19T11:39:14.770 INFO:teuthology.orchestra.run.trial075.stdout:/usr/bin/ceph: stderr
2026-02-19T11:39:14.689+0000 7f785b531640 1 --2- 10.20.193.75:0/1383119575 >> [v2:10.20.193.75:6800/3608444831,v1:10.20.193.75:6801/3608444831] conn(0x7f783003db20 0x7f783003ffe0 unknown :-1 s=CLOSED pgs=8 cs=0 l=1 rev1=1 crypto rx=0 tx=0 comp rx=0 tx=0).stop
2026-02-19T11:39:14.770 INFO:teuthology.orchestra.run.trial075.stdout:/usr/bin/ceph: stderr
2026-02-19T11:39:14.689+0000 7f785b531640 1 --2- 10.20.193.75:0/1383119575 >> [v2:10.20.193.75:3300/0,v1:10.20.193.75:6789/0] conn(0x7f7854073f10 0x7f78541ad120 unknown :-1 s=CLOSED pgs=38 cs=0 l=1 rev1=1 crypto rx=0 tx=0 comp rx=0 tx=0).stop
2026-02-19T11:39:14.770 INFO:teuthology.orchestra.run.trial075.stdout:/usr/bin/ceph: stderr
2026-02-19T11:39:14.689+0000 7f785b531640 1 -- 10.20.193.75:0/1383119575 >> 10.20.193.75:0/1383119575 conn(0x7f785406e8a0 msgr2=0x7f785406f550 unknown :-1 s=STATE_NONE l=0).mark_down
2026-02-19T11:39:14.771 INFO:teuthology.orchestra.run.trial075.stdout:/usr/bin/ceph: stderr
2026-02-19T11:39:14.689+0000 7f785b531640 1 -- 10.20.193.75:0/1383119575 shutdown_connections
2026-02-19T11:39:14.771 INFO:teuthology.orchestra.run.trial075.stdout:/usr/bin/ceph: stderr
2026-02-19T11:39:14.689+0000 7f785b531640 1 -- 10.20.193.75:0/1383119575 wait complete.
2026-02-19T11:39:14.771 INFO:teuthology.orchestra.run.trial075.stdout:Generating ssh key...
2026-02-19T11:39:15.151 INFO:teuthology.orchestra.run.trial075.stdout:/usr/bin/ceph: stderr
2026-02-19T11:39:14.933+0000 7fcc88823640 1 Processor -- start
2026-02-19T11:39:15.151 INFO:teuthology.orchestra.run.trial075.stdout:/usr/bin/ceph: stderr
2026-02-19T11:39:14.933+0000 7fcc88823640 1 -- start start
2026-02-19T11:39:15.151 INFO:teuthology.orchestra.run.trial075.stdout:/usr/bin/ceph: stderr
2026-02-19T11:39:14.933+0000 7fcc88823640 1 --2- >> [v2:10.20.193.75:3300/0,v1:10.20.193.75:6789/0] conn(0x7fcc8410b9c0 0x7fcc8410bdc0 unknown :-1 s=NONE pgs=0 cs=0 l=0 rev1=0 crypto rx=0 tx=0 comp rx=0 tx=0).connect
2026-02-19T11:39:15.152 INFO:teuthology.orchestra.run.trial075.stdout:/usr/bin/ceph: stderr
2026-02-19T11:39:14.933+0000 7fcc88823640 1 -- --> [v2:10.20.193.75:3300/0,v1:10.20.193.75:6789/0] -- mon_getmap magic: 0 -- 0x7fcc8410c390 con 0x7fcc8410b9c0
2026-02-19T11:39:15.152 INFO:teuthology.orchestra.run.trial075.stdout:/usr/bin/ceph: stderr
2026-02-19T11:39:14.933+0000 7fcc837fe640 1 --2- >> [v2:10.20.193.75:3300/0,v1:10.20.193.75:6789/0] conn(0x7fcc8410b9c0 0x7fcc8410bdc0 unknown :-1 s=BANNER_CONNECTING pgs=0 cs=0 l=0 rev1=0 crypto rx=0 tx=0 comp rx=0 tx=0)._handle_peer_banner_payload supported=3 required=0
2026-02-19T11:39:15.152 INFO:teuthology.orchestra.run.trial075.stdout:/usr/bin/ceph: stderr
2026-02-19T11:39:14.933+0000 7fcc837fe640 1 --2- >> [v2:10.20.193.75:3300/0,v1:10.20.193.75:6789/0] conn(0x7fcc8410b9c0 0x7fcc8410bdc0 unknown :-1 s=HELLO_CONNECTING pgs=0 cs=0 l=0 rev1=1 crypto rx=0 tx=0 comp rx=0 tx=0).handle_hello peer v2:10.20.193.75:3300/0 says I am v2:10.20.193.75:57196/0 (socket says 10.20.193.75:57196)
2026-02-19T11:39:15.152 INFO:teuthology.orchestra.run.trial075.stdout:/usr/bin/ceph: stderr
2026-02-19T11:39:14.933+0000 7fcc837fe640 1 -- 10.20.193.75:0/70706224 learned_addr learned my addr 10.20.193.75:0/70706224 (peer_addr_for_me v2:10.20.193.75:0/0)
2026-02-19T11:39:15.152 INFO:teuthology.orchestra.run.trial075.stdout:/usr/bin/ceph: stderr
2026-02-19T11:39:14.934+0000 7fcc837fe640 1 -- 10.20.193.75:0/70706224 --> [v2:10.20.193.75:3300/0,v1:10.20.193.75:6789/0] -- mon_subscribe({config=0+,monmap=0+}) -- 0x7fcc8410a630 con 0x7fcc8410b9c0
2026-02-19T11:39:15.152 INFO:teuthology.orchestra.run.trial075.stdout:/usr/bin/ceph: stderr
2026-02-19T11:39:14.934+0000 7fcc837fe640 1 --2- 10.20.193.75:0/70706224 >> [v2:10.20.193.75:3300/0,v1:10.20.193.75:6789/0] conn(0x7fcc8410b9c0 0x7fcc8410bdc0 secure :-1 s=READY pgs=39 cs=0 l=1 rev1=1 crypto rx=0x7fcc70009920 tx=0x7fcc7002ef20 comp rx=0 tx=0).ready entity=mon.0 client_cookie=537b2273243a2a78 server_cookie=0 in_seq=0 out_seq=0
2026-02-19T11:39:15.152 INFO:teuthology.orchestra.run.trial075.stdout:/usr/bin/ceph: stderr
2026-02-19T11:39:14.935+0000 7fcc827fc640 1 -- 10.20.193.75:0/70706224 <== mon.0 v2:10.20.193.75:3300/0 1 ==== mon_map magic: 0 ==== 205+0+0 (secure 0 0 0) 0x7fcc7003c070 con 0x7fcc8410b9c0
2026-02-19T11:39:15.152 INFO:teuthology.orchestra.run.trial075.stdout:/usr/bin/ceph: stderr
2026-02-19T11:39:14.935+0000 7fcc827fc640 1 -- 10.20.193.75:0/70706224 <== mon.0 v2:10.20.193.75:3300/0 2 ==== config(26 keys) ==== 1045+0+0 (secure 0 0 0) 0x7fcc70037440 con 0x7fcc8410b9c0
2026-02-19T11:39:15.152 INFO:teuthology.orchestra.run.trial075.stdout:/usr/bin/ceph: stderr
2026-02-19T11:39:14.935+0000 7fcc827fc640 1 -- 10.20.193.75:0/70706224 <== mon.0 v2:10.20.193.75:3300/0 3 ==== mon_map magic: 0 ==== 205+0+0 (secure 0 0 0) 0x7fcc700354b0 con 0x7fcc8410b9c0
2026-02-19T11:39:15.152 INFO:teuthology.orchestra.run.trial075.stdout:/usr/bin/ceph: stderr
2026-02-19T11:39:14.935+0000 7fcc88823640 1 -- 10.20.193.75:0/70706224 >> [v2:10.20.193.75:3300/0,v1:10.20.193.75:6789/0] conn(0x7fcc8410b9c0 msgr2=0x7fcc8410bdc0 secure :-1 s=STATE_CONNECTION_ESTABLISHED l=1).mark_down
2026-02-19T11:39:15.152 INFO:teuthology.orchestra.run.trial075.stdout:/usr/bin/ceph: stderr
2026-02-19T11:39:14.935+0000 7fcc88823640 1 --2- 10.20.193.75:0/70706224 >> [v2:10.20.193.75:3300/0,v1:10.20.193.75:6789/0] conn(0x7fcc8410b9c0 0x7fcc8410bdc0 secure :-1 s=READY pgs=39 cs=0 l=1 rev1=1 crypto rx=0x7fcc70009920 tx=0x7fcc7002ef20 comp rx=0 tx=0).stop
2026-02-19T11:39:15.153 INFO:teuthology.orchestra.run.trial075.stdout:/usr/bin/ceph: stderr
2026-02-19T11:39:14.935+0000 7fcc88823640 1 -- 10.20.193.75:0/70706224 shutdown_connections
2026-02-19T11:39:15.153 INFO:teuthology.orchestra.run.trial075.stdout:/usr/bin/ceph: stderr
2026-02-19T11:39:14.935+0000 7fcc88823640 1 --2- 10.20.193.75:0/70706224 >> [v2:10.20.193.75:3300/0,v1:10.20.193.75:6789/0] conn(0x7fcc8410b9c0 0x7fcc8410bdc0 unknown :-1 s=CLOSED pgs=39 cs=0 l=1 rev1=1 crypto rx=0 tx=0 comp rx=0 tx=0).stop
2026-02-19T11:39:15.153 INFO:teuthology.orchestra.run.trial075.stdout:/usr/bin/ceph: stderr
2026-02-19T11:39:14.935+0000 7fcc88823640 1 -- 10.20.193.75:0/70706224 >> 10.20.193.75:0/70706224 conn(0x7fcc8407dac0 msgr2=0x7fcc8407def0 unknown :-1 s=STATE_NONE l=0).mark_down
2026-02-19T11:39:15.153 INFO:teuthology.orchestra.run.trial075.stdout:/usr/bin/ceph: stderr
2026-02-19T11:39:14.935+0000 7fcc88823640 1 -- 10.20.193.75:0/70706224 shutdown_connections
2026-02-19T11:39:15.153 INFO:teuthology.orchestra.run.trial075.stdout:/usr/bin/ceph: stderr
2026-02-19T11:39:14.935+0000 7fcc88823640 1 -- 10.20.193.75:0/70706224 wait complete.
2026-02-19T11:39:15.153 INFO:teuthology.orchestra.run.trial075.stdout:/usr/bin/ceph: stderr
2026-02-19T11:39:14.936+0000 7fcc88823640 1 Processor -- start
2026-02-19T11:39:15.153 INFO:teuthology.orchestra.run.trial075.stdout:/usr/bin/ceph: stderr
2026-02-19T11:39:14.936+0000 7fcc88823640 1 -- start start
2026-02-19T11:39:15.153 INFO:teuthology.orchestra.run.trial075.stdout:/usr/bin/ceph: stderr
2026-02-19T11:39:14.936+0000 7fcc88823640 1 --2- >> [v2:10.20.193.75:3300/0,v1:10.20.193.75:6789/0] conn(0x7fcc8410b9c0 0x7fcc841a0210 unknown :-1 s=NONE pgs=0 cs=0 l=1 rev1=0 crypto rx=0 tx=0 comp rx=0 tx=0).connect
2026-02-19T11:39:15.153 INFO:teuthology.orchestra.run.trial075.stdout:/usr/bin/ceph: stderr
2026-02-19T11:39:14.936+0000 7fcc88823640 1 -- --> [v2:10.20.193.75:3300/0,v1:10.20.193.75:6789/0] -- mon_getmap magic: 0 -- 0x7fcc8410e870 con 0x7fcc8410b9c0
2026-02-19T11:39:15.153 INFO:teuthology.orchestra.run.trial075.stdout:/usr/bin/ceph: stderr
2026-02-19T11:39:14.936+0000 7fcc837fe640 1 --2- >> [v2:10.20.193.75:3300/0,v1:10.20.193.75:6789/0] conn(0x7fcc8410b9c0 0x7fcc841a0210 unknown :-1 s=BANNER_CONNECTING pgs=0 cs=0 l=1 rev1=0 crypto rx=0 tx=0 comp rx=0 tx=0)._handle_peer_banner_payload supported=3 required=0
2026-02-19T11:39:15.153 INFO:teuthology.orchestra.run.trial075.stdout:/usr/bin/ceph: stderr
2026-02-19T11:39:14.936+0000 7fcc837fe640 1 --2- >> [v2:10.20.193.75:3300/0,v1:10.20.193.75:6789/0] conn(0x7fcc8410b9c0 0x7fcc841a0210 unknown :-1 s=HELLO_CONNECTING pgs=0 cs=0 l=1 rev1=1 crypto rx=0 tx=0 comp rx=0 tx=0).handle_hello peer v2:10.20.193.75:3300/0 says I am v2:10.20.193.75:57198/0 (socket says 10.20.193.75:57198)
2026-02-19T11:39:15.154 INFO:teuthology.orchestra.run.trial075.stdout:/usr/bin/ceph: stderr
2026-02-19T11:39:14.936+0000 7fcc837fe640 1 -- 10.20.193.75:0/3983701674 learned_addr learned my addr 10.20.193.75:0/3983701674 (peer_addr_for_me v2:10.20.193.75:0/0)
2026-02-19T11:39:15.154 INFO:teuthology.orchestra.run.trial075.stdout:/usr/bin/ceph: stderr
2026-02-19T11:39:14.937+0000 7fcc837fe640 1 -- 10.20.193.75:0/3983701674 --> [v2:10.20.193.75:3300/0,v1:10.20.193.75:6789/0] -- mon_subscribe({config=0+,monmap=0+}) -- 0x7fcc841a0750 con 0x7fcc8410b9c0
2026-02-19T11:39:15.154 INFO:teuthology.orchestra.run.trial075.stdout:/usr/bin/ceph: stderr
2026-02-19T11:39:14.937+0000 7fcc837fe640 1 --2- 10.20.193.75:0/3983701674 >> [v2:10.20.193.75:3300/0,v1:10.20.193.75:6789/0] conn(0x7fcc8410b9c0 0x7fcc841a0210 secure :-1 s=READY pgs=40 cs=0 l=1 rev1=1 crypto rx=0x7fcc70006fd0 tx=0x7fcc70037bb0 comp rx=0 tx=0).ready entity=mon.0 client_cookie=0 server_cookie=0 in_seq=0 out_seq=0
2026-02-19T11:39:15.154 INFO:teuthology.orchestra.run.trial075.stdout:/usr/bin/ceph: stderr
2026-02-19T11:39:14.937+0000 7fcc80ff9640 1 -- 10.20.193.75:0/3983701674 <== mon.0 v2:10.20.193.75:3300/0 1 ==== mon_map magic: 0 ==== 205+0+0 (secure 0 0 0) 0x7fcc70045070 con 0x7fcc8410b9c0
2026-02-19T11:39:15.154 INFO:teuthology.orchestra.run.trial075.stdout:/usr/bin/ceph: stderr
2026-02-19T11:39:14.937+0000 7fcc80ff9640 1 -- 10.20.193.75:0/3983701674 <== mon.0 v2:10.20.193.75:3300/0 2 ==== config(26 keys) ==== 1045+0+0 (secure 0 0 0) 0x7fcc70040450 con 0x7fcc8410b9c0
2026-02-19T11:39:15.154 INFO:teuthology.orchestra.run.trial075.stdout:/usr/bin/ceph: stderr
2026-02-19T11:39:14.937+0000 7fcc80ff9640 1 -- 10.20.193.75:0/3983701674 <== mon.0 v2:10.20.193.75:3300/0 3 ==== mon_map magic: 0 ==== 205+0+0 (secure 0 0 0) 0x7fcc7003c070 con 0x7fcc8410b9c0
2026-02-19T11:39:15.154 INFO:teuthology.orchestra.run.trial075.stdout:/usr/bin/ceph: stderr
2026-02-19T11:39:14.937+0000 7fcc88823640 1 -- 10.20.193.75:0/3983701674 --> [v2:10.20.193.75:3300/0,v1:10.20.193.75:6789/0] -- mon_subscribe({mgrmap=0+}) -- 0x7fcc841a09e0 con 0x7fcc8410b9c0
2026-02-19T11:39:15.154 INFO:teuthology.orchestra.run.trial075.stdout:/usr/bin/ceph: stderr
2026-02-19T11:39:14.937+0000 7fcc88823640 1 -- 10.20.193.75:0/3983701674 --> [v2:10.20.193.75:3300/0,v1:10.20.193.75:6789/0] -- mon_subscribe({osdmap=0}) -- 0x7fcc841a36d0 con 0x7fcc8410b9c0
2026-02-19T11:39:15.154 INFO:teuthology.orchestra.run.trial075.stdout:/usr/bin/ceph: stderr
2026-02-19T11:39:14.938+0000 7fcc80ff9640 1 -- 10.20.193.75:0/3983701674 <== mon.0 v2:10.20.193.75:3300/0 4 ==== mgrmap(e 6) ==== 50141+0+0 (secure 0 0 0) 0x7fcc70035af0 con 0x7fcc8410b9c0
2026-02-19T11:39:15.154 INFO:teuthology.orchestra.run.trial075.stdout:/usr/bin/ceph: stderr
2026-02-19T11:39:14.938+0000 7fcc88823640 1 -- 10.20.193.75:0/3983701674 --> [v2:10.20.193.75:3300/0,v1:10.20.193.75:6789/0] -- mon_command({"prefix": "get_command_descriptions"} v 0) -- 0x7fcc8410e9f0 con 0x7fcc8410b9c0
2026-02-19T11:39:15.154 INFO:teuthology.orchestra.run.trial075.stdout:/usr/bin/ceph: stderr
2026-02-19T11:39:14.938+0000 7fcc80ff9640 1 --2- 10.20.193.75:0/3983701674 >> [v2:10.20.193.75:6800/3608444831,v1:10.20.193.75:6801/3608444831] conn(0x7fcc5803db20 0x7fcc5803ffe0 unknown :-1 s=NONE pgs=0 cs=0 l=1 rev1=0 crypto rx=0 tx=0 comp rx=0 tx=0).connect
2026-02-19T11:39:15.154 INFO:teuthology.orchestra.run.trial075.stdout:/usr/bin/ceph: stderr
2026-02-19T11:39:14.938+0000 7fcc80ff9640 1 -- 10.20.193.75:0/3983701674 <== mon.0 v2:10.20.193.75:3300/0 5 ==== osd_map(2..2 src has 1..2) ==== 940+0+0 (secure 0 0 0) 0x7fcc70076550 con 0x7fcc8410b9c0
2026-02-19T11:39:15.155 INFO:teuthology.orchestra.run.trial075.stdout:/usr/bin/ceph: stderr
2026-02-19T11:39:14.939+0000 7fcc82ffd640 1 --2- 10.20.193.75:0/3983701674 >> [v2:10.20.193.75:6800/3608444831,v1:10.20.193.75:6801/3608444831] conn(0x7fcc5803db20 0x7fcc5803ffe0 unknown :-1 s=BANNER_CONNECTING pgs=0 cs=0 l=1 rev1=0 crypto rx=0 tx=0 comp rx=0 tx=0)._handle_peer_banner_payload supported=3 required=0
2026-02-19T11:39:15.155 INFO:teuthology.orchestra.run.trial075.stdout:/usr/bin/ceph: stderr
2026-02-19T11:39:14.939+0000 7fcc82ffd640 1 --2- 10.20.193.75:0/3983701674 >> [v2:10.20.193.75:6800/3608444831,v1:10.20.193.75:6801/3608444831] conn(0x7fcc5803db20 0x7fcc5803ffe0 secure :-1 s=READY pgs=9 cs=0 l=1 rev1=1 crypto rx=0x7fcc740099c0 tx=0x7fcc74006eb0 comp rx=0 tx=0).ready entity=mgr.14118 client_cookie=0 server_cookie=0 in_seq=0 out_seq=0
2026-02-19T11:39:15.155 INFO:teuthology.orchestra.run.trial075.stdout:/usr/bin/ceph: stderr
2026-02-19T11:39:14.941+0000 7fcc80ff9640 1 -- 10.20.193.75:0/3983701674 <== mon.0 v2:10.20.193.75:3300/0 6 ==== mon_command_ack([{"prefix": "get_command_descriptions"}]=0 v0) ==== 72+0+195034 (secure 0 0 0) 0x7fcc70033200 con 0x7fcc8410b9c0
2026-02-19T11:39:15.155 INFO:teuthology.orchestra.run.trial075.stdout:/usr/bin/ceph: stderr
2026-02-19T11:39:15.032+0000 7fcc88823640 1 -- 10.20.193.75:0/3983701674 --> [v2:10.20.193.75:6800/3608444831,v1:10.20.193.75:6801/3608444831] -- mgr_command(tid 0: {"prefix": "cephadm generate-key", "target": ["mon-mgr", ""]}) -- 0x7fcc84108df0 con 0x7fcc5803db20
2026-02-19T11:39:15.155 INFO:teuthology.orchestra.run.trial075.stdout:/usr/bin/ceph: stderr
2026-02-19T11:39:15.066+0000 7fcc80ff9640 1 -- 10.20.193.75:0/3983701674 <== mgr.14118 v2:10.20.193.75:6800/3608444831 1 ==== mgr_command_reply(tid 0: 0 ) ==== 8+0+0 (secure 0 0 0) 0x7fcc84108df0 con 0x7fcc5803db20
2026-02-19T11:39:15.155 INFO:teuthology.orchestra.run.trial075.stdout:/usr/bin/ceph: stderr
2026-02-19T11:39:15.068+0000 7fcc88823640 1 -- 10.20.193.75:0/3983701674 >> [v2:10.20.193.75:6800/3608444831,v1:10.20.193.75:6801/3608444831] conn(0x7fcc5803db20 msgr2=0x7fcc5803ffe0 secure :-1 s=STATE_CONNECTION_ESTABLISHED l=1).mark_down
2026-02-19T11:39:15.155 INFO:teuthology.orchestra.run.trial075.stdout:/usr/bin/ceph: stderr
2026-02-19T11:39:15.068+0000 7fcc88823640 1 --2- 10.20.193.75:0/3983701674 >> [v2:10.20.193.75:6800/3608444831,v1:10.20.193.75:6801/3608444831] conn(0x7fcc5803db20 0x7fcc5803ffe0 secure :-1 s=READY pgs=9 cs=0 l=1 rev1=1 crypto rx=0x7fcc740099c0 tx=0x7fcc74006eb0 comp rx=0 tx=0).stop
2026-02-19T11:39:15.155 INFO:teuthology.orchestra.run.trial075.stdout:/usr/bin/ceph: stderr
2026-02-19T11:39:15.068+0000 7fcc88823640 1 -- 10.20.193.75:0/3983701674 >> [v2:10.20.193.75:3300/0,v1:10.20.193.75:6789/0] conn(0x7fcc8410b9c0 msgr2=0x7fcc841a0210 secure :-1 s=STATE_CONNECTION_ESTABLISHED l=1).mark_down
2026-02-19T11:39:15.155 INFO:teuthology.orchestra.run.trial075.stdout:/usr/bin/ceph: stderr
2026-02-19T11:39:15.068+0000 7fcc88823640 1 --2- 10.20.193.75:0/3983701674 >> [v2:10.20.193.75:3300/0,v1:10.20.193.75:6789/0] conn(0x7fcc8410b9c0 0x7fcc841a0210 secure :-1 s=READY pgs=40 cs=0 l=1 rev1=1 crypto rx=0x7fcc70006fd0 tx=0x7fcc70037bb0 comp rx=0 tx=0).stop
2026-02-19T11:39:15.155 INFO:teuthology.orchestra.run.trial075.stdout:/usr/bin/ceph: stderr
2026-02-19T11:39:15.068+0000 7fcc88823640 1 -- 10.20.193.75:0/3983701674 shutdown_connections
2026-02-19T11:39:15.155 INFO:teuthology.orchestra.run.trial075.stdout:/usr/bin/ceph: stderr
2026-02-19T11:39:15.068+0000 7fcc88823640 1 --2- 10.20.193.75:0/3983701674 >> [v2:10.20.193.75:6800/3608444831,v1:10.20.193.75:6801/3608444831] conn(0x7fcc5803db20 0x7fcc5803ffe0 unknown :-1 s=CLOSED pgs=9 cs=0 l=1 rev1=1 crypto rx=0 tx=0 comp rx=0 tx=0).stop
2026-02-19T11:39:15.155 INFO:teuthology.orchestra.run.trial075.stdout:/usr/bin/ceph: stderr
2026-02-19T11:39:15.068+0000 7fcc88823640 1 --2- 10.20.193.75:0/3983701674 >> [v2:10.20.193.75:3300/0,v1:10.20.193.75:6789/0] conn(0x7fcc8410b9c0 0x7fcc841a0210 unknown :-1 s=CLOSED pgs=40 cs=0 l=1 rev1=1 crypto rx=0 tx=0 comp rx=0 tx=0).stop
2026-02-19T11:39:15.156 INFO:teuthology.orchestra.run.trial075.stdout:/usr/bin/ceph: stderr
2026-02-19T11:39:15.068+0000 7fcc88823640 1 -- 10.20.193.75:0/3983701674 >> 10.20.193.75:0/3983701674 conn(0x7fcc8407dac0 msgr2=0x7fcc841086e0 unknown :-1 s=STATE_NONE l=0).mark_down
2026-02-19T11:39:15.156 INFO:teuthology.orchestra.run.trial075.stdout:/usr/bin/ceph: stderr
2026-02-19T11:39:15.068+0000 7fcc88823640 1 -- 10.20.193.75:0/3983701674 shutdown_connections
2026-02-19T11:39:15.156 INFO:teuthology.orchestra.run.trial075.stdout:/usr/bin/ceph: stderr
2026-02-19T11:39:15.068+0000 7fcc88823640 1 -- 10.20.193.75:0/3983701674 wait complete.
2026-02-19T11:39:15.302 INFO:journalctl@ceph.mgr.x.trial075.stdout:Feb 19 11:39:15 trial075 ceph-8c048123-0d87-11f1-b5cb-d404e6e7d460-mgr-x[21172]: Generating public/private ed25519 key pair.
2026-02-19T11:39:15.303 INFO:journalctl@ceph.mgr.x.trial075.stdout:Feb 19 11:39:15 trial075 ceph-8c048123-0d87-11f1-b5cb-d404e6e7d460-mgr-x[21172]: Your identification has been saved in /tmp/tmpou5haxit/key
2026-02-19T11:39:15.303 INFO:journalctl@ceph.mgr.x.trial075.stdout:Feb 19 11:39:15 trial075 ceph-8c048123-0d87-11f1-b5cb-d404e6e7d460-mgr-x[21172]: Your public key has been saved in /tmp/tmpou5haxit/key.pub
2026-02-19T11:39:15.303 INFO:journalctl@ceph.mgr.x.trial075.stdout:Feb 19 11:39:15 trial075 ceph-8c048123-0d87-11f1-b5cb-d404e6e7d460-mgr-x[21172]: The key fingerprint is:
2026-02-19T11:39:15.303 INFO:journalctl@ceph.mgr.x.trial075.stdout:Feb 19 11:39:15 trial075 ceph-8c048123-0d87-11f1-b5cb-d404e6e7d460-mgr-x[21172]: SHA256:CYafBJQNIKDi58LeQTCUKmsjcysH8l0d5/J7uBFhB2E ceph-8c048123-0d87-11f1-b5cb-d404e6e7d460
2026-02-19T11:39:15.303 INFO:journalctl@ceph.mgr.x.trial075.stdout:Feb 19 11:39:15 trial075 ceph-8c048123-0d87-11f1-b5cb-d404e6e7d460-mgr-x[21172]: The key's randomart image is:
2026-02-19T11:39:15.303 INFO:journalctl@ceph.mgr.x.trial075.stdout:Feb 19 11:39:15 trial075 ceph-8c048123-0d87-11f1-b5cb-d404e6e7d460-mgr-x[21172]: +--[ED25519 256]--+
2026-02-19T11:39:15.303 INFO:journalctl@ceph.mgr.x.trial075.stdout:Feb 19 11:39:15 trial075 ceph-8c048123-0d87-11f1-b5cb-d404e6e7d460-mgr-x[21172]: |+.oo++ E. |
2026-02-19T11:39:15.303 INFO:journalctl@ceph.mgr.x.trial075.stdout:Feb 19 11:39:15 trial075 ceph-8c048123-0d87-11f1-b5cb-d404e6e7d460-mgr-x[21172]: |oo .o. . . |
2026-02-19T11:39:15.303 INFO:journalctl@ceph.mgr.x.trial075.stdout:Feb 19 11:39:15 trial075 ceph-8c048123-0d87-11f1-b5cb-d404e6e7d460-mgr-x[21172]: |+o . + o . |
2026-02-19T11:39:15.303 INFO:journalctl@ceph.mgr.x.trial075.stdout:Feb 19 11:39:15 trial075 ceph-8c048123-0d87-11f1-b5cb-d404e6e7d460-mgr-x[21172]: |= o + o.o.o |
2026-02-19T11:39:15.303 INFO:journalctl@ceph.mgr.x.trial075.stdout:Feb 19 11:39:15 trial075 ceph-8c048123-0d87-11f1-b5cb-d404e6e7d460-mgr-x[21172]: |.o o o.S+. |
2026-02-19T11:39:15.303 INFO:journalctl@ceph.mgr.x.trial075.stdout:Feb 19 11:39:15 trial075 ceph-8c048123-0d87-11f1-b5cb-d404e6e7d460-mgr-x[21172]: |Bo= . o .. |
2026-02-19T11:39:15.303 INFO:journalctl@ceph.mgr.x.trial075.stdout:Feb 19 11:39:15 trial075 ceph-8c048123-0d87-11f1-b5cb-d404e6e7d460-mgr-x[21172]: |+B.= . o.. |
2026-02-19T11:39:15.304 INFO:journalctl@ceph.mgr.x.trial075.stdout:Feb 19 11:39:15 trial075 ceph-8c048123-0d87-11f1-b5cb-d404e6e7d460-mgr-x[21172]: |o * o o.. |
2026-02-19T11:39:15.304 INFO:journalctl@ceph.mgr.x.trial075.stdout:Feb 19 11:39:15 trial075 ceph-8c048123-0d87-11f1-b5cb-d404e6e7d460-mgr-x[21172]: | + . o+ |
2026-02-19T11:39:15.304 INFO:journalctl@ceph.mgr.x.trial075.stdout:Feb 19 11:39:15 trial075 ceph-8c048123-0d87-11f1-b5cb-d404e6e7d460-mgr-x[21172]: +----[SHA256]-----+
2026-02-19T11:39:15.481 INFO:teuthology.orchestra.run.trial075.stdout:/usr/bin/ceph: stdout ssh-ed25519 AAAAC3NzaC1lZDI1NTE5AAAAIKsFUTRnu+32wDksMXiHjOrvwM35uNtpxIqvG11cHFvh ceph-8c048123-0d87-11f1-b5cb-d404e6e7d460
2026-02-19T11:39:15.481 INFO:teuthology.orchestra.run.trial075.stdout:/usr/bin/ceph: stderr
2026-02-19T11:39:15.299+0000 7f4033a04640 1 Processor -- start
2026-02-19T11:39:15.481 INFO:teuthology.orchestra.run.trial075.stdout:/usr/bin/ceph: stderr
2026-02-19T11:39:15.299+0000 7f4033a04640 1 -- start start
2026-02-19T11:39:15.481 INFO:teuthology.orchestra.run.trial075.stdout:/usr/bin/ceph: stderr
2026-02-19T11:39:15.299+0000 7f4033a04640 1 --2- >> [v2:10.20.193.75:3300/0,v1:10.20.193.75:6789/0] conn(0x7f402c06cb50 0x7f402c06cf50 unknown :-1 s=NONE pgs=0 cs=0 l=0 rev1=0 crypto rx=0 tx=0 comp rx=0 tx=0).connect
2026-02-19T11:39:15.481 INFO:teuthology.orchestra.run.trial075.stdout:/usr/bin/ceph: stderr
2026-02-19T11:39:15.299+0000 7f4033a04640 1 -- --> [v2:10.20.193.75:3300/0,v1:10.20.193.75:6789/0] -- mon_getmap magic: 0 -- 0x7f402c06d490 con 0x7f402c06cb50
2026-02-19T11:39:15.481 INFO:teuthology.orchestra.run.trial075.stdout:/usr/bin/ceph: stderr
2026-02-19T11:39:15.299+0000 7f4031779640 1 --2- >> [v2:10.20.193.75:3300/0,v1:10.20.193.75:6789/0] conn(0x7f402c06cb50 0x7f402c06cf50 unknown :-1 s=BANNER_CONNECTING pgs=0 cs=0 l=0 rev1=0 crypto rx=0 tx=0 comp rx=0 tx=0)._handle_peer_banner_payload supported=3 required=0
2026-02-19T11:39:15.481 INFO:teuthology.orchestra.run.trial075.stdout:/usr/bin/ceph: stderr
2026-02-19T11:39:15.299+0000 7f4031779640 1 --2- >> [v2:10.20.193.75:3300/0,v1:10.20.193.75:6789/0] conn(0x7f402c06cb50 0x7f402c06cf50 unknown :-1 s=HELLO_CONNECTING pgs=0 cs=0 l=0 rev1=1 crypto rx=0 tx=0 comp rx=0 tx=0).handle_hello peer v2:10.20.193.75:3300/0 says I am v2:10.20.193.75:57202/0 (socket says 10.20.193.75:57202)
2026-02-19T11:39:15.482 INFO:teuthology.orchestra.run.trial075.stdout:/usr/bin/ceph: stderr
2026-02-19T11:39:15.299+0000 7f4031779640 1 -- 10.20.193.75:0/445491566 learned_addr learned my addr 10.20.193.75:0/445491566 (peer_addr_for_me v2:10.20.193.75:0/0)
2026-02-19T11:39:15.482 INFO:teuthology.orchestra.run.trial075.stdout:/usr/bin/ceph: stderr
2026-02-19T11:39:15.300+0000 7f4031779640 1 -- 10.20.193.75:0/445491566 --> [v2:10.20.193.75:3300/0,v1:10.20.193.75:6789/0] -- mon_subscribe({config=0+,monmap=0+}) -- 0x7f402c06d610 con 0x7f402c06cb50
2026-02-19T11:39:15.482 INFO:teuthology.orchestra.run.trial075.stdout:/usr/bin/ceph: stderr
2026-02-19T11:39:15.300+0000 7f4031779640 1 --2- 10.20.193.75:0/445491566 >> [v2:10.20.193.75:3300/0,v1:10.20.193.75:6789/0] conn(0x7f402c06cb50 0x7f402c06cf50 secure :-1 s=READY pgs=41 cs=0 l=1 rev1=1 crypto rx=0x7f401c009920 tx=0x7f401c02ef20 comp rx=0 tx=0).ready entity=mon.0 client_cookie=8c9a51589c3e28d9 server_cookie=0 in_seq=0 out_seq=0
2026-02-19T11:39:15.482 INFO:teuthology.orchestra.run.trial075.stdout:/usr/bin/ceph: stderr
2026-02-19T11:39:15.300+0000 7f401bfff640 1 -- 10.20.193.75:0/445491566 <== mon.0 v2:10.20.193.75:3300/0 1 ==== mon_map magic: 0 ==== 205+0+0 (secure 0 0 0) 0x7f401c03c070 con 0x7f402c06cb50
2026-02-19T11:39:15.482 INFO:teuthology.orchestra.run.trial075.stdout:/usr/bin/ceph: stderr
2026-02-19T11:39:15.301+0000 7f401bfff640 1 -- 10.20.193.75:0/445491566 <== mon.0 v2:10.20.193.75:3300/0 2 ==== config(26 keys) ==== 1045+0+0 (secure 0 0 0) 0x7f401c037440 con 0x7f402c06cb50
2026-02-19T11:39:15.482 INFO:teuthology.orchestra.run.trial075.stdout:/usr/bin/ceph: stderr
2026-02-19T11:39:15.301+0000 7f401bfff640 1 -- 10.20.193.75:0/445491566 <== mon.0 v2:10.20.193.75:3300/0 3 ==== mon_map magic: 0 ==== 205+0+0 (secure 0 0 0) 0x7f401c0354b0 con 0x7f402c06cb50
2026-02-19T11:39:15.482 INFO:teuthology.orchestra.run.trial075.stdout:/usr/bin/ceph: stderr
2026-02-19T11:39:15.301+0000 7f4033a04640 1 -- 10.20.193.75:0/445491566 >> [v2:10.20.193.75:3300/0,v1:10.20.193.75:6789/0] conn(0x7f402c06cb50 msgr2=0x7f402c06cf50 secure :-1 s=STATE_CONNECTION_ESTABLISHED l=1).mark_down
2026-02-19T11:39:15.482 INFO:teuthology.orchestra.run.trial075.stdout:/usr/bin/ceph: stderr
2026-02-19T11:39:15.301+0000 7f4033a04640 1 --2- 10.20.193.75:0/445491566 >> [v2:10.20.193.75:3300/0,v1:10.20.193.75:6789/0] conn(0x7f402c06cb50 0x7f402c06cf50 secure :-1 s=READY pgs=41 cs=0 l=1 rev1=1 crypto rx=0x7f401c009920 tx=0x7f401c02ef20 comp rx=0 tx=0).stop
2026-02-19T11:39:15.482 INFO:teuthology.orchestra.run.trial075.stdout:/usr/bin/ceph: stderr
2026-02-19T11:39:15.301+0000 7f4033a04640 1 -- 10.20.193.75:0/445491566 shutdown_connections
2026-02-19T11:39:15.482 INFO:teuthology.orchestra.run.trial075.stdout:/usr/bin/ceph: stderr
2026-02-19T11:39:15.301+0000 7f4033a04640 1 --2- 10.20.193.75:0/445491566 >> [v2:10.20.193.75:3300/0,v1:10.20.193.75:6789/0] conn(0x7f402c06cb50 0x7f402c06cf50 unknown :-1 s=CLOSED pgs=41 cs=0 l=1 rev1=1 crypto rx=0 tx=0 comp rx=0 tx=0).stop
2026-02-19T11:39:15.482 INFO:teuthology.orchestra.run.trial075.stdout:/usr/bin/ceph: stderr
2026-02-19T11:39:15.301+0000 7f4033a04640 1 -- 10.20.193.75:0/445491566 >> 10.20.193.75:0/445491566 conn(0x7f402c06f790 msgr2=0x7f402c071bf0 unknown :-1 s=STATE_NONE l=0).mark_down
2026-02-19T11:39:15.482 INFO:teuthology.orchestra.run.trial075.stdout:/usr/bin/ceph: stderr
2026-02-19T11:39:15.301+0000 7f4033a04640 1 -- 10.20.193.75:0/445491566 shutdown_connections
2026-02-19T11:39:15.483 INFO:teuthology.orchestra.run.trial075.stdout:/usr/bin/ceph: stderr
2026-02-19T11:39:15.301+0000 7f4033a04640 1 -- 10.20.193.75:0/445491566 wait complete.
2026-02-19T11:39:15.483 INFO:teuthology.orchestra.run.trial075.stdout:/usr/bin/ceph: stderr
2026-02-19T11:39:15.302+0000 7f4033a04640 1 Processor -- start
2026-02-19T11:39:15.483 INFO:teuthology.orchestra.run.trial075.stdout:/usr/bin/ceph: stderr
2026-02-19T11:39:15.302+0000 7f4033a04640 1 -- start start
2026-02-19T11:39:15.483 INFO:teuthology.orchestra.run.trial075.stdout:/usr/bin/ceph: stderr
2026-02-19T11:39:15.302+0000 7f4033a04640 1 --2- >> [v2:10.20.193.75:3300/0,v1:10.20.193.75:6789/0] conn(0x7f402c06cb50 0x7f402c1ad230 unknown :-1 s=NONE pgs=0 cs=0 l=1 rev1=0 crypto rx=0 tx=0 comp rx=0 tx=0).connect
2026-02-19T11:39:15.483 INFO:teuthology.orchestra.run.trial075.stdout:/usr/bin/ceph: stderr
2026-02-19T11:39:15.302+0000 7f4033a04640 1 -- --> [v2:10.20.193.75:3300/0,v1:10.20.193.75:6789/0] -- mon_getmap magic: 0 -- 0x7f402c074510 con 0x7f402c06cb50
2026-02-19T11:39:15.483 INFO:teuthology.orchestra.run.trial075.stdout:/usr/bin/ceph: stderr
2026-02-19T11:39:15.302+0000 7f4031779640 1 --2- >> [v2:10.20.193.75:3300/0,v1:10.20.193.75:6789/0] conn(0x7f402c06cb50 0x7f402c1ad230 unknown :-1 s=BANNER_CONNECTING pgs=0 cs=0 l=1 rev1=0 crypto rx=0 tx=0 comp rx=0 tx=0)._handle_peer_banner_payload supported=3 required=0
2026-02-19T11:39:15.483 INFO:teuthology.orchestra.run.trial075.stdout:/usr/bin/ceph: stderr
2026-02-19T11:39:15.303+0000 7f4031779640 1 --2- >> [v2:10.20.193.75:3300/0,v1:10.20.193.75:6789/0] conn(0x7f402c06cb50 0x7f402c1ad230 unknown :-1 s=HELLO_CONNECTING pgs=0 cs=0 l=1 rev1=1 crypto rx=0 tx=0 comp rx=0 tx=0).handle_hello peer v2:10.20.193.75:3300/0 says I am v2:10.20.193.75:57218/0 (socket says 10.20.193.75:57218)
2026-02-19T11:39:15.483 INFO:teuthology.orchestra.run.trial075.stdout:/usr/bin/ceph: stderr
2026-02-19T11:39:15.303+0000 7f4031779640 1 -- 10.20.193.75:0/3664781120 learned_addr learned my addr 10.20.193.75:0/3664781120 (peer_addr_for_me v2:10.20.193.75:0/0)
2026-02-19T11:39:15.483 INFO:teuthology.orchestra.run.trial075.stdout:/usr/bin/ceph: stderr
2026-02-19T11:39:15.303+0000 7f4031779640 1 -- 10.20.193.75:0/3664781120 --> [v2:10.20.193.75:3300/0,v1:10.20.193.75:6789/0] -- mon_subscribe({config=0+,monmap=0+}) -- 0x7f402c1ad770 con 0x7f402c06cb50
2026-02-19T11:39:15.483 INFO:teuthology.orchestra.run.trial075.stdout:/usr/bin/ceph: stderr
