2026-02-19T11:37:21.575+0000 7fd050d7f700 1 --2- 10.20.193.68:0/3982680482 >> [v2:10.20.193.68:6800/2,v1:10.20.193.68:6801/2] conn(0x7fd0380381e0 0x7fd03803a6a0 unknown :-1 s=BANNER_CONNECTING pgs=0 cs=0 l=1 rev1=0 crypto rx=0 tx=0 comp rx=0 tx=0)._handle_peer_banner_payload supported=3 required=0
2026-02-19T11:37:21.711 INFO:teuthology.orchestra.run.trial068.stdout:/usr/bin/ceph: stderr
2026-02-19T11:37:21.575+0000 7fd050d7f700 1 --2- 10.20.193.68:0/3982680482 >> [v2:10.20.193.68:6800/2,v1:10.20.193.68:6801/2] conn(0x7fd0380381e0 0x7fd03803a6a0 secure :-1 s=READY pgs=7 cs=0 l=1 rev1=1 crypto rx=0x7fd03c006fd0 tx=0x7fd03c006e40 comp rx=0 tx=0).ready entity=mgr.14120 client_cookie=0 server_cookie=0 in_seq=0 out_seq=0
2026-02-19T11:37:21.711 INFO:teuthology.orchestra.run.trial068.stdout:/usr/bin/ceph: stderr
2026-02-19T11:37:21.577+0000 7fd0427fc700 1 -- 10.20.193.68:0/3982680482 <== mon.0 v2:10.20.193.68:3300/0 6 ==== mon_command_ack([{"prefix": "get_command_descriptions"}]=0 v0) v1 ==== 72+0+180422 (secure 0 0 0) 0x7fd048018740 con 0x7fd04c108960
2026-02-19T11:37:21.711 INFO:teuthology.orchestra.run.trial068.stdout:/usr/bin/ceph: stderr
2026-02-19T11:37:21.676+0000 7fd0537e4700 1 -- 10.20.193.68:0/3982680482 --> [v2:10.20.193.68:6800/2,v1:10.20.193.68:6801/2] -- mgr_command(tid 0: {"prefix": "orch set backend", "module_name": "cephadm", "target": ["mon-mgr", ""]}) v1 -- 0x7fd04c1073c0 con 0x7fd0380381e0
2026-02-19T11:37:21.711 INFO:teuthology.orchestra.run.trial068.stdout:/usr/bin/ceph: stderr
2026-02-19T11:37:21.680+0000 7fd0427fc700 1 -- 10.20.193.68:0/3982680482 <== mgr.14120 v2:10.20.193.68:6800/2 1 ==== mgr_command_reply(tid 0: 0 ) v1 ==== 8+0+0 (secure 0 0 0) 0x7fd04c1073c0 con 0x7fd0380381e0
2026-02-19T11:37:21.711 INFO:teuthology.orchestra.run.trial068.stdout:/usr/bin/ceph: stderr
2026-02-19T11:37:21.680+0000 7fd0537e4700 1 -- 10.20.193.68:0/3982680482 >> [v2:10.20.193.68:6800/2,v1:10.20.193.68:6801/2] conn(0x7fd0380381e0 msgr2=0x7fd03803a6a0 secure :-1 s=STATE_CONNECTION_ESTABLISHED l=1).mark_down
2026-02-19T11:37:21.711 INFO:teuthology.orchestra.run.trial068.stdout:/usr/bin/ceph: stderr
2026-02-19T11:37:21.680+0000 7fd0537e4700 1 --2- 10.20.193.68:0/3982680482 >> [v2:10.20.193.68:6800/2,v1:10.20.193.68:6801/2] conn(0x7fd0380381e0 0x7fd03803a6a0 secure :-1 s=READY pgs=7 cs=0 l=1 rev1=1 crypto rx=0x7fd03c006fd0 tx=0x7fd03c006e40 comp rx=0 tx=0).stop
2026-02-19T11:37:21.711 INFO:teuthology.orchestra.run.trial068.stdout:/usr/bin/ceph: stderr
2026-02-19T11:37:21.680+0000 7fd0537e4700 1 -- 10.20.193.68:0/3982680482 >> [v2:10.20.193.68:3300/0,v1:10.20.193.68:6789/0] conn(0x7fd04c108960 msgr2=0x7fd04c19c750 secure :-1 s=STATE_CONNECTION_ESTABLISHED l=1).mark_down
2026-02-19T11:37:21.711 INFO:teuthology.orchestra.run.trial068.stdout:/usr/bin/ceph: stderr
2026-02-19T11:37:21.680+0000 7fd0537e4700 1 --2- 10.20.193.68:0/3982680482 >> [v2:10.20.193.68:3300/0,v1:10.20.193.68:6789/0] conn(0x7fd04c108960 0x7fd04c19c750 secure :-1 s=READY pgs=38 cs=0 l=1 rev1=1 crypto rx=0x7fd048003ca0 tx=0x7fd048003d80 comp rx=0 tx=0).stop
2026-02-19T11:37:21.711 INFO:teuthology.orchestra.run.trial068.stdout:/usr/bin/ceph: stderr
2026-02-19T11:37:21.680+0000 7fd0537e4700 1 -- 10.20.193.68:0/3982680482 shutdown_connections
2026-02-19T11:37:21.711 INFO:teuthology.orchestra.run.trial068.stdout:/usr/bin/ceph: stderr
2026-02-19T11:37:21.680+0000 7fd0537e4700 1 --2- 10.20.193.68:0/3982680482 >> [v2:10.20.193.68:6800/2,v1:10.20.193.68:6801/2] conn(0x7fd0380381e0 0x7fd03803a6a0 unknown :-1 s=CLOSED pgs=7 cs=0 l=1 rev1=1 crypto rx=0 tx=0 comp rx=0 tx=0).stop
2026-02-19T11:37:21.711 INFO:teuthology.orchestra.run.trial068.stdout:/usr/bin/ceph: stderr
2026-02-19T11:37:21.680+0000 7fd0537e4700 1 --2- 10.20.193.68:0/3982680482 >> [v2:10.20.193.68:3300/0,v1:10.20.193.68:6789/0] conn(0x7fd04c108960 0x7fd04c19c750 unknown :-1 s=CLOSED pgs=38 cs=0 l=1 rev1=1 crypto rx=0 tx=0 comp rx=0 tx=0).stop
2026-02-19T11:37:21.711 INFO:teuthology.orchestra.run.trial068.stdout:/usr/bin/ceph: stderr
2026-02-19T11:37:21.680+0000 7fd0537e4700 1 -- 10.20.193.68:0/3982680482 >> 10.20.193.68:0/3982680482 conn(0x7fd04c07bde0 msgr2=0x7fd04c1067a0 unknown :-1 s=STATE_NONE l=0).mark_down
2026-02-19T11:37:21.711 INFO:teuthology.orchestra.run.trial068.stdout:/usr/bin/ceph: stderr
2026-02-19T11:37:21.680+0000 7fd0537e4700 1 -- 10.20.193.68:0/3982680482 shutdown_connections
2026-02-19T11:37:21.711 INFO:teuthology.orchestra.run.trial068.stdout:/usr/bin/ceph: stderr
2026-02-19T11:37:21.680+0000 7fd0537e4700 1 -- 10.20.193.68:0/3982680482 wait complete.
2026-02-19T11:37:21.943 INFO:teuthology.orchestra.run.trial068.stdout:/usr/bin/ceph: stdout value unchanged
2026-02-19T11:37:21.943 INFO:teuthology.orchestra.run.trial068.stdout:/usr/bin/ceph: stderr
2026-02-19T11:37:21.813+0000 7f1a61f58700 1 Processor -- start
2026-02-19T11:37:21.943 INFO:teuthology.orchestra.run.trial068.stdout:/usr/bin/ceph: stderr
2026-02-19T11:37:21.813+0000 7f1a61f58700 1 -- start start
2026-02-19T11:37:21.944 INFO:teuthology.orchestra.run.trial068.stdout:/usr/bin/ceph: stderr
2026-02-19T11:37:21.813+0000 7f1a61f58700 1 --2- >> [v2:10.20.193.68:3300/0,v1:10.20.193.68:6789/0] conn(0x7f1a5c108980 0x7f1a5c108da0 unknown :-1 s=NONE pgs=0 cs=0 l=0 rev1=0 crypto rx=0 tx=0 comp rx=0 tx=0).connect
2026-02-19T11:37:21.944 INFO:teuthology.orchestra.run.trial068.stdout:/usr/bin/ceph: stderr
2026-02-19T11:37:21.813+0000 7f1a61f58700 1 -- --> [v2:10.20.193.68:3300/0,v1:10.20.193.68:6789/0] -- mon_getmap magic: 0 v1 -- 0x7f1a5c109370 con 0x7f1a5c108980
2026-02-19T11:37:21.944 INFO:teuthology.orchestra.run.trial068.stdout:/usr/bin/ceph: stderr
2026-02-19T11:37:21.813+0000 7f1a5b7fe700 1 --2- >> [v2:10.20.193.68:3300/0,v1:10.20.193.68:6789/0] conn(0x7f1a5c108980 0x7f1a5c108da0 unknown :-1 s=BANNER_CONNECTING pgs=0 cs=0 l=0 rev1=0 crypto rx=0 tx=0 comp rx=0 tx=0)._handle_peer_banner_payload supported=3 required=0
2026-02-19T11:37:21.944 INFO:teuthology.orchestra.run.trial068.stdout:/usr/bin/ceph: stderr
2026-02-19T11:37:21.813+0000 7f1a5b7fe700 1 --2- >> [v2:10.20.193.68:3300/0,v1:10.20.193.68:6789/0] conn(0x7f1a5c108980 0x7f1a5c108da0 unknown :-1 s=HELLO_CONNECTING pgs=0 cs=0 l=0 rev1=1 crypto rx=0 tx=0 comp rx=0 tx=0).handle_hello peer v2:10.20.193.68:3300/0 says I am v2:10.20.193.68:55694/0 (socket says 10.20.193.68:55694)
2026-02-19T11:37:21.944 INFO:teuthology.orchestra.run.trial068.stdout:/usr/bin/ceph: stderr
2026-02-19T11:37:21.813+0000 7f1a5b7fe700 1 -- 10.20.193.68:0/1273357337 learned_addr learned my addr 10.20.193.68:0/1273357337 (peer_addr_for_me v2:10.20.193.68:0/0)
2026-02-19T11:37:21.944 INFO:teuthology.orchestra.run.trial068.stdout:/usr/bin/ceph: stderr
2026-02-19T11:37:21.813+0000 7f1a5b7fe700 1 -- 10.20.193.68:0/1273357337 --> [v2:10.20.193.68:3300/0,v1:10.20.193.68:6789/0] -- mon_subscribe({config=0+,monmap=0+}) v3 -- 0x7f1a5c109b80 con 0x7f1a5c108980
2026-02-19T11:37:21.944 INFO:teuthology.orchestra.run.trial068.stdout:/usr/bin/ceph: stderr
2026-02-19T11:37:21.814+0000 7f1a5b7fe700 1 --2- 10.20.193.68:0/1273357337 >> [v2:10.20.193.68:3300/0,v1:10.20.193.68:6789/0] conn(0x7f1a5c108980 0x7f1a5c108da0 secure :-1 s=READY pgs=39 cs=0 l=1 rev1=1 crypto rx=0x7f1a4c009a60 tx=0x7f1a4c009d70 comp rx=0 tx=0).ready entity=mon.0 client_cookie=cf650c28287160c9 server_cookie=0 in_seq=0 out_seq=0
2026-02-19T11:37:21.944 INFO:teuthology.orchestra.run.trial068.stdout:/usr/bin/ceph: stderr
2026-02-19T11:37:21.814+0000 7f1a5a7fc700 1 -- 10.20.193.68:0/1273357337 <== mon.0 v2:10.20.193.68:3300/0 1 ==== mon_map magic: 0 v1 ==== 226+0+0 (secure 0 0 0) 0x7f1a4c005c30 con 0x7f1a5c108980
2026-02-19T11:37:21.944 INFO:teuthology.orchestra.run.trial068.stdout:/usr/bin/ceph: stderr
2026-02-19T11:37:21.814+0000 7f1a5a7fc700 1 -- 10.20.193.68:0/1273357337 <== mon.0 v2:10.20.193.68:3300/0 2 ==== config(28 keys) v1 ==== 1073+0+0 (secure 0 0 0) 0x7f1a4c0044d0 con 0x7f1a5c108980
2026-02-19T11:37:21.944 INFO:teuthology.orchestra.run.trial068.stdout:/usr/bin/ceph: stderr
2026-02-19T11:37:21.814+0000 7f1a5a7fc700 1 -- 10.20.193.68:0/1273357337 <== mon.0 v2:10.20.193.68:3300/0 3 ==== mon_map magic: 0 v1 ==== 226+0+0 (secure 0 0 0) 0x7f1a4c00b780 con 0x7f1a5c108980
2026-02-19T11:37:21.944 INFO:teuthology.orchestra.run.trial068.stdout:/usr/bin/ceph: stderr
2026-02-19T11:37:21.814+0000 7f1a61f58700 1 -- 10.20.193.68:0/1273357337 >> [v2:10.20.193.68:3300/0,v1:10.20.193.68:6789/0] conn(0x7f1a5c108980 msgr2=0x7f1a5c108da0 secure :-1 s=STATE_CONNECTION_ESTABLISHED l=1).mark_down
2026-02-19T11:37:21.944 INFO:teuthology.orchestra.run.trial068.stdout:/usr/bin/ceph: stderr
2026-02-19T11:37:21.814+0000 7f1a61f58700 1 --2- 10.20.193.68:0/1273357337 >> [v2:10.20.193.68:3300/0,v1:10.20.193.68:6789/0] conn(0x7f1a5c108980 0x7f1a5c108da0 secure :-1 s=READY pgs=39 cs=0 l=1 rev1=1 crypto rx=0x7f1a4c009a60 tx=0x7f1a4c009d70 comp rx=0 tx=0).stop
2026-02-19T11:37:21.944 INFO:teuthology.orchestra.run.trial068.stdout:/usr/bin/ceph: stderr
2026-02-19T11:37:21.814+0000 7f1a61f58700 1 -- 10.20.193.68:0/1273357337 shutdown_connections
2026-02-19T11:37:21.944 INFO:teuthology.orchestra.run.trial068.stdout:/usr/bin/ceph: stderr
2026-02-19T11:37:21.814+0000 7f1a61f58700 1 --2- 10.20.193.68:0/1273357337 >> [v2:10.20.193.68:3300/0,v1:10.20.193.68:6789/0] conn(0x7f1a5c108980 0x7f1a5c108da0 unknown :-1 s=CLOSED pgs=39 cs=0 l=1 rev1=1 crypto rx=0 tx=0 comp rx=0 tx=0).stop
2026-02-19T11:37:21.944 INFO:teuthology.orchestra.run.trial068.stdout:/usr/bin/ceph: stderr
2026-02-19T11:37:21.814+0000 7f1a61f58700 1 -- 10.20.193.68:0/1273357337 >> 10.20.193.68:0/1273357337 conn(0x7f1a5c103f00 msgr2=0x7f1a5c106360 unknown :-1 s=STATE_NONE l=0).mark_down
2026-02-19T11:37:21.944 INFO:teuthology.orchestra.run.trial068.stdout:/usr/bin/ceph: stderr
2026-02-19T11:37:21.814+0000 7f1a61f58700 1 -- 10.20.193.68:0/1273357337 shutdown_connections
2026-02-19T11:37:21.944 INFO:teuthology.orchestra.run.trial068.stdout:/usr/bin/ceph: stderr
2026-02-19T11:37:21.814+0000 7f1a61f58700 1 -- 10.20.193.68:0/1273357337 wait complete.
2026-02-19T11:37:21.944 INFO:teuthology.orchestra.run.trial068.stdout:/usr/bin/ceph: stderr
2026-02-19T11:37:21.815+0000 7f1a61f58700 1 Processor -- start
2026-02-19T11:37:21.944 INFO:teuthology.orchestra.run.trial068.stdout:/usr/bin/ceph: stderr
2026-02-19T11:37:21.815+0000 7f1a61f58700 1 -- start start
2026-02-19T11:37:21.944 INFO:teuthology.orchestra.run.trial068.stdout:/usr/bin/ceph: stderr
2026-02-19T11:37:21.815+0000 7f1a61f58700 1 --2- >> [v2:10.20.193.68:3300/0,v1:10.20.193.68:6789/0] conn(0x7f1a5c108980 0x7f1a5c19c7e0 unknown :-1 s=NONE pgs=0 cs=0 l=1 rev1=0 crypto rx=0 tx=0 comp rx=0 tx=0).connect
2026-02-19T11:37:21.944 INFO:teuthology.orchestra.run.trial068.stdout:/usr/bin/ceph: stderr
2026-02-19T11:37:21.815+0000 7f1a61f58700 1 -- --> [v2:10.20.193.68:3300/0,v1:10.20.193.68:6789/0] -- mon_getmap magic: 0 v1 -- 0x7f1a5c19cd20 con 0x7f1a5c108980
2026-02-19T11:37:21.944 INFO:teuthology.orchestra.run.trial068.stdout:/usr/bin/ceph: stderr
2026-02-19T11:37:21.815+0000 7f1a5b7fe700 1 --2- >> [v2:10.20.193.68:3300/0,v1:10.20.193.68:6789/0] conn(0x7f1a5c108980 0x7f1a5c19c7e0 unknown :-1 s=BANNER_CONNECTING pgs=0 cs=0 l=1 rev1=0 crypto rx=0 tx=0 comp rx=0 tx=0)._handle_peer_banner_payload supported=3 required=0
2026-02-19T11:37:21.944 INFO:teuthology.orchestra.run.trial068.stdout:/usr/bin/ceph: stderr
2026-02-19T11:37:21.815+0000 7f1a5b7fe700 1 --2- >> [v2:10.20.193.68:3300/0,v1:10.20.193.68:6789/0] conn(0x7f1a5c108980 0x7f1a5c19c7e0 unknown :-1 s=HELLO_CONNECTING pgs=0 cs=0 l=1 rev1=1 crypto rx=0 tx=0 comp rx=0 tx=0).handle_hello peer v2:10.20.193.68:3300/0 says I am v2:10.20.193.68:55708/0 (socket says 10.20.193.68:55708)
2026-02-19T11:37:21.944 INFO:teuthology.orchestra.run.trial068.stdout:/usr/bin/ceph: stderr
2026-02-19T11:37:21.815+0000 7f1a5b7fe700 1 -- 10.20.193.68:0/175945980 learned_addr learned my addr 10.20.193.68:0/175945980 (peer_addr_for_me v2:10.20.193.68:0/0)
2026-02-19T11:37:21.944 INFO:teuthology.orchestra.run.trial068.stdout:/usr/bin/ceph: stderr
2026-02-19T11:37:21.815+0000 7f1a5b7fe700 1 -- 10.20.193.68:0/175945980 --> [v2:10.20.193.68:3300/0,v1:10.20.193.68:6789/0] -- mon_subscribe({config=0+,monmap=0+}) v3 -- 0x7f1a4c0096f0 con 0x7f1a5c108980
2026-02-19T11:37:21.944 INFO:teuthology.orchestra.run.trial068.stdout:/usr/bin/ceph: stderr
2026-02-19T11:37:21.815+0000 7f1a5b7fe700 1 --2- 10.20.193.68:0/175945980 >> [v2:10.20.193.68:3300/0,v1:10.20.193.68:6789/0] conn(0x7f1a5c108980 0x7f1a5c19c7e0 secure :-1 s=READY pgs=40 cs=0 l=1 rev1=1 crypto rx=0x7f1a4c003c30 tx=0x7f1a4c005f10 comp rx=0 tx=0).ready entity=mon.0 client_cookie=0 server_cookie=0 in_seq=0 out_seq=0
2026-02-19T11:37:21.944 INFO:teuthology.orchestra.run.trial068.stdout:/usr/bin/ceph: stderr
2026-02-19T11:37:21.815+0000 7f1a58ff9700 1 -- 10.20.193.68:0/175945980 <== mon.0 v2:10.20.193.68:3300/0 1 ==== mon_map magic: 0 v1 ==== 226+0+0 (secure 0 0 0) 0x7f1a4c00bc50 con 0x7f1a5c108980
2026-02-19T11:37:21.944 INFO:teuthology.orchestra.run.trial068.stdout:/usr/bin/ceph: stderr
2026-02-19T11:37:21.815+0000 7f1a61f58700 1 -- 10.20.193.68:0/175945980 --> [v2:10.20.193.68:3300/0,v1:10.20.193.68:6789/0] -- mon_subscribe({mgrmap=0+}) v3 -- 0x7f1a5c19cf20 con 0x7f1a5c108980
2026-02-19T11:37:21.944 INFO:teuthology.orchestra.run.trial068.stdout:/usr/bin/ceph: stderr
2026-02-19T11:37:21.815+0000 7f1a58ff9700 1 -- 10.20.193.68:0/175945980 <== mon.0 v2:10.20.193.68:3300/0 2 ==== config(28 keys) v1 ==== 1073+0+0 (secure 0 0 0) 0x7f1a4c004360 con 0x7f1a5c108980
2026-02-19T11:37:21.944 INFO:teuthology.orchestra.run.trial068.stdout:/usr/bin/ceph: stderr
2026-02-19T11:37:21.815+0000 7f1a58ff9700 1 -- 10.20.193.68:0/175945980 <== mon.0 v2:10.20.193.68:3300/0 3 ==== mon_map magic: 0 v1 ==== 226+0+0 (secure 0 0 0) 0x7f1a4c006740 con 0x7f1a5c108980
2026-02-19T11:37:21.944 INFO:teuthology.orchestra.run.trial068.stdout:/usr/bin/ceph: stderr
2026-02-19T11:37:21.815+0000 7f1a61f58700 1 -- 10.20.193.68:0/175945980 --> [v2:10.20.193.68:3300/0,v1:10.20.193.68:6789/0] -- mon_subscribe({osdmap=0}) v3 -- 0x7f1a5c19d340 con 0x7f1a5c108980
2026-02-19T11:37:21.944 INFO:teuthology.orchestra.run.trial068.stdout:/usr/bin/ceph: stderr
2026-02-19T11:37:21.816+0000 7f1a61f58700 1 -- 10.20.193.68:0/175945980 --> [v2:10.20.193.68:3300/0,v1:10.20.193.68:6789/0] -- mon_command({"prefix": "get_command_descriptions"} v 0) v1 -- 0x7f1a5c04fa20 con 0x7f1a5c108980
2026-02-19T11:37:21.944 INFO:teuthology.orchestra.run.trial068.stdout:/usr/bin/ceph: stderr
2026-02-19T11:37:21.816+0000 7f1a58ff9700 1 -- 10.20.193.68:0/175945980 <== mon.0 v2:10.20.193.68:3300/0 4 ==== mgrmap(e 7) v1 ==== 45176+0+0 (secure 0 0 0) 0x7f1a4c018040 con 0x7f1a5c108980
2026-02-19T11:37:21.944 INFO:teuthology.orchestra.run.trial068.stdout:/usr/bin/ceph: stderr
2026-02-19T11:37:21.816+0000 7f1a58ff9700 1 --2- 10.20.193.68:0/175945980 >> [v2:10.20.193.68:6800/2,v1:10.20.193.68:6801/2] conn(0x7f1a440381e0 0x7f1a4403a6a0 unknown :-1 s=NONE pgs=0 cs=0 l=1 rev1=0 crypto rx=0 tx=0 comp rx=0 tx=0).connect
2026-02-19T11:37:21.944 INFO:teuthology.orchestra.run.trial068.stdout:/usr/bin/ceph: stderr
2026-02-19T11:37:21.816+0000 7f1a58ff9700 1 -- 10.20.193.68:0/175945980 <== mon.0 v2:10.20.193.68:3300/0 5 ==== osd_map(2..2 src has 1..2) v4 ==== 940+0+0 (secure 0 0 0) 0x7f1a4c04b1e0 con 0x7f1a5c108980
2026-02-19T11:37:21.945 INFO:teuthology.orchestra.run.trial068.stdout:/usr/bin/ceph: stderr
2026-02-19T11:37:21.816+0000 7f1a5affd700 1 --2- 10.20.193.68:0/175945980 >> [v2:10.20.193.68:6800/2,v1:10.20.193.68:6801/2] conn(0x7f1a440381e0 0x7f1a4403a6a0 unknown :-1 s=BANNER_CONNECTING pgs=0 cs=0 l=1 rev1=0 crypto rx=0 tx=0 comp rx=0 tx=0)._handle_peer_banner_payload supported=3 required=0
2026-02-19T11:37:21.945 INFO:teuthology.orchestra.run.trial068.stdout:/usr/bin/ceph: stderr
2026-02-19T11:37:21.816+0000 7f1a5affd700 1 --2- 10.20.193.68:0/175945980 >> [v2:10.20.193.68:6800/2,v1:10.20.193.68:6801/2] conn(0x7f1a440381e0 0x7f1a4403a6a0 secure :-1 s=READY pgs=8 cs=0 l=1 rev1=1 crypto rx=0x7f1a50006fd0 tx=0x7f1a50006e40 comp rx=0 tx=0).ready entity=mgr.14120 client_cookie=0 server_cookie=0 in_seq=0 out_seq=0
2026-02-19T11:37:21.945 INFO:teuthology.orchestra.run.trial068.stdout:/usr/bin/ceph: stderr
2026-02-19T11:37:21.819+0000 7f1a58ff9700 1 -- 10.20.193.68:0/175945980 <== mon.0 v2:10.20.193.68:3300/0 6 ==== mon_command_ack([{"prefix": "get_command_descriptions"}]=0 v0) v1 ==== 72+0+180422 (secure 0 0 0) 0x7f1a4c019960 con 0x7f1a5c108980
2026-02-19T11:37:21.945 INFO:teuthology.orchestra.run.trial068.stdout:/usr/bin/ceph: stderr
2026-02-19T11:37:21.913+0000 7f1a61f58700 1 -- 10.20.193.68:0/175945980 --> [v2:10.20.193.68:6800/2,v1:10.20.193.68:6801/2] -- mgr_command(tid 0: {"prefix": "cephadm set-user", "user": "root", "target": ["mon-mgr", ""]}) v1 -- 0x7f1a5c106230 con 0x7f1a440381e0
2026-02-19T11:37:21.945 INFO:teuthology.orchestra.run.trial068.stdout:/usr/bin/ceph: stderr
2026-02-19T11:37:21.913+0000 7f1a58ff9700 1 -- 10.20.193.68:0/175945980 <== mgr.14120 v2:10.20.193.68:6800/2 1 ==== mgr_command_reply(tid 0: 0 ) v1 ==== 8+0+16 (secure 0 0 0) 0x7f1a5c106230 con 0x7f1a440381e0
2026-02-19T11:37:21.945 INFO:teuthology.orchestra.run.trial068.stdout:/usr/bin/ceph: stderr
2026-02-19T11:37:21.914+0000 7f1a61f58700 1 -- 10.20.193.68:0/175945980 >> [v2:10.20.193.68:6800/2,v1:10.20.193.68:6801/2] conn(0x7f1a440381e0 msgr2=0x7f1a4403a6a0 secure :-1 s=STATE_CONNECTION_ESTABLISHED l=1).mark_down
2026-02-19T11:37:21.945 INFO:teuthology.orchestra.run.trial068.stdout:/usr/bin/ceph: stderr
2026-02-19T11:37:21.914+0000 7f1a61f58700 1 --2- 10.20.193.68:0/175945980 >> [v2:10.20.193.68:6800/2,v1:10.20.193.68:6801/2] conn(0x7f1a440381e0 0x7f1a4403a6a0 secure :-1 s=READY pgs=8 cs=0 l=1 rev1=1 crypto rx=0x7f1a50006fd0 tx=0x7f1a50006e40 comp rx=0 tx=0).stop
2026-02-19T11:37:21.945 INFO:teuthology.orchestra.run.trial068.stdout:/usr/bin/ceph: stderr
2026-02-19T11:37:21.914+0000 7f1a61f58700 1 -- 10.20.193.68:0/175945980 >> [v2:10.20.193.68:3300/0,v1:10.20.193.68:6789/0] conn(0x7f1a5c108980 msgr2=0x7f1a5c19c7e0 secure :-1 s=STATE_CONNECTION_ESTABLISHED l=1).mark_down
2026-02-19T11:37:21.945 INFO:teuthology.orchestra.run.trial068.stdout:/usr/bin/ceph: stderr
2026-02-19T11:37:21.914+0000 7f1a61f58700 1 --2- 10.20.193.68:0/175945980 >> [v2:10.20.193.68:3300/0,v1:10.20.193.68:6789/0] conn(0x7f1a5c108980 0x7f1a5c19c7e0 secure :-1 s=READY pgs=40 cs=0 l=1 rev1=1 crypto rx=0x7f1a4c003c30 tx=0x7f1a4c005f10 comp rx=0 tx=0).stop
2026-02-19T11:37:21.945 INFO:teuthology.orchestra.run.trial068.stdout:/usr/bin/ceph: stderr
2026-02-19T11:37:21.914+0000 7f1a61f58700 1 -- 10.20.193.68:0/175945980 shutdown_connections
2026-02-19T11:37:21.945 INFO:teuthology.orchestra.run.trial068.stdout:/usr/bin/ceph: stderr
2026-02-19T11:37:21.914+0000 7f1a61f58700 1 --2- 10.20.193.68:0/175945980 >> [v2:10.20.193.68:6800/2,v1:10.20.193.68:6801/2] conn(0x7f1a440381e0 0x7f1a4403a6a0 unknown :-1 s=CLOSED pgs=8 cs=0 l=1 rev1=1 crypto rx=0 tx=0 comp rx=0 tx=0).stop
2026-02-19T11:37:21.945 INFO:teuthology.orchestra.run.trial068.stdout:/usr/bin/ceph: stderr
2026-02-19T11:37:21.914+0000 7f1a61f58700 1 --2- 10.20.193.68:0/175945980 >> [v2:10.20.193.68:3300/0,v1:10.20.193.68:6789/0] conn(0x7f1a5c108980 0x7f1a5c19c7e0 unknown :-1 s=CLOSED pgs=40 cs=0 l=1 rev1=1 crypto rx=0 tx=0 comp rx=0 tx=0).stop
2026-02-19T11:37:21.945 INFO:teuthology.orchestra.run.trial068.stdout:/usr/bin/ceph: stderr
2026-02-19T11:37:21.914+0000 7f1a61f58700 1 -- 10.20.193.68:0/175945980 >> 10.20.193.68:0/175945980 conn(0x7f1a5c103f00 msgr2=0x7f1a5c1055d0 unknown :-1 s=STATE_NONE l=0).mark_down
2026-02-19T11:37:21.945 INFO:teuthology.orchestra.run.trial068.stdout:/usr/bin/ceph: stderr
2026-02-19T11:37:21.914+0000 7f1a61f58700 1 -- 10.20.193.68:0/175945980 shutdown_connections
2026-02-19T11:37:21.945 INFO:teuthology.orchestra.run.trial068.stdout:/usr/bin/ceph: stderr
2026-02-19T11:37:21.914+0000 7f1a61f58700 1 -- 10.20.193.68:0/175945980 wait complete.
2026-02-19T11:37:21.945 INFO:teuthology.orchestra.run.trial068.stdout:Generating ssh key...
2026-02-19T11:37:22.372 INFO:teuthology.orchestra.run.trial068.stdout:/usr/bin/ceph: stderr
2026-02-19T11:37:22.045+0000 7fc16cff3700 1 Processor -- start
2026-02-19T11:37:22.373 INFO:teuthology.orchestra.run.trial068.stdout:/usr/bin/ceph: stderr
2026-02-19T11:37:22.045+0000 7fc16cff3700 1 -- start start
2026-02-19T11:37:22.373 INFO:teuthology.orchestra.run.trial068.stdout:/usr/bin/ceph: stderr
2026-02-19T11:37:22.045+0000 7fc16cff3700 1 --2- >> [v2:10.20.193.68:3300/0,v1:10.20.193.68:6789/0] conn(0x7fc168108980 0x7fc168108da0 unknown :-1 s=NONE pgs=0 cs=0 l=0 rev1=0 crypto rx=0 tx=0 comp rx=0 tx=0).connect
2026-02-19T11:37:22.373 INFO:teuthology.orchestra.run.trial068.stdout:/usr/bin/ceph: stderr
2026-02-19T11:37:22.045+0000 7fc16cff3700 1 -- --> [v2:10.20.193.68:3300/0,v1:10.20.193.68:6789/0] -- mon_getmap magic: 0 v1 -- 0x7fc168109370 con 0x7fc168108980
2026-02-19T11:37:22.373 INFO:teuthology.orchestra.run.trial068.stdout:/usr/bin/ceph: stderr
2026-02-19T11:37:22.045+0000 7fc16659c700 1 --2- >> [v2:10.20.193.68:3300/0,v1:10.20.193.68:6789/0] conn(0x7fc168108980 0x7fc168108da0 unknown :-1 s=BANNER_CONNECTING pgs=0 cs=0 l=0 rev1=0 crypto rx=0 tx=0 comp rx=0 tx=0)._handle_peer_banner_payload supported=3 required=0
2026-02-19T11:37:22.373 INFO:teuthology.orchestra.run.trial068.stdout:/usr/bin/ceph: stderr
2026-02-19T11:37:22.045+0000 7fc16659c700 1 --2- >> [v2:10.20.193.68:3300/0,v1:10.20.193.68:6789/0] conn(0x7fc168108980 0x7fc168108da0 unknown :-1 s=HELLO_CONNECTING pgs=0 cs=0 l=0 rev1=1 crypto rx=0 tx=0 comp rx=0 tx=0).handle_hello peer v2:10.20.193.68:3300/0 says I am v2:10.20.193.68:55712/0 (socket says 10.20.193.68:55712)
2026-02-19T11:37:22.373 INFO:teuthology.orchestra.run.trial068.stdout:/usr/bin/ceph: stderr
2026-02-19T11:37:22.045+0000 7fc16659c700 1 -- 10.20.193.68:0/1057619122 learned_addr learned my addr 10.20.193.68:0/1057619122 (peer_addr_for_me v2:10.20.193.68:0/0)
2026-02-19T11:37:22.373 INFO:teuthology.orchestra.run.trial068.stdout:/usr/bin/ceph: stderr
2026-02-19T11:37:22.045+0000 7fc16659c700 1 -- 10.20.193.68:0/1057619122 --> [v2:10.20.193.68:3300/0,v1:10.20.193.68:6789/0] -- mon_subscribe({config=0+,monmap=0+}) v3 -- 0x7fc168109b80 con 0x7fc168108980
2026-02-19T11:37:22.373 INFO:teuthology.orchestra.run.trial068.stdout:/usr/bin/ceph: stderr
2026-02-19T11:37:22.045+0000 7fc16659c700 1 --2- 10.20.193.68:0/1057619122 >> [v2:10.20.193.68:3300/0,v1:10.20.193.68:6789/0] conn(0x7fc168108980 0x7fc168108da0 secure :-1 s=READY pgs=41 cs=0 l=1 rev1=1 crypto rx=0x7fc158009a60 tx=0x7fc158009d70 comp rx=0 tx=0).ready entity=mon.0 client_cookie=7d790a96b56a1d99 server_cookie=0 in_seq=0 out_seq=0
2026-02-19T11:37:22.373 INFO:teuthology.orchestra.run.trial068.stdout:/usr/bin/ceph: stderr
2026-02-19T11:37:22.045+0000 7fc165d9b700 1 -- 10.20.193.68:0/1057619122 <== mon.0 v2:10.20.193.68:3300/0 1 ==== mon_map magic: 0 v1 ==== 226+0+0 (secure 0 0 0) 0x7fc158005c30 con 0x7fc168108980
2026-02-19T11:37:22.373 INFO:teuthology.orchestra.run.trial068.stdout:/usr/bin/ceph: stderr
2026-02-19T11:37:22.045+0000 7fc165d9b700 1 -- 10.20.193.68:0/1057619122 <== mon.0 v2:10.20.193.68:3300/0 2 ==== config(28 keys) v1 ==== 1073+0+0 (secure 0 0 0) 0x7fc1580044d0 con 0x7fc168108980
2026-02-19T11:37:22.373 INFO:teuthology.orchestra.run.trial068.stdout:/usr/bin/ceph: stderr
2026-02-19T11:37:22.045+0000 7fc165d9b700 1 -- 10.20.193.68:0/1057619122 <== mon.0 v2:10.20.193.68:3300/0 3 ==== mon_map magic: 0 v1 ==== 226+0+0 (secure 0 0 0) 0x7fc15800b780 con 0x7fc168108980
2026-02-19T11:37:22.373 INFO:teuthology.orchestra.run.trial068.stdout:/usr/bin/ceph: stderr
2026-02-19T11:37:22.046+0000 7fc16cff3700 1 -- 10.20.193.68:0/1057619122 >> [v2:10.20.193.68:3300/0,v1:10.20.193.68:6789/0] conn(0x7fc168108980 msgr2=0x7fc168108da0 secure :-1 s=STATE_CONNECTION_ESTABLISHED l=1).mark_down
2026-02-19T11:37:22.373 INFO:teuthology.orchestra.run.trial068.stdout:/usr/bin/ceph: stderr
2026-02-19T11:37:22.046+0000 7fc16cff3700 1 --2- 10.20.193.68:0/1057619122 >> [v2:10.20.193.68:3300/0,v1:10.20.193.68:6789/0] conn(0x7fc168108980 0x7fc168108da0 secure :-1 s=READY pgs=41 cs=0 l=1 rev1=1 crypto rx=0x7fc158009a60 tx=0x7fc158009d70 comp rx=0 tx=0).stop
2026-02-19T11:37:22.374 INFO:teuthology.orchestra.run.trial068.stdout:/usr/bin/ceph: stderr
2026-02-19T11:37:22.046+0000 7fc16cff3700 1 -- 10.20.193.68:0/1057619122 shutdown_connections
2026-02-19T11:37:22.374 INFO:teuthology.orchestra.run.trial068.stdout:/usr/bin/ceph: stderr
2026-02-19T11:37:22.046+0000 7fc16cff3700 1 --2- 10.20.193.68:0/1057619122 >> [v2:10.20.193.68:3300/0,v1:10.20.193.68:6789/0] conn(0x7fc168108980 0x7fc168108da0 unknown :-1 s=CLOSED pgs=41 cs=0 l=1 rev1=1 crypto rx=0 tx=0 comp rx=0 tx=0).stop
2026-02-19T11:37:22.374 INFO:teuthology.orchestra.run.trial068.stdout:/usr/bin/ceph: stderr
2026-02-19T11:37:22.046+0000 7fc16cff3700 1 -- 10.20.193.68:0/1057619122 >> 10.20.193.68:0/1057619122 conn(0x7fc168103f00 msgr2=0x7fc168106360 unknown :-1 s=STATE_NONE l=0).mark_down
2026-02-19T11:37:22.374 INFO:teuthology.orchestra.run.trial068.stdout:/usr/bin/ceph: stderr
2026-02-19T11:37:22.046+0000 7fc16cff3700 1 -- 10.20.193.68:0/1057619122 shutdown_connections
2026-02-19T11:37:22.374 INFO:teuthology.orchestra.run.trial068.stdout:/usr/bin/ceph: stderr
2026-02-19T11:37:22.046+0000 7fc16cff3700 1 -- 10.20.193.68:0/1057619122 wait complete.
2026-02-19T11:37:22.374 INFO:teuthology.orchestra.run.trial068.stdout:/usr/bin/ceph: stderr
2026-02-19T11:37:22.046+0000 7fc16cff3700 1 Processor -- start
2026-02-19T11:37:22.374 INFO:teuthology.orchestra.run.trial068.stdout:/usr/bin/ceph: stderr
2026-02-19T11:37:22.046+0000 7fc16cff3700 1 -- start start
2026-02-19T11:37:22.374 INFO:teuthology.orchestra.run.trial068.stdout:/usr/bin/ceph: stderr
2026-02-19T11:37:22.047+0000 7fc16cff3700 1 --2- >> [v2:10.20.193.68:3300/0,v1:10.20.193.68:6789/0] conn(0x7fc168108980 0x7fc16819c7e0 unknown :-1 s=NONE pgs=0 cs=0 l=1 rev1=0 crypto rx=0 tx=0 comp rx=0 tx=0).connect
2026-02-19T11:37:22.374 INFO:teuthology.orchestra.run.trial068.stdout:/usr/bin/ceph: stderr
2026-02-19T11:37:22.047+0000 7fc16cff3700 1 -- --> [v2:10.20.193.68:3300/0,v1:10.20.193.68:6789/0] -- mon_getmap magic: 0 v1 -- 0x7fc16819cd20 con 0x7fc168108980
2026-02-19T11:37:22.374 INFO:teuthology.orchestra.run.trial068.stdout:/usr/bin/ceph: stderr
2026-02-19T11:37:22.047+0000 7fc16659c700 1 --2- >> [v2:10.20.193.68:3300/0,v1:10.20.193.68:6789/0] conn(0x7fc168108980 0x7fc16819c7e0 unknown :-1 s=BANNER_CONNECTING pgs=0 cs=0 l=1 rev1=0 crypto rx=0 tx=0 comp rx=0 tx=0)._handle_peer_banner_payload supported=3 required=0
2026-02-19T11:37:22.374 INFO:teuthology.orchestra.run.trial068.stdout:/usr/bin/ceph: stderr
2026-02-19T11:37:22.047+0000 7fc16659c700 1 --2- >> [v2:10.20.193.68:3300/0,v1:10.20.193.68:6789/0] conn(0x7fc168108980 0x7fc16819c7e0 unknown :-1 s=HELLO_CONNECTING pgs=0 cs=0 l=1 rev1=1 crypto rx=0 tx=0 comp rx=0 tx=0).handle_hello peer v2:10.20.193.68:3300/0 says I am v2:10.20.193.68:55726/0 (socket says 10.20.193.68:55726)
2026-02-19T11:37:22.374 INFO:teuthology.orchestra.run.trial068.stdout:/usr/bin/ceph: stderr
2026-02-19T11:37:22.047+0000 7fc16659c700 1 -- 10.20.193.68:0/320406493 learned_addr learned my addr 10.20.193.68:0/320406493 (peer_addr_for_me v2:10.20.193.68:0/0)
2026-02-19T11:37:22.374 INFO:teuthology.orchestra.run.trial068.stdout:/usr/bin/ceph: stderr
2026-02-19T11:37:22.047+0000 7fc16659c700 1 -- 10.20.193.68:0/320406493 --> [v2:10.20.193.68:3300/0,v1:10.20.193.68:6789/0] -- mon_subscribe({config=0+,monmap=0+}) v3 -- 0x7fc1580096f0 con 0x7fc168108980
2026-02-19T11:37:22.374 INFO:teuthology.orchestra.run.trial068.stdout:/usr/bin/ceph: stderr
2026-02-19T11:37:22.047+0000 7fc16659c700 1 --2- 10.20.193.68:0/320406493 >> [v2:10.20.193.68:3300/0,v1:10.20.193.68:6789/0] conn(0x7fc168108980 0x7fc16819c7e0 secure :-1 s=READY pgs=42 cs=0 l=1 rev1=1 crypto rx=0x7fc158003c30 tx=0x7fc15800b5d0 comp rx=0 tx=0).ready entity=mon.0 client_cookie=0 server_cookie=0 in_seq=0 out_seq=0
2026-02-19T11:37:22.374 INFO:teuthology.orchestra.run.trial068.stdout:/usr/bin/ceph: stderr
2026-02-19T11:37:22.047+0000 7fc15f7fe700 1 -- 10.20.193.68:0/320406493 <== mon.0 v2:10.20.193.68:3300/0 1 ==== mon_map magic: 0 v1 ==== 226+0+0 (secure 0 0 0) 0x7fc15800bc50 con 0x7fc168108980
2026-02-19T11:37:22.375 INFO:teuthology.orchestra.run.trial068.stdout:/usr/bin/ceph: stderr
2026-02-19T11:37:22.047+0000 7fc15f7fe700 1 -- 10.20.193.68:0/320406493 <== mon.0 v2:10.20.193.68:3300/0 2 ==== config(28 keys) v1 ==== 1073+0+0 (secure 0 0 0) 0x7fc158004360 con 0x7fc168108980
2026-02-19T11:37:22.375 INFO:teuthology.orchestra.run.trial068.stdout:/usr/bin/ceph: stderr
2026-02-19T11:37:22.047+0000 7fc16cff3700 1 -- 10.20.193.68:0/320406493 --> [v2:10.20.193.68:3300/0,v1:10.20.193.68:6789/0] -- mon_subscribe({mgrmap=0+}) v3 -- 0x7fc16819cf20 con 0x7fc168108980
2026-02-19T11:37:22.375 INFO:teuthology.orchestra.run.trial068.stdout:/usr/bin/ceph: stderr
2026-02-19T11:37:22.047+0000 7fc15f7fe700 1 -- 10.20.193.68:0/320406493 <== mon.0 v2:10.20.193.68:3300/0 3 ==== mon_map magic: 0 v1 ==== 226+0+0 (secure 0 0 0) 0x7fc158006610 con 0x7fc168108980
2026-02-19T11:37:22.375 INFO:teuthology.orchestra.run.trial068.stdout:/usr/bin/ceph: stderr
2026-02-19T11:37:22.047+0000 7fc16cff3700 1 -- 10.20.193.68:0/320406493 --> [v2:10.20.193.68:3300/0,v1:10.20.193.68:6789/0] -- mon_subscribe({osdmap=0}) v3 -- 0x7fc16819d340 con 0x7fc168108980
2026-02-19T11:37:22.375 INFO:teuthology.orchestra.run.trial068.stdout:/usr/bin/ceph: stderr
2026-02-19T11:37:22.047+0000 7fc16cff3700 1 -- 10.20.193.68:0/320406493 --> [v2:10.20.193.68:3300/0,v1:10.20.193.68:6789/0] -- mon_command({"prefix": "get_command_descriptions"} v 0) v1 -- 0x7fc16804fa20 con 0x7fc168108980
2026-02-19T11:37:22.375 INFO:teuthology.orchestra.run.trial068.stdout:/usr/bin/ceph: stderr
2026-02-19T11:37:22.047+0000 7fc15f7fe700 1 -- 10.20.193.68:0/320406493 <== mon.0 v2:10.20.193.68:3300/0 4 ==== mgrmap(e 7) v1 ==== 45176+0+0 (secure 0 0 0) 0x7fc158018040 con 0x7fc168108980
2026-02-19T11:37:22.375 INFO:teuthology.orchestra.run.trial068.stdout:/usr/bin/ceph: stderr
2026-02-19T11:37:22.048+0000 7fc15f7fe700 1 --2- 10.20.193.68:0/320406493 >> [v2:10.20.193.68:6800/2,v1:10.20.193.68:6801/2] conn(0x7fc1540381e0 0x7fc15403a6a0 unknown :-1 s=NONE pgs=0 cs=0 l=1 rev1=0 crypto rx=0 tx=0 comp rx=0 tx=0).connect
2026-02-19T11:37:22.375 INFO:teuthology.orchestra.run.trial068.stdout:/usr/bin/ceph: stderr
2026-02-19T11:37:22.048+0000 7fc15f7fe700 1 -- 10.20.193.68:0/320406493 <== mon.0 v2:10.20.193.68:3300/0 5 ==== osd_map(2..2 src has 1..2) v4 ==== 940+0+0 (secure 0 0 0) 0x7fc15804b340 con 0x7fc168108980
2026-02-19T11:37:22.375 INFO:teuthology.orchestra.run.trial068.stdout:/usr/bin/ceph: stderr
2026-02-19T11:37:22.048+0000 7fc15ffff700 1 --2- 10.20.193.68:0/320406493 >> [v2:10.20.193.68:6800/2,v1:10.20.193.68:6801/2] conn(0x7fc1540381e0 0x7fc15403a6a0 unknown :-1 s=BANNER_CONNECTING pgs=0 cs=0 l=1 rev1=0 crypto rx=0 tx=0 comp rx=0 tx=0)._handle_peer_banner_payload supported=3 required=0
2026-02-19T11:37:22.375 INFO:teuthology.orchestra.run.trial068.stdout:/usr/bin/ceph: stderr
2026-02-19T11:37:22.048+0000 7fc15ffff700 1 --2- 10.20.193.68:0/320406493 >> [v2:10.20.193.68:6800/2,v1:10.20.193.68:6801/2] conn(0x7fc1540381e0 0x7fc15403a6a0 secure :-1 s=READY pgs=9 cs=0 l=1 rev1=1 crypto rx=0x7fc150006fd0 tx=0x7fc150006e40 comp rx=0 tx=0).ready entity=mgr.14120 client_cookie=0 server_cookie=0 in_seq=0 out_seq=0
2026-02-19T11:37:22.375 INFO:teuthology.orchestra.run.trial068.stdout:/usr/bin/ceph: stderr
2026-02-19T11:37:22.050+0000 7fc15f7fe700 1 -- 10.20.193.68:0/320406493 <== mon.0 v2:10.20.193.68:3300/0 6 ==== mon_command_ack([{"prefix": "get_command_descriptions"}]=0 v0) v1 ==== 72+0+180422 (secure 0 0 0) 0x7fc158019800 con 0x7fc168108980
2026-02-19T11:37:22.375 INFO:teuthology.orchestra.run.trial068.stdout:/usr/bin/ceph: stderr
2026-02-19T11:37:22.142+0000 7fc16cff3700 1 -- 10.20.193.68:0/320406493 --> [v2:10.20.193.68:6800/2,v1:10.20.193.68:6801/2] -- mgr_command(tid 0: {"prefix": "cephadm generate-key", "target": ["mon-mgr", ""]}) v1 -- 0x7fc168106230 con 0x7fc1540381e0
2026-02-19T11:37:22.375 INFO:teuthology.orchestra.run.trial068.stdout:/usr/bin/ceph: stderr
2026-02-19T11:37:22.340+0000 7fc15f7fe700 1 -- 10.20.193.68:0/320406493 <== mgr.14120 v2:10.20.193.68:6800/2 1 ==== mgr_command_reply(tid 0: 0 ) v1 ==== 8+0+0 (secure 0 0 0) 0x7fc168106230 con 0x7fc1540381e0
2026-02-19T11:37:22.375 INFO:teuthology.orchestra.run.trial068.stdout:/usr/bin/ceph: stderr
2026-02-19T11:37:22.342+0000 7fc16cff3700 1 -- 10.20.193.68:0/320406493 >> [v2:10.20.193.68:6800/2,v1:10.20.193.68:6801/2] conn(0x7fc1540381e0 msgr2=0x7fc15403a6a0 secure :-1 s=STATE_CONNECTION_ESTABLISHED l=1).mark_down
2026-02-19T11:37:22.375 INFO:teuthology.orchestra.run.trial068.stdout:/usr/bin/ceph: stderr
2026-02-19T11:37:22.342+0000 7fc16cff3700 1 --2- 10.20.193.68:0/320406493 >> [v2:10.20.193.68:6800/2,v1:10.20.193.68:6801/2] conn(0x7fc1540381e0 0x7fc15403a6a0 secure :-1 s=READY pgs=9 cs=0 l=1 rev1=1 crypto rx=0x7fc150006fd0 tx=0x7fc150006e40 comp rx=0 tx=0).stop
2026-02-19T11:37:22.375 INFO:teuthology.orchestra.run.trial068.stdout:/usr/bin/ceph: stderr
2026-02-19T11:37:22.342+0000 7fc16cff3700 1 -- 10.20.193.68:0/320406493 >> [v2:10.20.193.68:3300/0,v1:10.20.193.68:6789/0] conn(0x7fc168108980 msgr2=0x7fc16819c7e0 secure :-1 s=STATE_CONNECTION_ESTABLISHED l=1).mark_down
2026-02-19T11:37:22.376 INFO:teuthology.orchestra.run.trial068.stdout:/usr/bin/ceph: stderr
2026-02-19T11:37:22.342+0000 7fc16cff3700 1 --2- 10.20.193.68:0/320406493 >> [v2:10.20.193.68:3300/0,v1:10.20.193.68:6789/0] conn(0x7fc168108980 0x7fc16819c7e0 secure :-1 s=READY pgs=42 cs=0 l=1 rev1=1 crypto rx=0x7fc158003c30 tx=0x7fc15800b5d0 comp rx=0 tx=0).stop
2026-02-19T11:37:22.376 INFO:teuthology.orchestra.run.trial068.stdout:/usr/bin/ceph: stderr
2026-02-19T11:37:22.342+0000 7fc16cff3700 1 -- 10.20.193.68:0/320406493 shutdown_connections
2026-02-19T11:37:22.376 INFO:teuthology.orchestra.run.trial068.stdout:/usr/bin/ceph: stderr
2026-02-19T11:37:22.342+0000 7fc16cff3700 1 --2- 10.20.193.68:0/320406493 >> [v2:10.20.193.68:6800/2,v1:10.20.193.68:6801/2] conn(0x7fc1540381e0 0x7fc15403a6a0 unknown :-1 s=CLOSED pgs=9 cs=0 l=1 rev1=1 crypto rx=0 tx=0 comp rx=0 tx=0).stop
2026-02-19T11:37:22.376 INFO:teuthology.orchestra.run.trial068.stdout:/usr/bin/ceph: stderr
2026-02-19T11:37:22.342+0000 7fc16cff3700 1 --2- 10.20.193.68:0/320406493 >> [v2:10.20.193.68:3300/0,v1:10.20.193.68:6789/0] conn(0x7fc168108980 0x7fc16819c7e0 unknown :-1 s=CLOSED pgs=42 cs=0 l=1 rev1=1 crypto rx=0 tx=0 comp rx=0 tx=0).stop
2026-02-19T11:37:22.376 INFO:teuthology.orchestra.run.trial068.stdout:/usr/bin/ceph: stderr
2026-02-19T11:37:22.342+0000 7fc16cff3700 1 -- 10.20.193.68:0/320406493 >> 10.20.193.68:0/320406493 conn(0x7fc168103f00 msgr2=0x7fc1681055d0 unknown :-1 s=STATE_NONE l=0).mark_down
2026-02-19T11:37:22.376 INFO:teuthology.orchestra.run.trial068.stdout:/usr/bin/ceph: stderr
2026-02-19T11:37:22.342+0000 7fc16cff3700 1 -- 10.20.193.68:0/320406493 shutdown_connections
2026-02-19T11:37:22.376 INFO:teuthology.orchestra.run.trial068.stdout:/usr/bin/ceph: stderr
2026-02-19T11:37:22.342+0000 7fc16cff3700 1 -- 10.20.193.68:0/320406493 wait complete.
2026-02-19T11:37:22.625 INFO:journalctl@ceph.mon.trial068.trial068.stdout:Feb 19 11:37:22 trial068 ceph-mon[19713]: from='client.14124 -' entity='client.admin' cmd=[{"prefix": "get_command_descriptions"}]: dispatch
2026-02-19T11:37:22.625 INFO:journalctl@ceph.mon.trial068.trial068.stdout:Feb 19 11:37:22 trial068 ceph-mon[19713]: from='client.14124 -' entity='client.admin' cmd=[{"prefix": "mgr_status"}]: dispatch
2026-02-19T11:37:22.625 INFO:journalctl@ceph.mon.trial068.trial068.stdout:Feb 19 11:37:22 trial068 ceph-mon[19713]: from='mgr.14120 10.20.193.68:0/2' entity='mgr.trial068.yamtqq'
2026-02-19T11:37:22.625 INFO:journalctl@ceph.mon.trial068.trial068.stdout:Feb 19 11:37:22 trial068 ceph-mon[19713]: from='mgr.14120 10.20.193.68:0/2' entity='mgr.trial068.yamtqq'
2026-02-19T11:37:22.626 INFO:journalctl@ceph.mon.trial068.trial068.stdout:Feb 19 11:37:22 trial068 ceph-mon[19713]: from='mgr.14120 10.20.193.68:0/2' entity='mgr.trial068.yamtqq'
2026-02-19T11:37:22.626 INFO:journalctl@ceph.mon.trial068.trial068.stdout:Feb 19 11:37:22 trial068 ceph-mon[19713]: from='mgr.14120 10.20.193.68:0/2' entity='mgr.trial068.yamtqq' cmd=[{"prefix": "config dump", "format": "json"}]: dispatch
2026-02-19T11:37:22.626 INFO:journalctl@ceph.mon.trial068.trial068.stdout:Feb 19 11:37:22 trial068 ceph-mon[19713]: from='mgr.14120 10.20.193.68:0/2' entity='mgr.trial068.yamtqq' cmd=[{"prefix": "config dump", "format": "json"}]: dispatch
2026-02-19T11:37:22.626 INFO:journalctl@ceph.mon.trial068.trial068.stdout:Feb 19 11:37:22 trial068 ceph-mon[19713]: from='mgr.14120 10.20.193.68:0/2' entity='mgr.trial068.yamtqq'
2026-02-19T11:37:22.626 INFO:journalctl@ceph.mon.trial068.trial068.stdout:Feb 19 11:37:22 trial068 ceph-mon[19713]: from='mgr.14120 10.20.193.68:0/2' entity='mgr.trial068.yamtqq'
2026-02-19T11:37:23.183 INFO:teuthology.orchestra.run.trial068.stdout:/usr/bin/ceph: stdout ssh-rsa AAAAB3NzaC1yc2EAAAADAQABAAABgQDUv5fSRn9CacH20VCr7074gBvEjEPvX+r0DvSLHJOC5ayV0jvSz9oav0gJSLcTLH4nlutEkZSS3z549JLhhBocDgdMLtVZgdIZ9//ABWINC+mXc/xWRSVaTdvWmqNXN6YYY5iJZe85gwa0oHkeDncYdRUBKZ1Zu3CYaRNQ7LzbPMZme9bDasKDGYecgr87Cw3ekG50LRQCP7yzjr/kfYHdcX4Iy82S5YngwL3fISspJ3dLB0368aXajBARRd5h9/t+ZaUJM+d/egKnmqyKyNqmHDmtCvGVAnzE5tPZJaUJt+nYAnltxxApupqc/Y842c6f3r3eSHC/fhzjP05OhnuLski3Zz/EiVcCkW/NsVsBmy8QZJF+cW8WfHPZQyFBkJRV51JR6TynnekKZvzSZOprY/q95C8WJKMtGwhXN7YJCWNA7GhyZfSXr39xSFMZ/s9cXDpQOj8xo1fxxEiOBHljMnwxaqpXAqz1t87BbALv1jQUZBV0jWCuv0WHPORSLqE= ceph-464ff2ee-0d87-11f1-80b9-d404e6e7d460
2026-02-19T11:37:23.183 INFO:teuthology.orchestra.run.trial068.stdout:/usr/bin/ceph: stderr
2026-02-19T11:37:22.467+0000 7f4e54be0700 1 Processor -- start
2026-02-19T11:37:23.183 INFO:teuthology.orchestra.run.trial068.stdout:/usr/bin/ceph: stderr
2026-02-19T11:37:22.467+0000 7f4e54be0700 1 -- start start
2026-02-19T11:37:23.183 INFO:teuthology.orchestra.run.trial068.stdout:/usr/bin/ceph: stderr
2026-02-19T11:37:22.467+0000 7f4e54be0700 1 --2- >> [v2:10.20.193.68:3300/0,v1:10.20.193.68:6789/0] conn(0x7f4e50106790 0x7f4e50106bb0 unknown :-1 s=NONE pgs=0 cs=0 l=0 rev1=0 crypto rx=0 tx=0 comp rx=0 tx=0).connect
2026-02-19T11:37:23.183 INFO:teuthology.orchestra.run.trial068.stdout:/usr/bin/ceph: stderr
2026-02-19T11:37:22.467+0000 7f4e54be0700 1 -- --> [v2:10.20.193.68:3300/0,v1:10.20.193.68:6789/0] -- mon_getmap magic: 0 v1 -- 0x7f4e50107180 con 0x7f4e50106790
2026-02-19T11:37:23.183 INFO:teuthology.orchestra.run.trial068.stdout:/usr/bin/ceph: stderr
2026-02-19T11:37:22.467+0000 7f4e4e59c700 1 --2- >> [v2:10.20.193.68:3300/0,v1:10.20.193.68:6789/0] conn(0x7f4e50106790 0x7f4e50106bb0 unknown :-1 s=BANNER_CONNECTING pgs=0 cs=0 l=0 rev1=0 crypto rx=0 tx=0 comp rx=0 tx=0)._handle_peer_banner_payload supported=3 required=0
2026-02-19T11:37:23.183 INFO:teuthology.orchestra.run.trial068.stdout:/usr/bin/ceph: stderr
2026-02-19T11:37:22.467+0000 7f4e4e59c700 1 --2- >> [v2:10.20.193.68:3300/0,v1:10.20.193.68:6789/0] conn(0x7f4e50106790 0x7f4e50106bb0 unknown :-1 s=HELLO_CONNECTING pgs=0 cs=0 l=0 rev1=1 crypto rx=0 tx=0 comp rx=0 tx=0).handle_hello peer v2:10.20.193.68:3300/0 says I am v2:10.20.193.68:55732/0 (socket says 10.20.193.68:55732)
2026-02-19T11:37:23.183 INFO:teuthology.orchestra.run.trial068.stdout:/usr/bin/ceph: stderr
2026-02-19T11:37:22.467+0000 7f4e4e59c700 1 -- 10.20.193.68:0/2222713466 learned_addr learned my addr 10.20.193.68:0/2222713466 (peer_addr_for_me v2:10.20.193.68:0/0)
2026-02-19T11:37:23.184 INFO:teuthology.orchestra.run.trial068.stdout:/usr/bin/ceph: stderr
2026-02-19T11:37:22.467+0000 7f4e4e59c700 1 -- 10.20.193.68:0/2222713466 --> [v2:10.20.193.68:3300/0,v1:10.20.193.68:6789/0] -- mon_subscribe({config=0+,monmap=0+}) v3 -- 0x7f4e50107990 con 0x7f4e50106790
2026-02-19T11:37:23.184 INFO:teuthology.orchestra.run.trial068.stdout:/usr/bin/ceph: stderr
2026-02-19T11:37:22.467+0000 7f4e4e59c700 1 --2- 10.20.193.68:0/2222713466 >> [v2:10.20.193.68:3300/0,v1:10.20.193.68:6789/0] conn(0x7f4e50106790 0x7f4e50106bb0 secure :-1 s=READY pgs=43 cs=0 l=1 rev1=1 crypto rx=0x7f4e40009a60 tx=0x7f4e40009d70 comp rx=0 tx=0).ready entity=mon.0 client_cookie=a28b0b59a302c84a server_cookie=0 in_seq=0 out_seq=0
2026-02-19T11:37:23.184 INFO:teuthology.orchestra.run.trial068.stdout:/usr/bin/ceph: stderr
2026-02-19T11:37:22.467+0000 7f4e4dd9b700 1 -- 10.20.193.68:0/2222713466 <== mon.0 v2:10.20.193.68:3300/0 1 ==== mon_map magic: 0 v1 ==== 226+0+0 (secure 0 0 0) 0x7f4e40005c30 con 0x7f4e50106790
2026-02-19T11:37:23.184 INFO:teuthology.orchestra.run.trial068.stdout:/usr/bin/ceph: stderr
2026-02-19T11:37:22.467+0000 7f4e4dd9b700 1 -- 10.20.193.68:0/2222713466 <== mon.0 v2:10.20.193.68:3300/0 2 ==== config(28 keys) v1 ==== 1073+0+0 (secure 0 0 0) 0x7f4e400044d0 con 0x7f4e50106790
2026-02-19T11:37:23.184 INFO:teuthology.orchestra.run.trial068.stdout:/usr/bin/ceph: stderr
2026-02-19T11:37:22.467+0000 7f4e4dd9b700 1 -- 10.20.193.68:0/2222713466 <== mon.0 v2:10.20.193.68:3300/0 3 ==== mon_map magic: 0 v1 ==== 226+0+0 (secure 0 0 0) 0x7f4e4000b780 con 0x7f4e50106790
2026-02-19T11:37:23.184 INFO:teuthology.orchestra.run.trial068.stdout:/usr/bin/ceph: stderr
2026-02-19T11:37:22.468+0000 7f4e54be0700 1 -- 10.20.193.68:0/2222713466 >> [v2:10.20.193.68:3300/0,v1:10.20.193.68:6789/0] conn(0x7f4e50106790 msgr2=0x7f4e50106bb0 secure :-1 s=STATE_CONNECTION_ESTABLISHED l=1).mark_down
2026-02-19T11:37:23.184 INFO:teuthology.orchestra.run.trial068.stdout:/usr/bin/ceph: stderr
2026-02-19T11:37:22.468+0000 7f4e54be0700 1 --2- 10.20.193.68:0/2222713466 >> [v2:10.20.193.68:3300/0,v1:10.20.193.68:6789/0] conn(0x7f4e50106790 0x7f4e50106bb0 secure :-1 s=READY pgs=43 cs=0 l=1 rev1=1 crypto rx=0x7f4e40009a60 tx=0x7f4e40009d70 comp rx=0 tx=0).stop
2026-02-19T11:37:23.184 INFO:teuthology.orchestra.run.trial068.stdout:/usr/bin/ceph: stderr
2026-02-19T11:37:22.468+0000 7f4e54be0700 1 -- 10.20.193.68:0/2222713466 shutdown_connections
2026-02-19T11:37:23.184 INFO:teuthology.orchestra.run.trial068.stdout:/usr/bin/ceph: stderr
2026-02-19T11:37:22.468+0000 7f4e54be0700 1 --2- 10.20.193.68:0/2222713466 >> [v2:10.20.193.68:3300/0,v1:10.20.193.68:6789/0] conn(0x7f4e50106790 0x7f4e50106bb0 unknown :-1 s=CLOSED pgs=43 cs=0 l=1 rev1=1 crypto rx=0 tx=0 comp rx=0 tx=0).stop
2026-02-19T11:37:23.184 INFO:teuthology.orchestra.run.trial068.stdout:/usr/bin/ceph: stderr
2026-02-19T11:37:22.468+0000 7f4e54be0700 1 -- 10.20.193.68:0/2222713466 >> 10.20.193.68:0/2222713466 conn(0x7f4e50101d10 msgr2=0x7f4e50104170 unknown :-1 s=STATE_NONE l=0).mark_down
2026-02-19T11:37:23.184 INFO:teuthology.orchestra.run.trial068.stdout:/usr/bin/ceph: stderr
2026-02-19T11:37:22.468+0000 7f4e54be0700 1 -- 10.20.193.68:0/2222713466 shutdown_connections
2026-02-19T11:37:23.185 INFO:teuthology.orchestra.run.trial068.stdout:/usr/bin/ceph: stderr
2026-02-19T11:37:22.468+0000 7f4e54be0700 1 -- 10.20.193.68:0/2222713466 wait complete.
2026-02-19T11:37:23.185 INFO:teuthology.orchestra.run.trial068.stdout:/usr/bin/ceph: stderr
2026-02-19T11:37:22.468+0000 7f4e54be0700 1 Processor -- start
2026-02-19T11:37:23.185 INFO:teuthology.orchestra.run.trial068.stdout:/usr/bin/ceph: stderr
2026-02-19T11:37:22.468+0000 7f4e54be0700 1 -- start start
2026-02-19T11:37:23.185 INFO:teuthology.orchestra.run.trial068.stdout:/usr/bin/ceph: stderr
2026-02-19T11:37:22.468+0000 7f4e54be0700 1 --2- >> [v2:10.20.193.68:3300/0,v1:10.20.193.68:6789/0] conn(0x7f4e50106790 0x7f4e5007ab00 unknown :-1 s=NONE pgs=0 cs=0 l=1 rev1=0 crypto rx=0 tx=0 comp rx=0 tx=0).connect
2026-02-19T11:37:23.185 INFO:teuthology.orchestra.run.trial068.stdout:/usr/bin/ceph: stderr
2026-02-19T11:37:22.468+0000 7f4e54be0700 1 -- --> [v2:10.20.193.68:3300/0,v1:10.20.193.68:6789/0] -- mon_getmap magic: 0 v1 -- 0x7f4e5007b040 con 0x7f4e50106790
2026-02-19T11:37:23.185 INFO:teuthology.orchestra.run.trial068.stdout:/usr/bin/ceph: stderr
2026-02-19T11:37:22.468+0000 7f4e4e59c700 1 --2- >> [v2:10.20.193.68:3300/0,v1:10.20.193.68:6789/0] conn(0x7f4e50106790 0x7f4e5007ab00 unknown :-1 s=BANNER_CONNECTING pgs=0 cs=0 l=1 rev1=0 crypto rx=0 tx=0 comp rx=0 tx=0)._handle_peer_banner_payload supported=3 required=0
2026-02-19T11:37:23.185 INFO:teuthology.orchestra.run.trial068.stdout:/usr/bin/ceph: stderr
2026-02-19T11:37:22.468+0000 7f4e4e59c700 1 --2- >> [v2:10.20.193.68:3300/0,v1:10.20.193.68:6789/0] conn(0x7f4e50106790 0x7f4e5007ab00 unknown :-1 s=HELLO_CONNECTING pgs=0 cs=0 l=1 rev1=1 crypto rx=0 tx=0 comp rx=0 tx=0).handle_hello peer v2:10.20.193.68:3300/0 says I am v2:10.20.193.68:55734/0 (socket says 10.20.193.68:55734)
2026-02-19T11:37:23.185 INFO:teuthology.orchestra.run.trial068.stdout:/usr/bin/ceph: stderr
2026-02-19T11:37:22.468+0000 7f4e4e59c700 1 -- 10.20.193.68:0/817989838 learned_addr learned my addr 10.20.193.68:0/817989838 (peer_addr_for_me v2:10.20.193.68:0/0)
2026-02-19T11:37:23.185 INFO:teuthology.orchestra.run.trial068.stdout:/usr/bin/ceph: stderr
2026-02-19T11:37:22.468+0000 7f4e4e59c700 1 -- 10.20.193.68:0/817989838 --> [v2:10.20.193.68:3300/0,v1:10.20.193.68:6789/0] -- mon_subscribe({config=0+,monmap=0+}) v3 -- 0x7f4e400096f0 con 0x7f4e50106790
2026-02-19T11:37:23.185 INFO:teuthology.orchestra.run.trial068.stdout:/usr/bin/ceph: stderr
2026-02-19T11:37:22.469+0000 7f4e4e59c700 1 --2- 10.20.193.68:0/817989838 >> [v2:10.20.193.68:3300/0,v1:10.20.193.68:6789/0] conn(0x7f4e50106790 0x7f4e5007ab00 secure :-1 s=READY pgs=44 cs=0 l=1 rev1=1 crypto rx=0x7f4e40003c30 tx=0x7f4e4000b5d0 comp rx=0 tx=0).ready entity=mon.0 client_cookie=0 server_cookie=0 in_seq=0 out_seq=0
2026-02-19T11:37:23.185 INFO:teuthology.orchestra.run.trial068.stdout:/usr/bin/ceph: stderr
2026-02-19T11:37:22.469+0000 7f4e477fe700 1 -- 10.20.193.68:0/817989838 <== mon.0 v2:10.20.193.68:3300/0 1 ==== mon_map magic: 0 v1 ==== 226+0+0 (secure 0 0 0) 0x7f4e4000bc50 con 0x7f4e50106790
2026-02-19T11:37:23.185 INFO:teuthology.orchestra.run.trial068.stdout:/usr/bin/ceph: stderr
2026-02-19T11:37:22.469+0000 7f4e477fe700 1 -- 10.20.193.68:0/817989838 <== mon.0 v2:10.20.193.68:3300/0 2 ==== config(28 keys) v1 ==== 1073+0+0 (secure 0 0 0) 0x7f4e40004360 con 0x7f4e50106790
2026-02-19T11:37:23.186 INFO:teuthology.orchestra.run.trial068.stdout:/usr/bin/ceph: stderr
2026-02-19T11:37:22.469+0000 7f4e54be0700 1 -- 10.20.193.68:0/817989838 --> [v2:10.20.193.68:3300/0,v1:10.20.193.68:6789/0] -- mon_subscribe({mgrmap=0+}) v3 -- 0x7f4e50079150 con 0x7f4e50106790
2026-02-19T11:37:23.186 INFO:teuthology.orchestra.run.trial068.stdout:/usr/bin/ceph: stderr
2026-02-19T11:37:22.469+0000 7f4e477fe700 1 -- 10.20.193.68:0/817989838 <== mon.0 v2:10.20.193.68:3300/0 3 ==== mon_map magic: 0 v1 ==== 226+0+0 (secure 0 0 0) 0x7f4e40006610 con 0x7f4e50106790
2026-02-19T11:37:23.186 INFO:teuthology.orchestra.run.trial068.stdout:/usr/bin/ceph: stderr
2026-02-19T11:37:22.469+0000 7f4e54be0700 1 -- 10.20.193.68:0/817989838 --> [v2:10.20.193.68:3300/0,v1:10.20.193.68:6789/0] -- mon_subscribe({osdmap=0}) v3 -- 0x7f4e50079570 con 0x7f4e50106790
2026-02-19T11:37:23.186 INFO:teuthology.orchestra.run.trial068.stdout:/usr/bin/ceph: stderr
2026-02-19T11:37:22.469+0000 7f4e54be0700 1 -- 10.20.193.68:0/817989838 --> [v2:10.20.193.68:3300/0,v1:10.20.193.68:6789/0] -- mon_command({"prefix": "get_command_descriptions"} v 0) v1 -- 0x7f4e500623c0 con 0x7f4e50106790
2026-02-19T11:37:23.186 INFO:teuthology.orchestra.run.trial068.stdout:/usr/bin/ceph: stderr
2026-02-19T11:37:22.469+0000 7f4e477fe700 1 -- 10.20.193.68:0/817989838 <== mon.0 v2:10.20.193.68:3300/0 4 ==== mgrmap(e 7) v1 ==== 45176+0+0 (secure 0 0 0) 0x7f4e40018040 con 0x7f4e50106790
2026-02-19T11:37:23.186 INFO:teuthology.orchestra.run.trial068.stdout:/usr/bin/ceph: stderr
2026-02-19T11:37:22.469+0000 7f4e477fe700 1 --2- 10.20.193.68:0/817989838 >> [v2:10.20.193.68:6800/2,v1:10.20.193.68:6801/2] conn(0x7f4e3c0381e0 0x7f4e3c03a6a0 unknown :-1 s=NONE pgs=0 cs=0 l=1 rev1=0 crypto rx=0 tx=0 comp rx=0 tx=0).connect
2026-02-19T11:37:23.186 INFO:teuthology.orchestra.run.trial068.stdout:/usr/bin/ceph: stderr
2026-02-19T11:37:22.469+0000 7f4e477fe700 1 -- 10.20.193.68:0/817989838 <== mon.0 v2:10.20.193.68:3300/0 5 ==== osd_map(2..2 src has 1..2) v4 ==== 940+0+0 (secure 0 0 0) 0x7f4e4004b2a0 con 0x7f4e50106790
2026-02-19T11:37:23.186 INFO:teuthology.orchestra.run.trial068.stdout:/usr/bin/ceph: stderr
2026-02-19T11:37:22.469+0000 7f4e47fff700 1 --2- 10.20.193.68:0/817989838 >> [v2:10.20.193.68:6800/2,v1:10.20.193.68:6801/2] conn(0x7f4e3c0381e0 0x7f4e3c03a6a0 unknown :-1 s=BANNER_CONNECTING pgs=0 cs=0 l=1 rev1=0 crypto rx=0 tx=0 comp rx=0 tx=0)._handle_peer_banner_payload supported=3 required=0
2026-02-19T11:37:23.186 INFO:teuthology.orchestra.run.trial068.stdout:/usr/bin/ceph: stderr
2026-02-19T11:37:22.470+0000 7f4e47fff700 1 --2- 10.20.193.68:0/817989838 >> [v2:10.20.193.68:6800/2,v1:10.20.193.68:6801/2] conn(0x7f4e3c0381e0 0x7f4e3c03a6a0 secure :-1 s=READY pgs=10 cs=0 l=1 rev1=1 crypto rx=0x7f4e38006fd0 tx=0x7f4e38006e40 comp rx=0 tx=0).ready entity=mgr.14120 client_cookie=0 server_cookie=0 in_seq=0 out_seq=0
2026-02-19T11:37:23.186 INFO:teuthology.orchestra.run.trial068.stdout:/usr/bin/ceph: stderr
2026-02-19T11:37:22.472+0000 7f4e477fe700 1 -- 10.20.193.68:0/817989838 <== mon.0 v2:10.20.193.68:3300/0 6 ==== mon_command_ack([{"prefix": "get_command_descriptions"}]=0 v0) v1 ==== 72+0+180422 (secure 0 0 0) 0x7f4e40022770 con 0x7f4e50106790
2026-02-19T11:37:23.186 INFO:teuthology.orchestra.run.trial068.stdout:/usr/bin/ceph: stderr
2026-02-19T11:37:22.567+0000 7f4e54be0700 1 -- 10.20.193.68:0/817989838 --> [v2:10.20.193.68:6800/2,v1:10.20.193.68:6801/2] -- mgr_command(tid 0: {"prefix": "cephadm get-pub-key", "target": ["mon-mgr", ""]}) v1 -- 0x7f4e50079ef0 con 0x7f4e3c0381e0
2026-02-19T11:37:23.187 INFO:teuthology.orchestra.run.trial068.stdout:/usr/bin/ceph: stderr
