2026-02-19T11:37:26.740 INFO:teuthology.orchestra.run.trial068.stdout:/usr/bin/ceph: stderr
2026-02-19T11:37:26.593+0000 7f74e97dc700 1 Processor -- start
2026-02-19T11:37:26.740 INFO:teuthology.orchestra.run.trial068.stdout:/usr/bin/ceph: stderr
2026-02-19T11:37:26.593+0000 7f74e97dc700 1 -- start start
2026-02-19T11:37:26.740 INFO:teuthology.orchestra.run.trial068.stdout:/usr/bin/ceph: stderr
2026-02-19T11:37:26.594+0000 7f74e97dc700 1 --2- >> [v2:10.20.193.68:3300/0,v1:10.20.193.68:6789/0] conn(0x7f74e4108980 0x7f74e4108da0 unknown :-1 s=NONE pgs=0 cs=0 l=0 rev1=0 crypto rx=0 tx=0 comp rx=0 tx=0).connect
2026-02-19T11:37:26.740 INFO:teuthology.orchestra.run.trial068.stdout:/usr/bin/ceph: stderr
2026-02-19T11:37:26.594+0000 7f74e97dc700 1 -- --> [v2:10.20.193.68:3300/0,v1:10.20.193.68:6789/0] -- mon_getmap magic: 0 v1 -- 0x7f74e4109370 con 0x7f74e4108980
2026-02-19T11:37:26.741 INFO:teuthology.orchestra.run.trial068.stdout:/usr/bin/ceph: stderr
2026-02-19T11:37:26.594+0000 7f74e2ffd700 1 --2- >> [v2:10.20.193.68:3300/0,v1:10.20.193.68:6789/0] conn(0x7f74e4108980 0x7f74e4108da0 unknown :-1 s=BANNER_CONNECTING pgs=0 cs=0 l=0 rev1=0 crypto rx=0 tx=0 comp rx=0 tx=0)._handle_peer_banner_payload supported=3 required=0
2026-02-19T11:37:26.741 INFO:teuthology.orchestra.run.trial068.stdout:/usr/bin/ceph: stderr
2026-02-19T11:37:26.594+0000 7f74e2ffd700 1 --2- >> [v2:10.20.193.68:3300/0,v1:10.20.193.68:6789/0] conn(0x7f74e4108980 0x7f74e4108da0 unknown :-1 s=HELLO_CONNECTING pgs=0 cs=0 l=0 rev1=1 crypto rx=0 tx=0 comp rx=0 tx=0).handle_hello peer v2:10.20.193.68:3300/0 says I am v2:10.20.193.68:34520/0 (socket says 10.20.193.68:34520)
2026-02-19T11:37:26.741 INFO:teuthology.orchestra.run.trial068.stdout:/usr/bin/ceph: stderr
2026-02-19T11:37:26.594+0000 7f74e2ffd700 1 -- 10.20.193.68:0/4011968119 learned_addr learned my addr 10.20.193.68:0/4011968119 (peer_addr_for_me v2:10.20.193.68:0/0)
2026-02-19T11:37:26.741 INFO:teuthology.orchestra.run.trial068.stdout:/usr/bin/ceph: stderr
2026-02-19T11:37:26.594+0000 7f74e2ffd700 1 -- 10.20.193.68:0/4011968119 --> [v2:10.20.193.68:3300/0,v1:10.20.193.68:6789/0] -- mon_subscribe({config=0+,monmap=0+}) v3 -- 0x7f74e4109b80 con 0x7f74e4108980
2026-02-19T11:37:26.741 INFO:teuthology.orchestra.run.trial068.stdout:/usr/bin/ceph: stderr
2026-02-19T11:37:26.594+0000 7f74e2ffd700 1 --2- 10.20.193.68:0/4011968119 >> [v2:10.20.193.68:3300/0,v1:10.20.193.68:6789/0] conn(0x7f74e4108980 0x7f74e4108da0 secure :-1 s=READY pgs=57 cs=0 l=1 rev1=1 crypto rx=0x7f74d4009a90 tx=0x7f74d4009da0 comp rx=0 tx=0).ready entity=mon.0 client_cookie=dc5784007a1ab1 server_cookie=0 in_seq=0 out_seq=0
2026-02-19T11:37:26.741 INFO:teuthology.orchestra.run.trial068.stdout:/usr/bin/ceph: stderr
2026-02-19T11:37:26.594+0000 7f74e27fc700 1 -- 10.20.193.68:0/4011968119 <== mon.0 v2:10.20.193.68:3300/0 1 ==== mon_map magic: 0 v1 ==== 226+0+0 (secure 0 0 0) 0x7f74d4004180 con 0x7f74e4108980
2026-02-19T11:37:26.741 INFO:teuthology.orchestra.run.trial068.stdout:/usr/bin/ceph: stderr
2026-02-19T11:37:26.594+0000 7f74e27fc700 1 -- 10.20.193.68:0/4011968119 <== mon.0 v2:10.20.193.68:3300/0 2 ==== config(28 keys) v1 ==== 1137+0+0 (secure 0 0 0) 0x7f74d400bcc0 con 0x7f74e4108980
2026-02-19T11:37:26.741 INFO:teuthology.orchestra.run.trial068.stdout:/usr/bin/ceph: stderr
2026-02-19T11:37:26.594+0000 7f74e27fc700 1 -- 10.20.193.68:0/4011968119 <== mon.0 v2:10.20.193.68:3300/0 3 ==== mon_map magic: 0 v1 ==== 226+0+0 (secure 0 0 0) 0x7f74d4003d40 con 0x7f74e4108980
2026-02-19T11:37:26.741 INFO:teuthology.orchestra.run.trial068.stdout:/usr/bin/ceph: stderr
2026-02-19T11:37:26.595+0000 7f74e97dc700 1 -- 10.20.193.68:0/4011968119 >> [v2:10.20.193.68:3300/0,v1:10.20.193.68:6789/0] conn(0x7f74e4108980 msgr2=0x7f74e4108da0 secure :-1 s=STATE_CONNECTION_ESTABLISHED l=1).mark_down
2026-02-19T11:37:26.741 INFO:teuthology.orchestra.run.trial068.stdout:/usr/bin/ceph: stderr
2026-02-19T11:37:26.595+0000 7f74e97dc700 1 --2- 10.20.193.68:0/4011968119 >> [v2:10.20.193.68:3300/0,v1:10.20.193.68:6789/0] conn(0x7f74e4108980 0x7f74e4108da0 secure :-1 s=READY pgs=57 cs=0 l=1 rev1=1 crypto rx=0x7f74d4009a90 tx=0x7f74d4009da0 comp rx=0 tx=0).stop
2026-02-19T11:37:26.741 INFO:teuthology.orchestra.run.trial068.stdout:/usr/bin/ceph: stderr
2026-02-19T11:37:26.595+0000 7f74e97dc700 1 -- 10.20.193.68:0/4011968119 shutdown_connections
2026-02-19T11:37:26.742 INFO:teuthology.orchestra.run.trial068.stdout:/usr/bin/ceph: stderr
2026-02-19T11:37:26.595+0000 7f74e97dc700 1 --2- 10.20.193.68:0/4011968119 >> [v2:10.20.193.68:3300/0,v1:10.20.193.68:6789/0] conn(0x7f74e4108980 0x7f74e4108da0 unknown :-1 s=CLOSED pgs=57 cs=0 l=1 rev1=1 crypto rx=0 tx=0 comp rx=0 tx=0).stop
2026-02-19T11:37:26.742 INFO:teuthology.orchestra.run.trial068.stdout:/usr/bin/ceph: stderr
2026-02-19T11:37:26.595+0000 7f74e97dc700 1 -- 10.20.193.68:0/4011968119 >> 10.20.193.68:0/4011968119 conn(0x7f74e407bde0 msgr2=0x7f74e4106490 unknown :-1 s=STATE_NONE l=0).mark_down
2026-02-19T11:37:26.742 INFO:teuthology.orchestra.run.trial068.stdout:/usr/bin/ceph: stderr
2026-02-19T11:37:26.595+0000 7f74e97dc700 1 -- 10.20.193.68:0/4011968119 shutdown_connections
2026-02-19T11:37:26.742 INFO:teuthology.orchestra.run.trial068.stdout:/usr/bin/ceph: stderr
2026-02-19T11:37:26.595+0000 7f74e97dc700 1 -- 10.20.193.68:0/4011968119 wait complete.
2026-02-19T11:37:26.742 INFO:teuthology.orchestra.run.trial068.stdout:/usr/bin/ceph: stderr
2026-02-19T11:37:26.595+0000 7f74e97dc700 1 Processor -- start
2026-02-19T11:37:26.742 INFO:teuthology.orchestra.run.trial068.stdout:/usr/bin/ceph: stderr
2026-02-19T11:37:26.595+0000 7f74e97dc700 1 -- start start
2026-02-19T11:37:26.742 INFO:teuthology.orchestra.run.trial068.stdout:/usr/bin/ceph: stderr
2026-02-19T11:37:26.595+0000 7f74e97dc700 1 --2- >> [v2:10.20.193.68:3300/0,v1:10.20.193.68:6789/0] conn(0x7f74e4108980 0x7f74e419c780 unknown :-1 s=NONE pgs=0 cs=0 l=1 rev1=0 crypto rx=0 tx=0 comp rx=0 tx=0).connect
2026-02-19T11:37:26.742 INFO:teuthology.orchestra.run.trial068.stdout:/usr/bin/ceph: stderr
2026-02-19T11:37:26.595+0000 7f74e97dc700 1 -- --> [v2:10.20.193.68:3300/0,v1:10.20.193.68:6789/0] -- mon_getmap magic: 0 v1 -- 0x7f74e419ccc0 con 0x7f74e4108980
2026-02-19T11:37:26.742 INFO:teuthology.orchestra.run.trial068.stdout:/usr/bin/ceph: stderr
2026-02-19T11:37:26.595+0000 7f74e2ffd700 1 --2- >> [v2:10.20.193.68:3300/0,v1:10.20.193.68:6789/0] conn(0x7f74e4108980 0x7f74e419c780 unknown :-1 s=BANNER_CONNECTING pgs=0 cs=0 l=1 rev1=0 crypto rx=0 tx=0 comp rx=0 tx=0)._handle_peer_banner_payload supported=3 required=0
2026-02-19T11:37:26.742 INFO:teuthology.orchestra.run.trial068.stdout:/usr/bin/ceph: stderr
2026-02-19T11:37:26.595+0000 7f74e2ffd700 1 --2- >> [v2:10.20.193.68:3300/0,v1:10.20.193.68:6789/0] conn(0x7f74e4108980 0x7f74e419c780 unknown :-1 s=HELLO_CONNECTING pgs=0 cs=0 l=1 rev1=1 crypto rx=0 tx=0 comp rx=0 tx=0).handle_hello peer v2:10.20.193.68:3300/0 says I am v2:10.20.193.68:34524/0 (socket says 10.20.193.68:34524)
2026-02-19T11:37:26.742 INFO:teuthology.orchestra.run.trial068.stdout:/usr/bin/ceph: stderr
2026-02-19T11:37:26.595+0000 7f74e2ffd700 1 -- 10.20.193.68:0/4136870510 learned_addr learned my addr 10.20.193.68:0/4136870510 (peer_addr_for_me v2:10.20.193.68:0/0)
2026-02-19T11:37:26.742 INFO:teuthology.orchestra.run.trial068.stdout:/usr/bin/ceph: stderr
2026-02-19T11:37:26.596+0000 7f74e2ffd700 1 -- 10.20.193.68:0/4136870510 --> [v2:10.20.193.68:3300/0,v1:10.20.193.68:6789/0] -- mon_subscribe({config=0+,monmap=0+}) v3 -- 0x7f74d4009740 con 0x7f74e4108980
2026-02-19T11:37:26.742 INFO:teuthology.orchestra.run.trial068.stdout:/usr/bin/ceph: stderr
2026-02-19T11:37:26.596+0000 7f74e2ffd700 1 --2- 10.20.193.68:0/4136870510 >> [v2:10.20.193.68:3300/0,v1:10.20.193.68:6789/0] conn(0x7f74e4108980 0x7f74e419c780 secure :-1 s=READY pgs=58 cs=0 l=1 rev1=1 crypto rx=0x7f74d400b440 tx=0x7f74d400bb30 comp rx=0 tx=0).ready entity=mon.0 client_cookie=0 server_cookie=0 in_seq=0 out_seq=0
2026-02-19T11:37:26.743 INFO:teuthology.orchestra.run.trial068.stdout:/usr/bin/ceph: stderr
2026-02-19T11:37:26.596+0000 7f74e0ff9700 1 -- 10.20.193.68:0/4136870510 <== mon.0 v2:10.20.193.68:3300/0 1 ==== mon_map magic: 0 v1 ==== 226+0+0 (secure 0 0 0) 0x7f74d40043e0 con 0x7f74e4108980
2026-02-19T11:37:26.743 INFO:teuthology.orchestra.run.trial068.stdout:/usr/bin/ceph: stderr
2026-02-19T11:37:26.596+0000 7f74e0ff9700 1 -- 10.20.193.68:0/4136870510 <== mon.0 v2:10.20.193.68:3300/0 2 ==== config(28 keys) v1 ==== 1137+0+0 (secure 0 0 0) 0x7f74d4004540 con 0x7f74e4108980
2026-02-19T11:37:26.743 INFO:teuthology.orchestra.run.trial068.stdout:/usr/bin/ceph: stderr
2026-02-19T11:37:26.596+0000 7f74e97dc700 1 -- 10.20.193.68:0/4136870510 --> [v2:10.20.193.68:3300/0,v1:10.20.193.68:6789/0] -- mon_subscribe({mgrmap=0+}) v3 -- 0x7f74e419cec0 con 0x7f74e4108980
2026-02-19T11:37:26.743 INFO:teuthology.orchestra.run.trial068.stdout:/usr/bin/ceph: stderr
2026-02-19T11:37:26.596+0000 7f74e0ff9700 1 -- 10.20.193.68:0/4136870510 <== mon.0 v2:10.20.193.68:3300/0 3 ==== mon_map magic: 0 v1 ==== 226+0+0 (secure 0 0 0) 0x7f74d4011900 con 0x7f74e4108980
2026-02-19T11:37:26.743 INFO:teuthology.orchestra.run.trial068.stdout:/usr/bin/ceph: stderr
2026-02-19T11:37:26.596+0000 7f74e97dc700 1 -- 10.20.193.68:0/4136870510 --> [v2:10.20.193.68:3300/0,v1:10.20.193.68:6789/0] -- mon_subscribe({osdmap=0}) v3 -- 0x7f74e419d2e0 con 0x7f74e4108980
2026-02-19T11:37:26.743 INFO:teuthology.orchestra.run.trial068.stdout:/usr/bin/ceph: stderr
2026-02-19T11:37:26.596+0000 7f74e97dc700 1 -- 10.20.193.68:0/4136870510 --> [v2:10.20.193.68:3300/0,v1:10.20.193.68:6789/0] -- mon_command({"prefix": "get_command_descriptions"} v 0) v1 -- 0x7f74e40623c0 con 0x7f74e4108980
2026-02-19T11:37:26.743 INFO:teuthology.orchestra.run.trial068.stdout:/usr/bin/ceph: stderr
2026-02-19T11:37:26.596+0000 7f74e0ff9700 1 -- 10.20.193.68:0/4136870510 <== mon.0 v2:10.20.193.68:3300/0 4 ==== mgrmap(e 8) v1 ==== 45282+0+0 (secure 0 0 0) 0x7f74d4011b30 con 0x7f74e4108980
2026-02-19T11:37:26.743 INFO:teuthology.orchestra.run.trial068.stdout:/usr/bin/ceph: stderr
2026-02-19T11:37:26.596+0000 7f74e0ff9700 1 --2- 10.20.193.68:0/4136870510 >> [v2:10.20.193.68:6800/2,v1:10.20.193.68:6801/2] conn(0x7f74d0038300 0x7f74d003a7c0 unknown :-1 s=NONE pgs=0 cs=0 l=1 rev1=0 crypto rx=0 tx=0 comp rx=0 tx=0).connect
2026-02-19T11:37:26.743 INFO:teuthology.orchestra.run.trial068.stdout:/usr/bin/ceph: stderr
2026-02-19T11:37:26.596+0000 7f74e0ff9700 1 -- 10.20.193.68:0/4136870510 <== mon.0 v2:10.20.193.68:3300/0 5 ==== osd_map(2..2 src has 1..2) v4 ==== 940+0+0 (secure 0 0 0) 0x7f74d404c5e0 con 0x7f74e4108980
2026-02-19T11:37:26.743 INFO:teuthology.orchestra.run.trial068.stdout:/usr/bin/ceph: stderr
2026-02-19T11:37:26.597+0000 7f74dbfff700 1 --2- 10.20.193.68:0/4136870510 >> [v2:10.20.193.68:6800/2,v1:10.20.193.68:6801/2] conn(0x7f74d0038300 0x7f74d003a7c0 unknown :-1 s=BANNER_CONNECTING pgs=0 cs=0 l=1 rev1=0 crypto rx=0 tx=0 comp rx=0 tx=0)._handle_peer_banner_payload supported=3 required=0
2026-02-19T11:37:26.743 INFO:teuthology.orchestra.run.trial068.stdout:/usr/bin/ceph: stderr
2026-02-19T11:37:26.597+0000 7f74dbfff700 1 --2- 10.20.193.68:0/4136870510 >> [v2:10.20.193.68:6800/2,v1:10.20.193.68:6801/2] conn(0x7f74d0038300 0x7f74d003a7c0 secure :-1 s=READY pgs=17 cs=0 l=1 rev1=1 crypto rx=0x7f74cc006fd0 tx=0x7f74cc006e40 comp rx=0 tx=0).ready entity=mgr.14120 client_cookie=0 server_cookie=0 in_seq=0 out_seq=0
2026-02-19T11:37:26.744 INFO:teuthology.orchestra.run.trial068.stdout:/usr/bin/ceph: stderr
2026-02-19T11:37:26.599+0000 7f74e0ff9700 1 -- 10.20.193.68:0/4136870510 <== mon.0 v2:10.20.193.68:3300/0 6 ==== mon_command_ack([{"prefix": "get_command_descriptions"}]=0 v0) v1 ==== 72+0+180422 (secure 0 0 0) 0x7f74d4018350 con 0x7f74e4108980
2026-02-19T11:37:26.744 INFO:teuthology.orchestra.run.trial068.stdout:/usr/bin/ceph: stderr
2026-02-19T11:37:26.698+0000 7f74e97dc700 1 -- 10.20.193.68:0/4136870510 --> [v2:10.20.193.68:6800/2,v1:10.20.193.68:6801/2] -- mgr_command(tid 0: {"prefix": "orch apply", "service_type": "grafana", "target": ["mon-mgr", ""]}) v1 -- 0x7f74e41065a0 con 0x7f74d0038300
2026-02-19T11:37:26.744 INFO:teuthology.orchestra.run.trial068.stdout:/usr/bin/ceph: stderr
2026-02-19T11:37:26.702+0000 7f74e0ff9700 1 -- 10.20.193.68:0/4136870510 <== mgr.14120 v2:10.20.193.68:6800/2 1 ==== mgr_command_reply(tid 0: 0 ) v1 ==== 8+0+28 (secure 0 0 0) 0x7f74e41065a0 con 0x7f74d0038300
2026-02-19T11:37:26.744 INFO:teuthology.orchestra.run.trial068.stdout:/usr/bin/ceph: stderr
2026-02-19T11:37:26.703+0000 7f74e97dc700 1 -- 10.20.193.68:0/4136870510 >> [v2:10.20.193.68:6800/2,v1:10.20.193.68:6801/2] conn(0x7f74d0038300 msgr2=0x7f74d003a7c0 secure :-1 s=STATE_CONNECTION_ESTABLISHED l=1).mark_down
2026-02-19T11:37:26.744 INFO:teuthology.orchestra.run.trial068.stdout:/usr/bin/ceph: stderr
2026-02-19T11:37:26.703+0000 7f74e97dc700 1 --2- 10.20.193.68:0/4136870510 >> [v2:10.20.193.68:6800/2,v1:10.20.193.68:6801/2] conn(0x7f74d0038300 0x7f74d003a7c0 secure :-1 s=READY pgs=17 cs=0 l=1 rev1=1 crypto rx=0x7f74cc006fd0 tx=0x7f74cc006e40 comp rx=0 tx=0).stop
2026-02-19T11:37:26.744 INFO:teuthology.orchestra.run.trial068.stdout:/usr/bin/ceph: stderr
2026-02-19T11:37:26.703+0000 7f74e97dc700 1 -- 10.20.193.68:0/4136870510 >> [v2:10.20.193.68:3300/0,v1:10.20.193.68:6789/0] conn(0x7f74e4108980 msgr2=0x7f74e419c780 secure :-1 s=STATE_CONNECTION_ESTABLISHED l=1).mark_down
2026-02-19T11:37:26.744 INFO:teuthology.orchestra.run.trial068.stdout:/usr/bin/ceph: stderr
2026-02-19T11:37:26.703+0000 7f74e97dc700 1 --2- 10.20.193.68:0/4136870510 >> [v2:10.20.193.68:3300/0,v1:10.20.193.68:6789/0] conn(0x7f74e4108980 0x7f74e419c780 secure :-1 s=READY pgs=58 cs=0 l=1 rev1=1 crypto rx=0x7f74d400b440 tx=0x7f74d400bb30 comp rx=0 tx=0).stop
2026-02-19T11:37:26.744 INFO:teuthology.orchestra.run.trial068.stdout:/usr/bin/ceph: stderr
2026-02-19T11:37:26.703+0000 7f74e97dc700 1 -- 10.20.193.68:0/4136870510 shutdown_connections
2026-02-19T11:37:26.744 INFO:teuthology.orchestra.run.trial068.stdout:/usr/bin/ceph: stderr
2026-02-19T11:37:26.703+0000 7f74e97dc700 1 --2- 10.20.193.68:0/4136870510 >> [v2:10.20.193.68:6800/2,v1:10.20.193.68:6801/2] conn(0x7f74d0038300 0x7f74d003a7c0 unknown :-1 s=CLOSED pgs=17 cs=0 l=1 rev1=1 crypto rx=0 tx=0 comp rx=0 tx=0).stop
2026-02-19T11:37:26.744 INFO:teuthology.orchestra.run.trial068.stdout:/usr/bin/ceph: stderr
2026-02-19T11:37:26.703+0000 7f74e97dc700 1 --2- 10.20.193.68:0/4136870510 >> [v2:10.20.193.68:3300/0,v1:10.20.193.68:6789/0] conn(0x7f74e4108980 0x7f74e419c780 unknown :-1 s=CLOSED pgs=58 cs=0 l=1 rev1=1 crypto rx=0 tx=0 comp rx=0 tx=0).stop
2026-02-19T11:37:26.744 INFO:teuthology.orchestra.run.trial068.stdout:/usr/bin/ceph: stderr
2026-02-19T11:37:26.703+0000 7f74e97dc700 1 -- 10.20.193.68:0/4136870510 >> 10.20.193.68:0/4136870510 conn(0x7f74e407bde0 msgr2=0x7f74e4105e90 unknown :-1 s=STATE_NONE l=0).mark_down
2026-02-19T11:37:26.744 INFO:teuthology.orchestra.run.trial068.stdout:/usr/bin/ceph: stderr
2026-02-19T11:37:26.703+0000 7f74e97dc700 1 -- 10.20.193.68:0/4136870510 shutdown_connections
2026-02-19T11:37:26.744 INFO:teuthology.orchestra.run.trial068.stdout:/usr/bin/ceph: stderr
2026-02-19T11:37:26.703+0000 7f74e97dc700 1 -- 10.20.193.68:0/4136870510 wait complete.
2026-02-19T11:37:26.745 INFO:teuthology.orchestra.run.trial068.stdout:Deploying node-exporter service with default placement...
2026-02-19T11:37:26.789 INFO:journalctl@ceph.mon.trial068.trial068.stdout:Feb 19 11:37:26 trial068 ceph-mon[19713]: Added host trial068
2026-02-19T11:37:26.789 INFO:journalctl@ceph.mon.trial068.trial068.stdout:Feb 19 11:37:26 trial068 ceph-mon[19713]: from='client.14142 -' entity='client.admin' cmd=[{"prefix": "orch apply", "service_type": "mon", "target": ["mon-mgr", ""]}]: dispatch
2026-02-19T11:37:26.789 INFO:journalctl@ceph.mon.trial068.trial068.stdout:Feb 19 11:37:26 trial068 ceph-mon[19713]: Saving service mon spec with placement count:5
2026-02-19T11:37:26.789 INFO:journalctl@ceph.mon.trial068.trial068.stdout:Feb 19 11:37:26 trial068 ceph-mon[19713]: from='mgr.14120 10.20.193.68:0/2' entity='mgr.trial068.yamtqq'
2026-02-19T11:37:26.789 INFO:journalctl@ceph.mon.trial068.trial068.stdout:Feb 19 11:37:26 trial068 ceph-mon[19713]: from='mgr.14120 10.20.193.68:0/2' entity='mgr.trial068.yamtqq'
2026-02-19T11:37:26.789 INFO:journalctl@ceph.mon.trial068.trial068.stdout:Feb 19 11:37:26 trial068 ceph-mon[19713]: from='mgr.14120 10.20.193.68:0/2' entity='mgr.trial068.yamtqq'
2026-02-19T11:37:26.789 INFO:journalctl@ceph.mon.trial068.trial068.stdout:Feb 19 11:37:26 trial068 ceph-mon[19713]: from='mgr.14120 10.20.193.68:0/2' entity='mgr.trial068.yamtqq'
2026-02-19T11:37:26.789 INFO:journalctl@ceph.mon.trial068.trial068.stdout:Feb 19 11:37:26 trial068 ceph-mon[19713]: from='mgr.14120 10.20.193.68:0/2' entity='mgr.trial068.yamtqq'
2026-02-19T11:37:26.789 INFO:journalctl@ceph.mon.trial068.trial068.stdout:Feb 19 11:37:26 trial068 ceph-mon[19713]: from='mgr.14120 10.20.193.68:0/2' entity='mgr.trial068.yamtqq'
2026-02-19T11:37:26.789 INFO:journalctl@ceph.mon.trial068.trial068.stdout:Feb 19 11:37:26 trial068 ceph-mon[19713]: from='mgr.14120 10.20.193.68:0/2' entity='mgr.trial068.yamtqq'
2026-02-19T11:37:26.997 INFO:teuthology.orchestra.run.trial068.stdout:/usr/bin/ceph: stdout Scheduled node-exporter update...
2026-02-19T11:37:26.998 INFO:teuthology.orchestra.run.trial068.stdout:/usr/bin/ceph: stderr
2026-02-19T11:37:26.845+0000 7f71e9822700 1 Processor -- start
2026-02-19T11:37:26.998 INFO:teuthology.orchestra.run.trial068.stdout:/usr/bin/ceph: stderr
2026-02-19T11:37:26.845+0000 7f71e9822700 1 -- start start
2026-02-19T11:37:26.998 INFO:teuthology.orchestra.run.trial068.stdout:/usr/bin/ceph: stderr
2026-02-19T11:37:26.845+0000 7f71e9822700 1 --2- >> [v2:10.20.193.68:3300/0,v1:10.20.193.68:6789/0] conn(0x7f71e4105680 0x7f71e4105aa0 unknown :-1 s=NONE pgs=0 cs=0 l=0 rev1=0 crypto rx=0 tx=0 comp rx=0 tx=0).connect
2026-02-19T11:37:26.998 INFO:teuthology.orchestra.run.trial068.stdout:/usr/bin/ceph: stderr
2026-02-19T11:37:26.845+0000 7f71e9822700 1 -- --> [v2:10.20.193.68:3300/0,v1:10.20.193.68:6789/0] -- mon_getmap magic: 0 v1 -- 0x7f71e4106070 con 0x7f71e4105680
2026-02-19T11:37:26.998 INFO:teuthology.orchestra.run.trial068.stdout:/usr/bin/ceph: stderr
2026-02-19T11:37:26.845+0000 7f71e2ffd700 1 --2- >> [v2:10.20.193.68:3300/0,v1:10.20.193.68:6789/0] conn(0x7f71e4105680 0x7f71e4105aa0 unknown :-1 s=BANNER_CONNECTING pgs=0 cs=0 l=0 rev1=0 crypto rx=0 tx=0 comp rx=0 tx=0)._handle_peer_banner_payload supported=3 required=0
2026-02-19T11:37:26.998 INFO:teuthology.orchestra.run.trial068.stdout:/usr/bin/ceph: stderr
2026-02-19T11:37:26.845+0000 7f71e2ffd700 1 --2- >> [v2:10.20.193.68:3300/0,v1:10.20.193.68:6789/0] conn(0x7f71e4105680 0x7f71e4105aa0 unknown :-1 s=HELLO_CONNECTING pgs=0 cs=0 l=0 rev1=1 crypto rx=0 tx=0 comp rx=0 tx=0).handle_hello peer v2:10.20.193.68:3300/0 says I am v2:10.20.193.68:34538/0 (socket says 10.20.193.68:34538)
2026-02-19T11:37:26.998 INFO:teuthology.orchestra.run.trial068.stdout:/usr/bin/ceph: stderr
2026-02-19T11:37:26.845+0000 7f71e2ffd700 1 -- 10.20.193.68:0/3097860061 learned_addr learned my addr 10.20.193.68:0/3097860061 (peer_addr_for_me v2:10.20.193.68:0/0)
2026-02-19T11:37:26.998 INFO:teuthology.orchestra.run.trial068.stdout:/usr/bin/ceph: stderr
2026-02-19T11:37:26.846+0000 7f71e2ffd700 1 -- 10.20.193.68:0/3097860061 --> [v2:10.20.193.68:3300/0,v1:10.20.193.68:6789/0] -- mon_subscribe({config=0+,monmap=0+}) v3 -- 0x7f71e4106880 con 0x7f71e4105680
2026-02-19T11:37:26.998 INFO:teuthology.orchestra.run.trial068.stdout:/usr/bin/ceph: stderr
2026-02-19T11:37:26.846+0000 7f71e2ffd700 1 --2- 10.20.193.68:0/3097860061 >> [v2:10.20.193.68:3300/0,v1:10.20.193.68:6789/0] conn(0x7f71e4105680 0x7f71e4105aa0 secure :-1 s=READY pgs=59 cs=0 l=1 rev1=1 crypto rx=0x7f71d4009a90 tx=0x7f71d4009da0 comp rx=0 tx=0).ready entity=mon.0 client_cookie=a931629f2dc099b3 server_cookie=0 in_seq=0 out_seq=0
2026-02-19T11:37:26.998 INFO:teuthology.orchestra.run.trial068.stdout:/usr/bin/ceph: stderr
2026-02-19T11:37:26.846+0000 7f71e1ffb700 1 -- 10.20.193.68:0/3097860061 <== mon.0 v2:10.20.193.68:3300/0 1 ==== mon_map magic: 0 v1 ==== 226+0+0 (secure 0 0 0) 0x7f71d4004180 con 0x7f71e4105680
2026-02-19T11:37:26.999 INFO:teuthology.orchestra.run.trial068.stdout:/usr/bin/ceph: stderr
2026-02-19T11:37:26.846+0000 7f71e1ffb700 1 -- 10.20.193.68:0/3097860061 <== mon.0 v2:10.20.193.68:3300/0 2 ==== config(28 keys) v1 ==== 1137+0+0 (secure 0 0 0) 0x7f71d400bcc0 con 0x7f71e4105680
2026-02-19T11:37:26.999 INFO:teuthology.orchestra.run.trial068.stdout:/usr/bin/ceph: stderr
2026-02-19T11:37:26.846+0000 7f71e1ffb700 1 -- 10.20.193.68:0/3097860061 <== mon.0 v2:10.20.193.68:3300/0 3 ==== mon_map magic: 0 v1 ==== 226+0+0 (secure 0 0 0) 0x7f71d4003d40 con 0x7f71e4105680
2026-02-19T11:37:26.999 INFO:teuthology.orchestra.run.trial068.stdout:/usr/bin/ceph: stderr
2026-02-19T11:37:26.846+0000 7f71e9822700 1 -- 10.20.193.68:0/3097860061 >> [v2:10.20.193.68:3300/0,v1:10.20.193.68:6789/0] conn(0x7f71e4105680 msgr2=0x7f71e4105aa0 secure :-1 s=STATE_CONNECTION_ESTABLISHED l=1).mark_down
2026-02-19T11:37:26.999 INFO:teuthology.orchestra.run.trial068.stdout:/usr/bin/ceph: stderr
2026-02-19T11:37:26.846+0000 7f71e9822700 1 --2- 10.20.193.68:0/3097860061 >> [v2:10.20.193.68:3300/0,v1:10.20.193.68:6789/0] conn(0x7f71e4105680 0x7f71e4105aa0 secure :-1 s=READY pgs=59 cs=0 l=1 rev1=1 crypto rx=0x7f71d4009a90 tx=0x7f71d4009da0 comp rx=0 tx=0).stop
2026-02-19T11:37:26.999 INFO:teuthology.orchestra.run.trial068.stdout:/usr/bin/ceph: stderr
2026-02-19T11:37:26.846+0000 7f71e9822700 1 -- 10.20.193.68:0/3097860061 shutdown_connections
2026-02-19T11:37:26.999 INFO:teuthology.orchestra.run.trial068.stdout:/usr/bin/ceph: stderr
2026-02-19T11:37:26.846+0000 7f71e9822700 1 --2- 10.20.193.68:0/3097860061 >> [v2:10.20.193.68:3300/0,v1:10.20.193.68:6789/0] conn(0x7f71e4105680 0x7f71e4105aa0 unknown :-1 s=CLOSED pgs=59 cs=0 l=1 rev1=1 crypto rx=0 tx=0 comp rx=0 tx=0).stop
2026-02-19T11:37:26.999 INFO:teuthology.orchestra.run.trial068.stdout:/usr/bin/ceph: stderr
2026-02-19T11:37:26.846+0000 7f71e9822700 1 -- 10.20.193.68:0/3097860061 >> 10.20.193.68:0/3097860061 conn(0x7f71e4100c00 msgr2=0x7f71e4103060 unknown :-1 s=STATE_NONE l=0).mark_down
2026-02-19T11:37:26.999 INFO:teuthology.orchestra.run.trial068.stdout:/usr/bin/ceph: stderr
2026-02-19T11:37:26.846+0000 7f71e9822700 1 -- 10.20.193.68:0/3097860061 shutdown_connections
2026-02-19T11:37:26.999 INFO:teuthology.orchestra.run.trial068.stdout:/usr/bin/ceph: stderr
2026-02-19T11:37:26.846+0000 7f71e9822700 1 -- 10.20.193.68:0/3097860061 wait complete.
2026-02-19T11:37:26.999 INFO:teuthology.orchestra.run.trial068.stdout:/usr/bin/ceph: stderr
2026-02-19T11:37:26.847+0000 7f71e9822700 1 Processor -- start
2026-02-19T11:37:26.999 INFO:teuthology.orchestra.run.trial068.stdout:/usr/bin/ceph: stderr
2026-02-19T11:37:26.847+0000 7f71e9822700 1 -- start start
2026-02-19T11:37:27.000 INFO:teuthology.orchestra.run.trial068.stdout:/usr/bin/ceph: stderr
2026-02-19T11:37:26.847+0000 7f71e9822700 1 --2- >> [v2:10.20.193.68:3300/0,v1:10.20.193.68:6789/0] conn(0x7f71e4105680 0x7f71e4190990 unknown :-1 s=NONE pgs=0 cs=0 l=1 rev1=0 crypto rx=0 tx=0 comp rx=0 tx=0).connect
2026-02-19T11:37:27.000 INFO:teuthology.orchestra.run.trial068.stdout:/usr/bin/ceph: stderr
2026-02-19T11:37:26.847+0000 7f71e9822700 1 -- --> [v2:10.20.193.68:3300/0,v1:10.20.193.68:6789/0] -- mon_getmap magic: 0 v1 -- 0x7f71e4190ed0 con 0x7f71e4105680
2026-02-19T11:37:27.000 INFO:teuthology.orchestra.run.trial068.stdout:/usr/bin/ceph: stderr
2026-02-19T11:37:26.847+0000 7f71e2ffd700 1 --2- >> [v2:10.20.193.68:3300/0,v1:10.20.193.68:6789/0] conn(0x7f71e4105680 0x7f71e4190990 unknown :-1 s=BANNER_CONNECTING pgs=0 cs=0 l=1 rev1=0 crypto rx=0 tx=0 comp rx=0 tx=0)._handle_peer_banner_payload supported=3 required=0
2026-02-19T11:37:27.000 INFO:teuthology.orchestra.run.trial068.stdout:/usr/bin/ceph: stderr
2026-02-19T11:37:26.847+0000 7f71e2ffd700 1 --2- >> [v2:10.20.193.68:3300/0,v1:10.20.193.68:6789/0] conn(0x7f71e4105680 0x7f71e4190990 unknown :-1 s=HELLO_CONNECTING pgs=0 cs=0 l=1 rev1=1 crypto rx=0 tx=0 comp rx=0 tx=0).handle_hello peer v2:10.20.193.68:3300/0 says I am v2:10.20.193.68:34552/0 (socket says 10.20.193.68:34552)
2026-02-19T11:37:27.000 INFO:teuthology.orchestra.run.trial068.stdout:/usr/bin/ceph: stderr
2026-02-19T11:37:26.847+0000 7f71e2ffd700 1 -- 10.20.193.68:0/419557634 learned_addr learned my addr 10.20.193.68:0/419557634 (peer_addr_for_me v2:10.20.193.68:0/0)
2026-02-19T11:37:27.000 INFO:teuthology.orchestra.run.trial068.stdout:/usr/bin/ceph: stderr
2026-02-19T11:37:26.847+0000 7f71e2ffd700 1 -- 10.20.193.68:0/419557634 --> [v2:10.20.193.68:3300/0,v1:10.20.193.68:6789/0] -- mon_subscribe({config=0+,monmap=0+}) v3 -- 0x7f71d4009740 con 0x7f71e4105680
2026-02-19T11:37:27.000 INFO:teuthology.orchestra.run.trial068.stdout:/usr/bin/ceph: stderr
2026-02-19T11:37:26.847+0000 7f71e2ffd700 1 --2- 10.20.193.68:0/419557634 >> [v2:10.20.193.68:3300/0,v1:10.20.193.68:6789/0] conn(0x7f71e4105680 0x7f71e4190990 secure :-1 s=READY pgs=60 cs=0 l=1 rev1=1 crypto rx=0x7f71d400b440 tx=0x7f71d400bb30 comp rx=0 tx=0).ready entity=mon.0 client_cookie=0 server_cookie=0 in_seq=0 out_seq=0
2026-02-19T11:37:27.000 INFO:teuthology.orchestra.run.trial068.stdout:/usr/bin/ceph: stderr
2026-02-19T11:37:26.847+0000 7f71e8820700 1 -- 10.20.193.68:0/419557634 <== mon.0 v2:10.20.193.68:3300/0 1 ==== mon_map magic: 0 v1 ==== 226+0+0 (secure 0 0 0) 0x7f71d40043e0 con 0x7f71e4105680
2026-02-19T11:37:27.000 INFO:teuthology.orchestra.run.trial068.stdout:/usr/bin/ceph: stderr
2026-02-19T11:37:26.847+0000 7f71e8820700 1 -- 10.20.193.68:0/419557634 <== mon.0 v2:10.20.193.68:3300/0 2 ==== config(28 keys) v1 ==== 1137+0+0 (secure 0 0 0) 0x7f71d4004540 con 0x7f71e4105680
2026-02-19T11:37:27.000 INFO:teuthology.orchestra.run.trial068.stdout:/usr/bin/ceph: stderr
2026-02-19T11:37:26.847+0000 7f71e9822700 1 -- 10.20.193.68:0/419557634 --> [v2:10.20.193.68:3300/0,v1:10.20.193.68:6789/0] -- mon_subscribe({mgrmap=0+}) v3 -- 0x7f71e418efe0 con 0x7f71e4105680
2026-02-19T11:37:27.000 INFO:teuthology.orchestra.run.trial068.stdout:/usr/bin/ceph: stderr
2026-02-19T11:37:26.847+0000 7f71e8820700 1 -- 10.20.193.68:0/419557634 <== mon.0 v2:10.20.193.68:3300/0 3 ==== mon_map magic: 0 v1 ==== 226+0+0 (secure 0 0 0) 0x7f71d4011900 con 0x7f71e4105680
2026-02-19T11:37:27.000 INFO:teuthology.orchestra.run.trial068.stdout:/usr/bin/ceph: stderr
2026-02-19T11:37:26.847+0000 7f71e9822700 1 -- 10.20.193.68:0/419557634 --> [v2:10.20.193.68:3300/0,v1:10.20.193.68:6789/0] -- mon_subscribe({osdmap=0}) v3 -- 0x7f71e418f400 con 0x7f71e4105680
2026-02-19T11:37:27.001 INFO:teuthology.orchestra.run.trial068.stdout:/usr/bin/ceph: stderr
2026-02-19T11:37:26.848+0000 7f71e9822700 1 -- 10.20.193.68:0/419557634 --> [v2:10.20.193.68:3300/0,v1:10.20.193.68:6789/0] -- mon_command({"prefix": "get_command_descriptions"} v 0) v1 -- 0x7f71e40623c0 con 0x7f71e4105680
2026-02-19T11:37:27.001 INFO:teuthology.orchestra.run.trial068.stdout:/usr/bin/ceph: stderr
2026-02-19T11:37:26.848+0000 7f71e8820700 1 -- 10.20.193.68:0/419557634 <== mon.0 v2:10.20.193.68:3300/0 4 ==== mgrmap(e 8) v1 ==== 45282+0+0 (secure 0 0 0) 0x7f71d4011b30 con 0x7f71e4105680
2026-02-19T11:37:27.001 INFO:teuthology.orchestra.run.trial068.stdout:/usr/bin/ceph: stderr
2026-02-19T11:37:26.848+0000 7f71e8820700 1 --2- 10.20.193.68:0/419557634 >> [v2:10.20.193.68:6800/2,v1:10.20.193.68:6801/2] conn(0x7f71cc038300 0x7f71cc03a7c0 unknown :-1 s=NONE pgs=0 cs=0 l=1 rev1=0 crypto rx=0 tx=0 comp rx=0 tx=0).connect
2026-02-19T11:37:27.001 INFO:teuthology.orchestra.run.trial068.stdout:/usr/bin/ceph: stderr
2026-02-19T11:37:26.848+0000 7f71e8820700 1 -- 10.20.193.68:0/419557634 <== mon.0 v2:10.20.193.68:3300/0 5 ==== osd_map(2..2 src has 1..2) v4 ==== 940+0+0 (secure 0 0 0) 0x7f71d404c640 con 0x7f71e4105680
2026-02-19T11:37:27.001 INFO:teuthology.orchestra.run.trial068.stdout:/usr/bin/ceph: stderr
2026-02-19T11:37:26.848+0000 7f71e27fc700 1 --2- 10.20.193.68:0/419557634 >> [v2:10.20.193.68:6800/2,v1:10.20.193.68:6801/2] conn(0x7f71cc038300 0x7f71cc03a7c0 unknown :-1 s=BANNER_CONNECTING pgs=0 cs=0 l=1 rev1=0 crypto rx=0 tx=0 comp rx=0 tx=0)._handle_peer_banner_payload supported=3 required=0
2026-02-19T11:37:27.001 INFO:teuthology.orchestra.run.trial068.stdout:/usr/bin/ceph: stderr
2026-02-19T11:37:26.848+0000 7f71e27fc700 1 --2- 10.20.193.68:0/419557634 >> [v2:10.20.193.68:6800/2,v1:10.20.193.68:6801/2] conn(0x7f71cc038300 0x7f71cc03a7c0 secure :-1 s=READY pgs=18 cs=0 l=1 rev1=1 crypto rx=0x7f71d8006fd0 tx=0x7f71d8006e40 comp rx=0 tx=0).ready entity=mgr.14120 client_cookie=0 server_cookie=0 in_seq=0 out_seq=0
2026-02-19T11:37:27.001 INFO:teuthology.orchestra.run.trial068.stdout:/usr/bin/ceph: stderr
2026-02-19T11:37:26.850+0000 7f71e8820700 1 -- 10.20.193.68:0/419557634 <== mon.0 v2:10.20.193.68:3300/0 6 ==== mon_command_ack([{"prefix": "get_command_descriptions"}]=0 v0) v1 ==== 72+0+180422 (secure 0 0 0) 0x7f71d402b9f0 con 0x7f71e4105680
2026-02-19T11:37:27.001 INFO:teuthology.orchestra.run.trial068.stdout:/usr/bin/ceph: stderr
2026-02-19T11:37:26.957+0000 7f71e9822700 1 -- 10.20.193.68:0/419557634 --> [v2:10.20.193.68:6800/2,v1:10.20.193.68:6801/2] -- mgr_command(tid 0: {"prefix": "orch apply", "service_type": "node-exporter", "target": ["mon-mgr", ""]}) v1 -- 0x7f71e418fde0 con 0x7f71cc038300
2026-02-19T11:37:27.001 INFO:teuthology.orchestra.run.trial068.stdout:/usr/bin/ceph: stderr
2026-02-19T11:37:26.960+0000 7f71e8820700 1 -- 10.20.193.68:0/419557634 <== mgr.14120 v2:10.20.193.68:6800/2 1 ==== mgr_command_reply(tid 0: 0 ) v1 ==== 8+0+34 (secure 0 0 0) 0x7f71e418fde0 con 0x7f71cc038300
2026-02-19T11:37:27.001 INFO:teuthology.orchestra.run.trial068.stdout:/usr/bin/ceph: stderr
2026-02-19T11:37:26.962+0000 7f71e9822700 1 -- 10.20.193.68:0/419557634 >> [v2:10.20.193.68:6800/2,v1:10.20.193.68:6801/2] conn(0x7f71cc038300 msgr2=0x7f71cc03a7c0 secure :-1 s=STATE_CONNECTION_ESTABLISHED l=1).mark_down
2026-02-19T11:37:27.001 INFO:teuthology.orchestra.run.trial068.stdout:/usr/bin/ceph: stderr
2026-02-19T11:37:26.962+0000 7f71e9822700 1 --2- 10.20.193.68:0/419557634 >> [v2:10.20.193.68:6800/2,v1:10.20.193.68:6801/2] conn(0x7f71cc038300 0x7f71cc03a7c0 secure :-1 s=READY pgs=18 cs=0 l=1 rev1=1 crypto rx=0x7f71d8006fd0 tx=0x7f71d8006e40 comp rx=0 tx=0).stop
2026-02-19T11:37:27.002 INFO:teuthology.orchestra.run.trial068.stdout:/usr/bin/ceph: stderr
2026-02-19T11:37:26.962+0000 7f71e9822700 1 -- 10.20.193.68:0/419557634 >> [v2:10.20.193.68:3300/0,v1:10.20.193.68:6789/0] conn(0x7f71e4105680 msgr2=0x7f71e4190990 secure :-1 s=STATE_CONNECTION_ESTABLISHED l=1).mark_down
2026-02-19T11:37:27.002 INFO:teuthology.orchestra.run.trial068.stdout:/usr/bin/ceph: stderr
2026-02-19T11:37:26.962+0000 7f71e9822700 1 --2- 10.20.193.68:0/419557634 >> [v2:10.20.193.68:3300/0,v1:10.20.193.68:6789/0] conn(0x7f71e4105680 0x7f71e4190990 secure :-1 s=READY pgs=60 cs=0 l=1 rev1=1 crypto rx=0x7f71d400b440 tx=0x7f71d400bb30 comp rx=0 tx=0).stop
2026-02-19T11:37:27.002 INFO:teuthology.orchestra.run.trial068.stdout:/usr/bin/ceph: stderr
2026-02-19T11:37:26.962+0000 7f71e9822700 1 -- 10.20.193.68:0/419557634 shutdown_connections
2026-02-19T11:37:27.002 INFO:teuthology.orchestra.run.trial068.stdout:/usr/bin/ceph: stderr
2026-02-19T11:37:26.962+0000 7f71e9822700 1 --2- 10.20.193.68:0/419557634 >> [v2:10.20.193.68:6800/2,v1:10.20.193.68:6801/2] conn(0x7f71cc038300 0x7f71cc03a7c0 unknown :-1 s=CLOSED pgs=18 cs=0 l=1 rev1=1 crypto rx=0 tx=0 comp rx=0 tx=0).stop
2026-02-19T11:37:27.002 INFO:teuthology.orchestra.run.trial068.stdout:/usr/bin/ceph: stderr
2026-02-19T11:37:26.962+0000 7f71e9822700 1 --2- 10.20.193.68:0/419557634 >> [v2:10.20.193.68:3300/0,v1:10.20.193.68:6789/0] conn(0x7f71e4105680 0x7f71e4190990 unknown :-1 s=CLOSED pgs=60 cs=0 l=1 rev1=1 crypto rx=0 tx=0 comp rx=0 tx=0).stop
2026-02-19T11:37:27.002 INFO:teuthology.orchestra.run.trial068.stdout:/usr/bin/ceph: stderr
2026-02-19T11:37:26.962+0000 7f71e9822700 1 -- 10.20.193.68:0/419557634 >> 10.20.193.68:0/419557634 conn(0x7f71e4100c00 msgr2=0x7f71e4074130 unknown :-1 s=STATE_NONE l=0).mark_down
2026-02-19T11:37:27.002 INFO:teuthology.orchestra.run.trial068.stdout:/usr/bin/ceph: stderr
2026-02-19T11:37:26.962+0000 7f71e9822700 1 -- 10.20.193.68:0/419557634 shutdown_connections
2026-02-19T11:37:27.002 INFO:teuthology.orchestra.run.trial068.stdout:/usr/bin/ceph: stderr
2026-02-19T11:37:26.962+0000 7f71e9822700 1 -- 10.20.193.68:0/419557634 wait complete.
2026-02-19T11:37:27.002 INFO:teuthology.orchestra.run.trial068.stdout:Deploying alertmanager service with default placement...
2026-02-19T11:37:27.245 INFO:teuthology.orchestra.run.trial068.stdout:/usr/bin/ceph: stdout Scheduled alertmanager update...
2026-02-19T11:37:27.245 INFO:teuthology.orchestra.run.trial068.stdout:/usr/bin/ceph: stderr
2026-02-19T11:37:27.102+0000 7f06a925b700 1 Processor -- start
2026-02-19T11:37:27.245 INFO:teuthology.orchestra.run.trial068.stdout:/usr/bin/ceph: stderr
2026-02-19T11:37:27.102+0000 7f06a925b700 1 -- start start
2026-02-19T11:37:27.246 INFO:teuthology.orchestra.run.trial068.stdout:/usr/bin/ceph: stderr
2026-02-19T11:37:27.102+0000 7f06a925b700 1 --2- >> [v2:10.20.193.68:3300/0,v1:10.20.193.68:6789/0] conn(0x7f06a4104a60 0x7f06a4104e80 unknown :-1 s=NONE pgs=0 cs=0 l=0 rev1=0 crypto rx=0 tx=0 comp rx=0 tx=0).connect
2026-02-19T11:37:27.246 INFO:teuthology.orchestra.run.trial068.stdout:/usr/bin/ceph: stderr
2026-02-19T11:37:27.102+0000 7f06a925b700 1 -- --> [v2:10.20.193.68:3300/0,v1:10.20.193.68:6789/0] -- mon_getmap magic: 0 v1 -- 0x7f06a4105450 con 0x7f06a4104a60
2026-02-19T11:37:27.246 INFO:teuthology.orchestra.run.trial068.stdout:/usr/bin/ceph: stderr
2026-02-19T11:37:27.102+0000 7f06a2d9d700 1 --2- >> [v2:10.20.193.68:3300/0,v1:10.20.193.68:6789/0] conn(0x7f06a4104a60 0x7f06a4104e80 unknown :-1 s=BANNER_CONNECTING pgs=0 cs=0 l=0 rev1=0 crypto rx=0 tx=0 comp rx=0 tx=0)._handle_peer_banner_payload supported=3 required=0
2026-02-19T11:37:27.246 INFO:teuthology.orchestra.run.trial068.stdout:/usr/bin/ceph: stderr
2026-02-19T11:37:27.102+0000 7f06a2d9d700 1 --2- >> [v2:10.20.193.68:3300/0,v1:10.20.193.68:6789/0] conn(0x7f06a4104a60 0x7f06a4104e80 unknown :-1 s=HELLO_CONNECTING pgs=0 cs=0 l=0 rev1=1 crypto rx=0 tx=0 comp rx=0 tx=0).handle_hello peer v2:10.20.193.68:3300/0 says I am v2:10.20.193.68:34562/0 (socket says 10.20.193.68:34562)
2026-02-19T11:37:27.246 INFO:teuthology.orchestra.run.trial068.stdout:/usr/bin/ceph: stderr
2026-02-19T11:37:27.102+0000 7f06a2d9d700 1 -- 10.20.193.68:0/4109774681 learned_addr learned my addr 10.20.193.68:0/4109774681 (peer_addr_for_me v2:10.20.193.68:0/0)
2026-02-19T11:37:27.246 INFO:teuthology.orchestra.run.trial068.stdout:/usr/bin/ceph: stderr
2026-02-19T11:37:27.103+0000 7f06a2d9d700 1 -- 10.20.193.68:0/4109774681 --> [v2:10.20.193.68:3300/0,v1:10.20.193.68:6789/0] -- mon_subscribe({config=0+,monmap=0+}) v3 -- 0x7f06a41079f0 con 0x7f06a4104a60
2026-02-19T11:37:27.246 INFO:teuthology.orchestra.run.trial068.stdout:/usr/bin/ceph: stderr
2026-02-19T11:37:27.103+0000 7f06a2d9d700 1 --2- 10.20.193.68:0/4109774681 >> [v2:10.20.193.68:3300/0,v1:10.20.193.68:6789/0] conn(0x7f06a4104a60 0x7f06a4104e80 secure :-1 s=READY pgs=61 cs=0 l=1 rev1=1 crypto rx=0x7f0694009a90 tx=0x7f0694009da0 comp rx=0 tx=0).ready entity=mon.0 client_cookie=5a63269add6bdd1e server_cookie=0 in_seq=0 out_seq=0
2026-02-19T11:37:27.246 INFO:teuthology.orchestra.run.trial068.stdout:/usr/bin/ceph: stderr
2026-02-19T11:37:27.103+0000 7f06a1d9b700 1 -- 10.20.193.68:0/4109774681 <== mon.0 v2:10.20.193.68:3300/0 1 ==== mon_map magic: 0 v1 ==== 226+0+0 (secure 0 0 0) 0x7f0694004180 con 0x7f06a4104a60
2026-02-19T11:37:27.246 INFO:teuthology.orchestra.run.trial068.stdout:/usr/bin/ceph: stderr
2026-02-19T11:37:27.103+0000 7f06a1d9b700 1 -- 10.20.193.68:0/4109774681 <== mon.0 v2:10.20.193.68:3300/0 2 ==== config(28 keys) v1 ==== 1137+0+0 (secure 0 0 0) 0x7f069400bcc0 con 0x7f06a4104a60
2026-02-19T11:37:27.246 INFO:teuthology.orchestra.run.trial068.stdout:/usr/bin/ceph: stderr
2026-02-19T11:37:27.103+0000 7f06a1d9b700 1 -- 10.20.193.68:0/4109774681 <== mon.0 v2:10.20.193.68:3300/0 3 ==== mon_map magic: 0 v1 ==== 226+0+0 (secure 0 0 0) 0x7f0694003d40 con 0x7f06a4104a60
2026-02-19T11:37:27.246 INFO:teuthology.orchestra.run.trial068.stdout:/usr/bin/ceph: stderr
2026-02-19T11:37:27.103+0000 7f06a925b700 1 -- 10.20.193.68:0/4109774681 >> [v2:10.20.193.68:3300/0,v1:10.20.193.68:6789/0] conn(0x7f06a4104a60 msgr2=0x7f06a4104e80 secure :-1 s=STATE_CONNECTION_ESTABLISHED l=1).mark_down
2026-02-19T11:37:27.246 INFO:teuthology.orchestra.run.trial068.stdout:/usr/bin/ceph: stderr
2026-02-19T11:37:27.103+0000 7f06a925b700 1 --2- 10.20.193.68:0/4109774681 >> [v2:10.20.193.68:3300/0,v1:10.20.193.68:6789/0] conn(0x7f06a4104a60 0x7f06a4104e80 secure :-1 s=READY pgs=61 cs=0 l=1 rev1=1 crypto rx=0x7f0694009a90 tx=0x7f0694009da0 comp rx=0 tx=0).stop
2026-02-19T11:37:27.247 INFO:teuthology.orchestra.run.trial068.stdout:/usr/bin/ceph: stderr
2026-02-19T11:37:27.103+0000 7f06a925b700 1 -- 10.20.193.68:0/4109774681 shutdown_connections
2026-02-19T11:37:27.247 INFO:teuthology.orchestra.run.trial068.stdout:/usr/bin/ceph: stderr
2026-02-19T11:37:27.103+0000 7f06a925b700 1 --2- 10.20.193.68:0/4109774681 >> [v2:10.20.193.68:3300/0,v1:10.20.193.68:6789/0] conn(0x7f06a4104a60 0x7f06a4104e80 unknown :-1 s=CLOSED pgs=61 cs=0 l=1 rev1=1 crypto rx=0 tx=0 comp rx=0 tx=0).stop
2026-02-19T11:37:27.247 INFO:teuthology.orchestra.run.trial068.stdout:/usr/bin/ceph: stderr
2026-02-19T11:37:27.103+0000 7f06a925b700 1 -- 10.20.193.68:0/4109774681 >> 10.20.193.68:0/4109774681 conn(0x7f06a4100390 msgr2=0x7f06a41027d0 unknown :-1 s=STATE_NONE l=0).mark_down
2026-02-19T11:37:27.247 INFO:teuthology.orchestra.run.trial068.stdout:/usr/bin/ceph: stderr
2026-02-19T11:37:27.103+0000 7f06a925b700 1 -- 10.20.193.68:0/4109774681 shutdown_connections
2026-02-19T11:37:27.247 INFO:teuthology.orchestra.run.trial068.stdout:/usr/bin/ceph: stderr
2026-02-19T11:37:27.103+0000 7f06a925b700 1 -- 10.20.193.68:0/4109774681 wait complete.
2026-02-19T11:37:27.247 INFO:teuthology.orchestra.run.trial068.stdout:/usr/bin/ceph: stderr
2026-02-19T11:37:27.104+0000 7f06a925b700 1 Processor -- start
2026-02-19T11:37:27.247 INFO:teuthology.orchestra.run.trial068.stdout:/usr/bin/ceph: stderr
2026-02-19T11:37:27.104+0000 7f06a925b700 1 -- start start
2026-02-19T11:37:27.247 INFO:teuthology.orchestra.run.trial068.stdout:/usr/bin/ceph: stderr
2026-02-19T11:37:27.104+0000 7f06a925b700 1 --2- >> [v2:10.20.193.68:3300/0,v1:10.20.193.68:6789/0] conn(0x7f06a4104a60 0x7f06a419a520 unknown :-1 s=NONE pgs=0 cs=0 l=1 rev1=0 crypto rx=0 tx=0 comp rx=0 tx=0).connect
2026-02-19T11:37:27.247 INFO:teuthology.orchestra.run.trial068.stdout:/usr/bin/ceph: stderr
2026-02-19T11:37:27.104+0000 7f06a925b700 1 -- --> [v2:10.20.193.68:3300/0,v1:10.20.193.68:6789/0] -- mon_getmap magic: 0 v1 -- 0x7f06a419aa60 con 0x7f06a4104a60
2026-02-19T11:37:27.247 INFO:teuthology.orchestra.run.trial068.stdout:/usr/bin/ceph: stderr
2026-02-19T11:37:27.104+0000 7f06a2d9d700 1 --2- >> [v2:10.20.193.68:3300/0,v1:10.20.193.68:6789/0] conn(0x7f06a4104a60 0x7f06a419a520 unknown :-1 s=BANNER_CONNECTING pgs=0 cs=0 l=1 rev1=0 crypto rx=0 tx=0 comp rx=0 tx=0)._handle_peer_banner_payload supported=3 required=0
2026-02-19T11:37:27.247 INFO:teuthology.orchestra.run.trial068.stdout:/usr/bin/ceph: stderr
2026-02-19T11:37:27.104+0000 7f06a2d9d700 1 --2- >> [v2:10.20.193.68:3300/0,v1:10.20.193.68:6789/0] conn(0x7f06a4104a60 0x7f06a419a520 unknown :-1 s=HELLO_CONNECTING pgs=0 cs=0 l=1 rev1=1 crypto rx=0 tx=0 comp rx=0 tx=0).handle_hello peer v2:10.20.193.68:3300/0 says I am v2:10.20.193.68:34566/0 (socket says 10.20.193.68:34566)
2026-02-19T11:37:27.247 INFO:teuthology.orchestra.run.trial068.stdout:/usr/bin/ceph: stderr
2026-02-19T11:37:27.104+0000 7f06a2d9d700 1 -- 10.20.193.68:0/2021109234 learned_addr learned my addr 10.20.193.68:0/2021109234 (peer_addr_for_me v2:10.20.193.68:0/0)
2026-02-19T11:37:27.248 INFO:teuthology.orchestra.run.trial068.stdout:/usr/bin/ceph: stderr
2026-02-19T11:37:27.104+0000 7f06a2d9d700 1 -- 10.20.193.68:0/2021109234 --> [v2:10.20.193.68:3300/0,v1:10.20.193.68:6789/0] -- mon_subscribe({config=0+,monmap=0+}) v3 -- 0x7f0694009740 con 0x7f06a4104a60
2026-02-19T11:37:27.248 INFO:teuthology.orchestra.run.trial068.stdout:/usr/bin/ceph: stderr
2026-02-19T11:37:27.104+0000 7f06a2d9d700 1 --2- 10.20.193.68:0/2021109234 >> [v2:10.20.193.68:3300/0,v1:10.20.193.68:6789/0] conn(0x7f06a4104a60 0x7f06a419a520 secure :-1 s=READY pgs=62 cs=0 l=1 rev1=1 crypto rx=0x7f0694006fa0 tx=0x7f069400bb30 comp rx=0 tx=0).ready entity=mon.0 client_cookie=0 server_cookie=0 in_seq=0 out_seq=0
2026-02-19T11:37:27.248 INFO:teuthology.orchestra.run.trial068.stdout:/usr/bin/ceph: stderr
2026-02-19T11:37:27.104+0000 7f068bfff700 1 -- 10.20.193.68:0/2021109234 <== mon.0 v2:10.20.193.68:3300/0 1 ==== mon_map magic: 0 v1 ==== 226+0+0 (secure 0 0 0) 0x7f0694004390 con 0x7f06a4104a60
2026-02-19T11:37:27.248 INFO:teuthology.orchestra.run.trial068.stdout:/usr/bin/ceph: stderr
2026-02-19T11:37:27.104+0000 7f068bfff700 1 -- 10.20.193.68:0/2021109234 <== mon.0 v2:10.20.193.68:3300/0 2 ==== config(28 keys) v1 ==== 1137+0+0 (secure 0 0 0) 0x7f06940044f0 con 0x7f06a4104a60
2026-02-19T11:37:27.248 INFO:teuthology.orchestra.run.trial068.stdout:/usr/bin/ceph: stderr
2026-02-19T11:37:27.104+0000 7f06a925b700 1 -- 10.20.193.68:0/2021109234 --> [v2:10.20.193.68:3300/0,v1:10.20.193.68:6789/0] -- mon_subscribe({mgrmap=0+}) v3 -- 0x7f06a419ac60 con 0x7f06a4104a60
2026-02-19T11:37:27.248 INFO:teuthology.orchestra.run.trial068.stdout:/usr/bin/ceph: stderr
2026-02-19T11:37:27.104+0000 7f068bfff700 1 -- 10.20.193.68:0/2021109234 <== mon.0 v2:10.20.193.68:3300/0 3 ==== mon_map magic: 0 v1 ==== 226+0+0 (secure 0 0 0) 0x7f0694011840 con 0x7f06a4104a60
2026-02-19T11:37:27.248 INFO:teuthology.orchestra.run.trial068.stdout:/usr/bin/ceph: stderr
2026-02-19T11:37:27.105+0000 7f06a925b700 1 -- 10.20.193.68:0/2021109234 --> [v2:10.20.193.68:3300/0,v1:10.20.193.68:6789/0] -- mon_subscribe({osdmap=0}) v3 -- 0x7f06a419b080 con 0x7f06a4104a60
2026-02-19T11:37:27.248 INFO:teuthology.orchestra.run.trial068.stdout:/usr/bin/ceph: stderr
2026-02-19T11:37:27.105+0000 7f068bfff700 1 -- 10.20.193.68:0/2021109234 <== mon.0 v2:10.20.193.68:3300/0 4 ==== mgrmap(e 8) v1 ==== 45282+0+0 (secure 0 0 0) 0x7f069401bcd0 con 0x7f06a4104a60
2026-02-19T11:37:27.248 INFO:teuthology.orchestra.run.trial068.stdout:/usr/bin/ceph: stderr
2026-02-19T11:37:27.105+0000 7f06a925b700 1 -- 10.20.193.68:0/2021109234 --> [v2:10.20.193.68:3300/0,v1:10.20.193.68:6789/0] -- mon_command({"prefix": "get_command_descriptions"} v 0) v1 -- 0x7f06a404fa20 con 0x7f06a4104a60
2026-02-19T11:37:27.248 INFO:teuthology.orchestra.run.trial068.stdout:/usr/bin/ceph: stderr
2026-02-19T11:37:27.105+0000 7f068bfff700 1 --2- 10.20.193.68:0/2021109234 >> [v2:10.20.193.68:6800/2,v1:10.20.193.68:6801/2] conn(0x7f068c038330 0x7f068c03a7f0 unknown :-1 s=NONE pgs=0 cs=0 l=1 rev1=0 crypto rx=0 tx=0 comp rx=0 tx=0).connect
2026-02-19T11:37:27.248 INFO:teuthology.orchestra.run.trial068.stdout:/usr/bin/ceph: stderr
2026-02-19T11:37:27.105+0000 7f068bfff700 1 -- 10.20.193.68:0/2021109234 <== mon.0 v2:10.20.193.68:3300/0 5 ==== osd_map(2..2 src has 1..2) v4 ==== 940+0+0 (secure 0 0 0) 0x7f069404c510 con 0x7f06a4104a60
2026-02-19T11:37:27.248 INFO:teuthology.orchestra.run.trial068.stdout:/usr/bin/ceph: stderr
2026-02-19T11:37:27.105+0000 7f06a259c700 1 --2- 10.20.193.68:0/2021109234 >> [v2:10.20.193.68:6800/2,v1:10.20.193.68:6801/2] conn(0x7f068c038330 0x7f068c03a7f0 unknown :-1 s=BANNER_CONNECTING pgs=0 cs=0 l=1 rev1=0 crypto rx=0 tx=0 comp rx=0 tx=0)._handle_peer_banner_payload supported=3 required=0
2026-02-19T11:37:27.249 INFO:teuthology.orchestra.run.trial068.stdout:/usr/bin/ceph: stderr
2026-02-19T11:37:27.106+0000 7f06a259c700 1 --2- 10.20.193.68:0/2021109234 >> [v2:10.20.193.68:6800/2,v1:10.20.193.68:6801/2] conn(0x7f068c038330 0x7f068c03a7f0 secure :-1 s=READY pgs=19 cs=0 l=1 rev1=1 crypto rx=0x7f0698006fd0 tx=0x7f0698006e40 comp rx=0 tx=0).ready entity=mgr.14120 client_cookie=0 server_cookie=0 in_seq=0 out_seq=0
2026-02-19T11:37:27.249 INFO:teuthology.orchestra.run.trial068.stdout:/usr/bin/ceph: stderr
2026-02-19T11:37:27.108+0000 7f068bfff700 1 -- 10.20.193.68:0/2021109234 <== mon.0 v2:10.20.193.68:3300/0 6 ==== mon_command_ack([{"prefix": "get_command_descriptions"}]=0 v0) v1 ==== 72+0+180422 (secure 0 0 0) 0x7f069401abc0 con 0x7f06a4104a60
2026-02-19T11:37:27.249 INFO:teuthology.orchestra.run.trial068.stdout:/usr/bin/ceph: stderr
2026-02-19T11:37:27.208+0000 7f06a925b700 1 -- 10.20.193.68:0/2021109234 --> [v2:10.20.193.68:6800/2,v1:10.20.193.68:6801/2] -- mgr_command(tid 0: {"prefix": "orch apply", "service_type": "alertmanager", "target": ["mon-mgr", ""]}) v1 -- 0x7f06a4101800 con 0x7f068c038330
2026-02-19T11:37:27.249 INFO:teuthology.orchestra.run.trial068.stdout:/usr/bin/ceph: stderr
2026-02-19T11:37:27.211+0000 7f068bfff700 1 -- 10.20.193.68:0/2021109234 <== mgr.14120 v2:10.20.193.68:6800/2 1 ==== mgr_command_reply(tid 0: 0 ) v1 ==== 8+0+33 (secure 0 0 0) 0x7f06a4101800 con 0x7f068c038330
2026-02-19T11:37:27.249 INFO:teuthology.orchestra.run.trial068.stdout:/usr/bin/ceph: stderr
2026-02-19T11:37:27.212+0000 7f06a925b700 1 -- 10.20.193.68:0/2021109234 >> [v2:10.20.193.68:6800/2,v1:10.20.193.68:6801/2] conn(0x7f068c038330 msgr2=0x7f068c03a7f0 secure :-1 s=STATE_CONNECTION_ESTABLISHED l=1).mark_down
2026-02-19T11:37:27.249 INFO:teuthology.orchestra.run.trial068.stdout:/usr/bin/ceph: stderr
2026-02-19T11:37:27.212+0000 7f06a925b700 1 --2- 10.20.193.68:0/2021109234 >> [v2:10.20.193.68:6800/2,v1:10.20.193.68:6801/2] conn(0x7f068c038330 0x7f068c03a7f0 secure :-1 s=READY pgs=19 cs=0 l=1 rev1=1 crypto rx=0x7f0698006fd0 tx=0x7f0698006e40 comp rx=0 tx=0).stop
2026-02-19T11:37:27.249 INFO:teuthology.orchestra.run.trial068.stdout:/usr/bin/ceph: stderr
2026-02-19T11:37:27.212+0000 7f06a925b700 1 -- 10.20.193.68:0/2021109234 >> [v2:10.20.193.68:3300/0,v1:10.20.193.68:6789/0] conn(0x7f06a4104a60 msgr2=0x7f06a419a520 secure :-1 s=STATE_CONNECTION_ESTABLISHED l=1).mark_down
2026-02-19T11:37:27.249 INFO:teuthology.orchestra.run.trial068.stdout:/usr/bin/ceph: stderr
2026-02-19T11:37:27.212+0000 7f06a925b700 1 --2- 10.20.193.68:0/2021109234 >> [v2:10.20.193.68:3300/0,v1:10.20.193.68:6789/0] conn(0x7f06a4104a60 0x7f06a419a520 secure :-1 s=READY pgs=62 cs=0 l=1 rev1=1 crypto rx=0x7f0694006fa0 tx=0x7f069400bb30 comp rx=0 tx=0).stop
2026-02-19T11:37:27.249 INFO:teuthology.orchestra.run.trial068.stdout:/usr/bin/ceph: stderr
2026-02-19T11:37:27.212+0000 7f06a925b700 1 -- 10.20.193.68:0/2021109234 shutdown_connections
2026-02-19T11:37:27.249 INFO:teuthology.orchestra.run.trial068.stdout:/usr/bin/ceph: stderr
2026-02-19T11:37:27.212+0000 7f06a925b700 1 --2- 10.20.193.68:0/2021109234 >> [v2:10.20.193.68:6800/2,v1:10.20.193.68:6801/2] conn(0x7f068c038330 0x7f068c03a7f0 unknown :-1 s=CLOSED pgs=19 cs=0 l=1 rev1=1 crypto rx=0 tx=0 comp rx=0 tx=0).stop
2026-02-19T11:37:27.249 INFO:teuthology.orchestra.run.trial068.stdout:/usr/bin/ceph: stderr
2026-02-19T11:37:27.212+0000 7f06a925b700 1 --2- 10.20.193.68:0/2021109234 >> [v2:10.20.193.68:3300/0,v1:10.20.193.68:6789/0] conn(0x7f06a4104a60 0x7f06a419a520 unknown :-1 s=CLOSED pgs=62 cs=0 l=1 rev1=1 crypto rx=0 tx=0 comp rx=0 tx=0).stop
2026-02-19T11:37:27.249 INFO:teuthology.orchestra.run.trial068.stdout:/usr/bin/ceph: stderr
2026-02-19T11:37:27.212+0000 7f06a925b700 1 -- 10.20.193.68:0/2021109234 >> 10.20.193.68:0/2021109234 conn(0x7f06a4100390 msgr2=0x7f06a41010f0 unknown :-1 s=STATE_NONE l=0).mark_down
2026-02-19T11:37:27.250 INFO:teuthology.orchestra.run.trial068.stdout:/usr/bin/ceph: stderr
2026-02-19T11:37:27.212+0000 7f06a925b700 1 -- 10.20.193.68:0/2021109234 shutdown_connections
2026-02-19T11:37:27.250 INFO:teuthology.orchestra.run.trial068.stdout:/usr/bin/ceph: stderr
2026-02-19T11:37:27.212+0000 7f06a925b700 1 -- 10.20.193.68:0/2021109234 wait complete.
2026-02-19T11:37:27.482 INFO:teuthology.orchestra.run.trial068.stdout:/usr/bin/ceph: stderr
2026-02-19T11:37:27.347+0000 7f55c5dde700 1 Processor -- start
2026-02-19T11:37:27.482 INFO:teuthology.orchestra.run.trial068.stdout:/usr/bin/ceph: stderr
2026-02-19T11:37:27.347+0000 7f55c5dde700 1 -- start start
2026-02-19T11:37:27.482 INFO:teuthology.orchestra.run.trial068.stdout:/usr/bin/ceph: stderr
2026-02-19T11:37:27.347+0000 7f55c5dde700 1 --2- >> [v2:10.20.193.68:3300/0,v1:10.20.193.68:6789/0] conn(0x7f55c0108980 0x7f55c0108da0 unknown :-1 s=NONE pgs=0 cs=0 l=0 rev1=0 crypto rx=0 tx=0 comp rx=0 tx=0).connect
2026-02-19T11:37:27.482 INFO:teuthology.orchestra.run.trial068.stdout:/usr/bin/ceph: stderr
2026-02-19T11:37:27.347+0000 7f55c5dde700 1 -- --> [v2:10.20.193.68:3300/0,v1:10.20.193.68:6789/0] -- mon_getmap magic: 0 v1 -- 0x7f55c0109370 con 0x7f55c0108980
2026-02-19T11:37:27.483 INFO:teuthology.orchestra.run.trial068.stdout:/usr/bin/ceph: stderr
2026-02-19T11:37:27.347+0000 7f55bf7fe700 1 --2- >> [v2:10.20.193.68:3300/0,v1:10.20.193.68:6789/0] conn(0x7f55c0108980 0x7f55c0108da0 unknown :-1 s=BANNER_CONNECTING pgs=0 cs=0 l=0 rev1=0 crypto rx=0 tx=0 comp rx=0 tx=0)._handle_peer_banner_payload supported=3 required=0
2026-02-19T11:37:27.483 INFO:teuthology.orchestra.run.trial068.stdout:/usr/bin/ceph: stderr
2026-02-19T11:37:27.347+0000 7f55bf7fe700 1 --2- >> [v2:10.20.193.68:3300/0,v1:10.20.193.68:6789/0] conn(0x7f55c0108980 0x7f55c0108da0 unknown :-1 s=HELLO_CONNECTING pgs=0 cs=0 l=0 rev1=1 crypto rx=0 tx=0 comp rx=0 tx=0).handle_hello peer v2:10.20.193.68:3300/0 says I am v2:10.20.193.68:34568/0 (socket says 10.20.193.68:34568)
2026-02-19T11:37:27.483 INFO:teuthology.orchestra.run.trial068.stdout:/usr/bin/ceph: stderr
