2026-02-19T11:37:25.713+0000 7f2e36ffd700 1 -- 10.20.193.68:0/370814185 <== mgr.14120 v2:10.20.193.68:6800/2 1 ==== mgr_command_reply(tid 0: 0 ) v1 ==== 8+0+24 (secure 0 0 0) 0x7f2e40106020 con 0x7f2e2c038350
2026-02-19T11:37:25.753 INFO:teuthology.orchestra.run.trial068.stdout:/usr/bin/ceph: stderr
2026-02-19T11:37:25.715+0000 7f2e48246700 1 -- 10.20.193.68:0/370814185 >> [v2:10.20.193.68:6800/2,v1:10.20.193.68:6801/2] conn(0x7f2e2c038350 msgr2=0x7f2e2c03a810 secure :-1 s=STATE_CONNECTION_ESTABLISHED l=1).mark_down
2026-02-19T11:37:25.753 INFO:teuthology.orchestra.run.trial068.stdout:/usr/bin/ceph: stderr
2026-02-19T11:37:25.715+0000 7f2e48246700 1 --2- 10.20.193.68:0/370814185 >> [v2:10.20.193.68:6800/2,v1:10.20.193.68:6801/2] conn(0x7f2e2c038350 0x7f2e2c03a810 secure :-1 s=READY pgs=13 cs=0 l=1 rev1=1 crypto rx=0x7f2e30006fd0 tx=0x7f2e30006e40 comp rx=0 tx=0).stop
2026-02-19T11:37:25.753 INFO:teuthology.orchestra.run.trial068.stdout:/usr/bin/ceph: stderr
2026-02-19T11:37:25.715+0000 7f2e48246700 1 -- 10.20.193.68:0/370814185 >> [v2:10.20.193.68:3300/0,v1:10.20.193.68:6789/0] conn(0x7f2e40107270 msgr2=0x7f2e40106bd0 secure :-1 s=STATE_CONNECTION_ESTABLISHED l=1).mark_down
2026-02-19T11:37:25.753 INFO:teuthology.orchestra.run.trial068.stdout:/usr/bin/ceph: stderr
2026-02-19T11:37:25.715+0000 7f2e48246700 1 --2- 10.20.193.68:0/370814185 >> [v2:10.20.193.68:3300/0,v1:10.20.193.68:6789/0] conn(0x7f2e40107270 0x7f2e40106bd0 secure :-1 s=READY pgs=50 cs=0 l=1 rev1=1 crypto rx=0x7f2e3c006fa0 tx=0x7f2e3c00bac0 comp rx=0 tx=0).stop
2026-02-19T11:37:25.753 INFO:teuthology.orchestra.run.trial068.stdout:/usr/bin/ceph: stderr
2026-02-19T11:37:25.715+0000 7f2e48246700 1 -- 10.20.193.68:0/370814185 shutdown_connections
2026-02-19T11:37:25.754 INFO:teuthology.orchestra.run.trial068.stdout:/usr/bin/ceph: stderr
2026-02-19T11:37:25.715+0000 7f2e48246700 1 --2- 10.20.193.68:0/370814185 >> [v2:10.20.193.68:6800/2,v1:10.20.193.68:6801/2] conn(0x7f2e2c038350 0x7f2e2c03a810 unknown :-1 s=CLOSED pgs=13 cs=0 l=1 rev1=1 crypto rx=0 tx=0 comp rx=0 tx=0).stop
2026-02-19T11:37:25.754 INFO:teuthology.orchestra.run.trial068.stdout:/usr/bin/ceph: stderr
2026-02-19T11:37:25.715+0000 7f2e48246700 1 --2- 10.20.193.68:0/370814185 >> [v2:10.20.193.68:3300/0,v1:10.20.193.68:6789/0] conn(0x7f2e40107270 0x7f2e40106bd0 unknown :-1 s=CLOSED pgs=50 cs=0 l=1 rev1=1 crypto rx=0 tx=0 comp rx=0 tx=0).stop
2026-02-19T11:37:25.754 INFO:teuthology.orchestra.run.trial068.stdout:/usr/bin/ceph: stderr
2026-02-19T11:37:25.715+0000 7f2e48246700 1 -- 10.20.193.68:0/370814185 >> 10.20.193.68:0/370814185 conn(0x7f2e40100c00 msgr2=0x7f2e401019f0 unknown :-1 s=STATE_NONE l=0).mark_down
2026-02-19T11:37:25.754 INFO:teuthology.orchestra.run.trial068.stdout:/usr/bin/ceph: stderr
2026-02-19T11:37:25.715+0000 7f2e48246700 1 -- 10.20.193.68:0/370814185 shutdown_connections
2026-02-19T11:37:25.754 INFO:teuthology.orchestra.run.trial068.stdout:/usr/bin/ceph: stderr
2026-02-19T11:37:25.715+0000 7f2e48246700 1 -- 10.20.193.68:0/370814185 wait complete.
2026-02-19T11:37:25.754 INFO:teuthology.orchestra.run.trial068.stdout:Deploying crash service with default placement...
2026-02-19T11:37:25.994 INFO:teuthology.orchestra.run.trial068.stdout:/usr/bin/ceph: stdout Scheduled crash update...
2026-02-19T11:37:25.994 INFO:teuthology.orchestra.run.trial068.stdout:/usr/bin/ceph: stderr
2026-02-19T11:37:25.849+0000 7f6072637700 1 Processor -- start
2026-02-19T11:37:25.994 INFO:teuthology.orchestra.run.trial068.stdout:/usr/bin/ceph: stderr
2026-02-19T11:37:25.850+0000 7f6072637700 1 -- start start
2026-02-19T11:37:25.995 INFO:teuthology.orchestra.run.trial068.stdout:/usr/bin/ceph: stderr
2026-02-19T11:37:25.850+0000 7f6072637700 1 --2- >> [v2:10.20.193.68:3300/0,v1:10.20.193.68:6789/0] conn(0x7f606c105680 0x7f606c105aa0 unknown :-1 s=NONE pgs=0 cs=0 l=0 rev1=0 crypto rx=0 tx=0 comp rx=0 tx=0).connect
2026-02-19T11:37:25.995 INFO:teuthology.orchestra.run.trial068.stdout:/usr/bin/ceph: stderr
2026-02-19T11:37:25.850+0000 7f6072637700 1 -- --> [v2:10.20.193.68:3300/0,v1:10.20.193.68:6789/0] -- mon_getmap magic: 0 v1 -- 0x7f606c106070 con 0x7f606c105680
2026-02-19T11:37:25.995 INFO:teuthology.orchestra.run.trial068.stdout:/usr/bin/ceph: stderr
2026-02-19T11:37:25.850+0000 7f606bfff700 1 --2- >> [v2:10.20.193.68:3300/0,v1:10.20.193.68:6789/0] conn(0x7f606c105680 0x7f606c105aa0 unknown :-1 s=BANNER_CONNECTING pgs=0 cs=0 l=0 rev1=0 crypto rx=0 tx=0 comp rx=0 tx=0)._handle_peer_banner_payload supported=3 required=0
2026-02-19T11:37:25.995 INFO:teuthology.orchestra.run.trial068.stdout:/usr/bin/ceph: stderr
2026-02-19T11:37:25.850+0000 7f606bfff700 1 --2- >> [v2:10.20.193.68:3300/0,v1:10.20.193.68:6789/0] conn(0x7f606c105680 0x7f606c105aa0 unknown :-1 s=HELLO_CONNECTING pgs=0 cs=0 l=0 rev1=1 crypto rx=0 tx=0 comp rx=0 tx=0).handle_hello peer v2:10.20.193.68:3300/0 says I am v2:10.20.193.68:34448/0 (socket says 10.20.193.68:34448)
2026-02-19T11:37:25.995 INFO:teuthology.orchestra.run.trial068.stdout:/usr/bin/ceph: stderr
2026-02-19T11:37:25.850+0000 7f606bfff700 1 -- 10.20.193.68:0/596952384 learned_addr learned my addr 10.20.193.68:0/596952384 (peer_addr_for_me v2:10.20.193.68:0/0)
2026-02-19T11:37:25.995 INFO:teuthology.orchestra.run.trial068.stdout:/usr/bin/ceph: stderr
2026-02-19T11:37:25.850+0000 7f606bfff700 1 -- 10.20.193.68:0/596952384 --> [v2:10.20.193.68:3300/0,v1:10.20.193.68:6789/0] -- mon_subscribe({config=0+,monmap=0+}) v3 -- 0x7f606c106880 con 0x7f606c105680
2026-02-19T11:37:25.995 INFO:teuthology.orchestra.run.trial068.stdout:/usr/bin/ceph: stderr
2026-02-19T11:37:25.850+0000 7f606bfff700 1 --2- 10.20.193.68:0/596952384 >> [v2:10.20.193.68:3300/0,v1:10.20.193.68:6789/0] conn(0x7f606c105680 0x7f606c105aa0 secure :-1 s=READY pgs=51 cs=0 l=1 rev1=1 crypto rx=0x7f605c009a90 tx=0x7f605c009da0 comp rx=0 tx=0).ready entity=mon.0 client_cookie=1d7118896242e7f server_cookie=0 in_seq=0 out_seq=0
2026-02-19T11:37:25.995 INFO:teuthology.orchestra.run.trial068.stdout:/usr/bin/ceph: stderr
2026-02-19T11:37:25.850+0000 7f606b7fe700 1 -- 10.20.193.68:0/596952384 <== mon.0 v2:10.20.193.68:3300/0 1 ==== mon_map magic: 0 v1 ==== 226+0+0 (secure 0 0 0) 0x7f605c004180 con 0x7f606c105680
2026-02-19T11:37:25.996 INFO:teuthology.orchestra.run.trial068.stdout:/usr/bin/ceph: stderr
2026-02-19T11:37:25.850+0000 7f606b7fe700 1 -- 10.20.193.68:0/596952384 <== mon.0 v2:10.20.193.68:3300/0 2 ==== config(28 keys) v1 ==== 1137+0+0 (secure 0 0 0) 0x7f605c00bcc0 con 0x7f606c105680
2026-02-19T11:37:25.996 INFO:teuthology.orchestra.run.trial068.stdout:/usr/bin/ceph: stderr
2026-02-19T11:37:25.850+0000 7f606b7fe700 1 -- 10.20.193.68:0/596952384 <== mon.0 v2:10.20.193.68:3300/0 3 ==== mon_map magic: 0 v1 ==== 226+0+0 (secure 0 0 0) 0x7f605c003d40 con 0x7f606c105680
2026-02-19T11:37:25.996 INFO:teuthology.orchestra.run.trial068.stdout:/usr/bin/ceph: stderr
2026-02-19T11:37:25.850+0000 7f6072637700 1 -- 10.20.193.68:0/596952384 >> [v2:10.20.193.68:3300/0,v1:10.20.193.68:6789/0] conn(0x7f606c105680 msgr2=0x7f606c105aa0 secure :-1 s=STATE_CONNECTION_ESTABLISHED l=1).mark_down
2026-02-19T11:37:25.996 INFO:teuthology.orchestra.run.trial068.stdout:/usr/bin/ceph: stderr
2026-02-19T11:37:25.850+0000 7f6072637700 1 --2- 10.20.193.68:0/596952384 >> [v2:10.20.193.68:3300/0,v1:10.20.193.68:6789/0] conn(0x7f606c105680 0x7f606c105aa0 secure :-1 s=READY pgs=51 cs=0 l=1 rev1=1 crypto rx=0x7f605c009a90 tx=0x7f605c009da0 comp rx=0 tx=0).stop
2026-02-19T11:37:25.996 INFO:teuthology.orchestra.run.trial068.stdout:/usr/bin/ceph: stderr
2026-02-19T11:37:25.851+0000 7f6072637700 1 -- 10.20.193.68:0/596952384 shutdown_connections
2026-02-19T11:37:25.996 INFO:teuthology.orchestra.run.trial068.stdout:/usr/bin/ceph: stderr
2026-02-19T11:37:25.851+0000 7f6072637700 1 --2- 10.20.193.68:0/596952384 >> [v2:10.20.193.68:3300/0,v1:10.20.193.68:6789/0] conn(0x7f606c105680 0x7f606c105aa0 unknown :-1 s=CLOSED pgs=51 cs=0 l=1 rev1=1 crypto rx=0 tx=0 comp rx=0 tx=0).stop
2026-02-19T11:37:25.996 INFO:teuthology.orchestra.run.trial068.stdout:/usr/bin/ceph: stderr
2026-02-19T11:37:25.851+0000 7f6072637700 1 -- 10.20.193.68:0/596952384 >> 10.20.193.68:0/596952384 conn(0x7f606c100c00 msgr2=0x7f606c103060 unknown :-1 s=STATE_NONE l=0).mark_down
2026-02-19T11:37:25.996 INFO:teuthology.orchestra.run.trial068.stdout:/usr/bin/ceph: stderr
2026-02-19T11:37:25.851+0000 7f6072637700 1 -- 10.20.193.68:0/596952384 shutdown_connections
2026-02-19T11:37:25.997 INFO:teuthology.orchestra.run.trial068.stdout:/usr/bin/ceph: stderr
2026-02-19T11:37:25.851+0000 7f6072637700 1 -- 10.20.193.68:0/596952384 wait complete.
2026-02-19T11:37:25.997 INFO:teuthology.orchestra.run.trial068.stdout:/usr/bin/ceph: stderr
2026-02-19T11:37:25.851+0000 7f6072637700 1 Processor -- start
2026-02-19T11:37:25.997 INFO:teuthology.orchestra.run.trial068.stdout:/usr/bin/ceph: stderr
2026-02-19T11:37:25.851+0000 7f6072637700 1 -- start start
2026-02-19T11:37:25.997 INFO:teuthology.orchestra.run.trial068.stdout:/usr/bin/ceph: stderr
2026-02-19T11:37:25.851+0000 7f6072637700 1 --2- >> [v2:10.20.193.68:3300/0,v1:10.20.193.68:6789/0] conn(0x7f606c105680 0x7f606c19c780 unknown :-1 s=NONE pgs=0 cs=0 l=1 rev1=0 crypto rx=0 tx=0 comp rx=0 tx=0).connect
2026-02-19T11:37:25.997 INFO:teuthology.orchestra.run.trial068.stdout:/usr/bin/ceph: stderr
2026-02-19T11:37:25.851+0000 7f6072637700 1 -- --> [v2:10.20.193.68:3300/0,v1:10.20.193.68:6789/0] -- mon_getmap magic: 0 v1 -- 0x7f606c19ccc0 con 0x7f606c105680
2026-02-19T11:37:25.997 INFO:teuthology.orchestra.run.trial068.stdout:/usr/bin/ceph: stderr
2026-02-19T11:37:25.851+0000 7f606bfff700 1 --2- >> [v2:10.20.193.68:3300/0,v1:10.20.193.68:6789/0] conn(0x7f606c105680 0x7f606c19c780 unknown :-1 s=BANNER_CONNECTING pgs=0 cs=0 l=1 rev1=0 crypto rx=0 tx=0 comp rx=0 tx=0)._handle_peer_banner_payload supported=3 required=0
2026-02-19T11:37:25.997 INFO:teuthology.orchestra.run.trial068.stdout:/usr/bin/ceph: stderr
2026-02-19T11:37:25.851+0000 7f606bfff700 1 --2- >> [v2:10.20.193.68:3300/0,v1:10.20.193.68:6789/0] conn(0x7f606c105680 0x7f606c19c780 unknown :-1 s=HELLO_CONNECTING pgs=0 cs=0 l=1 rev1=1 crypto rx=0 tx=0 comp rx=0 tx=0).handle_hello peer v2:10.20.193.68:3300/0 says I am v2:10.20.193.68:34458/0 (socket says 10.20.193.68:34458)
2026-02-19T11:37:25.998 INFO:teuthology.orchestra.run.trial068.stdout:/usr/bin/ceph: stderr
2026-02-19T11:37:25.851+0000 7f606bfff700 1 -- 10.20.193.68:0/3488681697 learned_addr learned my addr 10.20.193.68:0/3488681697 (peer_addr_for_me v2:10.20.193.68:0/0)
2026-02-19T11:37:25.998 INFO:teuthology.orchestra.run.trial068.stdout:/usr/bin/ceph: stderr
2026-02-19T11:37:25.851+0000 7f606bfff700 1 -- 10.20.193.68:0/3488681697 --> [v2:10.20.193.68:3300/0,v1:10.20.193.68:6789/0] -- mon_subscribe({config=0+,monmap=0+}) v3 -- 0x7f605c009740 con 0x7f606c105680
2026-02-19T11:37:25.998 INFO:teuthology.orchestra.run.trial068.stdout:/usr/bin/ceph: stderr
2026-02-19T11:37:25.851+0000 7f606bfff700 1 --2- 10.20.193.68:0/3488681697 >> [v2:10.20.193.68:3300/0,v1:10.20.193.68:6789/0] conn(0x7f606c105680 0x7f606c19c780 secure :-1 s=READY pgs=52 cs=0 l=1 rev1=1 crypto rx=0x7f605c006fa0 tx=0x7f605c00bb30 comp rx=0 tx=0).ready entity=mon.0 client_cookie=0 server_cookie=0 in_seq=0 out_seq=0
2026-02-19T11:37:25.998 INFO:teuthology.orchestra.run.trial068.stdout:/usr/bin/ceph: stderr
2026-02-19T11:37:25.851+0000 7f6069ffb700 1 -- 10.20.193.68:0/3488681697 <== mon.0 v2:10.20.193.68:3300/0 1 ==== mon_map magic: 0 v1 ==== 226+0+0 (secure 0 0 0) 0x7f605c004390 con 0x7f606c105680
2026-02-19T11:37:25.998 INFO:teuthology.orchestra.run.trial068.stdout:/usr/bin/ceph: stderr
2026-02-19T11:37:25.851+0000 7f6069ffb700 1 -- 10.20.193.68:0/3488681697 <== mon.0 v2:10.20.193.68:3300/0 2 ==== config(28 keys) v1 ==== 1137+0+0 (secure 0 0 0) 0x7f605c0044f0 con 0x7f606c105680
2026-02-19T11:37:25.998 INFO:teuthology.orchestra.run.trial068.stdout:/usr/bin/ceph: stderr
2026-02-19T11:37:25.851+0000 7f6072637700 1 -- 10.20.193.68:0/3488681697 --> [v2:10.20.193.68:3300/0,v1:10.20.193.68:6789/0] -- mon_subscribe({mgrmap=0+}) v3 -- 0x7f606c19cec0 con 0x7f606c105680
2026-02-19T11:37:25.998 INFO:teuthology.orchestra.run.trial068.stdout:/usr/bin/ceph: stderr
2026-02-19T11:37:25.851+0000 7f6069ffb700 1 -- 10.20.193.68:0/3488681697 <== mon.0 v2:10.20.193.68:3300/0 3 ==== mon_map magic: 0 v1 ==== 226+0+0 (secure 0 0 0) 0x7f605c011840 con 0x7f606c105680
2026-02-19T11:37:25.998 INFO:teuthology.orchestra.run.trial068.stdout:/usr/bin/ceph: stderr
2026-02-19T11:37:25.851+0000 7f6072637700 1 -- 10.20.193.68:0/3488681697 --> [v2:10.20.193.68:3300/0,v1:10.20.193.68:6789/0] -- mon_subscribe({osdmap=0}) v3 -- 0x7f606c19d2e0 con 0x7f606c105680
2026-02-19T11:37:25.998 INFO:teuthology.orchestra.run.trial068.stdout:/usr/bin/ceph: stderr
2026-02-19T11:37:25.852+0000 7f6072637700 1 -- 10.20.193.68:0/3488681697 --> [v2:10.20.193.68:3300/0,v1:10.20.193.68:6789/0] -- mon_command({"prefix": "get_command_descriptions"} v 0) v1 -- 0x7f606c04fa20 con 0x7f606c105680
2026-02-19T11:37:25.998 INFO:teuthology.orchestra.run.trial068.stdout:/usr/bin/ceph: stderr
2026-02-19T11:37:25.852+0000 7f6069ffb700 1 -- 10.20.193.68:0/3488681697 <== mon.0 v2:10.20.193.68:3300/0 4 ==== mgrmap(e 8) v1 ==== 45282+0+0 (secure 0 0 0) 0x7f605c01bcd0 con 0x7f606c105680
2026-02-19T11:37:25.998 INFO:teuthology.orchestra.run.trial068.stdout:/usr/bin/ceph: stderr
2026-02-19T11:37:25.852+0000 7f6069ffb700 1 --2- 10.20.193.68:0/3488681697 >> [v2:10.20.193.68:6800/2,v1:10.20.193.68:6801/2] conn(0x7f6058038330 0x7f605803a7f0 unknown :-1 s=NONE pgs=0 cs=0 l=1 rev1=0 crypto rx=0 tx=0 comp rx=0 tx=0).connect
2026-02-19T11:37:25.998 INFO:teuthology.orchestra.run.trial068.stdout:/usr/bin/ceph: stderr
2026-02-19T11:37:25.852+0000 7f6069ffb700 1 -- 10.20.193.68:0/3488681697 <== mon.0 v2:10.20.193.68:3300/0 5 ==== osd_map(2..2 src has 1..2) v4 ==== 940+0+0 (secure 0 0 0) 0x7f605c04c4e0 con 0x7f606c105680
2026-02-19T11:37:25.999 INFO:teuthology.orchestra.run.trial068.stdout:/usr/bin/ceph: stderr
2026-02-19T11:37:25.852+0000 7f6063fff700 1 --2- 10.20.193.68:0/3488681697 >> [v2:10.20.193.68:6800/2,v1:10.20.193.68:6801/2] conn(0x7f6058038330 0x7f605803a7f0 unknown :-1 s=BANNER_CONNECTING pgs=0 cs=0 l=1 rev1=0 crypto rx=0 tx=0 comp rx=0 tx=0)._handle_peer_banner_payload supported=3 required=0
2026-02-19T11:37:25.999 INFO:teuthology.orchestra.run.trial068.stdout:/usr/bin/ceph: stderr
2026-02-19T11:37:25.853+0000 7f6063fff700 1 --2- 10.20.193.68:0/3488681697 >> [v2:10.20.193.68:6800/2,v1:10.20.193.68:6801/2] conn(0x7f6058038330 0x7f605803a7f0 secure :-1 s=READY pgs=14 cs=0 l=1 rev1=1 crypto rx=0x7f6054006fd0 tx=0x7f6054006e40 comp rx=0 tx=0).ready entity=mgr.14120 client_cookie=0 server_cookie=0 in_seq=0 out_seq=0
2026-02-19T11:37:25.999 INFO:teuthology.orchestra.run.trial068.stdout:/usr/bin/ceph: stderr
2026-02-19T11:37:25.854+0000 7f6069ffb700 1 -- 10.20.193.68:0/3488681697 <== mon.0 v2:10.20.193.68:3300/0 6 ==== mon_command_ack([{"prefix": "get_command_descriptions"}]=0 v0) v1 ==== 72+0+180422 (secure 0 0 0) 0x7f605c01abc0 con 0x7f606c105680
2026-02-19T11:37:25.999 INFO:teuthology.orchestra.run.trial068.stdout:/usr/bin/ceph: stderr
2026-02-19T11:37:25.954+0000 7f6072637700 1 -- 10.20.193.68:0/3488681697 --> [v2:10.20.193.68:6800/2,v1:10.20.193.68:6801/2] -- mgr_command(tid 0: {"prefix": "orch apply", "service_type": "crash", "target": ["mon-mgr", ""]}) v1 -- 0x7f606c102dc0 con 0x7f6058038330
2026-02-19T11:37:25.999 INFO:teuthology.orchestra.run.trial068.stdout:/usr/bin/ceph: stderr
2026-02-19T11:37:25.958+0000 7f6069ffb700 1 -- 10.20.193.68:0/3488681697 <== mgr.14120 v2:10.20.193.68:6800/2 1 ==== mgr_command_reply(tid 0: 0 ) v1 ==== 8+0+26 (secure 0 0 0) 0x7f606c102dc0 con 0x7f6058038330
2026-02-19T11:37:25.999 INFO:teuthology.orchestra.run.trial068.stdout:/usr/bin/ceph: stderr
2026-02-19T11:37:25.959+0000 7f6072637700 1 -- 10.20.193.68:0/3488681697 >> [v2:10.20.193.68:6800/2,v1:10.20.193.68:6801/2] conn(0x7f6058038330 msgr2=0x7f605803a7f0 secure :-1 s=STATE_CONNECTION_ESTABLISHED l=1).mark_down
2026-02-19T11:37:25.999 INFO:teuthology.orchestra.run.trial068.stdout:/usr/bin/ceph: stderr
2026-02-19T11:37:25.959+0000 7f6072637700 1 --2- 10.20.193.68:0/3488681697 >> [v2:10.20.193.68:6800/2,v1:10.20.193.68:6801/2] conn(0x7f6058038330 0x7f605803a7f0 secure :-1 s=READY pgs=14 cs=0 l=1 rev1=1 crypto rx=0x7f6054006fd0 tx=0x7f6054006e40 comp rx=0 tx=0).stop
2026-02-19T11:37:25.999 INFO:teuthology.orchestra.run.trial068.stdout:/usr/bin/ceph: stderr
2026-02-19T11:37:25.959+0000 7f6072637700 1 -- 10.20.193.68:0/3488681697 >> [v2:10.20.193.68:3300/0,v1:10.20.193.68:6789/0] conn(0x7f606c105680 msgr2=0x7f606c19c780 secure :-1 s=STATE_CONNECTION_ESTABLISHED l=1).mark_down
2026-02-19T11:37:25.999 INFO:teuthology.orchestra.run.trial068.stdout:/usr/bin/ceph: stderr
2026-02-19T11:37:25.959+0000 7f6072637700 1 --2- 10.20.193.68:0/3488681697 >> [v2:10.20.193.68:3300/0,v1:10.20.193.68:6789/0] conn(0x7f606c105680 0x7f606c19c780 secure :-1 s=READY pgs=52 cs=0 l=1 rev1=1 crypto rx=0x7f605c006fa0 tx=0x7f605c00bb30 comp rx=0 tx=0).stop
2026-02-19T11:37:25.999 INFO:teuthology.orchestra.run.trial068.stdout:/usr/bin/ceph: stderr
2026-02-19T11:37:25.959+0000 7f6072637700 1 -- 10.20.193.68:0/3488681697 shutdown_connections
2026-02-19T11:37:25.999 INFO:teuthology.orchestra.run.trial068.stdout:/usr/bin/ceph: stderr
2026-02-19T11:37:25.959+0000 7f6072637700 1 --2- 10.20.193.68:0/3488681697 >> [v2:10.20.193.68:6800/2,v1:10.20.193.68:6801/2] conn(0x7f6058038330 0x7f605803a7f0 unknown :-1 s=CLOSED pgs=14 cs=0 l=1 rev1=1 crypto rx=0 tx=0 comp rx=0 tx=0).stop
2026-02-19T11:37:26.000 INFO:teuthology.orchestra.run.trial068.stdout:/usr/bin/ceph: stderr
2026-02-19T11:37:25.959+0000 7f6072637700 1 --2- 10.20.193.68:0/3488681697 >> [v2:10.20.193.68:3300/0,v1:10.20.193.68:6789/0] conn(0x7f606c105680 0x7f606c19c780 unknown :-1 s=CLOSED pgs=52 cs=0 l=1 rev1=1 crypto rx=0 tx=0 comp rx=0 tx=0).stop
2026-02-19T11:37:26.000 INFO:teuthology.orchestra.run.trial068.stdout:/usr/bin/ceph: stderr
2026-02-19T11:37:25.959+0000 7f6072637700 1 -- 10.20.193.68:0/3488681697 >> 10.20.193.68:0/3488681697 conn(0x7f606c100c00 msgr2=0x7f606c074130 unknown :-1 s=STATE_NONE l=0).mark_down
2026-02-19T11:37:26.000 INFO:teuthology.orchestra.run.trial068.stdout:/usr/bin/ceph: stderr
2026-02-19T11:37:25.959+0000 7f6072637700 1 -- 10.20.193.68:0/3488681697 shutdown_connections
2026-02-19T11:37:26.000 INFO:teuthology.orchestra.run.trial068.stdout:/usr/bin/ceph: stderr
2026-02-19T11:37:25.959+0000 7f6072637700 1 -- 10.20.193.68:0/3488681697 wait complete.
2026-02-19T11:37:26.000 INFO:teuthology.orchestra.run.trial068.stdout:Deploying ceph-exporter service with default placement...
2026-02-19T11:37:26.244 INFO:teuthology.orchestra.run.trial068.stdout:/usr/bin/ceph: stdout Scheduled ceph-exporter update...
2026-02-19T11:37:26.244 INFO:teuthology.orchestra.run.trial068.stdout:/usr/bin/ceph: stderr
2026-02-19T11:37:26.096+0000 7f473fdd9700 1 Processor -- start
2026-02-19T11:37:26.245 INFO:teuthology.orchestra.run.trial068.stdout:/usr/bin/ceph: stderr
2026-02-19T11:37:26.096+0000 7f473fdd9700 1 -- start start
2026-02-19T11:37:26.245 INFO:teuthology.orchestra.run.trial068.stdout:/usr/bin/ceph: stderr
2026-02-19T11:37:26.096+0000 7f473fdd9700 1 --2- >> [v2:10.20.193.68:3300/0,v1:10.20.193.68:6789/0] conn(0x7f4738108980 0x7f4738108da0 unknown :-1 s=NONE pgs=0 cs=0 l=0 rev1=0 crypto rx=0 tx=0 comp rx=0 tx=0).connect
2026-02-19T11:37:26.245 INFO:teuthology.orchestra.run.trial068.stdout:/usr/bin/ceph: stderr
2026-02-19T11:37:26.096+0000 7f473fdd9700 1 -- --> [v2:10.20.193.68:3300/0,v1:10.20.193.68:6789/0] -- mon_getmap magic: 0 v1 -- 0x7f4738109370 con 0x7f4738108980
2026-02-19T11:37:26.245 INFO:teuthology.orchestra.run.trial068.stdout:/usr/bin/ceph: stderr
2026-02-19T11:37:26.096+0000 7f473db75700 1 --2- >> [v2:10.20.193.68:3300/0,v1:10.20.193.68:6789/0] conn(0x7f4738108980 0x7f4738108da0 unknown :-1 s=BANNER_CONNECTING pgs=0 cs=0 l=0 rev1=0 crypto rx=0 tx=0 comp rx=0 tx=0)._handle_peer_banner_payload supported=3 required=0
2026-02-19T11:37:26.245 INFO:teuthology.orchestra.run.trial068.stdout:/usr/bin/ceph: stderr
2026-02-19T11:37:26.096+0000 7f473db75700 1 --2- >> [v2:10.20.193.68:3300/0,v1:10.20.193.68:6789/0] conn(0x7f4738108980 0x7f4738108da0 unknown :-1 s=HELLO_CONNECTING pgs=0 cs=0 l=0 rev1=1 crypto rx=0 tx=0 comp rx=0 tx=0).handle_hello peer v2:10.20.193.68:3300/0 says I am v2:10.20.193.68:34466/0 (socket says 10.20.193.68:34466)
2026-02-19T11:37:26.246 INFO:teuthology.orchestra.run.trial068.stdout:/usr/bin/ceph: stderr
2026-02-19T11:37:26.096+0000 7f473db75700 1 -- 10.20.193.68:0/4087900800 learned_addr learned my addr 10.20.193.68:0/4087900800 (peer_addr_for_me v2:10.20.193.68:0/0)
2026-02-19T11:37:26.246 INFO:teuthology.orchestra.run.trial068.stdout:/usr/bin/ceph: stderr
2026-02-19T11:37:26.096+0000 7f473db75700 1 -- 10.20.193.68:0/4087900800 --> [v2:10.20.193.68:3300/0,v1:10.20.193.68:6789/0] -- mon_subscribe({config=0+,monmap=0+}) v3 -- 0x7f4738109b80 con 0x7f4738108980
2026-02-19T11:37:26.246 INFO:teuthology.orchestra.run.trial068.stdout:/usr/bin/ceph: stderr
2026-02-19T11:37:26.096+0000 7f473db75700 1 --2- 10.20.193.68:0/4087900800 >> [v2:10.20.193.68:3300/0,v1:10.20.193.68:6789/0] conn(0x7f4738108980 0x7f4738108da0 secure :-1 s=READY pgs=53 cs=0 l=1 rev1=1 crypto rx=0x7f4734009a90 tx=0x7f4734009da0 comp rx=0 tx=0).ready entity=mon.0 client_cookie=5fa9b69b7f81c42c server_cookie=0 in_seq=0 out_seq=0
2026-02-19T11:37:26.246 INFO:teuthology.orchestra.run.trial068.stdout:/usr/bin/ceph: stderr
2026-02-19T11:37:26.096+0000 7f473cb73700 1 -- 10.20.193.68:0/4087900800 <== mon.0 v2:10.20.193.68:3300/0 1 ==== mon_map magic: 0 v1 ==== 226+0+0 (secure 0 0 0) 0x7f4734004180 con 0x7f4738108980
2026-02-19T11:37:26.246 INFO:teuthology.orchestra.run.trial068.stdout:/usr/bin/ceph: stderr
2026-02-19T11:37:26.096+0000 7f473cb73700 1 -- 10.20.193.68:0/4087900800 <== mon.0 v2:10.20.193.68:3300/0 2 ==== config(28 keys) v1 ==== 1137+0+0 (secure 0 0 0) 0x7f473400bcc0 con 0x7f4738108980
2026-02-19T11:37:26.246 INFO:teuthology.orchestra.run.trial068.stdout:/usr/bin/ceph: stderr
2026-02-19T11:37:26.096+0000 7f473cb73700 1 -- 10.20.193.68:0/4087900800 <== mon.0 v2:10.20.193.68:3300/0 3 ==== mon_map magic: 0 v1 ==== 226+0+0 (secure 0 0 0) 0x7f4734003d40 con 0x7f4738108980
2026-02-19T11:37:26.247 INFO:teuthology.orchestra.run.trial068.stdout:/usr/bin/ceph: stderr
2026-02-19T11:37:26.097+0000 7f473fdd9700 1 -- 10.20.193.68:0/4087900800 >> [v2:10.20.193.68:3300/0,v1:10.20.193.68:6789/0] conn(0x7f4738108980 msgr2=0x7f4738108da0 secure :-1 s=STATE_CONNECTION_ESTABLISHED l=1).mark_down
2026-02-19T11:37:26.247 INFO:teuthology.orchestra.run.trial068.stdout:/usr/bin/ceph: stderr
2026-02-19T11:37:26.097+0000 7f473fdd9700 1 --2- 10.20.193.68:0/4087900800 >> [v2:10.20.193.68:3300/0,v1:10.20.193.68:6789/0] conn(0x7f4738108980 0x7f4738108da0 secure :-1 s=READY pgs=53 cs=0 l=1 rev1=1 crypto rx=0x7f4734009a90 tx=0x7f4734009da0 comp rx=0 tx=0).stop
2026-02-19T11:37:26.247 INFO:teuthology.orchestra.run.trial068.stdout:/usr/bin/ceph: stderr
2026-02-19T11:37:26.097+0000 7f473fdd9700 1 -- 10.20.193.68:0/4087900800 shutdown_connections
2026-02-19T11:37:26.247 INFO:teuthology.orchestra.run.trial068.stdout:/usr/bin/ceph: stderr
2026-02-19T11:37:26.097+0000 7f473fdd9700 1 --2- 10.20.193.68:0/4087900800 >> [v2:10.20.193.68:3300/0,v1:10.20.193.68:6789/0] conn(0x7f4738108980 0x7f4738108da0 unknown :-1 s=CLOSED pgs=53 cs=0 l=1 rev1=1 crypto rx=0 tx=0 comp rx=0 tx=0).stop
2026-02-19T11:37:26.247 INFO:teuthology.orchestra.run.trial068.stdout:/usr/bin/ceph: stderr
2026-02-19T11:37:26.097+0000 7f473fdd9700 1 -- 10.20.193.68:0/4087900800 >> 10.20.193.68:0/4087900800 conn(0x7f473807bde0 msgr2=0x7f4738106490 unknown :-1 s=STATE_NONE l=0).mark_down
2026-02-19T11:37:26.247 INFO:teuthology.orchestra.run.trial068.stdout:/usr/bin/ceph: stderr
2026-02-19T11:37:26.097+0000 7f473fdd9700 1 -- 10.20.193.68:0/4087900800 shutdown_connections
2026-02-19T11:37:26.248 INFO:teuthology.orchestra.run.trial068.stdout:/usr/bin/ceph: stderr
2026-02-19T11:37:26.097+0000 7f473fdd9700 1 -- 10.20.193.68:0/4087900800 wait complete.
2026-02-19T11:37:26.248 INFO:teuthology.orchestra.run.trial068.stdout:/usr/bin/ceph: stderr
2026-02-19T11:37:26.097+0000 7f473fdd9700 1 Processor -- start
2026-02-19T11:37:26.248 INFO:teuthology.orchestra.run.trial068.stdout:/usr/bin/ceph: stderr
2026-02-19T11:37:26.097+0000 7f473fdd9700 1 -- start start
2026-02-19T11:37:26.248 INFO:teuthology.orchestra.run.trial068.stdout:/usr/bin/ceph: stderr
2026-02-19T11:37:26.098+0000 7f473fdd9700 1 --2- >> [v2:10.20.193.68:3300/0,v1:10.20.193.68:6789/0] conn(0x7f4738108980 0x7f473819c780 unknown :-1 s=NONE pgs=0 cs=0 l=1 rev1=0 crypto rx=0 tx=0 comp rx=0 tx=0).connect
2026-02-19T11:37:26.248 INFO:teuthology.orchestra.run.trial068.stdout:/usr/bin/ceph: stderr
2026-02-19T11:37:26.098+0000 7f473fdd9700 1 -- --> [v2:10.20.193.68:3300/0,v1:10.20.193.68:6789/0] -- mon_getmap magic: 0 v1 -- 0x7f473819ccc0 con 0x7f4738108980
2026-02-19T11:37:26.248 INFO:teuthology.orchestra.run.trial068.stdout:/usr/bin/ceph: stderr
2026-02-19T11:37:26.098+0000 7f473db75700 1 --2- >> [v2:10.20.193.68:3300/0,v1:10.20.193.68:6789/0] conn(0x7f4738108980 0x7f473819c780 unknown :-1 s=BANNER_CONNECTING pgs=0 cs=0 l=1 rev1=0 crypto rx=0 tx=0 comp rx=0 tx=0)._handle_peer_banner_payload supported=3 required=0
2026-02-19T11:37:26.249 INFO:teuthology.orchestra.run.trial068.stdout:/usr/bin/ceph: stderr
2026-02-19T11:37:26.098+0000 7f473db75700 1 --2- >> [v2:10.20.193.68:3300/0,v1:10.20.193.68:6789/0] conn(0x7f4738108980 0x7f473819c780 unknown :-1 s=HELLO_CONNECTING pgs=0 cs=0 l=1 rev1=1 crypto rx=0 tx=0 comp rx=0 tx=0).handle_hello peer v2:10.20.193.68:3300/0 says I am v2:10.20.193.68:34482/0 (socket says 10.20.193.68:34482)
2026-02-19T11:37:26.249 INFO:teuthology.orchestra.run.trial068.stdout:/usr/bin/ceph: stderr
2026-02-19T11:37:26.098+0000 7f473db75700 1 -- 10.20.193.68:0/3808939230 learned_addr learned my addr 10.20.193.68:0/3808939230 (peer_addr_for_me v2:10.20.193.68:0/0)
2026-02-19T11:37:26.249 INFO:teuthology.orchestra.run.trial068.stdout:/usr/bin/ceph: stderr
2026-02-19T11:37:26.098+0000 7f473db75700 1 -- 10.20.193.68:0/3808939230 --> [v2:10.20.193.68:3300/0,v1:10.20.193.68:6789/0] -- mon_subscribe({config=0+,monmap=0+}) v3 -- 0x7f4734009740 con 0x7f4738108980
2026-02-19T11:37:26.249 INFO:teuthology.orchestra.run.trial068.stdout:/usr/bin/ceph: stderr
2026-02-19T11:37:26.098+0000 7f473db75700 1 --2- 10.20.193.68:0/3808939230 >> [v2:10.20.193.68:3300/0,v1:10.20.193.68:6789/0] conn(0x7f4738108980 0x7f473819c780 secure :-1 s=READY pgs=54 cs=0 l=1 rev1=1 crypto rx=0x7f473400b440 tx=0x7f473400bb30 comp rx=0 tx=0).ready entity=mon.0 client_cookie=0 server_cookie=0 in_seq=0 out_seq=0
2026-02-19T11:37:26.249 INFO:teuthology.orchestra.run.trial068.stdout:/usr/bin/ceph: stderr
2026-02-19T11:37:26.098+0000 7f472effd700 1 -- 10.20.193.68:0/3808939230 <== mon.0 v2:10.20.193.68:3300/0 1 ==== mon_map magic: 0 v1 ==== 226+0+0 (secure 0 0 0) 0x7f47340043e0 con 0x7f4738108980
2026-02-19T11:37:26.250 INFO:teuthology.orchestra.run.trial068.stdout:/usr/bin/ceph: stderr
2026-02-19T11:37:26.098+0000 7f472effd700 1 -- 10.20.193.68:0/3808939230 <== mon.0 v2:10.20.193.68:3300/0 2 ==== config(28 keys) v1 ==== 1137+0+0 (secure 0 0 0) 0x7f4734004540 con 0x7f4738108980
2026-02-19T11:37:26.250 INFO:teuthology.orchestra.run.trial068.stdout:/usr/bin/ceph: stderr
2026-02-19T11:37:26.098+0000 7f472effd700 1 -- 10.20.193.68:0/3808939230 <== mon.0 v2:10.20.193.68:3300/0 3 ==== mon_map magic: 0 v1 ==== 226+0+0 (secure 0 0 0) 0x7f4734011900 con 0x7f4738108980
2026-02-19T11:37:26.250 INFO:teuthology.orchestra.run.trial068.stdout:/usr/bin/ceph: stderr
2026-02-19T11:37:26.098+0000 7f473fdd9700 1 -- 10.20.193.68:0/3808939230 --> [v2:10.20.193.68:3300/0,v1:10.20.193.68:6789/0] -- mon_subscribe({mgrmap=0+}) v3 -- 0x7f473819cec0 con 0x7f4738108980
2026-02-19T11:37:26.250 INFO:teuthology.orchestra.run.trial068.stdout:/usr/bin/ceph: stderr
2026-02-19T11:37:26.098+0000 7f473fdd9700 1 -- 10.20.193.68:0/3808939230 --> [v2:10.20.193.68:3300/0,v1:10.20.193.68:6789/0] -- mon_subscribe({osdmap=0}) v3 -- 0x7f473819d2e0 con 0x7f4738108980
2026-02-19T11:37:26.250 INFO:teuthology.orchestra.run.trial068.stdout:/usr/bin/ceph: stderr
2026-02-19T11:37:26.099+0000 7f472effd700 1 -- 10.20.193.68:0/3808939230 <== mon.0 v2:10.20.193.68:3300/0 4 ==== mgrmap(e 8) v1 ==== 45282+0+0 (secure 0 0 0) 0x7f4734011b30 con 0x7f4738108980
2026-02-19T11:37:26.250 INFO:teuthology.orchestra.run.trial068.stdout:/usr/bin/ceph: stderr
2026-02-19T11:37:26.099+0000 7f472effd700 1 --2- 10.20.193.68:0/3808939230 >> [v2:10.20.193.68:6800/2,v1:10.20.193.68:6801/2] conn(0x7f4724038300 0x7f472403a7c0 unknown :-1 s=NONE pgs=0 cs=0 l=1 rev1=0 crypto rx=0 tx=0 comp rx=0 tx=0).connect
2026-02-19T11:37:26.251 INFO:teuthology.orchestra.run.trial068.stdout:/usr/bin/ceph: stderr
2026-02-19T11:37:26.099+0000 7f472effd700 1 -- 10.20.193.68:0/3808939230 <== mon.0 v2:10.20.193.68:3300/0 5 ==== osd_map(2..2 src has 1..2) v4 ==== 940+0+0 (secure 0 0 0) 0x7f473404c710 con 0x7f4738108980
2026-02-19T11:37:26.251 INFO:teuthology.orchestra.run.trial068.stdout:/usr/bin/ceph: stderr
2026-02-19T11:37:26.099+0000 7f473fdd9700 1 -- 10.20.193.68:0/3808939230 --> [v2:10.20.193.68:3300/0,v1:10.20.193.68:6789/0] -- mon_command({"prefix": "get_command_descriptions"} v 0) v1 -- 0x7f473804fa20 con 0x7f4738108980
2026-02-19T11:37:26.251 INFO:teuthology.orchestra.run.trial068.stdout:/usr/bin/ceph: stderr
2026-02-19T11:37:26.099+0000 7f473d374700 1 --2- 10.20.193.68:0/3808939230 >> [v2:10.20.193.68:6800/2,v1:10.20.193.68:6801/2] conn(0x7f4724038300 0x7f472403a7c0 unknown :-1 s=BANNER_CONNECTING pgs=0 cs=0 l=1 rev1=0 crypto rx=0 tx=0 comp rx=0 tx=0)._handle_peer_banner_payload supported=3 required=0
2026-02-19T11:37:26.251 INFO:teuthology.orchestra.run.trial068.stdout:/usr/bin/ceph: stderr
2026-02-19T11:37:26.099+0000 7f473d374700 1 --2- 10.20.193.68:0/3808939230 >> [v2:10.20.193.68:6800/2,v1:10.20.193.68:6801/2] conn(0x7f4724038300 0x7f472403a7c0 secure :-1 s=READY pgs=15 cs=0 l=1 rev1=1 crypto rx=0x7f4728006fd0 tx=0x7f4728006e40 comp rx=0 tx=0).ready entity=mgr.14120 client_cookie=0 server_cookie=0 in_seq=0 out_seq=0
2026-02-19T11:37:26.251 INFO:teuthology.orchestra.run.trial068.stdout:/usr/bin/ceph: stderr
2026-02-19T11:37:26.101+0000 7f472effd700 1 -- 10.20.193.68:0/3808939230 <== mon.0 v2:10.20.193.68:3300/0 6 ==== mon_command_ack([{"prefix": "get_command_descriptions"}]=0 v0) v1 ==== 72+0+180422 (secure 0 0 0) 0x7f4734011e30 con 0x7f4738108980
2026-02-19T11:37:26.251 INFO:teuthology.orchestra.run.trial068.stdout:/usr/bin/ceph: stderr
2026-02-19T11:37:26.202+0000 7f473fdd9700 1 -- 10.20.193.68:0/3808939230 --> [v2:10.20.193.68:6800/2,v1:10.20.193.68:6801/2] -- mgr_command(tid 0: {"prefix": "orch apply", "service_type": "ceph-exporter", "target": ["mon-mgr", ""]}) v1 -- 0x7f47381065a0 con 0x7f4724038300
2026-02-19T11:37:26.252 INFO:teuthology.orchestra.run.trial068.stdout:/usr/bin/ceph: stderr
2026-02-19T11:37:26.205+0000 7f472effd700 1 -- 10.20.193.68:0/3808939230 <== mgr.14120 v2:10.20.193.68:6800/2 1 ==== mgr_command_reply(tid 0: 0 ) v1 ==== 8+0+34 (secure 0 0 0) 0x7f47381065a0 con 0x7f4724038300
2026-02-19T11:37:26.252 INFO:teuthology.orchestra.run.trial068.stdout:/usr/bin/ceph: stderr
2026-02-19T11:37:26.207+0000 7f473fdd9700 1 -- 10.20.193.68:0/3808939230 >> [v2:10.20.193.68:6800/2,v1:10.20.193.68:6801/2] conn(0x7f4724038300 msgr2=0x7f472403a7c0 secure :-1 s=STATE_CONNECTION_ESTABLISHED l=1).mark_down
2026-02-19T11:37:26.252 INFO:teuthology.orchestra.run.trial068.stdout:/usr/bin/ceph: stderr
2026-02-19T11:37:26.207+0000 7f473fdd9700 1 --2- 10.20.193.68:0/3808939230 >> [v2:10.20.193.68:6800/2,v1:10.20.193.68:6801/2] conn(0x7f4724038300 0x7f472403a7c0 secure :-1 s=READY pgs=15 cs=0 l=1 rev1=1 crypto rx=0x7f4728006fd0 tx=0x7f4728006e40 comp rx=0 tx=0).stop
2026-02-19T11:37:26.252 INFO:teuthology.orchestra.run.trial068.stdout:/usr/bin/ceph: stderr
2026-02-19T11:37:26.207+0000 7f473fdd9700 1 -- 10.20.193.68:0/3808939230 >> [v2:10.20.193.68:3300/0,v1:10.20.193.68:6789/0] conn(0x7f4738108980 msgr2=0x7f473819c780 secure :-1 s=STATE_CONNECTION_ESTABLISHED l=1).mark_down
2026-02-19T11:37:26.252 INFO:teuthology.orchestra.run.trial068.stdout:/usr/bin/ceph: stderr
2026-02-19T11:37:26.207+0000 7f473fdd9700 1 --2- 10.20.193.68:0/3808939230 >> [v2:10.20.193.68:3300/0,v1:10.20.193.68:6789/0] conn(0x7f4738108980 0x7f473819c780 secure :-1 s=READY pgs=54 cs=0 l=1 rev1=1 crypto rx=0x7f473400b440 tx=0x7f473400bb30 comp rx=0 tx=0).stop
2026-02-19T11:37:26.253 INFO:teuthology.orchestra.run.trial068.stdout:/usr/bin/ceph: stderr
2026-02-19T11:37:26.207+0000 7f473fdd9700 1 -- 10.20.193.68:0/3808939230 shutdown_connections
2026-02-19T11:37:26.253 INFO:teuthology.orchestra.run.trial068.stdout:/usr/bin/ceph: stderr
2026-02-19T11:37:26.207+0000 7f473fdd9700 1 --2- 10.20.193.68:0/3808939230 >> [v2:10.20.193.68:6800/2,v1:10.20.193.68:6801/2] conn(0x7f4724038300 0x7f472403a7c0 unknown :-1 s=CLOSED pgs=15 cs=0 l=1 rev1=1 crypto rx=0 tx=0 comp rx=0 tx=0).stop
2026-02-19T11:37:26.253 INFO:teuthology.orchestra.run.trial068.stdout:/usr/bin/ceph: stderr
2026-02-19T11:37:26.207+0000 7f473fdd9700 1 --2- 10.20.193.68:0/3808939230 >> [v2:10.20.193.68:3300/0,v1:10.20.193.68:6789/0] conn(0x7f4738108980 0x7f473819c780 unknown :-1 s=CLOSED pgs=54 cs=0 l=1 rev1=1 crypto rx=0 tx=0 comp rx=0 tx=0).stop
2026-02-19T11:37:26.253 INFO:teuthology.orchestra.run.trial068.stdout:/usr/bin/ceph: stderr
2026-02-19T11:37:26.207+0000 7f473fdd9700 1 -- 10.20.193.68:0/3808939230 >> 10.20.193.68:0/3808939230 conn(0x7f473807bde0 msgr2=0x7f4738105e90 unknown :-1 s=STATE_NONE l=0).mark_down
2026-02-19T11:37:26.253 INFO:teuthology.orchestra.run.trial068.stdout:/usr/bin/ceph: stderr
2026-02-19T11:37:26.207+0000 7f473fdd9700 1 -- 10.20.193.68:0/3808939230 shutdown_connections
2026-02-19T11:37:26.253 INFO:teuthology.orchestra.run.trial068.stdout:/usr/bin/ceph: stderr
2026-02-19T11:37:26.207+0000 7f473fdd9700 1 -- 10.20.193.68:0/3808939230 wait complete.
2026-02-19T11:37:26.253 INFO:teuthology.orchestra.run.trial068.stdout:Deploying prometheus service with default placement...
2026-02-19T11:37:26.487 INFO:teuthology.orchestra.run.trial068.stdout:/usr/bin/ceph: stdout Scheduled prometheus update...
2026-02-19T11:37:26.487 INFO:teuthology.orchestra.run.trial068.stdout:/usr/bin/ceph: stderr
2026-02-19T11:37:26.344+0000 7f4730a2b700 1 Processor -- start
2026-02-19T11:37:26.487 INFO:teuthology.orchestra.run.trial068.stdout:/usr/bin/ceph: stderr
2026-02-19T11:37:26.344+0000 7f4730a2b700 1 -- start start
2026-02-19T11:37:26.487 INFO:teuthology.orchestra.run.trial068.stdout:/usr/bin/ceph: stderr
2026-02-19T11:37:26.344+0000 7f4730a2b700 1 --2- >> [v2:10.20.193.68:3300/0,v1:10.20.193.68:6789/0] conn(0x7f472c1065a0 0x7f472c1069c0 unknown :-1 s=NONE pgs=0 cs=0 l=0 rev1=0 crypto rx=0 tx=0 comp rx=0 tx=0).connect
2026-02-19T11:37:26.487 INFO:teuthology.orchestra.run.trial068.stdout:/usr/bin/ceph: stderr
2026-02-19T11:37:26.344+0000 7f4730a2b700 1 -- --> [v2:10.20.193.68:3300/0,v1:10.20.193.68:6789/0] -- mon_getmap magic: 0 v1 -- 0x7f472c106f90 con 0x7f472c1065a0
2026-02-19T11:37:26.487 INFO:teuthology.orchestra.run.trial068.stdout:/usr/bin/ceph: stderr
2026-02-19T11:37:26.344+0000 7f472ad9d700 1 --2- >> [v2:10.20.193.68:3300/0,v1:10.20.193.68:6789/0] conn(0x7f472c1065a0 0x7f472c1069c0 unknown :-1 s=BANNER_CONNECTING pgs=0 cs=0 l=0 rev1=0 crypto rx=0 tx=0 comp rx=0 tx=0)._handle_peer_banner_payload supported=3 required=0
2026-02-19T11:37:26.487 INFO:teuthology.orchestra.run.trial068.stdout:/usr/bin/ceph: stderr
2026-02-19T11:37:26.344+0000 7f472ad9d700 1 --2- >> [v2:10.20.193.68:3300/0,v1:10.20.193.68:6789/0] conn(0x7f472c1065a0 0x7f472c1069c0 unknown :-1 s=HELLO_CONNECTING pgs=0 cs=0 l=0 rev1=1 crypto rx=0 tx=0 comp rx=0 tx=0).handle_hello peer v2:10.20.193.68:3300/0 says I am v2:10.20.193.68:34496/0 (socket says 10.20.193.68:34496)
2026-02-19T11:37:26.487 INFO:teuthology.orchestra.run.trial068.stdout:/usr/bin/ceph: stderr
2026-02-19T11:37:26.344+0000 7f472ad9d700 1 -- 10.20.193.68:0/1368384212 learned_addr learned my addr 10.20.193.68:0/1368384212 (peer_addr_for_me v2:10.20.193.68:0/0)
2026-02-19T11:37:26.488 INFO:teuthology.orchestra.run.trial068.stdout:/usr/bin/ceph: stderr
2026-02-19T11:37:26.344+0000 7f472ad9d700 1 -- 10.20.193.68:0/1368384212 --> [v2:10.20.193.68:3300/0,v1:10.20.193.68:6789/0] -- mon_subscribe({config=0+,monmap=0+}) v3 -- 0x7f472c1077a0 con 0x7f472c1065a0
2026-02-19T11:37:26.488 INFO:teuthology.orchestra.run.trial068.stdout:/usr/bin/ceph: stderr
2026-02-19T11:37:26.344+0000 7f472ad9d700 1 --2- 10.20.193.68:0/1368384212 >> [v2:10.20.193.68:3300/0,v1:10.20.193.68:6789/0] conn(0x7f472c1065a0 0x7f472c1069c0 secure :-1 s=READY pgs=55 cs=0 l=1 rev1=1 crypto rx=0x7f471c009a90 tx=0x7f471c009da0 comp rx=0 tx=0).ready entity=mon.0 client_cookie=ed8c36286a422702 server_cookie=0 in_seq=0 out_seq=0
2026-02-19T11:37:26.488 INFO:teuthology.orchestra.run.trial068.stdout:/usr/bin/ceph: stderr
2026-02-19T11:37:26.345+0000 7f4729d9b700 1 -- 10.20.193.68:0/1368384212 <== mon.0 v2:10.20.193.68:3300/0 1 ==== mon_map magic: 0 v1 ==== 226+0+0 (secure 0 0 0) 0x7f471c004180 con 0x7f472c1065a0
2026-02-19T11:37:26.488 INFO:teuthology.orchestra.run.trial068.stdout:/usr/bin/ceph: stderr
2026-02-19T11:37:26.345+0000 7f4729d9b700 1 -- 10.20.193.68:0/1368384212 <== mon.0 v2:10.20.193.68:3300/0 2 ==== config(28 keys) v1 ==== 1137+0+0 (secure 0 0 0) 0x7f471c00bcc0 con 0x7f472c1065a0
2026-02-19T11:37:26.488 INFO:teuthology.orchestra.run.trial068.stdout:/usr/bin/ceph: stderr
2026-02-19T11:37:26.345+0000 7f4729d9b700 1 -- 10.20.193.68:0/1368384212 <== mon.0 v2:10.20.193.68:3300/0 3 ==== mon_map magic: 0 v1 ==== 226+0+0 (secure 0 0 0) 0x7f471c003d40 con 0x7f472c1065a0
2026-02-19T11:37:26.488 INFO:teuthology.orchestra.run.trial068.stdout:/usr/bin/ceph: stderr
2026-02-19T11:37:26.345+0000 7f4730a2b700 1 -- 10.20.193.68:0/1368384212 >> [v2:10.20.193.68:3300/0,v1:10.20.193.68:6789/0] conn(0x7f472c1065a0 msgr2=0x7f472c1069c0 secure :-1 s=STATE_CONNECTION_ESTABLISHED l=1).mark_down
2026-02-19T11:37:26.488 INFO:teuthology.orchestra.run.trial068.stdout:/usr/bin/ceph: stderr
2026-02-19T11:37:26.345+0000 7f4730a2b700 1 --2- 10.20.193.68:0/1368384212 >> [v2:10.20.193.68:3300/0,v1:10.20.193.68:6789/0] conn(0x7f472c1065a0 0x7f472c1069c0 secure :-1 s=READY pgs=55 cs=0 l=1 rev1=1 crypto rx=0x7f471c009a90 tx=0x7f471c009da0 comp rx=0 tx=0).stop
2026-02-19T11:37:26.488 INFO:teuthology.orchestra.run.trial068.stdout:/usr/bin/ceph: stderr
2026-02-19T11:37:26.345+0000 7f4730a2b700 1 -- 10.20.193.68:0/1368384212 shutdown_connections
2026-02-19T11:37:26.488 INFO:teuthology.orchestra.run.trial068.stdout:/usr/bin/ceph: stderr
2026-02-19T11:37:26.345+0000 7f4730a2b700 1 --2- 10.20.193.68:0/1368384212 >> [v2:10.20.193.68:3300/0,v1:10.20.193.68:6789/0] conn(0x7f472c1065a0 0x7f472c1069c0 unknown :-1 s=CLOSED pgs=55 cs=0 l=1 rev1=1 crypto rx=0 tx=0 comp rx=0 tx=0).stop
2026-02-19T11:37:26.488 INFO:teuthology.orchestra.run.trial068.stdout:/usr/bin/ceph: stderr
2026-02-19T11:37:26.345+0000 7f4730a2b700 1 -- 10.20.193.68:0/1368384212 >> 10.20.193.68:0/1368384212 conn(0x7f472c101b80 msgr2=0x7f472c103fa0 unknown :-1 s=STATE_NONE l=0).mark_down
2026-02-19T11:37:26.488 INFO:teuthology.orchestra.run.trial068.stdout:/usr/bin/ceph: stderr
2026-02-19T11:37:26.345+0000 7f4730a2b700 1 -- 10.20.193.68:0/1368384212 shutdown_connections
2026-02-19T11:37:26.488 INFO:teuthology.orchestra.run.trial068.stdout:/usr/bin/ceph: stderr
2026-02-19T11:37:26.345+0000 7f4730a2b700 1 -- 10.20.193.68:0/1368384212 wait complete.
2026-02-19T11:37:26.488 INFO:teuthology.orchestra.run.trial068.stdout:/usr/bin/ceph: stderr
2026-02-19T11:37:26.345+0000 7f4730a2b700 1 Processor -- start
2026-02-19T11:37:26.488 INFO:teuthology.orchestra.run.trial068.stdout:/usr/bin/ceph: stderr
2026-02-19T11:37:26.346+0000 7f4730a2b700 1 -- start start
2026-02-19T11:37:26.488 INFO:teuthology.orchestra.run.trial068.stdout:/usr/bin/ceph: stderr
2026-02-19T11:37:26.346+0000 7f4730a2b700 1 --2- >> [v2:10.20.193.68:3300/0,v1:10.20.193.68:6789/0] conn(0x7f472c1065a0 0x7f472c19a320 unknown :-1 s=NONE pgs=0 cs=0 l=1 rev1=0 crypto rx=0 tx=0 comp rx=0 tx=0).connect
2026-02-19T11:37:26.488 INFO:teuthology.orchestra.run.trial068.stdout:/usr/bin/ceph: stderr
2026-02-19T11:37:26.346+0000 7f4730a2b700 1 -- --> [v2:10.20.193.68:3300/0,v1:10.20.193.68:6789/0] -- mon_getmap magic: 0 v1 -- 0x7f472c19a860 con 0x7f472c1065a0
2026-02-19T11:37:26.488 INFO:teuthology.orchestra.run.trial068.stdout:/usr/bin/ceph: stderr
2026-02-19T11:37:26.346+0000 7f472ad9d700 1 --2- >> [v2:10.20.193.68:3300/0,v1:10.20.193.68:6789/0] conn(0x7f472c1065a0 0x7f472c19a320 unknown :-1 s=BANNER_CONNECTING pgs=0 cs=0 l=1 rev1=0 crypto rx=0 tx=0 comp rx=0 tx=0)._handle_peer_banner_payload supported=3 required=0
2026-02-19T11:37:26.488 INFO:teuthology.orchestra.run.trial068.stdout:/usr/bin/ceph: stderr
2026-02-19T11:37:26.346+0000 7f472ad9d700 1 --2- >> [v2:10.20.193.68:3300/0,v1:10.20.193.68:6789/0] conn(0x7f472c1065a0 0x7f472c19a320 unknown :-1 s=HELLO_CONNECTING pgs=0 cs=0 l=1 rev1=1 crypto rx=0 tx=0 comp rx=0 tx=0).handle_hello peer v2:10.20.193.68:3300/0 says I am v2:10.20.193.68:34504/0 (socket says 10.20.193.68:34504)
2026-02-19T11:37:26.488 INFO:teuthology.orchestra.run.trial068.stdout:/usr/bin/ceph: stderr
2026-02-19T11:37:26.346+0000 7f472ad9d700 1 -- 10.20.193.68:0/4045099004 learned_addr learned my addr 10.20.193.68:0/4045099004 (peer_addr_for_me v2:10.20.193.68:0/0)
2026-02-19T11:37:26.488 INFO:teuthology.orchestra.run.trial068.stdout:/usr/bin/ceph: stderr
2026-02-19T11:37:26.346+0000 7f472ad9d700 1 -- 10.20.193.68:0/4045099004 --> [v2:10.20.193.68:3300/0,v1:10.20.193.68:6789/0] -- mon_subscribe({config=0+,monmap=0+}) v3 -- 0x7f471c009740 con 0x7f472c1065a0
2026-02-19T11:37:26.488 INFO:teuthology.orchestra.run.trial068.stdout:/usr/bin/ceph: stderr
2026-02-19T11:37:26.346+0000 7f472ad9d700 1 --2- 10.20.193.68:0/4045099004 >> [v2:10.20.193.68:3300/0,v1:10.20.193.68:6789/0] conn(0x7f472c1065a0 0x7f472c19a320 secure :-1 s=READY pgs=56 cs=0 l=1 rev1=1 crypto rx=0x7f471c000c00 tx=0x7f471c00bac0 comp rx=0 tx=0).ready entity=mon.0 client_cookie=0 server_cookie=0 in_seq=0 out_seq=0
2026-02-19T11:37:26.488 INFO:teuthology.orchestra.run.trial068.stdout:/usr/bin/ceph: stderr
2026-02-19T11:37:26.346+0000 7f4713fff700 1 -- 10.20.193.68:0/4045099004 <== mon.0 v2:10.20.193.68:3300/0 1 ==== mon_map magic: 0 v1 ==== 226+0+0 (secure 0 0 0) 0x7f471c004420 con 0x7f472c1065a0
2026-02-19T11:37:26.488 INFO:teuthology.orchestra.run.trial068.stdout:/usr/bin/ceph: stderr
2026-02-19T11:37:26.346+0000 7f4713fff700 1 -- 10.20.193.68:0/4045099004 <== mon.0 v2:10.20.193.68:3300/0 2 ==== config(28 keys) v1 ==== 1137+0+0 (secure 0 0 0) 0x7f471c004580 con 0x7f472c1065a0
2026-02-19T11:37:26.488 INFO:teuthology.orchestra.run.trial068.stdout:/usr/bin/ceph: stderr
2026-02-19T11:37:26.346+0000 7f4730a2b700 1 -- 10.20.193.68:0/4045099004 --> [v2:10.20.193.68:3300/0,v1:10.20.193.68:6789/0] -- mon_subscribe({mgrmap=0+}) v3 -- 0x7f472c19aa60 con 0x7f472c1065a0
2026-02-19T11:37:26.488 INFO:teuthology.orchestra.run.trial068.stdout:/usr/bin/ceph: stderr
2026-02-19T11:37:26.346+0000 7f4713fff700 1 -- 10.20.193.68:0/4045099004 <== mon.0 v2:10.20.193.68:3300/0 3 ==== mon_map magic: 0 v1 ==== 226+0+0 (secure 0 0 0) 0x7f471c0118b0 con 0x7f472c1065a0
2026-02-19T11:37:26.488 INFO:teuthology.orchestra.run.trial068.stdout:/usr/bin/ceph: stderr
2026-02-19T11:37:26.346+0000 7f4730a2b700 1 -- 10.20.193.68:0/4045099004 --> [v2:10.20.193.68:3300/0,v1:10.20.193.68:6789/0] -- mon_subscribe({osdmap=0}) v3 -- 0x7f472c19ae80 con 0x7f472c1065a0
2026-02-19T11:37:26.488 INFO:teuthology.orchestra.run.trial068.stdout:/usr/bin/ceph: stderr
2026-02-19T11:37:26.347+0000 7f4713fff700 1 -- 10.20.193.68:0/4045099004 <== mon.0 v2:10.20.193.68:3300/0 4 ==== mgrmap(e 8) v1 ==== 45282+0+0 (secure 0 0 0) 0x7f471c01b440 con 0x7f472c1065a0
2026-02-19T11:37:26.488 INFO:teuthology.orchestra.run.trial068.stdout:/usr/bin/ceph: stderr
2026-02-19T11:37:26.347+0000 7f4730a2b700 1 -- 10.20.193.68:0/4045099004 --> [v2:10.20.193.68:3300/0,v1:10.20.193.68:6789/0] -- mon_command({"prefix": "get_command_descriptions"} v 0) v1 -- 0x7f472c04f000 con 0x7f472c1065a0
2026-02-19T11:37:26.488 INFO:teuthology.orchestra.run.trial068.stdout:/usr/bin/ceph: stderr
2026-02-19T11:37:26.347+0000 7f4713fff700 1 --2- 10.20.193.68:0/4045099004 >> [v2:10.20.193.68:6800/2,v1:10.20.193.68:6801/2] conn(0x7f4714038350 0x7f471403a810 unknown :-1 s=NONE pgs=0 cs=0 l=1 rev1=0 crypto rx=0 tx=0 comp rx=0 tx=0).connect
2026-02-19T11:37:26.488 INFO:teuthology.orchestra.run.trial068.stdout:/usr/bin/ceph: stderr
2026-02-19T11:37:26.347+0000 7f4713fff700 1 -- 10.20.193.68:0/4045099004 <== mon.0 v2:10.20.193.68:3300/0 5 ==== osd_map(2..2 src has 1..2) v4 ==== 940+0+0 (secure 0 0 0) 0x7f471c04c610 con 0x7f472c1065a0
2026-02-19T11:37:26.488 INFO:teuthology.orchestra.run.trial068.stdout:/usr/bin/ceph: stderr
2026-02-19T11:37:26.347+0000 7f472a59c700 1 --2- 10.20.193.68:0/4045099004 >> [v2:10.20.193.68:6800/2,v1:10.20.193.68:6801/2] conn(0x7f4714038350 0x7f471403a810 unknown :-1 s=BANNER_CONNECTING pgs=0 cs=0 l=1 rev1=0 crypto rx=0 tx=0 comp rx=0 tx=0)._handle_peer_banner_payload supported=3 required=0
2026-02-19T11:37:26.488 INFO:teuthology.orchestra.run.trial068.stdout:/usr/bin/ceph: stderr
2026-02-19T11:37:26.347+0000 7f472a59c700 1 --2- 10.20.193.68:0/4045099004 >> [v2:10.20.193.68:6800/2,v1:10.20.193.68:6801/2] conn(0x7f4714038350 0x7f471403a810 secure :-1 s=READY pgs=16 cs=0 l=1 rev1=1 crypto rx=0x7f4720006fd0 tx=0x7f4720006e40 comp rx=0 tx=0).ready entity=mgr.14120 client_cookie=0 server_cookie=0 in_seq=0 out_seq=0
2026-02-19T11:37:26.488 INFO:teuthology.orchestra.run.trial068.stdout:/usr/bin/ceph: stderr
2026-02-19T11:37:26.349+0000 7f4713fff700 1 -- 10.20.193.68:0/4045099004 <== mon.0 v2:10.20.193.68:3300/0 6 ==== mon_command_ack([{"prefix": "get_command_descriptions"}]=0 v0) v1 ==== 72+0+180422 (secure 0 0 0) 0x7f471c01bd40 con 0x7f472c1065a0
2026-02-19T11:37:26.488 INFO:teuthology.orchestra.run.trial068.stdout:/usr/bin/ceph: stderr
2026-02-19T11:37:26.450+0000 7f4730a2b700 1 -- 10.20.193.68:0/4045099004 --> [v2:10.20.193.68:6800/2,v1:10.20.193.68:6801/2] -- mgr_command(tid 0: {"prefix": "orch apply", "service_type": "prometheus", "target": ["mon-mgr", ""]}) v1 -- 0x7f472c102fb0 con 0x7f4714038350
2026-02-19T11:37:26.488 INFO:teuthology.orchestra.run.trial068.stdout:/usr/bin/ceph: stderr
2026-02-19T11:37:26.454+0000 7f4713fff700 1 -- 10.20.193.68:0/4045099004 <== mgr.14120 v2:10.20.193.68:6800/2 1 ==== mgr_command_reply(tid 0: 0 ) v1 ==== 8+0+31 (secure 0 0 0) 0x7f472c102fb0 con 0x7f4714038350
2026-02-19T11:37:26.488 INFO:teuthology.orchestra.run.trial068.stdout:/usr/bin/ceph: stderr
2026-02-19T11:37:26.455+0000 7f4730a2b700 1 -- 10.20.193.68:0/4045099004 >> [v2:10.20.193.68:6800/2,v1:10.20.193.68:6801/2] conn(0x7f4714038350 msgr2=0x7f471403a810 secure :-1 s=STATE_CONNECTION_ESTABLISHED l=1).mark_down
2026-02-19T11:37:26.488 INFO:teuthology.orchestra.run.trial068.stdout:/usr/bin/ceph: stderr
2026-02-19T11:37:26.455+0000 7f4730a2b700 1 --2- 10.20.193.68:0/4045099004 >> [v2:10.20.193.68:6800/2,v1:10.20.193.68:6801/2] conn(0x7f4714038350 0x7f471403a810 secure :-1 s=READY pgs=16 cs=0 l=1 rev1=1 crypto rx=0x7f4720006fd0 tx=0x7f4720006e40 comp rx=0 tx=0).stop
2026-02-19T11:37:26.488 INFO:teuthology.orchestra.run.trial068.stdout:/usr/bin/ceph: stderr
2026-02-19T11:37:26.455+0000 7f4730a2b700 1 -- 10.20.193.68:0/4045099004 >> [v2:10.20.193.68:3300/0,v1:10.20.193.68:6789/0] conn(0x7f472c1065a0 msgr2=0x7f472c19a320 secure :-1 s=STATE_CONNECTION_ESTABLISHED l=1).mark_down
2026-02-19T11:37:26.488 INFO:teuthology.orchestra.run.trial068.stdout:/usr/bin/ceph: stderr
2026-02-19T11:37:26.455+0000 7f4730a2b700 1 --2- 10.20.193.68:0/4045099004 >> [v2:10.20.193.68:3300/0,v1:10.20.193.68:6789/0] conn(0x7f472c1065a0 0x7f472c19a320 secure :-1 s=READY pgs=56 cs=0 l=1 rev1=1 crypto rx=0x7f471c000c00 tx=0x7f471c00bac0 comp rx=0 tx=0).stop
2026-02-19T11:37:26.489 INFO:teuthology.orchestra.run.trial068.stdout:/usr/bin/ceph: stderr
2026-02-19T11:37:26.455+0000 7f4730a2b700 1 -- 10.20.193.68:0/4045099004 shutdown_connections
2026-02-19T11:37:26.489 INFO:teuthology.orchestra.run.trial068.stdout:/usr/bin/ceph: stderr
2026-02-19T11:37:26.455+0000 7f4730a2b700 1 --2- 10.20.193.68:0/4045099004 >> [v2:10.20.193.68:6800/2,v1:10.20.193.68:6801/2] conn(0x7f4714038350 0x7f471403a810 unknown :-1 s=CLOSED pgs=16 cs=0 l=1 rev1=1 crypto rx=0 tx=0 comp rx=0 tx=0).stop
2026-02-19T11:37:26.489 INFO:teuthology.orchestra.run.trial068.stdout:/usr/bin/ceph: stderr
2026-02-19T11:37:26.455+0000 7f4730a2b700 1 --2- 10.20.193.68:0/4045099004 >> [v2:10.20.193.68:3300/0,v1:10.20.193.68:6789/0] conn(0x7f472c1065a0 0x7f472c19a320 unknown :-1 s=CLOSED pgs=56 cs=0 l=1 rev1=1 crypto rx=0 tx=0 comp rx=0 tx=0).stop
2026-02-19T11:37:26.489 INFO:teuthology.orchestra.run.trial068.stdout:/usr/bin/ceph: stderr
2026-02-19T11:37:26.455+0000 7f4730a2b700 1 -- 10.20.193.68:0/4045099004 >> 10.20.193.68:0/4045099004 conn(0x7f472c101b80 msgr2=0x7f472c1028a0 unknown :-1 s=STATE_NONE l=0).mark_down
2026-02-19T11:37:26.489 INFO:teuthology.orchestra.run.trial068.stdout:/usr/bin/ceph: stderr
2026-02-19T11:37:26.456+0000 7f4730a2b700 1 -- 10.20.193.68:0/4045099004 shutdown_connections
2026-02-19T11:37:26.489 INFO:teuthology.orchestra.run.trial068.stdout:/usr/bin/ceph: stderr
2026-02-19T11:37:26.456+0000 7f4730a2b700 1 -- 10.20.193.68:0/4045099004 wait complete.
2026-02-19T11:37:26.489 INFO:teuthology.orchestra.run.trial068.stdout:Deploying grafana service with default placement...
2026-02-19T11:37:26.740 INFO:teuthology.orchestra.run.trial068.stdout:/usr/bin/ceph: stdout Scheduled grafana update...
