2026-02-19T11:37:27.347+0000 7f55bf7fe700 1 -- 10.20.193.68:0/2438480734 learned_addr learned my addr 10.20.193.68:0/2438480734 (peer_addr_for_me v2:10.20.193.68:0/0)
2026-02-19T11:37:27.483 INFO:teuthology.orchestra.run.trial068.stdout:/usr/bin/ceph: stderr
2026-02-19T11:37:27.347+0000 7f55bf7fe700 1 -- 10.20.193.68:0/2438480734 --> [v2:10.20.193.68:3300/0,v1:10.20.193.68:6789/0] -- mon_subscribe({config=0+,monmap=0+}) v3 -- 0x7f55c0109b80 con 0x7f55c0108980
2026-02-19T11:37:27.483 INFO:teuthology.orchestra.run.trial068.stdout:/usr/bin/ceph: stderr
2026-02-19T11:37:27.347+0000 7f55bf7fe700 1 --2- 10.20.193.68:0/2438480734 >> [v2:10.20.193.68:3300/0,v1:10.20.193.68:6789/0] conn(0x7f55c0108980 0x7f55c0108da0 secure :-1 s=READY pgs=63 cs=0 l=1 rev1=1 crypto rx=0x7f55b0009a60 tx=0x7f55b0009d70 comp rx=0 tx=0).ready entity=mon.0 client_cookie=e21ef96a369910b8 server_cookie=0 in_seq=0 out_seq=0
2026-02-19T11:37:27.483 INFO:teuthology.orchestra.run.trial068.stdout:/usr/bin/ceph: stderr
2026-02-19T11:37:27.348+0000 7f55be7fc700 1 -- 10.20.193.68:0/2438480734 <== mon.0 v2:10.20.193.68:3300/0 1 ==== mon_map magic: 0 v1 ==== 226+0+0 (secure 0 0 0) 0x7f55b0005c30 con 0x7f55c0108980
2026-02-19T11:37:27.483 INFO:teuthology.orchestra.run.trial068.stdout:/usr/bin/ceph: stderr
2026-02-19T11:37:27.348+0000 7f55be7fc700 1 -- 10.20.193.68:0/2438480734 <== mon.0 v2:10.20.193.68:3300/0 2 ==== config(28 keys) v1 ==== 1137+0+0 (secure 0 0 0) 0x7f55b0004510 con 0x7f55c0108980
2026-02-19T11:37:27.483 INFO:teuthology.orchestra.run.trial068.stdout:/usr/bin/ceph: stderr
2026-02-19T11:37:27.348+0000 7f55be7fc700 1 -- 10.20.193.68:0/2438480734 <== mon.0 v2:10.20.193.68:3300/0 3 ==== mon_map magic: 0 v1 ==== 226+0+0 (secure 0 0 0) 0x7f55b000b5d0 con 0x7f55c0108980
2026-02-19T11:37:27.483 INFO:teuthology.orchestra.run.trial068.stdout:/usr/bin/ceph: stderr
2026-02-19T11:37:27.348+0000 7f55c5dde700 1 -- 10.20.193.68:0/2438480734 >> [v2:10.20.193.68:3300/0,v1:10.20.193.68:6789/0] conn(0x7f55c0108980 msgr2=0x7f55c0108da0 secure :-1 s=STATE_CONNECTION_ESTABLISHED l=1).mark_down
2026-02-19T11:37:27.483 INFO:teuthology.orchestra.run.trial068.stdout:/usr/bin/ceph: stderr
2026-02-19T11:37:27.348+0000 7f55c5dde700 1 --2- 10.20.193.68:0/2438480734 >> [v2:10.20.193.68:3300/0,v1:10.20.193.68:6789/0] conn(0x7f55c0108980 0x7f55c0108da0 secure :-1 s=READY pgs=63 cs=0 l=1 rev1=1 crypto rx=0x7f55b0009a60 tx=0x7f55b0009d70 comp rx=0 tx=0).stop
2026-02-19T11:37:27.483 INFO:teuthology.orchestra.run.trial068.stdout:/usr/bin/ceph: stderr
2026-02-19T11:37:27.348+0000 7f55c5dde700 1 -- 10.20.193.68:0/2438480734 shutdown_connections
2026-02-19T11:37:27.484 INFO:teuthology.orchestra.run.trial068.stdout:/usr/bin/ceph: stderr
2026-02-19T11:37:27.348+0000 7f55c5dde700 1 --2- 10.20.193.68:0/2438480734 >> [v2:10.20.193.68:3300/0,v1:10.20.193.68:6789/0] conn(0x7f55c0108980 0x7f55c0108da0 unknown :-1 s=CLOSED pgs=63 cs=0 l=1 rev1=1 crypto rx=0 tx=0 comp rx=0 tx=0).stop
2026-02-19T11:37:27.484 INFO:teuthology.orchestra.run.trial068.stdout:/usr/bin/ceph: stderr
2026-02-19T11:37:27.348+0000 7f55c5dde700 1 -- 10.20.193.68:0/2438480734 >> 10.20.193.68:0/2438480734 conn(0x7f55c0103f00 msgr2=0x7f55c0106360 unknown :-1 s=STATE_NONE l=0).mark_down
2026-02-19T11:37:27.484 INFO:teuthology.orchestra.run.trial068.stdout:/usr/bin/ceph: stderr
2026-02-19T11:37:27.348+0000 7f55c5dde700 1 -- 10.20.193.68:0/2438480734 shutdown_connections
2026-02-19T11:37:27.484 INFO:teuthology.orchestra.run.trial068.stdout:/usr/bin/ceph: stderr
2026-02-19T11:37:27.348+0000 7f55c5dde700 1 -- 10.20.193.68:0/2438480734 wait complete.
2026-02-19T11:37:27.484 INFO:teuthology.orchestra.run.trial068.stdout:/usr/bin/ceph: stderr
2026-02-19T11:37:27.348+0000 7f55c5dde700 1 Processor -- start
2026-02-19T11:37:27.484 INFO:teuthology.orchestra.run.trial068.stdout:/usr/bin/ceph: stderr
2026-02-19T11:37:27.348+0000 7f55c5dde700 1 -- start start
2026-02-19T11:37:27.484 INFO:teuthology.orchestra.run.trial068.stdout:/usr/bin/ceph: stderr
2026-02-19T11:37:27.348+0000 7f55c5dde700 1 --2- >> [v2:10.20.193.68:3300/0,v1:10.20.193.68:6789/0] conn(0x7f55c0108980 0x7f55c019c800 unknown :-1 s=NONE pgs=0 cs=0 l=1 rev1=0 crypto rx=0 tx=0 comp rx=0 tx=0).connect
2026-02-19T11:37:27.484 INFO:teuthology.orchestra.run.trial068.stdout:/usr/bin/ceph: stderr
2026-02-19T11:37:27.348+0000 7f55c5dde700 1 -- --> [v2:10.20.193.68:3300/0,v1:10.20.193.68:6789/0] -- mon_getmap magic: 0 v1 -- 0x7f55c019cd40 con 0x7f55c0108980
2026-02-19T11:37:27.484 INFO:teuthology.orchestra.run.trial068.stdout:/usr/bin/ceph: stderr
2026-02-19T11:37:27.348+0000 7f55bf7fe700 1 --2- >> [v2:10.20.193.68:3300/0,v1:10.20.193.68:6789/0] conn(0x7f55c0108980 0x7f55c019c800 unknown :-1 s=BANNER_CONNECTING pgs=0 cs=0 l=1 rev1=0 crypto rx=0 tx=0 comp rx=0 tx=0)._handle_peer_banner_payload supported=3 required=0
2026-02-19T11:37:27.484 INFO:teuthology.orchestra.run.trial068.stdout:/usr/bin/ceph: stderr
2026-02-19T11:37:27.348+0000 7f55bf7fe700 1 --2- >> [v2:10.20.193.68:3300/0,v1:10.20.193.68:6789/0] conn(0x7f55c0108980 0x7f55c019c800 unknown :-1 s=HELLO_CONNECTING pgs=0 cs=0 l=1 rev1=1 crypto rx=0 tx=0 comp rx=0 tx=0).handle_hello peer v2:10.20.193.68:3300/0 says I am v2:10.20.193.68:34576/0 (socket says 10.20.193.68:34576)
2026-02-19T11:37:27.484 INFO:teuthology.orchestra.run.trial068.stdout:/usr/bin/ceph: stderr
2026-02-19T11:37:27.348+0000 7f55bf7fe700 1 -- 10.20.193.68:0/2987609021 learned_addr learned my addr 10.20.193.68:0/2987609021 (peer_addr_for_me v2:10.20.193.68:0/0)
2026-02-19T11:37:27.484 INFO:teuthology.orchestra.run.trial068.stdout:/usr/bin/ceph: stderr
2026-02-19T11:37:27.349+0000 7f55bf7fe700 1 -- 10.20.193.68:0/2987609021 --> [v2:10.20.193.68:3300/0,v1:10.20.193.68:6789/0] -- mon_subscribe({config=0+,monmap=0+}) v3 -- 0x7f55b00096f0 con 0x7f55c0108980
2026-02-19T11:37:27.485 INFO:teuthology.orchestra.run.trial068.stdout:/usr/bin/ceph: stderr
2026-02-19T11:37:27.349+0000 7f55bf7fe700 1 --2- 10.20.193.68:0/2987609021 >> [v2:10.20.193.68:3300/0,v1:10.20.193.68:6789/0] conn(0x7f55c0108980 0x7f55c019c800 secure :-1 s=READY pgs=64 cs=0 l=1 rev1=1 crypto rx=0x7f55b0003c00 tx=0x7f55b0004170 comp rx=0 tx=0).ready entity=mon.0 client_cookie=0 server_cookie=0 in_seq=0 out_seq=0
2026-02-19T11:37:27.485 INFO:teuthology.orchestra.run.trial068.stdout:/usr/bin/ceph: stderr
2026-02-19T11:37:27.349+0000 7f55bcff9700 1 -- 10.20.193.68:0/2987609021 <== mon.0 v2:10.20.193.68:3300/0 1 ==== mon_map magic: 0 v1 ==== 226+0+0 (secure 0 0 0) 0x7f55b000bb60 con 0x7f55c0108980
2026-02-19T11:37:27.485 INFO:teuthology.orchestra.run.trial068.stdout:/usr/bin/ceph: stderr
2026-02-19T11:37:27.349+0000 7f55bcff9700 1 -- 10.20.193.68:0/2987609021 <== mon.0 v2:10.20.193.68:3300/0 2 ==== config(28 keys) v1 ==== 1137+0+0 (secure 0 0 0) 0x7f55b000bcc0 con 0x7f55c0108980
2026-02-19T11:37:27.485 INFO:teuthology.orchestra.run.trial068.stdout:/usr/bin/ceph: stderr
2026-02-19T11:37:27.349+0000 7f55c5dde700 1 -- 10.20.193.68:0/2987609021 --> [v2:10.20.193.68:3300/0,v1:10.20.193.68:6789/0] -- mon_subscribe({mgrmap=0+}) v3 -- 0x7f55c019cf40 con 0x7f55c0108980
2026-02-19T11:37:27.485 INFO:teuthology.orchestra.run.trial068.stdout:/usr/bin/ceph: stderr
2026-02-19T11:37:27.349+0000 7f55bcff9700 1 -- 10.20.193.68:0/2987609021 <== mon.0 v2:10.20.193.68:3300/0 3 ==== mon_map magic: 0 v1 ==== 226+0+0 (secure 0 0 0) 0x7f55b001a580 con 0x7f55c0108980
2026-02-19T11:37:27.485 INFO:teuthology.orchestra.run.trial068.stdout:/usr/bin/ceph: stderr
2026-02-19T11:37:27.349+0000 7f55c5dde700 1 -- 10.20.193.68:0/2987609021 --> [v2:10.20.193.68:3300/0,v1:10.20.193.68:6789/0] -- mon_subscribe({osdmap=0}) v3 -- 0x7f55c019d360 con 0x7f55c0108980
2026-02-19T11:37:27.485 INFO:teuthology.orchestra.run.trial068.stdout:/usr/bin/ceph: stderr
2026-02-19T11:37:27.349+0000 7f55bcff9700 1 -- 10.20.193.68:0/2987609021 <== mon.0 v2:10.20.193.68:3300/0 4 ==== mgrmap(e 8) v1 ==== 45282+0+0 (secure 0 0 0) 0x7f55b0018040 con 0x7f55c0108980
2026-02-19T11:37:27.485 INFO:teuthology.orchestra.run.trial068.stdout:/usr/bin/ceph: stderr
2026-02-19T11:37:27.349+0000 7f55c5dde700 1 -- 10.20.193.68:0/2987609021 --> [v2:10.20.193.68:3300/0,v1:10.20.193.68:6789/0] -- mon_command({"prefix": "get_command_descriptions"} v 0) v1 -- 0x7f55c004fa20 con 0x7f55c0108980
2026-02-19T11:37:27.485 INFO:teuthology.orchestra.run.trial068.stdout:/usr/bin/ceph: stderr
2026-02-19T11:37:27.349+0000 7f55bcff9700 1 --2- 10.20.193.68:0/2987609021 >> [v2:10.20.193.68:6800/2,v1:10.20.193.68:6801/2] conn(0x7f55a80382b0 0x7f55a803a770 unknown :-1 s=NONE pgs=0 cs=0 l=1 rev1=0 crypto rx=0 tx=0 comp rx=0 tx=0).connect
2026-02-19T11:37:27.485 INFO:teuthology.orchestra.run.trial068.stdout:/usr/bin/ceph: stderr
2026-02-19T11:37:27.350+0000 7f55bcff9700 1 -- 10.20.193.68:0/2987609021 <== mon.0 v2:10.20.193.68:3300/0 5 ==== osd_map(2..2 src has 1..2) v4 ==== 940+0+0 (secure 0 0 0) 0x7f55b004b850 con 0x7f55c0108980
2026-02-19T11:37:27.485 INFO:teuthology.orchestra.run.trial068.stdout:/usr/bin/ceph: stderr
2026-02-19T11:37:27.350+0000 7f55beffd700 1 --2- 10.20.193.68:0/2987609021 >> [v2:10.20.193.68:6800/2,v1:10.20.193.68:6801/2] conn(0x7f55a80382b0 0x7f55a803a770 unknown :-1 s=BANNER_CONNECTING pgs=0 cs=0 l=1 rev1=0 crypto rx=0 tx=0 comp rx=0 tx=0)._handle_peer_banner_payload supported=3 required=0
2026-02-19T11:37:27.485 INFO:teuthology.orchestra.run.trial068.stdout:/usr/bin/ceph: stderr
2026-02-19T11:37:27.350+0000 7f55beffd700 1 --2- 10.20.193.68:0/2987609021 >> [v2:10.20.193.68:6800/2,v1:10.20.193.68:6801/2] conn(0x7f55a80382b0 0x7f55a803a770 secure :-1 s=READY pgs=20 cs=0 l=1 rev1=1 crypto rx=0x7f55b4006fd0 tx=0x7f55b4006e40 comp rx=0 tx=0).ready entity=mgr.14120 client_cookie=0 server_cookie=0 in_seq=0 out_seq=0
2026-02-19T11:37:27.486 INFO:teuthology.orchestra.run.trial068.stdout:/usr/bin/ceph: stderr
2026-02-19T11:37:27.352+0000 7f55bcff9700 1 -- 10.20.193.68:0/2987609021 <== mon.0 v2:10.20.193.68:3300/0 6 ==== mon_command_ack([{"prefix": "get_command_descriptions"}]=0 v0) v1 ==== 72+0+180422 (secure 0 0 0) 0x7f55b0011ad0 con 0x7f55c0108980
2026-02-19T11:37:27.486 INFO:teuthology.orchestra.run.trial068.stdout:/usr/bin/ceph: stderr
2026-02-19T11:37:27.446+0000 7f55c5dde700 1 -- 10.20.193.68:0/2987609021 --> [v2:10.20.193.68:3300/0,v1:10.20.193.68:6789/0] -- mon_command([{prefix=config set, name=mgr/cephadm/container_init}] v 0) v1 -- 0x7f55c00623c0 con 0x7f55c0108980
2026-02-19T11:37:27.486 INFO:teuthology.orchestra.run.trial068.stdout:/usr/bin/ceph: stderr
2026-02-19T11:37:27.448+0000 7f55bcff9700 1 -- 10.20.193.68:0/2987609021 <== mon.0 v2:10.20.193.68:3300/0 7 ==== mon_command_ack([{prefix=config set, name=mgr/cephadm/container_init}]=0 v7)=0 v7) v1 ==== 142+0+0 (secure 0 0 0) 0x7f55b001e020 con 0x7f55c0108980
2026-02-19T11:37:27.486 INFO:teuthology.orchestra.run.trial068.stdout:/usr/bin/ceph: stderr
2026-02-19T11:37:27.449+0000 7f55c5dde700 1 -- 10.20.193.68:0/2987609021 >> [v2:10.20.193.68:6800/2,v1:10.20.193.68:6801/2] conn(0x7f55a80382b0 msgr2=0x7f55a803a770 secure :-1 s=STATE_CONNECTION_ESTABLISHED l=1).mark_down
2026-02-19T11:37:27.486 INFO:teuthology.orchestra.run.trial068.stdout:/usr/bin/ceph: stderr
2026-02-19T11:37:27.449+0000 7f55c5dde700 1 --2- 10.20.193.68:0/2987609021 >> [v2:10.20.193.68:6800/2,v1:10.20.193.68:6801/2] conn(0x7f55a80382b0 0x7f55a803a770 secure :-1 s=READY pgs=20 cs=0 l=1 rev1=1 crypto rx=0x7f55b4006fd0 tx=0x7f55b4006e40 comp rx=0 tx=0).stop
2026-02-19T11:37:27.486 INFO:teuthology.orchestra.run.trial068.stdout:/usr/bin/ceph: stderr
2026-02-19T11:37:27.449+0000 7f55c5dde700 1 -- 10.20.193.68:0/2987609021 >> [v2:10.20.193.68:3300/0,v1:10.20.193.68:6789/0] conn(0x7f55c0108980 msgr2=0x7f55c019c800 secure :-1 s=STATE_CONNECTION_ESTABLISHED l=1).mark_down
2026-02-19T11:37:27.486 INFO:teuthology.orchestra.run.trial068.stdout:/usr/bin/ceph: stderr
2026-02-19T11:37:27.449+0000 7f55c5dde700 1 --2- 10.20.193.68:0/2987609021 >> [v2:10.20.193.68:3300/0,v1:10.20.193.68:6789/0] conn(0x7f55c0108980 0x7f55c019c800 secure :-1 s=READY pgs=64 cs=0 l=1 rev1=1 crypto rx=0x7f55b0003c00 tx=0x7f55b0004170 comp rx=0 tx=0).stop
2026-02-19T11:37:27.486 INFO:teuthology.orchestra.run.trial068.stdout:/usr/bin/ceph: stderr
2026-02-19T11:37:27.449+0000 7f55c5dde700 1 -- 10.20.193.68:0/2987609021 shutdown_connections
2026-02-19T11:37:27.486 INFO:teuthology.orchestra.run.trial068.stdout:/usr/bin/ceph: stderr
2026-02-19T11:37:27.449+0000 7f55c5dde700 1 --2- 10.20.193.68:0/2987609021 >> [v2:10.20.193.68:6800/2,v1:10.20.193.68:6801/2] conn(0x7f55a80382b0 0x7f55a803a770 unknown :-1 s=CLOSED pgs=20 cs=0 l=1 rev1=1 crypto rx=0 tx=0 comp rx=0 tx=0).stop
2026-02-19T11:37:27.486 INFO:teuthology.orchestra.run.trial068.stdout:/usr/bin/ceph: stderr
2026-02-19T11:37:27.449+0000 7f55c5dde700 1 --2- 10.20.193.68:0/2987609021 >> [v2:10.20.193.68:3300/0,v1:10.20.193.68:6789/0] conn(0x7f55c0108980 0x7f55c019c800 unknown :-1 s=CLOSED pgs=64 cs=0 l=1 rev1=1 crypto rx=0 tx=0 comp rx=0 tx=0).stop
2026-02-19T11:37:27.486 INFO:teuthology.orchestra.run.trial068.stdout:/usr/bin/ceph: stderr
2026-02-19T11:37:27.449+0000 7f55c5dde700 1 -- 10.20.193.68:0/2987609021 >> 10.20.193.68:0/2987609021 conn(0x7f55c0103f00 msgr2=0x7f55c01055e0 unknown :-1 s=STATE_NONE l=0).mark_down
2026-02-19T11:37:27.486 INFO:teuthology.orchestra.run.trial068.stdout:/usr/bin/ceph: stderr
2026-02-19T11:37:27.449+0000 7f55c5dde700 1 -- 10.20.193.68:0/2987609021 shutdown_connections
2026-02-19T11:37:27.486 INFO:teuthology.orchestra.run.trial068.stdout:/usr/bin/ceph: stderr
2026-02-19T11:37:27.449+0000 7f55c5dde700 1 -- 10.20.193.68:0/2987609021 wait complete.
2026-02-19T11:37:27.710 INFO:teuthology.orchestra.run.trial068.stdout:/usr/bin/ceph: stderr
2026-02-19T11:37:27.574+0000 7fc9d9c1f700 1 Processor -- start
2026-02-19T11:37:27.710 INFO:teuthology.orchestra.run.trial068.stdout:/usr/bin/ceph: stderr
2026-02-19T11:37:27.574+0000 7fc9d9c1f700 1 -- start start
2026-02-19T11:37:27.710 INFO:teuthology.orchestra.run.trial068.stdout:/usr/bin/ceph: stderr
2026-02-19T11:37:27.574+0000 7fc9d9c1f700 1 --2- >> [v2:10.20.193.68:3300/0,v1:10.20.193.68:6789/0] conn(0x7fc9d4108980 0x7fc9d4108da0 unknown :-1 s=NONE pgs=0 cs=0 l=0 rev1=0 crypto rx=0 tx=0 comp rx=0 tx=0).connect
2026-02-19T11:37:27.710 INFO:teuthology.orchestra.run.trial068.stdout:/usr/bin/ceph: stderr
2026-02-19T11:37:27.574+0000 7fc9d9c1f700 1 -- --> [v2:10.20.193.68:3300/0,v1:10.20.193.68:6789/0] -- mon_getmap magic: 0 v1 -- 0x7fc9d4109370 con 0x7fc9d4108980
2026-02-19T11:37:27.710 INFO:teuthology.orchestra.run.trial068.stdout:/usr/bin/ceph: stderr
2026-02-19T11:37:27.575+0000 7fc9d37fe700 1 --2- >> [v2:10.20.193.68:3300/0,v1:10.20.193.68:6789/0] conn(0x7fc9d4108980 0x7fc9d4108da0 unknown :-1 s=BANNER_CONNECTING pgs=0 cs=0 l=0 rev1=0 crypto rx=0 tx=0 comp rx=0 tx=0)._handle_peer_banner_payload supported=3 required=0
2026-02-19T11:37:27.711 INFO:teuthology.orchestra.run.trial068.stdout:/usr/bin/ceph: stderr
2026-02-19T11:37:27.575+0000 7fc9d37fe700 1 --2- >> [v2:10.20.193.68:3300/0,v1:10.20.193.68:6789/0] conn(0x7fc9d4108980 0x7fc9d4108da0 unknown :-1 s=HELLO_CONNECTING pgs=0 cs=0 l=0 rev1=1 crypto rx=0 tx=0 comp rx=0 tx=0).handle_hello peer v2:10.20.193.68:3300/0 says I am v2:10.20.193.68:34586/0 (socket says 10.20.193.68:34586)
2026-02-19T11:37:27.711 INFO:teuthology.orchestra.run.trial068.stdout:/usr/bin/ceph: stderr
2026-02-19T11:37:27.575+0000 7fc9d37fe700 1 -- 10.20.193.68:0/217746156 learned_addr learned my addr 10.20.193.68:0/217746156 (peer_addr_for_me v2:10.20.193.68:0/0)
2026-02-19T11:37:27.711 INFO:teuthology.orchestra.run.trial068.stdout:/usr/bin/ceph: stderr
2026-02-19T11:37:27.575+0000 7fc9d37fe700 1 -- 10.20.193.68:0/217746156 --> [v2:10.20.193.68:3300/0,v1:10.20.193.68:6789/0] -- mon_subscribe({config=0+,monmap=0+}) v3 -- 0x7fc9d4109b80 con 0x7fc9d4108980
2026-02-19T11:37:27.711 INFO:teuthology.orchestra.run.trial068.stdout:/usr/bin/ceph: stderr
2026-02-19T11:37:27.575+0000 7fc9d37fe700 1 --2- 10.20.193.68:0/217746156 >> [v2:10.20.193.68:3300/0,v1:10.20.193.68:6789/0] conn(0x7fc9d4108980 0x7fc9d4108da0 secure :-1 s=READY pgs=65 cs=0 l=1 rev1=1 crypto rx=0x7fc9c4009a60 tx=0x7fc9c4009d70 comp rx=0 tx=0).ready entity=mon.0 client_cookie=de995cb8d2cbf3f server_cookie=0 in_seq=0 out_seq=0
2026-02-19T11:37:27.711 INFO:teuthology.orchestra.run.trial068.stdout:/usr/bin/ceph: stderr
2026-02-19T11:37:27.575+0000 7fc9d27fc700 1 -- 10.20.193.68:0/217746156 <== mon.0 v2:10.20.193.68:3300/0 1 ==== mon_map magic: 0 v1 ==== 226+0+0 (secure 0 0 0) 0x7fc9c4005c30 con 0x7fc9d4108980
2026-02-19T11:37:27.711 INFO:teuthology.orchestra.run.trial068.stdout:/usr/bin/ceph: stderr
2026-02-19T11:37:27.575+0000 7fc9d27fc700 1 -- 10.20.193.68:0/217746156 <== mon.0 v2:10.20.193.68:3300/0 2 ==== config(28 keys) v1 ==== 1137+0+0 (secure 0 0 0) 0x7fc9c4004510 con 0x7fc9d4108980
2026-02-19T11:37:27.711 INFO:teuthology.orchestra.run.trial068.stdout:/usr/bin/ceph: stderr
2026-02-19T11:37:27.575+0000 7fc9d27fc700 1 -- 10.20.193.68:0/217746156 <== mon.0 v2:10.20.193.68:3300/0 3 ==== mon_map magic: 0 v1 ==== 226+0+0 (secure 0 0 0) 0x7fc9c400b5d0 con 0x7fc9d4108980
2026-02-19T11:37:27.711 INFO:teuthology.orchestra.run.trial068.stdout:/usr/bin/ceph: stderr
2026-02-19T11:37:27.575+0000 7fc9d9c1f700 1 -- 10.20.193.68:0/217746156 >> [v2:10.20.193.68:3300/0,v1:10.20.193.68:6789/0] conn(0x7fc9d4108980 msgr2=0x7fc9d4108da0 secure :-1 s=STATE_CONNECTION_ESTABLISHED l=1).mark_down
2026-02-19T11:37:27.711 INFO:teuthology.orchestra.run.trial068.stdout:/usr/bin/ceph: stderr
2026-02-19T11:37:27.575+0000 7fc9d9c1f700 1 --2- 10.20.193.68:0/217746156 >> [v2:10.20.193.68:3300/0,v1:10.20.193.68:6789/0] conn(0x7fc9d4108980 0x7fc9d4108da0 secure :-1 s=READY pgs=65 cs=0 l=1 rev1=1 crypto rx=0x7fc9c4009a60 tx=0x7fc9c4009d70 comp rx=0 tx=0).stop
2026-02-19T11:37:27.711 INFO:teuthology.orchestra.run.trial068.stdout:/usr/bin/ceph: stderr
2026-02-19T11:37:27.575+0000 7fc9d9c1f700 1 -- 10.20.193.68:0/217746156 shutdown_connections
2026-02-19T11:37:27.711 INFO:teuthology.orchestra.run.trial068.stdout:/usr/bin/ceph: stderr
2026-02-19T11:37:27.575+0000 7fc9d9c1f700 1 --2- 10.20.193.68:0/217746156 >> [v2:10.20.193.68:3300/0,v1:10.20.193.68:6789/0] conn(0x7fc9d4108980 0x7fc9d4108da0 unknown :-1 s=CLOSED pgs=65 cs=0 l=1 rev1=1 crypto rx=0 tx=0 comp rx=0 tx=0).stop
2026-02-19T11:37:27.711 INFO:teuthology.orchestra.run.trial068.stdout:/usr/bin/ceph: stderr
2026-02-19T11:37:27.575+0000 7fc9d9c1f700 1 -- 10.20.193.68:0/217746156 >> 10.20.193.68:0/217746156 conn(0x7fc9d4103f00 msgr2=0x7fc9d4106360 unknown :-1 s=STATE_NONE l=0).mark_down
2026-02-19T11:37:27.712 INFO:teuthology.orchestra.run.trial068.stdout:/usr/bin/ceph: stderr
2026-02-19T11:37:27.575+0000 7fc9d9c1f700 1 -- 10.20.193.68:0/217746156 shutdown_connections
2026-02-19T11:37:27.712 INFO:teuthology.orchestra.run.trial068.stdout:/usr/bin/ceph: stderr
2026-02-19T11:37:27.575+0000 7fc9d9c1f700 1 -- 10.20.193.68:0/217746156 wait complete.
2026-02-19T11:37:27.712 INFO:teuthology.orchestra.run.trial068.stdout:/usr/bin/ceph: stderr
2026-02-19T11:37:27.576+0000 7fc9d9c1f700 1 Processor -- start
2026-02-19T11:37:27.712 INFO:teuthology.orchestra.run.trial068.stdout:/usr/bin/ceph: stderr
2026-02-19T11:37:27.576+0000 7fc9d9c1f700 1 -- start start
2026-02-19T11:37:27.712 INFO:teuthology.orchestra.run.trial068.stdout:/usr/bin/ceph: stderr
2026-02-19T11:37:27.576+0000 7fc9d9c1f700 1 --2- >> [v2:10.20.193.68:3300/0,v1:10.20.193.68:6789/0] conn(0x7fc9d4108980 0x7fc9d419c7e0 unknown :-1 s=NONE pgs=0 cs=0 l=1 rev1=0 crypto rx=0 tx=0 comp rx=0 tx=0).connect
2026-02-19T11:37:27.712 INFO:teuthology.orchestra.run.trial068.stdout:/usr/bin/ceph: stderr
2026-02-19T11:37:27.576+0000 7fc9d9c1f700 1 -- --> [v2:10.20.193.68:3300/0,v1:10.20.193.68:6789/0] -- mon_getmap magic: 0 v1 -- 0x7fc9d419cd20 con 0x7fc9d4108980
2026-02-19T11:37:27.712 INFO:teuthology.orchestra.run.trial068.stdout:/usr/bin/ceph: stderr
2026-02-19T11:37:27.576+0000 7fc9d37fe700 1 --2- >> [v2:10.20.193.68:3300/0,v1:10.20.193.68:6789/0] conn(0x7fc9d4108980 0x7fc9d419c7e0 unknown :-1 s=BANNER_CONNECTING pgs=0 cs=0 l=1 rev1=0 crypto rx=0 tx=0 comp rx=0 tx=0)._handle_peer_banner_payload supported=3 required=0
2026-02-19T11:37:27.712 INFO:teuthology.orchestra.run.trial068.stdout:/usr/bin/ceph: stderr
2026-02-19T11:37:27.576+0000 7fc9d37fe700 1 --2- >> [v2:10.20.193.68:3300/0,v1:10.20.193.68:6789/0] conn(0x7fc9d4108980 0x7fc9d419c7e0 unknown :-1 s=HELLO_CONNECTING pgs=0 cs=0 l=1 rev1=1 crypto rx=0 tx=0 comp rx=0 tx=0).handle_hello peer v2:10.20.193.68:3300/0 says I am v2:10.20.193.68:34594/0 (socket says 10.20.193.68:34594)
2026-02-19T11:37:27.712 INFO:teuthology.orchestra.run.trial068.stdout:/usr/bin/ceph: stderr
2026-02-19T11:37:27.576+0000 7fc9d37fe700 1 -- 10.20.193.68:0/1155863285 learned_addr learned my addr 10.20.193.68:0/1155863285 (peer_addr_for_me v2:10.20.193.68:0/0)
2026-02-19T11:37:27.712 INFO:teuthology.orchestra.run.trial068.stdout:/usr/bin/ceph: stderr
2026-02-19T11:37:27.576+0000 7fc9d37fe700 1 -- 10.20.193.68:0/1155863285 --> [v2:10.20.193.68:3300/0,v1:10.20.193.68:6789/0] -- mon_subscribe({config=0+,monmap=0+}) v3 -- 0x7fc9c40096f0 con 0x7fc9d4108980
2026-02-19T11:37:27.712 INFO:teuthology.orchestra.run.trial068.stdout:/usr/bin/ceph: stderr
2026-02-19T11:37:27.576+0000 7fc9d37fe700 1 --2- 10.20.193.68:0/1155863285 >> [v2:10.20.193.68:3300/0,v1:10.20.193.68:6789/0] conn(0x7fc9d4108980 0x7fc9d419c7e0 secure :-1 s=READY pgs=66 cs=0 l=1 rev1=1 crypto rx=0x7fc9c4003c00 tx=0x7fc9c4004170 comp rx=0 tx=0).ready entity=mon.0 client_cookie=0 server_cookie=0 in_seq=0 out_seq=0
2026-02-19T11:37:27.712 INFO:teuthology.orchestra.run.trial068.stdout:/usr/bin/ceph: stderr
2026-02-19T11:37:27.576+0000 7fc9d0ff9700 1 -- 10.20.193.68:0/1155863285 <== mon.0 v2:10.20.193.68:3300/0 1 ==== mon_map magic: 0 v1 ==== 226+0+0 (secure 0 0 0) 0x7fc9c400bb60 con 0x7fc9d4108980
2026-02-19T11:37:27.713 INFO:teuthology.orchestra.run.trial068.stdout:/usr/bin/ceph: stderr
2026-02-19T11:37:27.576+0000 7fc9d0ff9700 1 -- 10.20.193.68:0/1155863285 <== mon.0 v2:10.20.193.68:3300/0 2 ==== config(28 keys) v1 ==== 1137+0+0 (secure 0 0 0) 0x7fc9c400bcc0 con 0x7fc9d4108980
2026-02-19T11:37:27.713 INFO:teuthology.orchestra.run.trial068.stdout:/usr/bin/ceph: stderr
2026-02-19T11:37:27.576+0000 7fc9d9c1f700 1 -- 10.20.193.68:0/1155863285 --> [v2:10.20.193.68:3300/0,v1:10.20.193.68:6789/0] -- mon_subscribe({mgrmap=0+}) v3 -- 0x7fc9d419cf20 con 0x7fc9d4108980
2026-02-19T11:37:27.713 INFO:teuthology.orchestra.run.trial068.stdout:/usr/bin/ceph: stderr
2026-02-19T11:37:27.576+0000 7fc9d0ff9700 1 -- 10.20.193.68:0/1155863285 <== mon.0 v2:10.20.193.68:3300/0 3 ==== mon_map magic: 0 v1 ==== 226+0+0 (secure 0 0 0) 0x7fc9c401a580 con 0x7fc9d4108980
2026-02-19T11:37:27.713 INFO:teuthology.orchestra.run.trial068.stdout:/usr/bin/ceph: stderr
2026-02-19T11:37:27.576+0000 7fc9d9c1f700 1 -- 10.20.193.68:0/1155863285 --> [v2:10.20.193.68:3300/0,v1:10.20.193.68:6789/0] -- mon_subscribe({osdmap=0}) v3 -- 0x7fc9d419d340 con 0x7fc9d4108980
2026-02-19T11:37:27.713 INFO:teuthology.orchestra.run.trial068.stdout:/usr/bin/ceph: stderr
2026-02-19T11:37:27.577+0000 7fc9d9c1f700 1 -- 10.20.193.68:0/1155863285 --> [v2:10.20.193.68:3300/0,v1:10.20.193.68:6789/0] -- mon_command({"prefix": "get_command_descriptions"} v 0) v1 -- 0x7fc9d404fa20 con 0x7fc9d4108980
2026-02-19T11:37:27.713 INFO:teuthology.orchestra.run.trial068.stdout:/usr/bin/ceph: stderr
2026-02-19T11:37:27.577+0000 7fc9d0ff9700 1 -- 10.20.193.68:0/1155863285 <== mon.0 v2:10.20.193.68:3300/0 4 ==== mgrmap(e 8) v1 ==== 45282+0+0 (secure 0 0 0) 0x7fc9c4018040 con 0x7fc9d4108980
2026-02-19T11:37:27.713 INFO:teuthology.orchestra.run.trial068.stdout:/usr/bin/ceph: stderr
2026-02-19T11:37:27.577+0000 7fc9d0ff9700 1 --2- 10.20.193.68:0/1155863285 >> [v2:10.20.193.68:6800/2,v1:10.20.193.68:6801/2] conn(0x7fc9bc038300 0x7fc9bc03a7c0 unknown :-1 s=NONE pgs=0 cs=0 l=1 rev1=0 crypto rx=0 tx=0 comp rx=0 tx=0).connect
2026-02-19T11:37:27.713 INFO:teuthology.orchestra.run.trial068.stdout:/usr/bin/ceph: stderr
2026-02-19T11:37:27.577+0000 7fc9d0ff9700 1 -- 10.20.193.68:0/1155863285 <== mon.0 v2:10.20.193.68:3300/0 5 ==== osd_map(2..2 src has 1..2) v4 ==== 940+0+0 (secure 0 0 0) 0x7fc9c404b870 con 0x7fc9d4108980
2026-02-19T11:37:27.713 INFO:teuthology.orchestra.run.trial068.stdout:/usr/bin/ceph: stderr
2026-02-19T11:37:27.577+0000 7fc9d2ffd700 1 --2- 10.20.193.68:0/1155863285 >> [v2:10.20.193.68:6800/2,v1:10.20.193.68:6801/2] conn(0x7fc9bc038300 0x7fc9bc03a7c0 unknown :-1 s=BANNER_CONNECTING pgs=0 cs=0 l=1 rev1=0 crypto rx=0 tx=0 comp rx=0 tx=0)._handle_peer_banner_payload supported=3 required=0
2026-02-19T11:37:27.713 INFO:teuthology.orchestra.run.trial068.stdout:/usr/bin/ceph: stderr
2026-02-19T11:37:27.577+0000 7fc9d2ffd700 1 --2- 10.20.193.68:0/1155863285 >> [v2:10.20.193.68:6800/2,v1:10.20.193.68:6801/2] conn(0x7fc9bc038300 0x7fc9bc03a7c0 secure :-1 s=READY pgs=21 cs=0 l=1 rev1=1 crypto rx=0x7fc9c8006fd0 tx=0x7fc9c8006e40 comp rx=0 tx=0).ready entity=mgr.14120 client_cookie=0 server_cookie=0 in_seq=0 out_seq=0
2026-02-19T11:37:27.713 INFO:teuthology.orchestra.run.trial068.stdout:/usr/bin/ceph: stderr
2026-02-19T11:37:27.579+0000 7fc9d0ff9700 1 -- 10.20.193.68:0/1155863285 <== mon.0 v2:10.20.193.68:3300/0 6 ==== mon_command_ack([{"prefix": "get_command_descriptions"}]=0 v0) v1 ==== 72+0+180422 (secure 0 0 0) 0x7fc9c400be30 con 0x7fc9d4108980
2026-02-19T11:37:27.713 INFO:teuthology.orchestra.run.trial068.stdout:/usr/bin/ceph: stderr
2026-02-19T11:37:27.674+0000 7fc9d9c1f700 1 -- 10.20.193.68:0/1155863285 --> [v2:10.20.193.68:3300/0,v1:10.20.193.68:6789/0] -- mon_command([{prefix=config set, name=mgr/dashboard/ssl_server_port}] v 0) v1 -- 0x7fc9d40623c0 con 0x7fc9d4108980
2026-02-19T11:37:27.714 INFO:teuthology.orchestra.run.trial068.stdout:/usr/bin/ceph: stderr
2026-02-19T11:37:27.676+0000 7fc9d0ff9700 1 -- 10.20.193.68:0/1155863285 <== mon.0 v2:10.20.193.68:3300/0 7 ==== mon_command_ack([{prefix=config set, name=mgr/dashboard/ssl_server_port}]=0 v8)=0 v8) v1 ==== 130+0+0 (secure 0 0 0) 0x7fc9c401e0c0 con 0x7fc9d4108980
2026-02-19T11:37:27.714 INFO:teuthology.orchestra.run.trial068.stdout:/usr/bin/ceph: stderr
2026-02-19T11:37:27.677+0000 7fc9d9c1f700 1 -- 10.20.193.68:0/1155863285 >> [v2:10.20.193.68:6800/2,v1:10.20.193.68:6801/2] conn(0x7fc9bc038300 msgr2=0x7fc9bc03a7c0 secure :-1 s=STATE_CONNECTION_ESTABLISHED l=1).mark_down
2026-02-19T11:37:27.714 INFO:teuthology.orchestra.run.trial068.stdout:/usr/bin/ceph: stderr
2026-02-19T11:37:27.677+0000 7fc9d9c1f700 1 --2- 10.20.193.68:0/1155863285 >> [v2:10.20.193.68:6800/2,v1:10.20.193.68:6801/2] conn(0x7fc9bc038300 0x7fc9bc03a7c0 secure :-1 s=READY pgs=21 cs=0 l=1 rev1=1 crypto rx=0x7fc9c8006fd0 tx=0x7fc9c8006e40 comp rx=0 tx=0).stop
2026-02-19T11:37:27.714 INFO:teuthology.orchestra.run.trial068.stdout:/usr/bin/ceph: stderr
2026-02-19T11:37:27.677+0000 7fc9d9c1f700 1 -- 10.20.193.68:0/1155863285 >> [v2:10.20.193.68:3300/0,v1:10.20.193.68:6789/0] conn(0x7fc9d4108980 msgr2=0x7fc9d419c7e0 secure :-1 s=STATE_CONNECTION_ESTABLISHED l=1).mark_down
2026-02-19T11:37:27.714 INFO:teuthology.orchestra.run.trial068.stdout:/usr/bin/ceph: stderr
2026-02-19T11:37:27.677+0000 7fc9d9c1f700 1 --2- 10.20.193.68:0/1155863285 >> [v2:10.20.193.68:3300/0,v1:10.20.193.68:6789/0] conn(0x7fc9d4108980 0x7fc9d419c7e0 secure :-1 s=READY pgs=66 cs=0 l=1 rev1=1 crypto rx=0x7fc9c4003c00 tx=0x7fc9c4004170 comp rx=0 tx=0).stop
2026-02-19T11:37:27.714 INFO:teuthology.orchestra.run.trial068.stdout:/usr/bin/ceph: stderr
2026-02-19T11:37:27.677+0000 7fc9d9c1f700 1 -- 10.20.193.68:0/1155863285 shutdown_connections
2026-02-19T11:37:27.714 INFO:teuthology.orchestra.run.trial068.stdout:/usr/bin/ceph: stderr
2026-02-19T11:37:27.677+0000 7fc9d9c1f700 1 --2- 10.20.193.68:0/1155863285 >> [v2:10.20.193.68:6800/2,v1:10.20.193.68:6801/2] conn(0x7fc9bc038300 0x7fc9bc03a7c0 unknown :-1 s=CLOSED pgs=21 cs=0 l=1 rev1=1 crypto rx=0 tx=0 comp rx=0 tx=0).stop
2026-02-19T11:37:27.714 INFO:teuthology.orchestra.run.trial068.stdout:/usr/bin/ceph: stderr
2026-02-19T11:37:27.677+0000 7fc9d9c1f700 1 --2- 10.20.193.68:0/1155863285 >> [v2:10.20.193.68:3300/0,v1:10.20.193.68:6789/0] conn(0x7fc9d4108980 0x7fc9d419c7e0 unknown :-1 s=CLOSED pgs=66 cs=0 l=1 rev1=1 crypto rx=0 tx=0 comp rx=0 tx=0).stop
2026-02-19T11:37:27.714 INFO:teuthology.orchestra.run.trial068.stdout:/usr/bin/ceph: stderr
2026-02-19T11:37:27.677+0000 7fc9d9c1f700 1 -- 10.20.193.68:0/1155863285 >> 10.20.193.68:0/1155863285 conn(0x7fc9d4103f00 msgr2=0x7fc9d41055d0 unknown :-1 s=STATE_NONE l=0).mark_down
2026-02-19T11:37:27.714 INFO:teuthology.orchestra.run.trial068.stdout:/usr/bin/ceph: stderr
2026-02-19T11:37:27.677+0000 7fc9d9c1f700 1 -- 10.20.193.68:0/1155863285 shutdown_connections
2026-02-19T11:37:27.714 INFO:teuthology.orchestra.run.trial068.stdout:/usr/bin/ceph: stderr
2026-02-19T11:37:27.677+0000 7fc9d9c1f700 1 -- 10.20.193.68:0/1155863285 wait complete.
2026-02-19T11:37:27.714 INFO:teuthology.orchestra.run.trial068.stdout:Enabling the dashboard module...
2026-02-19T11:37:27.938 INFO:journalctl@ceph.mon.trial068.trial068.stdout:Feb 19 11:37:27 trial068 ceph-mon[19713]: from='client.14144 -' entity='client.admin' cmd=[{"prefix": "orch apply", "service_type": "mgr", "target": ["mon-mgr", ""]}]: dispatch
2026-02-19T11:37:27.938 INFO:journalctl@ceph.mon.trial068.trial068.stdout:Feb 19 11:37:27 trial068 ceph-mon[19713]: Saving service mgr spec with placement count:2
2026-02-19T11:37:27.938 INFO:journalctl@ceph.mon.trial068.trial068.stdout:Feb 19 11:37:27 trial068 ceph-mon[19713]: from='client.14146 -' entity='client.admin' cmd=[{"prefix": "orch apply", "service_type": "crash", "target": ["mon-mgr", ""]}]: dispatch
2026-02-19T11:37:27.938 INFO:journalctl@ceph.mon.trial068.trial068.stdout:Feb 19 11:37:27 trial068 ceph-mon[19713]: Saving service crash spec with placement *
2026-02-19T11:37:27.939 INFO:journalctl@ceph.mon.trial068.trial068.stdout:Feb 19 11:37:27 trial068 ceph-mon[19713]: from='client.14148 -' entity='client.admin' cmd=[{"prefix": "orch apply", "service_type": "ceph-exporter", "target": ["mon-mgr", ""]}]: dispatch
2026-02-19T11:37:27.939 INFO:journalctl@ceph.mon.trial068.trial068.stdout:Feb 19 11:37:27 trial068 ceph-mon[19713]: Saving service ceph-exporter spec with placement *
2026-02-19T11:37:27.939 INFO:journalctl@ceph.mon.trial068.trial068.stdout:Feb 19 11:37:27 trial068 ceph-mon[19713]: from='client.14150 -' entity='client.admin' cmd=[{"prefix": "orch apply", "service_type": "prometheus", "target": ["mon-mgr", ""]}]: dispatch
2026-02-19T11:37:27.939 INFO:journalctl@ceph.mon.trial068.trial068.stdout:Feb 19 11:37:27 trial068 ceph-mon[19713]: Saving service prometheus spec with placement count:1
2026-02-19T11:37:27.939 INFO:journalctl@ceph.mon.trial068.trial068.stdout:Feb 19 11:37:27 trial068 ceph-mon[19713]: from='mgr.14120 10.20.193.68:0/2' entity='mgr.trial068.yamtqq'
2026-02-19T11:37:27.939 INFO:journalctl@ceph.mon.trial068.trial068.stdout:Feb 19 11:37:27 trial068 ceph-mon[19713]: from='mgr.14120 10.20.193.68:0/2' entity='mgr.trial068.yamtqq'
2026-02-19T11:37:27.939 INFO:journalctl@ceph.mon.trial068.trial068.stdout:Feb 19 11:37:27 trial068 ceph-mon[19713]: from='mgr.14120 10.20.193.68:0/2' entity='mgr.trial068.yamtqq'
2026-02-19T11:37:27.940 INFO:journalctl@ceph.mon.trial068.trial068.stdout:Feb 19 11:37:27 trial068 ceph-mon[19713]: from='mgr.14120 10.20.193.68:0/2' entity='mgr.trial068.yamtqq'
2026-02-19T11:37:27.940 INFO:journalctl@ceph.mon.trial068.trial068.stdout:Feb 19 11:37:27 trial068 ceph-mon[19713]: from='client.? 10.20.193.68:0/2987609021' entity='client.admin'
2026-02-19T11:37:28.711 INFO:teuthology.orchestra.run.trial068.stdout:/usr/bin/ceph: stderr
2026-02-19T11:37:27.806+0000 7f899bafd700 1 Processor -- start
2026-02-19T11:37:28.711 INFO:teuthology.orchestra.run.trial068.stdout:/usr/bin/ceph: stderr
2026-02-19T11:37:27.807+0000 7f899bafd700 1 -- start start
2026-02-19T11:37:28.711 INFO:teuthology.orchestra.run.trial068.stdout:/usr/bin/ceph: stderr
2026-02-19T11:37:27.807+0000 7f899bafd700 1 --2- >> [v2:10.20.193.68:3300/0,v1:10.20.193.68:6789/0] conn(0x7f89941089a0 0x7f8994108dc0 unknown :-1 s=NONE pgs=0 cs=0 l=0 rev1=0 crypto rx=0 tx=0 comp rx=0 tx=0).connect
2026-02-19T11:37:28.711 INFO:teuthology.orchestra.run.trial068.stdout:/usr/bin/ceph: stderr
2026-02-19T11:37:27.807+0000 7f899bafd700 1 -- --> [v2:10.20.193.68:3300/0,v1:10.20.193.68:6789/0] -- mon_getmap magic: 0 v1 -- 0x7f8994109390 con 0x7f89941089a0
2026-02-19T11:37:28.711 INFO:teuthology.orchestra.run.trial068.stdout:/usr/bin/ceph: stderr
2026-02-19T11:37:27.807+0000 7f8999899700 1 --2- >> [v2:10.20.193.68:3300/0,v1:10.20.193.68:6789/0] conn(0x7f89941089a0 0x7f8994108dc0 unknown :-1 s=BANNER_CONNECTING pgs=0 cs=0 l=0 rev1=0 crypto rx=0 tx=0 comp rx=0 tx=0)._handle_peer_banner_payload supported=3 required=0
2026-02-19T11:37:28.711 INFO:teuthology.orchestra.run.trial068.stdout:/usr/bin/ceph: stderr
2026-02-19T11:37:27.807+0000 7f8999899700 1 --2- >> [v2:10.20.193.68:3300/0,v1:10.20.193.68:6789/0] conn(0x7f89941089a0 0x7f8994108dc0 unknown :-1 s=HELLO_CONNECTING pgs=0 cs=0 l=0 rev1=1 crypto rx=0 tx=0 comp rx=0 tx=0).handle_hello peer v2:10.20.193.68:3300/0 says I am v2:10.20.193.68:34610/0 (socket says 10.20.193.68:34610)
2026-02-19T11:37:28.711 INFO:teuthology.orchestra.run.trial068.stdout:/usr/bin/ceph: stderr
2026-02-19T11:37:27.807+0000 7f8999899700 1 -- 10.20.193.68:0/4083753015 learned_addr learned my addr 10.20.193.68:0/4083753015 (peer_addr_for_me v2:10.20.193.68:0/0)
2026-02-19T11:37:28.711 INFO:teuthology.orchestra.run.trial068.stdout:/usr/bin/ceph: stderr
2026-02-19T11:37:27.807+0000 7f8999899700 1 -- 10.20.193.68:0/4083753015 --> [v2:10.20.193.68:3300/0,v1:10.20.193.68:6789/0] -- mon_subscribe({config=0+,monmap=0+}) v3 -- 0x7f8994109ba0 con 0x7f89941089a0
2026-02-19T11:37:28.712 INFO:teuthology.orchestra.run.trial068.stdout:/usr/bin/ceph: stderr
2026-02-19T11:37:27.807+0000 7f8999899700 1 --2- 10.20.193.68:0/4083753015 >> [v2:10.20.193.68:3300/0,v1:10.20.193.68:6789/0] conn(0x7f89941089a0 0x7f8994108dc0 secure :-1 s=READY pgs=67 cs=0 l=1 rev1=1 crypto rx=0x7f8990009a60 tx=0x7f8990009d70 comp rx=0 tx=0).ready entity=mon.0 client_cookie=e0933c81c2897a6d server_cookie=0 in_seq=0 out_seq=0
2026-02-19T11:37:28.712 INFO:teuthology.orchestra.run.trial068.stdout:/usr/bin/ceph: stderr
2026-02-19T11:37:27.807+0000 7f8998897700 1 -- 10.20.193.68:0/4083753015 <== mon.0 v2:10.20.193.68:3300/0 1 ==== mon_map magic: 0 v1 ==== 226+0+0 (secure 0 0 0) 0x7f8990005c30 con 0x7f89941089a0
2026-02-19T11:37:28.712 INFO:teuthology.orchestra.run.trial068.stdout:/usr/bin/ceph: stderr
2026-02-19T11:37:27.807+0000 7f8998897700 1 -- 10.20.193.68:0/4083753015 <== mon.0 v2:10.20.193.68:3300/0 2 ==== config(28 keys) v1 ==== 1137+0+0 (secure 0 0 0) 0x7f8990004510 con 0x7f89941089a0
2026-02-19T11:37:28.712 INFO:teuthology.orchestra.run.trial068.stdout:/usr/bin/ceph: stderr
2026-02-19T11:37:27.807+0000 7f8998897700 1 -- 10.20.193.68:0/4083753015 <== mon.0 v2:10.20.193.68:3300/0 3 ==== mon_map magic: 0 v1 ==== 226+0+0 (secure 0 0 0) 0x7f899000b5d0 con 0x7f89941089a0
2026-02-19T11:37:28.712 INFO:teuthology.orchestra.run.trial068.stdout:/usr/bin/ceph: stderr
2026-02-19T11:37:27.807+0000 7f899bafd700 1 -- 10.20.193.68:0/4083753015 >> [v2:10.20.193.68:3300/0,v1:10.20.193.68:6789/0] conn(0x7f89941089a0 msgr2=0x7f8994108dc0 secure :-1 s=STATE_CONNECTION_ESTABLISHED l=1).mark_down
2026-02-19T11:37:28.712 INFO:teuthology.orchestra.run.trial068.stdout:/usr/bin/ceph: stderr
2026-02-19T11:37:27.807+0000 7f899bafd700 1 --2- 10.20.193.68:0/4083753015 >> [v2:10.20.193.68:3300/0,v1:10.20.193.68:6789/0] conn(0x7f89941089a0 0x7f8994108dc0 secure :-1 s=READY pgs=67 cs=0 l=1 rev1=1 crypto rx=0x7f8990009a60 tx=0x7f8990009d70 comp rx=0 tx=0).stop
2026-02-19T11:37:28.712 INFO:teuthology.orchestra.run.trial068.stdout:/usr/bin/ceph: stderr
2026-02-19T11:37:27.807+0000 7f899bafd700 1 -- 10.20.193.68:0/4083753015 shutdown_connections
2026-02-19T11:37:28.712 INFO:teuthology.orchestra.run.trial068.stdout:/usr/bin/ceph: stderr
2026-02-19T11:37:27.807+0000 7f899bafd700 1 --2- 10.20.193.68:0/4083753015 >> [v2:10.20.193.68:3300/0,v1:10.20.193.68:6789/0] conn(0x7f89941089a0 0x7f8994108dc0 unknown :-1 s=CLOSED pgs=67 cs=0 l=1 rev1=1 crypto rx=0 tx=0 comp rx=0 tx=0).stop
2026-02-19T11:37:28.712 INFO:teuthology.orchestra.run.trial068.stdout:/usr/bin/ceph: stderr
2026-02-19T11:37:27.807+0000 7f899bafd700 1 -- 10.20.193.68:0/4083753015 >> 10.20.193.68:0/4083753015 conn(0x7f899407bde0 msgr2=0x7f8994106490 unknown :-1 s=STATE_NONE l=0).mark_down
2026-02-19T11:37:28.712 INFO:teuthology.orchestra.run.trial068.stdout:/usr/bin/ceph: stderr
2026-02-19T11:37:27.807+0000 7f899bafd700 1 -- 10.20.193.68:0/4083753015 shutdown_connections
2026-02-19T11:37:28.712 INFO:teuthology.orchestra.run.trial068.stdout:/usr/bin/ceph: stderr
2026-02-19T11:37:27.807+0000 7f899bafd700 1 -- 10.20.193.68:0/4083753015 wait complete.
2026-02-19T11:37:28.713 INFO:teuthology.orchestra.run.trial068.stdout:/usr/bin/ceph: stderr
2026-02-19T11:37:27.808+0000 7f899bafd700 1 Processor -- start
2026-02-19T11:37:28.713 INFO:teuthology.orchestra.run.trial068.stdout:/usr/bin/ceph: stderr
2026-02-19T11:37:27.808+0000 7f899bafd700 1 -- start start
2026-02-19T11:37:28.713 INFO:teuthology.orchestra.run.trial068.stdout:/usr/bin/ceph: stderr
2026-02-19T11:37:27.808+0000 7f899bafd700 1 --2- >> [v2:10.20.193.68:3300/0,v1:10.20.193.68:6789/0] conn(0x7f89941089a0 0x7f899419c820 unknown :-1 s=NONE pgs=0 cs=0 l=1 rev1=0 crypto rx=0 tx=0 comp rx=0 tx=0).connect
2026-02-19T11:37:28.713 INFO:teuthology.orchestra.run.trial068.stdout:/usr/bin/ceph: stderr
2026-02-19T11:37:27.808+0000 7f899bafd700 1 -- --> [v2:10.20.193.68:3300/0,v1:10.20.193.68:6789/0] -- mon_getmap magic: 0 v1 -- 0x7f899419cd60 con 0x7f89941089a0
2026-02-19T11:37:28.713 INFO:teuthology.orchestra.run.trial068.stdout:/usr/bin/ceph: stderr
2026-02-19T11:37:27.808+0000 7f8999899700 1 --2- >> [v2:10.20.193.68:3300/0,v1:10.20.193.68:6789/0] conn(0x7f89941089a0 0x7f899419c820 unknown :-1 s=BANNER_CONNECTING pgs=0 cs=0 l=1 rev1=0 crypto rx=0 tx=0 comp rx=0 tx=0)._handle_peer_banner_payload supported=3 required=0
2026-02-19T11:37:28.713 INFO:teuthology.orchestra.run.trial068.stdout:/usr/bin/ceph: stderr
2026-02-19T11:37:27.808+0000 7f8999899700 1 --2- >> [v2:10.20.193.68:3300/0,v1:10.20.193.68:6789/0] conn(0x7f89941089a0 0x7f899419c820 unknown :-1 s=HELLO_CONNECTING pgs=0 cs=0 l=1 rev1=1 crypto rx=0 tx=0 comp rx=0 tx=0).handle_hello peer v2:10.20.193.68:3300/0 says I am v2:10.20.193.68:34622/0 (socket says 10.20.193.68:34622)
2026-02-19T11:37:28.713 INFO:teuthology.orchestra.run.trial068.stdout:/usr/bin/ceph: stderr
2026-02-19T11:37:27.808+0000 7f8999899700 1 -- 10.20.193.68:0/2608606900 learned_addr learned my addr 10.20.193.68:0/2608606900 (peer_addr_for_me v2:10.20.193.68:0/0)
2026-02-19T11:37:28.713 INFO:teuthology.orchestra.run.trial068.stdout:/usr/bin/ceph: stderr
2026-02-19T11:37:27.808+0000 7f8999899700 1 -- 10.20.193.68:0/2608606900 --> [v2:10.20.193.68:3300/0,v1:10.20.193.68:6789/0] -- mon_subscribe({config=0+,monmap=0+}) v3 -- 0x7f89900096f0 con 0x7f89941089a0
2026-02-19T11:37:28.713 INFO:teuthology.orchestra.run.trial068.stdout:/usr/bin/ceph: stderr
2026-02-19T11:37:27.808+0000 7f8999899700 1 --2- 10.20.193.68:0/2608606900 >> [v2:10.20.193.68:3300/0,v1:10.20.193.68:6789/0] conn(0x7f89941089a0 0x7f899419c820 secure :-1 s=READY pgs=68 cs=0 l=1 rev1=1 crypto rx=0x7f8990003c00 tx=0x7f8990004170 comp rx=0 tx=0).ready entity=mon.0 client_cookie=0 server_cookie=0 in_seq=0 out_seq=0
2026-02-19T11:37:28.713 INFO:teuthology.orchestra.run.trial068.stdout:/usr/bin/ceph: stderr
2026-02-19T11:37:27.808+0000 7f898affd700 1 -- 10.20.193.68:0/2608606900 <== mon.0 v2:10.20.193.68:3300/0 1 ==== mon_map magic: 0 v1 ==== 226+0+0 (secure 0 0 0) 0x7f899000bb60 con 0x7f89941089a0
2026-02-19T11:37:28.713 INFO:teuthology.orchestra.run.trial068.stdout:/usr/bin/ceph: stderr
2026-02-19T11:37:27.808+0000 7f898affd700 1 -- 10.20.193.68:0/2608606900 <== mon.0 v2:10.20.193.68:3300/0 2 ==== config(28 keys) v1 ==== 1137+0+0 (secure 0 0 0) 0x7f899000bcc0 con 0x7f89941089a0
2026-02-19T11:37:28.714 INFO:teuthology.orchestra.run.trial068.stdout:/usr/bin/ceph: stderr
2026-02-19T11:37:27.808+0000 7f899bafd700 1 -- 10.20.193.68:0/2608606900 --> [v2:10.20.193.68:3300/0,v1:10.20.193.68:6789/0] -- mon_subscribe({mgrmap=0+}) v3 -- 0x7f899419cf60 con 0x7f89941089a0
2026-02-19T11:37:28.714 INFO:teuthology.orchestra.run.trial068.stdout:/usr/bin/ceph: stderr
2026-02-19T11:37:27.808+0000 7f898affd700 1 -- 10.20.193.68:0/2608606900 <== mon.0 v2:10.20.193.68:3300/0 3 ==== mon_map magic: 0 v1 ==== 226+0+0 (secure 0 0 0) 0x7f899001a580 con 0x7f89941089a0
2026-02-19T11:37:28.714 INFO:teuthology.orchestra.run.trial068.stdout:/usr/bin/ceph: stderr
2026-02-19T11:37:27.808+0000 7f899bafd700 1 -- 10.20.193.68:0/2608606900 --> [v2:10.20.193.68:3300/0,v1:10.20.193.68:6789/0] -- mon_subscribe({osdmap=0}) v3 -- 0x7f899419d380 con 0x7f89941089a0
2026-02-19T11:37:28.714 INFO:teuthology.orchestra.run.trial068.stdout:/usr/bin/ceph: stderr
2026-02-19T11:37:27.809+0000 7f899bafd700 1 -- 10.20.193.68:0/2608606900 --> [v2:10.20.193.68:3300/0,v1:10.20.193.68:6789/0] -- mon_command({"prefix": "get_command_descriptions"} v 0) v1 -- 0x7f899404fa20 con 0x7f89941089a0
2026-02-19T11:37:28.714 INFO:teuthology.orchestra.run.trial068.stdout:/usr/bin/ceph: stderr
2026-02-19T11:37:27.809+0000 7f898affd700 1 -- 10.20.193.68:0/2608606900 <== mon.0 v2:10.20.193.68:3300/0 4 ==== mgrmap(e 8) v1 ==== 45282+0+0 (secure 0 0 0) 0x7f8990018040 con 0x7f89941089a0
2026-02-19T11:37:28.714 INFO:teuthology.orchestra.run.trial068.stdout:/usr/bin/ceph: stderr
2026-02-19T11:37:27.809+0000 7f898affd700 1 --2- 10.20.193.68:0/2608606900 >> [v2:10.20.193.68:6800/2,v1:10.20.193.68:6801/2] conn(0x7f8980038300 0x7f898003a7c0 unknown :-1 s=NONE pgs=0 cs=0 l=1 rev1=0 crypto rx=0 tx=0 comp rx=0 tx=0).connect
2026-02-19T11:37:28.714 INFO:teuthology.orchestra.run.trial068.stdout:/usr/bin/ceph: stderr
2026-02-19T11:37:27.809+0000 7f898affd700 1 -- 10.20.193.68:0/2608606900 <== mon.0 v2:10.20.193.68:3300/0 5 ==== osd_map(2..2 src has 1..2) v4 ==== 940+0+0 (secure 0 0 0) 0x7f899004b830 con 0x7f89941089a0
2026-02-19T11:37:28.714 INFO:teuthology.orchestra.run.trial068.stdout:/usr/bin/ceph: stderr
2026-02-19T11:37:27.809+0000 7f8999098700 1 --2- 10.20.193.68:0/2608606900 >> [v2:10.20.193.68:6800/2,v1:10.20.193.68:6801/2] conn(0x7f8980038300 0x7f898003a7c0 unknown :-1 s=BANNER_CONNECTING pgs=0 cs=0 l=1 rev1=0 crypto rx=0 tx=0 comp rx=0 tx=0)._handle_peer_banner_payload supported=3 required=0
2026-02-19T11:37:28.714 INFO:teuthology.orchestra.run.trial068.stdout:/usr/bin/ceph: stderr
2026-02-19T11:37:27.809+0000 7f8999098700 1 --2- 10.20.193.68:0/2608606900 >> [v2:10.20.193.68:6800/2,v1:10.20.193.68:6801/2] conn(0x7f8980038300 0x7f898003a7c0 secure :-1 s=READY pgs=22 cs=0 l=1 rev1=1 crypto rx=0x7f8984006fd0 tx=0x7f8984006e40 comp rx=0 tx=0).ready entity=mgr.14120 client_cookie=0 server_cookie=0 in_seq=0 out_seq=0
2026-02-19T11:37:28.714 INFO:teuthology.orchestra.run.trial068.stdout:/usr/bin/ceph: stderr
2026-02-19T11:37:27.811+0000 7f898affd700 1 -- 10.20.193.68:0/2608606900 <== mon.0 v2:10.20.193.68:3300/0 6 ==== mon_command_ack([{"prefix": "get_command_descriptions"}]=0 v0) v1 ==== 72+0+180422 (secure 0 0 0) 0x7f8990022ba0 con 0x7f89941089a0
2026-02-19T11:37:28.714 INFO:teuthology.orchestra.run.trial068.stdout:/usr/bin/ceph: stderr
2026-02-19T11:37:27.930+0000 7f899bafd700 1 -- 10.20.193.68:0/2608606900 --> [v2:10.20.193.68:3300/0,v1:10.20.193.68:6789/0] -- mon_command({"prefix": "mgr module enable", "module": "dashboard"} v 0) v1 -- 0x7f899419fdc0 con 0x7f89941089a0
2026-02-19T11:37:28.714 INFO:teuthology.orchestra.run.trial068.stdout:/usr/bin/ceph: stderr
2026-02-19T11:37:28.676+0000 7f898affd700 1 -- 10.20.193.68:0/2608606900 <== mon.0 v2:10.20.193.68:3300/0 7 ==== mgrmap(e 9) v1 ==== 45295+0+0 (secure 0 0 0) 0x7f8990019d50 con 0x7f89941089a0
2026-02-19T11:37:28.715 INFO:teuthology.orchestra.run.trial068.stdout:/usr/bin/ceph: stderr
2026-02-19T11:37:28.677+0000 7f898affd700 1 -- 10.20.193.68:0/2608606900 <== mon.0 v2:10.20.193.68:3300/0 8 ==== mon_command_ack([{"prefix": "mgr module enable", "module": "dashboard"}]=0 v9) v1 ==== 88+0+0 (secure 0 0 0) 0x7f89900219f0 con 0x7f89941089a0
2026-02-19T11:37:28.715 INFO:teuthology.orchestra.run.trial068.stdout:/usr/bin/ceph: stderr
2026-02-19T11:37:28.678+0000 7f899bafd700 1 -- 10.20.193.68:0/2608606900 >> [v2:10.20.193.68:6800/2,v1:10.20.193.68:6801/2] conn(0x7f8980038300 msgr2=0x7f898003a7c0 secure :-1 s=STATE_CONNECTION_ESTABLISHED l=1).mark_down
2026-02-19T11:37:28.715 INFO:teuthology.orchestra.run.trial068.stdout:/usr/bin/ceph: stderr
2026-02-19T11:37:28.678+0000 7f899bafd700 1 --2- 10.20.193.68:0/2608606900 >> [v2:10.20.193.68:6800/2,v1:10.20.193.68:6801/2] conn(0x7f8980038300 0x7f898003a7c0 secure :-1 s=READY pgs=22 cs=0 l=1 rev1=1 crypto rx=0x7f8984006fd0 tx=0x7f8984006e40 comp rx=0 tx=0).stop
2026-02-19T11:37:28.715 INFO:teuthology.orchestra.run.trial068.stdout:/usr/bin/ceph: stderr
2026-02-19T11:37:28.678+0000 7f899bafd700 1 -- 10.20.193.68:0/2608606900 >> [v2:10.20.193.68:3300/0,v1:10.20.193.68:6789/0] conn(0x7f89941089a0 msgr2=0x7f899419c820 secure :-1 s=STATE_CONNECTION_ESTABLISHED l=1).mark_down
2026-02-19T11:37:28.715 INFO:teuthology.orchestra.run.trial068.stdout:/usr/bin/ceph: stderr
2026-02-19T11:37:28.678+0000 7f899bafd700 1 --2- 10.20.193.68:0/2608606900 >> [v2:10.20.193.68:3300/0,v1:10.20.193.68:6789/0] conn(0x7f89941089a0 0x7f899419c820 secure :-1 s=READY pgs=68 cs=0 l=1 rev1=1 crypto rx=0x7f8990003c00 tx=0x7f8990004170 comp rx=0 tx=0).stop
2026-02-19T11:37:28.715 INFO:teuthology.orchestra.run.trial068.stdout:/usr/bin/ceph: stderr
2026-02-19T11:37:28.678+0000 7f899bafd700 1 -- 10.20.193.68:0/2608606900 shutdown_connections
2026-02-19T11:37:28.715 INFO:teuthology.orchestra.run.trial068.stdout:/usr/bin/ceph: stderr
2026-02-19T11:37:28.678+0000 7f899bafd700 1 --2- 10.20.193.68:0/2608606900 >> [v2:10.20.193.68:6800/2,v1:10.20.193.68:6801/2] conn(0x7f8980038300 0x7f898003a7c0 unknown :-1 s=CLOSED pgs=22 cs=0 l=1 rev1=1 crypto rx=0 tx=0 comp rx=0 tx=0).stop
2026-02-19T11:37:28.715 INFO:teuthology.orchestra.run.trial068.stdout:/usr/bin/ceph: stderr
2026-02-19T11:37:28.678+0000 7f899bafd700 1 --2- 10.20.193.68:0/2608606900 >> [v2:10.20.193.68:3300/0,v1:10.20.193.68:6789/0] conn(0x7f89941089a0 0x7f899419c820 unknown :-1 s=CLOSED pgs=68 cs=0 l=1 rev1=1 crypto rx=0 tx=0 comp rx=0 tx=0).stop
2026-02-19T11:37:28.715 INFO:teuthology.orchestra.run.trial068.stdout:/usr/bin/ceph: stderr
2026-02-19T11:37:28.678+0000 7f899bafd700 1 -- 10.20.193.68:0/2608606900 >> 10.20.193.68:0/2608606900 conn(0x7f899407bde0 msgr2=0x7f89941067a0 unknown :-1 s=STATE_NONE l=0).mark_down
2026-02-19T11:37:28.715 INFO:teuthology.orchestra.run.trial068.stdout:/usr/bin/ceph: stderr
2026-02-19T11:37:28.678+0000 7f899bafd700 1 -- 10.20.193.68:0/2608606900 shutdown_connections
2026-02-19T11:37:28.715 INFO:teuthology.orchestra.run.trial068.stdout:/usr/bin/ceph: stderr
2026-02-19T11:37:28.678+0000 7f899bafd700 1 -- 10.20.193.68:0/2608606900 wait complete.
2026-02-19T11:37:28.945 INFO:journalctl@ceph.mon.trial068.trial068.stdout:Feb 19 11:37:28 trial068 ceph-mon[19713]: from='client.14152 -' entity='client.admin' cmd=[{"prefix": "orch apply", "service_type": "grafana", "target": ["mon-mgr", ""]}]: dispatch
2026-02-19T11:37:28.946 INFO:journalctl@ceph.mon.trial068.trial068.stdout:Feb 19 11:37:28 trial068 ceph-mon[19713]: Saving service grafana spec with placement count:1
2026-02-19T11:37:28.946 INFO:journalctl@ceph.mon.trial068.trial068.stdout:Feb 19 11:37:28 trial068 ceph-mon[19713]: from='client.14154 -' entity='client.admin' cmd=[{"prefix": "orch apply", "service_type": "node-exporter", "target": ["mon-mgr", ""]}]: dispatch
2026-02-19T11:37:28.946 INFO:journalctl@ceph.mon.trial068.trial068.stdout:Feb 19 11:37:28 trial068 ceph-mon[19713]: Saving service node-exporter spec with placement *
2026-02-19T11:37:28.946 INFO:journalctl@ceph.mon.trial068.trial068.stdout:Feb 19 11:37:28 trial068 ceph-mon[19713]: from='client.14156 -' entity='client.admin' cmd=[{"prefix": "orch apply", "service_type": "alertmanager", "target": ["mon-mgr", ""]}]: dispatch
2026-02-19T11:37:28.946 INFO:journalctl@ceph.mon.trial068.trial068.stdout:Feb 19 11:37:28 trial068 ceph-mon[19713]: Saving service alertmanager spec with placement count:1
2026-02-19T11:37:28.946 INFO:journalctl@ceph.mon.trial068.trial068.stdout:Feb 19 11:37:28 trial068 ceph-mon[19713]: from='client.? 10.20.193.68:0/1155863285' entity='client.admin'
2026-02-19T11:37:28.946 INFO:journalctl@ceph.mon.trial068.trial068.stdout:Feb 19 11:37:28 trial068 ceph-mon[19713]: from='client.? 10.20.193.68:0/2608606900' entity='client.admin' cmd=[{"prefix": "mgr module enable", "module": "dashboard"}]: dispatch
2026-02-19T11:37:28.980 INFO:teuthology.orchestra.run.trial068.stdout:/usr/bin/ceph: stdout {
2026-02-19T11:37:28.980 INFO:teuthology.orchestra.run.trial068.stdout:/usr/bin/ceph: stdout "epoch": 9,
2026-02-19T11:37:28.981 INFO:teuthology.orchestra.run.trial068.stdout:/usr/bin/ceph: stdout "available": true,
2026-02-19T11:37:28.981 INFO:teuthology.orchestra.run.trial068.stdout:/usr/bin/ceph: stdout "active_name": "trial068.yamtqq",
2026-02-19T11:37:28.981 INFO:teuthology.orchestra.run.trial068.stdout:/usr/bin/ceph: stdout "num_standby": 0
2026-02-19T11:37:28.981 INFO:teuthology.orchestra.run.trial068.stdout:/usr/bin/ceph: stdout }
2026-02-19T11:37:28.981 INFO:teuthology.orchestra.run.trial068.stdout:/usr/bin/ceph: stderr
2026-02-19T11:37:28.821+0000 7fca56f83700 1 Processor -- start
2026-02-19T11:37:28.981 INFO:teuthology.orchestra.run.trial068.stdout:/usr/bin/ceph: stderr
2026-02-19T11:37:28.821+0000 7fca56f83700 1 -- start start
2026-02-19T11:37:28.981 INFO:teuthology.orchestra.run.trial068.stdout:/usr/bin/ceph: stderr
