2026-02-19T11:39:32.582+0000 7fdb602f5640 1 -- 10.20.193.30:0/1235157499 --> [v2:10.20.193.30:6800/638036417,v1:10.20.193.30:6801/638036417] -- mgr_command(tid 0: {"prefix": "orch host add", "hostname": "trial030", "addr": "10.20.193.30", "target": ["mon-mgr", ""]}) -- 0x7fdb58104050 con 0x7fdb3403da80
2026-02-19T11:39:34.060 INFO:teuthology.orchestra.run.trial030.stdout:/usr/bin/ceph: stderr
2026-02-19T11:39:33.180+0000 7fdb3f7fe640 1 -- 10.20.193.30:0/1235157499 <== mon.0 v2:10.20.193.30:3300/0 7 ==== mgrmap(e 8) ==== 50261+0+0 (secure 0 0 0) 0x7fdb48036c80 con 0x7fdb58107600
2026-02-19T11:39:34.060 INFO:teuthology.orchestra.run.trial030.stdout:/usr/bin/ceph: stderr
2026-02-19T11:39:34.021+0000 7fdb3f7fe640 1 -- 10.20.193.30:0/1235157499 <== mgr.14118 v2:10.20.193.30:6800/638036417 1 ==== mgr_command_reply(tid 0: 0 ) ==== 8+0+47 (secure 0 0 0) 0x7fdb58104050 con 0x7fdb3403da80
2026-02-19T11:39:34.060 INFO:teuthology.orchestra.run.trial030.stdout:/usr/bin/ceph: stderr
2026-02-19T11:39:34.023+0000 7fdb602f5640 1 -- 10.20.193.30:0/1235157499 >> [v2:10.20.193.30:6800/638036417,v1:10.20.193.30:6801/638036417] conn(0x7fdb3403da80 msgr2=0x7fdb3403ff40 secure :-1 s=STATE_CONNECTION_ESTABLISHED l=1).mark_down
2026-02-19T11:39:34.061 INFO:teuthology.orchestra.run.trial030.stdout:/usr/bin/ceph: stderr
2026-02-19T11:39:34.023+0000 7fdb602f5640 1 --2- 10.20.193.30:0/1235157499 >> [v2:10.20.193.30:6800/638036417,v1:10.20.193.30:6801/638036417] conn(0x7fdb3403da80 0x7fdb3403ff40 secure :-1 s=READY pgs=11 cs=0 l=1 rev1=1 crypto rx=0x7fdb4c0099c0 tx=0x7fdb4c006eb0 comp rx=0 tx=0).stop
2026-02-19T11:39:34.061 INFO:teuthology.orchestra.run.trial030.stdout:/usr/bin/ceph: stderr
2026-02-19T11:39:34.023+0000 7fdb602f5640 1 -- 10.20.193.30:0/1235157499 >> [v2:10.20.193.30:3300/0,v1:10.20.193.30:6789/0] conn(0x7fdb58107600 msgr2=0x7fdb5819d520 secure :-1 s=STATE_CONNECTION_ESTABLISHED l=1).mark_down
2026-02-19T11:39:34.061 INFO:teuthology.orchestra.run.trial030.stdout:/usr/bin/ceph: stderr
2026-02-19T11:39:34.023+0000 7fdb602f5640 1 --2- 10.20.193.30:0/1235157499 >> [v2:10.20.193.30:3300/0,v1:10.20.193.30:6789/0] conn(0x7fdb58107600 0x7fdb5819d520 secure :-1 s=READY pgs=44 cs=0 l=1 rev1=1 crypto rx=0x7fdb48002410 tx=0x7fdb48037a50 comp rx=0 tx=0).stop
2026-02-19T11:39:34.061 INFO:teuthology.orchestra.run.trial030.stdout:/usr/bin/ceph: stderr
2026-02-19T11:39:34.023+0000 7fdb602f5640 1 -- 10.20.193.30:0/1235157499 shutdown_connections
2026-02-19T11:39:34.061 INFO:teuthology.orchestra.run.trial030.stdout:/usr/bin/ceph: stderr
2026-02-19T11:39:34.023+0000 7fdb602f5640 1 --2- 10.20.193.30:0/1235157499 >> [v2:10.20.193.30:6800/638036417,v1:10.20.193.30:6801/638036417] conn(0x7fdb3403da80 0x7fdb3403ff40 unknown :-1 s=CLOSED pgs=11 cs=0 l=1 rev1=1 crypto rx=0 tx=0 comp rx=0 tx=0).stop
2026-02-19T11:39:34.061 INFO:teuthology.orchestra.run.trial030.stdout:/usr/bin/ceph: stderr
2026-02-19T11:39:34.023+0000 7fdb602f5640 1 --2- 10.20.193.30:0/1235157499 >> [v2:10.20.193.30:3300/0,v1:10.20.193.30:6789/0] conn(0x7fdb58107600 0x7fdb5819d520 unknown :-1 s=CLOSED pgs=44 cs=0 l=1 rev1=1 crypto rx=0 tx=0 comp rx=0 tx=0).stop
2026-02-19T11:39:34.061 INFO:teuthology.orchestra.run.trial030.stdout:/usr/bin/ceph: stderr
2026-02-19T11:39:34.023+0000 7fdb602f5640 1 -- 10.20.193.30:0/1235157499 >> 10.20.193.30:0/1235157499 conn(0x7fdb58102dd0 msgr2=0x7fdb58103940 unknown :-1 s=STATE_NONE l=0).mark_down
2026-02-19T11:39:34.061 INFO:teuthology.orchestra.run.trial030.stdout:/usr/bin/ceph: stderr
2026-02-19T11:39:34.023+0000 7fdb602f5640 1 -- 10.20.193.30:0/1235157499 shutdown_connections
2026-02-19T11:39:34.061 INFO:teuthology.orchestra.run.trial030.stdout:/usr/bin/ceph: stderr
2026-02-19T11:39:34.023+0000 7fdb602f5640 1 -- 10.20.193.30:0/1235157499 wait complete.
2026-02-19T11:39:34.061 INFO:teuthology.orchestra.run.trial030.stdout:Deploying mon service with default placement...
2026-02-19T11:39:34.289 INFO:teuthology.orchestra.run.trial030.stdout:/usr/bin/ceph: stdout Scheduled mon update...
2026-02-19T11:39:34.289 INFO:teuthology.orchestra.run.trial030.stdout:/usr/bin/ceph: stderr
2026-02-19T11:39:34.155+0000 7fea19e10640 1 Processor -- start
2026-02-19T11:39:34.289 INFO:teuthology.orchestra.run.trial030.stdout:/usr/bin/ceph: stderr
2026-02-19T11:39:34.155+0000 7fea19e10640 1 -- start start
2026-02-19T11:39:34.289 INFO:teuthology.orchestra.run.trial030.stdout:/usr/bin/ceph: stderr
2026-02-19T11:39:34.155+0000 7fea19e10640 1 --2- >> [v2:10.20.193.30:3300/0,v1:10.20.193.30:6789/0] conn(0x7fea14109880 0x7fea14109c80 unknown :-1 s=NONE pgs=0 cs=0 l=0 rev1=0 crypto rx=0 tx=0 comp rx=0 tx=0).connect
2026-02-19T11:39:34.289 INFO:teuthology.orchestra.run.trial030.stdout:/usr/bin/ceph: stderr
2026-02-19T11:39:34.155+0000 7fea19e10640 1 -- --> [v2:10.20.193.30:3300/0,v1:10.20.193.30:6789/0] -- mon_getmap magic: 0 -- 0x7fea1410a250 con 0x7fea14109880
2026-02-19T11:39:34.289 INFO:teuthology.orchestra.run.trial030.stdout:/usr/bin/ceph: stderr
2026-02-19T11:39:34.155+0000 7fea137fe640 1 --2- >> [v2:10.20.193.30:3300/0,v1:10.20.193.30:6789/0] conn(0x7fea14109880 0x7fea14109c80 unknown :-1 s=BANNER_CONNECTING pgs=0 cs=0 l=0 rev1=0 crypto rx=0 tx=0 comp rx=0 tx=0)._handle_peer_banner_payload supported=3 required=0
2026-02-19T11:39:34.290 INFO:teuthology.orchestra.run.trial030.stdout:/usr/bin/ceph: stderr
2026-02-19T11:39:34.155+0000 7fea137fe640 1 --2- >> [v2:10.20.193.30:3300/0,v1:10.20.193.30:6789/0] conn(0x7fea14109880 0x7fea14109c80 unknown :-1 s=HELLO_CONNECTING pgs=0 cs=0 l=0 rev1=1 crypto rx=0 tx=0 comp rx=0 tx=0).handle_hello peer v2:10.20.193.30:3300/0 says I am v2:10.20.193.30:51084/0 (socket says 10.20.193.30:51084)
2026-02-19T11:39:34.290 INFO:teuthology.orchestra.run.trial030.stdout:/usr/bin/ceph: stderr
2026-02-19T11:39:34.155+0000 7fea137fe640 1 -- 10.20.193.30:0/1573446977 learned_addr learned my addr 10.20.193.30:0/1573446977 (peer_addr_for_me v2:10.20.193.30:0/0)
2026-02-19T11:39:34.290 INFO:teuthology.orchestra.run.trial030.stdout:/usr/bin/ceph: stderr
2026-02-19T11:39:34.156+0000 7fea137fe640 1 -- 10.20.193.30:0/1573446977 --> [v2:10.20.193.30:3300/0,v1:10.20.193.30:6789/0] -- mon_subscribe({config=0+,monmap=0+}) -- 0x7fea1410aa80 con 0x7fea14109880
2026-02-19T11:39:34.290 INFO:teuthology.orchestra.run.trial030.stdout:/usr/bin/ceph: stderr
2026-02-19T11:39:34.156+0000 7fea137fe640 1 --2- 10.20.193.30:0/1573446977 >> [v2:10.20.193.30:3300/0,v1:10.20.193.30:6789/0] conn(0x7fea14109880 0x7fea14109c80 secure :-1 s=READY pgs=45 cs=0 l=1 rev1=1 crypto rx=0x7fea00009920 tx=0x7fea0002ef20 comp rx=0 tx=0).ready entity=mon.0 client_cookie=5177d7e1601e25d9 server_cookie=0 in_seq=0 out_seq=0
2026-02-19T11:39:34.290 INFO:teuthology.orchestra.run.trial030.stdout:/usr/bin/ceph: stderr
2026-02-19T11:39:34.156+0000 7fea127fc640 1 -- 10.20.193.30:0/1573446977 <== mon.0 v2:10.20.193.30:3300/0 1 ==== mon_map magic: 0 ==== 226+0+0 (secure 0 0 0) 0x7fea0003c070 con 0x7fea14109880
2026-02-19T11:39:34.290 INFO:teuthology.orchestra.run.trial030.stdout:/usr/bin/ceph: stderr
2026-02-19T11:39:34.156+0000 7fea127fc640 1 -- 10.20.193.30:0/1573446977 <== mon.0 v2:10.20.193.30:3300/0 2 ==== config(25 keys) ==== 1007+0+0 (secure 0 0 0) 0x7fea0002fe00 con 0x7fea14109880
2026-02-19T11:39:34.290 INFO:teuthology.orchestra.run.trial030.stdout:/usr/bin/ceph: stderr
2026-02-19T11:39:34.156+0000 7fea127fc640 1 -- 10.20.193.30:0/1573446977 <== mon.0 v2:10.20.193.30:3300/0 3 ==== mon_map magic: 0 ==== 226+0+0 (secure 0 0 0) 0x7fea00035340 con 0x7fea14109880
2026-02-19T11:39:34.290 INFO:teuthology.orchestra.run.trial030.stdout:/usr/bin/ceph: stderr
2026-02-19T11:39:34.156+0000 7fea19e10640 1 -- 10.20.193.30:0/1573446977 >> [v2:10.20.193.30:3300/0,v1:10.20.193.30:6789/0] conn(0x7fea14109880 msgr2=0x7fea14109c80 secure :-1 s=STATE_CONNECTION_ESTABLISHED l=1).mark_down
2026-02-19T11:39:34.290 INFO:teuthology.orchestra.run.trial030.stdout:/usr/bin/ceph: stderr
2026-02-19T11:39:34.156+0000 7fea19e10640 1 --2- 10.20.193.30:0/1573446977 >> [v2:10.20.193.30:3300/0,v1:10.20.193.30:6789/0] conn(0x7fea14109880 0x7fea14109c80 secure :-1 s=READY pgs=45 cs=0 l=1 rev1=1 crypto rx=0x7fea00009920 tx=0x7fea0002ef20 comp rx=0 tx=0).stop
2026-02-19T11:39:34.290 INFO:teuthology.orchestra.run.trial030.stdout:/usr/bin/ceph: stderr
2026-02-19T11:39:34.157+0000 7fea19e10640 1 -- 10.20.193.30:0/1573446977 shutdown_connections
2026-02-19T11:39:34.290 INFO:teuthology.orchestra.run.trial030.stdout:/usr/bin/ceph: stderr
2026-02-19T11:39:34.157+0000 7fea19e10640 1 --2- 10.20.193.30:0/1573446977 >> [v2:10.20.193.30:3300/0,v1:10.20.193.30:6789/0] conn(0x7fea14109880 0x7fea14109c80 unknown :-1 s=CLOSED pgs=45 cs=0 l=1 rev1=1 crypto rx=0 tx=0 comp rx=0 tx=0).stop
2026-02-19T11:39:34.290 INFO:teuthology.orchestra.run.trial030.stdout:/usr/bin/ceph: stderr
2026-02-19T11:39:34.157+0000 7fea19e10640 1 -- 10.20.193.30:0/1573446977 >> 10.20.193.30:0/1573446977 conn(0x7fea1407ce10 msgr2=0x7fea1407d220 unknown :-1 s=STATE_NONE l=0).mark_down
2026-02-19T11:39:34.291 INFO:teuthology.orchestra.run.trial030.stdout:/usr/bin/ceph: stderr
2026-02-19T11:39:34.157+0000 7fea19e10640 1 -- 10.20.193.30:0/1573446977 shutdown_connections
2026-02-19T11:39:34.291 INFO:teuthology.orchestra.run.trial030.stdout:/usr/bin/ceph: stderr
2026-02-19T11:39:34.157+0000 7fea19e10640 1 -- 10.20.193.30:0/1573446977 wait complete.
2026-02-19T11:39:34.291 INFO:teuthology.orchestra.run.trial030.stdout:/usr/bin/ceph: stderr
2026-02-19T11:39:34.157+0000 7fea19e10640 1 Processor -- start
2026-02-19T11:39:34.291 INFO:teuthology.orchestra.run.trial030.stdout:/usr/bin/ceph: stderr
2026-02-19T11:39:34.157+0000 7fea19e10640 1 -- start start
2026-02-19T11:39:34.291 INFO:teuthology.orchestra.run.trial030.stdout:/usr/bin/ceph: stderr
2026-02-19T11:39:34.157+0000 7fea19e10640 1 --2- >> [v2:10.20.193.30:3300/0,v1:10.20.193.30:6789/0] conn(0x7fea14109880 0x7fea1419f730 unknown :-1 s=NONE pgs=0 cs=0 l=1 rev1=0 crypto rx=0 tx=0 comp rx=0 tx=0).connect
2026-02-19T11:39:34.291 INFO:teuthology.orchestra.run.trial030.stdout:/usr/bin/ceph: stderr
2026-02-19T11:39:34.157+0000 7fea19e10640 1 -- --> [v2:10.20.193.30:3300/0,v1:10.20.193.30:6789/0] -- mon_getmap magic: 0 -- 0x7fea1410dcb0 con 0x7fea14109880
2026-02-19T11:39:34.291 INFO:teuthology.orchestra.run.trial030.stdout:/usr/bin/ceph: stderr
2026-02-19T11:39:34.157+0000 7fea137fe640 1 --2- >> [v2:10.20.193.30:3300/0,v1:10.20.193.30:6789/0] conn(0x7fea14109880 0x7fea1419f730 unknown :-1 s=BANNER_CONNECTING pgs=0 cs=0 l=1 rev1=0 crypto rx=0 tx=0 comp rx=0 tx=0)._handle_peer_banner_payload supported=3 required=0
2026-02-19T11:39:34.291 INFO:teuthology.orchestra.run.trial030.stdout:/usr/bin/ceph: stderr
2026-02-19T11:39:34.157+0000 7fea137fe640 1 --2- >> [v2:10.20.193.30:3300/0,v1:10.20.193.30:6789/0] conn(0x7fea14109880 0x7fea1419f730 unknown :-1 s=HELLO_CONNECTING pgs=0 cs=0 l=1 rev1=1 crypto rx=0 tx=0 comp rx=0 tx=0).handle_hello peer v2:10.20.193.30:3300/0 says I am v2:10.20.193.30:51088/0 (socket says 10.20.193.30:51088)
2026-02-19T11:39:34.291 INFO:teuthology.orchestra.run.trial030.stdout:/usr/bin/ceph: stderr
2026-02-19T11:39:34.157+0000 7fea137fe640 1 -- 10.20.193.30:0/1505874584 learned_addr learned my addr 10.20.193.30:0/1505874584 (peer_addr_for_me v2:10.20.193.30:0/0)
2026-02-19T11:39:34.291 INFO:teuthology.orchestra.run.trial030.stdout:/usr/bin/ceph: stderr
2026-02-19T11:39:34.157+0000 7fea137fe640 1 -- 10.20.193.30:0/1505874584 --> [v2:10.20.193.30:3300/0,v1:10.20.193.30:6789/0] -- mon_subscribe({config=0+,monmap=0+}) -- 0x7fea1419fc70 con 0x7fea14109880
2026-02-19T11:39:34.291 INFO:teuthology.orchestra.run.trial030.stdout:/usr/bin/ceph: stderr
2026-02-19T11:39:34.157+0000 7fea137fe640 1 --2- 10.20.193.30:0/1505874584 >> [v2:10.20.193.30:3300/0,v1:10.20.193.30:6789/0] conn(0x7fea14109880 0x7fea1419f730 secure :-1 s=READY pgs=46 cs=0 l=1 rev1=1 crypto rx=0x7fea00037b20 tx=0x7fea000358c0 comp rx=0 tx=0).ready entity=mon.0 client_cookie=0 server_cookie=0 in_seq=0 out_seq=0
2026-02-19T11:39:34.291 INFO:teuthology.orchestra.run.trial030.stdout:/usr/bin/ceph: stderr
2026-02-19T11:39:34.157+0000 7fea10ff9640 1 -- 10.20.193.30:0/1505874584 <== mon.0 v2:10.20.193.30:3300/0 1 ==== mon_map magic: 0 ==== 226+0+0 (secure 0 0 0) 0x7fea00035c10 con 0x7fea14109880
2026-02-19T11:39:34.292 INFO:teuthology.orchestra.run.trial030.stdout:/usr/bin/ceph: stderr
2026-02-19T11:39:34.158+0000 7fea10ff9640 1 -- 10.20.193.30:0/1505874584 <== mon.0 v2:10.20.193.30:3300/0 2 ==== config(25 keys) ==== 1007+0+0 (secure 0 0 0) 0x7fea00035db0 con 0x7fea14109880
2026-02-19T11:39:34.292 INFO:teuthology.orchestra.run.trial030.stdout:/usr/bin/ceph: stderr
2026-02-19T11:39:34.158+0000 7fea19e10640 1 -- 10.20.193.30:0/1505874584 --> [v2:10.20.193.30:3300/0,v1:10.20.193.30:6789/0] -- mon_subscribe({mgrmap=0+}) -- 0x7fea1419ff00 con 0x7fea14109880
2026-02-19T11:39:34.292 INFO:teuthology.orchestra.run.trial030.stdout:/usr/bin/ceph: stderr
2026-02-19T11:39:34.158+0000 7fea10ff9640 1 -- 10.20.193.30:0/1505874584 <== mon.0 v2:10.20.193.30:3300/0 3 ==== mon_map magic: 0 ==== 226+0+0 (secure 0 0 0) 0x7fea000413a0 con 0x7fea14109880
2026-02-19T11:39:34.292 INFO:teuthology.orchestra.run.trial030.stdout:/usr/bin/ceph: stderr
2026-02-19T11:39:34.158+0000 7fea19e10640 1 -- 10.20.193.30:0/1505874584 --> [v2:10.20.193.30:3300/0,v1:10.20.193.30:6789/0] -- mon_subscribe({osdmap=0}) -- 0x7fea141a2bf0 con 0x7fea14109880
2026-02-19T11:39:34.292 INFO:teuthology.orchestra.run.trial030.stdout:/usr/bin/ceph: stderr
2026-02-19T11:39:34.158+0000 7fea19e10640 1 -- 10.20.193.30:0/1505874584 --> [v2:10.20.193.30:3300/0,v1:10.20.193.30:6789/0] -- mon_command({"prefix": "get_command_descriptions"} v 0) -- 0x7fea14109d00 con 0x7fea14109880
2026-02-19T11:39:34.292 INFO:teuthology.orchestra.run.trial030.stdout:/usr/bin/ceph: stderr
2026-02-19T11:39:34.158+0000 7fea10ff9640 1 -- 10.20.193.30:0/1505874584 <== mon.0 v2:10.20.193.30:3300/0 4 ==== mgrmap(e 8) ==== 50261+0+0 (secure 0 0 0) 0x7fea00041650 con 0x7fea14109880
2026-02-19T11:39:34.292 INFO:teuthology.orchestra.run.trial030.stdout:/usr/bin/ceph: stderr
2026-02-19T11:39:34.158+0000 7fea10ff9640 1 --2- 10.20.193.30:0/1505874584 >> [v2:10.20.193.30:6800/638036417,v1:10.20.193.30:6801/638036417] conn(0x7fe9e803dbf0 0x7fe9e80400b0 unknown :-1 s=NONE pgs=0 cs=0 l=1 rev1=0 crypto rx=0 tx=0 comp rx=0 tx=0).connect
2026-02-19T11:39:34.292 INFO:teuthology.orchestra.run.trial030.stdout:/usr/bin/ceph: stderr
2026-02-19T11:39:34.158+0000 7fea10ff9640 1 -- 10.20.193.30:0/1505874584 <== mon.0 v2:10.20.193.30:3300/0 5 ==== osd_map(2..2 src has 1..2) ==== 940+0+0 (secure 0 0 0) 0x7fea00076700 con 0x7fea14109880
2026-02-19T11:39:34.292 INFO:teuthology.orchestra.run.trial030.stdout:/usr/bin/ceph: stderr
2026-02-19T11:39:34.158+0000 7fea12ffd640 1 --2- 10.20.193.30:0/1505874584 >> [v2:10.20.193.30:6800/638036417,v1:10.20.193.30:6801/638036417] conn(0x7fe9e803dbf0 0x7fe9e80400b0 unknown :-1 s=BANNER_CONNECTING pgs=0 cs=0 l=1 rev1=0 crypto rx=0 tx=0 comp rx=0 tx=0)._handle_peer_banner_payload supported=3 required=0
2026-02-19T11:39:34.292 INFO:teuthology.orchestra.run.trial030.stdout:/usr/bin/ceph: stderr
2026-02-19T11:39:34.160+0000 7fea12ffd640 1 --2- 10.20.193.30:0/1505874584 >> [v2:10.20.193.30:6800/638036417,v1:10.20.193.30:6801/638036417] conn(0x7fe9e803dbf0 0x7fe9e80400b0 secure :-1 s=READY pgs=12 cs=0 l=1 rev1=1 crypto rx=0x7fea040099c0 tx=0x7fea04006eb0 comp rx=0 tx=0).ready entity=mgr.14118 client_cookie=0 server_cookie=0 in_seq=0 out_seq=0
2026-02-19T11:39:34.292 INFO:teuthology.orchestra.run.trial030.stdout:/usr/bin/ceph: stderr
2026-02-19T11:39:34.161+0000 7fea10ff9640 1 -- 10.20.193.30:0/1505874584 <== mon.0 v2:10.20.193.30:3300/0 6 ==== mon_command_ack([{"prefix": "get_command_descriptions"}]=0 v0) ==== 72+0+195034 (secure 0 0 0) 0x7fea0003a120 con 0x7fea14109880
2026-02-19T11:39:34.293 INFO:teuthology.orchestra.run.trial030.stdout:/usr/bin/ceph: stderr
2026-02-19T11:39:34.256+0000 7fea19e10640 1 -- 10.20.193.30:0/1505874584 --> [v2:10.20.193.30:6800/638036417,v1:10.20.193.30:6801/638036417] -- mgr_command(tid 0: {"prefix": "orch apply", "service_type": "mon", "target": ["mon-mgr", ""]}) -- 0x7fea141077a0 con 0x7fe9e803dbf0
2026-02-19T11:39:34.293 INFO:teuthology.orchestra.run.trial030.stdout:/usr/bin/ceph: stderr
2026-02-19T11:39:34.259+0000 7fea10ff9640 1 -- 10.20.193.30:0/1505874584 <== mgr.14118 v2:10.20.193.30:6800/638036417 1 ==== mgr_command_reply(tid 0: 0 ) ==== 8+0+24 (secure 0 0 0) 0x7fea141077a0 con 0x7fe9e803dbf0
2026-02-19T11:39:34.293 INFO:teuthology.orchestra.run.trial030.stdout:/usr/bin/ceph: stderr
2026-02-19T11:39:34.261+0000 7fea19e10640 1 -- 10.20.193.30:0/1505874584 >> [v2:10.20.193.30:6800/638036417,v1:10.20.193.30:6801/638036417] conn(0x7fe9e803dbf0 msgr2=0x7fe9e80400b0 secure :-1 s=STATE_CONNECTION_ESTABLISHED l=1).mark_down
2026-02-19T11:39:34.293 INFO:teuthology.orchestra.run.trial030.stdout:/usr/bin/ceph: stderr
2026-02-19T11:39:34.261+0000 7fea19e10640 1 --2- 10.20.193.30:0/1505874584 >> [v2:10.20.193.30:6800/638036417,v1:10.20.193.30:6801/638036417] conn(0x7fe9e803dbf0 0x7fe9e80400b0 secure :-1 s=READY pgs=12 cs=0 l=1 rev1=1 crypto rx=0x7fea040099c0 tx=0x7fea04006eb0 comp rx=0 tx=0).stop
2026-02-19T11:39:34.293 INFO:teuthology.orchestra.run.trial030.stdout:/usr/bin/ceph: stderr
2026-02-19T11:39:34.261+0000 7fea19e10640 1 -- 10.20.193.30:0/1505874584 >> [v2:10.20.193.30:3300/0,v1:10.20.193.30:6789/0] conn(0x7fea14109880 msgr2=0x7fea1419f730 secure :-1 s=STATE_CONNECTION_ESTABLISHED l=1).mark_down
2026-02-19T11:39:34.293 INFO:teuthology.orchestra.run.trial030.stdout:/usr/bin/ceph: stderr
2026-02-19T11:39:34.261+0000 7fea19e10640 1 --2- 10.20.193.30:0/1505874584 >> [v2:10.20.193.30:3300/0,v1:10.20.193.30:6789/0] conn(0x7fea14109880 0x7fea1419f730 secure :-1 s=READY pgs=46 cs=0 l=1 rev1=1 crypto rx=0x7fea00037b20 tx=0x7fea000358c0 comp rx=0 tx=0).stop
2026-02-19T11:39:34.293 INFO:teuthology.orchestra.run.trial030.stdout:/usr/bin/ceph: stderr
2026-02-19T11:39:34.261+0000 7fea19e10640 1 -- 10.20.193.30:0/1505874584 shutdown_connections
2026-02-19T11:39:34.293 INFO:teuthology.orchestra.run.trial030.stdout:/usr/bin/ceph: stderr
2026-02-19T11:39:34.261+0000 7fea19e10640 1 --2- 10.20.193.30:0/1505874584 >> [v2:10.20.193.30:6800/638036417,v1:10.20.193.30:6801/638036417] conn(0x7fe9e803dbf0 0x7fe9e80400b0 unknown :-1 s=CLOSED pgs=12 cs=0 l=1 rev1=1 crypto rx=0 tx=0 comp rx=0 tx=0).stop
2026-02-19T11:39:34.293 INFO:teuthology.orchestra.run.trial030.stdout:/usr/bin/ceph: stderr
2026-02-19T11:39:34.261+0000 7fea19e10640 1 --2- 10.20.193.30:0/1505874584 >> [v2:10.20.193.30:3300/0,v1:10.20.193.30:6789/0] conn(0x7fea14109880 0x7fea1419f730 unknown :-1 s=CLOSED pgs=46 cs=0 l=1 rev1=1 crypto rx=0 tx=0 comp rx=0 tx=0).stop
2026-02-19T11:39:34.293 INFO:teuthology.orchestra.run.trial030.stdout:/usr/bin/ceph: stderr
2026-02-19T11:39:34.261+0000 7fea19e10640 1 -- 10.20.193.30:0/1505874584 >> 10.20.193.30:0/1505874584 conn(0x7fea1407ce10 msgr2=0x7fea14107090 unknown :-1 s=STATE_NONE l=0).mark_down
2026-02-19T11:39:34.293 INFO:teuthology.orchestra.run.trial030.stdout:/usr/bin/ceph: stderr
2026-02-19T11:39:34.261+0000 7fea19e10640 1 -- 10.20.193.30:0/1505874584 shutdown_connections
2026-02-19T11:39:34.293 INFO:teuthology.orchestra.run.trial030.stdout:/usr/bin/ceph: stderr
2026-02-19T11:39:34.261+0000 7fea19e10640 1 -- 10.20.193.30:0/1505874584 wait complete.
2026-02-19T11:39:34.293 INFO:teuthology.orchestra.run.trial030.stdout:Deploying mgr service with default placement...
2026-02-19T11:39:34.503 INFO:teuthology.orchestra.run.trial030.stdout:/usr/bin/ceph: stdout Scheduled mgr update...
2026-02-19T11:39:34.503 INFO:teuthology.orchestra.run.trial030.stdout:/usr/bin/ceph: stderr
2026-02-19T11:39:34.376+0000 7f258805d640 1 Processor -- start
2026-02-19T11:39:34.503 INFO:teuthology.orchestra.run.trial030.stdout:/usr/bin/ceph: stderr
2026-02-19T11:39:34.376+0000 7f258805d640 1 -- start start
2026-02-19T11:39:34.503 INFO:teuthology.orchestra.run.trial030.stdout:/usr/bin/ceph: stderr
2026-02-19T11:39:34.377+0000 7f258805d640 1 --2- >> [v2:10.20.193.30:3300/0,v1:10.20.193.30:6789/0] conn(0x7f2580109880 0x7f2580109c80 unknown :-1 s=NONE pgs=0 cs=0 l=0 rev1=0 crypto rx=0 tx=0 comp rx=0 tx=0).connect
2026-02-19T11:39:34.503 INFO:teuthology.orchestra.run.trial030.stdout:/usr/bin/ceph: stderr
2026-02-19T11:39:34.377+0000 7f258805d640 1 -- --> [v2:10.20.193.30:3300/0,v1:10.20.193.30:6789/0] -- mon_getmap magic: 0 -- 0x7f258010a250 con 0x7f2580109880
2026-02-19T11:39:34.503 INFO:teuthology.orchestra.run.trial030.stdout:/usr/bin/ceph: stderr
2026-02-19T11:39:34.377+0000 7f2585dd2640 1 --2- >> [v2:10.20.193.30:3300/0,v1:10.20.193.30:6789/0] conn(0x7f2580109880 0x7f2580109c80 unknown :-1 s=BANNER_CONNECTING pgs=0 cs=0 l=0 rev1=0 crypto rx=0 tx=0 comp rx=0 tx=0)._handle_peer_banner_payload supported=3 required=0
2026-02-19T11:39:34.503 INFO:teuthology.orchestra.run.trial030.stdout:/usr/bin/ceph: stderr
2026-02-19T11:39:34.377+0000 7f2585dd2640 1 --2- >> [v2:10.20.193.30:3300/0,v1:10.20.193.30:6789/0] conn(0x7f2580109880 0x7f2580109c80 unknown :-1 s=HELLO_CONNECTING pgs=0 cs=0 l=0 rev1=1 crypto rx=0 tx=0 comp rx=0 tx=0).handle_hello peer v2:10.20.193.30:3300/0 says I am v2:10.20.193.30:51094/0 (socket says 10.20.193.30:51094)
2026-02-19T11:39:34.503 INFO:teuthology.orchestra.run.trial030.stdout:/usr/bin/ceph: stderr
2026-02-19T11:39:34.377+0000 7f2585dd2640 1 -- 10.20.193.30:0/3233417680 learned_addr learned my addr 10.20.193.30:0/3233417680 (peer_addr_for_me v2:10.20.193.30:0/0)
2026-02-19T11:39:34.504 INFO:teuthology.orchestra.run.trial030.stdout:/usr/bin/ceph: stderr
2026-02-19T11:39:34.377+0000 7f2585dd2640 1 -- 10.20.193.30:0/3233417680 --> [v2:10.20.193.30:3300/0,v1:10.20.193.30:6789/0] -- mon_subscribe({config=0+,monmap=0+}) -- 0x7f258010aa80 con 0x7f2580109880
2026-02-19T11:39:34.504 INFO:teuthology.orchestra.run.trial030.stdout:/usr/bin/ceph: stderr
2026-02-19T11:39:34.377+0000 7f2585dd2640 1 --2- 10.20.193.30:0/3233417680 >> [v2:10.20.193.30:3300/0,v1:10.20.193.30:6789/0] conn(0x7f2580109880 0x7f2580109c80 secure :-1 s=READY pgs=47 cs=0 l=1 rev1=1 crypto rx=0x7f2570009920 tx=0x7f257002ef20 comp rx=0 tx=0).ready entity=mon.0 client_cookie=10d41aeb67169d7d server_cookie=0 in_seq=0 out_seq=0
2026-02-19T11:39:34.504 INFO:teuthology.orchestra.run.trial030.stdout:/usr/bin/ceph: stderr
2026-02-19T11:39:34.377+0000 7f2584dd0640 1 -- 10.20.193.30:0/3233417680 <== mon.0 v2:10.20.193.30:3300/0 1 ==== mon_map magic: 0 ==== 226+0+0 (secure 0 0 0) 0x7f257003c070 con 0x7f2580109880
2026-02-19T11:39:34.504 INFO:teuthology.orchestra.run.trial030.stdout:/usr/bin/ceph: stderr
2026-02-19T11:39:34.377+0000 7f2584dd0640 1 -- 10.20.193.30:0/3233417680 <== mon.0 v2:10.20.193.30:3300/0 2 ==== config(25 keys) ==== 1007+0+0 (secure 0 0 0) 0x7f257002fe00 con 0x7f2580109880
2026-02-19T11:39:34.504 INFO:teuthology.orchestra.run.trial030.stdout:/usr/bin/ceph: stderr
2026-02-19T11:39:34.377+0000 7f2584dd0640 1 -- 10.20.193.30:0/3233417680 <== mon.0 v2:10.20.193.30:3300/0 3 ==== mon_map magic: 0 ==== 226+0+0 (secure 0 0 0) 0x7f2570035340 con 0x7f2580109880
2026-02-19T11:39:34.504 INFO:teuthology.orchestra.run.trial030.stdout:/usr/bin/ceph: stderr
2026-02-19T11:39:34.378+0000 7f258805d640 1 -- 10.20.193.30:0/3233417680 >> [v2:10.20.193.30:3300/0,v1:10.20.193.30:6789/0] conn(0x7f2580109880 msgr2=0x7f2580109c80 secure :-1 s=STATE_CONNECTION_ESTABLISHED l=1).mark_down
2026-02-19T11:39:34.504 INFO:teuthology.orchestra.run.trial030.stdout:/usr/bin/ceph: stderr
2026-02-19T11:39:34.378+0000 7f258805d640 1 --2- 10.20.193.30:0/3233417680 >> [v2:10.20.193.30:3300/0,v1:10.20.193.30:6789/0] conn(0x7f2580109880 0x7f2580109c80 secure :-1 s=READY pgs=47 cs=0 l=1 rev1=1 crypto rx=0x7f2570009920 tx=0x7f257002ef20 comp rx=0 tx=0).stop
2026-02-19T11:39:34.504 INFO:teuthology.orchestra.run.trial030.stdout:/usr/bin/ceph: stderr
2026-02-19T11:39:34.378+0000 7f258805d640 1 -- 10.20.193.30:0/3233417680 shutdown_connections
2026-02-19T11:39:34.504 INFO:teuthology.orchestra.run.trial030.stdout:/usr/bin/ceph: stderr
2026-02-19T11:39:34.378+0000 7f258805d640 1 --2- 10.20.193.30:0/3233417680 >> [v2:10.20.193.30:3300/0,v1:10.20.193.30:6789/0] conn(0x7f2580109880 0x7f2580109c80 unknown :-1 s=CLOSED pgs=47 cs=0 l=1 rev1=1 crypto rx=0 tx=0 comp rx=0 tx=0).stop
2026-02-19T11:39:34.504 INFO:teuthology.orchestra.run.trial030.stdout:/usr/bin/ceph: stderr
2026-02-19T11:39:34.378+0000 7f258805d640 1 -- 10.20.193.30:0/3233417680 >> 10.20.193.30:0/3233417680 conn(0x7f258007cf00 msgr2=0x7f258007d310 unknown :-1 s=STATE_NONE l=0).mark_down
2026-02-19T11:39:34.504 INFO:teuthology.orchestra.run.trial030.stdout:/usr/bin/ceph: stderr
2026-02-19T11:39:34.378+0000 7f258805d640 1 -- 10.20.193.30:0/3233417680 shutdown_connections
2026-02-19T11:39:34.504 INFO:teuthology.orchestra.run.trial030.stdout:/usr/bin/ceph: stderr
2026-02-19T11:39:34.378+0000 7f258805d640 1 -- 10.20.193.30:0/3233417680 wait complete.
2026-02-19T11:39:34.505 INFO:teuthology.orchestra.run.trial030.stdout:/usr/bin/ceph: stderr
2026-02-19T11:39:34.378+0000 7f258805d640 1 Processor -- start
2026-02-19T11:39:34.505 INFO:teuthology.orchestra.run.trial030.stdout:/usr/bin/ceph: stderr
2026-02-19T11:39:34.378+0000 7f258805d640 1 -- start start
2026-02-19T11:39:34.505 INFO:teuthology.orchestra.run.trial030.stdout:/usr/bin/ceph: stderr
2026-02-19T11:39:34.378+0000 7f258805d640 1 --2- >> [v2:10.20.193.30:3300/0,v1:10.20.193.30:6789/0] conn(0x7f2580109880 0x7f258019f790 unknown :-1 s=NONE pgs=0 cs=0 l=1 rev1=0 crypto rx=0 tx=0 comp rx=0 tx=0).connect
2026-02-19T11:39:34.505 INFO:teuthology.orchestra.run.trial030.stdout:/usr/bin/ceph: stderr
2026-02-19T11:39:34.378+0000 7f258805d640 1 -- --> [v2:10.20.193.30:3300/0,v1:10.20.193.30:6789/0] -- mon_getmap magic: 0 -- 0x7f258010dcb0 con 0x7f2580109880
2026-02-19T11:39:34.505 INFO:teuthology.orchestra.run.trial030.stdout:/usr/bin/ceph: stderr
2026-02-19T11:39:34.378+0000 7f2585dd2640 1 --2- >> [v2:10.20.193.30:3300/0,v1:10.20.193.30:6789/0] conn(0x7f2580109880 0x7f258019f790 unknown :-1 s=BANNER_CONNECTING pgs=0 cs=0 l=1 rev1=0 crypto rx=0 tx=0 comp rx=0 tx=0)._handle_peer_banner_payload supported=3 required=0
2026-02-19T11:39:34.505 INFO:teuthology.orchestra.run.trial030.stdout:/usr/bin/ceph: stderr
2026-02-19T11:39:34.379+0000 7f2585dd2640 1 --2- >> [v2:10.20.193.30:3300/0,v1:10.20.193.30:6789/0] conn(0x7f2580109880 0x7f258019f790 unknown :-1 s=HELLO_CONNECTING pgs=0 cs=0 l=1 rev1=1 crypto rx=0 tx=0 comp rx=0 tx=0).handle_hello peer v2:10.20.193.30:3300/0 says I am v2:10.20.193.30:51108/0 (socket says 10.20.193.30:51108)
2026-02-19T11:39:34.505 INFO:teuthology.orchestra.run.trial030.stdout:/usr/bin/ceph: stderr
2026-02-19T11:39:34.379+0000 7f2585dd2640 1 -- 10.20.193.30:0/3385855834 learned_addr learned my addr 10.20.193.30:0/3385855834 (peer_addr_for_me v2:10.20.193.30:0/0)
2026-02-19T11:39:34.505 INFO:teuthology.orchestra.run.trial030.stdout:/usr/bin/ceph: stderr
2026-02-19T11:39:34.379+0000 7f2585dd2640 1 -- 10.20.193.30:0/3385855834 --> [v2:10.20.193.30:3300/0,v1:10.20.193.30:6789/0] -- mon_subscribe({config=0+,monmap=0+}) -- 0x7f258019fcd0 con 0x7f2580109880
2026-02-19T11:39:34.505 INFO:teuthology.orchestra.run.trial030.stdout:/usr/bin/ceph: stderr
2026-02-19T11:39:34.379+0000 7f2585dd2640 1 --2- 10.20.193.30:0/3385855834 >> [v2:10.20.193.30:3300/0,v1:10.20.193.30:6789/0] conn(0x7f2580109880 0x7f258019f790 secure :-1 s=READY pgs=48 cs=0 l=1 rev1=1 crypto rx=0x7f2570037b20 tx=0x7f25700358c0 comp rx=0 tx=0).ready entity=mon.0 client_cookie=0 server_cookie=0 in_seq=0 out_seq=0
2026-02-19T11:39:34.505 INFO:teuthology.orchestra.run.trial030.stdout:/usr/bin/ceph: stderr
2026-02-19T11:39:34.379+0000 7f256effd640 1 -- 10.20.193.30:0/3385855834 <== mon.0 v2:10.20.193.30:3300/0 1 ==== mon_map magic: 0 ==== 226+0+0 (secure 0 0 0) 0x7f2570035c10 con 0x7f2580109880
2026-02-19T11:39:34.505 INFO:teuthology.orchestra.run.trial030.stdout:/usr/bin/ceph: stderr
2026-02-19T11:39:34.379+0000 7f258805d640 1 -- 10.20.193.30:0/3385855834 --> [v2:10.20.193.30:3300/0,v1:10.20.193.30:6789/0] -- mon_subscribe({mgrmap=0+}) -- 0x7f258019ff60 con 0x7f2580109880
2026-02-19T11:39:34.505 INFO:teuthology.orchestra.run.trial030.stdout:/usr/bin/ceph: stderr
2026-02-19T11:39:34.379+0000 7f256effd640 1 -- 10.20.193.30:0/3385855834 <== mon.0 v2:10.20.193.30:3300/0 2 ==== config(25 keys) ==== 1007+0+0 (secure 0 0 0) 0x7f2570035db0 con 0x7f2580109880
2026-02-19T11:39:34.506 INFO:teuthology.orchestra.run.trial030.stdout:/usr/bin/ceph: stderr
2026-02-19T11:39:34.379+0000 7f256effd640 1 -- 10.20.193.30:0/3385855834 <== mon.0 v2:10.20.193.30:3300/0 3 ==== mon_map magic: 0 ==== 226+0+0 (secure 0 0 0) 0x7f25700413a0 con 0x7f2580109880
2026-02-19T11:39:34.506 INFO:teuthology.orchestra.run.trial030.stdout:/usr/bin/ceph: stderr
2026-02-19T11:39:34.379+0000 7f258805d640 1 -- 10.20.193.30:0/3385855834 --> [v2:10.20.193.30:3300/0,v1:10.20.193.30:6789/0] -- mon_subscribe({osdmap=0}) -- 0x7f25801a2c50 con 0x7f2580109880
2026-02-19T11:39:34.506 INFO:teuthology.orchestra.run.trial030.stdout:/usr/bin/ceph: stderr
2026-02-19T11:39:34.379+0000 7f258805d640 1 -- 10.20.193.30:0/3385855834 --> [v2:10.20.193.30:3300/0,v1:10.20.193.30:6789/0] -- mon_command({"prefix": "get_command_descriptions"} v 0) -- 0x7f2580109d00 con 0x7f2580109880
2026-02-19T11:39:34.506 INFO:teuthology.orchestra.run.trial030.stdout:/usr/bin/ceph: stderr
2026-02-19T11:39:34.379+0000 7f256effd640 1 -- 10.20.193.30:0/3385855834 <== mon.0 v2:10.20.193.30:3300/0 4 ==== mgrmap(e 8) ==== 50261+0+0 (secure 0 0 0) 0x7f25700423f0 con 0x7f2580109880
2026-02-19T11:39:34.506 INFO:teuthology.orchestra.run.trial030.stdout:/usr/bin/ceph: stderr
2026-02-19T11:39:34.380+0000 7f256effd640 1 --2- 10.20.193.30:0/3385855834 >> [v2:10.20.193.30:6800/638036417,v1:10.20.193.30:6801/638036417] conn(0x7f255c03dba0 0x7f255c040060 unknown :-1 s=NONE pgs=0 cs=0 l=1 rev1=0 crypto rx=0 tx=0 comp rx=0 tx=0).connect
2026-02-19T11:39:34.506 INFO:teuthology.orchestra.run.trial030.stdout:/usr/bin/ceph: stderr
2026-02-19T11:39:34.380+0000 7f256effd640 1 -- 10.20.193.30:0/3385855834 <== mon.0 v2:10.20.193.30:3300/0 5 ==== osd_map(2..2 src has 1..2) ==== 940+0+0 (secure 0 0 0) 0x7f2570076760 con 0x7f2580109880
2026-02-19T11:39:34.506 INFO:teuthology.orchestra.run.trial030.stdout:/usr/bin/ceph: stderr
2026-02-19T11:39:34.380+0000 7f25855d1640 1 --2- 10.20.193.30:0/3385855834 >> [v2:10.20.193.30:6800/638036417,v1:10.20.193.30:6801/638036417] conn(0x7f255c03dba0 0x7f255c040060 unknown :-1 s=BANNER_CONNECTING pgs=0 cs=0 l=1 rev1=0 crypto rx=0 tx=0 comp rx=0 tx=0)._handle_peer_banner_payload supported=3 required=0
2026-02-19T11:39:34.506 INFO:teuthology.orchestra.run.trial030.stdout:/usr/bin/ceph: stderr
2026-02-19T11:39:34.380+0000 7f25855d1640 1 --2- 10.20.193.30:0/3385855834 >> [v2:10.20.193.30:6800/638036417,v1:10.20.193.30:6801/638036417] conn(0x7f255c03dba0 0x7f255c040060 secure :-1 s=READY pgs=13 cs=0 l=1 rev1=1 crypto rx=0x7f25740099c0 tx=0x7f2574006eb0 comp rx=0 tx=0).ready entity=mgr.14118 client_cookie=0 server_cookie=0 in_seq=0 out_seq=0
2026-02-19T11:39:34.506 INFO:teuthology.orchestra.run.trial030.stdout:/usr/bin/ceph: stderr
2026-02-19T11:39:34.382+0000 7f256effd640 1 -- 10.20.193.30:0/3385855834 <== mon.0 v2:10.20.193.30:3300/0 6 ==== mon_command_ack([{"prefix": "get_command_descriptions"}]=0 v0) ==== 72+0+195034 (secure 0 0 0) 0x7f257004e120 con 0x7f2580109880
2026-02-19T11:39:34.506 INFO:teuthology.orchestra.run.trial030.stdout:/usr/bin/ceph: stderr
2026-02-19T11:39:34.471+0000 7f258805d640 1 -- 10.20.193.30:0/3385855834 --> [v2:10.20.193.30:6800/638036417,v1:10.20.193.30:6801/638036417] -- mgr_command(tid 0: {"prefix": "orch apply", "service_type": "mgr", "target": ["mon-mgr", ""]}) -- 0x7f25801077b0 con 0x7f255c03dba0
2026-02-19T11:39:34.506 INFO:teuthology.orchestra.run.trial030.stdout:/usr/bin/ceph: stderr
2026-02-19T11:39:34.474+0000 7f256effd640 1 -- 10.20.193.30:0/3385855834 <== mgr.14118 v2:10.20.193.30:6800/638036417 1 ==== mgr_command_reply(tid 0: 0 ) ==== 8+0+24 (secure 0 0 0) 0x7f25801077b0 con 0x7f255c03dba0
2026-02-19T11:39:34.506 INFO:teuthology.orchestra.run.trial030.stdout:/usr/bin/ceph: stderr
2026-02-19T11:39:34.476+0000 7f258805d640 1 -- 10.20.193.30:0/3385855834 >> [v2:10.20.193.30:6800/638036417,v1:10.20.193.30:6801/638036417] conn(0x7f255c03dba0 msgr2=0x7f255c040060 secure :-1 s=STATE_CONNECTION_ESTABLISHED l=1).mark_down
2026-02-19T11:39:34.507 INFO:teuthology.orchestra.run.trial030.stdout:/usr/bin/ceph: stderr
2026-02-19T11:39:34.476+0000 7f258805d640 1 --2- 10.20.193.30:0/3385855834 >> [v2:10.20.193.30:6800/638036417,v1:10.20.193.30:6801/638036417] conn(0x7f255c03dba0 0x7f255c040060 secure :-1 s=READY pgs=13 cs=0 l=1 rev1=1 crypto rx=0x7f25740099c0 tx=0x7f2574006eb0 comp rx=0 tx=0).stop
2026-02-19T11:39:34.507 INFO:teuthology.orchestra.run.trial030.stdout:/usr/bin/ceph: stderr
2026-02-19T11:39:34.476+0000 7f258805d640 1 -- 10.20.193.30:0/3385855834 >> [v2:10.20.193.30:3300/0,v1:10.20.193.30:6789/0] conn(0x7f2580109880 msgr2=0x7f258019f790 secure :-1 s=STATE_CONNECTION_ESTABLISHED l=1).mark_down
2026-02-19T11:39:34.507 INFO:teuthology.orchestra.run.trial030.stdout:/usr/bin/ceph: stderr
2026-02-19T11:39:34.476+0000 7f258805d640 1 --2- 10.20.193.30:0/3385855834 >> [v2:10.20.193.30:3300/0,v1:10.20.193.30:6789/0] conn(0x7f2580109880 0x7f258019f790 secure :-1 s=READY pgs=48 cs=0 l=1 rev1=1 crypto rx=0x7f2570037b20 tx=0x7f25700358c0 comp rx=0 tx=0).stop
2026-02-19T11:39:34.507 INFO:teuthology.orchestra.run.trial030.stdout:/usr/bin/ceph: stderr
2026-02-19T11:39:34.476+0000 7f258805d640 1 -- 10.20.193.30:0/3385855834 shutdown_connections
2026-02-19T11:39:34.507 INFO:teuthology.orchestra.run.trial030.stdout:/usr/bin/ceph: stderr
2026-02-19T11:39:34.476+0000 7f258805d640 1 --2- 10.20.193.30:0/3385855834 >> [v2:10.20.193.30:6800/638036417,v1:10.20.193.30:6801/638036417] conn(0x7f255c03dba0 0x7f255c040060 unknown :-1 s=CLOSED pgs=13 cs=0 l=1 rev1=1 crypto rx=0 tx=0 comp rx=0 tx=0).stop
2026-02-19T11:39:34.507 INFO:teuthology.orchestra.run.trial030.stdout:/usr/bin/ceph: stderr
2026-02-19T11:39:34.476+0000 7f258805d640 1 --2- 10.20.193.30:0/3385855834 >> [v2:10.20.193.30:3300/0,v1:10.20.193.30:6789/0] conn(0x7f2580109880 0x7f258019f790 unknown :-1 s=CLOSED pgs=48 cs=0 l=1 rev1=1 crypto rx=0 tx=0 comp rx=0 tx=0).stop
2026-02-19T11:39:34.507 INFO:teuthology.orchestra.run.trial030.stdout:/usr/bin/ceph: stderr
2026-02-19T11:39:34.476+0000 7f258805d640 1 -- 10.20.193.30:0/3385855834 >> 10.20.193.30:0/3385855834 conn(0x7f258007cf00 msgr2=0x7f25801070a0 unknown :-1 s=STATE_NONE l=0).mark_down
2026-02-19T11:39:34.507 INFO:teuthology.orchestra.run.trial030.stdout:/usr/bin/ceph: stderr
2026-02-19T11:39:34.476+0000 7f258805d640 1 -- 10.20.193.30:0/3385855834 shutdown_connections
2026-02-19T11:39:34.507 INFO:teuthology.orchestra.run.trial030.stdout:/usr/bin/ceph: stderr
2026-02-19T11:39:34.476+0000 7f258805d640 1 -- 10.20.193.30:0/3385855834 wait complete.
2026-02-19T11:39:34.507 INFO:teuthology.orchestra.run.trial030.stdout:Deploying crash service with default placement...
2026-02-19T11:39:34.613 INFO:journalctl@ceph.mon.trial030.trial030.stdout:Feb 19 11:39:34 trial030 ceph-mon[21549]: Deploying cephadm binary to trial030
2026-02-19T11:39:34.613 INFO:journalctl@ceph.mon.trial030.trial030.stdout:Feb 19 11:39:34 trial030 ceph-mon[21549]: from='mgr.14118 10.20.193.30:0/1547055446' entity='mgr.trial030.zvhzyq'
2026-02-19T11:39:34.613 INFO:journalctl@ceph.mon.trial030.trial030.stdout:Feb 19 11:39:34 trial030 ceph-mon[21549]: from='mgr.14118 10.20.193.30:0/1547055446' entity='mgr.trial030.zvhzyq' cmd=[{"prefix": "config dump", "format": "json"}]: dispatch
2026-02-19T11:39:34.613 INFO:journalctl@ceph.mon.trial030.trial030.stdout:Feb 19 11:39:34 trial030 ceph-mon[21549]: from='mgr.14118 10.20.193.30:0/1547055446' entity='mgr.trial030.zvhzyq'
2026-02-19T11:39:34.613 INFO:journalctl@ceph.mon.trial030.trial030.stdout:Feb 19 11:39:34 trial030 ceph-mon[21549]: from='mgr.14118 10.20.193.30:0/1547055446' entity='mgr.trial030.zvhzyq'
2026-02-19T11:39:34.613 INFO:journalctl@ceph.mon.trial030.trial030.stdout:Feb 19 11:39:34 trial030 ceph-mon[21549]: from='mgr.14118 10.20.193.30:0/1547055446' entity='mgr.trial030.zvhzyq'
2026-02-19T11:39:34.737 INFO:teuthology.orchestra.run.trial030.stdout:/usr/bin/ceph: stdout Scheduled crash update...
2026-02-19T11:39:34.737 INFO:teuthology.orchestra.run.trial030.stdout:/usr/bin/ceph: stderr
2026-02-19T11:39:34.609+0000 7f6252f0a640 1 Processor -- start
2026-02-19T11:39:34.737 INFO:teuthology.orchestra.run.trial030.stdout:/usr/bin/ceph: stderr
2026-02-19T11:39:34.609+0000 7f6252f0a640 1 -- start start
2026-02-19T11:39:34.737 INFO:teuthology.orchestra.run.trial030.stdout:/usr/bin/ceph: stderr
2026-02-19T11:39:34.609+0000 7f6252f0a640 1 --2- >> [v2:10.20.193.30:3300/0,v1:10.20.193.30:6789/0] conn(0x7f624c109880 0x7f624c109c80 unknown :-1 s=NONE pgs=0 cs=0 l=0 rev1=0 crypto rx=0 tx=0 comp rx=0 tx=0).connect
2026-02-19T11:39:34.737 INFO:teuthology.orchestra.run.trial030.stdout:/usr/bin/ceph: stderr
2026-02-19T11:39:34.609+0000 7f6252f0a640 1 -- --> [v2:10.20.193.30:3300/0,v1:10.20.193.30:6789/0] -- mon_getmap magic: 0 -- 0x7f624c10a250 con 0x7f624c109880
2026-02-19T11:39:34.737 INFO:teuthology.orchestra.run.trial030.stdout:/usr/bin/ceph: stderr
2026-02-19T11:39:34.609+0000 7f6250c7f640 1 --2- >> [v2:10.20.193.30:3300/0,v1:10.20.193.30:6789/0] conn(0x7f624c109880 0x7f624c109c80 unknown :-1 s=BANNER_CONNECTING pgs=0 cs=0 l=0 rev1=0 crypto rx=0 tx=0 comp rx=0 tx=0)._handle_peer_banner_payload supported=3 required=0
2026-02-19T11:39:34.737 INFO:teuthology.orchestra.run.trial030.stdout:/usr/bin/ceph: stderr
2026-02-19T11:39:34.609+0000 7f6250c7f640 1 --2- >> [v2:10.20.193.30:3300/0,v1:10.20.193.30:6789/0] conn(0x7f624c109880 0x7f624c109c80 unknown :-1 s=HELLO_CONNECTING pgs=0 cs=0 l=0 rev1=1 crypto rx=0 tx=0 comp rx=0 tx=0).handle_hello peer v2:10.20.193.30:3300/0 says I am v2:10.20.193.30:51112/0 (socket says 10.20.193.30:51112)
2026-02-19T11:39:34.738 INFO:teuthology.orchestra.run.trial030.stdout:/usr/bin/ceph: stderr
2026-02-19T11:39:34.609+0000 7f6250c7f640 1 -- 10.20.193.30:0/1111038825 learned_addr learned my addr 10.20.193.30:0/1111038825 (peer_addr_for_me v2:10.20.193.30:0/0)
2026-02-19T11:39:34.738 INFO:teuthology.orchestra.run.trial030.stdout:/usr/bin/ceph: stderr
2026-02-19T11:39:34.609+0000 7f6250c7f640 1 -- 10.20.193.30:0/1111038825 --> [v2:10.20.193.30:3300/0,v1:10.20.193.30:6789/0] -- mon_subscribe({config=0+,monmap=0+}) -- 0x7f624c10aa80 con 0x7f624c109880
2026-02-19T11:39:34.738 INFO:teuthology.orchestra.run.trial030.stdout:/usr/bin/ceph: stderr
2026-02-19T11:39:34.609+0000 7f6250c7f640 1 --2- 10.20.193.30:0/1111038825 >> [v2:10.20.193.30:3300/0,v1:10.20.193.30:6789/0] conn(0x7f624c109880 0x7f624c109c80 secure :-1 s=READY pgs=49 cs=0 l=1 rev1=1 crypto rx=0x7f623c009920 tx=0x7f623c02ef20 comp rx=0 tx=0).ready entity=mon.0 client_cookie=fa9cbdd12674e643 server_cookie=0 in_seq=0 out_seq=0
2026-02-19T11:39:34.738 INFO:teuthology.orchestra.run.trial030.stdout:/usr/bin/ceph: stderr
2026-02-19T11:39:34.610+0000 7f62437fe640 1 -- 10.20.193.30:0/1111038825 <== mon.0 v2:10.20.193.30:3300/0 1 ==== mon_map magic: 0 ==== 226+0+0 (secure 0 0 0) 0x7f623c03c070 con 0x7f624c109880
2026-02-19T11:39:34.738 INFO:teuthology.orchestra.run.trial030.stdout:/usr/bin/ceph: stderr
2026-02-19T11:39:34.610+0000 7f62437fe640 1 -- 10.20.193.30:0/1111038825 <== mon.0 v2:10.20.193.30:3300/0 2 ==== config(25 keys) ==== 1038+0+0 (secure 0 0 0) 0x7f623c02fe20 con 0x7f624c109880
2026-02-19T11:39:34.738 INFO:teuthology.orchestra.run.trial030.stdout:/usr/bin/ceph: stderr
2026-02-19T11:39:34.610+0000 7f62437fe640 1 -- 10.20.193.30:0/1111038825 <== mon.0 v2:10.20.193.30:3300/0 3 ==== mon_map magic: 0 ==== 226+0+0 (secure 0 0 0) 0x7f623c035340 con 0x7f624c109880
2026-02-19T11:39:34.738 INFO:teuthology.orchestra.run.trial030.stdout:/usr/bin/ceph: stderr
2026-02-19T11:39:34.610+0000 7f6252f0a640 1 -- 10.20.193.30:0/1111038825 >> [v2:10.20.193.30:3300/0,v1:10.20.193.30:6789/0] conn(0x7f624c109880 msgr2=0x7f624c109c80 secure :-1 s=STATE_CONNECTION_ESTABLISHED l=1).mark_down
2026-02-19T11:39:34.738 INFO:teuthology.orchestra.run.trial030.stdout:/usr/bin/ceph: stderr
2026-02-19T11:39:34.610+0000 7f6252f0a640 1 --2- 10.20.193.30:0/1111038825 >> [v2:10.20.193.30:3300/0,v1:10.20.193.30:6789/0] conn(0x7f624c109880 0x7f624c109c80 secure :-1 s=READY pgs=49 cs=0 l=1 rev1=1 crypto rx=0x7f623c009920 tx=0x7f623c02ef20 comp rx=0 tx=0).stop
2026-02-19T11:39:34.738 INFO:teuthology.orchestra.run.trial030.stdout:/usr/bin/ceph: stderr
2026-02-19T11:39:34.610+0000 7f6252f0a640 1 -- 10.20.193.30:0/1111038825 shutdown_connections
2026-02-19T11:39:34.738 INFO:teuthology.orchestra.run.trial030.stdout:/usr/bin/ceph: stderr
2026-02-19T11:39:34.610+0000 7f6252f0a640 1 --2- 10.20.193.30:0/1111038825 >> [v2:10.20.193.30:3300/0,v1:10.20.193.30:6789/0] conn(0x7f624c109880 0x7f624c109c80 unknown :-1 s=CLOSED pgs=49 cs=0 l=1 rev1=1 crypto rx=0 tx=0 comp rx=0 tx=0).stop
2026-02-19T11:39:34.738 INFO:teuthology.orchestra.run.trial030.stdout:/usr/bin/ceph: stderr
2026-02-19T11:39:34.610+0000 7f6252f0a640 1 -- 10.20.193.30:0/1111038825 >> 10.20.193.30:0/1111038825 conn(0x7f624c07cf00 msgr2=0x7f624c07d310 unknown :-1 s=STATE_NONE l=0).mark_down
2026-02-19T11:39:34.738 INFO:teuthology.orchestra.run.trial030.stdout:/usr/bin/ceph: stderr
2026-02-19T11:39:34.610+0000 7f6252f0a640 1 -- 10.20.193.30:0/1111038825 shutdown_connections
2026-02-19T11:39:34.739 INFO:teuthology.orchestra.run.trial030.stdout:/usr/bin/ceph: stderr
2026-02-19T11:39:34.610+0000 7f6252f0a640 1 -- 10.20.193.30:0/1111038825 wait complete.
2026-02-19T11:39:34.739 INFO:teuthology.orchestra.run.trial030.stdout:/usr/bin/ceph: stderr
2026-02-19T11:39:34.611+0000 7f6252f0a640 1 Processor -- start
2026-02-19T11:39:34.739 INFO:teuthology.orchestra.run.trial030.stdout:/usr/bin/ceph: stderr
2026-02-19T11:39:34.611+0000 7f6252f0a640 1 -- start start
2026-02-19T11:39:34.739 INFO:teuthology.orchestra.run.trial030.stdout:/usr/bin/ceph: stderr
2026-02-19T11:39:34.611+0000 7f6252f0a640 1 --2- >> [v2:10.20.193.30:3300/0,v1:10.20.193.30:6789/0] conn(0x7f624c109880 0x7f624c19f770 unknown :-1 s=NONE pgs=0 cs=0 l=1 rev1=0 crypto rx=0 tx=0 comp rx=0 tx=0).connect
2026-02-19T11:39:34.739 INFO:teuthology.orchestra.run.trial030.stdout:/usr/bin/ceph: stderr
2026-02-19T11:39:34.611+0000 7f6252f0a640 1 -- --> [v2:10.20.193.30:3300/0,v1:10.20.193.30:6789/0] -- mon_getmap magic: 0 -- 0x7f624c10dcb0 con 0x7f624c109880
2026-02-19T11:39:34.739 INFO:teuthology.orchestra.run.trial030.stdout:/usr/bin/ceph: stderr
2026-02-19T11:39:34.611+0000 7f6250c7f640 1 --2- >> [v2:10.20.193.30:3300/0,v1:10.20.193.30:6789/0] conn(0x7f624c109880 0x7f624c19f770 unknown :-1 s=BANNER_CONNECTING pgs=0 cs=0 l=1 rev1=0 crypto rx=0 tx=0 comp rx=0 tx=0)._handle_peer_banner_payload supported=3 required=0
2026-02-19T11:39:34.739 INFO:teuthology.orchestra.run.trial030.stdout:/usr/bin/ceph: stderr
2026-02-19T11:39:34.611+0000 7f6250c7f640 1 --2- >> [v2:10.20.193.30:3300/0,v1:10.20.193.30:6789/0] conn(0x7f624c109880 0x7f624c19f770 unknown :-1 s=HELLO_CONNECTING pgs=0 cs=0 l=1 rev1=1 crypto rx=0 tx=0 comp rx=0 tx=0).handle_hello peer v2:10.20.193.30:3300/0 says I am v2:10.20.193.30:51122/0 (socket says 10.20.193.30:51122)
2026-02-19T11:39:34.739 INFO:teuthology.orchestra.run.trial030.stdout:/usr/bin/ceph: stderr
2026-02-19T11:39:34.611+0000 7f6250c7f640 1 -- 10.20.193.30:0/2198287944 learned_addr learned my addr 10.20.193.30:0/2198287944 (peer_addr_for_me v2:10.20.193.30:0/0)
2026-02-19T11:39:34.739 INFO:teuthology.orchestra.run.trial030.stdout:/usr/bin/ceph: stderr
2026-02-19T11:39:34.611+0000 7f6250c7f640 1 -- 10.20.193.30:0/2198287944 --> [v2:10.20.193.30:3300/0,v1:10.20.193.30:6789/0] -- mon_subscribe({config=0+,monmap=0+}) -- 0x7f624c19fcb0 con 0x7f624c109880
2026-02-19T11:39:34.739 INFO:teuthology.orchestra.run.trial030.stdout:/usr/bin/ceph: stderr
2026-02-19T11:39:34.611+0000 7f6250c7f640 1 --2- 10.20.193.30:0/2198287944 >> [v2:10.20.193.30:3300/0,v1:10.20.193.30:6789/0] conn(0x7f624c109880 0x7f624c19f770 secure :-1 s=READY pgs=50 cs=0 l=1 rev1=1 crypto rx=0x7f623c002410 tx=0x7f623c0379e0 comp rx=0 tx=0).ready entity=mon.0 client_cookie=0 server_cookie=0 in_seq=0 out_seq=0
2026-02-19T11:39:34.739 INFO:teuthology.orchestra.run.trial030.stdout:/usr/bin/ceph: stderr
2026-02-19T11:39:34.611+0000 7f6241ffb640 1 -- 10.20.193.30:0/2198287944 <== mon.0 v2:10.20.193.30:3300/0 1 ==== mon_map magic: 0 ==== 226+0+0 (secure 0 0 0) 0x7f623c0358d0 con 0x7f624c109880
2026-02-19T11:39:34.739 INFO:teuthology.orchestra.run.trial030.stdout:/usr/bin/ceph: stderr
2026-02-19T11:39:34.611+0000 7f6241ffb640 1 -- 10.20.193.30:0/2198287944 <== mon.0 v2:10.20.193.30:3300/0 2 ==== config(25 keys) ==== 1038+0+0 (secure 0 0 0) 0x7f623c043430 con 0x7f624c109880
2026-02-19T11:39:34.740 INFO:teuthology.orchestra.run.trial030.stdout:/usr/bin/ceph: stderr
2026-02-19T11:39:34.611+0000 7f6252f0a640 1 -- 10.20.193.30:0/2198287944 --> [v2:10.20.193.30:3300/0,v1:10.20.193.30:6789/0] -- mon_subscribe({mgrmap=0+}) -- 0x7f624c19ff40 con 0x7f624c109880
2026-02-19T11:39:34.740 INFO:teuthology.orchestra.run.trial030.stdout:/usr/bin/ceph: stderr
2026-02-19T11:39:34.611+0000 7f6241ffb640 1 -- 10.20.193.30:0/2198287944 <== mon.0 v2:10.20.193.30:3300/0 3 ==== mon_map magic: 0 ==== 226+0+0 (secure 0 0 0) 0x7f623c0423e0 con 0x7f624c109880
2026-02-19T11:39:34.740 INFO:teuthology.orchestra.run.trial030.stdout:/usr/bin/ceph: stderr
2026-02-19T11:39:34.611+0000 7f6252f0a640 1 -- 10.20.193.30:0/2198287944 --> [v2:10.20.193.30:3300/0,v1:10.20.193.30:6789/0] -- mon_subscribe({osdmap=0}) -- 0x7f624c1a2c30 con 0x7f624c109880
2026-02-19T11:39:34.740 INFO:teuthology.orchestra.run.trial030.stdout:/usr/bin/ceph: stderr
2026-02-19T11:39:34.612+0000 7f6252f0a640 1 -- 10.20.193.30:0/2198287944 --> [v2:10.20.193.30:3300/0,v1:10.20.193.30:6789/0] -- mon_command({"prefix": "get_command_descriptions"} v 0) -- 0x7f624c109d00 con 0x7f624c109880
2026-02-19T11:39:34.740 INFO:teuthology.orchestra.run.trial030.stdout:/usr/bin/ceph: stderr
2026-02-19T11:39:34.612+0000 7f6241ffb640 1 -- 10.20.193.30:0/2198287944 <== mon.0 v2:10.20.193.30:3300/0 4 ==== mgrmap(e 8) ==== 50261+0+0 (secure 0 0 0) 0x7f623c043990 con 0x7f624c109880
2026-02-19T11:39:34.740 INFO:teuthology.orchestra.run.trial030.stdout:/usr/bin/ceph: stderr
2026-02-19T11:39:34.612+0000 7f6241ffb640 1 --2- 10.20.193.30:0/2198287944 >> [v2:10.20.193.30:6800/638036417,v1:10.20.193.30:6801/638036417] conn(0x7f622803dbf0 0x7f62280400b0 unknown :-1 s=NONE pgs=0 cs=0 l=1 rev1=0 crypto rx=0 tx=0 comp rx=0 tx=0).connect
2026-02-19T11:39:34.740 INFO:teuthology.orchestra.run.trial030.stdout:/usr/bin/ceph: stderr
2026-02-19T11:39:34.612+0000 7f6241ffb640 1 -- 10.20.193.30:0/2198287944 <== mon.0 v2:10.20.193.30:3300/0 5 ==== osd_map(2..2 src has 1..2) ==== 940+0+0 (secure 0 0 0) 0x7f623c0762d0 con 0x7f624c109880
2026-02-19T11:39:34.740 INFO:teuthology.orchestra.run.trial030.stdout:/usr/bin/ceph: stderr
2026-02-19T11:39:34.612+0000 7f6243fff640 1 --2- 10.20.193.30:0/2198287944 >> [v2:10.20.193.30:6800/638036417,v1:10.20.193.30:6801/638036417] conn(0x7f622803dbf0 0x7f62280400b0 unknown :-1 s=BANNER_CONNECTING pgs=0 cs=0 l=1 rev1=0 crypto rx=0 tx=0 comp rx=0 tx=0)._handle_peer_banner_payload supported=3 required=0
2026-02-19T11:39:34.740 INFO:teuthology.orchestra.run.trial030.stdout:/usr/bin/ceph: stderr
2026-02-19T11:39:34.612+0000 7f6243fff640 1 --2- 10.20.193.30:0/2198287944 >> [v2:10.20.193.30:6800/638036417,v1:10.20.193.30:6801/638036417] conn(0x7f622803dbf0 0x7f62280400b0 secure :-1 s=READY pgs=14 cs=0 l=1 rev1=1 crypto rx=0x7f62340099c0 tx=0x7f6234006eb0 comp rx=0 tx=0).ready entity=mgr.14118 client_cookie=0 server_cookie=0 in_seq=0 out_seq=0
2026-02-19T11:39:34.740 INFO:teuthology.orchestra.run.trial030.stdout:/usr/bin/ceph: stderr
2026-02-19T11:39:34.615+0000 7f6241ffb640 1 -- 10.20.193.30:0/2198287944 <== mon.0 v2:10.20.193.30:3300/0 6 ==== mon_command_ack([{"prefix": "get_command_descriptions"}]=0 v0) ==== 72+0+195034 (secure 0 0 0) 0x7f623c033200 con 0x7f624c109880
2026-02-19T11:39:34.740 INFO:teuthology.orchestra.run.trial030.stdout:/usr/bin/ceph: stderr
2026-02-19T11:39:34.705+0000 7f6252f0a640 1 -- 10.20.193.30:0/2198287944 --> [v2:10.20.193.30:6800/638036417,v1:10.20.193.30:6801/638036417] -- mgr_command(tid 0: {"prefix": "orch apply", "service_type": "crash", "target": ["mon-mgr", ""]}) -- 0x7f624c107750 con 0x7f622803dbf0
2026-02-19T11:39:34.741 INFO:teuthology.orchestra.run.trial030.stdout:/usr/bin/ceph: stderr
2026-02-19T11:39:34.708+0000 7f6241ffb640 1 -- 10.20.193.30:0/2198287944 <== mgr.14118 v2:10.20.193.30:6800/638036417 1 ==== mgr_command_reply(tid 0: 0 ) ==== 8+0+26 (secure 0 0 0) 0x7f624c107750 con 0x7f622803dbf0
2026-02-19T11:39:34.741 INFO:teuthology.orchestra.run.trial030.stdout:/usr/bin/ceph: stderr
2026-02-19T11:39:34.709+0000 7f6252f0a640 1 -- 10.20.193.30:0/2198287944 >> [v2:10.20.193.30:6800/638036417,v1:10.20.193.30:6801/638036417] conn(0x7f622803dbf0 msgr2=0x7f62280400b0 secure :-1 s=STATE_CONNECTION_ESTABLISHED l=1).mark_down
2026-02-19T11:39:34.741 INFO:teuthology.orchestra.run.trial030.stdout:/usr/bin/ceph: stderr
2026-02-19T11:39:34.709+0000 7f6252f0a640 1 --2- 10.20.193.30:0/2198287944 >> [v2:10.20.193.30:6800/638036417,v1:10.20.193.30:6801/638036417] conn(0x7f622803dbf0 0x7f62280400b0 secure :-1 s=READY pgs=14 cs=0 l=1 rev1=1 crypto rx=0x7f62340099c0 tx=0x7f6234006eb0 comp rx=0 tx=0).stop
2026-02-19T11:39:34.741 INFO:teuthology.orchestra.run.trial030.stdout:/usr/bin/ceph: stderr
2026-02-19T11:39:34.710+0000 7f6252f0a640 1 -- 10.20.193.30:0/2198287944 >> [v2:10.20.193.30:3300/0,v1:10.20.193.30:6789/0] conn(0x7f624c109880 msgr2=0x7f624c19f770 secure :-1 s=STATE_CONNECTION_ESTABLISHED l=1).mark_down
2026-02-19T11:39:34.741 INFO:teuthology.orchestra.run.trial030.stdout:/usr/bin/ceph: stderr
