2026-02-19T11:39:31.951+0000 7fd29e097640 1 --2- 10.20.193.30:0/2515606051 >> [v2:10.20.193.30:6800/638036417,v1:10.20.193.30:6801/638036417] conn(0x7fd26c03dad0 0x7fd26c03ff90 secure :-1 s=READY pgs=8 cs=0 l=1 rev1=1 crypto rx=0x7fd2880099c0 tx=0x7fd288006eb0 comp rx=0 tx=0).stop
2026-02-19T11:39:31.983 INFO:teuthology.orchestra.run.trial030.stdout:/usr/bin/ceph: stderr
2026-02-19T11:39:31.951+0000 7fd29e097640 1 -- 10.20.193.30:0/2515606051 >> [v2:10.20.193.30:3300/0,v1:10.20.193.30:6789/0] conn(0x7fd298109880 msgr2=0x7fd29819f790 secure :-1 s=STATE_CONNECTION_ESTABLISHED l=1).mark_down
2026-02-19T11:39:31.983 INFO:teuthology.orchestra.run.trial030.stdout:/usr/bin/ceph: stderr
2026-02-19T11:39:31.951+0000 7fd29e097640 1 --2- 10.20.193.30:0/2515606051 >> [v2:10.20.193.30:3300/0,v1:10.20.193.30:6789/0] conn(0x7fd298109880 0x7fd29819f790 secure :-1 s=READY pgs=38 cs=0 l=1 rev1=1 crypto rx=0x7fd284037b20 tx=0x7fd2840358c0 comp rx=0 tx=0).stop
2026-02-19T11:39:31.983 INFO:teuthology.orchestra.run.trial030.stdout:/usr/bin/ceph: stderr
2026-02-19T11:39:31.951+0000 7fd29e097640 1 -- 10.20.193.30:0/2515606051 shutdown_connections
2026-02-19T11:39:31.983 INFO:teuthology.orchestra.run.trial030.stdout:/usr/bin/ceph: stderr
2026-02-19T11:39:31.951+0000 7fd29e097640 1 --2- 10.20.193.30:0/2515606051 >> [v2:10.20.193.30:6800/638036417,v1:10.20.193.30:6801/638036417] conn(0x7fd26c03dad0 0x7fd26c03ff90 unknown :-1 s=CLOSED pgs=8 cs=0 l=1 rev1=1 crypto rx=0 tx=0 comp rx=0 tx=0).stop
2026-02-19T11:39:31.983 INFO:teuthology.orchestra.run.trial030.stdout:/usr/bin/ceph: stderr
2026-02-19T11:39:31.951+0000 7fd29e097640 1 --2- 10.20.193.30:0/2515606051 >> [v2:10.20.193.30:3300/0,v1:10.20.193.30:6789/0] conn(0x7fd298109880 0x7fd29819f790 unknown :-1 s=CLOSED pgs=38 cs=0 l=1 rev1=1 crypto rx=0 tx=0 comp rx=0 tx=0).stop
2026-02-19T11:39:31.983 INFO:teuthology.orchestra.run.trial030.stdout:/usr/bin/ceph: stderr
2026-02-19T11:39:31.951+0000 7fd29e097640 1 -- 10.20.193.30:0/2515606051 >> 10.20.193.30:0/2515606051 conn(0x7fd29807cf00 msgr2=0x7fd2981070a0 unknown :-1 s=STATE_NONE l=0).mark_down
2026-02-19T11:39:31.983 INFO:teuthology.orchestra.run.trial030.stdout:/usr/bin/ceph: stderr
2026-02-19T11:39:31.951+0000 7fd29e097640 1 -- 10.20.193.30:0/2515606051 shutdown_connections
2026-02-19T11:39:31.984 INFO:teuthology.orchestra.run.trial030.stdout:/usr/bin/ceph: stderr
2026-02-19T11:39:31.951+0000 7fd29e097640 1 -- 10.20.193.30:0/2515606051 wait complete.
2026-02-19T11:39:31.984 INFO:teuthology.orchestra.run.trial030.stdout:Generating ssh key...
2026-02-19T11:39:32.208 INFO:teuthology.orchestra.run.trial030.stdout:/usr/bin/ceph: stderr
2026-02-19T11:39:32.070+0000 7fe8633a8640 1 Processor -- start
2026-02-19T11:39:32.208 INFO:teuthology.orchestra.run.trial030.stdout:/usr/bin/ceph: stderr
2026-02-19T11:39:32.070+0000 7fe8633a8640 1 -- start start
2026-02-19T11:39:32.208 INFO:teuthology.orchestra.run.trial030.stdout:/usr/bin/ceph: stderr
2026-02-19T11:39:32.071+0000 7fe8633a8640 1 --2- >> [v2:10.20.193.30:3300/0,v1:10.20.193.30:6789/0] conn(0x7fe85c105e50 0x7fe85c108260 unknown :-1 s=NONE pgs=0 cs=0 l=0 rev1=0 crypto rx=0 tx=0 comp rx=0 tx=0).connect
2026-02-19T11:39:32.208 INFO:teuthology.orchestra.run.trial030.stdout:/usr/bin/ceph: stderr
2026-02-19T11:39:32.071+0000 7fe8633a8640 1 -- --> [v2:10.20.193.30:3300/0,v1:10.20.193.30:6789/0] -- mon_getmap magic: 0 -- 0x7fe85c07b760 con 0x7fe85c105e50
2026-02-19T11:39:32.208 INFO:teuthology.orchestra.run.trial030.stdout:/usr/bin/ceph: stderr
2026-02-19T11:39:32.071+0000 7fe86111d640 1 --2- >> [v2:10.20.193.30:3300/0,v1:10.20.193.30:6789/0] conn(0x7fe85c105e50 0x7fe85c108260 unknown :-1 s=BANNER_CONNECTING pgs=0 cs=0 l=0 rev1=0 crypto rx=0 tx=0 comp rx=0 tx=0)._handle_peer_banner_payload supported=3 required=0
2026-02-19T11:39:32.208 INFO:teuthology.orchestra.run.trial030.stdout:/usr/bin/ceph: stderr
2026-02-19T11:39:32.071+0000 7fe86111d640 1 --2- >> [v2:10.20.193.30:3300/0,v1:10.20.193.30:6789/0] conn(0x7fe85c105e50 0x7fe85c108260 unknown :-1 s=HELLO_CONNECTING pgs=0 cs=0 l=0 rev1=1 crypto rx=0 tx=0 comp rx=0 tx=0).handle_hello peer v2:10.20.193.30:3300/0 says I am v2:10.20.193.30:51044/0 (socket says 10.20.193.30:51044)
2026-02-19T11:39:32.208 INFO:teuthology.orchestra.run.trial030.stdout:/usr/bin/ceph: stderr
2026-02-19T11:39:32.071+0000 7fe86111d640 1 -- 10.20.193.30:0/1725771401 learned_addr learned my addr 10.20.193.30:0/1725771401 (peer_addr_for_me v2:10.20.193.30:0/0)
2026-02-19T11:39:32.208 INFO:teuthology.orchestra.run.trial030.stdout:/usr/bin/ceph: stderr
2026-02-19T11:39:32.071+0000 7fe86111d640 1 -- 10.20.193.30:0/1725771401 --> [v2:10.20.193.30:3300/0,v1:10.20.193.30:6789/0] -- mon_subscribe({config=0+,monmap=0+}) -- 0x7fe85c1087a0 con 0x7fe85c105e50
2026-02-19T11:39:32.208 INFO:teuthology.orchestra.run.trial030.stdout:/usr/bin/ceph: stderr
2026-02-19T11:39:32.071+0000 7fe86111d640 1 --2- 10.20.193.30:0/1725771401 >> [v2:10.20.193.30:3300/0,v1:10.20.193.30:6789/0] conn(0x7fe85c105e50 0x7fe85c108260 secure :-1 s=READY pgs=39 cs=0 l=1 rev1=1 crypto rx=0x7fe84c009920 tx=0x7fe84c02ef20 comp rx=0 tx=0).ready entity=mon.0 client_cookie=2589c9d3dc1c3b70 server_cookie=0 in_seq=0 out_seq=0
2026-02-19T11:39:32.209 INFO:teuthology.orchestra.run.trial030.stdout:/usr/bin/ceph: stderr
2026-02-19T11:39:32.071+0000 7fe84bfff640 1 -- 10.20.193.30:0/1725771401 <== mon.0 v2:10.20.193.30:3300/0 1 ==== mon_map magic: 0 ==== 226+0+0 (secure 0 0 0) 0x7fe84c03c070 con 0x7fe85c105e50
2026-02-19T11:39:32.209 INFO:teuthology.orchestra.run.trial030.stdout:/usr/bin/ceph: stderr
2026-02-19T11:39:32.071+0000 7fe84bfff640 1 -- 10.20.193.30:0/1725771401 <== mon.0 v2:10.20.193.30:3300/0 2 ==== config(25 keys) ==== 1007+0+0 (secure 0 0 0) 0x7fe84c02fe00 con 0x7fe85c105e50
2026-02-19T11:39:32.209 INFO:teuthology.orchestra.run.trial030.stdout:/usr/bin/ceph: stderr
2026-02-19T11:39:32.071+0000 7fe84bfff640 1 -- 10.20.193.30:0/1725771401 <== mon.0 v2:10.20.193.30:3300/0 3 ==== mon_map magic: 0 ==== 226+0+0 (secure 0 0 0) 0x7fe84c035340 con 0x7fe85c105e50
2026-02-19T11:39:32.209 INFO:teuthology.orchestra.run.trial030.stdout:/usr/bin/ceph: stderr
2026-02-19T11:39:32.072+0000 7fe8633a8640 1 -- 10.20.193.30:0/1725771401 >> [v2:10.20.193.30:3300/0,v1:10.20.193.30:6789/0] conn(0x7fe85c105e50 msgr2=0x7fe85c108260 secure :-1 s=STATE_CONNECTION_ESTABLISHED l=1).mark_down
2026-02-19T11:39:32.209 INFO:teuthology.orchestra.run.trial030.stdout:/usr/bin/ceph: stderr
2026-02-19T11:39:32.072+0000 7fe8633a8640 1 --2- 10.20.193.30:0/1725771401 >> [v2:10.20.193.30:3300/0,v1:10.20.193.30:6789/0] conn(0x7fe85c105e50 0x7fe85c108260 secure :-1 s=READY pgs=39 cs=0 l=1 rev1=1 crypto rx=0x7fe84c009920 tx=0x7fe84c02ef20 comp rx=0 tx=0).stop
2026-02-19T11:39:32.209 INFO:teuthology.orchestra.run.trial030.stdout:/usr/bin/ceph: stderr
2026-02-19T11:39:32.072+0000 7fe8633a8640 1 -- 10.20.193.30:0/1725771401 shutdown_connections
2026-02-19T11:39:32.209 INFO:teuthology.orchestra.run.trial030.stdout:/usr/bin/ceph: stderr
2026-02-19T11:39:32.072+0000 7fe8633a8640 1 --2- 10.20.193.30:0/1725771401 >> [v2:10.20.193.30:3300/0,v1:10.20.193.30:6789/0] conn(0x7fe85c105e50 0x7fe85c108260 unknown :-1 s=CLOSED pgs=39 cs=0 l=1 rev1=1 crypto rx=0 tx=0 comp rx=0 tx=0).stop
2026-02-19T11:39:32.209 INFO:teuthology.orchestra.run.trial030.stdout:/usr/bin/ceph: stderr
2026-02-19T11:39:32.072+0000 7fe8633a8640 1 -- 10.20.193.30:0/1725771401 >> 10.20.193.30:0/1725771401 conn(0x7fe85c101ce0 msgr2=0x7fe85c104100 unknown :-1 s=STATE_NONE l=0).mark_down
2026-02-19T11:39:32.209 INFO:teuthology.orchestra.run.trial030.stdout:/usr/bin/ceph: stderr
2026-02-19T11:39:32.072+0000 7fe8633a8640 1 -- 10.20.193.30:0/1725771401 shutdown_connections
2026-02-19T11:39:32.209 INFO:teuthology.orchestra.run.trial030.stdout:/usr/bin/ceph: stderr
2026-02-19T11:39:32.072+0000 7fe8633a8640 1 -- 10.20.193.30:0/1725771401 wait complete.
2026-02-19T11:39:32.209 INFO:teuthology.orchestra.run.trial030.stdout:/usr/bin/ceph: stderr
2026-02-19T11:39:32.072+0000 7fe8633a8640 1 Processor -- start
2026-02-19T11:39:32.210 INFO:teuthology.orchestra.run.trial030.stdout:/usr/bin/ceph: stderr
2026-02-19T11:39:32.072+0000 7fe8633a8640 1 -- start start
2026-02-19T11:39:32.210 INFO:teuthology.orchestra.run.trial030.stdout:/usr/bin/ceph: stderr
2026-02-19T11:39:32.072+0000 7fe8633a8640 1 --2- >> [v2:10.20.193.30:3300/0,v1:10.20.193.30:6789/0] conn(0x7fe85c105e50 0x7fe85c1a3c40 unknown :-1 s=NONE pgs=0 cs=0 l=1 rev1=0 crypto rx=0 tx=0 comp rx=0 tx=0).connect
2026-02-19T11:39:32.210 INFO:teuthology.orchestra.run.trial030.stdout:/usr/bin/ceph: stderr
2026-02-19T11:39:32.072+0000 7fe8633a8640 1 -- --> [v2:10.20.193.30:3300/0,v1:10.20.193.30:6789/0] -- mon_getmap magic: 0 -- 0x7fe85c1096e0 con 0x7fe85c105e50
2026-02-19T11:39:32.210 INFO:teuthology.orchestra.run.trial030.stdout:/usr/bin/ceph: stderr
2026-02-19T11:39:32.072+0000 7fe86111d640 1 --2- >> [v2:10.20.193.30:3300/0,v1:10.20.193.30:6789/0] conn(0x7fe85c105e50 0x7fe85c1a3c40 unknown :-1 s=BANNER_CONNECTING pgs=0 cs=0 l=1 rev1=0 crypto rx=0 tx=0 comp rx=0 tx=0)._handle_peer_banner_payload supported=3 required=0
2026-02-19T11:39:32.210 INFO:teuthology.orchestra.run.trial030.stdout:/usr/bin/ceph: stderr
2026-02-19T11:39:32.072+0000 7fe86111d640 1 --2- >> [v2:10.20.193.30:3300/0,v1:10.20.193.30:6789/0] conn(0x7fe85c105e50 0x7fe85c1a3c40 unknown :-1 s=HELLO_CONNECTING pgs=0 cs=0 l=1 rev1=1 crypto rx=0 tx=0 comp rx=0 tx=0).handle_hello peer v2:10.20.193.30:3300/0 says I am v2:10.20.193.30:51048/0 (socket says 10.20.193.30:51048)
2026-02-19T11:39:32.210 INFO:teuthology.orchestra.run.trial030.stdout:/usr/bin/ceph: stderr
2026-02-19T11:39:32.072+0000 7fe86111d640 1 -- 10.20.193.30:0/4099770438 learned_addr learned my addr 10.20.193.30:0/4099770438 (peer_addr_for_me v2:10.20.193.30:0/0)
2026-02-19T11:39:32.210 INFO:teuthology.orchestra.run.trial030.stdout:/usr/bin/ceph: stderr
2026-02-19T11:39:32.073+0000 7fe86111d640 1 -- 10.20.193.30:0/4099770438 --> [v2:10.20.193.30:3300/0,v1:10.20.193.30:6789/0] -- mon_subscribe({config=0+,monmap=0+}) -- 0x7fe85c1a4180 con 0x7fe85c105e50
2026-02-19T11:39:32.210 INFO:teuthology.orchestra.run.trial030.stdout:/usr/bin/ceph: stderr
2026-02-19T11:39:32.073+0000 7fe86111d640 1 --2- 10.20.193.30:0/4099770438 >> [v2:10.20.193.30:3300/0,v1:10.20.193.30:6789/0] conn(0x7fe85c105e50 0x7fe85c1a3c40 secure :-1 s=READY pgs=40 cs=0 l=1 rev1=1 crypto rx=0x7fe84c037b20 tx=0x7fe84c0358c0 comp rx=0 tx=0).ready entity=mon.0 client_cookie=0 server_cookie=0 in_seq=0 out_seq=0
2026-02-19T11:39:32.210 INFO:teuthology.orchestra.run.trial030.stdout:/usr/bin/ceph: stderr
2026-02-19T11:39:32.073+0000 7fe84a7fc640 1 -- 10.20.193.30:0/4099770438 <== mon.0 v2:10.20.193.30:3300/0 1 ==== mon_map magic: 0 ==== 226+0+0 (secure 0 0 0) 0x7fe84c0378f0 con 0x7fe85c105e50
2026-02-19T11:39:32.210 INFO:teuthology.orchestra.run.trial030.stdout:/usr/bin/ceph: stderr
2026-02-19T11:39:32.073+0000 7fe84a7fc640 1 -- 10.20.193.30:0/4099770438 <== mon.0 v2:10.20.193.30:3300/0 2 ==== config(25 keys) ==== 1007+0+0 (secure 0 0 0) 0x7fe84c035c90 con 0x7fe85c105e50
2026-02-19T11:39:32.210 INFO:teuthology.orchestra.run.trial030.stdout:/usr/bin/ceph: stderr
2026-02-19T11:39:32.073+0000 7fe8633a8640 1 -- 10.20.193.30:0/4099770438 --> [v2:10.20.193.30:3300/0,v1:10.20.193.30:6789/0] -- mon_subscribe({mgrmap=0+}) -- 0x7fe85c1a4410 con 0x7fe85c105e50
2026-02-19T11:39:32.211 INFO:teuthology.orchestra.run.trial030.stdout:/usr/bin/ceph: stderr
2026-02-19T11:39:32.073+0000 7fe84a7fc640 1 -- 10.20.193.30:0/4099770438 <== mon.0 v2:10.20.193.30:3300/0 3 ==== mon_map magic: 0 ==== 226+0+0 (secure 0 0 0) 0x7fe84c041550 con 0x7fe85c105e50
2026-02-19T11:39:32.211 INFO:teuthology.orchestra.run.trial030.stdout:/usr/bin/ceph: stderr
2026-02-19T11:39:32.073+0000 7fe8633a8640 1 -- 10.20.193.30:0/4099770438 --> [v2:10.20.193.30:3300/0,v1:10.20.193.30:6789/0] -- mon_subscribe({osdmap=0}) -- 0x7fe85c1a7100 con 0x7fe85c105e50
2026-02-19T11:39:32.211 INFO:teuthology.orchestra.run.trial030.stdout:/usr/bin/ceph: stderr
2026-02-19T11:39:32.073+0000 7fe8633a8640 1 -- 10.20.193.30:0/4099770438 --> [v2:10.20.193.30:3300/0,v1:10.20.193.30:6789/0] -- mon_command({"prefix": "get_command_descriptions"} v 0) -- 0x7fe85c106250 con 0x7fe85c105e50
2026-02-19T11:39:32.211 INFO:teuthology.orchestra.run.trial030.stdout:/usr/bin/ceph: stderr
2026-02-19T11:39:32.073+0000 7fe84a7fc640 1 -- 10.20.193.30:0/4099770438 <== mon.0 v2:10.20.193.30:3300/0 4 ==== mgrmap(e 7) ==== 50155+0+0 (secure 0 0 0) 0x7fe84c0423f0 con 0x7fe85c105e50
2026-02-19T11:39:32.211 INFO:teuthology.orchestra.run.trial030.stdout:/usr/bin/ceph: stderr
2026-02-19T11:39:32.074+0000 7fe84a7fc640 1 --2- 10.20.193.30:0/4099770438 >> [v2:10.20.193.30:6800/638036417,v1:10.20.193.30:6801/638036417] conn(0x7fe83803dad0 0x7fe83803ff90 unknown :-1 s=NONE pgs=0 cs=0 l=1 rev1=0 crypto rx=0 tx=0 comp rx=0 tx=0).connect
2026-02-19T11:39:32.211 INFO:teuthology.orchestra.run.trial030.stdout:/usr/bin/ceph: stderr
2026-02-19T11:39:32.074+0000 7fe84a7fc640 1 -- 10.20.193.30:0/4099770438 <== mon.0 v2:10.20.193.30:3300/0 5 ==== osd_map(2..2 src has 1..2) ==== 940+0+0 (secure 0 0 0) 0x7fe84c076520 con 0x7fe85c105e50
2026-02-19T11:39:32.211 INFO:teuthology.orchestra.run.trial030.stdout:/usr/bin/ceph: stderr
2026-02-19T11:39:32.074+0000 7fe86091c640 1 --2- 10.20.193.30:0/4099770438 >> [v2:10.20.193.30:6800/638036417,v1:10.20.193.30:6801/638036417] conn(0x7fe83803dad0 0x7fe83803ff90 unknown :-1 s=BANNER_CONNECTING pgs=0 cs=0 l=1 rev1=0 crypto rx=0 tx=0 comp rx=0 tx=0)._handle_peer_banner_payload supported=3 required=0
2026-02-19T11:39:32.211 INFO:teuthology.orchestra.run.trial030.stdout:/usr/bin/ceph: stderr
2026-02-19T11:39:32.074+0000 7fe86091c640 1 --2- 10.20.193.30:0/4099770438 >> [v2:10.20.193.30:6800/638036417,v1:10.20.193.30:6801/638036417] conn(0x7fe83803dad0 0x7fe83803ff90 secure :-1 s=READY pgs=9 cs=0 l=1 rev1=1 crypto rx=0x7fe8500099c0 tx=0x7fe850006eb0 comp rx=0 tx=0).ready entity=mgr.14118 client_cookie=0 server_cookie=0 in_seq=0 out_seq=0
2026-02-19T11:39:32.211 INFO:teuthology.orchestra.run.trial030.stdout:/usr/bin/ceph: stderr
2026-02-19T11:39:32.076+0000 7fe84a7fc640 1 -- 10.20.193.30:0/4099770438 <== mon.0 v2:10.20.193.30:3300/0 6 ==== mon_command_ack([{"prefix": "get_command_descriptions"}]=0 v0) ==== 72+0+195034 (secure 0 0 0) 0x7fe84c036e50 con 0x7fe85c105e50
2026-02-19T11:39:32.211 INFO:teuthology.orchestra.run.trial030.stdout:/usr/bin/ceph: stderr
2026-02-19T11:39:32.159+0000 7fe8633a8640 1 -- 10.20.193.30:0/4099770438 --> [v2:10.20.193.30:6800/638036417,v1:10.20.193.30:6801/638036417] -- mgr_command(tid 0: {"prefix": "cephadm generate-key", "target": ["mon-mgr", ""]}) -- 0x7fe85c19d3d0 con 0x7fe83803dad0
2026-02-19T11:39:32.211 INFO:teuthology.orchestra.run.trial030.stdout:/usr/bin/ceph: stderr
2026-02-19T11:39:32.179+0000 7fe84a7fc640 1 -- 10.20.193.30:0/4099770438 <== mgr.14118 v2:10.20.193.30:6800/638036417 1 ==== mgr_command_reply(tid 0: 0 ) ==== 8+0+0 (secure 0 0 0) 0x7fe850004020 con 0x7fe83803dad0
2026-02-19T11:39:32.211 INFO:teuthology.orchestra.run.trial030.stdout:/usr/bin/ceph: stderr
2026-02-19T11:39:32.180+0000 7fe8633a8640 1 -- 10.20.193.30:0/4099770438 >> [v2:10.20.193.30:6800/638036417,v1:10.20.193.30:6801/638036417] conn(0x7fe83803dad0 msgr2=0x7fe83803ff90 secure :-1 s=STATE_CONNECTION_ESTABLISHED l=1).mark_down
2026-02-19T11:39:32.212 INFO:teuthology.orchestra.run.trial030.stdout:/usr/bin/ceph: stderr
2026-02-19T11:39:32.180+0000 7fe8633a8640 1 --2- 10.20.193.30:0/4099770438 >> [v2:10.20.193.30:6800/638036417,v1:10.20.193.30:6801/638036417] conn(0x7fe83803dad0 0x7fe83803ff90 secure :-1 s=READY pgs=9 cs=0 l=1 rev1=1 crypto rx=0x7fe8500099c0 tx=0x7fe850006eb0 comp rx=0 tx=0).stop
2026-02-19T11:39:32.212 INFO:teuthology.orchestra.run.trial030.stdout:/usr/bin/ceph: stderr
2026-02-19T11:39:32.180+0000 7fe8633a8640 1 -- 10.20.193.30:0/4099770438 >> [v2:10.20.193.30:3300/0,v1:10.20.193.30:6789/0] conn(0x7fe85c105e50 msgr2=0x7fe85c1a3c40 secure :-1 s=STATE_CONNECTION_ESTABLISHED l=1).mark_down
2026-02-19T11:39:32.212 INFO:teuthology.orchestra.run.trial030.stdout:/usr/bin/ceph: stderr
2026-02-19T11:39:32.180+0000 7fe8633a8640 1 --2- 10.20.193.30:0/4099770438 >> [v2:10.20.193.30:3300/0,v1:10.20.193.30:6789/0] conn(0x7fe85c105e50 0x7fe85c1a3c40 secure :-1 s=READY pgs=40 cs=0 l=1 rev1=1 crypto rx=0x7fe84c037b20 tx=0x7fe84c0358c0 comp rx=0 tx=0).stop
2026-02-19T11:39:32.212 INFO:teuthology.orchestra.run.trial030.stdout:/usr/bin/ceph: stderr
2026-02-19T11:39:32.180+0000 7fe8633a8640 1 -- 10.20.193.30:0/4099770438 shutdown_connections
2026-02-19T11:39:32.212 INFO:teuthology.orchestra.run.trial030.stdout:/usr/bin/ceph: stderr
2026-02-19T11:39:32.180+0000 7fe8633a8640 1 --2- 10.20.193.30:0/4099770438 >> [v2:10.20.193.30:6800/638036417,v1:10.20.193.30:6801/638036417] conn(0x7fe83803dad0 0x7fe83803ff90 unknown :-1 s=CLOSED pgs=9 cs=0 l=1 rev1=1 crypto rx=0 tx=0 comp rx=0 tx=0).stop
2026-02-19T11:39:32.212 INFO:teuthology.orchestra.run.trial030.stdout:/usr/bin/ceph: stderr
2026-02-19T11:39:32.180+0000 7fe8633a8640 1 --2- 10.20.193.30:0/4099770438 >> [v2:10.20.193.30:3300/0,v1:10.20.193.30:6789/0] conn(0x7fe85c105e50 0x7fe85c1a3c40 unknown :-1 s=CLOSED pgs=40 cs=0 l=1 rev1=1 crypto rx=0 tx=0 comp rx=0 tx=0).stop
2026-02-19T11:39:32.212 INFO:teuthology.orchestra.run.trial030.stdout:/usr/bin/ceph: stderr
2026-02-19T11:39:32.180+0000 7fe8633a8640 1 -- 10.20.193.30:0/4099770438 >> 10.20.193.30:0/4099770438 conn(0x7fe85c101ce0 msgr2=0x7fe85c10be20 unknown :-1 s=STATE_NONE l=0).mark_down
2026-02-19T11:39:32.212 INFO:teuthology.orchestra.run.trial030.stdout:/usr/bin/ceph: stderr
2026-02-19T11:39:32.180+0000 7fe8633a8640 1 -- 10.20.193.30:0/4099770438 shutdown_connections
2026-02-19T11:39:32.212 INFO:teuthology.orchestra.run.trial030.stdout:/usr/bin/ceph: stderr
2026-02-19T11:39:32.180+0000 7fe8633a8640 1 -- 10.20.193.30:0/4099770438 wait complete.
2026-02-19T11:39:32.408 INFO:teuthology.orchestra.run.trial030.stdout:/usr/bin/ceph: stdout ssh-ed25519 AAAAC3NzaC1lZDI1NTE5AAAAIE500iWfzDT2qSQmOwTizNW8J80FiaWi7029uiij0fZ2 ceph-9a9d878d-0d87-11f1-8694-d404e6e7d460
2026-02-19T11:39:32.408 INFO:teuthology.orchestra.run.trial030.stdout:/usr/bin/ceph: stderr
2026-02-19T11:39:32.290+0000 7ffaf43c3640 1 Processor -- start
2026-02-19T11:39:32.409 INFO:teuthology.orchestra.run.trial030.stdout:/usr/bin/ceph: stderr
2026-02-19T11:39:32.290+0000 7ffaf43c3640 1 -- start start
2026-02-19T11:39:32.409 INFO:teuthology.orchestra.run.trial030.stdout:/usr/bin/ceph: stderr
2026-02-19T11:39:32.290+0000 7ffaf43c3640 1 --2- >> [v2:10.20.193.30:3300/0,v1:10.20.193.30:6789/0] conn(0x7ffaec07b370 0x7ffaec10c690 unknown :-1 s=NONE pgs=0 cs=0 l=0 rev1=0 crypto rx=0 tx=0 comp rx=0 tx=0).connect
2026-02-19T11:39:32.409 INFO:teuthology.orchestra.run.trial030.stdout:/usr/bin/ceph: stderr
2026-02-19T11:39:32.290+0000 7ffaf43c3640 1 -- --> [v2:10.20.193.30:3300/0,v1:10.20.193.30:6789/0] -- mon_getmap magic: 0 -- 0x7ffaec07b800 con 0x7ffaec07b370
2026-02-19T11:39:32.409 INFO:teuthology.orchestra.run.trial030.stdout:/usr/bin/ceph: stderr
2026-02-19T11:39:32.291+0000 7ffaf2138640 1 --2- >> [v2:10.20.193.30:3300/0,v1:10.20.193.30:6789/0] conn(0x7ffaec07b370 0x7ffaec10c690 unknown :-1 s=BANNER_CONNECTING pgs=0 cs=0 l=0 rev1=0 crypto rx=0 tx=0 comp rx=0 tx=0)._handle_peer_banner_payload supported=3 required=0
2026-02-19T11:39:32.409 INFO:teuthology.orchestra.run.trial030.stdout:/usr/bin/ceph: stderr
2026-02-19T11:39:32.291+0000 7ffaf2138640 1 --2- >> [v2:10.20.193.30:3300/0,v1:10.20.193.30:6789/0] conn(0x7ffaec07b370 0x7ffaec10c690 unknown :-1 s=HELLO_CONNECTING pgs=0 cs=0 l=0 rev1=1 crypto rx=0 tx=0 comp rx=0 tx=0).handle_hello peer v2:10.20.193.30:3300/0 says I am v2:10.20.193.30:51062/0 (socket says 10.20.193.30:51062)
2026-02-19T11:39:32.409 INFO:teuthology.orchestra.run.trial030.stdout:/usr/bin/ceph: stderr
2026-02-19T11:39:32.291+0000 7ffaf2138640 1 -- 10.20.193.30:0/1508538587 learned_addr learned my addr 10.20.193.30:0/1508538587 (peer_addr_for_me v2:10.20.193.30:0/0)
2026-02-19T11:39:32.409 INFO:teuthology.orchestra.run.trial030.stdout:/usr/bin/ceph: stderr
2026-02-19T11:39:32.291+0000 7ffaf2138640 1 -- 10.20.193.30:0/1508538587 --> [v2:10.20.193.30:3300/0,v1:10.20.193.30:6789/0] -- mon_subscribe({config=0+,monmap=0+}) -- 0x7ffaec10cbd0 con 0x7ffaec07b370
2026-02-19T11:39:32.409 INFO:teuthology.orchestra.run.trial030.stdout:/usr/bin/ceph: stderr
2026-02-19T11:39:32.291+0000 7ffaf2138640 1 --2- 10.20.193.30:0/1508538587 >> [v2:10.20.193.30:3300/0,v1:10.20.193.30:6789/0] conn(0x7ffaec07b370 0x7ffaec10c690 secure :-1 s=READY pgs=41 cs=0 l=1 rev1=1 crypto rx=0x7ffadc009920 tx=0x7ffadc02ef20 comp rx=0 tx=0).ready entity=mon.0 client_cookie=41197fcfddc769da server_cookie=0 in_seq=0 out_seq=0
2026-02-19T11:39:32.409 INFO:teuthology.orchestra.run.trial030.stdout:/usr/bin/ceph: stderr
2026-02-19T11:39:32.291+0000 7ffaf1136640 1 -- 10.20.193.30:0/1508538587 <== mon.0 v2:10.20.193.30:3300/0 1 ==== mon_map magic: 0 ==== 226+0+0 (secure 0 0 0) 0x7ffadc03c070 con 0x7ffaec07b370
2026-02-19T11:39:32.409 INFO:teuthology.orchestra.run.trial030.stdout:/usr/bin/ceph: stderr
2026-02-19T11:39:32.291+0000 7ffaf1136640 1 -- 10.20.193.30:0/1508538587 <== mon.0 v2:10.20.193.30:3300/0 2 ==== config(25 keys) ==== 1007+0+0 (secure 0 0 0) 0x7ffadc02fe00 con 0x7ffaec07b370
2026-02-19T11:39:32.410 INFO:teuthology.orchestra.run.trial030.stdout:/usr/bin/ceph: stderr
2026-02-19T11:39:32.291+0000 7ffaf1136640 1 -- 10.20.193.30:0/1508538587 <== mon.0 v2:10.20.193.30:3300/0 3 ==== mon_map magic: 0 ==== 226+0+0 (secure 0 0 0) 0x7ffadc035340 con 0x7ffaec07b370
2026-02-19T11:39:32.410 INFO:teuthology.orchestra.run.trial030.stdout:/usr/bin/ceph: stderr
2026-02-19T11:39:32.292+0000 7ffaf43c3640 1 -- 10.20.193.30:0/1508538587 >> [v2:10.20.193.30:3300/0,v1:10.20.193.30:6789/0] conn(0x7ffaec07b370 msgr2=0x7ffaec10c690 secure :-1 s=STATE_CONNECTION_ESTABLISHED l=1).mark_down
2026-02-19T11:39:32.410 INFO:teuthology.orchestra.run.trial030.stdout:/usr/bin/ceph: stderr
2026-02-19T11:39:32.292+0000 7ffaf43c3640 1 --2- 10.20.193.30:0/1508538587 >> [v2:10.20.193.30:3300/0,v1:10.20.193.30:6789/0] conn(0x7ffaec07b370 0x7ffaec10c690 secure :-1 s=READY pgs=41 cs=0 l=1 rev1=1 crypto rx=0x7ffadc009920 tx=0x7ffadc02ef20 comp rx=0 tx=0).stop
2026-02-19T11:39:32.410 INFO:teuthology.orchestra.run.trial030.stdout:/usr/bin/ceph: stderr
2026-02-19T11:39:32.292+0000 7ffaf43c3640 1 -- 10.20.193.30:0/1508538587 shutdown_connections
2026-02-19T11:39:32.410 INFO:teuthology.orchestra.run.trial030.stdout:/usr/bin/ceph: stderr
2026-02-19T11:39:32.292+0000 7ffaf43c3640 1 --2- 10.20.193.30:0/1508538587 >> [v2:10.20.193.30:3300/0,v1:10.20.193.30:6789/0] conn(0x7ffaec07b370 0x7ffaec10c690 unknown :-1 s=CLOSED pgs=41 cs=0 l=1 rev1=1 crypto rx=0 tx=0 comp rx=0 tx=0).stop
2026-02-19T11:39:32.410 INFO:teuthology.orchestra.run.trial030.stdout:/usr/bin/ceph: stderr
2026-02-19T11:39:32.292+0000 7ffaf43c3640 1 -- 10.20.193.30:0/1508538587 >> 10.20.193.30:0/1508538587 conn(0x7ffaec101ce0 msgr2=0x7ffaec104100 unknown :-1 s=STATE_NONE l=0).mark_down
2026-02-19T11:39:32.411 INFO:teuthology.orchestra.run.trial030.stdout:/usr/bin/ceph: stderr
2026-02-19T11:39:32.292+0000 7ffaf43c3640 1 -- 10.20.193.30:0/1508538587 shutdown_connections
2026-02-19T11:39:32.411 INFO:teuthology.orchestra.run.trial030.stdout:/usr/bin/ceph: stderr
2026-02-19T11:39:32.292+0000 7ffaf43c3640 1 -- 10.20.193.30:0/1508538587 wait complete.
2026-02-19T11:39:32.411 INFO:teuthology.orchestra.run.trial030.stdout:/usr/bin/ceph: stderr
2026-02-19T11:39:32.292+0000 7ffaf43c3640 1 Processor -- start
2026-02-19T11:39:32.411 INFO:teuthology.orchestra.run.trial030.stdout:/usr/bin/ceph: stderr
2026-02-19T11:39:32.292+0000 7ffaf43c3640 1 -- start start
2026-02-19T11:39:32.411 INFO:teuthology.orchestra.run.trial030.stdout:/usr/bin/ceph: stderr
2026-02-19T11:39:32.292+0000 7ffaf43c3640 1 --2- >> [v2:10.20.193.30:3300/0,v1:10.20.193.30:6789/0] conn(0x7ffaec07b370 0x7ffaec19f740 unknown :-1 s=NONE pgs=0 cs=0 l=1 rev1=0 crypto rx=0 tx=0 comp rx=0 tx=0).connect
2026-02-19T11:39:32.411 INFO:teuthology.orchestra.run.trial030.stdout:/usr/bin/ceph: stderr
2026-02-19T11:39:32.292+0000 7ffaf43c3640 1 -- --> [v2:10.20.193.30:3300/0,v1:10.20.193.30:6789/0] -- mon_getmap magic: 0 -- 0x7ffaec10db10 con 0x7ffaec07b370
2026-02-19T11:39:32.412 INFO:teuthology.orchestra.run.trial030.stdout:/usr/bin/ceph: stderr
2026-02-19T11:39:32.292+0000 7ffaf2138640 1 --2- >> [v2:10.20.193.30:3300/0,v1:10.20.193.30:6789/0] conn(0x7ffaec07b370 0x7ffaec19f740 unknown :-1 s=BANNER_CONNECTING pgs=0 cs=0 l=1 rev1=0 crypto rx=0 tx=0 comp rx=0 tx=0)._handle_peer_banner_payload supported=3 required=0
2026-02-19T11:39:32.412 INFO:teuthology.orchestra.run.trial030.stdout:/usr/bin/ceph: stderr
2026-02-19T11:39:32.292+0000 7ffaf2138640 1 --2- >> [v2:10.20.193.30:3300/0,v1:10.20.193.30:6789/0] conn(0x7ffaec07b370 0x7ffaec19f740 unknown :-1 s=HELLO_CONNECTING pgs=0 cs=0 l=1 rev1=1 crypto rx=0 tx=0 comp rx=0 tx=0).handle_hello peer v2:10.20.193.30:3300/0 says I am v2:10.20.193.30:51068/0 (socket says 10.20.193.30:51068)
2026-02-19T11:39:32.412 INFO:teuthology.orchestra.run.trial030.stdout:/usr/bin/ceph: stderr
2026-02-19T11:39:32.292+0000 7ffaf2138640 1 -- 10.20.193.30:0/1588483639 learned_addr learned my addr 10.20.193.30:0/1588483639 (peer_addr_for_me v2:10.20.193.30:0/0)
2026-02-19T11:39:32.412 INFO:teuthology.orchestra.run.trial030.stdout:/usr/bin/ceph: stderr
2026-02-19T11:39:32.292+0000 7ffaf2138640 1 -- 10.20.193.30:0/1588483639 --> [v2:10.20.193.30:3300/0,v1:10.20.193.30:6789/0] -- mon_subscribe({config=0+,monmap=0+}) -- 0x7ffaec19fc80 con 0x7ffaec07b370
2026-02-19T11:39:32.412 INFO:teuthology.orchestra.run.trial030.stdout:/usr/bin/ceph: stderr
2026-02-19T11:39:32.292+0000 7ffaf2138640 1 --2- 10.20.193.30:0/1588483639 >> [v2:10.20.193.30:3300/0,v1:10.20.193.30:6789/0] conn(0x7ffaec07b370 0x7ffaec19f740 secure :-1 s=READY pgs=42 cs=0 l=1 rev1=1 crypto rx=0x7ffadc037b20 tx=0x7ffadc0358c0 comp rx=0 tx=0).ready entity=mon.0 client_cookie=0 server_cookie=0 in_seq=0 out_seq=0
2026-02-19T11:39:32.413 INFO:teuthology.orchestra.run.trial030.stdout:/usr/bin/ceph: stderr
2026-02-19T11:39:32.293+0000 7ffad37fe640 1 -- 10.20.193.30:0/1588483639 <== mon.0 v2:10.20.193.30:3300/0 1 ==== mon_map magic: 0 ==== 226+0+0 (secure 0 0 0) 0x7ffadc0378f0 con 0x7ffaec07b370
2026-02-19T11:39:32.413 INFO:teuthology.orchestra.run.trial030.stdout:/usr/bin/ceph: stderr
2026-02-19T11:39:32.293+0000 7ffaf43c3640 1 -- 10.20.193.30:0/1588483639 --> [v2:10.20.193.30:3300/0,v1:10.20.193.30:6789/0] -- mon_subscribe({mgrmap=0+}) -- 0x7ffaec19ff10 con 0x7ffaec07b370
2026-02-19T11:39:32.413 INFO:teuthology.orchestra.run.trial030.stdout:/usr/bin/ceph: stderr
2026-02-19T11:39:32.293+0000 7ffad37fe640 1 -- 10.20.193.30:0/1588483639 <== mon.0 v2:10.20.193.30:3300/0 2 ==== config(25 keys) ==== 1007+0+0 (secure 0 0 0) 0x7ffadc035c90 con 0x7ffaec07b370
2026-02-19T11:39:32.413 INFO:teuthology.orchestra.run.trial030.stdout:/usr/bin/ceph: stderr
2026-02-19T11:39:32.293+0000 7ffad37fe640 1 -- 10.20.193.30:0/1588483639 <== mon.0 v2:10.20.193.30:3300/0 3 ==== mon_map magic: 0 ==== 226+0+0 (secure 0 0 0) 0x7ffadc041550 con 0x7ffaec07b370
2026-02-19T11:39:32.413 INFO:teuthology.orchestra.run.trial030.stdout:/usr/bin/ceph: stderr
2026-02-19T11:39:32.293+0000 7ffaf43c3640 1 -- 10.20.193.30:0/1588483639 --> [v2:10.20.193.30:3300/0,v1:10.20.193.30:6789/0] -- mon_subscribe({osdmap=0}) -- 0x7ffaec1a2c00 con 0x7ffaec07b370
2026-02-19T11:39:32.413 INFO:teuthology.orchestra.run.trial030.stdout:/usr/bin/ceph: stderr
2026-02-19T11:39:32.293+0000 7ffaf43c3640 1 -- 10.20.193.30:0/1588483639 --> [v2:10.20.193.30:3300/0,v1:10.20.193.30:6789/0] -- mon_command({"prefix": "get_command_descriptions"} v 0) -- 0x7ffaec10c710 con 0x7ffaec07b370
2026-02-19T11:39:32.414 INFO:teuthology.orchestra.run.trial030.stdout:/usr/bin/ceph: stderr
2026-02-19T11:39:32.293+0000 7ffad37fe640 1 -- 10.20.193.30:0/1588483639 <== mon.0 v2:10.20.193.30:3300/0 4 ==== mgrmap(e 7) ==== 50155+0+0 (secure 0 0 0) 0x7ffadc0428d0 con 0x7ffaec07b370
2026-02-19T11:39:32.414 INFO:teuthology.orchestra.run.trial030.stdout:/usr/bin/ceph: stderr
2026-02-19T11:39:32.293+0000 7ffad37fe640 1 --2- 10.20.193.30:0/1588483639 >> [v2:10.20.193.30:6800/638036417,v1:10.20.193.30:6801/638036417] conn(0x7ffac803dad0 0x7ffac803ff90 unknown :-1 s=NONE pgs=0 cs=0 l=1 rev1=0 crypto rx=0 tx=0 comp rx=0 tx=0).connect
2026-02-19T11:39:32.414 INFO:teuthology.orchestra.run.trial030.stdout:/usr/bin/ceph: stderr
2026-02-19T11:39:32.293+0000 7ffad37fe640 1 -- 10.20.193.30:0/1588483639 <== mon.0 v2:10.20.193.30:3300/0 5 ==== osd_map(2..2 src has 1..2) ==== 940+0+0 (secure 0 0 0) 0x7ffadc076a00 con 0x7ffaec07b370
2026-02-19T11:39:32.414 INFO:teuthology.orchestra.run.trial030.stdout:/usr/bin/ceph: stderr
2026-02-19T11:39:32.294+0000 7ffaf1937640 1 --2- 10.20.193.30:0/1588483639 >> [v2:10.20.193.30:6800/638036417,v1:10.20.193.30:6801/638036417] conn(0x7ffac803dad0 0x7ffac803ff90 unknown :-1 s=BANNER_CONNECTING pgs=0 cs=0 l=1 rev1=0 crypto rx=0 tx=0 comp rx=0 tx=0)._handle_peer_banner_payload supported=3 required=0
2026-02-19T11:39:32.414 INFO:teuthology.orchestra.run.trial030.stdout:/usr/bin/ceph: stderr
2026-02-19T11:39:32.294+0000 7ffaf1937640 1 --2- 10.20.193.30:0/1588483639 >> [v2:10.20.193.30:6800/638036417,v1:10.20.193.30:6801/638036417] conn(0x7ffac803dad0 0x7ffac803ff90 secure :-1 s=READY pgs=10 cs=0 l=1 rev1=1 crypto rx=0x7ffae00099c0 tx=0x7ffae0006eb0 comp rx=0 tx=0).ready entity=mgr.14118 client_cookie=0 server_cookie=0 in_seq=0 out_seq=0
2026-02-19T11:39:32.415 INFO:teuthology.orchestra.run.trial030.stdout:/usr/bin/ceph: stderr
2026-02-19T11:39:32.296+0000 7ffad37fe640 1 -- 10.20.193.30:0/1588483639 <== mon.0 v2:10.20.193.30:3300/0 6 ==== mon_command_ack([{"prefix": "get_command_descriptions"}]=0 v0) ==== 72+0+195034 (secure 0 0 0) 0x7ffadc033c90 con 0x7ffaec07b370
2026-02-19T11:39:32.415 INFO:teuthology.orchestra.run.trial030.stdout:/usr/bin/ceph: stderr
2026-02-19T11:39:32.379+0000 7ffaf43c3640 1 -- 10.20.193.30:0/1588483639 --> [v2:10.20.193.30:6800/638036417,v1:10.20.193.30:6801/638036417] -- mgr_command(tid 0: {"prefix": "cephadm get-pub-key", "target": ["mon-mgr", ""]}) -- 0x7ffaec103060 con 0x7ffac803dad0
2026-02-19T11:39:32.415 INFO:teuthology.orchestra.run.trial030.stdout:/usr/bin/ceph: stderr
2026-02-19T11:39:32.380+0000 7ffad37fe640 1 -- 10.20.193.30:0/1588483639 <== mgr.14118 v2:10.20.193.30:6800/638036417 1 ==== mgr_command_reply(tid 0: 0 ) ==== 8+0+123 (secure 0 0 0) 0x7ffaec103060 con 0x7ffac803dad0
2026-02-19T11:39:32.415 INFO:teuthology.orchestra.run.trial030.stdout:/usr/bin/ceph: stderr
2026-02-19T11:39:32.381+0000 7ffaf43c3640 1 -- 10.20.193.30:0/1588483639 >> [v2:10.20.193.30:6800/638036417,v1:10.20.193.30:6801/638036417] conn(0x7ffac803dad0 msgr2=0x7ffac803ff90 secure :-1 s=STATE_CONNECTION_ESTABLISHED l=1).mark_down
2026-02-19T11:39:32.415 INFO:teuthology.orchestra.run.trial030.stdout:/usr/bin/ceph: stderr
2026-02-19T11:39:32.381+0000 7ffaf43c3640 1 --2- 10.20.193.30:0/1588483639 >> [v2:10.20.193.30:6800/638036417,v1:10.20.193.30:6801/638036417] conn(0x7ffac803dad0 0x7ffac803ff90 secure :-1 s=READY pgs=10 cs=0 l=1 rev1=1 crypto rx=0x7ffae00099c0 tx=0x7ffae0006eb0 comp rx=0 tx=0).stop
2026-02-19T11:39:32.415 INFO:teuthology.orchestra.run.trial030.stdout:/usr/bin/ceph: stderr
2026-02-19T11:39:32.381+0000 7ffaf43c3640 1 -- 10.20.193.30:0/1588483639 >> [v2:10.20.193.30:3300/0,v1:10.20.193.30:6789/0] conn(0x7ffaec07b370 msgr2=0x7ffaec19f740 secure :-1 s=STATE_CONNECTION_ESTABLISHED l=1).mark_down
2026-02-19T11:39:32.416 INFO:teuthology.orchestra.run.trial030.stdout:/usr/bin/ceph: stderr
2026-02-19T11:39:32.381+0000 7ffaf43c3640 1 --2- 10.20.193.30:0/1588483639 >> [v2:10.20.193.30:3300/0,v1:10.20.193.30:6789/0] conn(0x7ffaec07b370 0x7ffaec19f740 secure :-1 s=READY pgs=42 cs=0 l=1 rev1=1 crypto rx=0x7ffadc037b20 tx=0x7ffadc0358c0 comp rx=0 tx=0).stop
2026-02-19T11:39:32.416 INFO:teuthology.orchestra.run.trial030.stdout:/usr/bin/ceph: stderr
2026-02-19T11:39:32.381+0000 7ffaf43c3640 1 -- 10.20.193.30:0/1588483639 shutdown_connections
2026-02-19T11:39:32.416 INFO:teuthology.orchestra.run.trial030.stdout:/usr/bin/ceph: stderr
2026-02-19T11:39:32.381+0000 7ffaf43c3640 1 --2- 10.20.193.30:0/1588483639 >> [v2:10.20.193.30:6800/638036417,v1:10.20.193.30:6801/638036417] conn(0x7ffac803dad0 0x7ffac803ff90 unknown :-1 s=CLOSED pgs=10 cs=0 l=1 rev1=1 crypto rx=0 tx=0 comp rx=0 tx=0).stop
2026-02-19T11:39:32.416 INFO:teuthology.orchestra.run.trial030.stdout:/usr/bin/ceph: stderr
2026-02-19T11:39:32.381+0000 7ffaf43c3640 1 --2- 10.20.193.30:0/1588483639 >> [v2:10.20.193.30:3300/0,v1:10.20.193.30:6789/0] conn(0x7ffaec07b370 0x7ffaec19f740 unknown :-1 s=CLOSED pgs=42 cs=0 l=1 rev1=1 crypto rx=0 tx=0 comp rx=0 tx=0).stop
2026-02-19T11:39:32.416 INFO:teuthology.orchestra.run.trial030.stdout:/usr/bin/ceph: stderr
2026-02-19T11:39:32.381+0000 7ffaf43c3640 1 -- 10.20.193.30:0/1588483639 >> 10.20.193.30:0/1588483639 conn(0x7ffaec101ce0 msgr2=0x7ffaec102950 unknown :-1 s=STATE_NONE l=0).mark_down
2026-02-19T11:39:32.416 INFO:teuthology.orchestra.run.trial030.stdout:/usr/bin/ceph: stderr
2026-02-19T11:39:32.381+0000 7ffaf43c3640 1 -- 10.20.193.30:0/1588483639 shutdown_connections
2026-02-19T11:39:32.417 INFO:teuthology.orchestra.run.trial030.stdout:/usr/bin/ceph: stderr
2026-02-19T11:39:32.381+0000 7ffaf43c3640 1 -- 10.20.193.30:0/1588483639 wait complete.
2026-02-19T11:39:32.417 INFO:teuthology.orchestra.run.trial030.stdout:Wrote public SSH key to /home/ubuntu/cephtest/ceph.pub
2026-02-19T11:39:32.417 INFO:teuthology.orchestra.run.trial030.stdout:Adding key to root@localhost authorized_keys...
2026-02-19T11:39:32.417 INFO:teuthology.orchestra.run.trial030.stdout:Adding host trial030...
2026-02-19T11:39:32.640 INFO:journalctl@ceph.mon.trial030.trial030.stdout:Feb 19 11:39:32 trial030 ceph-mon[21549]: [19/Feb/2026:11:39:31] ENGINE Bus STARTING
2026-02-19T11:39:32.641 INFO:journalctl@ceph.mon.trial030.trial030.stdout:Feb 19 11:39:32 trial030 ceph-mon[21549]: from='client.14122 -' entity='client.admin' cmd=[{"prefix": "get_command_descriptions"}]: dispatch
2026-02-19T11:39:32.641 INFO:journalctl@ceph.mon.trial030.trial030.stdout:Feb 19 11:39:32 trial030 ceph-mon[21549]: from='client.14122 -' entity='client.admin' cmd=[{"prefix": "mgr_status"}]: dispatch
2026-02-19T11:39:32.641 INFO:journalctl@ceph.mon.trial030.trial030.stdout:Feb 19 11:39:32 trial030 ceph-mon[21549]: [19/Feb/2026:11:39:31] ENGINE Serving on http://10.20.193.30:8765
2026-02-19T11:39:32.641 INFO:journalctl@ceph.mon.trial030.trial030.stdout:Feb 19 11:39:32 trial030 ceph-mon[21549]: [19/Feb/2026:11:39:31] ENGINE Serving on https://10.20.193.30:7150
2026-02-19T11:39:32.641 INFO:journalctl@ceph.mon.trial030.trial030.stdout:Feb 19 11:39:32 trial030 ceph-mon[21549]: [19/Feb/2026:11:39:31] ENGINE Bus STARTED
2026-02-19T11:39:32.642 INFO:journalctl@ceph.mon.trial030.trial030.stdout:Feb 19 11:39:32 trial030 ceph-mon[21549]: from='mgr.14118 10.20.193.30:0/1547055446' entity='mgr.trial030.zvhzyq' cmd=[{"prefix": "config dump", "format": "json"}]: dispatch
2026-02-19T11:39:32.642 INFO:journalctl@ceph.mon.trial030.trial030.stdout:Feb 19 11:39:32 trial030 ceph-mon[21549]: [19/Feb/2026:11:39:31] ENGINE Client ('10.20.193.30', 45206) lost — peer dropped the TLS connection suddenly, during handshake: (6, 'TLS/SSL connection has been closed (EOF) (_ssl.c:1147)')
2026-02-19T11:39:32.642 INFO:journalctl@ceph.mon.trial030.trial030.stdout:Feb 19 11:39:32 trial030 ceph-mon[21549]: from='client.14130 -' entity='client.admin' cmd=[{"prefix": "orch set backend", "module_name": "cephadm", "target": ["mon-mgr", ""]}]: dispatch
2026-02-19T11:39:32.642 INFO:journalctl@ceph.mon.trial030.trial030.stdout:Feb 19 11:39:32 trial030 ceph-mon[21549]: from='mgr.14118 10.20.193.30:0/1547055446' entity='mgr.trial030.zvhzyq'
2026-02-19T11:39:32.642 INFO:journalctl@ceph.mon.trial030.trial030.stdout:Feb 19 11:39:32 trial030 ceph-mon[21549]: from='mgr.14118 10.20.193.30:0/1547055446' entity='mgr.trial030.zvhzyq' cmd=[{"prefix": "config dump", "format": "json"}]: dispatch
2026-02-19T11:39:32.642 INFO:journalctl@ceph.mon.trial030.trial030.stdout:Feb 19 11:39:32 trial030 ceph-mon[21549]: from='mgr.14118 10.20.193.30:0/1547055446' entity='mgr.trial030.zvhzyq'
2026-02-19T11:39:32.643 INFO:journalctl@ceph.mon.trial030.trial030.stdout:Feb 19 11:39:32 trial030 ceph-mon[21549]: from='mgr.14118 10.20.193.30:0/1547055446' entity='mgr.trial030.zvhzyq'
2026-02-19T11:39:33.823 INFO:journalctl@ceph.mon.trial030.trial030.stdout:Feb 19 11:39:33 trial030 ceph-mon[21549]: from='client.14132 -' entity='client.admin' cmd=[{"prefix": "cephadm set-user", "user": "root", "target": ["mon-mgr", ""]}]: dispatch
2026-02-19T11:39:33.823 INFO:journalctl@ceph.mon.trial030.trial030.stdout:Feb 19 11:39:33 trial030 ceph-mon[21549]: from='client.14134 -' entity='client.admin' cmd=[{"prefix": "cephadm generate-key", "target": ["mon-mgr", ""]}]: dispatch
2026-02-19T11:39:33.823 INFO:journalctl@ceph.mon.trial030.trial030.stdout:Feb 19 11:39:33 trial030 ceph-mon[21549]: Generating ssh key...
2026-02-19T11:39:33.823 INFO:journalctl@ceph.mon.trial030.trial030.stdout:Feb 19 11:39:33 trial030 ceph-mon[21549]: from='client.14136 -' entity='client.admin' cmd=[{"prefix": "cephadm get-pub-key", "target": ["mon-mgr", ""]}]: dispatch
2026-02-19T11:39:33.823 INFO:journalctl@ceph.mon.trial030.trial030.stdout:Feb 19 11:39:33 trial030 ceph-mon[21549]: from='client.14138 -' entity='client.admin' cmd=[{"prefix": "orch host add", "hostname": "trial030", "addr": "10.20.193.30", "target": ["mon-mgr", ""]}]: dispatch
2026-02-19T11:39:33.823 INFO:journalctl@ceph.mon.trial030.trial030.stdout:Feb 19 11:39:33 trial030 ceph-mon[21549]: mgrmap e8: trial030.zvhzyq(active, since 2s)
2026-02-19T11:39:34.056 INFO:teuthology.orchestra.run.trial030.stdout:/usr/bin/ceph: stdout Added host 'trial030' with addr '10.20.193.30'
2026-02-19T11:39:34.056 INFO:teuthology.orchestra.run.trial030.stdout:/usr/bin/ceph: stderr
2026-02-19T11:39:32.491+0000 7fdb602f5640 1 Processor -- start
2026-02-19T11:39:34.056 INFO:teuthology.orchestra.run.trial030.stdout:/usr/bin/ceph: stderr
2026-02-19T11:39:32.491+0000 7fdb602f5640 1 -- start start
2026-02-19T11:39:34.056 INFO:teuthology.orchestra.run.trial030.stdout:/usr/bin/ceph: stderr
2026-02-19T11:39:32.491+0000 7fdb602f5640 1 --2- >> [v2:10.20.193.30:3300/0,v1:10.20.193.30:6789/0] conn(0x7fdb58107600 0x7fdb58107a00 unknown :-1 s=NONE pgs=0 cs=0 l=0 rev1=0 crypto rx=0 tx=0 comp rx=0 tx=0).connect
2026-02-19T11:39:34.056 INFO:teuthology.orchestra.run.trial030.stdout:/usr/bin/ceph: stderr
2026-02-19T11:39:32.491+0000 7fdb602f5640 1 -- --> [v2:10.20.193.30:3300/0,v1:10.20.193.30:6789/0] -- mon_getmap magic: 0 -- 0x7fdb58107fd0 con 0x7fdb58107600
2026-02-19T11:39:34.057 INFO:teuthology.orchestra.run.trial030.stdout:/usr/bin/ceph: stderr
2026-02-19T11:39:32.491+0000 7fdb5e06a640 1 --2- >> [v2:10.20.193.30:3300/0,v1:10.20.193.30:6789/0] conn(0x7fdb58107600 0x7fdb58107a00 unknown :-1 s=BANNER_CONNECTING pgs=0 cs=0 l=0 rev1=0 crypto rx=0 tx=0 comp rx=0 tx=0)._handle_peer_banner_payload supported=3 required=0
2026-02-19T11:39:34.057 INFO:teuthology.orchestra.run.trial030.stdout:/usr/bin/ceph: stderr
2026-02-19T11:39:32.491+0000 7fdb5e06a640 1 --2- >> [v2:10.20.193.30:3300/0,v1:10.20.193.30:6789/0] conn(0x7fdb58107600 0x7fdb58107a00 unknown :-1 s=HELLO_CONNECTING pgs=0 cs=0 l=0 rev1=1 crypto rx=0 tx=0 comp rx=0 tx=0).handle_hello peer v2:10.20.193.30:3300/0 says I am v2:10.20.193.30:51072/0 (socket says 10.20.193.30:51072)
2026-02-19T11:39:34.057 INFO:teuthology.orchestra.run.trial030.stdout:/usr/bin/ceph: stderr
2026-02-19T11:39:32.491+0000 7fdb5e06a640 1 -- 10.20.193.30:0/1952566321 learned_addr learned my addr 10.20.193.30:0/1952566321 (peer_addr_for_me v2:10.20.193.30:0/0)
2026-02-19T11:39:34.057 INFO:teuthology.orchestra.run.trial030.stdout:/usr/bin/ceph: stderr
2026-02-19T11:39:32.491+0000 7fdb5e06a640 1 -- 10.20.193.30:0/1952566321 --> [v2:10.20.193.30:3300/0,v1:10.20.193.30:6789/0] -- mon_subscribe({config=0+,monmap=0+}) -- 0x7fdb58108800 con 0x7fdb58107600
2026-02-19T11:39:34.057 INFO:teuthology.orchestra.run.trial030.stdout:/usr/bin/ceph: stderr
2026-02-19T11:39:32.492+0000 7fdb5e06a640 1 --2- 10.20.193.30:0/1952566321 >> [v2:10.20.193.30:3300/0,v1:10.20.193.30:6789/0] conn(0x7fdb58107600 0x7fdb58107a00 secure :-1 s=READY pgs=43 cs=0 l=1 rev1=1 crypto rx=0x7fdb48009920 tx=0x7fdb4802ef20 comp rx=0 tx=0).ready entity=mon.0 client_cookie=6b279e253f625bda server_cookie=0 in_seq=0 out_seq=0
2026-02-19T11:39:34.057 INFO:teuthology.orchestra.run.trial030.stdout:/usr/bin/ceph: stderr
2026-02-19T11:39:32.492+0000 7fdb5d068640 1 -- 10.20.193.30:0/1952566321 <== mon.0 v2:10.20.193.30:3300/0 1 ==== mon_map magic: 0 ==== 226+0+0 (secure 0 0 0) 0x7fdb4803c070 con 0x7fdb58107600
2026-02-19T11:39:34.057 INFO:teuthology.orchestra.run.trial030.stdout:/usr/bin/ceph: stderr
2026-02-19T11:39:32.492+0000 7fdb5d068640 1 -- 10.20.193.30:0/1952566321 <== mon.0 v2:10.20.193.30:3300/0 2 ==== config(25 keys) ==== 1007+0+0 (secure 0 0 0) 0x7fdb4802fe00 con 0x7fdb58107600
2026-02-19T11:39:34.057 INFO:teuthology.orchestra.run.trial030.stdout:/usr/bin/ceph: stderr
2026-02-19T11:39:32.492+0000 7fdb5d068640 1 -- 10.20.193.30:0/1952566321 <== mon.0 v2:10.20.193.30:3300/0 3 ==== mon_map magic: 0 ==== 226+0+0 (secure 0 0 0) 0x7fdb48035340 con 0x7fdb58107600
2026-02-19T11:39:34.057 INFO:teuthology.orchestra.run.trial030.stdout:/usr/bin/ceph: stderr
2026-02-19T11:39:32.492+0000 7fdb602f5640 1 -- 10.20.193.30:0/1952566321 >> [v2:10.20.193.30:3300/0,v1:10.20.193.30:6789/0] conn(0x7fdb58107600 msgr2=0x7fdb58107a00 secure :-1 s=STATE_CONNECTION_ESTABLISHED l=1).mark_down
2026-02-19T11:39:34.058 INFO:teuthology.orchestra.run.trial030.stdout:/usr/bin/ceph: stderr
2026-02-19T11:39:32.492+0000 7fdb602f5640 1 --2- 10.20.193.30:0/1952566321 >> [v2:10.20.193.30:3300/0,v1:10.20.193.30:6789/0] conn(0x7fdb58107600 0x7fdb58107a00 secure :-1 s=READY pgs=43 cs=0 l=1 rev1=1 crypto rx=0x7fdb48009920 tx=0x7fdb4802ef20 comp rx=0 tx=0).stop
2026-02-19T11:39:34.058 INFO:teuthology.orchestra.run.trial030.stdout:/usr/bin/ceph: stderr
2026-02-19T11:39:32.492+0000 7fdb602f5640 1 -- 10.20.193.30:0/1952566321 shutdown_connections
2026-02-19T11:39:34.058 INFO:teuthology.orchestra.run.trial030.stdout:/usr/bin/ceph: stderr
2026-02-19T11:39:32.492+0000 7fdb602f5640 1 --2- 10.20.193.30:0/1952566321 >> [v2:10.20.193.30:3300/0,v1:10.20.193.30:6789/0] conn(0x7fdb58107600 0x7fdb58107a00 unknown :-1 s=CLOSED pgs=43 cs=0 l=1 rev1=1 crypto rx=0 tx=0 comp rx=0 tx=0).stop
2026-02-19T11:39:34.058 INFO:teuthology.orchestra.run.trial030.stdout:/usr/bin/ceph: stderr
2026-02-19T11:39:32.492+0000 7fdb602f5640 1 -- 10.20.193.30:0/1952566321 >> 10.20.193.30:0/1952566321 conn(0x7fdb58102dd0 msgr2=0x7fdb581051f0 unknown :-1 s=STATE_NONE l=0).mark_down
2026-02-19T11:39:34.058 INFO:teuthology.orchestra.run.trial030.stdout:/usr/bin/ceph: stderr
2026-02-19T11:39:32.492+0000 7fdb602f5640 1 -- 10.20.193.30:0/1952566321 shutdown_connections
2026-02-19T11:39:34.058 INFO:teuthology.orchestra.run.trial030.stdout:/usr/bin/ceph: stderr
2026-02-19T11:39:32.492+0000 7fdb602f5640 1 -- 10.20.193.30:0/1952566321 wait complete.
2026-02-19T11:39:34.058 INFO:teuthology.orchestra.run.trial030.stdout:/usr/bin/ceph: stderr
2026-02-19T11:39:32.493+0000 7fdb602f5640 1 Processor -- start
2026-02-19T11:39:34.058 INFO:teuthology.orchestra.run.trial030.stdout:/usr/bin/ceph: stderr
2026-02-19T11:39:32.493+0000 7fdb602f5640 1 -- start start
2026-02-19T11:39:34.058 INFO:teuthology.orchestra.run.trial030.stdout:/usr/bin/ceph: stderr
2026-02-19T11:39:32.493+0000 7fdb602f5640 1 --2- >> [v2:10.20.193.30:3300/0,v1:10.20.193.30:6789/0] conn(0x7fdb58107600 0x7fdb5819d520 unknown :-1 s=NONE pgs=0 cs=0 l=1 rev1=0 crypto rx=0 tx=0 comp rx=0 tx=0).connect
2026-02-19T11:39:34.058 INFO:teuthology.orchestra.run.trial030.stdout:/usr/bin/ceph: stderr
2026-02-19T11:39:32.493+0000 7fdb602f5640 1 -- --> [v2:10.20.193.30:3300/0,v1:10.20.193.30:6789/0] -- mon_getmap magic: 0 -- 0x7fdb5810ba30 con 0x7fdb58107600
2026-02-19T11:39:34.058 INFO:teuthology.orchestra.run.trial030.stdout:/usr/bin/ceph: stderr
2026-02-19T11:39:32.493+0000 7fdb5e06a640 1 --2- >> [v2:10.20.193.30:3300/0,v1:10.20.193.30:6789/0] conn(0x7fdb58107600 0x7fdb5819d520 unknown :-1 s=BANNER_CONNECTING pgs=0 cs=0 l=1 rev1=0 crypto rx=0 tx=0 comp rx=0 tx=0)._handle_peer_banner_payload supported=3 required=0
2026-02-19T11:39:34.058 INFO:teuthology.orchestra.run.trial030.stdout:/usr/bin/ceph: stderr
2026-02-19T11:39:32.493+0000 7fdb5e06a640 1 --2- >> [v2:10.20.193.30:3300/0,v1:10.20.193.30:6789/0] conn(0x7fdb58107600 0x7fdb5819d520 unknown :-1 s=HELLO_CONNECTING pgs=0 cs=0 l=1 rev1=1 crypto rx=0 tx=0 comp rx=0 tx=0).handle_hello peer v2:10.20.193.30:3300/0 says I am v2:10.20.193.30:51074/0 (socket says 10.20.193.30:51074)
2026-02-19T11:39:34.059 INFO:teuthology.orchestra.run.trial030.stdout:/usr/bin/ceph: stderr
2026-02-19T11:39:32.493+0000 7fdb5e06a640 1 -- 10.20.193.30:0/1235157499 learned_addr learned my addr 10.20.193.30:0/1235157499 (peer_addr_for_me v2:10.20.193.30:0/0)
2026-02-19T11:39:34.059 INFO:teuthology.orchestra.run.trial030.stdout:/usr/bin/ceph: stderr
2026-02-19T11:39:32.493+0000 7fdb5e06a640 1 -- 10.20.193.30:0/1235157499 --> [v2:10.20.193.30:3300/0,v1:10.20.193.30:6789/0] -- mon_subscribe({config=0+,monmap=0+}) -- 0x7fdb5819da60 con 0x7fdb58107600
2026-02-19T11:39:34.059 INFO:teuthology.orchestra.run.trial030.stdout:/usr/bin/ceph: stderr
2026-02-19T11:39:32.493+0000 7fdb5e06a640 1 --2- 10.20.193.30:0/1235157499 >> [v2:10.20.193.30:3300/0,v1:10.20.193.30:6789/0] conn(0x7fdb58107600 0x7fdb5819d520 secure :-1 s=READY pgs=44 cs=0 l=1 rev1=1 crypto rx=0x7fdb48002410 tx=0x7fdb48037a50 comp rx=0 tx=0).ready entity=mon.0 client_cookie=0 server_cookie=0 in_seq=0 out_seq=0
2026-02-19T11:39:34.059 INFO:teuthology.orchestra.run.trial030.stdout:/usr/bin/ceph: stderr
2026-02-19T11:39:32.493+0000 7fdb3f7fe640 1 -- 10.20.193.30:0/1235157499 <== mon.0 v2:10.20.193.30:3300/0 1 ==== mon_map magic: 0 ==== 226+0+0 (secure 0 0 0) 0x7fdb48035970 con 0x7fdb58107600
2026-02-19T11:39:34.059 INFO:teuthology.orchestra.run.trial030.stdout:/usr/bin/ceph: stderr
2026-02-19T11:39:32.494+0000 7fdb3f7fe640 1 -- 10.20.193.30:0/1235157499 <== mon.0 v2:10.20.193.30:3300/0 2 ==== config(25 keys) ==== 1007+0+0 (secure 0 0 0) 0x7fdb480423f0 con 0x7fdb58107600
2026-02-19T11:39:34.059 INFO:teuthology.orchestra.run.trial030.stdout:/usr/bin/ceph: stderr
2026-02-19T11:39:32.494+0000 7fdb602f5640 1 -- 10.20.193.30:0/1235157499 --> [v2:10.20.193.30:3300/0,v1:10.20.193.30:6789/0] -- mon_subscribe({mgrmap=0+}) -- 0x7fdb5819dcf0 con 0x7fdb58107600
2026-02-19T11:39:34.059 INFO:teuthology.orchestra.run.trial030.stdout:/usr/bin/ceph: stderr
2026-02-19T11:39:32.494+0000 7fdb3f7fe640 1 -- 10.20.193.30:0/1235157499 <== mon.0 v2:10.20.193.30:3300/0 3 ==== mon_map magic: 0 ==== 226+0+0 (secure 0 0 0) 0x7fdb480413a0 con 0x7fdb58107600
2026-02-19T11:39:34.059 INFO:teuthology.orchestra.run.trial030.stdout:/usr/bin/ceph: stderr
2026-02-19T11:39:32.494+0000 7fdb602f5640 1 -- 10.20.193.30:0/1235157499 --> [v2:10.20.193.30:3300/0,v1:10.20.193.30:6789/0] -- mon_subscribe({osdmap=0}) -- 0x7fdb581a09e0 con 0x7fdb58107600
2026-02-19T11:39:34.059 INFO:teuthology.orchestra.run.trial030.stdout:/usr/bin/ceph: stderr
2026-02-19T11:39:32.494+0000 7fdb602f5640 1 -- 10.20.193.30:0/1235157499 --> [v2:10.20.193.30:3300/0,v1:10.20.193.30:6789/0] -- mon_command({"prefix": "get_command_descriptions"} v 0) -- 0x7fdb58107a80 con 0x7fdb58107600
2026-02-19T11:39:34.059 INFO:teuthology.orchestra.run.trial030.stdout:/usr/bin/ceph: stderr
2026-02-19T11:39:32.494+0000 7fdb3f7fe640 1 -- 10.20.193.30:0/1235157499 <== mon.0 v2:10.20.193.30:3300/0 4 ==== mgrmap(e 7) ==== 50155+0+0 (secure 0 0 0) 0x7fdb480428a0 con 0x7fdb58107600
2026-02-19T11:39:34.060 INFO:teuthology.orchestra.run.trial030.stdout:/usr/bin/ceph: stderr
2026-02-19T11:39:32.494+0000 7fdb3f7fe640 1 --2- 10.20.193.30:0/1235157499 >> [v2:10.20.193.30:6800/638036417,v1:10.20.193.30:6801/638036417] conn(0x7fdb3403da80 0x7fdb3403ff40 unknown :-1 s=NONE pgs=0 cs=0 l=1 rev1=0 crypto rx=0 tx=0 comp rx=0 tx=0).connect
2026-02-19T11:39:34.060 INFO:teuthology.orchestra.run.trial030.stdout:/usr/bin/ceph: stderr
2026-02-19T11:39:32.494+0000 7fdb3f7fe640 1 -- 10.20.193.30:0/1235157499 <== mon.0 v2:10.20.193.30:3300/0 5 ==== osd_map(2..2 src has 1..2) ==== 940+0+0 (secure 0 0 0) 0x7fdb48076410 con 0x7fdb58107600
2026-02-19T11:39:34.060 INFO:teuthology.orchestra.run.trial030.stdout:/usr/bin/ceph: stderr
2026-02-19T11:39:32.494+0000 7fdb5d869640 1 --2- 10.20.193.30:0/1235157499 >> [v2:10.20.193.30:6800/638036417,v1:10.20.193.30:6801/638036417] conn(0x7fdb3403da80 0x7fdb3403ff40 unknown :-1 s=BANNER_CONNECTING pgs=0 cs=0 l=1 rev1=0 crypto rx=0 tx=0 comp rx=0 tx=0)._handle_peer_banner_payload supported=3 required=0
2026-02-19T11:39:34.060 INFO:teuthology.orchestra.run.trial030.stdout:/usr/bin/ceph: stderr
2026-02-19T11:39:32.495+0000 7fdb5d869640 1 --2- 10.20.193.30:0/1235157499 >> [v2:10.20.193.30:6800/638036417,v1:10.20.193.30:6801/638036417] conn(0x7fdb3403da80 0x7fdb3403ff40 secure :-1 s=READY pgs=11 cs=0 l=1 rev1=1 crypto rx=0x7fdb4c0099c0 tx=0x7fdb4c006eb0 comp rx=0 tx=0).ready entity=mgr.14118 client_cookie=0 server_cookie=0 in_seq=0 out_seq=0
2026-02-19T11:39:34.060 INFO:teuthology.orchestra.run.trial030.stdout:/usr/bin/ceph: stderr
2026-02-19T11:39:32.497+0000 7fdb3f7fe640 1 -- 10.20.193.30:0/1235157499 <== mon.0 v2:10.20.193.30:3300/0 6 ==== mon_command_ack([{"prefix": "get_command_descriptions"}]=0 v0) ==== 72+0+195034 (secure 0 0 0) 0x7fdb4803ad80 con 0x7fdb58107600
2026-02-19T11:39:34.060 INFO:teuthology.orchestra.run.trial030.stdout:/usr/bin/ceph: stderr
