2026-02-19T11:39:26.892+0000 7fc46cde0640 1 -- 10.20.193.30:0/694374290 <== mon.0 v2:10.20.193.30:3300/0 1 ==== mon_map magic: 0 ==== 226+0+0 (secure 0 0 0) 0x7fc45803c070 con 0x7fc4681096c0
2026-02-19T11:39:27.008 INFO:teuthology.orchestra.run.trial030.stdout:/usr/bin/ceph: stderr
2026-02-19T11:39:26.892+0000 7fc46cde0640 1 -- 10.20.193.30:0/694374290 <== mon.0 v2:10.20.193.30:3300/0 2 ==== config(25 keys) ==== 1007+0+0 (secure 0 0 0) 0x7fc45802fe00 con 0x7fc4681096c0
2026-02-19T11:39:27.008 INFO:teuthology.orchestra.run.trial030.stdout:/usr/bin/ceph: stderr
2026-02-19T11:39:26.892+0000 7fc46cde0640 1 -- 10.20.193.30:0/694374290 <== mon.0 v2:10.20.193.30:3300/0 3 ==== mon_map magic: 0 ==== 226+0+0 (secure 0 0 0) 0x7fc458035340 con 0x7fc4681096c0
2026-02-19T11:39:27.008 INFO:teuthology.orchestra.run.trial030.stdout:/usr/bin/ceph: stderr
2026-02-19T11:39:26.892+0000 7fc46ede4640 1 -- 10.20.193.30:0/694374290 >> [v2:10.20.193.30:3300/0,v1:10.20.193.30:6789/0] conn(0x7fc4681096c0 msgr2=0x7fc468109ac0 secure :-1 s=STATE_CONNECTION_ESTABLISHED l=1).mark_down
2026-02-19T11:39:27.008 INFO:teuthology.orchestra.run.trial030.stdout:/usr/bin/ceph: stderr
2026-02-19T11:39:26.892+0000 7fc46ede4640 1 --2- 10.20.193.30:0/694374290 >> [v2:10.20.193.30:3300/0,v1:10.20.193.30:6789/0] conn(0x7fc4681096c0 0x7fc468109ac0 secure :-1 s=READY pgs=18 cs=0 l=1 rev1=1 crypto rx=0x7fc458009920 tx=0x7fc45802ef20 comp rx=0 tx=0).stop
2026-02-19T11:39:27.008 INFO:teuthology.orchestra.run.trial030.stdout:/usr/bin/ceph: stderr
2026-02-19T11:39:26.892+0000 7fc46ede4640 1 -- 10.20.193.30:0/694374290 shutdown_connections
2026-02-19T11:39:27.008 INFO:teuthology.orchestra.run.trial030.stdout:/usr/bin/ceph: stderr
2026-02-19T11:39:26.892+0000 7fc46ede4640 1 --2- 10.20.193.30:0/694374290 >> [v2:10.20.193.30:3300/0,v1:10.20.193.30:6789/0] conn(0x7fc4681096c0 0x7fc468109ac0 unknown :-1 s=CLOSED pgs=18 cs=0 l=1 rev1=1 crypto rx=0 tx=0 comp rx=0 tx=0).stop
2026-02-19T11:39:27.008 INFO:teuthology.orchestra.run.trial030.stdout:/usr/bin/ceph: stderr
2026-02-19T11:39:26.892+0000 7fc46ede4640 1 -- 10.20.193.30:0/694374290 >> 10.20.193.30:0/694374290 conn(0x7fc46807cbf0 msgr2=0x7fc46807d000 unknown :-1 s=STATE_NONE l=0).mark_down
2026-02-19T11:39:27.008 INFO:teuthology.orchestra.run.trial030.stdout:/usr/bin/ceph: stderr
2026-02-19T11:39:26.892+0000 7fc46ede4640 1 -- 10.20.193.30:0/694374290 shutdown_connections
2026-02-19T11:39:27.008 INFO:teuthology.orchestra.run.trial030.stdout:/usr/bin/ceph: stderr
2026-02-19T11:39:26.892+0000 7fc46ede4640 1 -- 10.20.193.30:0/694374290 wait complete.
2026-02-19T11:39:27.008 INFO:teuthology.orchestra.run.trial030.stdout:/usr/bin/ceph: stderr
2026-02-19T11:39:26.893+0000 7fc46ede4640 1 Processor -- start
2026-02-19T11:39:27.008 INFO:teuthology.orchestra.run.trial030.stdout:/usr/bin/ceph: stderr
2026-02-19T11:39:26.893+0000 7fc46ede4640 1 -- start start
2026-02-19T11:39:27.009 INFO:teuthology.orchestra.run.trial030.stdout:/usr/bin/ceph: stderr
2026-02-19T11:39:26.893+0000 7fc46ede4640 1 --2- >> [v2:10.20.193.30:3300/0,v1:10.20.193.30:6789/0] conn(0x7fc4681096c0 0x7fc46819f590 unknown :-1 s=NONE pgs=0 cs=0 l=1 rev1=0 crypto rx=0 tx=0 comp rx=0 tx=0).connect
2026-02-19T11:39:27.010 INFO:teuthology.orchestra.run.trial030.stdout:/usr/bin/ceph: stderr
2026-02-19T11:39:26.893+0000 7fc46ede4640 1 -- --> [v2:10.20.193.30:3300/0,v1:10.20.193.30:6789/0] -- mon_getmap magic: 0 -- 0x7fc46810daf0 con 0x7fc4681096c0
2026-02-19T11:39:27.010 INFO:teuthology.orchestra.run.trial030.stdout:/usr/bin/ceph: stderr
2026-02-19T11:39:26.893+0000 7fc46dde2640 1 --2- >> [v2:10.20.193.30:3300/0,v1:10.20.193.30:6789/0] conn(0x7fc4681096c0 0x7fc46819f590 unknown :-1 s=BANNER_CONNECTING pgs=0 cs=0 l=1 rev1=0 crypto rx=0 tx=0 comp rx=0 tx=0)._handle_peer_banner_payload supported=3 required=0
2026-02-19T11:39:27.010 INFO:teuthology.orchestra.run.trial030.stdout:/usr/bin/ceph: stderr
2026-02-19T11:39:26.893+0000 7fc46dde2640 1 --2- >> [v2:10.20.193.30:3300/0,v1:10.20.193.30:6789/0] conn(0x7fc4681096c0 0x7fc46819f590 unknown :-1 s=HELLO_CONNECTING pgs=0 cs=0 l=1 rev1=1 crypto rx=0 tx=0 comp rx=0 tx=0).handle_hello peer v2:10.20.193.30:3300/0 says I am v2:10.20.193.30:50884/0 (socket says 10.20.193.30:50884)
2026-02-19T11:39:27.010 INFO:teuthology.orchestra.run.trial030.stdout:/usr/bin/ceph: stderr
2026-02-19T11:39:26.893+0000 7fc46dde2640 1 -- 10.20.193.30:0/476371747 learned_addr learned my addr 10.20.193.30:0/476371747 (peer_addr_for_me v2:10.20.193.30:0/0)
2026-02-19T11:39:27.015 INFO:teuthology.orchestra.run.trial030.stdout:/usr/bin/ceph: stderr
2026-02-19T11:39:26.893+0000 7fc46dde2640 1 -- 10.20.193.30:0/476371747 --> [v2:10.20.193.30:3300/0,v1:10.20.193.30:6789/0] -- mon_subscribe({config=0+,monmap=0+}) -- 0x7fc46819fad0 con 0x7fc4681096c0
2026-02-19T11:39:27.015 INFO:teuthology.orchestra.run.trial030.stdout:/usr/bin/ceph: stderr
2026-02-19T11:39:26.893+0000 7fc46dde2640 1 --2- 10.20.193.30:0/476371747 >> [v2:10.20.193.30:3300/0,v1:10.20.193.30:6789/0] conn(0x7fc4681096c0 0x7fc46819f590 secure :-1 s=READY pgs=19 cs=0 l=1 rev1=1 crypto rx=0x7fc458002410 tx=0x7fc458037a50 comp rx=0 tx=0).ready entity=mon.0 client_cookie=0 server_cookie=0 in_seq=0 out_seq=0
2026-02-19T11:39:27.015 INFO:teuthology.orchestra.run.trial030.stdout:/usr/bin/ceph: stderr
2026-02-19T11:39:26.893+0000 7fc456ffd640 1 -- 10.20.193.30:0/476371747 <== mon.0 v2:10.20.193.30:3300/0 1 ==== mon_map magic: 0 ==== 226+0+0 (secure 0 0 0) 0x7fc458035970 con 0x7fc4681096c0
2026-02-19T11:39:27.015 INFO:teuthology.orchestra.run.trial030.stdout:/usr/bin/ceph: stderr
2026-02-19T11:39:26.893+0000 7fc456ffd640 1 -- 10.20.193.30:0/476371747 <== mon.0 v2:10.20.193.30:3300/0 2 ==== config(25 keys) ==== 1007+0+0 (secure 0 0 0) 0x7fc4580423f0 con 0x7fc4681096c0
2026-02-19T11:39:27.015 INFO:teuthology.orchestra.run.trial030.stdout:/usr/bin/ceph: stderr
2026-02-19T11:39:26.893+0000 7fc46ede4640 1 -- 10.20.193.30:0/476371747 --> [v2:10.20.193.30:3300/0,v1:10.20.193.30:6789/0] -- mon_subscribe({mgrmap=0+}) -- 0x7fc46819fd60 con 0x7fc4681096c0
2026-02-19T11:39:27.015 INFO:teuthology.orchestra.run.trial030.stdout:/usr/bin/ceph: stderr
2026-02-19T11:39:26.893+0000 7fc456ffd640 1 -- 10.20.193.30:0/476371747 <== mon.0 v2:10.20.193.30:3300/0 3 ==== mon_map magic: 0 ==== 226+0+0 (secure 0 0 0) 0x7fc4580413a0 con 0x7fc4681096c0
2026-02-19T11:39:27.015 INFO:teuthology.orchestra.run.trial030.stdout:/usr/bin/ceph: stderr
2026-02-19T11:39:26.893+0000 7fc46ede4640 1 -- 10.20.193.30:0/476371747 --> [v2:10.20.193.30:3300/0,v1:10.20.193.30:6789/0] -- mon_subscribe({osdmap=0}) -- 0x7fc4681a2a50 con 0x7fc4681096c0
2026-02-19T11:39:27.015 INFO:teuthology.orchestra.run.trial030.stdout:/usr/bin/ceph: stderr
2026-02-19T11:39:26.894+0000 7fc46ede4640 1 -- 10.20.193.30:0/476371747 --> [v2:10.20.193.30:3300/0,v1:10.20.193.30:6789/0] -- mon_command({"prefix": "get_command_descriptions"} v 0) -- 0x7fc468109b40 con 0x7fc4681096c0
2026-02-19T11:39:27.015 INFO:teuthology.orchestra.run.trial030.stdout:/usr/bin/ceph: stderr
2026-02-19T11:39:26.894+0000 7fc456ffd640 1 -- 10.20.193.30:0/476371747 <== mon.0 v2:10.20.193.30:3300/0 4 ==== mgrmap(e 4) ==== 50250+0+0 (secure 0 0 0) 0x7fc4580428a0 con 0x7fc4681096c0
2026-02-19T11:39:27.015 INFO:teuthology.orchestra.run.trial030.stdout:/usr/bin/ceph: stderr
2026-02-19T11:39:26.894+0000 7fc456ffd640 1 --2- 10.20.193.30:0/476371747 >> [v2:10.20.193.30:6800/812998972,v1:10.20.193.30:6801/812998972] conn(0x7fc44403dba0 0x7fc444040060 unknown :-1 s=NONE pgs=0 cs=0 l=1 rev1=0 crypto rx=0 tx=0 comp rx=0 tx=0).connect
2026-02-19T11:39:27.015 INFO:teuthology.orchestra.run.trial030.stdout:/usr/bin/ceph: stderr
2026-02-19T11:39:26.894+0000 7fc456ffd640 1 -- 10.20.193.30:0/476371747 <== mon.0 v2:10.20.193.30:3300/0 5 ==== osd_map(1..1 src has 1..1) ==== 725+0+0 (secure 0 0 0) 0x7fc458076130 con 0x7fc4681096c0
2026-02-19T11:39:27.015 INFO:teuthology.orchestra.run.trial030.stdout:/usr/bin/ceph: stderr
2026-02-19T11:39:26.894+0000 7fc46d5e1640 1 --2- 10.20.193.30:0/476371747 >> [v2:10.20.193.30:6800/812998972,v1:10.20.193.30:6801/812998972] conn(0x7fc44403dba0 0x7fc444040060 unknown :-1 s=BANNER_CONNECTING pgs=0 cs=0 l=1 rev1=0 crypto rx=0 tx=0 comp rx=0 tx=0)._handle_peer_banner_payload supported=3 required=0
2026-02-19T11:39:27.015 INFO:teuthology.orchestra.run.trial030.stdout:/usr/bin/ceph: stderr
2026-02-19T11:39:26.894+0000 7fc46d5e1640 1 --2- 10.20.193.30:0/476371747 >> [v2:10.20.193.30:6800/812998972,v1:10.20.193.30:6801/812998972] conn(0x7fc44403dba0 0x7fc444040060 secure :-1 s=READY pgs=7 cs=0 l=1 rev1=1 crypto rx=0x7fc45c0099c0 tx=0x7fc45c006eb0 comp rx=0 tx=0).ready entity=mgr.14100 client_cookie=0 server_cookie=0 in_seq=0 out_seq=0
2026-02-19T11:39:27.016 INFO:teuthology.orchestra.run.trial030.stdout:/usr/bin/ceph: stderr
2026-02-19T11:39:26.897+0000 7fc456ffd640 1 -- 10.20.193.30:0/476371747 <== mon.0 v2:10.20.193.30:3300/0 6 ==== mon_command_ack([{"prefix": "get_command_descriptions"}]=0 v0) ==== 72+0+195034 (secure 0 0 0) 0x7fc45803e200 con 0x7fc4681096c0
2026-02-19T11:39:27.016 INFO:teuthology.orchestra.run.trial030.stdout:/usr/bin/ceph: stderr
2026-02-19T11:39:26.979+0000 7fc46ede4640 1 -- 10.20.193.30:0/476371747 --> [v2:10.20.193.30:3300/0,v1:10.20.193.30:6789/0] -- mon_command({"prefix": "config assimilate-conf"} v 0) -- 0x7fc4681a4330 con 0x7fc4681096c0
2026-02-19T11:39:27.016 INFO:teuthology.orchestra.run.trial030.stdout:/usr/bin/ceph: stderr
2026-02-19T11:39:26.979+0000 7fc456ffd640 1 -- 10.20.193.30:0/476371747 <== mon.0 v2:10.20.193.30:3300/0 7 ==== mon_command_ack([{"prefix": "config assimilate-conf"}]=0 v3) ==== 70+0+374 (secure 0 0 0) 0x7fc458075e90 con 0x7fc4681096c0
2026-02-19T11:39:27.016 INFO:teuthology.orchestra.run.trial030.stdout:/usr/bin/ceph: stderr
2026-02-19T11:39:26.980+0000 7fc46ede4640 1 -- 10.20.193.30:0/476371747 >> [v2:10.20.193.30:6800/812998972,v1:10.20.193.30:6801/812998972] conn(0x7fc44403dba0 msgr2=0x7fc444040060 secure :-1 s=STATE_CONNECTION_ESTABLISHED l=1).mark_down
2026-02-19T11:39:27.016 INFO:teuthology.orchestra.run.trial030.stdout:/usr/bin/ceph: stderr
2026-02-19T11:39:26.980+0000 7fc46ede4640 1 --2- 10.20.193.30:0/476371747 >> [v2:10.20.193.30:6800/812998972,v1:10.20.193.30:6801/812998972] conn(0x7fc44403dba0 0x7fc444040060 secure :-1 s=READY pgs=7 cs=0 l=1 rev1=1 crypto rx=0x7fc45c0099c0 tx=0x7fc45c006eb0 comp rx=0 tx=0).stop
2026-02-19T11:39:27.016 INFO:teuthology.orchestra.run.trial030.stdout:/usr/bin/ceph: stderr
2026-02-19T11:39:26.980+0000 7fc46ede4640 1 -- 10.20.193.30:0/476371747 >> [v2:10.20.193.30:3300/0,v1:10.20.193.30:6789/0] conn(0x7fc4681096c0 msgr2=0x7fc46819f590 secure :-1 s=STATE_CONNECTION_ESTABLISHED l=1).mark_down
2026-02-19T11:39:27.016 INFO:teuthology.orchestra.run.trial030.stdout:/usr/bin/ceph: stderr
2026-02-19T11:39:26.980+0000 7fc46ede4640 1 --2- 10.20.193.30:0/476371747 >> [v2:10.20.193.30:3300/0,v1:10.20.193.30:6789/0] conn(0x7fc4681096c0 0x7fc46819f590 secure :-1 s=READY pgs=19 cs=0 l=1 rev1=1 crypto rx=0x7fc458002410 tx=0x7fc458037a50 comp rx=0 tx=0).stop
2026-02-19T11:39:27.016 INFO:teuthology.orchestra.run.trial030.stdout:/usr/bin/ceph: stderr
2026-02-19T11:39:26.980+0000 7fc46ede4640 1 -- 10.20.193.30:0/476371747 shutdown_connections
2026-02-19T11:39:27.016 INFO:teuthology.orchestra.run.trial030.stdout:/usr/bin/ceph: stderr
2026-02-19T11:39:26.980+0000 7fc46ede4640 1 --2- 10.20.193.30:0/476371747 >> [v2:10.20.193.30:6800/812998972,v1:10.20.193.30:6801/812998972] conn(0x7fc44403dba0 0x7fc444040060 unknown :-1 s=CLOSED pgs=7 cs=0 l=1 rev1=1 crypto rx=0 tx=0 comp rx=0 tx=0).stop
2026-02-19T11:39:27.016 INFO:teuthology.orchestra.run.trial030.stdout:/usr/bin/ceph: stderr
2026-02-19T11:39:26.980+0000 7fc46ede4640 1 --2- 10.20.193.30:0/476371747 >> [v2:10.20.193.30:3300/0,v1:10.20.193.30:6789/0] conn(0x7fc4681096c0 0x7fc46819f590 unknown :-1 s=CLOSED pgs=19 cs=0 l=1 rev1=1 crypto rx=0 tx=0 comp rx=0 tx=0).stop
2026-02-19T11:39:27.016 INFO:teuthology.orchestra.run.trial030.stdout:/usr/bin/ceph: stderr
2026-02-19T11:39:26.980+0000 7fc46ede4640 1 -- 10.20.193.30:0/476371747 >> 10.20.193.30:0/476371747 conn(0x7fc46807cbf0 msgr2=0x7fc468107170 unknown :-1 s=STATE_NONE l=0).mark_down
2026-02-19T11:39:27.016 INFO:teuthology.orchestra.run.trial030.stdout:/usr/bin/ceph: stderr
2026-02-19T11:39:26.980+0000 7fc46ede4640 1 -- 10.20.193.30:0/476371747 shutdown_connections
2026-02-19T11:39:27.016 INFO:teuthology.orchestra.run.trial030.stdout:/usr/bin/ceph: stderr
2026-02-19T11:39:26.980+0000 7fc46ede4640 1 -- 10.20.193.30:0/476371747 wait complete.
2026-02-19T11:39:27.016 INFO:teuthology.orchestra.run.trial030.stdout:Enabling cephadm module...
2026-02-19T11:39:27.100 INFO:journalctl@ceph.mon.trial030.trial030.stdout:Feb 19 11:39:26 trial030 ceph-mon[21549]: mgrmap e3: trial030.zvhzyq(active, since 1.00449s)
2026-02-19T11:39:27.100 INFO:journalctl@ceph.mon.trial030.trial030.stdout:Feb 19 11:39:26 trial030 ceph-mon[21549]: from='client.? 10.20.193.30:0/1538548527' entity='client.admin' cmd=[{"prefix": "status", "format": "json-pretty"}]: dispatch
2026-02-19T11:39:27.889 INFO:teuthology.orchestra.run.trial030.stdout:/usr/bin/ceph: stderr
2026-02-19T11:39:27.096+0000 7ff5bbbc9640 1 Processor -- start
2026-02-19T11:39:27.889 INFO:teuthology.orchestra.run.trial030.stdout:/usr/bin/ceph: stderr
2026-02-19T11:39:27.096+0000 7ff5bbbc9640 1 -- start start
2026-02-19T11:39:27.890 INFO:teuthology.orchestra.run.trial030.stdout:/usr/bin/ceph: stderr
2026-02-19T11:39:27.096+0000 7ff5bbbc9640 1 --2- >> [v2:10.20.193.30:3300/0,v1:10.20.193.30:6789/0] conn(0x7ff5b4109880 0x7ff5b4109c80 unknown :-1 s=NONE pgs=0 cs=0 l=0 rev1=0 crypto rx=0 tx=0 comp rx=0 tx=0).connect
2026-02-19T11:39:27.890 INFO:teuthology.orchestra.run.trial030.stdout:/usr/bin/ceph: stderr
2026-02-19T11:39:27.096+0000 7ff5bbbc9640 1 -- --> [v2:10.20.193.30:3300/0,v1:10.20.193.30:6789/0] -- mon_getmap magic: 0 -- 0x7ff5b410a250 con 0x7ff5b4109880
2026-02-19T11:39:27.890 INFO:teuthology.orchestra.run.trial030.stdout:/usr/bin/ceph: stderr
2026-02-19T11:39:27.096+0000 7ff5b993e640 1 --2- >> [v2:10.20.193.30:3300/0,v1:10.20.193.30:6789/0] conn(0x7ff5b4109880 0x7ff5b4109c80 unknown :-1 s=BANNER_CONNECTING pgs=0 cs=0 l=0 rev1=0 crypto rx=0 tx=0 comp rx=0 tx=0)._handle_peer_banner_payload supported=3 required=0
2026-02-19T11:39:27.890 INFO:teuthology.orchestra.run.trial030.stdout:/usr/bin/ceph: stderr
2026-02-19T11:39:27.096+0000 7ff5b993e640 1 --2- >> [v2:10.20.193.30:3300/0,v1:10.20.193.30:6789/0] conn(0x7ff5b4109880 0x7ff5b4109c80 unknown :-1 s=HELLO_CONNECTING pgs=0 cs=0 l=0 rev1=1 crypto rx=0 tx=0 comp rx=0 tx=0).handle_hello peer v2:10.20.193.30:3300/0 says I am v2:10.20.193.30:50890/0 (socket says 10.20.193.30:50890)
2026-02-19T11:39:27.890 INFO:teuthology.orchestra.run.trial030.stdout:/usr/bin/ceph: stderr
2026-02-19T11:39:27.096+0000 7ff5b993e640 1 -- 10.20.193.30:0/3583805656 learned_addr learned my addr 10.20.193.30:0/3583805656 (peer_addr_for_me v2:10.20.193.30:0/0)
2026-02-19T11:39:27.890 INFO:teuthology.orchestra.run.trial030.stdout:/usr/bin/ceph: stderr
2026-02-19T11:39:27.097+0000 7ff5b993e640 1 -- 10.20.193.30:0/3583805656 --> [v2:10.20.193.30:3300/0,v1:10.20.193.30:6789/0] -- mon_subscribe({config=0+,monmap=0+}) -- 0x7ff5b410aa80 con 0x7ff5b4109880
2026-02-19T11:39:27.890 INFO:teuthology.orchestra.run.trial030.stdout:/usr/bin/ceph: stderr
2026-02-19T11:39:27.097+0000 7ff5b993e640 1 --2- 10.20.193.30:0/3583805656 >> [v2:10.20.193.30:3300/0,v1:10.20.193.30:6789/0] conn(0x7ff5b4109880 0x7ff5b4109c80 secure :-1 s=READY pgs=20 cs=0 l=1 rev1=1 crypto rx=0x7ff5a4009920 tx=0x7ff5a402ef20 comp rx=0 tx=0).ready entity=mon.0 client_cookie=90ca28684d1f87c5 server_cookie=0 in_seq=0 out_seq=0
2026-02-19T11:39:27.890 INFO:teuthology.orchestra.run.trial030.stdout:/usr/bin/ceph: stderr
2026-02-19T11:39:27.097+0000 7ff5b893c640 1 -- 10.20.193.30:0/3583805656 <== mon.0 v2:10.20.193.30:3300/0 1 ==== mon_map magic: 0 ==== 226+0+0 (secure 0 0 0) 0x7ff5a403c070 con 0x7ff5b4109880
2026-02-19T11:39:27.890 INFO:teuthology.orchestra.run.trial030.stdout:/usr/bin/ceph: stderr
2026-02-19T11:39:27.097+0000 7ff5b893c640 1 -- 10.20.193.30:0/3583805656 <== mon.0 v2:10.20.193.30:3300/0 2 ==== config(25 keys) ==== 1007+0+0 (secure 0 0 0) 0x7ff5a402fe00 con 0x7ff5b4109880
2026-02-19T11:39:27.890 INFO:teuthology.orchestra.run.trial030.stdout:/usr/bin/ceph: stderr
2026-02-19T11:39:27.097+0000 7ff5b893c640 1 -- 10.20.193.30:0/3583805656 <== mon.0 v2:10.20.193.30:3300/0 3 ==== mon_map magic: 0 ==== 226+0+0 (secure 0 0 0) 0x7ff5a4035340 con 0x7ff5b4109880
2026-02-19T11:39:27.891 INFO:teuthology.orchestra.run.trial030.stdout:/usr/bin/ceph: stderr
2026-02-19T11:39:27.098+0000 7ff5bbbc9640 1 -- 10.20.193.30:0/3583805656 >> [v2:10.20.193.30:3300/0,v1:10.20.193.30:6789/0] conn(0x7ff5b4109880 msgr2=0x7ff5b4109c80 secure :-1 s=STATE_CONNECTION_ESTABLISHED l=1).mark_down
2026-02-19T11:39:27.891 INFO:teuthology.orchestra.run.trial030.stdout:/usr/bin/ceph: stderr
2026-02-19T11:39:27.098+0000 7ff5bbbc9640 1 --2- 10.20.193.30:0/3583805656 >> [v2:10.20.193.30:3300/0,v1:10.20.193.30:6789/0] conn(0x7ff5b4109880 0x7ff5b4109c80 secure :-1 s=READY pgs=20 cs=0 l=1 rev1=1 crypto rx=0x7ff5a4009920 tx=0x7ff5a402ef20 comp rx=0 tx=0).stop
2026-02-19T11:39:27.891 INFO:teuthology.orchestra.run.trial030.stdout:/usr/bin/ceph: stderr
2026-02-19T11:39:27.098+0000 7ff5bbbc9640 1 -- 10.20.193.30:0/3583805656 shutdown_connections
2026-02-19T11:39:27.891 INFO:teuthology.orchestra.run.trial030.stdout:/usr/bin/ceph: stderr
2026-02-19T11:39:27.098+0000 7ff5bbbc9640 1 --2- 10.20.193.30:0/3583805656 >> [v2:10.20.193.30:3300/0,v1:10.20.193.30:6789/0] conn(0x7ff5b4109880 0x7ff5b4109c80 unknown :-1 s=CLOSED pgs=20 cs=0 l=1 rev1=1 crypto rx=0 tx=0 comp rx=0 tx=0).stop
2026-02-19T11:39:27.891 INFO:teuthology.orchestra.run.trial030.stdout:/usr/bin/ceph: stderr
2026-02-19T11:39:27.098+0000 7ff5bbbc9640 1 -- 10.20.193.30:0/3583805656 >> 10.20.193.30:0/3583805656 conn(0x7ff5b407cf00 msgr2=0x7ff5b407d310 unknown :-1 s=STATE_NONE l=0).mark_down
2026-02-19T11:39:27.891 INFO:teuthology.orchestra.run.trial030.stdout:/usr/bin/ceph: stderr
2026-02-19T11:39:27.098+0000 7ff5bbbc9640 1 -- 10.20.193.30:0/3583805656 shutdown_connections
2026-02-19T11:39:27.891 INFO:teuthology.orchestra.run.trial030.stdout:/usr/bin/ceph: stderr
2026-02-19T11:39:27.098+0000 7ff5bbbc9640 1 -- 10.20.193.30:0/3583805656 wait complete.
2026-02-19T11:39:27.891 INFO:teuthology.orchestra.run.trial030.stdout:/usr/bin/ceph: stderr
2026-02-19T11:39:27.098+0000 7ff5bbbc9640 1 Processor -- start
2026-02-19T11:39:27.891 INFO:teuthology.orchestra.run.trial030.stdout:/usr/bin/ceph: stderr
2026-02-19T11:39:27.098+0000 7ff5bbbc9640 1 -- start start
2026-02-19T11:39:27.892 INFO:teuthology.orchestra.run.trial030.stdout:/usr/bin/ceph: stderr
2026-02-19T11:39:27.098+0000 7ff5bbbc9640 1 --2- >> [v2:10.20.193.30:3300/0,v1:10.20.193.30:6789/0] conn(0x7ff5b4109880 0x7ff5b419f770 unknown :-1 s=NONE pgs=0 cs=0 l=1 rev1=0 crypto rx=0 tx=0 comp rx=0 tx=0).connect
2026-02-19T11:39:27.892 INFO:teuthology.orchestra.run.trial030.stdout:/usr/bin/ceph: stderr
2026-02-19T11:39:27.098+0000 7ff5bbbc9640 1 -- --> [v2:10.20.193.30:3300/0,v1:10.20.193.30:6789/0] -- mon_getmap magic: 0 -- 0x7ff5b410dcb0 con 0x7ff5b4109880
2026-02-19T11:39:27.892 INFO:teuthology.orchestra.run.trial030.stdout:/usr/bin/ceph: stderr
2026-02-19T11:39:27.098+0000 7ff5b993e640 1 --2- >> [v2:10.20.193.30:3300/0,v1:10.20.193.30:6789/0] conn(0x7ff5b4109880 0x7ff5b419f770 unknown :-1 s=BANNER_CONNECTING pgs=0 cs=0 l=1 rev1=0 crypto rx=0 tx=0 comp rx=0 tx=0)._handle_peer_banner_payload supported=3 required=0
2026-02-19T11:39:27.892 INFO:teuthology.orchestra.run.trial030.stdout:/usr/bin/ceph: stderr
2026-02-19T11:39:27.098+0000 7ff5b993e640 1 --2- >> [v2:10.20.193.30:3300/0,v1:10.20.193.30:6789/0] conn(0x7ff5b4109880 0x7ff5b419f770 unknown :-1 s=HELLO_CONNECTING pgs=0 cs=0 l=1 rev1=1 crypto rx=0 tx=0 comp rx=0 tx=0).handle_hello peer v2:10.20.193.30:3300/0 says I am v2:10.20.193.30:50906/0 (socket says 10.20.193.30:50906)
2026-02-19T11:39:27.892 INFO:teuthology.orchestra.run.trial030.stdout:/usr/bin/ceph: stderr
2026-02-19T11:39:27.098+0000 7ff5b993e640 1 -- 10.20.193.30:0/4099089408 learned_addr learned my addr 10.20.193.30:0/4099089408 (peer_addr_for_me v2:10.20.193.30:0/0)
2026-02-19T11:39:27.892 INFO:teuthology.orchestra.run.trial030.stdout:/usr/bin/ceph: stderr
2026-02-19T11:39:27.098+0000 7ff5b993e640 1 -- 10.20.193.30:0/4099089408 --> [v2:10.20.193.30:3300/0,v1:10.20.193.30:6789/0] -- mon_subscribe({config=0+,monmap=0+}) -- 0x7ff5b419fcb0 con 0x7ff5b4109880
2026-02-19T11:39:27.892 INFO:teuthology.orchestra.run.trial030.stdout:/usr/bin/ceph: stderr
2026-02-19T11:39:27.098+0000 7ff5b993e640 1 --2- 10.20.193.30:0/4099089408 >> [v2:10.20.193.30:3300/0,v1:10.20.193.30:6789/0] conn(0x7ff5b4109880 0x7ff5b419f770 secure :-1 s=READY pgs=21 cs=0 l=1 rev1=1 crypto rx=0x7ff5a4037b20 tx=0x7ff5a40358c0 comp rx=0 tx=0).ready entity=mon.0 client_cookie=0 server_cookie=0 in_seq=0 out_seq=0
2026-02-19T11:39:27.892 INFO:teuthology.orchestra.run.trial030.stdout:/usr/bin/ceph: stderr
2026-02-19T11:39:27.098+0000 7ff5a2ffd640 1 -- 10.20.193.30:0/4099089408 <== mon.0 v2:10.20.193.30:3300/0 1 ==== mon_map magic: 0 ==== 226+0+0 (secure 0 0 0) 0x7ff5a4035c10 con 0x7ff5b4109880
2026-02-19T11:39:27.892 INFO:teuthology.orchestra.run.trial030.stdout:/usr/bin/ceph: stderr
2026-02-19T11:39:27.099+0000 7ff5a2ffd640 1 -- 10.20.193.30:0/4099089408 <== mon.0 v2:10.20.193.30:3300/0 2 ==== config(25 keys) ==== 1007+0+0 (secure 0 0 0) 0x7ff5a4035db0 con 0x7ff5b4109880
2026-02-19T11:39:27.892 INFO:teuthology.orchestra.run.trial030.stdout:/usr/bin/ceph: stderr
2026-02-19T11:39:27.099+0000 7ff5bbbc9640 1 -- 10.20.193.30:0/4099089408 --> [v2:10.20.193.30:3300/0,v1:10.20.193.30:6789/0] -- mon_subscribe({mgrmap=0+}) -- 0x7ff5b419ff40 con 0x7ff5b4109880
2026-02-19T11:39:27.892 INFO:teuthology.orchestra.run.trial030.stdout:/usr/bin/ceph: stderr
2026-02-19T11:39:27.099+0000 7ff5a2ffd640 1 -- 10.20.193.30:0/4099089408 <== mon.0 v2:10.20.193.30:3300/0 3 ==== mon_map magic: 0 ==== 226+0+0 (secure 0 0 0) 0x7ff5a40413a0 con 0x7ff5b4109880
2026-02-19T11:39:27.892 INFO:teuthology.orchestra.run.trial030.stdout:/usr/bin/ceph: stderr
2026-02-19T11:39:27.099+0000 7ff5bbbc9640 1 -- 10.20.193.30:0/4099089408 --> [v2:10.20.193.30:3300/0,v1:10.20.193.30:6789/0] -- mon_subscribe({osdmap=0}) -- 0x7ff5b41a2c30 con 0x7ff5b4109880
2026-02-19T11:39:27.892 INFO:teuthology.orchestra.run.trial030.stdout:/usr/bin/ceph: stderr
2026-02-19T11:39:27.099+0000 7ff5bbbc9640 1 -- 10.20.193.30:0/4099089408 --> [v2:10.20.193.30:3300/0,v1:10.20.193.30:6789/0] -- mon_command({"prefix": "get_command_descriptions"} v 0) -- 0x7ff5b4109d00 con 0x7ff5b4109880
2026-02-19T11:39:27.893 INFO:teuthology.orchestra.run.trial030.stdout:/usr/bin/ceph: stderr
2026-02-19T11:39:27.099+0000 7ff5a2ffd640 1 -- 10.20.193.30:0/4099089408 <== mon.0 v2:10.20.193.30:3300/0 4 ==== mgrmap(e 4) ==== 50250+0+0 (secure 0 0 0) 0x7ff5a40423f0 con 0x7ff5b4109880
2026-02-19T11:39:27.893 INFO:teuthology.orchestra.run.trial030.stdout:/usr/bin/ceph: stderr
2026-02-19T11:39:27.099+0000 7ff5a2ffd640 1 --2- 10.20.193.30:0/4099089408 >> [v2:10.20.193.30:6800/812998972,v1:10.20.193.30:6801/812998972] conn(0x7ff59003dba0 0x7ff590040060 unknown :-1 s=NONE pgs=0 cs=0 l=1 rev1=0 crypto rx=0 tx=0 comp rx=0 tx=0).connect
2026-02-19T11:39:27.893 INFO:teuthology.orchestra.run.trial030.stdout:/usr/bin/ceph: stderr
2026-02-19T11:39:27.099+0000 7ff5a2ffd640 1 -- 10.20.193.30:0/4099089408 <== mon.0 v2:10.20.193.30:3300/0 5 ==== osd_map(1..1 src has 1..1) ==== 725+0+0 (secure 0 0 0) 0x7ff5a4076360 con 0x7ff5b4109880
2026-02-19T11:39:27.893 INFO:teuthology.orchestra.run.trial030.stdout:/usr/bin/ceph: stderr
2026-02-19T11:39:27.099+0000 7ff5b913d640 1 --2- 10.20.193.30:0/4099089408 >> [v2:10.20.193.30:6800/812998972,v1:10.20.193.30:6801/812998972] conn(0x7ff59003dba0 0x7ff590040060 unknown :-1 s=BANNER_CONNECTING pgs=0 cs=0 l=1 rev1=0 crypto rx=0 tx=0 comp rx=0 tx=0)._handle_peer_banner_payload supported=3 required=0
2026-02-19T11:39:27.893 INFO:teuthology.orchestra.run.trial030.stdout:/usr/bin/ceph: stderr
2026-02-19T11:39:27.100+0000 7ff5b913d640 1 --2- 10.20.193.30:0/4099089408 >> [v2:10.20.193.30:6800/812998972,v1:10.20.193.30:6801/812998972] conn(0x7ff59003dba0 0x7ff590040060 secure :-1 s=READY pgs=8 cs=0 l=1 rev1=1 crypto rx=0x7ff5a80099c0 tx=0x7ff5a8006eb0 comp rx=0 tx=0).ready entity=mgr.14100 client_cookie=0 server_cookie=0 in_seq=0 out_seq=0
2026-02-19T11:39:27.893 INFO:teuthology.orchestra.run.trial030.stdout:/usr/bin/ceph: stderr
2026-02-19T11:39:27.102+0000 7ff5a2ffd640 1 -- 10.20.193.30:0/4099089408 <== mon.0 v2:10.20.193.30:3300/0 6 ==== mon_command_ack([{"prefix": "get_command_descriptions"}]=0 v0) ==== 72+0+195034 (secure 0 0 0) 0x7ff5a40760c0 con 0x7ff5b4109880
2026-02-19T11:39:27.893 INFO:teuthology.orchestra.run.trial030.stdout:/usr/bin/ceph: stderr
2026-02-19T11:39:27.206+0000 7ff5bbbc9640 1 -- 10.20.193.30:0/4099089408 --> [v2:10.20.193.30:3300/0,v1:10.20.193.30:6789/0] -- mon_command({"prefix": "mgr module enable", "module": "cephadm"} v 0) -- 0x7ff5b41a3390 con 0x7ff5b4109880
2026-02-19T11:39:27.893 INFO:teuthology.orchestra.run.trial030.stdout:/usr/bin/ceph: stderr
2026-02-19T11:39:27.859+0000 7ff5a2ffd640 1 -- 10.20.193.30:0/4099089408 <== mon.0 v2:10.20.193.30:3300/0 7 ==== mon_command_ack([{"prefix": "mgr module enable", "module": "cephadm"}]=0 v5) ==== 86+0+0 (secure 0 0 0) 0x7ff5a4042710 con 0x7ff5b4109880
2026-02-19T11:39:27.893 INFO:teuthology.orchestra.run.trial030.stdout:/usr/bin/ceph: stderr
2026-02-19T11:39:27.860+0000 7ff5bbbc9640 1 -- 10.20.193.30:0/4099089408 >> [v2:10.20.193.30:6800/812998972,v1:10.20.193.30:6801/812998972] conn(0x7ff59003dba0 msgr2=0x7ff590040060 secure :-1 s=STATE_CONNECTION_ESTABLISHED l=1).mark_down
2026-02-19T11:39:27.893 INFO:teuthology.orchestra.run.trial030.stdout:/usr/bin/ceph: stderr
2026-02-19T11:39:27.860+0000 7ff5bbbc9640 1 --2- 10.20.193.30:0/4099089408 >> [v2:10.20.193.30:6800/812998972,v1:10.20.193.30:6801/812998972] conn(0x7ff59003dba0 0x7ff590040060 secure :-1 s=READY pgs=8 cs=0 l=1 rev1=1 crypto rx=0x7ff5a80099c0 tx=0x7ff5a8006eb0 comp rx=0 tx=0).stop
2026-02-19T11:39:27.893 INFO:teuthology.orchestra.run.trial030.stdout:/usr/bin/ceph: stderr
2026-02-19T11:39:27.860+0000 7ff5bbbc9640 1 -- 10.20.193.30:0/4099089408 >> [v2:10.20.193.30:3300/0,v1:10.20.193.30:6789/0] conn(0x7ff5b4109880 msgr2=0x7ff5b419f770 secure :-1 s=STATE_CONNECTION_ESTABLISHED l=1).mark_down
2026-02-19T11:39:27.894 INFO:teuthology.orchestra.run.trial030.stdout:/usr/bin/ceph: stderr
2026-02-19T11:39:27.860+0000 7ff5bbbc9640 1 --2- 10.20.193.30:0/4099089408 >> [v2:10.20.193.30:3300/0,v1:10.20.193.30:6789/0] conn(0x7ff5b4109880 0x7ff5b419f770 secure :-1 s=READY pgs=21 cs=0 l=1 rev1=1 crypto rx=0x7ff5a4037b20 tx=0x7ff5a40358c0 comp rx=0 tx=0).stop
2026-02-19T11:39:27.894 INFO:teuthology.orchestra.run.trial030.stdout:/usr/bin/ceph: stderr
2026-02-19T11:39:27.860+0000 7ff5a2ffd640 1 -- 10.20.193.30:0/4099089408 <== mon.0 v2:10.20.193.30:3300/0 8 ==== mgrmap(e 5) ==== 50261+0+0 (secure 0 0 0) 0x7ff5a4036c80 con 0x7ff5b4109880
2026-02-19T11:39:27.894 INFO:teuthology.orchestra.run.trial030.stdout:/usr/bin/ceph: stderr
2026-02-19T11:39:27.860+0000 7ff5bbbc9640 1 -- 10.20.193.30:0/4099089408 shutdown_connections
2026-02-19T11:39:27.894 INFO:teuthology.orchestra.run.trial030.stdout:/usr/bin/ceph: stderr
2026-02-19T11:39:27.860+0000 7ff5bbbc9640 1 --2- 10.20.193.30:0/4099089408 >> [v2:10.20.193.30:6800/812998972,v1:10.20.193.30:6801/812998972] conn(0x7ff59003dba0 0x7ff590040060 unknown :-1 s=CLOSED pgs=8 cs=0 l=1 rev1=1 crypto rx=0 tx=0 comp rx=0 tx=0).stop
2026-02-19T11:39:27.894 INFO:teuthology.orchestra.run.trial030.stdout:/usr/bin/ceph: stderr
2026-02-19T11:39:27.860+0000 7ff5bbbc9640 1 --2- 10.20.193.30:0/4099089408 >> [v2:10.20.193.30:3300/0,v1:10.20.193.30:6789/0] conn(0x7ff5b4109880 0x7ff5b419f770 unknown :-1 s=CLOSED pgs=21 cs=0 l=1 rev1=1 crypto rx=0 tx=0 comp rx=0 tx=0).stop
2026-02-19T11:39:27.894 INFO:teuthology.orchestra.run.trial030.stdout:/usr/bin/ceph: stderr
2026-02-19T11:39:27.860+0000 7ff5bbbc9640 1 -- 10.20.193.30:0/4099089408 >> 10.20.193.30:0/4099089408 conn(0x7ff5b407cf00 msgr2=0x7ff5b41070c0 unknown :-1 s=STATE_NONE l=0).mark_down
2026-02-19T11:39:27.894 INFO:teuthology.orchestra.run.trial030.stdout:/usr/bin/ceph: stderr
2026-02-19T11:39:27.861+0000 7ff5bbbc9640 1 -- 10.20.193.30:0/4099089408 shutdown_connections
2026-02-19T11:39:27.894 INFO:teuthology.orchestra.run.trial030.stdout:/usr/bin/ceph: stderr
2026-02-19T11:39:27.861+0000 7ff5bbbc9640 1 -- 10.20.193.30:0/4099089408 wait complete.
2026-02-19T11:39:28.114 INFO:journalctl@ceph.mon.trial030.trial030.stdout:Feb 19 11:39:27 trial030 ceph-mon[21549]: mgrmap e4: trial030.zvhzyq(active, since 2s)
2026-02-19T11:39:28.114 INFO:journalctl@ceph.mon.trial030.trial030.stdout:Feb 19 11:39:27 trial030 ceph-mon[21549]: from='client.? 10.20.193.30:0/476371747' entity='client.admin' cmd=[{"prefix": "config assimilate-conf"}]: dispatch
2026-02-19T11:39:28.114 INFO:journalctl@ceph.mon.trial030.trial030.stdout:Feb 19 11:39:27 trial030 ceph-mon[21549]: from='client.? 10.20.193.30:0/4099089408' entity='client.admin' cmd=[{"prefix": "mgr module enable", "module": "cephadm"}]: dispatch
2026-02-19T11:39:28.126 INFO:teuthology.orchestra.run.trial030.stdout:/usr/bin/ceph: stdout {
2026-02-19T11:39:28.126 INFO:teuthology.orchestra.run.trial030.stdout:/usr/bin/ceph: stdout "epoch": 5,
2026-02-19T11:39:28.126 INFO:teuthology.orchestra.run.trial030.stdout:/usr/bin/ceph: stdout "available": true,
2026-02-19T11:39:28.126 INFO:teuthology.orchestra.run.trial030.stdout:/usr/bin/ceph: stdout "active_name": "trial030.zvhzyq",
2026-02-19T11:39:28.126 INFO:teuthology.orchestra.run.trial030.stdout:/usr/bin/ceph: stdout "num_standby": 0
2026-02-19T11:39:28.126 INFO:teuthology.orchestra.run.trial030.stdout:/usr/bin/ceph: stdout }
2026-02-19T11:39:28.126 INFO:teuthology.orchestra.run.trial030.stdout:/usr/bin/ceph: stderr
2026-02-19T11:39:27.983+0000 7ff5756c1640 1 Processor -- start
2026-02-19T11:39:28.127 INFO:teuthology.orchestra.run.trial030.stdout:/usr/bin/ceph: stderr
2026-02-19T11:39:27.983+0000 7ff5756c1640 1 -- start start
2026-02-19T11:39:28.127 INFO:teuthology.orchestra.run.trial030.stdout:/usr/bin/ceph: stderr
2026-02-19T11:39:27.983+0000 7ff5756c1640 1 --2- >> [v2:10.20.193.30:3300/0,v1:10.20.193.30:6789/0] conn(0x7ff57006e4c0 0x7ff57006e8e0 unknown :-1 s=NONE pgs=0 cs=0 l=0 rev1=0 crypto rx=0 tx=0 comp rx=0 tx=0).connect
2026-02-19T11:39:28.127 INFO:teuthology.orchestra.run.trial030.stdout:/usr/bin/ceph: stderr
2026-02-19T11:39:27.983+0000 7ff5756c1640 1 -- --> [v2:10.20.193.30:3300/0,v1:10.20.193.30:6789/0] -- mon_getmap magic: 0 -- 0x7ff57006eeb0 con 0x7ff57006e4c0
2026-02-19T11:39:28.127 INFO:teuthology.orchestra.run.trial030.stdout:/usr/bin/ceph: stderr
2026-02-19T11:39:27.984+0000 7ff56effd640 1 --2- >> [v2:10.20.193.30:3300/0,v1:10.20.193.30:6789/0] conn(0x7ff57006e4c0 0x7ff57006e8e0 unknown :-1 s=BANNER_CONNECTING pgs=0 cs=0 l=0 rev1=0 crypto rx=0 tx=0 comp rx=0 tx=0)._handle_peer_banner_payload supported=3 required=0
2026-02-19T11:39:28.127 INFO:teuthology.orchestra.run.trial030.stdout:/usr/bin/ceph: stderr
2026-02-19T11:39:27.984+0000 7ff56effd640 1 --2- >> [v2:10.20.193.30:3300/0,v1:10.20.193.30:6789/0] conn(0x7ff57006e4c0 0x7ff57006e8e0 unknown :-1 s=HELLO_CONNECTING pgs=0 cs=0 l=0 rev1=1 crypto rx=0 tx=0 comp rx=0 tx=0).handle_hello peer v2:10.20.193.30:3300/0 says I am v2:10.20.193.30:50934/0 (socket says 10.20.193.30:50934)
2026-02-19T11:39:28.127 INFO:teuthology.orchestra.run.trial030.stdout:/usr/bin/ceph: stderr
2026-02-19T11:39:27.984+0000 7ff56effd640 1 -- 10.20.193.30:0/2625452002 learned_addr learned my addr 10.20.193.30:0/2625452002 (peer_addr_for_me v2:10.20.193.30:0/0)
2026-02-19T11:39:28.127 INFO:teuthology.orchestra.run.trial030.stdout:/usr/bin/ceph: stderr
2026-02-19T11:39:27.984+0000 7ff56effd640 1 -- 10.20.193.30:0/2625452002 --> [v2:10.20.193.30:3300/0,v1:10.20.193.30:6789/0] -- mon_subscribe({config=0+,monmap=0+}) -- 0x7ff57006f030 con 0x7ff57006e4c0
2026-02-19T11:39:28.127 INFO:teuthology.orchestra.run.trial030.stdout:/usr/bin/ceph: stderr
2026-02-19T11:39:27.984+0000 7ff56effd640 1 --2- 10.20.193.30:0/2625452002 >> [v2:10.20.193.30:3300/0,v1:10.20.193.30:6789/0] conn(0x7ff57006e4c0 0x7ff57006e8e0 secure :-1 s=READY pgs=24 cs=0 l=1 rev1=1 crypto rx=0x7ff564009920 tx=0x7ff56402ef20 comp rx=0 tx=0).ready entity=mon.0 client_cookie=224bba5daa425e01 server_cookie=0 in_seq=0 out_seq=0
2026-02-19T11:39:28.127 INFO:teuthology.orchestra.run.trial030.stdout:/usr/bin/ceph: stderr
2026-02-19T11:39:27.984+0000 7ff56dffb640 1 -- 10.20.193.30:0/2625452002 <== mon.0 v2:10.20.193.30:3300/0 1 ==== mon_map magic: 0 ==== 226+0+0 (secure 0 0 0) 0x7ff56403c070 con 0x7ff57006e4c0
2026-02-19T11:39:28.127 INFO:teuthology.orchestra.run.trial030.stdout:/usr/bin/ceph: stderr
2026-02-19T11:39:27.984+0000 7ff56dffb640 1 -- 10.20.193.30:0/2625452002 <== mon.0 v2:10.20.193.30:3300/0 2 ==== config(25 keys) ==== 1007+0+0 (secure 0 0 0) 0x7ff56402fe00 con 0x7ff57006e4c0
2026-02-19T11:39:28.128 INFO:teuthology.orchestra.run.trial030.stdout:/usr/bin/ceph: stderr
2026-02-19T11:39:27.984+0000 7ff56dffb640 1 -- 10.20.193.30:0/2625452002 <== mon.0 v2:10.20.193.30:3300/0 3 ==== mon_map magic: 0 ==== 226+0+0 (secure 0 0 0) 0x7ff564035340 con 0x7ff57006e4c0
2026-02-19T11:39:28.128 INFO:teuthology.orchestra.run.trial030.stdout:/usr/bin/ceph: stderr
2026-02-19T11:39:27.985+0000 7ff5756c1640 1 -- 10.20.193.30:0/2625452002 >> [v2:10.20.193.30:3300/0,v1:10.20.193.30:6789/0] conn(0x7ff57006e4c0 msgr2=0x7ff57006e8e0 secure :-1 s=STATE_CONNECTION_ESTABLISHED l=1).mark_down
2026-02-19T11:39:28.128 INFO:teuthology.orchestra.run.trial030.stdout:/usr/bin/ceph: stderr
2026-02-19T11:39:27.985+0000 7ff5756c1640 1 --2- 10.20.193.30:0/2625452002 >> [v2:10.20.193.30:3300/0,v1:10.20.193.30:6789/0] conn(0x7ff57006e4c0 0x7ff57006e8e0 secure :-1 s=READY pgs=24 cs=0 l=1 rev1=1 crypto rx=0x7ff564009920 tx=0x7ff56402ef20 comp rx=0 tx=0).stop
2026-02-19T11:39:28.128 INFO:teuthology.orchestra.run.trial030.stdout:/usr/bin/ceph: stderr
2026-02-19T11:39:27.985+0000 7ff5756c1640 1 -- 10.20.193.30:0/2625452002 shutdown_connections
2026-02-19T11:39:28.128 INFO:teuthology.orchestra.run.trial030.stdout:/usr/bin/ceph: stderr
2026-02-19T11:39:27.985+0000 7ff5756c1640 1 --2- 10.20.193.30:0/2625452002 >> [v2:10.20.193.30:3300/0,v1:10.20.193.30:6789/0] conn(0x7ff57006e4c0 0x7ff57006e8e0 unknown :-1 s=CLOSED pgs=24 cs=0 l=1 rev1=1 crypto rx=0 tx=0 comp rx=0 tx=0).stop
2026-02-19T11:39:28.128 INFO:teuthology.orchestra.run.trial030.stdout:/usr/bin/ceph: stderr
2026-02-19T11:39:27.985+0000 7ff5756c1640 1 -- 10.20.193.30:0/2625452002 >> 10.20.193.30:0/2625452002 conn(0x7ff570071a30 msgr2=0x7ff570073e90 unknown :-1 s=STATE_NONE l=0).mark_down
2026-02-19T11:39:28.128 INFO:teuthology.orchestra.run.trial030.stdout:/usr/bin/ceph: stderr
2026-02-19T11:39:27.985+0000 7ff5756c1640 1 -- 10.20.193.30:0/2625452002 shutdown_connections
2026-02-19T11:39:28.128 INFO:teuthology.orchestra.run.trial030.stdout:/usr/bin/ceph: stderr
2026-02-19T11:39:27.985+0000 7ff5756c1640 1 -- 10.20.193.30:0/2625452002 wait complete.
2026-02-19T11:39:28.128 INFO:teuthology.orchestra.run.trial030.stdout:/usr/bin/ceph: stderr
2026-02-19T11:39:27.985+0000 7ff5756c1640 1 Processor -- start
2026-02-19T11:39:28.128 INFO:teuthology.orchestra.run.trial030.stdout:/usr/bin/ceph: stderr
2026-02-19T11:39:27.985+0000 7ff5756c1640 1 -- start start
2026-02-19T11:39:28.128 INFO:teuthology.orchestra.run.trial030.stdout:/usr/bin/ceph: stderr
2026-02-19T11:39:27.985+0000 7ff5756c1640 1 --2- >> [v2:10.20.193.30:3300/0,v1:10.20.193.30:6789/0] conn(0x7ff57006e4c0 0x7ff5701a8150 unknown :-1 s=NONE pgs=0 cs=0 l=1 rev1=0 crypto rx=0 tx=0 comp rx=0 tx=0).connect
2026-02-19T11:39:28.128 INFO:teuthology.orchestra.run.trial030.stdout:/usr/bin/ceph: stderr
2026-02-19T11:39:27.985+0000 7ff5756c1640 1 -- --> [v2:10.20.193.30:3300/0,v1:10.20.193.30:6789/0] -- mon_getmap magic: 0 -- 0x7ff5700700f0 con 0x7ff57006e4c0
2026-02-19T11:39:28.129 INFO:teuthology.orchestra.run.trial030.stdout:/usr/bin/ceph: stderr
2026-02-19T11:39:27.985+0000 7ff56effd640 1 --2- >> [v2:10.20.193.30:3300/0,v1:10.20.193.30:6789/0] conn(0x7ff57006e4c0 0x7ff5701a8150 unknown :-1 s=BANNER_CONNECTING pgs=0 cs=0 l=1 rev1=0 crypto rx=0 tx=0 comp rx=0 tx=0)._handle_peer_banner_payload supported=3 required=0
2026-02-19T11:39:28.129 INFO:teuthology.orchestra.run.trial030.stdout:/usr/bin/ceph: stderr
2026-02-19T11:39:27.985+0000 7ff56effd640 1 --2- >> [v2:10.20.193.30:3300/0,v1:10.20.193.30:6789/0] conn(0x7ff57006e4c0 0x7ff5701a8150 unknown :-1 s=HELLO_CONNECTING pgs=0 cs=0 l=1 rev1=1 crypto rx=0 tx=0 comp rx=0 tx=0).handle_hello peer v2:10.20.193.30:3300/0 says I am v2:10.20.193.30:50938/0 (socket says 10.20.193.30:50938)
2026-02-19T11:39:28.129 INFO:teuthology.orchestra.run.trial030.stdout:/usr/bin/ceph: stderr
2026-02-19T11:39:27.985+0000 7ff56effd640 1 -- 10.20.193.30:0/3413570788 learned_addr learned my addr 10.20.193.30:0/3413570788 (peer_addr_for_me v2:10.20.193.30:0/0)
2026-02-19T11:39:28.129 INFO:teuthology.orchestra.run.trial030.stdout:/usr/bin/ceph: stderr
2026-02-19T11:39:27.985+0000 7ff56effd640 1 -- 10.20.193.30:0/3413570788 --> [v2:10.20.193.30:3300/0,v1:10.20.193.30:6789/0] -- mon_subscribe({config=0+,monmap=0+}) -- 0x7ff5701a8690 con 0x7ff57006e4c0
2026-02-19T11:39:28.129 INFO:teuthology.orchestra.run.trial030.stdout:/usr/bin/ceph: stderr
2026-02-19T11:39:27.985+0000 7ff56effd640 1 --2- 10.20.193.30:0/3413570788 >> [v2:10.20.193.30:3300/0,v1:10.20.193.30:6789/0] conn(0x7ff57006e4c0 0x7ff5701a8150 secure :-1 s=READY pgs=25 cs=0 l=1 rev1=1 crypto rx=0x7ff564037b20 tx=0x7ff5640358c0 comp rx=0 tx=0).ready entity=mon.0 client_cookie=0 server_cookie=0 in_seq=0 out_seq=0
2026-02-19T11:39:28.129 INFO:teuthology.orchestra.run.trial030.stdout:/usr/bin/ceph: stderr
2026-02-19T11:39:27.985+0000 7ff54ffff640 1 -- 10.20.193.30:0/3413570788 <== mon.0 v2:10.20.193.30:3300/0 1 ==== mon_map magic: 0 ==== 226+0+0 (secure 0 0 0) 0x7ff564035c10 con 0x7ff57006e4c0
2026-02-19T11:39:28.129 INFO:teuthology.orchestra.run.trial030.stdout:/usr/bin/ceph: stderr
2026-02-19T11:39:27.985+0000 7ff54ffff640 1 -- 10.20.193.30:0/3413570788 <== mon.0 v2:10.20.193.30:3300/0 2 ==== config(25 keys) ==== 1007+0+0 (secure 0 0 0) 0x7ff564035db0 con 0x7ff57006e4c0
2026-02-19T11:39:28.129 INFO:teuthology.orchestra.run.trial030.stdout:/usr/bin/ceph: stderr
2026-02-19T11:39:27.985+0000 7ff5756c1640 1 -- 10.20.193.30:0/3413570788 --> [v2:10.20.193.30:3300/0,v1:10.20.193.30:6789/0] -- mon_subscribe({mgrmap=0+}) -- 0x7ff5701a8920 con 0x7ff57006e4c0
2026-02-19T11:39:28.129 INFO:teuthology.orchestra.run.trial030.stdout:/usr/bin/ceph: stderr
2026-02-19T11:39:27.985+0000 7ff54ffff640 1 -- 10.20.193.30:0/3413570788 <== mon.0 v2:10.20.193.30:3300/0 3 ==== mon_map magic: 0 ==== 226+0+0 (secure 0 0 0) 0x7ff5640413a0 con 0x7ff57006e4c0
2026-02-19T11:39:28.129 INFO:teuthology.orchestra.run.trial030.stdout:/usr/bin/ceph: stderr
2026-02-19T11:39:27.985+0000 7ff5756c1640 1 -- 10.20.193.30:0/3413570788 --> [v2:10.20.193.30:3300/0,v1:10.20.193.30:6789/0] -- mon_subscribe({osdmap=0}) -- 0x7ff5701ab610 con 0x7ff57006e4c0
2026-02-19T11:39:28.129 INFO:teuthology.orchestra.run.trial030.stdout:/usr/bin/ceph: stderr
2026-02-19T11:39:27.986+0000 7ff54ffff640 1 -- 10.20.193.30:0/3413570788 <== mon.0 v2:10.20.193.30:3300/0 4 ==== mgrmap(e 5) ==== 50261+0+0 (secure 0 0 0) 0x7ff5640423f0 con 0x7ff57006e4c0
2026-02-19T11:39:28.129 INFO:teuthology.orchestra.run.trial030.stdout:/usr/bin/ceph: stderr
2026-02-19T11:39:27.986+0000 7ff5756c1640 1 -- 10.20.193.30:0/3413570788 --> [v2:10.20.193.30:3300/0,v1:10.20.193.30:6789/0] -- mon_command({"prefix": "get_command_descriptions"} v 0) -- 0x7ff57006e960 con 0x7ff57006e4c0
2026-02-19T11:39:28.130 INFO:teuthology.orchestra.run.trial030.stdout:/usr/bin/ceph: stderr
2026-02-19T11:39:27.986+0000 7ff54ffff640 1 --2- 10.20.193.30:0/3413570788 >> [v2:10.20.193.30:6800/812998972,v1:10.20.193.30:6801/812998972] conn(0x7ff54403dbf0 0x7ff5440400b0 unknown :-1 s=NONE pgs=0 cs=0 l=1 rev1=0 crypto rx=0 tx=0 comp rx=0 tx=0).connect
2026-02-19T11:39:28.130 INFO:teuthology.orchestra.run.trial030.stdout:/usr/bin/ceph: stderr
2026-02-19T11:39:27.986+0000 7ff56e7fc640 1 -- 10.20.193.30:0/3413570788 >> [v2:10.20.193.30:6800/812998972,v1:10.20.193.30:6801/812998972] conn(0x7ff54403dbf0 msgr2=0x7ff5440400b0 unknown :-1 s=STATE_CONNECTING_RE l=1).process reconnect failed to v2:10.20.193.30:6800/812998972
2026-02-19T11:39:28.130 INFO:teuthology.orchestra.run.trial030.stdout:/usr/bin/ceph: stderr
2026-02-19T11:39:27.986+0000 7ff54ffff640 1 -- 10.20.193.30:0/3413570788 <== mon.0 v2:10.20.193.30:3300/0 5 ==== osd_map(1..1 src has 1..1) ==== 725+0+0 (secure 0 0 0) 0x7ff564076370 con 0x7ff57006e4c0
2026-02-19T11:39:28.130 INFO:teuthology.orchestra.run.trial030.stdout:/usr/bin/ceph: stderr
2026-02-19T11:39:27.986+0000 7ff56e7fc640 1 --2- 10.20.193.30:0/3413570788 >> [v2:10.20.193.30:6800/812998972,v1:10.20.193.30:6801/812998972] conn(0x7ff54403dbf0 0x7ff5440400b0 unknown :-1 s=START_CONNECT pgs=0 cs=0 l=1 rev1=0 crypto rx=0 tx=0 comp rx=0 tx=0)._fault waiting 0.200000
2026-02-19T11:39:28.130 INFO:teuthology.orchestra.run.trial030.stdout:/usr/bin/ceph: stderr
2026-02-19T11:39:27.989+0000 7ff54ffff640 1 -- 10.20.193.30:0/3413570788 <== mon.0 v2:10.20.193.30:3300/0 6 ==== mon_command_ack([{"prefix": "get_command_descriptions"}]=0 v0) ==== 72+0+195034 (secure 0 0 0) 0x7ff56404e120 con 0x7ff57006e4c0
2026-02-19T11:39:28.130 INFO:teuthology.orchestra.run.trial030.stdout:/usr/bin/ceph: stderr
2026-02-19T11:39:28.094+0000 7ff5756c1640 1 -- 10.20.193.30:0/3413570788 --> [v2:10.20.193.30:3300/0,v1:10.20.193.30:6789/0] -- mon_command({"prefix": "mgr stat"} v 0) -- 0x7ff5701abd00 con 0x7ff57006e4c0
2026-02-19T11:39:28.130 INFO:teuthology.orchestra.run.trial030.stdout:/usr/bin/ceph: stderr
2026-02-19T11:39:28.094+0000 7ff54ffff640 1 -- 10.20.193.30:0/3413570788 <== mon.0 v2:10.20.193.30:3300/0 7 ==== mon_command_ack([{"prefix": "mgr stat"}]=0 v5) ==== 56+0+102 (secure 0 0 0) 0x7ff5640760d0 con 0x7ff57006e4c0
2026-02-19T11:39:28.130 INFO:teuthology.orchestra.run.trial030.stdout:/usr/bin/ceph: stderr
2026-02-19T11:39:28.095+0000 7ff5756c1640 1 -- 10.20.193.30:0/3413570788 >> [v2:10.20.193.30:6800/812998972,v1:10.20.193.30:6801/812998972] conn(0x7ff54403dbf0 msgr2=0x7ff5440400b0 unknown :-1 s=STATE_CONNECTING l=1).mark_down
2026-02-19T11:39:28.130 INFO:teuthology.orchestra.run.trial030.stdout:/usr/bin/ceph: stderr
2026-02-19T11:39:28.095+0000 7ff5756c1640 1 --2- 10.20.193.30:0/3413570788 >> [v2:10.20.193.30:6800/812998972,v1:10.20.193.30:6801/812998972] conn(0x7ff54403dbf0 0x7ff5440400b0 unknown :-1 s=START_CONNECT pgs=0 cs=0 l=1 rev1=0 crypto rx=0 tx=0 comp rx=0 tx=0).stop
2026-02-19T11:39:28.130 INFO:teuthology.orchestra.run.trial030.stdout:/usr/bin/ceph: stderr
2026-02-19T11:39:28.095+0000 7ff5756c1640 1 -- 10.20.193.30:0/3413570788 >> [v2:10.20.193.30:3300/0,v1:10.20.193.30:6789/0] conn(0x7ff57006e4c0 msgr2=0x7ff5701a8150 secure :-1 s=STATE_CONNECTION_ESTABLISHED l=1).mark_down
2026-02-19T11:39:28.130 INFO:teuthology.orchestra.run.trial030.stdout:/usr/bin/ceph: stderr
2026-02-19T11:39:28.095+0000 7ff5756c1640 1 --2- 10.20.193.30:0/3413570788 >> [v2:10.20.193.30:3300/0,v1:10.20.193.30:6789/0] conn(0x7ff57006e4c0 0x7ff5701a8150 secure :-1 s=READY pgs=25 cs=0 l=1 rev1=1 crypto rx=0x7ff564037b20 tx=0x7ff5640358c0 comp rx=0 tx=0).stop
2026-02-19T11:39:28.130 INFO:teuthology.orchestra.run.trial030.stdout:/usr/bin/ceph: stderr
2026-02-19T11:39:28.095+0000 7ff5756c1640 1 -- 10.20.193.30:0/3413570788 shutdown_connections
2026-02-19T11:39:28.131 INFO:teuthology.orchestra.run.trial030.stdout:/usr/bin/ceph: stderr
2026-02-19T11:39:28.095+0000 7ff5756c1640 1 --2- 10.20.193.30:0/3413570788 >> [v2:10.20.193.30:6800/812998972,v1:10.20.193.30:6801/812998972] conn(0x7ff54403dbf0 0x7ff5440400b0 unknown :-1 s=CLOSED pgs=0 cs=0 l=1 rev1=0 crypto rx=0 tx=0 comp rx=0 tx=0).stop
2026-02-19T11:39:28.131 INFO:teuthology.orchestra.run.trial030.stdout:/usr/bin/ceph: stderr
2026-02-19T11:39:28.095+0000 7ff5756c1640 1 --2- 10.20.193.30:0/3413570788 >> [v2:10.20.193.30:3300/0,v1:10.20.193.30:6789/0] conn(0x7ff57006e4c0 0x7ff5701a8150 unknown :-1 s=CLOSED pgs=25 cs=0 l=1 rev1=1 crypto rx=0 tx=0 comp rx=0 tx=0).stop
2026-02-19T11:39:28.131 INFO:teuthology.orchestra.run.trial030.stdout:/usr/bin/ceph: stderr
2026-02-19T11:39:28.095+0000 7ff5756c1640 1 -- 10.20.193.30:0/3413570788 >> 10.20.193.30:0/3413570788 conn(0x7ff570071a30 msgr2=0x7ff570072710 unknown :-1 s=STATE_NONE l=0).mark_down
2026-02-19T11:39:28.131 INFO:teuthology.orchestra.run.trial030.stdout:/usr/bin/ceph: stderr
2026-02-19T11:39:28.095+0000 7ff5756c1640 1 -- 10.20.193.30:0/3413570788 shutdown_connections
2026-02-19T11:39:28.131 INFO:teuthology.orchestra.run.trial030.stdout:/usr/bin/ceph: stderr
2026-02-19T11:39:28.095+0000 7ff5756c1640 1 -- 10.20.193.30:0/3413570788 wait complete.
2026-02-19T11:39:28.131 INFO:teuthology.orchestra.run.trial030.stdout:Waiting for the mgr to restart...
2026-02-19T11:39:28.131 INFO:teuthology.orchestra.run.trial030.stdout:Waiting for mgr epoch 5...
2026-02-19T11:39:28.956 INFO:journalctl@ceph.mon.trial030.trial030.stdout:Feb 19 11:39:28 trial030 ceph-mon[21549]: from='client.? 10.20.193.30:0/4099089408' entity='client.admin' cmd='[{"prefix": "mgr module enable", "module": "cephadm"}]': finished
2026-02-19T11:39:28.956 INFO:journalctl@ceph.mon.trial030.trial030.stdout:Feb 19 11:39:28 trial030 ceph-mon[21549]: mgrmap e5: trial030.zvhzyq(active, since 3s)
2026-02-19T11:39:28.956 INFO:journalctl@ceph.mon.trial030.trial030.stdout:Feb 19 11:39:28 trial030 ceph-mon[21549]: from='client.? 10.20.193.30:0/3413570788' entity='client.admin' cmd=[{"prefix": "mgr stat"}]: dispatch
2026-02-19T11:39:30.904 INFO:journalctl@ceph.mon.trial030.trial030.stdout:Feb 19 11:39:30 trial030 ceph-mon[21549]: Active manager daemon trial030.zvhzyq restarted
2026-02-19T11:39:30.904 INFO:journalctl@ceph.mon.trial030.trial030.stdout:Feb 19 11:39:30 trial030 ceph-mon[21549]: Activating manager daemon trial030.zvhzyq
2026-02-19T11:39:30.905 INFO:journalctl@ceph.mon.trial030.trial030.stdout:Feb 19 11:39:30 trial030 ceph-mon[21549]: osdmap e2: 0 total, 0 up, 0 in
2026-02-19T11:39:30.905 INFO:journalctl@ceph.mon.trial030.trial030.stdout:Feb 19 11:39:30 trial030 ceph-mon[21549]: mgrmap e6: trial030.zvhzyq(active, starting, since 0.00251885s)
2026-02-19T11:39:30.905 INFO:journalctl@ceph.mon.trial030.trial030.stdout:Feb 19 11:39:30 trial030 ceph-mon[21549]: from='mgr.14118 10.20.193.30:0/1547055446' entity='mgr.trial030.zvhzyq' cmd=[{"prefix": "mon metadata", "id": "trial030"}]: dispatch
2026-02-19T11:39:30.905 INFO:journalctl@ceph.mon.trial030.trial030.stdout:Feb 19 11:39:30 trial030 ceph-mon[21549]: from='mgr.14118 10.20.193.30:0/1547055446' entity='mgr.trial030.zvhzyq' cmd=[{"prefix": "mgr metadata", "who": "trial030.zvhzyq", "id": "trial030.zvhzyq"}]: dispatch
2026-02-19T11:39:30.905 INFO:journalctl@ceph.mon.trial030.trial030.stdout:Feb 19 11:39:30 trial030 ceph-mon[21549]: from='mgr.14118 10.20.193.30:0/1547055446' entity='mgr.trial030.zvhzyq' cmd=[{"prefix": "mds metadata"}]: dispatch
2026-02-19T11:39:30.905 INFO:journalctl@ceph.mon.trial030.trial030.stdout:Feb 19 11:39:30 trial030 ceph-mon[21549]: from='mgr.14118 10.20.193.30:0/1547055446' entity='mgr.trial030.zvhzyq' cmd=[{"prefix": "osd metadata"}]: dispatch
2026-02-19T11:39:30.905 INFO:journalctl@ceph.mon.trial030.trial030.stdout:Feb 19 11:39:30 trial030 ceph-mon[21549]: from='mgr.14118 10.20.193.30:0/1547055446' entity='mgr.trial030.zvhzyq' cmd=[{"prefix": "mon metadata"}]: dispatch
2026-02-19T11:39:30.905 INFO:journalctl@ceph.mon.trial030.trial030.stdout:Feb 19 11:39:30 trial030 ceph-mon[21549]: Manager daemon trial030.zvhzyq is now available
2026-02-19T11:39:30.905 INFO:journalctl@ceph.mon.trial030.trial030.stdout:Feb 19 11:39:30 trial030 ceph-mon[21549]: from='mgr.14118 10.20.193.30:0/1547055446' entity='mgr.trial030.zvhzyq'
2026-02-19T11:39:30.905 INFO:journalctl@ceph.mon.trial030.trial030.stdout:Feb 19 11:39:30 trial030 ceph-mon[21549]: from='mgr.14118 10.20.193.30:0/1547055446' entity='mgr.trial030.zvhzyq'
2026-02-19T11:39:30.905 INFO:journalctl@ceph.mon.trial030.trial030.stdout:Feb 19 11:39:30 trial030 ceph-mon[21549]: from='mgr.14118 10.20.193.30:0/1547055446' entity='mgr.trial030.zvhzyq' cmd=[{"prefix": "config dump", "format": "json"}]: dispatch
2026-02-19T11:39:30.906 INFO:journalctl@ceph.mon.trial030.trial030.stdout:Feb 19 11:39:30 trial030 ceph-mon[21549]: from='mgr.14118 10.20.193.30:0/1547055446' entity='mgr.trial030.zvhzyq' cmd=[{"prefix": "config dump", "format": "json"}]: dispatch
2026-02-19T11:39:30.906 INFO:journalctl@ceph.mon.trial030.trial030.stdout:Feb 19 11:39:30 trial030 ceph-mon[21549]: from='mgr.14118 10.20.193.30:0/1547055446' entity='mgr.trial030.zvhzyq' cmd=[{"prefix":"config rm","who":"mgr","name":"mgr/rbd_support/trial030.zvhzyq/mirror_snapshot_schedule"}]: dispatch
2026-02-19T11:39:30.906 INFO:journalctl@ceph.mon.trial030.trial030.stdout:Feb 19 11:39:30 trial030 ceph-mon[21549]: from='mgr.14118 10.20.193.30:0/1547055446' entity='mgr.trial030.zvhzyq' cmd=[{"prefix":"config rm","who":"mgr","name":"mgr/rbd_support/trial030.zvhzyq/trash_purge_schedule"}]: dispatch
2026-02-19T11:39:31.552 INFO:teuthology.orchestra.run.trial030.stdout:/usr/bin/ceph: stdout {
2026-02-19T11:39:31.552 INFO:teuthology.orchestra.run.trial030.stdout:/usr/bin/ceph: stdout "mgrmap_epoch": 7,
2026-02-19T11:39:31.552 INFO:teuthology.orchestra.run.trial030.stdout:/usr/bin/ceph: stdout "initialized": true
2026-02-19T11:39:31.552 INFO:teuthology.orchestra.run.trial030.stdout:/usr/bin/ceph: stdout }
