2026-02-19T11:39:36.289 INFO:teuthology.orchestra.run.trial030.stdout:/usr/bin/ceph: stderr
2026-02-19T11:39:36.169+0000 7fe856575640 1 -- 10.20.193.30:0/2969783493 learned_addr learned my addr 10.20.193.30:0/2969783493 (peer_addr_for_me v2:10.20.193.30:0/0)
2026-02-19T11:39:36.289 INFO:teuthology.orchestra.run.trial030.stdout:/usr/bin/ceph: stderr
2026-02-19T11:39:36.169+0000 7fe856575640 1 -- 10.20.193.30:0/2969783493 --> [v2:10.20.193.30:3300/0,v1:10.20.193.30:6789/0] -- mon_subscribe({config=0+,monmap=0+}) -- 0x7fe85807f420 con 0x7fe85807e1d0
2026-02-19T11:39:36.289 INFO:teuthology.orchestra.run.trial030.stdout:/usr/bin/ceph: stderr
2026-02-19T11:39:36.170+0000 7fe856575640 1 --2- 10.20.193.30:0/2969783493 >> [v2:10.20.193.30:3300/0,v1:10.20.193.30:6789/0] conn(0x7fe85807e1d0 0x7fe85807e5d0 secure :-1 s=READY pgs=63 cs=0 l=1 rev1=1 crypto rx=0x7fe84c009920 tx=0x7fe84c02ef20 comp rx=0 tx=0).ready entity=mon.0 client_cookie=a25f00778cb5fcc9 server_cookie=0 in_seq=0 out_seq=0
2026-02-19T11:39:36.289 INFO:teuthology.orchestra.run.trial030.stdout:/usr/bin/ceph: stderr
2026-02-19T11:39:36.170+0000 7fe855573640 1 -- 10.20.193.30:0/2969783493 <== mon.0 v2:10.20.193.30:3300/0 1 ==== mon_map magic: 0 ==== 226+0+0 (secure 0 0 0) 0x7fe84c03c070 con 0x7fe85807e1d0
2026-02-19T11:39:36.290 INFO:teuthology.orchestra.run.trial030.stdout:/usr/bin/ceph: stderr
2026-02-19T11:39:36.170+0000 7fe855573640 1 -- 10.20.193.30:0/2969783493 <== mon.0 v2:10.20.193.30:3300/0 2 ==== config(25 keys) ==== 1038+0+0 (secure 0 0 0) 0x7fe84c02fe20 con 0x7fe85807e1d0
2026-02-19T11:39:36.290 INFO:teuthology.orchestra.run.trial030.stdout:/usr/bin/ceph: stderr
2026-02-19T11:39:36.170+0000 7fe855573640 1 -- 10.20.193.30:0/2969783493 <== mon.0 v2:10.20.193.30:3300/0 3 ==== mon_map magic: 0 ==== 226+0+0 (secure 0 0 0) 0x7fe84c035340 con 0x7fe85807e1d0
2026-02-19T11:39:36.290 INFO:teuthology.orchestra.run.trial030.stdout:/usr/bin/ceph: stderr
2026-02-19T11:39:36.170+0000 7fe85ca02640 1 -- 10.20.193.30:0/2969783493 >> [v2:10.20.193.30:3300/0,v1:10.20.193.30:6789/0] conn(0x7fe85807e1d0 msgr2=0x7fe85807e5d0 secure :-1 s=STATE_CONNECTION_ESTABLISHED l=1).mark_down
2026-02-19T11:39:36.290 INFO:teuthology.orchestra.run.trial030.stdout:/usr/bin/ceph: stderr
2026-02-19T11:39:36.170+0000 7fe85ca02640 1 --2- 10.20.193.30:0/2969783493 >> [v2:10.20.193.30:3300/0,v1:10.20.193.30:6789/0] conn(0x7fe85807e1d0 0x7fe85807e5d0 secure :-1 s=READY pgs=63 cs=0 l=1 rev1=1 crypto rx=0x7fe84c009920 tx=0x7fe84c02ef20 comp rx=0 tx=0).stop
2026-02-19T11:39:36.290 INFO:teuthology.orchestra.run.trial030.stdout:/usr/bin/ceph: stderr
2026-02-19T11:39:36.170+0000 7fe85ca02640 1 -- 10.20.193.30:0/2969783493 shutdown_connections
2026-02-19T11:39:36.290 INFO:teuthology.orchestra.run.trial030.stdout:/usr/bin/ceph: stderr
2026-02-19T11:39:36.170+0000 7fe85ca02640 1 --2- 10.20.193.30:0/2969783493 >> [v2:10.20.193.30:3300/0,v1:10.20.193.30:6789/0] conn(0x7fe85807e1d0 0x7fe85807e5d0 unknown :-1 s=CLOSED pgs=63 cs=0 l=1 rev1=1 crypto rx=0 tx=0 comp rx=0 tx=0).stop
2026-02-19T11:39:36.290 INFO:teuthology.orchestra.run.trial030.stdout:/usr/bin/ceph: stderr
2026-02-19T11:39:36.170+0000 7fe85ca02640 1 -- 10.20.193.30:0/2969783493 >> 10.20.193.30:0/2969783493 conn(0x7fe85807cf00 msgr2=0x7fe85807d310 unknown :-1 s=STATE_NONE l=0).mark_down
2026-02-19T11:39:36.290 INFO:teuthology.orchestra.run.trial030.stdout:/usr/bin/ceph: stderr
2026-02-19T11:39:36.170+0000 7fe85ca02640 1 -- 10.20.193.30:0/2969783493 shutdown_connections
2026-02-19T11:39:36.290 INFO:teuthology.orchestra.run.trial030.stdout:/usr/bin/ceph: stderr
2026-02-19T11:39:36.170+0000 7fe85ca02640 1 -- 10.20.193.30:0/2969783493 wait complete.
2026-02-19T11:39:36.290 INFO:teuthology.orchestra.run.trial030.stdout:/usr/bin/ceph: stderr
2026-02-19T11:39:36.170+0000 7fe85ca02640 1 Processor -- start
2026-02-19T11:39:36.290 INFO:teuthology.orchestra.run.trial030.stdout:/usr/bin/ceph: stderr
2026-02-19T11:39:36.171+0000 7fe85ca02640 1 -- start start
2026-02-19T11:39:36.290 INFO:teuthology.orchestra.run.trial030.stdout:/usr/bin/ceph: stderr
2026-02-19T11:39:36.171+0000 7fe85ca02640 1 --2- >> [v2:10.20.193.30:3300/0,v1:10.20.193.30:6789/0] conn(0x7fe85807e1d0 0x7fe8581a3be0 unknown :-1 s=NONE pgs=0 cs=0 l=1 rev1=0 crypto rx=0 tx=0 comp rx=0 tx=0).connect
2026-02-19T11:39:36.291 INFO:teuthology.orchestra.run.trial030.stdout:/usr/bin/ceph: stderr
2026-02-19T11:39:36.171+0000 7fe85ca02640 1 -- --> [v2:10.20.193.30:3300/0,v1:10.20.193.30:6789/0] -- mon_getmap magic: 0 -- 0x7fe858080660 con 0x7fe85807e1d0
2026-02-19T11:39:36.291 INFO:teuthology.orchestra.run.trial030.stdout:/usr/bin/ceph: stderr
2026-02-19T11:39:36.171+0000 7fe856575640 1 --2- >> [v2:10.20.193.30:3300/0,v1:10.20.193.30:6789/0] conn(0x7fe85807e1d0 0x7fe8581a3be0 unknown :-1 s=BANNER_CONNECTING pgs=0 cs=0 l=1 rev1=0 crypto rx=0 tx=0 comp rx=0 tx=0)._handle_peer_banner_payload supported=3 required=0
2026-02-19T11:39:36.291 INFO:teuthology.orchestra.run.trial030.stdout:/usr/bin/ceph: stderr
2026-02-19T11:39:36.171+0000 7fe856575640 1 --2- >> [v2:10.20.193.30:3300/0,v1:10.20.193.30:6789/0] conn(0x7fe85807e1d0 0x7fe8581a3be0 unknown :-1 s=HELLO_CONNECTING pgs=0 cs=0 l=1 rev1=1 crypto rx=0 tx=0 comp rx=0 tx=0).handle_hello peer v2:10.20.193.30:3300/0 says I am v2:10.20.193.30:47752/0 (socket says 10.20.193.30:47752)
2026-02-19T11:39:36.291 INFO:teuthology.orchestra.run.trial030.stdout:/usr/bin/ceph: stderr
2026-02-19T11:39:36.171+0000 7fe856575640 1 -- 10.20.193.30:0/3267832277 learned_addr learned my addr 10.20.193.30:0/3267832277 (peer_addr_for_me v2:10.20.193.30:0/0)
2026-02-19T11:39:36.291 INFO:teuthology.orchestra.run.trial030.stdout:/usr/bin/ceph: stderr
2026-02-19T11:39:36.171+0000 7fe856575640 1 -- 10.20.193.30:0/3267832277 --> [v2:10.20.193.30:3300/0,v1:10.20.193.30:6789/0] -- mon_subscribe({config=0+,monmap=0+}) -- 0x7fe8581a4120 con 0x7fe85807e1d0
2026-02-19T11:39:36.291 INFO:teuthology.orchestra.run.trial030.stdout:/usr/bin/ceph: stderr
2026-02-19T11:39:36.171+0000 7fe856575640 1 --2- 10.20.193.30:0/3267832277 >> [v2:10.20.193.30:3300/0,v1:10.20.193.30:6789/0] conn(0x7fe85807e1d0 0x7fe8581a3be0 secure :-1 s=READY pgs=64 cs=0 l=1 rev1=1 crypto rx=0x7fe84c0091b0 tx=0x7fe84c037a50 comp rx=0 tx=0).ready entity=mon.0 client_cookie=0 server_cookie=0 in_seq=0 out_seq=0
2026-02-19T11:39:36.291 INFO:teuthology.orchestra.run.trial030.stdout:/usr/bin/ceph: stderr
2026-02-19T11:39:36.171+0000 7fe83f7fe640 1 -- 10.20.193.30:0/3267832277 <== mon.0 v2:10.20.193.30:3300/0 1 ==== mon_map magic: 0 ==== 226+0+0 (secure 0 0 0) 0x7fe84c0359a0 con 0x7fe85807e1d0
2026-02-19T11:39:36.291 INFO:teuthology.orchestra.run.trial030.stdout:/usr/bin/ceph: stderr
2026-02-19T11:39:36.171+0000 7fe83f7fe640 1 -- 10.20.193.30:0/3267832277 <== mon.0 v2:10.20.193.30:3300/0 2 ==== config(25 keys) ==== 1038+0+0 (secure 0 0 0) 0x7fe84c043430 con 0x7fe85807e1d0
2026-02-19T11:39:36.291 INFO:teuthology.orchestra.run.trial030.stdout:/usr/bin/ceph: stderr
2026-02-19T11:39:36.171+0000 7fe85ca02640 1 -- 10.20.193.30:0/3267832277 --> [v2:10.20.193.30:3300/0,v1:10.20.193.30:6789/0] -- mon_subscribe({mgrmap=0+}) -- 0x7fe8581a43b0 con 0x7fe85807e1d0
2026-02-19T11:39:36.291 INFO:teuthology.orchestra.run.trial030.stdout:/usr/bin/ceph: stderr
2026-02-19T11:39:36.171+0000 7fe83f7fe640 1 -- 10.20.193.30:0/3267832277 <== mon.0 v2:10.20.193.30:3300/0 3 ==== mon_map magic: 0 ==== 226+0+0 (secure 0 0 0) 0x7fe84c042590 con 0x7fe85807e1d0
2026-02-19T11:39:36.291 INFO:teuthology.orchestra.run.trial030.stdout:/usr/bin/ceph: stderr
2026-02-19T11:39:36.171+0000 7fe85ca02640 1 -- 10.20.193.30:0/3267832277 --> [v2:10.20.193.30:3300/0,v1:10.20.193.30:6789/0] -- mon_subscribe({osdmap=0}) -- 0x7fe8581a70a0 con 0x7fe85807e1d0
2026-02-19T11:39:36.291 INFO:teuthology.orchestra.run.trial030.stdout:/usr/bin/ceph: stderr
2026-02-19T11:39:36.171+0000 7fe85ca02640 1 -- 10.20.193.30:0/3267832277 --> [v2:10.20.193.30:3300/0,v1:10.20.193.30:6789/0] -- mon_command({"prefix": "get_command_descriptions"} v 0) -- 0x7fe85807e5d0 con 0x7fe85807e1d0
2026-02-19T11:39:36.292 INFO:teuthology.orchestra.run.trial030.stdout:/usr/bin/ceph: stderr
2026-02-19T11:39:36.172+0000 7fe83f7fe640 1 -- 10.20.193.30:0/3267832277 <== mon.0 v2:10.20.193.30:3300/0 4 ==== mgrmap(e 8) ==== 50261+0+0 (secure 0 0 0) 0x7fe84c035b40 con 0x7fe85807e1d0
2026-02-19T11:39:36.292 INFO:teuthology.orchestra.run.trial030.stdout:/usr/bin/ceph: stderr
2026-02-19T11:39:36.172+0000 7fe83f7fe640 1 --2- 10.20.193.30:0/3267832277 >> [v2:10.20.193.30:6800/638036417,v1:10.20.193.30:6801/638036417] conn(0x7fe83003dba0 0x7fe830040060 unknown :-1 s=NONE pgs=0 cs=0 l=1 rev1=0 crypto rx=0 tx=0 comp rx=0 tx=0).connect
2026-02-19T11:39:36.292 INFO:teuthology.orchestra.run.trial030.stdout:/usr/bin/ceph: stderr
2026-02-19T11:39:36.172+0000 7fe83f7fe640 1 -- 10.20.193.30:0/3267832277 <== mon.0 v2:10.20.193.30:3300/0 5 ==== osd_map(2..2 src has 1..2) ==== 940+0+0 (secure 0 0 0) 0x7fe84c076420 con 0x7fe85807e1d0
2026-02-19T11:39:36.292 INFO:teuthology.orchestra.run.trial030.stdout:/usr/bin/ceph: stderr
2026-02-19T11:39:36.172+0000 7fe855d74640 1 --2- 10.20.193.30:0/3267832277 >> [v2:10.20.193.30:6800/638036417,v1:10.20.193.30:6801/638036417] conn(0x7fe83003dba0 0x7fe830040060 unknown :-1 s=BANNER_CONNECTING pgs=0 cs=0 l=1 rev1=0 crypto rx=0 tx=0 comp rx=0 tx=0)._handle_peer_banner_payload supported=3 required=0
2026-02-19T11:39:36.292 INFO:teuthology.orchestra.run.trial030.stdout:/usr/bin/ceph: stderr
2026-02-19T11:39:36.172+0000 7fe855d74640 1 --2- 10.20.193.30:0/3267832277 >> [v2:10.20.193.30:6800/638036417,v1:10.20.193.30:6801/638036417] conn(0x7fe83003dba0 0x7fe830040060 secure :-1 s=READY pgs=21 cs=0 l=1 rev1=1 crypto rx=0x7fe8400099c0 tx=0x7fe840006eb0 comp rx=0 tx=0).ready entity=mgr.14118 client_cookie=0 server_cookie=0 in_seq=0 out_seq=0
2026-02-19T11:39:36.292 INFO:teuthology.orchestra.run.trial030.stdout:/usr/bin/ceph: stderr
2026-02-19T11:39:36.174+0000 7fe83f7fe640 1 -- 10.20.193.30:0/3267832277 <== mon.0 v2:10.20.193.30:3300/0 6 ==== mon_command_ack([{"prefix": "get_command_descriptions"}]=0 v0) ==== 72+0+195034 (secure 0 0 0) 0x7fe84c02fdf0 con 0x7fe85807e1d0
2026-02-19T11:39:36.292 INFO:teuthology.orchestra.run.trial030.stdout:/usr/bin/ceph: stderr
2026-02-19T11:39:36.256+0000 7fe85ca02640 1 -- 10.20.193.30:0/3267832277 --> [v2:10.20.193.30:3300/0,v1:10.20.193.30:6789/0] -- mon_command([{prefix=config set, name=mgr/dashboard/ssl_server_port}] v 0) -- 0x7fe85819cac0 con 0x7fe85807e1d0
2026-02-19T11:39:36.292 INFO:teuthology.orchestra.run.trial030.stdout:/usr/bin/ceph: stderr
2026-02-19T11:39:36.258+0000 7fe83f7fe640 1 -- 10.20.193.30:0/3267832277 <== mon.0 v2:10.20.193.30:3300/0 7 ==== mon_command_ack([{prefix=config set, name=mgr/dashboard/ssl_server_port}]=0 v8)=0 v8) ==== 130+0+0 (secure 0 0 0) 0x7fe84c076180 con 0x7fe85807e1d0
2026-02-19T11:39:36.292 INFO:teuthology.orchestra.run.trial030.stdout:/usr/bin/ceph: stderr
2026-02-19T11:39:36.259+0000 7fe85ca02640 1 -- 10.20.193.30:0/3267832277 >> [v2:10.20.193.30:6800/638036417,v1:10.20.193.30:6801/638036417] conn(0x7fe83003dba0 msgr2=0x7fe830040060 secure :-1 s=STATE_CONNECTION_ESTABLISHED l=1).mark_down
2026-02-19T11:39:36.292 INFO:teuthology.orchestra.run.trial030.stdout:/usr/bin/ceph: stderr
2026-02-19T11:39:36.259+0000 7fe85ca02640 1 --2- 10.20.193.30:0/3267832277 >> [v2:10.20.193.30:6800/638036417,v1:10.20.193.30:6801/638036417] conn(0x7fe83003dba0 0x7fe830040060 secure :-1 s=READY pgs=21 cs=0 l=1 rev1=1 crypto rx=0x7fe8400099c0 tx=0x7fe840006eb0 comp rx=0 tx=0).stop
2026-02-19T11:39:36.292 INFO:teuthology.orchestra.run.trial030.stdout:/usr/bin/ceph: stderr
2026-02-19T11:39:36.259+0000 7fe85ca02640 1 -- 10.20.193.30:0/3267832277 >> [v2:10.20.193.30:3300/0,v1:10.20.193.30:6789/0] conn(0x7fe85807e1d0 msgr2=0x7fe8581a3be0 secure :-1 s=STATE_CONNECTION_ESTABLISHED l=1).mark_down
2026-02-19T11:39:36.292 INFO:teuthology.orchestra.run.trial030.stdout:/usr/bin/ceph: stderr
2026-02-19T11:39:36.259+0000 7fe85ca02640 1 --2- 10.20.193.30:0/3267832277 >> [v2:10.20.193.30:3300/0,v1:10.20.193.30:6789/0] conn(0x7fe85807e1d0 0x7fe8581a3be0 secure :-1 s=READY pgs=64 cs=0 l=1 rev1=1 crypto rx=0x7fe84c0091b0 tx=0x7fe84c037a50 comp rx=0 tx=0).stop
2026-02-19T11:39:36.293 INFO:teuthology.orchestra.run.trial030.stdout:/usr/bin/ceph: stderr
2026-02-19T11:39:36.259+0000 7fe85ca02640 1 -- 10.20.193.30:0/3267832277 shutdown_connections
2026-02-19T11:39:36.293 INFO:teuthology.orchestra.run.trial030.stdout:/usr/bin/ceph: stderr
2026-02-19T11:39:36.259+0000 7fe85ca02640 1 --2- 10.20.193.30:0/3267832277 >> [v2:10.20.193.30:6800/638036417,v1:10.20.193.30:6801/638036417] conn(0x7fe83003dba0 0x7fe830040060 unknown :-1 s=CLOSED pgs=21 cs=0 l=1 rev1=1 crypto rx=0 tx=0 comp rx=0 tx=0).stop
2026-02-19T11:39:36.293 INFO:teuthology.orchestra.run.trial030.stdout:/usr/bin/ceph: stderr
2026-02-19T11:39:36.259+0000 7fe85ca02640 1 --2- 10.20.193.30:0/3267832277 >> [v2:10.20.193.30:3300/0,v1:10.20.193.30:6789/0] conn(0x7fe85807e1d0 0x7fe8581a3be0 unknown :-1 s=CLOSED pgs=64 cs=0 l=1 rev1=1 crypto rx=0 tx=0 comp rx=0 tx=0).stop
2026-02-19T11:39:36.293 INFO:teuthology.orchestra.run.trial030.stdout:/usr/bin/ceph: stderr
2026-02-19T11:39:36.259+0000 7fe85ca02640 1 -- 10.20.193.30:0/3267832277 >> 10.20.193.30:0/3267832277 conn(0x7fe85807cf00 msgr2=0x7fe8581082c0 unknown :-1 s=STATE_NONE l=0).mark_down
2026-02-19T11:39:36.293 INFO:teuthology.orchestra.run.trial030.stdout:/usr/bin/ceph: stderr
2026-02-19T11:39:36.259+0000 7fe85ca02640 1 -- 10.20.193.30:0/3267832277 shutdown_connections
2026-02-19T11:39:36.293 INFO:teuthology.orchestra.run.trial030.stdout:/usr/bin/ceph: stderr
2026-02-19T11:39:36.259+0000 7fe85ca02640 1 -- 10.20.193.30:0/3267832277 wait complete.
2026-02-19T11:39:36.293 INFO:teuthology.orchestra.run.trial030.stdout:Enabling the dashboard module...
2026-02-19T11:39:37.154 INFO:journalctl@ceph.mon.trial030.trial030.stdout:Feb 19 11:39:36 trial030 ceph-mon[21549]: from='client.14146 -' entity='client.admin' cmd=[{"prefix": "orch apply", "service_type": "ceph-exporter", "target": ["mon-mgr", ""]}]: dispatch
2026-02-19T11:39:37.155 INFO:journalctl@ceph.mon.trial030.trial030.stdout:Feb 19 11:39:36 trial030 ceph-mon[21549]: Saving service ceph-exporter spec with placement *
2026-02-19T11:39:37.155 INFO:journalctl@ceph.mon.trial030.trial030.stdout:Feb 19 11:39:36 trial030 ceph-mon[21549]: from='client.14148 -' entity='client.admin' cmd=[{"prefix": "orch apply", "service_type": "prometheus", "target": ["mon-mgr", ""]}]: dispatch
2026-02-19T11:39:37.155 INFO:journalctl@ceph.mon.trial030.trial030.stdout:Feb 19 11:39:36 trial030 ceph-mon[21549]: Saving service prometheus spec with placement count:1
2026-02-19T11:39:37.155 INFO:journalctl@ceph.mon.trial030.trial030.stdout:Feb 19 11:39:36 trial030 ceph-mon[21549]: from='client.14150 -' entity='client.admin' cmd=[{"prefix": "orch apply", "service_type": "grafana", "target": ["mon-mgr", ""]}]: dispatch
2026-02-19T11:39:37.155 INFO:journalctl@ceph.mon.trial030.trial030.stdout:Feb 19 11:39:36 trial030 ceph-mon[21549]: Saving service grafana spec with placement count:1
2026-02-19T11:39:37.155 INFO:journalctl@ceph.mon.trial030.trial030.stdout:Feb 19 11:39:36 trial030 ceph-mon[21549]: from='client.14152 -' entity='client.admin' cmd=[{"prefix": "orch apply", "service_type": "node-exporter", "target": ["mon-mgr", ""]}]: dispatch
2026-02-19T11:39:37.155 INFO:journalctl@ceph.mon.trial030.trial030.stdout:Feb 19 11:39:36 trial030 ceph-mon[21549]: Saving service node-exporter spec with placement *
2026-02-19T11:39:37.155 INFO:journalctl@ceph.mon.trial030.trial030.stdout:Feb 19 11:39:36 trial030 ceph-mon[21549]: from='client.14154 -' entity='client.admin' cmd=[{"prefix": "orch apply", "service_type": "alertmanager", "target": ["mon-mgr", ""]}]: dispatch
2026-02-19T11:39:37.155 INFO:journalctl@ceph.mon.trial030.trial030.stdout:Feb 19 11:39:36 trial030 ceph-mon[21549]: Saving service alertmanager spec with placement count:1
2026-02-19T11:39:37.155 INFO:journalctl@ceph.mon.trial030.trial030.stdout:Feb 19 11:39:36 trial030 ceph-mon[21549]: from='mgr.14118 10.20.193.30:0/1547055446' entity='mgr.trial030.zvhzyq'
2026-02-19T11:39:37.156 INFO:journalctl@ceph.mon.trial030.trial030.stdout:Feb 19 11:39:36 trial030 ceph-mon[21549]: from='client.? 10.20.193.30:0/263187604' entity='client.admin'
2026-02-19T11:39:37.156 INFO:journalctl@ceph.mon.trial030.trial030.stdout:Feb 19 11:39:36 trial030 ceph-mon[21549]: from='client.? 10.20.193.30:0/3267832277' entity='client.admin'
2026-02-19T11:39:37.156 INFO:journalctl@ceph.mon.trial030.trial030.stdout:Feb 19 11:39:36 trial030 ceph-mon[21549]: from='client.? 10.20.193.30:0/992655174' entity='client.admin' cmd=[{"prefix": "mgr module enable", "module": "dashboard"}]: dispatch
2026-02-19T11:39:37.290 INFO:teuthology.orchestra.run.trial030.stdout:/usr/bin/ceph: stderr
2026-02-19T11:39:36.376+0000 7f1282fff640 1 Processor -- start
2026-02-19T11:39:37.290 INFO:teuthology.orchestra.run.trial030.stdout:/usr/bin/ceph: stderr
2026-02-19T11:39:36.376+0000 7f1282fff640 1 -- start start
2026-02-19T11:39:37.290 INFO:teuthology.orchestra.run.trial030.stdout:/usr/bin/ceph: stderr
2026-02-19T11:39:36.376+0000 7f1282fff640 1 --2- >> [v2:10.20.193.30:3300/0,v1:10.20.193.30:6789/0] conn(0x7f127c109880 0x7f127c109c80 unknown :-1 s=NONE pgs=0 cs=0 l=0 rev1=0 crypto rx=0 tx=0 comp rx=0 tx=0).connect
2026-02-19T11:39:37.290 INFO:teuthology.orchestra.run.trial030.stdout:/usr/bin/ceph: stderr
2026-02-19T11:39:36.376+0000 7f1282fff640 1 -- --> [v2:10.20.193.30:3300/0,v1:10.20.193.30:6789/0] -- mon_getmap magic: 0 -- 0x7f127c10a250 con 0x7f127c109880
2026-02-19T11:39:37.290 INFO:teuthology.orchestra.run.trial030.stdout:/usr/bin/ceph: stderr
2026-02-19T11:39:36.376+0000 7f1280d74640 1 --2- >> [v2:10.20.193.30:3300/0,v1:10.20.193.30:6789/0] conn(0x7f127c109880 0x7f127c109c80 unknown :-1 s=BANNER_CONNECTING pgs=0 cs=0 l=0 rev1=0 crypto rx=0 tx=0 comp rx=0 tx=0)._handle_peer_banner_payload supported=3 required=0
2026-02-19T11:39:37.290 INFO:teuthology.orchestra.run.trial030.stdout:/usr/bin/ceph: stderr
2026-02-19T11:39:36.376+0000 7f1280d74640 1 --2- >> [v2:10.20.193.30:3300/0,v1:10.20.193.30:6789/0] conn(0x7f127c109880 0x7f127c109c80 unknown :-1 s=HELLO_CONNECTING pgs=0 cs=0 l=0 rev1=1 crypto rx=0 tx=0 comp rx=0 tx=0).handle_hello peer v2:10.20.193.30:3300/0 says I am v2:10.20.193.30:47758/0 (socket says 10.20.193.30:47758)
2026-02-19T11:39:37.290 INFO:teuthology.orchestra.run.trial030.stdout:/usr/bin/ceph: stderr
2026-02-19T11:39:36.376+0000 7f1280d74640 1 -- 10.20.193.30:0/2755629023 learned_addr learned my addr 10.20.193.30:0/2755629023 (peer_addr_for_me v2:10.20.193.30:0/0)
2026-02-19T11:39:37.290 INFO:teuthology.orchestra.run.trial030.stdout:/usr/bin/ceph: stderr
2026-02-19T11:39:36.376+0000 7f1280d74640 1 -- 10.20.193.30:0/2755629023 --> [v2:10.20.193.30:3300/0,v1:10.20.193.30:6789/0] -- mon_subscribe({config=0+,monmap=0+}) -- 0x7f127c10aa80 con 0x7f127c109880
2026-02-19T11:39:37.290 INFO:teuthology.orchestra.run.trial030.stdout:/usr/bin/ceph: stderr
2026-02-19T11:39:36.376+0000 7f1280d74640 1 --2- 10.20.193.30:0/2755629023 >> [v2:10.20.193.30:3300/0,v1:10.20.193.30:6789/0] conn(0x7f127c109880 0x7f127c109c80 secure :-1 s=READY pgs=65 cs=0 l=1 rev1=1 crypto rx=0x7f126c009920 tx=0x7f126c02ef20 comp rx=0 tx=0).ready entity=mon.0 client_cookie=489814f9ceb30dae server_cookie=0 in_seq=0 out_seq=0
2026-02-19T11:39:37.290 INFO:teuthology.orchestra.run.trial030.stdout:/usr/bin/ceph: stderr
2026-02-19T11:39:36.377+0000 7f12737fe640 1 -- 10.20.193.30:0/2755629023 <== mon.0 v2:10.20.193.30:3300/0 1 ==== mon_map magic: 0 ==== 226+0+0 (secure 0 0 0) 0x7f126c03c070 con 0x7f127c109880
2026-02-19T11:39:37.290 INFO:teuthology.orchestra.run.trial030.stdout:/usr/bin/ceph: stderr
2026-02-19T11:39:36.377+0000 7f12737fe640 1 -- 10.20.193.30:0/2755629023 <== mon.0 v2:10.20.193.30:3300/0 2 ==== config(25 keys) ==== 1038+0+0 (secure 0 0 0) 0x7f126c02fe20 con 0x7f127c109880
2026-02-19T11:39:37.290 INFO:teuthology.orchestra.run.trial030.stdout:/usr/bin/ceph: stderr
2026-02-19T11:39:36.377+0000 7f12737fe640 1 -- 10.20.193.30:0/2755629023 <== mon.0 v2:10.20.193.30:3300/0 3 ==== mon_map magic: 0 ==== 226+0+0 (secure 0 0 0) 0x7f126c035340 con 0x7f127c109880
2026-02-19T11:39:37.290 INFO:teuthology.orchestra.run.trial030.stdout:/usr/bin/ceph: stderr
2026-02-19T11:39:36.377+0000 7f1282fff640 1 -- 10.20.193.30:0/2755629023 >> [v2:10.20.193.30:3300/0,v1:10.20.193.30:6789/0] conn(0x7f127c109880 msgr2=0x7f127c109c80 secure :-1 s=STATE_CONNECTION_ESTABLISHED l=1).mark_down
2026-02-19T11:39:37.294 INFO:teuthology.orchestra.run.trial030.stdout:/usr/bin/ceph: stderr
2026-02-19T11:39:36.377+0000 7f1282fff640 1 --2- 10.20.193.30:0/2755629023 >> [v2:10.20.193.30:3300/0,v1:10.20.193.30:6789/0] conn(0x7f127c109880 0x7f127c109c80 secure :-1 s=READY pgs=65 cs=0 l=1 rev1=1 crypto rx=0x7f126c009920 tx=0x7f126c02ef20 comp rx=0 tx=0).stop
2026-02-19T11:39:37.294 INFO:teuthology.orchestra.run.trial030.stdout:/usr/bin/ceph: stderr
2026-02-19T11:39:36.377+0000 7f1282fff640 1 -- 10.20.193.30:0/2755629023 shutdown_connections
2026-02-19T11:39:37.294 INFO:teuthology.orchestra.run.trial030.stdout:/usr/bin/ceph: stderr
2026-02-19T11:39:36.377+0000 7f1282fff640 1 --2- 10.20.193.30:0/2755629023 >> [v2:10.20.193.30:3300/0,v1:10.20.193.30:6789/0] conn(0x7f127c109880 0x7f127c109c80 unknown :-1 s=CLOSED pgs=65 cs=0 l=1 rev1=1 crypto rx=0 tx=0 comp rx=0 tx=0).stop
2026-02-19T11:39:37.294 INFO:teuthology.orchestra.run.trial030.stdout:/usr/bin/ceph: stderr
2026-02-19T11:39:36.377+0000 7f1282fff640 1 -- 10.20.193.30:0/2755629023 >> 10.20.193.30:0/2755629023 conn(0x7f127c07cf00 msgr2=0x7f127c07d310 unknown :-1 s=STATE_NONE l=0).mark_down
2026-02-19T11:39:37.294 INFO:teuthology.orchestra.run.trial030.stdout:/usr/bin/ceph: stderr
2026-02-19T11:39:36.377+0000 7f1282fff640 1 -- 10.20.193.30:0/2755629023 shutdown_connections
2026-02-19T11:39:37.294 INFO:teuthology.orchestra.run.trial030.stdout:/usr/bin/ceph: stderr
2026-02-19T11:39:36.377+0000 7f1282fff640 1 -- 10.20.193.30:0/2755629023 wait complete.
2026-02-19T11:39:37.294 INFO:teuthology.orchestra.run.trial030.stdout:/usr/bin/ceph: stderr
2026-02-19T11:39:36.377+0000 7f1282fff640 1 Processor -- start
2026-02-19T11:39:37.295 INFO:teuthology.orchestra.run.trial030.stdout:/usr/bin/ceph: stderr
2026-02-19T11:39:36.377+0000 7f1282fff640 1 -- start start
2026-02-19T11:39:37.295 INFO:teuthology.orchestra.run.trial030.stdout:/usr/bin/ceph: stderr
2026-02-19T11:39:36.377+0000 7f1282fff640 1 --2- >> [v2:10.20.193.30:3300/0,v1:10.20.193.30:6789/0] conn(0x7f127c109880 0x7f127c19f770 unknown :-1 s=NONE pgs=0 cs=0 l=1 rev1=0 crypto rx=0 tx=0 comp rx=0 tx=0).connect
2026-02-19T11:39:37.295 INFO:teuthology.orchestra.run.trial030.stdout:/usr/bin/ceph: stderr
2026-02-19T11:39:36.377+0000 7f1282fff640 1 -- --> [v2:10.20.193.30:3300/0,v1:10.20.193.30:6789/0] -- mon_getmap magic: 0 -- 0x7f127c10dcb0 con 0x7f127c109880
2026-02-19T11:39:37.295 INFO:teuthology.orchestra.run.trial030.stdout:/usr/bin/ceph: stderr
2026-02-19T11:39:36.377+0000 7f1280d74640 1 --2- >> [v2:10.20.193.30:3300/0,v1:10.20.193.30:6789/0] conn(0x7f127c109880 0x7f127c19f770 unknown :-1 s=BANNER_CONNECTING pgs=0 cs=0 l=1 rev1=0 crypto rx=0 tx=0 comp rx=0 tx=0)._handle_peer_banner_payload supported=3 required=0
2026-02-19T11:39:37.295 INFO:teuthology.orchestra.run.trial030.stdout:/usr/bin/ceph: stderr
2026-02-19T11:39:36.377+0000 7f1280d74640 1 --2- >> [v2:10.20.193.30:3300/0,v1:10.20.193.30:6789/0] conn(0x7f127c109880 0x7f127c19f770 unknown :-1 s=HELLO_CONNECTING pgs=0 cs=0 l=1 rev1=1 crypto rx=0 tx=0 comp rx=0 tx=0).handle_hello peer v2:10.20.193.30:3300/0 says I am v2:10.20.193.30:47760/0 (socket says 10.20.193.30:47760)
2026-02-19T11:39:37.295 INFO:teuthology.orchestra.run.trial030.stdout:/usr/bin/ceph: stderr
2026-02-19T11:39:36.377+0000 7f1280d74640 1 -- 10.20.193.30:0/992655174 learned_addr learned my addr 10.20.193.30:0/992655174 (peer_addr_for_me v2:10.20.193.30:0/0)
2026-02-19T11:39:37.295 INFO:teuthology.orchestra.run.trial030.stdout:/usr/bin/ceph: stderr
2026-02-19T11:39:36.378+0000 7f1280d74640 1 -- 10.20.193.30:0/992655174 --> [v2:10.20.193.30:3300/0,v1:10.20.193.30:6789/0] -- mon_subscribe({config=0+,monmap=0+}) -- 0x7f127c19fcb0 con 0x7f127c109880
2026-02-19T11:39:37.295 INFO:teuthology.orchestra.run.trial030.stdout:/usr/bin/ceph: stderr
2026-02-19T11:39:36.378+0000 7f1280d74640 1 --2- 10.20.193.30:0/992655174 >> [v2:10.20.193.30:3300/0,v1:10.20.193.30:6789/0] conn(0x7f127c109880 0x7f127c19f770 secure :-1 s=READY pgs=66 cs=0 l=1 rev1=1 crypto rx=0x7f126c0091b0 tx=0x7f126c037a50 comp rx=0 tx=0).ready entity=mon.0 client_cookie=0 server_cookie=0 in_seq=0 out_seq=0
2026-02-19T11:39:37.295 INFO:teuthology.orchestra.run.trial030.stdout:/usr/bin/ceph: stderr
2026-02-19T11:39:36.378+0000 7f1271ffb640 1 -- 10.20.193.30:0/992655174 <== mon.0 v2:10.20.193.30:3300/0 1 ==== mon_map magic: 0 ==== 226+0+0 (secure 0 0 0) 0x7f126c0359a0 con 0x7f127c109880
2026-02-19T11:39:37.301 INFO:teuthology.orchestra.run.trial030.stdout:/usr/bin/ceph: stderr
2026-02-19T11:39:36.378+0000 7f1271ffb640 1 -- 10.20.193.30:0/992655174 <== mon.0 v2:10.20.193.30:3300/0 2 ==== config(25 keys) ==== 1038+0+0 (secure 0 0 0) 0x7f126c043430 con 0x7f127c109880
2026-02-19T11:39:37.301 INFO:teuthology.orchestra.run.trial030.stdout:/usr/bin/ceph: stderr
2026-02-19T11:39:36.378+0000 7f1282fff640 1 -- 10.20.193.30:0/992655174 --> [v2:10.20.193.30:3300/0,v1:10.20.193.30:6789/0] -- mon_subscribe({mgrmap=0+}) -- 0x7f127c19ff40 con 0x7f127c109880
2026-02-19T11:39:37.301 INFO:teuthology.orchestra.run.trial030.stdout:/usr/bin/ceph: stderr
2026-02-19T11:39:36.378+0000 7f1271ffb640 1 -- 10.20.193.30:0/992655174 <== mon.0 v2:10.20.193.30:3300/0 3 ==== mon_map magic: 0 ==== 226+0+0 (secure 0 0 0) 0x7f126c042590 con 0x7f127c109880
2026-02-19T11:39:37.301 INFO:teuthology.orchestra.run.trial030.stdout:/usr/bin/ceph: stderr
2026-02-19T11:39:36.378+0000 7f1282fff640 1 -- 10.20.193.30:0/992655174 --> [v2:10.20.193.30:3300/0,v1:10.20.193.30:6789/0] -- mon_subscribe({osdmap=0}) -- 0x7f127c1a2c30 con 0x7f127c109880
2026-02-19T11:39:37.301 INFO:teuthology.orchestra.run.trial030.stdout:/usr/bin/ceph: stderr
2026-02-19T11:39:36.378+0000 7f1282fff640 1 -- 10.20.193.30:0/992655174 --> [v2:10.20.193.30:3300/0,v1:10.20.193.30:6789/0] -- mon_command({"prefix": "get_command_descriptions"} v 0) -- 0x7f127c109d00 con 0x7f127c109880
2026-02-19T11:39:37.301 INFO:teuthology.orchestra.run.trial030.stdout:/usr/bin/ceph: stderr
2026-02-19T11:39:36.378+0000 7f1271ffb640 1 -- 10.20.193.30:0/992655174 <== mon.0 v2:10.20.193.30:3300/0 4 ==== mgrmap(e 8) ==== 50261+0+0 (secure 0 0 0) 0x7f126c035b40 con 0x7f127c109880
2026-02-19T11:39:37.301 INFO:teuthology.orchestra.run.trial030.stdout:/usr/bin/ceph: stderr
2026-02-19T11:39:36.379+0000 7f1271ffb640 1 --2- 10.20.193.30:0/992655174 >> [v2:10.20.193.30:6800/638036417,v1:10.20.193.30:6801/638036417] conn(0x7f125803dbf0 0x7f12580400b0 unknown :-1 s=NONE pgs=0 cs=0 l=1 rev1=0 crypto rx=0 tx=0 comp rx=0 tx=0).connect
2026-02-19T11:39:37.301 INFO:teuthology.orchestra.run.trial030.stdout:/usr/bin/ceph: stderr
2026-02-19T11:39:36.379+0000 7f1271ffb640 1 -- 10.20.193.30:0/992655174 <== mon.0 v2:10.20.193.30:3300/0 5 ==== osd_map(2..2 src has 1..2) ==== 940+0+0 (secure 0 0 0) 0x7f126c076320 con 0x7f127c109880
2026-02-19T11:39:37.301 INFO:teuthology.orchestra.run.trial030.stdout:/usr/bin/ceph: stderr
2026-02-19T11:39:36.379+0000 7f1273fff640 1 --2- 10.20.193.30:0/992655174 >> [v2:10.20.193.30:6800/638036417,v1:10.20.193.30:6801/638036417] conn(0x7f125803dbf0 0x7f12580400b0 unknown :-1 s=BANNER_CONNECTING pgs=0 cs=0 l=1 rev1=0 crypto rx=0 tx=0 comp rx=0 tx=0)._handle_peer_banner_payload supported=3 required=0
2026-02-19T11:39:37.302 INFO:teuthology.orchestra.run.trial030.stdout:/usr/bin/ceph: stderr
2026-02-19T11:39:36.379+0000 7f1273fff640 1 --2- 10.20.193.30:0/992655174 >> [v2:10.20.193.30:6800/638036417,v1:10.20.193.30:6801/638036417] conn(0x7f125803dbf0 0x7f12580400b0 secure :-1 s=READY pgs=22 cs=0 l=1 rev1=1 crypto rx=0x7f12640099c0 tx=0x7f1264006eb0 comp rx=0 tx=0).ready entity=mgr.14118 client_cookie=0 server_cookie=0 in_seq=0 out_seq=0
2026-02-19T11:39:37.302 INFO:teuthology.orchestra.run.trial030.stdout:/usr/bin/ceph: stderr
2026-02-19T11:39:36.381+0000 7f1271ffb640 1 -- 10.20.193.30:0/992655174 <== mon.0 v2:10.20.193.30:3300/0 6 ==== mon_command_ack([{"prefix": "get_command_descriptions"}]=0 v0) ==== 72+0+195034 (secure 0 0 0) 0x7f126c02fdf0 con 0x7f127c109880
2026-02-19T11:39:37.302 INFO:teuthology.orchestra.run.trial030.stdout:/usr/bin/ceph: stderr
2026-02-19T11:39:36.487+0000 7f1282fff640 1 -- 10.20.193.30:0/992655174 --> [v2:10.20.193.30:3300/0,v1:10.20.193.30:6789/0] -- mon_command({"prefix": "mgr module enable", "module": "dashboard"} v 0) -- 0x7f127c1a3390 con 0x7f127c109880
2026-02-19T11:39:37.302 INFO:teuthology.orchestra.run.trial030.stdout:/usr/bin/ceph: stderr
2026-02-19T11:39:37.258+0000 7f1271ffb640 1 -- 10.20.193.30:0/992655174 <== mon.0 v2:10.20.193.30:3300/0 7 ==== mon_command_ack([{"prefix": "mgr module enable", "module": "dashboard"}]=0 v9) ==== 88+0+0 (secure 0 0 0) 0x7f126c0471c0 con 0x7f127c109880
2026-02-19T11:39:37.302 INFO:teuthology.orchestra.run.trial030.stdout:/usr/bin/ceph: stderr
2026-02-19T11:39:37.260+0000 7f1271ffb640 1 -- 10.20.193.30:0/992655174 <== mon.0 v2:10.20.193.30:3300/0 8 ==== mgrmap(e 9) ==== 50274+0+0 (secure 0 0 0) 0x7f126c0435e0 con 0x7f127c109880
2026-02-19T11:39:37.302 INFO:teuthology.orchestra.run.trial030.stdout:/usr/bin/ceph: stderr
2026-02-19T11:39:37.264+0000 7f1282fff640 1 -- 10.20.193.30:0/992655174 >> [v2:10.20.193.30:6800/638036417,v1:10.20.193.30:6801/638036417] conn(0x7f125803dbf0 msgr2=0x7f12580400b0 secure :-1 s=STATE_CONNECTION_ESTABLISHED l=1).mark_down
2026-02-19T11:39:37.302 INFO:teuthology.orchestra.run.trial030.stdout:/usr/bin/ceph: stderr
2026-02-19T11:39:37.264+0000 7f1282fff640 1 --2- 10.20.193.30:0/992655174 >> [v2:10.20.193.30:6800/638036417,v1:10.20.193.30:6801/638036417] conn(0x7f125803dbf0 0x7f12580400b0 secure :-1 s=READY pgs=22 cs=0 l=1 rev1=1 crypto rx=0x7f12640099c0 tx=0x7f1264006eb0 comp rx=0 tx=0).stop
2026-02-19T11:39:37.302 INFO:teuthology.orchestra.run.trial030.stdout:/usr/bin/ceph: stderr
2026-02-19T11:39:37.264+0000 7f1282fff640 1 -- 10.20.193.30:0/992655174 >> [v2:10.20.193.30:3300/0,v1:10.20.193.30:6789/0] conn(0x7f127c109880 msgr2=0x7f127c19f770 secure :-1 s=STATE_CONNECTION_ESTABLISHED l=1).mark_down
2026-02-19T11:39:37.302 INFO:teuthology.orchestra.run.trial030.stdout:/usr/bin/ceph: stderr
2026-02-19T11:39:37.264+0000 7f1282fff640 1 --2- 10.20.193.30:0/992655174 >> [v2:10.20.193.30:3300/0,v1:10.20.193.30:6789/0] conn(0x7f127c109880 0x7f127c19f770 secure :-1 s=READY pgs=66 cs=0 l=1 rev1=1 crypto rx=0x7f126c0091b0 tx=0x7f126c037a50 comp rx=0 tx=0).stop
2026-02-19T11:39:37.302 INFO:teuthology.orchestra.run.trial030.stdout:/usr/bin/ceph: stderr
2026-02-19T11:39:37.264+0000 7f1282fff640 1 -- 10.20.193.30:0/992655174 shutdown_connections
2026-02-19T11:39:37.302 INFO:teuthology.orchestra.run.trial030.stdout:/usr/bin/ceph: stderr
2026-02-19T11:39:37.264+0000 7f1282fff640 1 --2- 10.20.193.30:0/992655174 >> [v2:10.20.193.30:6800/638036417,v1:10.20.193.30:6801/638036417] conn(0x7f125803dbf0 0x7f12580400b0 unknown :-1 s=CLOSED pgs=22 cs=0 l=1 rev1=1 crypto rx=0 tx=0 comp rx=0 tx=0).stop
2026-02-19T11:39:37.302 INFO:teuthology.orchestra.run.trial030.stdout:/usr/bin/ceph: stderr
2026-02-19T11:39:37.264+0000 7f1282fff640 1 --2- 10.20.193.30:0/992655174 >> [v2:10.20.193.30:3300/0,v1:10.20.193.30:6789/0] conn(0x7f127c109880 0x7f127c19f770 unknown :-1 s=CLOSED pgs=66 cs=0 l=1 rev1=1 crypto rx=0 tx=0 comp rx=0 tx=0).stop
2026-02-19T11:39:37.302 INFO:teuthology.orchestra.run.trial030.stdout:/usr/bin/ceph: stderr
2026-02-19T11:39:37.264+0000 7f1282fff640 1 -- 10.20.193.30:0/992655174 >> 10.20.193.30:0/992655174 conn(0x7f127c07cf00 msgr2=0x7f127c107010 unknown :-1 s=STATE_NONE l=0).mark_down
2026-02-19T11:39:37.302 INFO:teuthology.orchestra.run.trial030.stdout:/usr/bin/ceph: stderr
2026-02-19T11:39:37.264+0000 7f1282fff640 1 -- 10.20.193.30:0/992655174 shutdown_connections
2026-02-19T11:39:37.302 INFO:teuthology.orchestra.run.trial030.stdout:/usr/bin/ceph: stderr
2026-02-19T11:39:37.264+0000 7f1282fff640 1 -- 10.20.193.30:0/992655174 wait complete.
2026-02-19T11:39:37.533 INFO:teuthology.orchestra.run.trial030.stdout:/usr/bin/ceph: stdout {
2026-02-19T11:39:37.534 INFO:teuthology.orchestra.run.trial030.stdout:/usr/bin/ceph: stdout "epoch": 9,
2026-02-19T11:39:37.534 INFO:teuthology.orchestra.run.trial030.stdout:/usr/bin/ceph: stdout "available": true,
2026-02-19T11:39:37.534 INFO:teuthology.orchestra.run.trial030.stdout:/usr/bin/ceph: stdout "active_name": "trial030.zvhzyq",
2026-02-19T11:39:37.534 INFO:teuthology.orchestra.run.trial030.stdout:/usr/bin/ceph: stdout "num_standby": 0
2026-02-19T11:39:37.534 INFO:teuthology.orchestra.run.trial030.stdout:/usr/bin/ceph: stdout }
2026-02-19T11:39:37.534 INFO:teuthology.orchestra.run.trial030.stdout:/usr/bin/ceph: stderr
2026-02-19T11:39:37.395+0000 7f5c49bfa640 1 Processor -- start
2026-02-19T11:39:37.534 INFO:teuthology.orchestra.run.trial030.stdout:/usr/bin/ceph: stderr
2026-02-19T11:39:37.395+0000 7f5c49bfa640 1 -- start start
2026-02-19T11:39:37.534 INFO:teuthology.orchestra.run.trial030.stdout:/usr/bin/ceph: stderr
2026-02-19T11:39:37.396+0000 7f5c49bfa640 1 --2- >> [v2:10.20.193.30:3300/0,v1:10.20.193.30:6789/0] conn(0x7f5c44108140 0x7f5c4410a530 unknown :-1 s=NONE pgs=0 cs=0 l=0 rev1=0 crypto rx=0 tx=0 comp rx=0 tx=0).connect
2026-02-19T11:39:37.534 INFO:teuthology.orchestra.run.trial030.stdout:/usr/bin/ceph: stderr
2026-02-19T11:39:37.396+0000 7f5c49bfa640 1 -- --> [v2:10.20.193.30:3300/0,v1:10.20.193.30:6789/0] -- mon_getmap magic: 0 -- 0x7f5c4407b6e0 con 0x7f5c44108140
2026-02-19T11:39:37.534 INFO:teuthology.orchestra.run.trial030.stdout:/usr/bin/ceph: stderr
2026-02-19T11:39:37.396+0000 7f5c437fe640 1 --2- >> [v2:10.20.193.30:3300/0,v1:10.20.193.30:6789/0] conn(0x7f5c44108140 0x7f5c4410a530 unknown :-1 s=BANNER_CONNECTING pgs=0 cs=0 l=0 rev1=0 crypto rx=0 tx=0 comp rx=0 tx=0)._handle_peer_banner_payload supported=3 required=0
2026-02-19T11:39:37.534 INFO:teuthology.orchestra.run.trial030.stdout:/usr/bin/ceph: stderr
2026-02-19T11:39:37.396+0000 7f5c437fe640 1 --2- >> [v2:10.20.193.30:3300/0,v1:10.20.193.30:6789/0] conn(0x7f5c44108140 0x7f5c4410a530 unknown :-1 s=HELLO_CONNECTING pgs=0 cs=0 l=0 rev1=1 crypto rx=0 tx=0 comp rx=0 tx=0).handle_hello peer v2:10.20.193.30:3300/0 says I am v2:10.20.193.30:47776/0 (socket says 10.20.193.30:47776)
2026-02-19T11:39:37.534 INFO:teuthology.orchestra.run.trial030.stdout:/usr/bin/ceph: stderr
2026-02-19T11:39:37.396+0000 7f5c437fe640 1 -- 10.20.193.30:0/312558216 learned_addr learned my addr 10.20.193.30:0/312558216 (peer_addr_for_me v2:10.20.193.30:0/0)
2026-02-19T11:39:37.534 INFO:teuthology.orchestra.run.trial030.stdout:/usr/bin/ceph: stderr
2026-02-19T11:39:37.396+0000 7f5c437fe640 1 -- 10.20.193.30:0/312558216 --> [v2:10.20.193.30:3300/0,v1:10.20.193.30:6789/0] -- mon_subscribe({config=0+,monmap=0+}) -- 0x7f5c4410aa70 con 0x7f5c44108140
2026-02-19T11:39:37.534 INFO:teuthology.orchestra.run.trial030.stdout:/usr/bin/ceph: stderr
2026-02-19T11:39:37.396+0000 7f5c437fe640 1 --2- 10.20.193.30:0/312558216 >> [v2:10.20.193.30:3300/0,v1:10.20.193.30:6789/0] conn(0x7f5c44108140 0x7f5c4410a530 secure :-1 s=READY pgs=69 cs=0 l=1 rev1=1 crypto rx=0x7f5c30009920 tx=0x7f5c3002ef20 comp rx=0 tx=0).ready entity=mon.0 client_cookie=60449fd4f1a19bea server_cookie=0 in_seq=0 out_seq=0
2026-02-19T11:39:37.534 INFO:teuthology.orchestra.run.trial030.stdout:/usr/bin/ceph: stderr
2026-02-19T11:39:37.396+0000 7f5c427fc640 1 -- 10.20.193.30:0/312558216 <== mon.0 v2:10.20.193.30:3300/0 1 ==== mon_map magic: 0 ==== 226+0+0 (secure 0 0 0) 0x7f5c3003c070 con 0x7f5c44108140
2026-02-19T11:39:37.534 INFO:teuthology.orchestra.run.trial030.stdout:/usr/bin/ceph: stderr
2026-02-19T11:39:37.397+0000 7f5c427fc640 1 -- 10.20.193.30:0/312558216 <== mon.0 v2:10.20.193.30:3300/0 2 ==== config(25 keys) ==== 1038+0+0 (secure 0 0 0) 0x7f5c3002fe20 con 0x7f5c44108140
2026-02-19T11:39:37.534 INFO:teuthology.orchestra.run.trial030.stdout:/usr/bin/ceph: stderr
2026-02-19T11:39:37.397+0000 7f5c427fc640 1 -- 10.20.193.30:0/312558216 <== mon.0 v2:10.20.193.30:3300/0 3 ==== mon_map magic: 0 ==== 226+0+0 (secure 0 0 0) 0x7f5c30035340 con 0x7f5c44108140
2026-02-19T11:39:37.534 INFO:teuthology.orchestra.run.trial030.stdout:/usr/bin/ceph: stderr
2026-02-19T11:39:37.397+0000 7f5c49bfa640 1 -- 10.20.193.30:0/312558216 >> [v2:10.20.193.30:3300/0,v1:10.20.193.30:6789/0] conn(0x7f5c44108140 msgr2=0x7f5c4410a530 secure :-1 s=STATE_CONNECTION_ESTABLISHED l=1).mark_down
2026-02-19T11:39:37.534 INFO:teuthology.orchestra.run.trial030.stdout:/usr/bin/ceph: stderr
2026-02-19T11:39:37.397+0000 7f5c49bfa640 1 --2- 10.20.193.30:0/312558216 >> [v2:10.20.193.30:3300/0,v1:10.20.193.30:6789/0] conn(0x7f5c44108140 0x7f5c4410a530 secure :-1 s=READY pgs=69 cs=0 l=1 rev1=1 crypto rx=0x7f5c30009920 tx=0x7f5c3002ef20 comp rx=0 tx=0).stop
2026-02-19T11:39:37.534 INFO:teuthology.orchestra.run.trial030.stdout:/usr/bin/ceph: stderr
2026-02-19T11:39:37.397+0000 7f5c49bfa640 1 -- 10.20.193.30:0/312558216 shutdown_connections
2026-02-19T11:39:37.534 INFO:teuthology.orchestra.run.trial030.stdout:/usr/bin/ceph: stderr
2026-02-19T11:39:37.397+0000 7f5c49bfa640 1 --2- 10.20.193.30:0/312558216 >> [v2:10.20.193.30:3300/0,v1:10.20.193.30:6789/0] conn(0x7f5c44108140 0x7f5c4410a530 unknown :-1 s=CLOSED pgs=69 cs=0 l=1 rev1=1 crypto rx=0 tx=0 comp rx=0 tx=0).stop
2026-02-19T11:39:37.534 INFO:teuthology.orchestra.run.trial030.stdout:/usr/bin/ceph: stderr
2026-02-19T11:39:37.397+0000 7f5c49bfa640 1 -- 10.20.193.30:0/312558216 >> 10.20.193.30:0/312558216 conn(0x7f5c44101c60 msgr2=0x7f5c441040a0 unknown :-1 s=STATE_NONE l=0).mark_down
2026-02-19T11:39:37.534 INFO:teuthology.orchestra.run.trial030.stdout:/usr/bin/ceph: stderr
2026-02-19T11:39:37.397+0000 7f5c49bfa640 1 -- 10.20.193.30:0/312558216 shutdown_connections
2026-02-19T11:39:37.535 INFO:teuthology.orchestra.run.trial030.stdout:/usr/bin/ceph: stderr
2026-02-19T11:39:37.397+0000 7f5c49bfa640 1 -- 10.20.193.30:0/312558216 wait complete.
2026-02-19T11:39:37.535 INFO:teuthology.orchestra.run.trial030.stdout:/usr/bin/ceph: stderr
2026-02-19T11:39:37.397+0000 7f5c49bfa640 1 Processor -- start
2026-02-19T11:39:37.535 INFO:teuthology.orchestra.run.trial030.stdout:/usr/bin/ceph: stderr
2026-02-19T11:39:37.397+0000 7f5c49bfa640 1 -- start start
2026-02-19T11:39:37.535 INFO:teuthology.orchestra.run.trial030.stdout:/usr/bin/ceph: stderr
2026-02-19T11:39:37.398+0000 7f5c49bfa640 1 --2- >> [v2:10.20.193.30:3300/0,v1:10.20.193.30:6789/0] conn(0x7f5c44108140 0x7f5c4419f790 unknown :-1 s=NONE pgs=0 cs=0 l=1 rev1=0 crypto rx=0 tx=0 comp rx=0 tx=0).connect
2026-02-19T11:39:37.535 INFO:teuthology.orchestra.run.trial030.stdout:/usr/bin/ceph: stderr
2026-02-19T11:39:37.398+0000 7f5c49bfa640 1 -- --> [v2:10.20.193.30:3300/0,v1:10.20.193.30:6789/0] -- mon_getmap magic: 0 -- 0x7f5c4410b920 con 0x7f5c44108140
2026-02-19T11:39:37.535 INFO:teuthology.orchestra.run.trial030.stdout:/usr/bin/ceph: stderr
2026-02-19T11:39:37.398+0000 7f5c437fe640 1 --2- >> [v2:10.20.193.30:3300/0,v1:10.20.193.30:6789/0] conn(0x7f5c44108140 0x7f5c4419f790 unknown :-1 s=BANNER_CONNECTING pgs=0 cs=0 l=1 rev1=0 crypto rx=0 tx=0 comp rx=0 tx=0)._handle_peer_banner_payload supported=3 required=0
2026-02-19T11:39:37.535 INFO:teuthology.orchestra.run.trial030.stdout:/usr/bin/ceph: stderr
2026-02-19T11:39:37.398+0000 7f5c437fe640 1 --2- >> [v2:10.20.193.30:3300/0,v1:10.20.193.30:6789/0] conn(0x7f5c44108140 0x7f5c4419f790 unknown :-1 s=HELLO_CONNECTING pgs=0 cs=0 l=1 rev1=1 crypto rx=0 tx=0 comp rx=0 tx=0).handle_hello peer v2:10.20.193.30:3300/0 says I am v2:10.20.193.30:47782/0 (socket says 10.20.193.30:47782)
2026-02-19T11:39:37.535 INFO:teuthology.orchestra.run.trial030.stdout:/usr/bin/ceph: stderr
2026-02-19T11:39:37.398+0000 7f5c437fe640 1 -- 10.20.193.30:0/1739579332 learned_addr learned my addr 10.20.193.30:0/1739579332 (peer_addr_for_me v2:10.20.193.30:0/0)
2026-02-19T11:39:37.535 INFO:teuthology.orchestra.run.trial030.stdout:/usr/bin/ceph: stderr
2026-02-19T11:39:37.398+0000 7f5c437fe640 1 -- 10.20.193.30:0/1739579332 --> [v2:10.20.193.30:3300/0,v1:10.20.193.30:6789/0] -- mon_subscribe({config=0+,monmap=0+}) -- 0x7f5c4419fcd0 con 0x7f5c44108140
2026-02-19T11:39:37.535 INFO:teuthology.orchestra.run.trial030.stdout:/usr/bin/ceph: stderr
2026-02-19T11:39:37.398+0000 7f5c437fe640 1 --2- 10.20.193.30:0/1739579332 >> [v2:10.20.193.30:3300/0,v1:10.20.193.30:6789/0] conn(0x7f5c44108140 0x7f5c4419f790 secure :-1 s=READY pgs=70 cs=0 l=1 rev1=1 crypto rx=0x7f5c30006fd0 tx=0x7f5c300379e0 comp rx=0 tx=0).ready entity=mon.0 client_cookie=0 server_cookie=0 in_seq=0 out_seq=0
2026-02-19T11:39:37.535 INFO:teuthology.orchestra.run.trial030.stdout:/usr/bin/ceph: stderr
2026-02-19T11:39:37.398+0000 7f5c40ff9640 1 -- 10.20.193.30:0/1739579332 <== mon.0 v2:10.20.193.30:3300/0 1 ==== mon_map magic: 0 ==== 226+0+0 (secure 0 0 0) 0x7f5c300358d0 con 0x7f5c44108140
2026-02-19T11:39:37.535 INFO:teuthology.orchestra.run.trial030.stdout:/usr/bin/ceph: stderr
2026-02-19T11:39:37.398+0000 7f5c40ff9640 1 -- 10.20.193.30:0/1739579332 <== mon.0 v2:10.20.193.30:3300/0 2 ==== config(25 keys) ==== 1038+0+0 (secure 0 0 0) 0x7f5c300423e0 con 0x7f5c44108140
2026-02-19T11:39:37.535 INFO:teuthology.orchestra.run.trial030.stdout:/usr/bin/ceph: stderr
2026-02-19T11:39:37.398+0000 7f5c49bfa640 1 -- 10.20.193.30:0/1739579332 --> [v2:10.20.193.30:3300/0,v1:10.20.193.30:6789/0] -- mon_subscribe({mgrmap=0+}) -- 0x7f5c4419ff60 con 0x7f5c44108140
2026-02-19T11:39:37.535 INFO:teuthology.orchestra.run.trial030.stdout:/usr/bin/ceph: stderr
2026-02-19T11:39:37.398+0000 7f5c40ff9640 1 -- 10.20.193.30:0/1739579332 <== mon.0 v2:10.20.193.30:3300/0 3 ==== mon_map magic: 0 ==== 226+0+0 (secure 0 0 0) 0x7f5c300363a0 con 0x7f5c44108140
2026-02-19T11:39:37.535 INFO:teuthology.orchestra.run.trial030.stdout:/usr/bin/ceph: stderr
2026-02-19T11:39:37.398+0000 7f5c49bfa640 1 -- 10.20.193.30:0/1739579332 --> [v2:10.20.193.30:3300/0,v1:10.20.193.30:6789/0] -- mon_subscribe({osdmap=0}) -- 0x7f5c441a2c50 con 0x7f5c44108140
2026-02-19T11:39:37.535 INFO:teuthology.orchestra.run.trial030.stdout:/usr/bin/ceph: stderr
2026-02-19T11:39:37.399+0000 7f5c49bfa640 1 -- 10.20.193.30:0/1739579332 --> [v2:10.20.193.30:3300/0,v1:10.20.193.30:6789/0] -- mon_command({"prefix": "get_command_descriptions"} v 0) -- 0x7f5c441085a0 con 0x7f5c44108140
2026-02-19T11:39:37.535 INFO:teuthology.orchestra.run.trial030.stdout:/usr/bin/ceph: stderr
2026-02-19T11:39:37.399+0000 7f5c40ff9640 1 -- 10.20.193.30:0/1739579332 <== mon.0 v2:10.20.193.30:3300/0 4 ==== mgrmap(e 9) ==== 50274+0+0 (secure 0 0 0) 0x7f5c30042590 con 0x7f5c44108140
2026-02-19T11:39:37.535 INFO:teuthology.orchestra.run.trial030.stdout:/usr/bin/ceph: stderr
2026-02-19T11:39:37.399+0000 7f5c40ff9640 1 --2- 10.20.193.30:0/1739579332 >> [v2:10.20.193.30:6800/638036417,v1:10.20.193.30:6801/638036417] conn(0x7f5c1803dc40 0x7f5c18040100 unknown :-1 s=NONE pgs=0 cs=0 l=1 rev1=0 crypto rx=0 tx=0 comp rx=0 tx=0).connect
2026-02-19T11:39:37.535 INFO:teuthology.orchestra.run.trial030.stdout:/usr/bin/ceph: stderr
2026-02-19T11:39:37.399+0000 7f5c42ffd640 1 -- 10.20.193.30:0/1739579332 >> [v2:10.20.193.30:6800/638036417,v1:10.20.193.30:6801/638036417] conn(0x7f5c1803dc40 msgr2=0x7f5c18040100 unknown :-1 s=STATE_CONNECTING_RE l=1).process reconnect failed to v2:10.20.193.30:6800/638036417
2026-02-19T11:39:37.535 INFO:teuthology.orchestra.run.trial030.stdout:/usr/bin/ceph: stderr
2026-02-19T11:39:37.399+0000 7f5c40ff9640 1 -- 10.20.193.30:0/1739579332 <== mon.0 v2:10.20.193.30:3300/0 5 ==== osd_map(2..2 src has 1..2) ==== 940+0+0 (secure 0 0 0) 0x7f5c30076310 con 0x7f5c44108140
2026-02-19T11:39:37.535 INFO:teuthology.orchestra.run.trial030.stdout:/usr/bin/ceph: stderr
2026-02-19T11:39:37.399+0000 7f5c42ffd640 1 --2- 10.20.193.30:0/1739579332 >> [v2:10.20.193.30:6800/638036417,v1:10.20.193.30:6801/638036417] conn(0x7f5c1803dc40 0x7f5c18040100 unknown :-1 s=START_CONNECT pgs=0 cs=0 l=1 rev1=0 crypto rx=0 tx=0 comp rx=0 tx=0)._fault waiting 0.200000
2026-02-19T11:39:37.535 INFO:teuthology.orchestra.run.trial030.stdout:/usr/bin/ceph: stderr
2026-02-19T11:39:37.402+0000 7f5c40ff9640 1 -- 10.20.193.30:0/1739579332 <== mon.0 v2:10.20.193.30:3300/0 6 ==== mon_command_ack([{"prefix": "get_command_descriptions"}]=0 v0) ==== 72+0+195034 (secure 0 0 0) 0x7f5c30076070 con 0x7f5c44108140
2026-02-19T11:39:37.535 INFO:teuthology.orchestra.run.trial030.stdout:/usr/bin/ceph: stderr
2026-02-19T11:39:37.506+0000 7f5c49bfa640 1 -- 10.20.193.30:0/1739579332 --> [v2:10.20.193.30:3300/0,v1:10.20.193.30:6789/0] -- mon_command({"prefix": "mgr stat"} v 0) -- 0x7f5c441a3340 con 0x7f5c44108140
2026-02-19T11:39:37.535 INFO:teuthology.orchestra.run.trial030.stdout:/usr/bin/ceph: stderr
2026-02-19T11:39:37.506+0000 7f5c40ff9640 1 -- 10.20.193.30:0/1739579332 <== mon.0 v2:10.20.193.30:3300/0 7 ==== mon_command_ack([{"prefix": "mgr stat"}]=0 v9) ==== 56+0+102 (secure 0 0 0) 0x7f5c300429d0 con 0x7f5c44108140
2026-02-19T11:39:37.535 INFO:teuthology.orchestra.run.trial030.stdout:/usr/bin/ceph: stderr
2026-02-19T11:39:37.507+0000 7f5c49bfa640 1 -- 10.20.193.30:0/1739579332 >> [v2:10.20.193.30:6800/638036417,v1:10.20.193.30:6801/638036417] conn(0x7f5c1803dc40 msgr2=0x7f5c18040100 unknown :-1 s=STATE_CONNECTING l=1).mark_down
2026-02-19T11:39:37.536 INFO:teuthology.orchestra.run.trial030.stdout:/usr/bin/ceph: stderr
2026-02-19T11:39:37.507+0000 7f5c49bfa640 1 --2- 10.20.193.30:0/1739579332 >> [v2:10.20.193.30:6800/638036417,v1:10.20.193.30:6801/638036417] conn(0x7f5c1803dc40 0x7f5c18040100 unknown :-1 s=START_CONNECT pgs=0 cs=0 l=1 rev1=0 crypto rx=0 tx=0 comp rx=0 tx=0).stop
2026-02-19T11:39:37.536 INFO:teuthology.orchestra.run.trial030.stdout:/usr/bin/ceph: stderr
2026-02-19T11:39:37.507+0000 7f5c49bfa640 1 -- 10.20.193.30:0/1739579332 >> [v2:10.20.193.30:3300/0,v1:10.20.193.30:6789/0] conn(0x7f5c44108140 msgr2=0x7f5c4419f790 secure :-1 s=STATE_CONNECTION_ESTABLISHED l=1).mark_down
2026-02-19T11:39:37.536 INFO:teuthology.orchestra.run.trial030.stdout:/usr/bin/ceph: stderr
2026-02-19T11:39:37.507+0000 7f5c49bfa640 1 --2- 10.20.193.30:0/1739579332 >> [v2:10.20.193.30:3300/0,v1:10.20.193.30:6789/0] conn(0x7f5c44108140 0x7f5c4419f790 secure :-1 s=READY pgs=70 cs=0 l=1 rev1=1 crypto rx=0x7f5c30006fd0 tx=0x7f5c300379e0 comp rx=0 tx=0).stop
2026-02-19T11:39:37.536 INFO:teuthology.orchestra.run.trial030.stdout:/usr/bin/ceph: stderr
2026-02-19T11:39:37.507+0000 7f5c49bfa640 1 -- 10.20.193.30:0/1739579332 shutdown_connections
2026-02-19T11:39:37.536 INFO:teuthology.orchestra.run.trial030.stdout:/usr/bin/ceph: stderr
2026-02-19T11:39:37.507+0000 7f5c49bfa640 1 --2- 10.20.193.30:0/1739579332 >> [v2:10.20.193.30:6800/638036417,v1:10.20.193.30:6801/638036417] conn(0x7f5c1803dc40 0x7f5c18040100 unknown :-1 s=CLOSED pgs=0 cs=0 l=1 rev1=0 crypto rx=0 tx=0 comp rx=0 tx=0).stop
2026-02-19T11:39:37.536 INFO:teuthology.orchestra.run.trial030.stdout:/usr/bin/ceph: stderr
2026-02-19T11:39:37.507+0000 7f5c49bfa640 1 --2- 10.20.193.30:0/1739579332 >> [v2:10.20.193.30:3300/0,v1:10.20.193.30:6789/0] conn(0x7f5c44108140 0x7f5c4419f790 unknown :-1 s=CLOSED pgs=70 cs=0 l=1 rev1=1 crypto rx=0 tx=0 comp rx=0 tx=0).stop
2026-02-19T11:39:37.536 INFO:teuthology.orchestra.run.trial030.stdout:/usr/bin/ceph: stderr
2026-02-19T11:39:37.507+0000 7f5c49bfa640 1 -- 10.20.193.30:0/1739579332 >> 10.20.193.30:0/1739579332 conn(0x7f5c44101c60 msgr2=0x7f5c44102860 unknown :-1 s=STATE_NONE l=0).mark_down
2026-02-19T11:39:37.536 INFO:teuthology.orchestra.run.trial030.stdout:/usr/bin/ceph: stderr
2026-02-19T11:39:37.507+0000 7f5c49bfa640 1 -- 10.20.193.30:0/1739579332 shutdown_connections
2026-02-19T11:39:37.536 INFO:teuthology.orchestra.run.trial030.stdout:/usr/bin/ceph: stderr
2026-02-19T11:39:37.507+0000 7f5c49bfa640 1 -- 10.20.193.30:0/1739579332 wait complete.
2026-02-19T11:39:37.536 INFO:teuthology.orchestra.run.trial030.stdout:Waiting for the mgr to restart...
2026-02-19T11:39:37.536 INFO:teuthology.orchestra.run.trial030.stdout:Waiting for mgr epoch 9...
2026-02-19T11:39:38.370 INFO:journalctl@ceph.mon.trial030.trial030.stdout:Feb 19 11:39:38 trial030 ceph-mon[21549]: from='client.? 10.20.193.30:0/992655174' entity='client.admin' cmd='[{"prefix": "mgr module enable", "module": "dashboard"}]': finished
2026-02-19T11:39:38.371 INFO:journalctl@ceph.mon.trial030.trial030.stdout:Feb 19 11:39:38 trial030 ceph-mon[21549]: mgrmap e9: trial030.zvhzyq(active, since 6s)
2026-02-19T11:39:38.371 INFO:journalctl@ceph.mon.trial030.trial030.stdout:Feb 19 11:39:38 trial030 ceph-mon[21549]: from='client.? 10.20.193.30:0/1739579332' entity='client.admin' cmd=[{"prefix": "mgr stat"}]: dispatch
2026-02-19T11:39:40.295 INFO:journalctl@ceph.mon.trial030.trial030.stdout:Feb 19 11:39:39 trial030 ceph-mon[21549]: Active manager daemon trial030.zvhzyq restarted
2026-02-19T11:39:40.295 INFO:journalctl@ceph.mon.trial030.trial030.stdout:Feb 19 11:39:39 trial030 ceph-mon[21549]: Activating manager daemon trial030.zvhzyq
2026-02-19T11:39:40.295 INFO:journalctl@ceph.mon.trial030.trial030.stdout:Feb 19 11:39:39 trial030 ceph-mon[21549]: osdmap e3: 0 total, 0 up, 0 in
2026-02-19T11:39:40.295 INFO:journalctl@ceph.mon.trial030.trial030.stdout:Feb 19 11:39:39 trial030 ceph-mon[21549]: mgrmap e10: trial030.zvhzyq(active, starting, since 0.00267945s)
2026-02-19T11:39:40.295 INFO:journalctl@ceph.mon.trial030.trial030.stdout:Feb 19 11:39:39 trial030 ceph-mon[21549]: from='mgr.14162 10.20.193.30:0/230095076' entity='mgr.trial030.zvhzyq' cmd=[{"prefix": "mon metadata", "id": "trial030"}]: dispatch
