2026-02-19T11:40:32.876288+0000 mon.a (mon.0) 48 : audit [DBG] from='mgr.14118 10.20.193.41:0/1454023601' entity='mgr.x' cmd=[{"prefix": "config dump", "format": "json"}]: dispatch
2026-02-19T11:40:33.084 INFO:journalctl@ceph.mon.a.trial041.stdout:Feb 19 11:40:32 trial041 bash[10101]: audit
2026-02-19T11:40:32.876288+0000 mon.a (mon.0) 48 : audit [DBG] from='mgr.14118 10.20.193.41:0/1454023601' entity='mgr.x' cmd=[{"prefix": "config dump", "format": "json"}]: dispatch
2026-02-19T11:40:33.084 INFO:journalctl@ceph.mon.a.trial041.stdout:Feb 19 11:40:32 trial041 bash[10101]: audit
2026-02-19T11:40:32.879573+0000 mon.a (mon.0) 49 : audit [INF] from='mgr.14118 10.20.193.41:0/1454023601' entity='mgr.x' cmd=[{"prefix":"config rm","who":"mgr","name":"mgr/rbd_support/x/mirror_snapshot_schedule"}]: dispatch
2026-02-19T11:40:33.084 INFO:journalctl@ceph.mon.a.trial041.stdout:Feb 19 11:40:32 trial041 bash[10101]: audit
2026-02-19T11:40:32.879573+0000 mon.a (mon.0) 49 : audit [INF] from='mgr.14118 10.20.193.41:0/1454023601' entity='mgr.x' cmd=[{"prefix":"config rm","who":"mgr","name":"mgr/rbd_support/x/mirror_snapshot_schedule"}]: dispatch
2026-02-19T11:40:33.883 INFO:teuthology.orchestra.run.trial041.stdout:/usr/bin/ceph: stdout {
2026-02-19T11:40:33.883 INFO:teuthology.orchestra.run.trial041.stdout:/usr/bin/ceph: stdout "mgrmap_epoch": 6,
2026-02-19T11:40:33.883 INFO:teuthology.orchestra.run.trial041.stdout:/usr/bin/ceph: stdout "initialized": true
2026-02-19T11:40:33.883 INFO:teuthology.orchestra.run.trial041.stdout:/usr/bin/ceph: stdout }
2026-02-19T11:40:33.884 INFO:teuthology.orchestra.run.trial041.stdout:/usr/bin/ceph: stderr
2026-02-19T11:40:30.593+0000 7fad515bf640 1 Processor -- start
2026-02-19T11:40:33.884 INFO:teuthology.orchestra.run.trial041.stdout:/usr/bin/ceph: stderr
2026-02-19T11:40:30.593+0000 7fad515bf640 1 -- start start
2026-02-19T11:40:33.884 INFO:teuthology.orchestra.run.trial041.stdout:/usr/bin/ceph: stderr
2026-02-19T11:40:30.597+0000 7fad515bf640 1 --2- >> [v2:10.20.193.41:3300/0,v1:10.20.193.41:6789/0] conn(0x7fad4c07d700 0x7fad4c07bbb0 unknown :-1 s=NONE pgs=0 cs=0 l=0 rev1=0 crypto rx=0 tx=0 comp rx=0 tx=0).connect
2026-02-19T11:40:33.884 INFO:teuthology.orchestra.run.trial041.stdout:/usr/bin/ceph: stderr
2026-02-19T11:40:30.597+0000 7fad515bf640 1 -- --> [v2:10.20.193.41:3300/0,v1:10.20.193.41:6789/0] -- mon_getmap magic: 0 -- 0x7fad4c07c0f0 con 0x7fad4c07d700
2026-02-19T11:40:33.884 INFO:teuthology.orchestra.run.trial041.stdout:/usr/bin/ceph: stderr
2026-02-19T11:40:30.597+0000 7fad4bfff640 1 --2- >> [v2:10.20.193.41:3300/0,v1:10.20.193.41:6789/0] conn(0x7fad4c07d700 0x7fad4c07bbb0 unknown :-1 s=BANNER_CONNECTING pgs=0 cs=0 l=0 rev1=0 crypto rx=0 tx=0 comp rx=0 tx=0)._handle_peer_banner_payload supported=3 required=0
2026-02-19T11:40:33.884 INFO:teuthology.orchestra.run.trial041.stdout:/usr/bin/ceph: stderr
2026-02-19T11:40:30.597+0000 7fad4bfff640 1 --2- >> [v2:10.20.193.41:3300/0,v1:10.20.193.41:6789/0] conn(0x7fad4c07d700 0x7fad4c07bbb0 unknown :-1 s=HELLO_CONNECTING pgs=0 cs=0 l=0 rev1=1 crypto rx=0 tx=0 comp rx=0 tx=0).handle_hello peer v2:10.20.193.41:3300/0 says I am v2:10.20.193.41:38792/0 (socket says 10.20.193.41:38792)
2026-02-19T11:40:33.884 INFO:teuthology.orchestra.run.trial041.stdout:/usr/bin/ceph: stderr
2026-02-19T11:40:30.597+0000 7fad4bfff640 1 -- 10.20.193.41:0/177572608 learned_addr learned my addr 10.20.193.41:0/177572608 (peer_addr_for_me v2:10.20.193.41:0/0)
2026-02-19T11:40:33.884 INFO:teuthology.orchestra.run.trial041.stdout:/usr/bin/ceph: stderr
2026-02-19T11:40:30.597+0000 7fad4bfff640 1 -- 10.20.193.41:0/177572608 --> [v2:10.20.193.41:3300/0,v1:10.20.193.41:6789/0] -- mon_subscribe({config=0+,monmap=0+}) -- 0x7fad4c07c270 con 0x7fad4c07d700
2026-02-19T11:40:33.884 INFO:teuthology.orchestra.run.trial041.stdout:/usr/bin/ceph: stderr
2026-02-19T11:40:30.597+0000 7fad4bfff640 1 --2- 10.20.193.41:0/177572608 >> [v2:10.20.193.41:3300/0,v1:10.20.193.41:6789/0] conn(0x7fad4c07d700 0x7fad4c07bbb0 secure :-1 s=READY pgs=26 cs=0 l=1 rev1=1 crypto rx=0x7fad38009920 tx=0x7fad3802ef20 comp rx=0 tx=0).ready entity=mon.0 client_cookie=5ee1943b5c10b39f server_cookie=0 in_seq=0 out_seq=0
2026-02-19T11:40:33.884 INFO:teuthology.orchestra.run.trial041.stdout:/usr/bin/ceph: stderr
2026-02-19T11:40:30.597+0000 7fad4affd640 1 -- 10.20.193.41:0/177572608 <== mon.0 v2:10.20.193.41:3300/0 1 ==== mon_map magic: 0 ==== 205+0+0 (secure 0 0 0) 0x7fad3803c070 con 0x7fad4c07d700
2026-02-19T11:40:33.884 INFO:teuthology.orchestra.run.trial041.stdout:/usr/bin/ceph: stderr
2026-02-19T11:40:30.597+0000 7fad4affd640 1 -- 10.20.193.41:0/177572608 <== mon.0 v2:10.20.193.41:3300/0 2 ==== config(25 keys) ==== 1007+0+0 (secure 0 0 0) 0x7fad38037440 con 0x7fad4c07d700
2026-02-19T11:40:33.885 INFO:teuthology.orchestra.run.trial041.stdout:/usr/bin/ceph: stderr
2026-02-19T11:40:30.597+0000 7fad4affd640 1 -- 10.20.193.41:0/177572608 <== mon.0 v2:10.20.193.41:3300/0 3 ==== mon_map magic: 0 ==== 205+0+0 (secure 0 0 0) 0x7fad380354d0 con 0x7fad4c07d700
2026-02-19T11:40:33.885 INFO:teuthology.orchestra.run.trial041.stdout:/usr/bin/ceph: stderr
2026-02-19T11:40:30.597+0000 7fad515bf640 1 -- 10.20.193.41:0/177572608 >> [v2:10.20.193.41:3300/0,v1:10.20.193.41:6789/0] conn(0x7fad4c07d700 msgr2=0x7fad4c07bbb0 secure :-1 s=STATE_CONNECTION_ESTABLISHED l=1).mark_down
2026-02-19T11:40:33.885 INFO:teuthology.orchestra.run.trial041.stdout:/usr/bin/ceph: stderr
2026-02-19T11:40:30.597+0000 7fad515bf640 1 --2- 10.20.193.41:0/177572608 >> [v2:10.20.193.41:3300/0,v1:10.20.193.41:6789/0] conn(0x7fad4c07d700 0x7fad4c07bbb0 secure :-1 s=READY pgs=26 cs=0 l=1 rev1=1 crypto rx=0x7fad38009920 tx=0x7fad3802ef20 comp rx=0 tx=0).stop
2026-02-19T11:40:33.885 INFO:teuthology.orchestra.run.trial041.stdout:/usr/bin/ceph: stderr
2026-02-19T11:40:30.597+0000 7fad515bf640 1 -- 10.20.193.41:0/177572608 shutdown_connections
2026-02-19T11:40:33.885 INFO:teuthology.orchestra.run.trial041.stdout:/usr/bin/ceph: stderr
2026-02-19T11:40:30.597+0000 7fad515bf640 1 --2- 10.20.193.41:0/177572608 >> [v2:10.20.193.41:3300/0,v1:10.20.193.41:6789/0] conn(0x7fad4c07d700 0x7fad4c07bbb0 unknown :-1 s=CLOSED pgs=26 cs=0 l=1 rev1=1 crypto rx=0 tx=0 comp rx=0 tx=0).stop
2026-02-19T11:40:33.885 INFO:teuthology.orchestra.run.trial041.stdout:/usr/bin/ceph: stderr
2026-02-19T11:40:30.597+0000 7fad515bf640 1 -- 10.20.193.41:0/177572608 >> 10.20.193.41:0/177572608 conn(0x7fad4c102c50 msgr2=0x7fad4c105070 unknown :-1 s=STATE_NONE l=0).mark_down
2026-02-19T11:40:33.885 INFO:teuthology.orchestra.run.trial041.stdout:/usr/bin/ceph: stderr
2026-02-19T11:40:30.597+0000 7fad515bf640 1 -- 10.20.193.41:0/177572608 shutdown_connections
2026-02-19T11:40:33.885 INFO:teuthology.orchestra.run.trial041.stdout:/usr/bin/ceph: stderr
2026-02-19T11:40:30.597+0000 7fad515bf640 1 -- 10.20.193.41:0/177572608 wait complete.
2026-02-19T11:40:33.885 INFO:teuthology.orchestra.run.trial041.stdout:/usr/bin/ceph: stderr
2026-02-19T11:40:30.597+0000 7fad515bf640 1 Processor -- start
2026-02-19T11:40:33.885 INFO:teuthology.orchestra.run.trial041.stdout:/usr/bin/ceph: stderr
2026-02-19T11:40:30.597+0000 7fad515bf640 1 -- start start
2026-02-19T11:40:33.885 INFO:teuthology.orchestra.run.trial041.stdout:/usr/bin/ceph: stderr
2026-02-19T11:40:30.597+0000 7fad515bf640 1 --2- >> [v2:10.20.193.41:3300/0,v1:10.20.193.41:6789/0] conn(0x7fad4c07d700 0x7fad4c19f540 unknown :-1 s=NONE pgs=0 cs=0 l=1 rev1=0 crypto rx=0 tx=0 comp rx=0 tx=0).connect
2026-02-19T11:40:33.885 INFO:teuthology.orchestra.run.trial041.stdout:/usr/bin/ceph: stderr
2026-02-19T11:40:30.597+0000 7fad515bf640 1 -- --> [v2:10.20.193.41:3300/0,v1:10.20.193.41:6789/0] -- mon_getmap magic: 0 -- 0x7fad4c10d930 con 0x7fad4c07d700
2026-02-19T11:40:33.886 INFO:teuthology.orchestra.run.trial041.stdout:/usr/bin/ceph: stderr
2026-02-19T11:40:30.597+0000 7fad4bfff640 1 --2- >> [v2:10.20.193.41:3300/0,v1:10.20.193.41:6789/0] conn(0x7fad4c07d700 0x7fad4c19f540 unknown :-1 s=BANNER_CONNECTING pgs=0 cs=0 l=1 rev1=0 crypto rx=0 tx=0 comp rx=0 tx=0)._handle_peer_banner_payload supported=3 required=0
2026-02-19T11:40:33.886 INFO:teuthology.orchestra.run.trial041.stdout:/usr/bin/ceph: stderr
2026-02-19T11:40:30.597+0000 7fad4bfff640 1 --2- >> [v2:10.20.193.41:3300/0,v1:10.20.193.41:6789/0] conn(0x7fad4c07d700 0x7fad4c19f540 unknown :-1 s=HELLO_CONNECTING pgs=0 cs=0 l=1 rev1=1 crypto rx=0 tx=0 comp rx=0 tx=0).handle_hello peer v2:10.20.193.41:3300/0 says I am v2:10.20.193.41:38798/0 (socket says 10.20.193.41:38798)
2026-02-19T11:40:33.886 INFO:teuthology.orchestra.run.trial041.stdout:/usr/bin/ceph: stderr
2026-02-19T11:40:30.597+0000 7fad4bfff640 1 -- 10.20.193.41:0/1938803493 learned_addr learned my addr 10.20.193.41:0/1938803493 (peer_addr_for_me v2:10.20.193.41:0/0)
2026-02-19T11:40:33.886 INFO:teuthology.orchestra.run.trial041.stdout:/usr/bin/ceph: stderr
2026-02-19T11:40:30.597+0000 7fad4bfff640 1 -- 10.20.193.41:0/1938803493 --> [v2:10.20.193.41:3300/0,v1:10.20.193.41:6789/0] -- mon_subscribe({config=0+,monmap=0+}) -- 0x7fad4c19fa80 con 0x7fad4c07d700
2026-02-19T11:40:33.886 INFO:teuthology.orchestra.run.trial041.stdout:/usr/bin/ceph: stderr
2026-02-19T11:40:30.597+0000 7fad4bfff640 1 --2- 10.20.193.41:0/1938803493 >> [v2:10.20.193.41:3300/0,v1:10.20.193.41:6789/0] conn(0x7fad4c07d700 0x7fad4c19f540 secure :-1 s=READY pgs=27 cs=0 l=1 rev1=1 crypto rx=0x7fad38002410 tx=0x7fad38035ae0 comp rx=0 tx=0).ready entity=mon.0 client_cookie=0 server_cookie=0 in_seq=0 out_seq=0
2026-02-19T11:40:33.886 INFO:teuthology.orchestra.run.trial041.stdout:/usr/bin/ceph: stderr
2026-02-19T11:40:30.597+0000 7fad497fa640 1 -- 10.20.193.41:0/1938803493 <== mon.0 v2:10.20.193.41:3300/0 1 ==== mon_map magic: 0 ==== 205+0+0 (secure 0 0 0) 0x7fad38045070 con 0x7fad4c07d700
2026-02-19T11:40:33.886 INFO:teuthology.orchestra.run.trial041.stdout:/usr/bin/ceph: stderr
2026-02-19T11:40:30.597+0000 7fad497fa640 1 -- 10.20.193.41:0/1938803493 <== mon.0 v2:10.20.193.41:3300/0 2 ==== config(25 keys) ==== 1007+0+0 (secure 0 0 0) 0x7fad3802fe00 con 0x7fad4c07d700
2026-02-19T11:40:33.886 INFO:teuthology.orchestra.run.trial041.stdout:/usr/bin/ceph: stderr
2026-02-19T11:40:30.597+0000 7fad515bf640 1 -- 10.20.193.41:0/1938803493 --> [v2:10.20.193.41:3300/0,v1:10.20.193.41:6789/0] -- mon_subscribe({mgrmap=0+}) -- 0x7fad4c19fd10 con 0x7fad4c07d700
2026-02-19T11:40:33.886 INFO:teuthology.orchestra.run.trial041.stdout:/usr/bin/ceph: stderr
2026-02-19T11:40:30.597+0000 7fad497fa640 1 -- 10.20.193.41:0/1938803493 <== mon.0 v2:10.20.193.41:3300/0 3 ==== mon_map magic: 0 ==== 205+0+0 (secure 0 0 0) 0x7fad3803c070 con 0x7fad4c07d700
2026-02-19T11:40:33.886 INFO:teuthology.orchestra.run.trial041.stdout:/usr/bin/ceph: stderr
2026-02-19T11:40:30.597+0000 7fad515bf640 1 -- 10.20.193.41:0/1938803493 --> [v2:10.20.193.41:3300/0,v1:10.20.193.41:6789/0] -- mon_subscribe({osdmap=0}) -- 0x7fad4c1a2a00 con 0x7fad4c07d700
2026-02-19T11:40:33.886 INFO:teuthology.orchestra.run.trial041.stdout:/usr/bin/ceph: stderr
2026-02-19T11:40:30.597+0000 7fad497fa640 1 -- 10.20.193.41:0/1938803493 <== mon.0 v2:10.20.193.41:3300/0 4 ==== mgrmap(e 4) ==== 50247+0+0 (secure 0 0 0) 0x7fad38040670 con 0x7fad4c07d700
2026-02-19T11:40:33.886 INFO:teuthology.orchestra.run.trial041.stdout:/usr/bin/ceph: stderr
2026-02-19T11:40:30.597+0000 7fad497fa640 1 --2- 10.20.193.41:0/1938803493 >> [v2:10.20.193.41:6800/2158444282,v1:10.20.193.41:6801/2158444282] conn(0x7fad2003dbf0 0x7fad200400b0 unknown :-1 s=NONE pgs=0 cs=0 l=1 rev1=0 crypto rx=0 tx=0 comp rx=0 tx=0).connect
2026-02-19T11:40:33.887 INFO:teuthology.orchestra.run.trial041.stdout:/usr/bin/ceph: stderr
2026-02-19T11:40:30.597+0000 7fad497fa640 1 -- 10.20.193.41:0/1938803493 --> [v2:10.20.193.41:6800/2158444282,v1:10.20.193.41:6801/2158444282] -- command(tid 0: {"prefix": "get_command_descriptions"}) -- 0x7fad200407c0 con 0x7fad2003dbf0
2026-02-19T11:40:33.887 INFO:teuthology.orchestra.run.trial041.stdout:/usr/bin/ceph: stderr
2026-02-19T11:40:30.597+0000 7fad497fa640 1 -- 10.20.193.41:0/1938803493 <== mon.0 v2:10.20.193.41:3300/0 5 ==== osd_map(1..1 src has 1..1) ==== 725+0+0 (secure 0 0 0) 0x7fad380768e0 con 0x7fad4c07d700
2026-02-19T11:40:33.887 INFO:teuthology.orchestra.run.trial041.stdout:/usr/bin/ceph: stderr
2026-02-19T11:40:30.597+0000 7fad4b7fe640 1 -- 10.20.193.41:0/1938803493 >> [v2:10.20.193.41:6800/2158444282,v1:10.20.193.41:6801/2158444282] conn(0x7fad2003dbf0 msgr2=0x7fad200400b0 unknown :-1 s=STATE_CONNECTING_RE l=1).process reconnect failed to v2:10.20.193.41:6800/2158444282
2026-02-19T11:40:33.887 INFO:teuthology.orchestra.run.trial041.stdout:/usr/bin/ceph: stderr
2026-02-19T11:40:30.597+0000 7fad4b7fe640 1 --2- 10.20.193.41:0/1938803493 >> [v2:10.20.193.41:6800/2158444282,v1:10.20.193.41:6801/2158444282] conn(0x7fad2003dbf0 0x7fad200400b0 unknown :-1 s=START_CONNECT pgs=0 cs=0 l=1 rev1=0 crypto rx=0 tx=0 comp rx=0 tx=0)._fault waiting 0.200000
2026-02-19T11:40:33.887 INFO:teuthology.orchestra.run.trial041.stdout:/usr/bin/ceph: stderr
2026-02-19T11:40:30.801+0000 7fad4b7fe640 1 -- 10.20.193.41:0/1938803493 >> [v2:10.20.193.41:6800/2158444282,v1:10.20.193.41:6801/2158444282] conn(0x7fad2003dbf0 msgr2=0x7fad200400b0 unknown :-1 s=STATE_CONNECTING_RE l=1).process reconnect failed to v2:10.20.193.41:6800/2158444282
2026-02-19T11:40:33.887 INFO:teuthology.orchestra.run.trial041.stdout:/usr/bin/ceph: stderr
2026-02-19T11:40:30.801+0000 7fad4b7fe640 1 --2- 10.20.193.41:0/1938803493 >> [v2:10.20.193.41:6800/2158444282,v1:10.20.193.41:6801/2158444282] conn(0x7fad2003dbf0 0x7fad200400b0 unknown :-1 s=START_CONNECT pgs=0 cs=0 l=1 rev1=0 crypto rx=0 tx=0 comp rx=0 tx=0)._fault waiting 0.400000
2026-02-19T11:40:33.887 INFO:teuthology.orchestra.run.trial041.stdout:/usr/bin/ceph: stderr
2026-02-19T11:40:31.205+0000 7fad4b7fe640 1 -- 10.20.193.41:0/1938803493 >> [v2:10.20.193.41:6800/2158444282,v1:10.20.193.41:6801/2158444282] conn(0x7fad2003dbf0 msgr2=0x7fad200400b0 unknown :-1 s=STATE_CONNECTING_RE l=1).process reconnect failed to v2:10.20.193.41:6800/2158444282
2026-02-19T11:40:33.887 INFO:teuthology.orchestra.run.trial041.stdout:/usr/bin/ceph: stderr
2026-02-19T11:40:31.205+0000 7fad4b7fe640 1 --2- 10.20.193.41:0/1938803493 >> [v2:10.20.193.41:6800/2158444282,v1:10.20.193.41:6801/2158444282] conn(0x7fad2003dbf0 0x7fad200400b0 unknown :-1 s=START_CONNECT pgs=0 cs=0 l=1 rev1=0 crypto rx=0 tx=0 comp rx=0 tx=0)._fault waiting 0.800000
2026-02-19T11:40:33.887 INFO:teuthology.orchestra.run.trial041.stdout:/usr/bin/ceph: stderr
2026-02-19T11:40:32.009+0000 7fad4b7fe640 1 -- 10.20.193.41:0/1938803493 >> [v2:10.20.193.41:6800/2158444282,v1:10.20.193.41:6801/2158444282] conn(0x7fad2003dbf0 msgr2=0x7fad200400b0 unknown :-1 s=STATE_CONNECTING_RE l=1).process reconnect failed to v2:10.20.193.41:6800/2158444282
2026-02-19T11:40:33.887 INFO:teuthology.orchestra.run.trial041.stdout:/usr/bin/ceph: stderr
2026-02-19T11:40:32.009+0000 7fad4b7fe640 1 --2- 10.20.193.41:0/1938803493 >> [v2:10.20.193.41:6800/2158444282,v1:10.20.193.41:6801/2158444282] conn(0x7fad2003dbf0 0x7fad200400b0 unknown :-1 s=START_CONNECT pgs=0 cs=0 l=1 rev1=0 crypto rx=0 tx=0 comp rx=0 tx=0)._fault waiting 1.600000
2026-02-19T11:40:33.887 INFO:teuthology.orchestra.run.trial041.stdout:/usr/bin/ceph: stderr
2026-02-19T11:40:32.829+0000 7fad497fa640 1 -- 10.20.193.41:0/1938803493 <== mon.0 v2:10.20.193.41:3300/0 6 ==== mgrmap(e 5) ==== 50014+0+0 (secure 0 0 0) 0x7fad380753a0 con 0x7fad4c07d700
2026-02-19T11:40:33.887 INFO:teuthology.orchestra.run.trial041.stdout:/usr/bin/ceph: stderr
2026-02-19T11:40:32.829+0000 7fad497fa640 1 -- 10.20.193.41:0/1938803493 >> [v2:10.20.193.41:6800/2158444282,v1:10.20.193.41:6801/2158444282] conn(0x7fad2003dbf0 msgr2=0x7fad200400b0 unknown :-1 s=STATE_CONNECTING l=1).mark_down
2026-02-19T11:40:33.888 INFO:teuthology.orchestra.run.trial041.stdout:/usr/bin/ceph: stderr
2026-02-19T11:40:32.829+0000 7fad497fa640 1 --2- 10.20.193.41:0/1938803493 >> [v2:10.20.193.41:6800/2158444282,v1:10.20.193.41:6801/2158444282] conn(0x7fad2003dbf0 0x7fad200400b0 unknown :-1 s=START_CONNECT pgs=0 cs=0 l=1 rev1=0 crypto rx=0 tx=0 comp rx=0 tx=0).stop
2026-02-19T11:40:33.888 INFO:teuthology.orchestra.run.trial041.stdout:/usr/bin/ceph: stderr
2026-02-19T11:40:33.833+0000 7fad497fa640 1 -- 10.20.193.41:0/1938803493 <== mon.0 v2:10.20.193.41:3300/0 7 ==== mgrmap(e 6) ==== 50141+0+0 (secure 0 0 0) 0x7fad3803fc80 con 0x7fad4c07d700
2026-02-19T11:40:33.888 INFO:teuthology.orchestra.run.trial041.stdout:/usr/bin/ceph: stderr
2026-02-19T11:40:33.833+0000 7fad497fa640 1 --2- 10.20.193.41:0/1938803493 >> [v2:10.20.193.41:6800/2019775552,v1:10.20.193.41:6801/2019775552] conn(0x7fad20041540 0x7fad20043930 unknown :-1 s=NONE pgs=0 cs=0 l=1 rev1=0 crypto rx=0 tx=0 comp rx=0 tx=0).connect
2026-02-19T11:40:33.888 INFO:teuthology.orchestra.run.trial041.stdout:/usr/bin/ceph: stderr
2026-02-19T11:40:33.833+0000 7fad497fa640 1 -- 10.20.193.41:0/1938803493 --> [v2:10.20.193.41:6800/2019775552,v1:10.20.193.41:6801/2019775552] -- command(tid 0: {"prefix": "get_command_descriptions"}) -- 0x7fad38030ea0 con 0x7fad20041540
2026-02-19T11:40:33.888 INFO:teuthology.orchestra.run.trial041.stdout:/usr/bin/ceph: stderr
2026-02-19T11:40:33.833+0000 7fad4b7fe640 1 --2- 10.20.193.41:0/1938803493 >> [v2:10.20.193.41:6800/2019775552,v1:10.20.193.41:6801/2019775552] conn(0x7fad20041540 0x7fad20043930 unknown :-1 s=BANNER_CONNECTING pgs=0 cs=0 l=1 rev1=0 crypto rx=0 tx=0 comp rx=0 tx=0)._handle_peer_banner_payload supported=3 required=0
2026-02-19T11:40:33.888 INFO:teuthology.orchestra.run.trial041.stdout:/usr/bin/ceph: stderr
2026-02-19T11:40:33.833+0000 7fad4b7fe640 1 --2- 10.20.193.41:0/1938803493 >> [v2:10.20.193.41:6800/2019775552,v1:10.20.193.41:6801/2019775552] conn(0x7fad20041540 0x7fad20043930 secure :-1 s=READY pgs=1 cs=0 l=1 rev1=1 crypto rx=0x7fad3c003a80 tx=0x7fad3c0092b0 comp rx=0 tx=0).ready entity=mgr.14118 client_cookie=0 server_cookie=0 in_seq=0 out_seq=0
2026-02-19T11:40:33.888 INFO:teuthology.orchestra.run.trial041.stdout:/usr/bin/ceph: stderr
2026-02-19T11:40:33.833+0000 7fad497fa640 1 -- 10.20.193.41:0/1938803493 <== mgr.14118 v2:10.20.193.41:6800/2019775552 1 ==== command_reply(tid 0: 0 ) ==== 8+0+8901 (secure 0 0 0) 0x7fad38030ea0 con 0x7fad20041540
2026-02-19T11:40:33.888 INFO:teuthology.orchestra.run.trial041.stdout:/usr/bin/ceph: stderr
2026-02-19T11:40:33.837+0000 7fad515bf640 1 -- 10.20.193.41:0/1938803493 --> [v2:10.20.193.41:6800/2019775552,v1:10.20.193.41:6801/2019775552] -- command(tid 1: {"prefix": "mgr_status"}) -- 0x7fad4c07bc30 con 0x7fad20041540
2026-02-19T11:40:33.888 INFO:teuthology.orchestra.run.trial041.stdout:/usr/bin/ceph: stderr
2026-02-19T11:40:33.837+0000 7fad497fa640 1 -- 10.20.193.41:0/1938803493 <== mgr.14118 v2:10.20.193.41:6800/2019775552 2 ==== command_reply(tid 1: 0 ) ==== 8+0+51 (secure 0 0 0) 0x7fad4c07bc30 con 0x7fad20041540
2026-02-19T11:40:33.888 INFO:teuthology.orchestra.run.trial041.stdout:/usr/bin/ceph: stderr
2026-02-19T11:40:33.837+0000 7fad515bf640 1 -- 10.20.193.41:0/1938803493 >> [v2:10.20.193.41:6800/2019775552,v1:10.20.193.41:6801/2019775552] conn(0x7fad20041540 msgr2=0x7fad20043930 secure :-1 s=STATE_CONNECTION_ESTABLISHED l=1).mark_down
2026-02-19T11:40:33.888 INFO:teuthology.orchestra.run.trial041.stdout:/usr/bin/ceph: stderr
2026-02-19T11:40:33.837+0000 7fad515bf640 1 --2- 10.20.193.41:0/1938803493 >> [v2:10.20.193.41:6800/2019775552,v1:10.20.193.41:6801/2019775552] conn(0x7fad20041540 0x7fad20043930 secure :-1 s=READY pgs=1 cs=0 l=1 rev1=1 crypto rx=0x7fad3c003a80 tx=0x7fad3c0092b0 comp rx=0 tx=0).stop
2026-02-19T11:40:33.888 INFO:teuthology.orchestra.run.trial041.stdout:/usr/bin/ceph: stderr
2026-02-19T11:40:33.837+0000 7fad515bf640 1 -- 10.20.193.41:0/1938803493 >> [v2:10.20.193.41:3300/0,v1:10.20.193.41:6789/0] conn(0x7fad4c07d700 msgr2=0x7fad4c19f540 secure :-1 s=STATE_CONNECTION_ESTABLISHED l=1).mark_down
2026-02-19T11:40:33.889 INFO:teuthology.orchestra.run.trial041.stdout:/usr/bin/ceph: stderr
2026-02-19T11:40:33.837+0000 7fad515bf640 1 --2- 10.20.193.41:0/1938803493 >> [v2:10.20.193.41:3300/0,v1:10.20.193.41:6789/0] conn(0x7fad4c07d700 0x7fad4c19f540 secure :-1 s=READY pgs=27 cs=0 l=1 rev1=1 crypto rx=0x7fad38002410 tx=0x7fad38035ae0 comp rx=0 tx=0).stop
2026-02-19T11:40:33.889 INFO:teuthology.orchestra.run.trial041.stdout:/usr/bin/ceph: stderr
2026-02-19T11:40:33.837+0000 7fad515bf640 1 -- 10.20.193.41:0/1938803493 shutdown_connections
2026-02-19T11:40:33.889 INFO:teuthology.orchestra.run.trial041.stdout:/usr/bin/ceph: stderr
2026-02-19T11:40:33.837+0000 7fad515bf640 1 --2- 10.20.193.41:0/1938803493 >> [v2:10.20.193.41:6800/2019775552,v1:10.20.193.41:6801/2019775552] conn(0x7fad20041540 0x7fad20043930 unknown :-1 s=CLOSED pgs=1 cs=0 l=1 rev1=1 crypto rx=0 tx=0 comp rx=0 tx=0).stop
2026-02-19T11:40:33.889 INFO:teuthology.orchestra.run.trial041.stdout:/usr/bin/ceph: stderr
2026-02-19T11:40:33.837+0000 7fad515bf640 1 --2- 10.20.193.41:0/1938803493 >> [v2:10.20.193.41:6800/2158444282,v1:10.20.193.41:6801/2158444282] conn(0x7fad2003dbf0 0x7fad200400b0 unknown :-1 s=CLOSED pgs=0 cs=0 l=1 rev1=0 crypto rx=0 tx=0 comp rx=0 tx=0).stop
2026-02-19T11:40:33.889 INFO:teuthology.orchestra.run.trial041.stdout:/usr/bin/ceph: stderr
2026-02-19T11:40:33.837+0000 7fad515bf640 1 --2- 10.20.193.41:0/1938803493 >> [v2:10.20.193.41:3300/0,v1:10.20.193.41:6789/0] conn(0x7fad4c07d700 0x7fad4c19f540 unknown :-1 s=CLOSED pgs=27 cs=0 l=1 rev1=1 crypto rx=0 tx=0 comp rx=0 tx=0).stop
2026-02-19T11:40:33.889 INFO:teuthology.orchestra.run.trial041.stdout:/usr/bin/ceph: stderr
2026-02-19T11:40:33.837+0000 7fad515bf640 1 -- 10.20.193.41:0/1938803493 >> 10.20.193.41:0/1938803493 conn(0x7fad4c102c50 msgr2=0x7fad4c103840 unknown :-1 s=STATE_NONE l=0).mark_down
2026-02-19T11:40:33.889 INFO:teuthology.orchestra.run.trial041.stdout:/usr/bin/ceph: stderr
2026-02-19T11:40:33.837+0000 7fad515bf640 1 -- 10.20.193.41:0/1938803493 shutdown_connections
2026-02-19T11:40:33.889 INFO:teuthology.orchestra.run.trial041.stdout:/usr/bin/ceph: stderr
2026-02-19T11:40:33.837+0000 7fad515bf640 1 -- 10.20.193.41:0/1938803493 wait complete.
2026-02-19T11:40:33.889 INFO:teuthology.orchestra.run.trial041.stdout:mgr epoch 4 is available
2026-02-19T11:40:33.889 INFO:teuthology.orchestra.run.trial041.stdout:Setting orchestrator backend to cephadm...
2026-02-19T11:40:34.112 INFO:teuthology.orchestra.run.trial041.stdout:/usr/bin/ceph: stderr
2026-02-19T11:40:33.973+0000 7f2aef4de640 1 Processor -- start
2026-02-19T11:40:34.113 INFO:teuthology.orchestra.run.trial041.stdout:/usr/bin/ceph: stderr
2026-02-19T11:40:33.973+0000 7f2aef4de640 1 -- start start
2026-02-19T11:40:34.113 INFO:teuthology.orchestra.run.trial041.stdout:/usr/bin/ceph: stderr
2026-02-19T11:40:33.973+0000 7f2aef4de640 1 --2- >> [v2:10.20.193.41:3300/0,v1:10.20.193.41:6789/0] conn(0x7f2ae807d720 0x7f2ae807bbd0 unknown :-1 s=NONE pgs=0 cs=0 l=0 rev1=0 crypto rx=0 tx=0 comp rx=0 tx=0).connect
2026-02-19T11:40:34.113 INFO:teuthology.orchestra.run.trial041.stdout:/usr/bin/ceph: stderr
2026-02-19T11:40:33.973+0000 7f2aef4de640 1 -- --> [v2:10.20.193.41:3300/0,v1:10.20.193.41:6789/0] -- mon_getmap magic: 0 -- 0x7f2ae807c110 con 0x7f2ae807d720
2026-02-19T11:40:34.113 INFO:teuthology.orchestra.run.trial041.stdout:/usr/bin/ceph: stderr
2026-02-19T11:40:33.973+0000 7f2aee4dc640 1 --2- >> [v2:10.20.193.41:3300/0,v1:10.20.193.41:6789/0] conn(0x7f2ae807d720 0x7f2ae807bbd0 unknown :-1 s=BANNER_CONNECTING pgs=0 cs=0 l=0 rev1=0 crypto rx=0 tx=0 comp rx=0 tx=0)._handle_peer_banner_payload supported=3 required=0
2026-02-19T11:40:34.113 INFO:teuthology.orchestra.run.trial041.stdout:/usr/bin/ceph: stderr
2026-02-19T11:40:33.973+0000 7f2aee4dc640 1 --2- >> [v2:10.20.193.41:3300/0,v1:10.20.193.41:6789/0] conn(0x7f2ae807d720 0x7f2ae807bbd0 unknown :-1 s=HELLO_CONNECTING pgs=0 cs=0 l=0 rev1=1 crypto rx=0 tx=0 comp rx=0 tx=0).handle_hello peer v2:10.20.193.41:3300/0 says I am v2:10.20.193.41:38870/0 (socket says 10.20.193.41:38870)
2026-02-19T11:40:34.113 INFO:teuthology.orchestra.run.trial041.stdout:/usr/bin/ceph: stderr
2026-02-19T11:40:33.973+0000 7f2aee4dc640 1 -- 10.20.193.41:0/4004840582 learned_addr learned my addr 10.20.193.41:0/4004840582 (peer_addr_for_me v2:10.20.193.41:0/0)
2026-02-19T11:40:34.113 INFO:teuthology.orchestra.run.trial041.stdout:/usr/bin/ceph: stderr
2026-02-19T11:40:33.973+0000 7f2aee4dc640 1 -- 10.20.193.41:0/4004840582 --> [v2:10.20.193.41:3300/0,v1:10.20.193.41:6789/0] -- mon_subscribe({config=0+,monmap=0+}) -- 0x7f2ae807c290 con 0x7f2ae807d720
2026-02-19T11:40:34.113 INFO:teuthology.orchestra.run.trial041.stdout:/usr/bin/ceph: stderr
2026-02-19T11:40:33.973+0000 7f2aee4dc640 1 --2- 10.20.193.41:0/4004840582 >> [v2:10.20.193.41:3300/0,v1:10.20.193.41:6789/0] conn(0x7f2ae807d720 0x7f2ae807bbd0 secure :-1 s=READY pgs=35 cs=0 l=1 rev1=1 crypto rx=0x7f2ad8009920 tx=0x7f2ad802ef20 comp rx=0 tx=0).ready entity=mon.0 client_cookie=f651cadb0e76831a server_cookie=0 in_seq=0 out_seq=0
2026-02-19T11:40:34.113 INFO:teuthology.orchestra.run.trial041.stdout:/usr/bin/ceph: stderr
2026-02-19T11:40:33.973+0000 7f2aed4da640 1 -- 10.20.193.41:0/4004840582 <== mon.0 v2:10.20.193.41:3300/0 1 ==== mon_map magic: 0 ==== 205+0+0 (secure 0 0 0) 0x7f2ad803c070 con 0x7f2ae807d720
2026-02-19T11:40:34.113 INFO:teuthology.orchestra.run.trial041.stdout:/usr/bin/ceph: stderr
2026-02-19T11:40:33.973+0000 7f2aed4da640 1 -- 10.20.193.41:0/4004840582 <== mon.0 v2:10.20.193.41:3300/0 2 ==== config(25 keys) ==== 1007+0+0 (secure 0 0 0) 0x7f2ad8037440 con 0x7f2ae807d720
2026-02-19T11:40:34.114 INFO:teuthology.orchestra.run.trial041.stdout:/usr/bin/ceph: stderr
2026-02-19T11:40:33.973+0000 7f2aed4da640 1 -- 10.20.193.41:0/4004840582 <== mon.0 v2:10.20.193.41:3300/0 3 ==== mon_map magic: 0 ==== 205+0+0 (secure 0 0 0) 0x7f2ad80354d0 con 0x7f2ae807d720
2026-02-19T11:40:34.114 INFO:teuthology.orchestra.run.trial041.stdout:/usr/bin/ceph: stderr
2026-02-19T11:40:33.973+0000 7f2aef4de640 1 -- 10.20.193.41:0/4004840582 >> [v2:10.20.193.41:3300/0,v1:10.20.193.41:6789/0] conn(0x7f2ae807d720 msgr2=0x7f2ae807bbd0 secure :-1 s=STATE_CONNECTION_ESTABLISHED l=1).mark_down
2026-02-19T11:40:34.114 INFO:teuthology.orchestra.run.trial041.stdout:/usr/bin/ceph: stderr
2026-02-19T11:40:33.973+0000 7f2aef4de640 1 --2- 10.20.193.41:0/4004840582 >> [v2:10.20.193.41:3300/0,v1:10.20.193.41:6789/0] conn(0x7f2ae807d720 0x7f2ae807bbd0 secure :-1 s=READY pgs=35 cs=0 l=1 rev1=1 crypto rx=0x7f2ad8009920 tx=0x7f2ad802ef20 comp rx=0 tx=0).stop
2026-02-19T11:40:34.114 INFO:teuthology.orchestra.run.trial041.stdout:/usr/bin/ceph: stderr
2026-02-19T11:40:33.973+0000 7f2aef4de640 1 -- 10.20.193.41:0/4004840582 shutdown_connections
2026-02-19T11:40:34.114 INFO:teuthology.orchestra.run.trial041.stdout:/usr/bin/ceph: stderr
2026-02-19T11:40:33.973+0000 7f2aef4de640 1 --2- 10.20.193.41:0/4004840582 >> [v2:10.20.193.41:3300/0,v1:10.20.193.41:6789/0] conn(0x7f2ae807d720 0x7f2ae807bbd0 unknown :-1 s=CLOSED pgs=35 cs=0 l=1 rev1=1 crypto rx=0 tx=0 comp rx=0 tx=0).stop
2026-02-19T11:40:34.114 INFO:teuthology.orchestra.run.trial041.stdout:/usr/bin/ceph: stderr
2026-02-19T11:40:33.973+0000 7f2aef4de640 1 -- 10.20.193.41:0/4004840582 >> 10.20.193.41:0/4004840582 conn(0x7f2ae8102c50 msgr2=0x7f2ae8105070 unknown :-1 s=STATE_NONE l=0).mark_down
2026-02-19T11:40:34.114 INFO:teuthology.orchestra.run.trial041.stdout:/usr/bin/ceph: stderr
2026-02-19T11:40:33.973+0000 7f2aef4de640 1 -- 10.20.193.41:0/4004840582 shutdown_connections
2026-02-19T11:40:34.114 INFO:teuthology.orchestra.run.trial041.stdout:/usr/bin/ceph: stderr
2026-02-19T11:40:33.973+0000 7f2aef4de640 1 -- 10.20.193.41:0/4004840582 wait complete.
2026-02-19T11:40:34.114 INFO:teuthology.orchestra.run.trial041.stdout:/usr/bin/ceph: stderr
2026-02-19T11:40:33.973+0000 7f2aef4de640 1 Processor -- start
2026-02-19T11:40:34.114 INFO:teuthology.orchestra.run.trial041.stdout:/usr/bin/ceph: stderr
2026-02-19T11:40:33.973+0000 7f2aef4de640 1 -- start start
2026-02-19T11:40:34.114 INFO:teuthology.orchestra.run.trial041.stdout:/usr/bin/ceph: stderr
2026-02-19T11:40:33.973+0000 7f2aef4de640 1 --2- >> [v2:10.20.193.41:3300/0,v1:10.20.193.41:6789/0] conn(0x7f2ae807d720 0x7f2ae819f530 unknown :-1 s=NONE pgs=0 cs=0 l=1 rev1=0 crypto rx=0 tx=0 comp rx=0 tx=0).connect
2026-02-19T11:40:34.114 INFO:teuthology.orchestra.run.trial041.stdout:/usr/bin/ceph: stderr
2026-02-19T11:40:33.973+0000 7f2aef4de640 1 -- --> [v2:10.20.193.41:3300/0,v1:10.20.193.41:6789/0] -- mon_getmap magic: 0 -- 0x7f2ae810d920 con 0x7f2ae807d720
2026-02-19T11:40:34.115 INFO:teuthology.orchestra.run.trial041.stdout:/usr/bin/ceph: stderr
2026-02-19T11:40:33.973+0000 7f2aee4dc640 1 --2- >> [v2:10.20.193.41:3300/0,v1:10.20.193.41:6789/0] conn(0x7f2ae807d720 0x7f2ae819f530 unknown :-1 s=BANNER_CONNECTING pgs=0 cs=0 l=1 rev1=0 crypto rx=0 tx=0 comp rx=0 tx=0)._handle_peer_banner_payload supported=3 required=0
2026-02-19T11:40:34.115 INFO:teuthology.orchestra.run.trial041.stdout:/usr/bin/ceph: stderr
2026-02-19T11:40:33.973+0000 7f2aee4dc640 1 --2- >> [v2:10.20.193.41:3300/0,v1:10.20.193.41:6789/0] conn(0x7f2ae807d720 0x7f2ae819f530 unknown :-1 s=HELLO_CONNECTING pgs=0 cs=0 l=1 rev1=1 crypto rx=0 tx=0 comp rx=0 tx=0).handle_hello peer v2:10.20.193.41:3300/0 says I am v2:10.20.193.41:38880/0 (socket says 10.20.193.41:38880)
2026-02-19T11:40:34.115 INFO:teuthology.orchestra.run.trial041.stdout:/usr/bin/ceph: stderr
2026-02-19T11:40:33.973+0000 7f2aee4dc640 1 -- 10.20.193.41:0/551928659 learned_addr learned my addr 10.20.193.41:0/551928659 (peer_addr_for_me v2:10.20.193.41:0/0)
2026-02-19T11:40:34.115 INFO:teuthology.orchestra.run.trial041.stdout:/usr/bin/ceph: stderr
2026-02-19T11:40:33.973+0000 7f2aee4dc640 1 -- 10.20.193.41:0/551928659 --> [v2:10.20.193.41:3300/0,v1:10.20.193.41:6789/0] -- mon_subscribe({config=0+,monmap=0+}) -- 0x7f2ae819fa70 con 0x7f2ae807d720
2026-02-19T11:40:34.115 INFO:teuthology.orchestra.run.trial041.stdout:/usr/bin/ceph: stderr
2026-02-19T11:40:33.973+0000 7f2aee4dc640 1 --2- 10.20.193.41:0/551928659 >> [v2:10.20.193.41:3300/0,v1:10.20.193.41:6789/0] conn(0x7f2ae807d720 0x7f2ae819f530 secure :-1 s=READY pgs=36 cs=0 l=1 rev1=1 crypto rx=0x7f2ad8002410 tx=0x7f2ad8035ae0 comp rx=0 tx=0).ready entity=mon.0 client_cookie=0 server_cookie=0 in_seq=0 out_seq=0
2026-02-19T11:40:34.115 INFO:teuthology.orchestra.run.trial041.stdout:/usr/bin/ceph: stderr
2026-02-19T11:40:33.973+0000 7f2acf7fe640 1 -- 10.20.193.41:0/551928659 <== mon.0 v2:10.20.193.41:3300/0 1 ==== mon_map magic: 0 ==== 205+0+0 (secure 0 0 0) 0x7f2ad8045070 con 0x7f2ae807d720
2026-02-19T11:40:34.115 INFO:teuthology.orchestra.run.trial041.stdout:/usr/bin/ceph: stderr
2026-02-19T11:40:33.973+0000 7f2acf7fe640 1 -- 10.20.193.41:0/551928659 <== mon.0 v2:10.20.193.41:3300/0 2 ==== config(25 keys) ==== 1007+0+0 (secure 0 0 0) 0x7f2ad802fe00 con 0x7f2ae807d720
2026-02-19T11:40:34.115 INFO:teuthology.orchestra.run.trial041.stdout:/usr/bin/ceph: stderr
2026-02-19T11:40:33.973+0000 7f2aef4de640 1 -- 10.20.193.41:0/551928659 --> [v2:10.20.193.41:3300/0,v1:10.20.193.41:6789/0] -- mon_subscribe({mgrmap=0+}) -- 0x7f2ae819fd00 con 0x7f2ae807d720
2026-02-19T11:40:34.115 INFO:teuthology.orchestra.run.trial041.stdout:/usr/bin/ceph: stderr
2026-02-19T11:40:33.977+0000 7f2acf7fe640 1 -- 10.20.193.41:0/551928659 <== mon.0 v2:10.20.193.41:3300/0 3 ==== mon_map magic: 0 ==== 205+0+0 (secure 0 0 0) 0x7f2ad803c070 con 0x7f2ae807d720
2026-02-19T11:40:34.115 INFO:teuthology.orchestra.run.trial041.stdout:/usr/bin/ceph: stderr
2026-02-19T11:40:33.977+0000 7f2aef4de640 1 -- 10.20.193.41:0/551928659 --> [v2:10.20.193.41:3300/0,v1:10.20.193.41:6789/0] -- mon_subscribe({osdmap=0}) -- 0x7f2ae81a29f0 con 0x7f2ae807d720
2026-02-19T11:40:34.115 INFO:teuthology.orchestra.run.trial041.stdout:/usr/bin/ceph: stderr
2026-02-19T11:40:33.977+0000 7f2aef4de640 1 -- 10.20.193.41:0/551928659 --> [v2:10.20.193.41:3300/0,v1:10.20.193.41:6789/0] -- mon_command({"prefix": "get_command_descriptions"} v 0) -- 0x7f2ae807bc50 con 0x7f2ae807d720
2026-02-19T11:40:34.115 INFO:teuthology.orchestra.run.trial041.stdout:/usr/bin/ceph: stderr
2026-02-19T11:40:33.977+0000 7f2acf7fe640 1 -- 10.20.193.41:0/551928659 <== mon.0 v2:10.20.193.41:3300/0 4 ==== mgrmap(e 6) ==== 50141+0+0 (secure 0 0 0) 0x7f2ad8040670 con 0x7f2ae807d720
2026-02-19T11:40:34.116 INFO:teuthology.orchestra.run.trial041.stdout:/usr/bin/ceph: stderr
2026-02-19T11:40:33.977+0000 7f2acf7fe640 1 --2- 10.20.193.41:0/551928659 >> [v2:10.20.193.41:6800/2019775552,v1:10.20.193.41:6801/2019775552] conn(0x7f2ac403dad0 0x7f2ac403ff90 unknown :-1 s=NONE pgs=0 cs=0 l=1 rev1=0 crypto rx=0 tx=0 comp rx=0 tx=0).connect
2026-02-19T11:40:34.116 INFO:teuthology.orchestra.run.trial041.stdout:/usr/bin/ceph: stderr
2026-02-19T11:40:33.977+0000 7f2acf7fe640 1 -- 10.20.193.41:0/551928659 <== mon.0 v2:10.20.193.41:3300/0 5 ==== osd_map(2..2 src has 1..2) ==== 940+0+0 (secure 0 0 0) 0x7f2ad80767a0 con 0x7f2ae807d720
2026-02-19T11:40:34.116 INFO:teuthology.orchestra.run.trial041.stdout:/usr/bin/ceph: stderr
2026-02-19T11:40:33.977+0000 7f2aedcdb640 1 --2- 10.20.193.41:0/551928659 >> [v2:10.20.193.41:6800/2019775552,v1:10.20.193.41:6801/2019775552] conn(0x7f2ac403dad0 0x7f2ac403ff90 unknown :-1 s=BANNER_CONNECTING pgs=0 cs=0 l=1 rev1=0 crypto rx=0 tx=0 comp rx=0 tx=0)._handle_peer_banner_payload supported=3 required=0
2026-02-19T11:40:34.116 INFO:teuthology.orchestra.run.trial041.stdout:/usr/bin/ceph: stderr
2026-02-19T11:40:33.977+0000 7f2aedcdb640 1 --2- 10.20.193.41:0/551928659 >> [v2:10.20.193.41:6800/2019775552,v1:10.20.193.41:6801/2019775552] conn(0x7f2ac403dad0 0x7f2ac403ff90 secure :-1 s=READY pgs=7 cs=0 l=1 rev1=1 crypto rx=0x7f2adc0099c0 tx=0x7f2adc006eb0 comp rx=0 tx=0).ready entity=mgr.14118 client_cookie=0 server_cookie=0 in_seq=0 out_seq=0
2026-02-19T11:40:34.116 INFO:teuthology.orchestra.run.trial041.stdout:/usr/bin/ceph: stderr
2026-02-19T11:40:33.977+0000 7f2acf7fe640 1 -- 10.20.193.41:0/551928659 <== mon.0 v2:10.20.193.41:3300/0 6 ==== mon_command_ack([{"prefix": "get_command_descriptions"}]=0 v0) ==== 72+0+195034 (secure 0 0 0) 0x7f2ad803c210 con 0x7f2ae807d720
2026-02-19T11:40:34.116 INFO:teuthology.orchestra.run.trial041.stdout:/usr/bin/ceph: stderr
2026-02-19T11:40:34.069+0000 7f2aef4de640 1 -- 10.20.193.41:0/551928659 --> [v2:10.20.193.41:6800/2019775552,v1:10.20.193.41:6801/2019775552] -- mgr_command(tid 0: {"prefix": "orch set backend", "module_name": "cephadm", "target": ["mon-mgr", ""]}) -- 0x7f2ae8103f50 con 0x7f2ac403dad0
2026-02-19T11:40:34.116 INFO:teuthology.orchestra.run.trial041.stdout:/usr/bin/ceph: stderr
2026-02-19T11:40:34.073+0000 7f2acf7fe640 1 -- 10.20.193.41:0/551928659 <== mgr.14118 v2:10.20.193.41:6800/2019775552 1 ==== mgr_command_reply(tid 0: 0 ) ==== 8+0+0 (secure 0 0 0) 0x7f2ae8103f50 con 0x7f2ac403dad0
2026-02-19T11:40:34.116 INFO:teuthology.orchestra.run.trial041.stdout:/usr/bin/ceph: stderr
2026-02-19T11:40:34.073+0000 7f2aef4de640 1 -- 10.20.193.41:0/551928659 >> [v2:10.20.193.41:6800/2019775552,v1:10.20.193.41:6801/2019775552] conn(0x7f2ac403dad0 msgr2=0x7f2ac403ff90 secure :-1 s=STATE_CONNECTION_ESTABLISHED l=1).mark_down
2026-02-19T11:40:34.116 INFO:teuthology.orchestra.run.trial041.stdout:/usr/bin/ceph: stderr
2026-02-19T11:40:34.073+0000 7f2aef4de640 1 --2- 10.20.193.41:0/551928659 >> [v2:10.20.193.41:6800/2019775552,v1:10.20.193.41:6801/2019775552] conn(0x7f2ac403dad0 0x7f2ac403ff90 secure :-1 s=READY pgs=7 cs=0 l=1 rev1=1 crypto rx=0x7f2adc0099c0 tx=0x7f2adc006eb0 comp rx=0 tx=0).stop
2026-02-19T11:40:34.116 INFO:teuthology.orchestra.run.trial041.stdout:/usr/bin/ceph: stderr
2026-02-19T11:40:34.073+0000 7f2aef4de640 1 -- 10.20.193.41:0/551928659 >> [v2:10.20.193.41:3300/0,v1:10.20.193.41:6789/0] conn(0x7f2ae807d720 msgr2=0x7f2ae819f530 secure :-1 s=STATE_CONNECTION_ESTABLISHED l=1).mark_down
2026-02-19T11:40:34.116 INFO:teuthology.orchestra.run.trial041.stdout:/usr/bin/ceph: stderr
2026-02-19T11:40:34.073+0000 7f2aef4de640 1 --2- 10.20.193.41:0/551928659 >> [v2:10.20.193.41:3300/0,v1:10.20.193.41:6789/0] conn(0x7f2ae807d720 0x7f2ae819f530 secure :-1 s=READY pgs=36 cs=0 l=1 rev1=1 crypto rx=0x7f2ad8002410 tx=0x7f2ad8035ae0 comp rx=0 tx=0).stop
2026-02-19T11:40:34.116 INFO:teuthology.orchestra.run.trial041.stdout:/usr/bin/ceph: stderr
2026-02-19T11:40:34.073+0000 7f2aef4de640 1 -- 10.20.193.41:0/551928659 shutdown_connections
2026-02-19T11:40:34.117 INFO:teuthology.orchestra.run.trial041.stdout:/usr/bin/ceph: stderr
2026-02-19T11:40:34.073+0000 7f2aef4de640 1 --2- 10.20.193.41:0/551928659 >> [v2:10.20.193.41:6800/2019775552,v1:10.20.193.41:6801/2019775552] conn(0x7f2ac403dad0 0x7f2ac403ff90 unknown :-1 s=CLOSED pgs=7 cs=0 l=1 rev1=1 crypto rx=0 tx=0 comp rx=0 tx=0).stop
2026-02-19T11:40:34.117 INFO:teuthology.orchestra.run.trial041.stdout:/usr/bin/ceph: stderr
2026-02-19T11:40:34.073+0000 7f2aef4de640 1 --2- 10.20.193.41:0/551928659 >> [v2:10.20.193.41:3300/0,v1:10.20.193.41:6789/0] conn(0x7f2ae807d720 0x7f2ae819f530 unknown :-1 s=CLOSED pgs=36 cs=0 l=1 rev1=1 crypto rx=0 tx=0 comp rx=0 tx=0).stop
2026-02-19T11:40:34.117 INFO:teuthology.orchestra.run.trial041.stdout:/usr/bin/ceph: stderr
2026-02-19T11:40:34.073+0000 7f2aef4de640 1 -- 10.20.193.41:0/551928659 >> 10.20.193.41:0/551928659 conn(0x7f2ae8102c50 msgr2=0x7f2ae8103840 unknown :-1 s=STATE_NONE l=0).mark_down
2026-02-19T11:40:34.117 INFO:teuthology.orchestra.run.trial041.stdout:/usr/bin/ceph: stderr
2026-02-19T11:40:34.073+0000 7f2aef4de640 1 -- 10.20.193.41:0/551928659 shutdown_connections
2026-02-19T11:40:34.117 INFO:teuthology.orchestra.run.trial041.stdout:/usr/bin/ceph: stderr
2026-02-19T11:40:34.073+0000 7f2aef4de640 1 -- 10.20.193.41:0/551928659 wait complete.
2026-02-19T11:40:34.142 INFO:journalctl@ceph.mon.a.trial041.stdout:Feb 19 11:40:33 trial041 bash[10101]: cephadm
2026-02-19T11:40:32.867493+0000 mgr.x (mgr.14118) 1 : cephadm [INF] Found migration_current of "None". Setting to last migration.
2026-02-19T11:40:34.142 INFO:journalctl@ceph.mon.a.trial041.stdout:Feb 19 11:40:33 trial041 bash[10101]: cephadm
2026-02-19T11:40:32.867493+0000 mgr.x (mgr.14118) 1 : cephadm [INF] Found migration_current of "None". Setting to last migration.
2026-02-19T11:40:34.142 INFO:journalctl@ceph.mon.a.trial041.stdout:Feb 19 11:40:33 trial041 bash[10101]: audit
2026-02-19T11:40:32.881682+0000 mon.a (mon.0) 50 : audit [INF] from='mgr.14118 10.20.193.41:0/1454023601' entity='mgr.x' cmd=[{"prefix":"config rm","who":"mgr","name":"mgr/rbd_support/x/trash_purge_schedule"}]: dispatch
2026-02-19T11:40:34.142 INFO:journalctl@ceph.mon.a.trial041.stdout:Feb 19 11:40:33 trial041 bash[10101]: audit
2026-02-19T11:40:32.881682+0000 mon.a (mon.0) 50 : audit [INF] from='mgr.14118 10.20.193.41:0/1454023601' entity='mgr.x' cmd=[{"prefix":"config rm","who":"mgr","name":"mgr/rbd_support/x/trash_purge_schedule"}]: dispatch
2026-02-19T11:40:34.142 INFO:journalctl@ceph.mon.a.trial041.stdout:Feb 19 11:40:33 trial041 bash[10101]: audit
2026-02-19T11:40:33.474709+0000 mon.a (mon.0) 51 : audit [INF] from='mgr.14118 10.20.193.41:0/1454023601' entity='mgr.x'
2026-02-19T11:40:34.142 INFO:journalctl@ceph.mon.a.trial041.stdout:Feb 19 11:40:33 trial041 bash[10101]: audit
2026-02-19T11:40:33.474709+0000 mon.a (mon.0) 51 : audit [INF] from='mgr.14118 10.20.193.41:0/1454023601' entity='mgr.x'
2026-02-19T11:40:34.142 INFO:journalctl@ceph.mon.a.trial041.stdout:Feb 19 11:40:33 trial041 bash[10101]: audit
2026-02-19T11:40:33.476493+0000 mon.a (mon.0) 52 : audit [INF] from='mgr.14118 10.20.193.41:0/1454023601' entity='mgr.x'
2026-02-19T11:40:34.142 INFO:journalctl@ceph.mon.a.trial041.stdout:Feb 19 11:40:33 trial041 bash[10101]: audit
2026-02-19T11:40:33.476493+0000 mon.a (mon.0) 52 : audit [INF] from='mgr.14118 10.20.193.41:0/1454023601' entity='mgr.x'
2026-02-19T11:40:34.143 INFO:journalctl@ceph.mon.a.trial041.stdout:Feb 19 11:40:33 trial041 bash[10101]: cluster
2026-02-19T11:40:33.835987+0000 mon.a (mon.0) 53 : cluster [DBG] mgrmap e6: x(active, since 1.0053s)
2026-02-19T11:40:34.143 INFO:journalctl@ceph.mon.a.trial041.stdout:Feb 19 11:40:33 trial041 bash[10101]: cluster
2026-02-19T11:40:33.835987+0000 mon.a (mon.0) 53 : cluster [DBG] mgrmap e6: x(active, since 1.0053s)
2026-02-19T11:40:34.340 INFO:teuthology.orchestra.run.trial041.stdout:/usr/bin/ceph: stdout value unchanged
2026-02-19T11:40:34.340 INFO:teuthology.orchestra.run.trial041.stdout:/usr/bin/ceph: stderr
2026-02-19T11:40:34.205+0000 7f33123a7640 1 Processor -- start
2026-02-19T11:40:34.341 INFO:teuthology.orchestra.run.trial041.stdout:/usr/bin/ceph: stderr
2026-02-19T11:40:34.205+0000 7f33123a7640 1 -- start start
2026-02-19T11:40:34.341 INFO:teuthology.orchestra.run.trial041.stdout:/usr/bin/ceph: stderr
2026-02-19T11:40:34.205+0000 7f33123a7640 1 --2- >> [v2:10.20.193.41:3300/0,v1:10.20.193.41:6789/0] conn(0x7f330c07d7d0 0x7f330c07bc30 unknown :-1 s=NONE pgs=0 cs=0 l=0 rev1=0 crypto rx=0 tx=0 comp rx=0 tx=0).connect
2026-02-19T11:40:34.341 INFO:teuthology.orchestra.run.trial041.stdout:/usr/bin/ceph: stderr
2026-02-19T11:40:34.205+0000 7f33123a7640 1 -- --> [v2:10.20.193.41:3300/0,v1:10.20.193.41:6789/0] -- mon_getmap magic: 0 -- 0x7f330c07c170 con 0x7f330c07d7d0
2026-02-19T11:40:34.341 INFO:teuthology.orchestra.run.trial041.stdout:/usr/bin/ceph: stderr
2026-02-19T11:40:34.205+0000 7f330bfff640 1 --2- >> [v2:10.20.193.41:3300/0,v1:10.20.193.41:6789/0] conn(0x7f330c07d7d0 0x7f330c07bc30 unknown :-1 s=BANNER_CONNECTING pgs=0 cs=0 l=0 rev1=0 crypto rx=0 tx=0 comp rx=0 tx=0)._handle_peer_banner_payload supported=3 required=0
2026-02-19T11:40:34.341 INFO:teuthology.orchestra.run.trial041.stdout:/usr/bin/ceph: stderr
2026-02-19T11:40:34.205+0000 7f330bfff640 1 --2- >> [v2:10.20.193.41:3300/0,v1:10.20.193.41:6789/0] conn(0x7f330c07d7d0 0x7f330c07bc30 unknown :-1 s=HELLO_CONNECTING pgs=0 cs=0 l=0 rev1=1 crypto rx=0 tx=0 comp rx=0 tx=0).handle_hello peer v2:10.20.193.41:3300/0 says I am v2:10.20.193.41:38886/0 (socket says 10.20.193.41:38886)
2026-02-19T11:40:34.341 INFO:teuthology.orchestra.run.trial041.stdout:/usr/bin/ceph: stderr
2026-02-19T11:40:34.205+0000 7f330bfff640 1 -- 10.20.193.41:0/2492673560 learned_addr learned my addr 10.20.193.41:0/2492673560 (peer_addr_for_me v2:10.20.193.41:0/0)
2026-02-19T11:40:34.341 INFO:teuthology.orchestra.run.trial041.stdout:/usr/bin/ceph: stderr
2026-02-19T11:40:34.205+0000 7f330bfff640 1 -- 10.20.193.41:0/2492673560 --> [v2:10.20.193.41:3300/0,v1:10.20.193.41:6789/0] -- mon_subscribe({config=0+,monmap=0+}) -- 0x7f330c07c2f0 con 0x7f330c07d7d0
2026-02-19T11:40:34.341 INFO:teuthology.orchestra.run.trial041.stdout:/usr/bin/ceph: stderr
2026-02-19T11:40:34.205+0000 7f330bfff640 1 --2- 10.20.193.41:0/2492673560 >> [v2:10.20.193.41:3300/0,v1:10.20.193.41:6789/0] conn(0x7f330c07d7d0 0x7f330c07bc30 secure :-1 s=READY pgs=37 cs=0 l=1 rev1=1 crypto rx=0x7f32f8009920 tx=0x7f32f802ef20 comp rx=0 tx=0).ready entity=mon.0 client_cookie=31fcab0d3e9210fa server_cookie=0 in_seq=0 out_seq=0
2026-02-19T11:40:34.341 INFO:teuthology.orchestra.run.trial041.stdout:/usr/bin/ceph: stderr
2026-02-19T11:40:34.205+0000 7f330affd640 1 -- 10.20.193.41:0/2492673560 <== mon.0 v2:10.20.193.41:3300/0 1 ==== mon_map magic: 0 ==== 205+0+0 (secure 0 0 0) 0x7f32f803c070 con 0x7f330c07d7d0
2026-02-19T11:40:34.341 INFO:teuthology.orchestra.run.trial041.stdout:/usr/bin/ceph: stderr
2026-02-19T11:40:34.205+0000 7f330affd640 1 -- 10.20.193.41:0/2492673560 <== mon.0 v2:10.20.193.41:3300/0 2 ==== config(25 keys) ==== 1007+0+0 (secure 0 0 0) 0x7f32f8037440 con 0x7f330c07d7d0
2026-02-19T11:40:34.341 INFO:teuthology.orchestra.run.trial041.stdout:/usr/bin/ceph: stderr
2026-02-19T11:40:34.205+0000 7f330affd640 1 -- 10.20.193.41:0/2492673560 <== mon.0 v2:10.20.193.41:3300/0 3 ==== mon_map magic: 0 ==== 205+0+0 (secure 0 0 0) 0x7f32f80354d0 con 0x7f330c07d7d0
2026-02-19T11:40:34.342 INFO:teuthology.orchestra.run.trial041.stdout:/usr/bin/ceph: stderr
2026-02-19T11:40:34.205+0000 7f33123a7640 1 -- 10.20.193.41:0/2492673560 >> [v2:10.20.193.41:3300/0,v1:10.20.193.41:6789/0] conn(0x7f330c07d7d0 msgr2=0x7f330c07bc30 secure :-1 s=STATE_CONNECTION_ESTABLISHED l=1).mark_down
2026-02-19T11:40:34.342 INFO:teuthology.orchestra.run.trial041.stdout:/usr/bin/ceph: stderr
2026-02-19T11:40:34.205+0000 7f33123a7640 1 --2- 10.20.193.41:0/2492673560 >> [v2:10.20.193.41:3300/0,v1:10.20.193.41:6789/0] conn(0x7f330c07d7d0 0x7f330c07bc30 secure :-1 s=READY pgs=37 cs=0 l=1 rev1=1 crypto rx=0x7f32f8009920 tx=0x7f32f802ef20 comp rx=0 tx=0).stop
2026-02-19T11:40:34.342 INFO:teuthology.orchestra.run.trial041.stdout:/usr/bin/ceph: stderr
2026-02-19T11:40:34.209+0000 7f33123a7640 1 -- 10.20.193.41:0/2492673560 shutdown_connections
2026-02-19T11:40:34.342 INFO:teuthology.orchestra.run.trial041.stdout:/usr/bin/ceph: stderr
2026-02-19T11:40:34.209+0000 7f33123a7640 1 --2- 10.20.193.41:0/2492673560 >> [v2:10.20.193.41:3300/0,v1:10.20.193.41:6789/0] conn(0x7f330c07d7d0 0x7f330c07bc30 unknown :-1 s=CLOSED pgs=37 cs=0 l=1 rev1=1 crypto rx=0 tx=0 comp rx=0 tx=0).stop
2026-02-19T11:40:34.342 INFO:teuthology.orchestra.run.trial041.stdout:/usr/bin/ceph: stderr
2026-02-19T11:40:34.209+0000 7f33123a7640 1 -- 10.20.193.41:0/2492673560 >> 10.20.193.41:0/2492673560 conn(0x7f330c102d80 msgr2=0x7f330c1051c0 unknown :-1 s=STATE_NONE l=0).mark_down
2026-02-19T11:40:34.342 INFO:teuthology.orchestra.run.trial041.stdout:/usr/bin/ceph: stderr
2026-02-19T11:40:34.209+0000 7f33123a7640 1 -- 10.20.193.41:0/2492673560 shutdown_connections
2026-02-19T11:40:34.342 INFO:teuthology.orchestra.run.trial041.stdout:/usr/bin/ceph: stderr
2026-02-19T11:40:34.209+0000 7f33123a7640 1 -- 10.20.193.41:0/2492673560 wait complete.
2026-02-19T11:40:34.342 INFO:teuthology.orchestra.run.trial041.stdout:/usr/bin/ceph: stderr
2026-02-19T11:40:34.209+0000 7f33123a7640 1 Processor -- start
2026-02-19T11:40:34.342 INFO:teuthology.orchestra.run.trial041.stdout:/usr/bin/ceph: stderr
2026-02-19T11:40:34.209+0000 7f33123a7640 1 -- start start
2026-02-19T11:40:34.342 INFO:teuthology.orchestra.run.trial041.stdout:/usr/bin/ceph: stderr
2026-02-19T11:40:34.209+0000 7f33123a7640 1 --2- >> [v2:10.20.193.41:3300/0,v1:10.20.193.41:6789/0] conn(0x7f330c07d7d0 0x7f330c19f710 unknown :-1 s=NONE pgs=0 cs=0 l=1 rev1=0 crypto rx=0 tx=0 comp rx=0 tx=0).connect
2026-02-19T11:40:34.342 INFO:teuthology.orchestra.run.trial041.stdout:/usr/bin/ceph: stderr
2026-02-19T11:40:34.209+0000 7f33123a7640 1 -- --> [v2:10.20.193.41:3300/0,v1:10.20.193.41:6789/0] -- mon_getmap magic: 0 -- 0x7f330c10dac0 con 0x7f330c07d7d0
2026-02-19T11:40:34.342 INFO:teuthology.orchestra.run.trial041.stdout:/usr/bin/ceph: stderr
2026-02-19T11:40:34.209+0000 7f330bfff640 1 --2- >> [v2:10.20.193.41:3300/0,v1:10.20.193.41:6789/0] conn(0x7f330c07d7d0 0x7f330c19f710 unknown :-1 s=BANNER_CONNECTING pgs=0 cs=0 l=1 rev1=0 crypto rx=0 tx=0 comp rx=0 tx=0)._handle_peer_banner_payload supported=3 required=0
2026-02-19T11:40:34.343 INFO:teuthology.orchestra.run.trial041.stdout:/usr/bin/ceph: stderr
2026-02-19T11:40:34.209+0000 7f330bfff640 1 --2- >> [v2:10.20.193.41:3300/0,v1:10.20.193.41:6789/0] conn(0x7f330c07d7d0 0x7f330c19f710 unknown :-1 s=HELLO_CONNECTING pgs=0 cs=0 l=1 rev1=1 crypto rx=0 tx=0 comp rx=0 tx=0).handle_hello peer v2:10.20.193.41:3300/0 says I am v2:10.20.193.41:38902/0 (socket says 10.20.193.41:38902)
2026-02-19T11:40:34.343 INFO:teuthology.orchestra.run.trial041.stdout:/usr/bin/ceph: stderr
2026-02-19T11:40:34.209+0000 7f330bfff640 1 -- 10.20.193.41:0/2403424926 learned_addr learned my addr 10.20.193.41:0/2403424926 (peer_addr_for_me v2:10.20.193.41:0/0)
2026-02-19T11:40:34.343 INFO:teuthology.orchestra.run.trial041.stdout:/usr/bin/ceph: stderr
2026-02-19T11:40:34.209+0000 7f330bfff640 1 -- 10.20.193.41:0/2403424926 --> [v2:10.20.193.41:3300/0,v1:10.20.193.41:6789/0] -- mon_subscribe({config=0+,monmap=0+}) -- 0x7f330c19fc50 con 0x7f330c07d7d0
2026-02-19T11:40:34.343 INFO:teuthology.orchestra.run.trial041.stdout:/usr/bin/ceph: stderr
2026-02-19T11:40:34.209+0000 7f330bfff640 1 --2- 10.20.193.41:0/2403424926 >> [v2:10.20.193.41:3300/0,v1:10.20.193.41:6789/0] conn(0x7f330c07d7d0 0x7f330c19f710 secure :-1 s=READY pgs=38 cs=0 l=1 rev1=1 crypto rx=0x7f32f8002410 tx=0x7f32f8035ae0 comp rx=0 tx=0).ready entity=mon.0 client_cookie=0 server_cookie=0 in_seq=0 out_seq=0
2026-02-19T11:40:34.343 INFO:teuthology.orchestra.run.trial041.stdout:/usr/bin/ceph: stderr
2026-02-19T11:40:34.209+0000 7f33097fa640 1 -- 10.20.193.41:0/2403424926 <== mon.0 v2:10.20.193.41:3300/0 1 ==== mon_map magic: 0 ==== 205+0+0 (secure 0 0 0) 0x7f32f8045070 con 0x7f330c07d7d0
2026-02-19T11:40:34.343 INFO:teuthology.orchestra.run.trial041.stdout:/usr/bin/ceph: stderr
2026-02-19T11:40:34.209+0000 7f33097fa640 1 -- 10.20.193.41:0/2403424926 <== mon.0 v2:10.20.193.41:3300/0 2 ==== config(25 keys) ==== 1007+0+0 (secure 0 0 0) 0x7f32f802fe00 con 0x7f330c07d7d0
2026-02-19T11:40:34.343 INFO:teuthology.orchestra.run.trial041.stdout:/usr/bin/ceph: stderr
2026-02-19T11:40:34.209+0000 7f33123a7640 1 -- 10.20.193.41:0/2403424926 --> [v2:10.20.193.41:3300/0,v1:10.20.193.41:6789/0] -- mon_subscribe({mgrmap=0+}) -- 0x7f330c19fee0 con 0x7f330c07d7d0
2026-02-19T11:40:34.343 INFO:teuthology.orchestra.run.trial041.stdout:/usr/bin/ceph: stderr
2026-02-19T11:40:34.209+0000 7f33097fa640 1 -- 10.20.193.41:0/2403424926 <== mon.0 v2:10.20.193.41:3300/0 3 ==== mon_map magic: 0 ==== 205+0+0 (secure 0 0 0) 0x7f32f803c070 con 0x7f330c07d7d0
2026-02-19T11:40:34.343 INFO:teuthology.orchestra.run.trial041.stdout:/usr/bin/ceph: stderr
2026-02-19T11:40:34.209+0000 7f33123a7640 1 -- 10.20.193.41:0/2403424926 --> [v2:10.20.193.41:3300/0,v1:10.20.193.41:6789/0] -- mon_subscribe({osdmap=0}) -- 0x7f330c1a2bd0 con 0x7f330c07d7d0
2026-02-19T11:40:34.343 INFO:teuthology.orchestra.run.trial041.stdout:/usr/bin/ceph: stderr
