2026-02-19T22:32:45.445 INFO:teuthology.orchestra.run.trial054.stdout:/usr/bin/ceph: stderr
2026-02-19T22:32:45.414+0000 7fdb1f71d640 1 --2- 10.20.193.54:0/947544939 >> [v2:10.20.193.54:3300/0,v1:10.20.193.54:6789/0] conn(0x7fdb1807bd30 0x7fdb1819dfa0 unknown :-1 s=CLOSED pgs=54 cs=0 l=1 rev1=1 crypto rx=0 tx=0 comp rx=0 tx=0).stop
2026-02-19T22:32:45.445 INFO:teuthology.orchestra.run.trial054.stdout:/usr/bin/ceph: stderr
2026-02-19T22:32:45.414+0000 7fdb1f71d640 1 -- 10.20.193.54:0/947544939 >> 10.20.193.54:0/947544939 conn(0x7fdb18102740 msgr2=0x7fdb18103350 unknown :-1 s=STATE_NONE l=0).mark_down
2026-02-19T22:32:45.445 INFO:teuthology.orchestra.run.trial054.stdout:/usr/bin/ceph: stderr
2026-02-19T22:32:45.414+0000 7fdb1f71d640 1 -- 10.20.193.54:0/947544939 shutdown_connections
2026-02-19T22:32:45.445 INFO:teuthology.orchestra.run.trial054.stdout:/usr/bin/ceph: stderr
2026-02-19T22:32:45.414+0000 7fdb1f71d640 1 -- 10.20.193.54:0/947544939 wait complete.
2026-02-19T22:32:45.455 INFO:journalctl@ceph.mon.a.trial054.stdout:Feb 19 22:32:45 trial054 ceph-mon[40851]: from='client.14142 -' entity='client.admin' cmd=[{"prefix": "orch apply", "service_type": "mgr", "unmanaged": true, "target": ["mon-mgr", ""]}]: dispatch
2026-02-19T22:32:45.456 INFO:journalctl@ceph.mon.a.trial054.stdout:Feb 19 22:32:45 trial054 ceph-mon[40851]: Saving service mgr spec with placement count:2
2026-02-19T22:32:45.456 INFO:journalctl@ceph.mon.a.trial054.stdout:Feb 19 22:32:45 trial054 ceph-mon[40851]: from='client.? 10.20.193.54:0/947544939' entity='client.admin' cmd=[{"prefix": "mgr module enable", "module": "dashboard"}]: dispatch
2026-02-19T22:32:45.456 INFO:journalctl@ceph.mon.a.trial054.stdout:Feb 19 22:32:45 trial054 ceph-mon[40851]: from='mgr.14118 10.20.193.54:0/1419516596' entity='mgr.x'
2026-02-19T22:32:45.686 INFO:teuthology.orchestra.run.trial054.stdout:/usr/bin/ceph: stdout {
2026-02-19T22:32:45.686 INFO:teuthology.orchestra.run.trial054.stdout:/usr/bin/ceph: stdout "epoch": 9,
2026-02-19T22:32:45.686 INFO:teuthology.orchestra.run.trial054.stdout:/usr/bin/ceph: stdout "available": true,
2026-02-19T22:32:45.686 INFO:teuthology.orchestra.run.trial054.stdout:/usr/bin/ceph: stdout "active_name": "x",
2026-02-19T22:32:45.686 INFO:teuthology.orchestra.run.trial054.stdout:/usr/bin/ceph: stdout "num_standby": 0
2026-02-19T22:32:45.687 INFO:teuthology.orchestra.run.trial054.stdout:/usr/bin/ceph: stdout }
2026-02-19T22:32:45.687 INFO:teuthology.orchestra.run.trial054.stdout:/usr/bin/ceph: stderr
2026-02-19T22:32:45.546+0000 7f46536ce640 1 Processor -- start
2026-02-19T22:32:45.687 INFO:teuthology.orchestra.run.trial054.stdout:/usr/bin/ceph: stderr
2026-02-19T22:32:45.546+0000 7f46536ce640 1 -- start start
2026-02-19T22:32:45.687 INFO:teuthology.orchestra.run.trial054.stdout:/usr/bin/ceph: stderr
2026-02-19T22:32:45.546+0000 7f46536ce640 1 --2- >> [v2:10.20.193.54:3300/0,v1:10.20.193.54:6789/0] conn(0x7f464c10a480 0x7f464c10a880 unknown :-1 s=NONE pgs=0 cs=0 l=0 rev1=0 crypto rx=0 tx=0 comp rx=0 tx=0).connect
2026-02-19T22:32:45.687 INFO:teuthology.orchestra.run.trial054.stdout:/usr/bin/ceph: stderr
2026-02-19T22:32:45.546+0000 7f46536ce640 1 -- --> [v2:10.20.193.54:3300/0,v1:10.20.193.54:6789/0] -- mon_getmap magic: 0 -- 0x7f464c10ae50 con 0x7f464c10a480
2026-02-19T22:32:45.687 INFO:teuthology.orchestra.run.trial054.stdout:/usr/bin/ceph: stderr
2026-02-19T22:32:45.547+0000 7f4651443640 1 --2- >> [v2:10.20.193.54:3300/0,v1:10.20.193.54:6789/0] conn(0x7f464c10a480 0x7f464c10a880 unknown :-1 s=BANNER_CONNECTING pgs=0 cs=0 l=0 rev1=0 crypto rx=0 tx=0 comp rx=0 tx=0)._handle_peer_banner_payload supported=3 required=0
2026-02-19T22:32:45.687 INFO:teuthology.orchestra.run.trial054.stdout:/usr/bin/ceph: stderr
2026-02-19T22:32:45.547+0000 7f4651443640 1 --2- >> [v2:10.20.193.54:3300/0,v1:10.20.193.54:6789/0] conn(0x7f464c10a480 0x7f464c10a880 unknown :-1 s=HELLO_CONNECTING pgs=0 cs=0 l=0 rev1=1 crypto rx=0 tx=0 comp rx=0 tx=0).handle_hello peer v2:10.20.193.54:3300/0 says I am v2:10.20.193.54:45862/0 (socket says 10.20.193.54:45862)
2026-02-19T22:32:45.687 INFO:teuthology.orchestra.run.trial054.stdout:/usr/bin/ceph: stderr
2026-02-19T22:32:45.547+0000 7f4651443640 1 -- 10.20.193.54:0/1158774116 learned_addr learned my addr 10.20.193.54:0/1158774116 (peer_addr_for_me v2:10.20.193.54:0/0)
2026-02-19T22:32:45.687 INFO:teuthology.orchestra.run.trial054.stdout:/usr/bin/ceph: stderr
2026-02-19T22:32:45.547+0000 7f4651443640 1 -- 10.20.193.54:0/1158774116 --> [v2:10.20.193.54:3300/0,v1:10.20.193.54:6789/0] -- mon_subscribe({config=0+,monmap=0+}) -- 0x7f464c10b630 con 0x7f464c10a480
2026-02-19T22:32:45.687 INFO:teuthology.orchestra.run.trial054.stdout:/usr/bin/ceph: stderr
2026-02-19T22:32:45.547+0000 7f4651443640 1 --2- 10.20.193.54:0/1158774116 >> [v2:10.20.193.54:3300/0,v1:10.20.193.54:6789/0] conn(0x7f464c10a480 0x7f464c10a880 secure :-1 s=READY pgs=57 cs=0 l=1 rev1=1 crypto rx=0x7f463c009920 tx=0x7f463c02ef20 comp rx=0 tx=0).ready entity=mon.0 client_cookie=2ee6eb2bb917f07b server_cookie=0 in_seq=0 out_seq=0
2026-02-19T22:32:45.687 INFO:teuthology.orchestra.run.trial054.stdout:/usr/bin/ceph: stderr
2026-02-19T22:32:45.548+0000 7f463bfff640 1 -- 10.20.193.54:0/1158774116 <== mon.0 v2:10.20.193.54:3300/0 1 ==== mon_map magic: 0 ==== 205+0+0 (secure 0 0 0) 0x7f463c03c070 con 0x7f464c10a480
2026-02-19T22:32:45.688 INFO:teuthology.orchestra.run.trial054.stdout:/usr/bin/ceph: stderr
2026-02-19T22:32:45.548+0000 7f463bfff640 1 -- 10.20.193.54:0/1158774116 <== mon.0 v2:10.20.193.54:3300/0 2 ==== config(25 keys) ==== 1038+0+0 (secure 0 0 0) 0x7f463c037440 con 0x7f464c10a480
2026-02-19T22:32:45.688 INFO:teuthology.orchestra.run.trial054.stdout:/usr/bin/ceph: stderr
2026-02-19T22:32:45.548+0000 7f463bfff640 1 -- 10.20.193.54:0/1158774116 <== mon.0 v2:10.20.193.54:3300/0 3 ==== mon_map magic: 0 ==== 205+0+0 (secure 0 0 0) 0x7f463c0354d0 con 0x7f464c10a480
2026-02-19T22:32:45.688 INFO:teuthology.orchestra.run.trial054.stdout:/usr/bin/ceph: stderr
2026-02-19T22:32:45.548+0000 7f46536ce640 1 -- 10.20.193.54:0/1158774116 >> [v2:10.20.193.54:3300/0,v1:10.20.193.54:6789/0] conn(0x7f464c10a480 msgr2=0x7f464c10a880 secure :-1 s=STATE_CONNECTION_ESTABLISHED l=1).mark_down
2026-02-19T22:32:45.688 INFO:teuthology.orchestra.run.trial054.stdout:/usr/bin/ceph: stderr
2026-02-19T22:32:45.548+0000 7f46536ce640 1 --2- 10.20.193.54:0/1158774116 >> [v2:10.20.193.54:3300/0,v1:10.20.193.54:6789/0] conn(0x7f464c10a480 0x7f464c10a880 secure :-1 s=READY pgs=57 cs=0 l=1 rev1=1 crypto rx=0x7f463c009920 tx=0x7f463c02ef20 comp rx=0 tx=0).stop
2026-02-19T22:32:45.688 INFO:teuthology.orchestra.run.trial054.stdout:/usr/bin/ceph: stderr
2026-02-19T22:32:45.548+0000 7f46536ce640 1 -- 10.20.193.54:0/1158774116 shutdown_connections
2026-02-19T22:32:45.688 INFO:teuthology.orchestra.run.trial054.stdout:/usr/bin/ceph: stderr
2026-02-19T22:32:45.548+0000 7f46536ce640 1 --2- 10.20.193.54:0/1158774116 >> [v2:10.20.193.54:3300/0,v1:10.20.193.54:6789/0] conn(0x7f464c10a480 0x7f464c10a880 unknown :-1 s=CLOSED pgs=57 cs=0 l=1 rev1=1 crypto rx=0 tx=0 comp rx=0 tx=0).stop
2026-02-19T22:32:45.688 INFO:teuthology.orchestra.run.trial054.stdout:/usr/bin/ceph: stderr
2026-02-19T22:32:45.548+0000 7f46536ce640 1 -- 10.20.193.54:0/1158774116 >> 10.20.193.54:0/1158774116 conn(0x7f464c07dbe0 msgr2=0x7f464c108680 unknown :-1 s=STATE_NONE l=0).mark_down
2026-02-19T22:32:45.688 INFO:teuthology.orchestra.run.trial054.stdout:/usr/bin/ceph: stderr
2026-02-19T22:32:45.548+0000 7f46536ce640 1 -- 10.20.193.54:0/1158774116 shutdown_connections
2026-02-19T22:32:45.688 INFO:teuthology.orchestra.run.trial054.stdout:/usr/bin/ceph: stderr
2026-02-19T22:32:45.548+0000 7f46536ce640 1 -- 10.20.193.54:0/1158774116 wait complete.
2026-02-19T22:32:45.688 INFO:teuthology.orchestra.run.trial054.stdout:/usr/bin/ceph: stderr
2026-02-19T22:32:45.548+0000 7f46536ce640 1 Processor -- start
2026-02-19T22:32:45.688 INFO:teuthology.orchestra.run.trial054.stdout:/usr/bin/ceph: stderr
2026-02-19T22:32:45.548+0000 7f46536ce640 1 -- start start
2026-02-19T22:32:45.689 INFO:teuthology.orchestra.run.trial054.stdout:/usr/bin/ceph: stderr
2026-02-19T22:32:45.548+0000 7f46536ce640 1 --2- >> [v2:10.20.193.54:3300/0,v1:10.20.193.54:6789/0] conn(0x7f464c10a480 0x7f464c1a0290 unknown :-1 s=NONE pgs=0 cs=0 l=1 rev1=0 crypto rx=0 tx=0 comp rx=0 tx=0).connect
2026-02-19T22:32:45.689 INFO:teuthology.orchestra.run.trial054.stdout:/usr/bin/ceph: stderr
2026-02-19T22:32:45.548+0000 7f46536ce640 1 -- --> [v2:10.20.193.54:3300/0,v1:10.20.193.54:6789/0] -- mon_getmap magic: 0 -- 0x7f464c10e860 con 0x7f464c10a480
2026-02-19T22:32:45.689 INFO:teuthology.orchestra.run.trial054.stdout:/usr/bin/ceph: stderr
2026-02-19T22:32:45.548+0000 7f4651443640 1 --2- >> [v2:10.20.193.54:3300/0,v1:10.20.193.54:6789/0] conn(0x7f464c10a480 0x7f464c1a0290 unknown :-1 s=BANNER_CONNECTING pgs=0 cs=0 l=1 rev1=0 crypto rx=0 tx=0 comp rx=0 tx=0)._handle_peer_banner_payload supported=3 required=0
2026-02-19T22:32:45.689 INFO:teuthology.orchestra.run.trial054.stdout:/usr/bin/ceph: stderr
2026-02-19T22:32:45.548+0000 7f4651443640 1 --2- >> [v2:10.20.193.54:3300/0,v1:10.20.193.54:6789/0] conn(0x7f464c10a480 0x7f464c1a0290 unknown :-1 s=HELLO_CONNECTING pgs=0 cs=0 l=1 rev1=1 crypto rx=0 tx=0 comp rx=0 tx=0).handle_hello peer v2:10.20.193.54:3300/0 says I am v2:10.20.193.54:45868/0 (socket says 10.20.193.54:45868)
2026-02-19T22:32:45.689 INFO:teuthology.orchestra.run.trial054.stdout:/usr/bin/ceph: stderr
2026-02-19T22:32:45.548+0000 7f4651443640 1 -- 10.20.193.54:0/2940860948 learned_addr learned my addr 10.20.193.54:0/2940860948 (peer_addr_for_me v2:10.20.193.54:0/0)
2026-02-19T22:32:45.689 INFO:teuthology.orchestra.run.trial054.stdout:/usr/bin/ceph: stderr
2026-02-19T22:32:45.549+0000 7f4651443640 1 -- 10.20.193.54:0/2940860948 --> [v2:10.20.193.54:3300/0,v1:10.20.193.54:6789/0] -- mon_subscribe({config=0+,monmap=0+}) -- 0x7f464c1a07d0 con 0x7f464c10a480
2026-02-19T22:32:45.689 INFO:teuthology.orchestra.run.trial054.stdout:/usr/bin/ceph: stderr
2026-02-19T22:32:45.549+0000 7f4651443640 1 --2- 10.20.193.54:0/2940860948 >> [v2:10.20.193.54:3300/0,v1:10.20.193.54:6789/0] conn(0x7f464c10a480 0x7f464c1a0290 secure :-1 s=READY pgs=58 cs=0 l=1 rev1=1 crypto rx=0x7f463c037820 tx=0x7f463c037850 comp rx=0 tx=0).ready entity=mon.0 client_cookie=0 server_cookie=0 in_seq=0 out_seq=0
2026-02-19T22:32:45.689 INFO:teuthology.orchestra.run.trial054.stdout:/usr/bin/ceph: stderr
2026-02-19T22:32:45.549+0000 7f463a7fc640 1 -- 10.20.193.54:0/2940860948 <== mon.0 v2:10.20.193.54:3300/0 1 ==== mon_map magic: 0 ==== 205+0+0 (secure 0 0 0) 0x7f463c047070 con 0x7f464c10a480
2026-02-19T22:32:45.689 INFO:teuthology.orchestra.run.trial054.stdout:/usr/bin/ceph: stderr
2026-02-19T22:32:45.549+0000 7f463a7fc640 1 -- 10.20.193.54:0/2940860948 <== mon.0 v2:10.20.193.54:3300/0 2 ==== config(25 keys) ==== 1038+0+0 (secure 0 0 0) 0x7f463c035d70 con 0x7f464c10a480
2026-02-19T22:32:45.689 INFO:teuthology.orchestra.run.trial054.stdout:/usr/bin/ceph: stderr
2026-02-19T22:32:45.549+0000 7f463a7fc640 1 -- 10.20.193.54:0/2940860948 <== mon.0 v2:10.20.193.54:3300/0 3 ==== mon_map magic: 0 ==== 205+0+0 (secure 0 0 0) 0x7f463c03c070 con 0x7f464c10a480
2026-02-19T22:32:45.689 INFO:teuthology.orchestra.run.trial054.stdout:/usr/bin/ceph: stderr
2026-02-19T22:32:45.549+0000 7f46536ce640 1 -- 10.20.193.54:0/2940860948 --> [v2:10.20.193.54:3300/0,v1:10.20.193.54:6789/0] -- mon_subscribe({mgrmap=0+}) -- 0x7f464c1a0a60 con 0x7f464c10a480
2026-02-19T22:32:45.689 INFO:teuthology.orchestra.run.trial054.stdout:/usr/bin/ceph: stderr
2026-02-19T22:32:45.549+0000 7f46536ce640 1 -- 10.20.193.54:0/2940860948 --> [v2:10.20.193.54:3300/0,v1:10.20.193.54:6789/0] -- mon_subscribe({osdmap=0}) -- 0x7f464c1a3750 con 0x7f464c10a480
2026-02-19T22:32:45.689 INFO:teuthology.orchestra.run.trial054.stdout:/usr/bin/ceph: stderr
2026-02-19T22:32:45.549+0000 7f46536ce640 1 -- 10.20.193.54:0/2940860948 --> [v2:10.20.193.54:3300/0,v1:10.20.193.54:6789/0] -- mon_command({"prefix": "get_command_descriptions"} v 0) -- 0x7f464c10a900 con 0x7f464c10a480
2026-02-19T22:32:45.689 INFO:teuthology.orchestra.run.trial054.stdout:/usr/bin/ceph: stderr
2026-02-19T22:32:45.549+0000 7f463a7fc640 1 -- 10.20.193.54:0/2940860948 <== mon.0 v2:10.20.193.54:3300/0 4 ==== mgrmap(e 9) ==== 50260+0+0 (secure 0 0 0) 0x7f463c0425d0 con 0x7f464c10a480
2026-02-19T22:32:45.690 INFO:teuthology.orchestra.run.trial054.stdout:/usr/bin/ceph: stderr
2026-02-19T22:32:45.550+0000 7f463a7fc640 1 --2- 10.20.193.54:0/2940860948 >> [v2:10.20.193.54:6800/700248309,v1:10.20.193.54:6801/700248309] conn(0x7f462803dc40 0x7f4628040100 unknown :-1 s=NONE pgs=0 cs=0 l=1 rev1=0 crypto rx=0 tx=0 comp rx=0 tx=0).connect
2026-02-19T22:32:45.690 INFO:teuthology.orchestra.run.trial054.stdout:/usr/bin/ceph: stderr
2026-02-19T22:32:45.550+0000 7f4650c42640 1 -- 10.20.193.54:0/2940860948 >> [v2:10.20.193.54:6800/700248309,v1:10.20.193.54:6801/700248309] conn(0x7f462803dc40 msgr2=0x7f4628040100 unknown :-1 s=STATE_CONNECTING_RE l=1).process reconnect failed to v2:10.20.193.54:6800/700248309
2026-02-19T22:32:45.690 INFO:teuthology.orchestra.run.trial054.stdout:/usr/bin/ceph: stderr
2026-02-19T22:32:45.550+0000 7f463a7fc640 1 -- 10.20.193.54:0/2940860948 <== mon.0 v2:10.20.193.54:3300/0 5 ==== osd_map(2..2 src has 1..2) ==== 940+0+0 (secure 0 0 0) 0x7f463c076e00 con 0x7f464c10a480
2026-02-19T22:32:45.690 INFO:teuthology.orchestra.run.trial054.stdout:/usr/bin/ceph: stderr
2026-02-19T22:32:45.550+0000 7f4650c42640 1 --2- 10.20.193.54:0/2940860948 >> [v2:10.20.193.54:6800/700248309,v1:10.20.193.54:6801/700248309] conn(0x7f462803dc40 0x7f4628040100 unknown :-1 s=START_CONNECT pgs=0 cs=0 l=1 rev1=0 crypto rx=0 tx=0 comp rx=0 tx=0)._fault waiting 0.200000
2026-02-19T22:32:45.690 INFO:teuthology.orchestra.run.trial054.stdout:/usr/bin/ceph: stderr
2026-02-19T22:32:45.552+0000 7f463a7fc640 1 -- 10.20.193.54:0/2940860948 <== mon.0 v2:10.20.193.54:3300/0 6 ==== mon_command_ack([{"prefix": "get_command_descriptions"}]=0 v0) ==== 72+0+195034 (secure 0 0 0) 0x7f463c04be00 con 0x7f464c10a480
2026-02-19T22:32:45.690 INFO:teuthology.orchestra.run.trial054.stdout:/usr/bin/ceph: stderr
2026-02-19T22:32:45.657+0000 7f46536ce640 1 -- 10.20.193.54:0/2940860948 --> [v2:10.20.193.54:3300/0,v1:10.20.193.54:6789/0] -- mon_command({"prefix": "mgr stat"} v 0) -- 0x7f464c1a3d20 con 0x7f464c10a480
2026-02-19T22:32:45.690 INFO:teuthology.orchestra.run.trial054.stdout:/usr/bin/ceph: stderr
2026-02-19T22:32:45.657+0000 7f463a7fc640 1 -- 10.20.193.54:0/2940860948 <== mon.0 v2:10.20.193.54:3300/0 7 ==== mon_command_ack([{"prefix": "mgr stat"}]=0 v9) ==== 56+0+88 (secure 0 0 0) 0x7f463c047d80 con 0x7f464c10a480
2026-02-19T22:32:45.690 INFO:teuthology.orchestra.run.trial054.stdout:/usr/bin/ceph: stderr
2026-02-19T22:32:45.659+0000 7f46536ce640 1 -- 10.20.193.54:0/2940860948 >> [v2:10.20.193.54:6800/700248309,v1:10.20.193.54:6801/700248309] conn(0x7f462803dc40 msgr2=0x7f4628040100 unknown :-1 s=STATE_CONNECTING l=1).mark_down
2026-02-19T22:32:45.690 INFO:teuthology.orchestra.run.trial054.stdout:/usr/bin/ceph: stderr
2026-02-19T22:32:45.659+0000 7f46536ce640 1 --2- 10.20.193.54:0/2940860948 >> [v2:10.20.193.54:6800/700248309,v1:10.20.193.54:6801/700248309] conn(0x7f462803dc40 0x7f4628040100 unknown :-1 s=START_CONNECT pgs=0 cs=0 l=1 rev1=0 crypto rx=0 tx=0 comp rx=0 tx=0).stop
2026-02-19T22:32:45.690 INFO:teuthology.orchestra.run.trial054.stdout:/usr/bin/ceph: stderr
2026-02-19T22:32:45.659+0000 7f46536ce640 1 -- 10.20.193.54:0/2940860948 >> [v2:10.20.193.54:3300/0,v1:10.20.193.54:6789/0] conn(0x7f464c10a480 msgr2=0x7f464c1a0290 secure :-1 s=STATE_CONNECTION_ESTABLISHED l=1).mark_down
2026-02-19T22:32:45.690 INFO:teuthology.orchestra.run.trial054.stdout:/usr/bin/ceph: stderr
2026-02-19T22:32:45.659+0000 7f46536ce640 1 --2- 10.20.193.54:0/2940860948 >> [v2:10.20.193.54:3300/0,v1:10.20.193.54:6789/0] conn(0x7f464c10a480 0x7f464c1a0290 secure :-1 s=READY pgs=58 cs=0 l=1 rev1=1 crypto rx=0x7f463c037820 tx=0x7f463c037850 comp rx=0 tx=0).stop
2026-02-19T22:32:45.691 INFO:teuthology.orchestra.run.trial054.stdout:/usr/bin/ceph: stderr
2026-02-19T22:32:45.659+0000 7f46536ce640 1 -- 10.20.193.54:0/2940860948 shutdown_connections
2026-02-19T22:32:45.691 INFO:teuthology.orchestra.run.trial054.stdout:/usr/bin/ceph: stderr
2026-02-19T22:32:45.659+0000 7f46536ce640 1 --2- 10.20.193.54:0/2940860948 >> [v2:10.20.193.54:6800/700248309,v1:10.20.193.54:6801/700248309] conn(0x7f462803dc40 0x7f4628040100 unknown :-1 s=CLOSED pgs=0 cs=0 l=1 rev1=0 crypto rx=0 tx=0 comp rx=0 tx=0).stop
2026-02-19T22:32:45.691 INFO:teuthology.orchestra.run.trial054.stdout:/usr/bin/ceph: stderr
2026-02-19T22:32:45.659+0000 7f46536ce640 1 --2- 10.20.193.54:0/2940860948 >> [v2:10.20.193.54:3300/0,v1:10.20.193.54:6789/0] conn(0x7f464c10a480 0x7f464c1a0290 unknown :-1 s=CLOSED pgs=58 cs=0 l=1 rev1=1 crypto rx=0 tx=0 comp rx=0 tx=0).stop
2026-02-19T22:32:45.691 INFO:teuthology.orchestra.run.trial054.stdout:/usr/bin/ceph: stderr
2026-02-19T22:32:45.659+0000 7f46536ce640 1 -- 10.20.193.54:0/2940860948 >> 10.20.193.54:0/2940860948 conn(0x7f464c07dbe0 msgr2=0x7f464c107d80 unknown :-1 s=STATE_NONE l=0).mark_down
2026-02-19T22:32:45.691 INFO:teuthology.orchestra.run.trial054.stdout:/usr/bin/ceph: stderr
2026-02-19T22:32:45.659+0000 7f46536ce640 1 -- 10.20.193.54:0/2940860948 shutdown_connections
2026-02-19T22:32:45.691 INFO:teuthology.orchestra.run.trial054.stdout:/usr/bin/ceph: stderr
2026-02-19T22:32:45.659+0000 7f46536ce640 1 -- 10.20.193.54:0/2940860948 wait complete.
2026-02-19T22:32:45.691 INFO:teuthology.orchestra.run.trial054.stdout:Waiting for the mgr to restart...
2026-02-19T22:32:45.691 INFO:teuthology.orchestra.run.trial054.stdout:Waiting for mgr epoch 9...
2026-02-19T22:32:45.723 INFO:journalctl@ceph.mgr.x.trial054.stdout:Feb 19 22:32:45 trial054 ceph-d3ac43bc-0de2-11f1-a207-d404e6e7d460-mgr-x[41118]: ignoring --setuser ceph since I am not root
2026-02-19T22:32:45.723 INFO:journalctl@ceph.mgr.x.trial054.stdout:Feb 19 22:32:45 trial054 ceph-d3ac43bc-0de2-11f1-a207-d404e6e7d460-mgr-x[41118]: ignoring --setgroup ceph since I am not root
2026-02-19T22:32:45.975 INFO:journalctl@ceph.mgr.x.trial054.stdout:Feb 19 22:32:45 trial054 ceph-d3ac43bc-0de2-11f1-a207-d404e6e7d460-mgr-x[41118]:
2026-02-19T22:32:45.829+0000 7f4c268da140 -1 mgr[py] Module snap_schedule has missing NOTIFY_TYPES member
2026-02-19T22:32:45.975 INFO:journalctl@ceph.mgr.x.trial054.stdout:Feb 19 22:32:45 trial054 ceph-d3ac43bc-0de2-11f1-a207-d404e6e7d460-mgr-x[41118]:
2026-02-19T22:32:45.974+0000 7f4c268da140 -1 mgr[py] Module prometheus has missing NOTIFY_TYPES member
2026-02-19T22:32:46.252 INFO:journalctl@ceph.mgr.x.trial054.stdout:Feb 19 22:32:46 trial054 ceph-d3ac43bc-0de2-11f1-a207-d404e6e7d460-mgr-x[41118]:
2026-02-19T22:32:46.008+0000 7f4c268da140 -1 mgr[py] Module balancer has missing NOTIFY_TYPES member
2026-02-19T22:32:46.252 INFO:journalctl@ceph.mgr.x.trial054.stdout:Feb 19 22:32:46 trial054 ceph-d3ac43bc-0de2-11f1-a207-d404e6e7d460-mgr-x[41118]:
2026-02-19T22:32:46.050+0000 7f4c268da140 -1 mgr[py] Module rbd_support has missing NOTIFY_TYPES member
2026-02-19T22:32:46.252 INFO:journalctl@ceph.mgr.x.trial054.stdout:Feb 19 22:32:46 trial054 ceph-d3ac43bc-0de2-11f1-a207-d404e6e7d460-mgr-x[41118]:
2026-02-19T22:32:46.081+0000 7f4c268da140 -1 mgr[py] Module devicehealth has missing NOTIFY_TYPES member
2026-02-19T22:32:46.252 INFO:journalctl@ceph.mgr.x.trial054.stdout:Feb 19 22:32:46 trial054 ceph-d3ac43bc-0de2-11f1-a207-d404e6e7d460-mgr-x[41118]:
2026-02-19T22:32:46.116+0000 7f4c268da140 -1 mgr[py] Module alerts has missing NOTIFY_TYPES member
2026-02-19T22:32:46.252 INFO:journalctl@ceph.mgr.x.trial054.stdout:Feb 19 22:32:46 trial054 ceph-d3ac43bc-0de2-11f1-a207-d404e6e7d460-mgr-x[41118]:
2026-02-19T22:32:46.182+0000 7f4c268da140 -1 mgr[py] Module telemetry has missing NOTIFY_TYPES member
2026-02-19T22:32:46.252 INFO:journalctl@ceph.mgr.x.trial054.stdout:Feb 19 22:32:46 trial054 ceph-d3ac43bc-0de2-11f1-a207-d404e6e7d460-mgr-x[41118]: /lib64/python3.9/site-packages/scipy/__init__.py:73: UserWarning: NumPy was imported from a Python sub-interpreter but NumPy does not properly support sub-interpreters. This will likely work for most users but might cause hard to track down issues or subtle bugs. A common user of the rare sub-interpreter feature is wsgi which also allows single-interpreter mode.
2026-02-19T22:32:46.252 INFO:journalctl@ceph.mgr.x.trial054.stdout:Feb 19 22:32:46 trial054 ceph-d3ac43bc-0de2-11f1-a207-d404e6e7d460-mgr-x[41118]: Improvements in the case of bugs are welcome, but is not on the NumPy roadmap, and full support may require significant effort to achieve.
2026-02-19T22:32:46.252 INFO:journalctl@ceph.mgr.x.trial054.stdout:Feb 19 22:32:46 trial054 ceph-d3ac43bc-0de2-11f1-a207-d404e6e7d460-mgr-x[41118]: from numpy import show_config as show_numpy_config
2026-02-19T22:32:46.513 INFO:journalctl@ceph.mon.a.trial054.stdout:Feb 19 22:32:46 trial054 ceph-mon[40851]: from='client.? 10.20.193.54:0/947544939' entity='client.admin' cmd='[{"prefix": "mgr module enable", "module": "dashboard"}]': finished
2026-02-19T22:32:46.513 INFO:journalctl@ceph.mon.a.trial054.stdout:Feb 19 22:32:46 trial054 ceph-mon[40851]: mgrmap e9: x(active, since 6s)
2026-02-19T22:32:46.513 INFO:journalctl@ceph.mon.a.trial054.stdout:Feb 19 22:32:46 trial054 ceph-mon[40851]: from='client.? 10.20.193.54:0/2940860948' entity='client.admin' cmd=[{"prefix": "mgr stat"}]: dispatch
2026-02-19T22:32:46.513 INFO:journalctl@ceph.mgr.x.trial054.stdout:Feb 19 22:32:46 trial054 ceph-d3ac43bc-0de2-11f1-a207-d404e6e7d460-mgr-x[41118]:
2026-02-19T22:32:46.255+0000 7f4c268da140 -1 mgr[py] Module diskprediction_local has missing NOTIFY_TYPES member
2026-02-19T22:32:46.513 INFO:journalctl@ceph.mgr.x.trial054.stdout:Feb 19 22:32:46 trial054 ceph-d3ac43bc-0de2-11f1-a207-d404e6e7d460-mgr-x[41118]:
2026-02-19T22:32:46.289+0000 7f4c268da140 -1 mgr[py] Module status has missing NOTIFY_TYPES member
2026-02-19T22:32:46.513 INFO:journalctl@ceph.mgr.x.trial054.stdout:Feb 19 22:32:46 trial054 ceph-d3ac43bc-0de2-11f1-a207-d404e6e7d460-mgr-x[41118]:
2026-02-19T22:32:46.385+0000 7f4c268da140 -1 mgr[py] Module rgw has missing NOTIFY_TYPES member
2026-02-19T22:32:46.513 INFO:journalctl@ceph.mgr.x.trial054.stdout:Feb 19 22:32:46 trial054 ceph-d3ac43bc-0de2-11f1-a207-d404e6e7d460-mgr-x[41118]:
2026-02-19T22:32:46.445+0000 7f4c268da140 -1 mgr[py] Module iostat has missing NOTIFY_TYPES member
2026-02-19T22:32:46.513 INFO:journalctl@ceph.mgr.x.trial054.stdout:Feb 19 22:32:46 trial054 ceph-d3ac43bc-0de2-11f1-a207-d404e6e7d460-mgr-x[41118]:
2026-02-19T22:32:46.479+0000 7f4c268da140 -1 mgr[py] Module pg_autoscaler has missing NOTIFY_TYPES member
2026-02-19T22:32:46.513 INFO:journalctl@ceph.mgr.x.trial054.stdout:Feb 19 22:32:46 trial054 ceph-d3ac43bc-0de2-11f1-a207-d404e6e7d460-mgr-x[41118]:
2026-02-19T22:32:46.511+0000 7f4c268da140 -1 mgr[py] Module osd_perf_query has missing NOTIFY_TYPES member
2026-02-19T22:32:46.777 INFO:journalctl@ceph.mgr.x.trial054.stdout:Feb 19 22:32:46 trial054 ceph-d3ac43bc-0de2-11f1-a207-d404e6e7d460-mgr-x[41118]:
2026-02-19T22:32:46.546+0000 7f4c268da140 -1 mgr[py] Module crash has missing NOTIFY_TYPES member
2026-02-19T22:32:46.777 INFO:journalctl@ceph.mgr.x.trial054.stdout:Feb 19 22:32:46 trial054 ceph-d3ac43bc-0de2-11f1-a207-d404e6e7d460-mgr-x[41118]:
2026-02-19T22:32:46.576+0000 7f4c268da140 -1 mgr[py] Module progress has missing NOTIFY_TYPES member
2026-02-19T22:32:47.066 INFO:journalctl@ceph.mgr.x.trial054.stdout:Feb 19 22:32:46 trial054 ceph-d3ac43bc-0de2-11f1-a207-d404e6e7d460-mgr-x[41118]:
2026-02-19T22:32:46.810+0000 7f4c268da140 -1 mgr[py] Module rook has missing NOTIFY_TYPES member
2026-02-19T22:32:47.067 INFO:journalctl@ceph.mgr.x.trial054.stdout:Feb 19 22:32:46 trial054 ceph-d3ac43bc-0de2-11f1-a207-d404e6e7d460-mgr-x[41118]:
2026-02-19T22:32:46.910+0000 7f4c268da140 -1 mgr[py] Module nfs has missing NOTIFY_TYPES member
2026-02-19T22:32:47.067 INFO:journalctl@ceph.mgr.x.trial054.stdout:Feb 19 22:32:46 trial054 ceph-d3ac43bc-0de2-11f1-a207-d404e6e7d460-mgr-x[41118]:
2026-02-19T22:32:46.941+0000 7f4c268da140 -1 mgr[py] Module telegraf has missing NOTIFY_TYPES member
2026-02-19T22:32:47.067 INFO:journalctl@ceph.mgr.x.trial054.stdout:Feb 19 22:32:46 trial054 ceph-d3ac43bc-0de2-11f1-a207-d404e6e7d460-mgr-x[41118]:
2026-02-19T22:32:46.972+0000 7f4c268da140 -1 mgr[py] Module selftest has missing NOTIFY_TYPES member
2026-02-19T22:32:47.067 INFO:journalctl@ceph.mgr.x.trial054.stdout:Feb 19 22:32:47 trial054 ceph-d3ac43bc-0de2-11f1-a207-d404e6e7d460-mgr-x[41118]:
2026-02-19T22:32:47.065+0000 7f4c268da140 -1 mgr[py] Module test_orchestrator has missing NOTIFY_TYPES member
2026-02-19T22:32:47.526 INFO:journalctl@ceph.mgr.x.trial054.stdout:Feb 19 22:32:47 trial054 ceph-d3ac43bc-0de2-11f1-a207-d404e6e7d460-mgr-x[41118]:
2026-02-19T22:32:47.094+0000 7f4c268da140 -1 mgr[py] Module osd_support has missing NOTIFY_TYPES member
2026-02-19T22:32:47.527 INFO:journalctl@ceph.mgr.x.trial054.stdout:Feb 19 22:32:47 trial054 ceph-d3ac43bc-0de2-11f1-a207-d404e6e7d460-mgr-x[41118]:
2026-02-19T22:32:47.186+0000 7f4c268da140 -1 mgr[py] Module orchestrator has missing NOTIFY_TYPES member
2026-02-19T22:32:48.027 INFO:journalctl@ceph.mgr.x.trial054.stdout:Feb 19 22:32:47 trial054 ceph-d3ac43bc-0de2-11f1-a207-d404e6e7d460-mgr-x[41118]:
2026-02-19T22:32:47.651+0000 7f4c268da140 -1 mgr[py] Module volumes has missing NOTIFY_TYPES member
2026-02-19T22:32:48.027 INFO:journalctl@ceph.mgr.x.trial054.stdout:Feb 19 22:32:47 trial054 ceph-d3ac43bc-0de2-11f1-a207-d404e6e7d460-mgr-x[41118]:
2026-02-19T22:32:47.681+0000 7f4c268da140 -1 mgr[py] Module zabbix has missing NOTIFY_TYPES member
2026-02-19T22:32:48.444 INFO:journalctl@ceph.mgr.x.trial054.stdout:Feb 19 22:32:48 trial054 ceph-d3ac43bc-0de2-11f1-a207-d404e6e7d460-mgr-x[41118]:
2026-02-19T22:32:48.078+0000 7f4c268da140 -1 mgr[py] Module influx has missing NOTIFY_TYPES member
2026-02-19T22:32:48.444 INFO:journalctl@ceph.mon.a.trial054.stdout:Feb 19 22:32:48 trial054 ceph-mon[40851]: Active manager daemon x restarted
2026-02-19T22:32:48.444 INFO:journalctl@ceph.mon.a.trial054.stdout:Feb 19 22:32:48 trial054 ceph-mon[40851]: Activating manager daemon x
2026-02-19T22:32:48.444 INFO:journalctl@ceph.mon.a.trial054.stdout:Feb 19 22:32:48 trial054 ceph-mon[40851]: osdmap e3: 0 total, 0 up, 0 in
2026-02-19T22:32:48.444 INFO:journalctl@ceph.mon.a.trial054.stdout:Feb 19 22:32:48 trial054 ceph-mon[40851]: mgrmap e10: x(active, starting, since 0.00264798s)
2026-02-19T22:32:48.445 INFO:journalctl@ceph.mon.a.trial054.stdout:Feb 19 22:32:48 trial054 ceph-mon[40851]: from='mgr.14150 10.20.193.54:0/564780665' entity='mgr.x' cmd=[{"prefix": "mon metadata", "id": "a"}]: dispatch
2026-02-19T22:32:48.445 INFO:journalctl@ceph.mon.a.trial054.stdout:Feb 19 22:32:48 trial054 ceph-mon[40851]: from='mgr.14150 10.20.193.54:0/564780665' entity='mgr.x' cmd=[{"prefix": "mgr metadata", "who": "x", "id": "x"}]: dispatch
2026-02-19T22:32:48.445 INFO:journalctl@ceph.mon.a.trial054.stdout:Feb 19 22:32:48 trial054 ceph-mon[40851]: from='mgr.14150 10.20.193.54:0/564780665' entity='mgr.x' cmd=[{"prefix": "mds metadata"}]: dispatch
2026-02-19T22:32:48.445 INFO:journalctl@ceph.mon.a.trial054.stdout:Feb 19 22:32:48 trial054 ceph-mon[40851]: from='mgr.14150 10.20.193.54:0/564780665' entity='mgr.x' cmd=[{"prefix": "osd metadata"}]: dispatch
2026-02-19T22:32:48.445 INFO:journalctl@ceph.mon.a.trial054.stdout:Feb 19 22:32:48 trial054 ceph-mon[40851]: from='mgr.14150 10.20.193.54:0/564780665' entity='mgr.x' cmd=[{"prefix": "mon metadata"}]: dispatch
2026-02-19T22:32:48.445 INFO:journalctl@ceph.mon.a.trial054.stdout:Feb 19 22:32:48 trial054 ceph-mon[40851]: Manager daemon x is now available
2026-02-19T22:32:48.445 INFO:journalctl@ceph.mon.a.trial054.stdout:Feb 19 22:32:48 trial054 ceph-mon[40851]: from='mgr.14150 10.20.193.54:0/564780665' entity='mgr.x' cmd=[{"prefix": "config dump", "format": "json"}]: dispatch
2026-02-19T22:32:48.445 INFO:journalctl@ceph.mon.a.trial054.stdout:Feb 19 22:32:48 trial054 ceph-mon[40851]: from='mgr.14150 10.20.193.54:0/564780665' entity='mgr.x' cmd=[{"prefix":"config rm","who":"mgr","name":"mgr/rbd_support/x/mirror_snapshot_schedule"}]: dispatch
2026-02-19T22:32:48.445 INFO:journalctl@ceph.mon.a.trial054.stdout:Feb 19 22:32:48 trial054 ceph-mon[40851]: from='mgr.14150 10.20.193.54:0/564780665' entity='mgr.x' cmd=[{"prefix":"config rm","who":"mgr","name":"mgr/rbd_support/x/trash_purge_schedule"}]: dispatch
2026-02-19T22:32:49.111 INFO:teuthology.orchestra.run.trial054.stdout:/usr/bin/ceph: stdout {
2026-02-19T22:32:49.111 INFO:teuthology.orchestra.run.trial054.stdout:/usr/bin/ceph: stdout "mgrmap_epoch": 11,
2026-02-19T22:32:49.111 INFO:teuthology.orchestra.run.trial054.stdout:/usr/bin/ceph: stdout "initialized": true
2026-02-19T22:32:49.111 INFO:teuthology.orchestra.run.trial054.stdout:/usr/bin/ceph: stdout }
2026-02-19T22:32:49.111 INFO:teuthology.orchestra.run.trial054.stdout:/usr/bin/ceph: stderr
2026-02-19T22:32:45.777+0000 7fe464840640 1 Processor -- start
2026-02-19T22:32:49.111 INFO:teuthology.orchestra.run.trial054.stdout:/usr/bin/ceph: stderr
2026-02-19T22:32:45.777+0000 7fe464840640 1 -- start start
2026-02-19T22:32:49.111 INFO:teuthology.orchestra.run.trial054.stdout:/usr/bin/ceph: stderr
2026-02-19T22:32:45.777+0000 7fe464840640 1 --2- >> [v2:10.20.193.54:3300/0,v1:10.20.193.54:6789/0] conn(0x7fe45c07df10 0x7fe45c07c310 unknown :-1 s=NONE pgs=0 cs=0 l=0 rev1=0 crypto rx=0 tx=0 comp rx=0 tx=0).connect
2026-02-19T22:32:49.111 INFO:teuthology.orchestra.run.trial054.stdout:/usr/bin/ceph: stderr
2026-02-19T22:32:45.777+0000 7fe464840640 1 -- --> [v2:10.20.193.54:3300/0,v1:10.20.193.54:6789/0] -- mon_getmap magic: 0 -- 0x7fe45c07c850 con 0x7fe45c07df10
2026-02-19T22:32:49.111 INFO:teuthology.orchestra.run.trial054.stdout:/usr/bin/ceph: stderr
2026-02-19T22:32:45.778+0000 7fe4625b5640 1 --2- >> [v2:10.20.193.54:3300/0,v1:10.20.193.54:6789/0] conn(0x7fe45c07df10 0x7fe45c07c310 unknown :-1 s=BANNER_CONNECTING pgs=0 cs=0 l=0 rev1=0 crypto rx=0 tx=0 comp rx=0 tx=0)._handle_peer_banner_payload supported=3 required=0
2026-02-19T22:32:49.111 INFO:teuthology.orchestra.run.trial054.stdout:/usr/bin/ceph: stderr
2026-02-19T22:32:45.778+0000 7fe4625b5640 1 --2- >> [v2:10.20.193.54:3300/0,v1:10.20.193.54:6789/0] conn(0x7fe45c07df10 0x7fe45c07c310 unknown :-1 s=HELLO_CONNECTING pgs=0 cs=0 l=0 rev1=1 crypto rx=0 tx=0 comp rx=0 tx=0).handle_hello peer v2:10.20.193.54:3300/0 says I am v2:10.20.193.54:45876/0 (socket says 10.20.193.54:45876)
2026-02-19T22:32:49.111 INFO:teuthology.orchestra.run.trial054.stdout:/usr/bin/ceph: stderr
2026-02-19T22:32:45.778+0000 7fe4625b5640 1 -- 10.20.193.54:0/2258425300 learned_addr learned my addr 10.20.193.54:0/2258425300 (peer_addr_for_me v2:10.20.193.54:0/0)
2026-02-19T22:32:49.112 INFO:teuthology.orchestra.run.trial054.stdout:/usr/bin/ceph: stderr
2026-02-19T22:32:45.778+0000 7fe4625b5640 1 -- 10.20.193.54:0/2258425300 --> [v2:10.20.193.54:3300/0,v1:10.20.193.54:6789/0] -- mon_subscribe({config=0+,monmap=0+}) -- 0x7fe45c07c9d0 con 0x7fe45c07df10
2026-02-19T22:32:49.112 INFO:teuthology.orchestra.run.trial054.stdout:/usr/bin/ceph: stderr
2026-02-19T22:32:45.778+0000 7fe4625b5640 1 --2- 10.20.193.54:0/2258425300 >> [v2:10.20.193.54:3300/0,v1:10.20.193.54:6789/0] conn(0x7fe45c07df10 0x7fe45c07c310 secure :-1 s=READY pgs=59 cs=0 l=1 rev1=1 crypto rx=0x7fe454009920 tx=0x7fe45402ef20 comp rx=0 tx=0).ready entity=mon.0 client_cookie=ab928ee7178040f4 server_cookie=0 in_seq=0 out_seq=0
2026-02-19T22:32:49.112 INFO:teuthology.orchestra.run.trial054.stdout:/usr/bin/ceph: stderr
2026-02-19T22:32:45.778+0000 7fe4615b3640 1 -- 10.20.193.54:0/2258425300 <== mon.0 v2:10.20.193.54:3300/0 1 ==== mon_map magic: 0 ==== 205+0+0 (secure 0 0 0) 0x7fe45403c070 con 0x7fe45c07df10
2026-02-19T22:32:49.112 INFO:teuthology.orchestra.run.trial054.stdout:/usr/bin/ceph: stderr
2026-02-19T22:32:45.778+0000 7fe4615b3640 1 -- 10.20.193.54:0/2258425300 <== mon.0 v2:10.20.193.54:3300/0 2 ==== config(25 keys) ==== 1038+0+0 (secure 0 0 0) 0x7fe454037440 con 0x7fe45c07df10
2026-02-19T22:32:49.112 INFO:teuthology.orchestra.run.trial054.stdout:/usr/bin/ceph: stderr
2026-02-19T22:32:45.778+0000 7fe4615b3640 1 -- 10.20.193.54:0/2258425300 <== mon.0 v2:10.20.193.54:3300/0 3 ==== mon_map magic: 0 ==== 205+0+0 (secure 0 0 0) 0x7fe4540354d0 con 0x7fe45c07df10
2026-02-19T22:32:49.112 INFO:teuthology.orchestra.run.trial054.stdout:/usr/bin/ceph: stderr
2026-02-19T22:32:45.779+0000 7fe464840640 1 -- 10.20.193.54:0/2258425300 >> [v2:10.20.193.54:3300/0,v1:10.20.193.54:6789/0] conn(0x7fe45c07df10 msgr2=0x7fe45c07c310 secure :-1 s=STATE_CONNECTION_ESTABLISHED l=1).mark_down
2026-02-19T22:32:49.112 INFO:teuthology.orchestra.run.trial054.stdout:/usr/bin/ceph: stderr
2026-02-19T22:32:45.779+0000 7fe464840640 1 --2- 10.20.193.54:0/2258425300 >> [v2:10.20.193.54:3300/0,v1:10.20.193.54:6789/0] conn(0x7fe45c07df10 0x7fe45c07c310 secure :-1 s=READY pgs=59 cs=0 l=1 rev1=1 crypto rx=0x7fe454009920 tx=0x7fe45402ef20 comp rx=0 tx=0).stop
2026-02-19T22:32:49.112 INFO:teuthology.orchestra.run.trial054.stdout:/usr/bin/ceph: stderr
2026-02-19T22:32:45.779+0000 7fe464840640 1 -- 10.20.193.54:0/2258425300 shutdown_connections
2026-02-19T22:32:49.112 INFO:teuthology.orchestra.run.trial054.stdout:/usr/bin/ceph: stderr
2026-02-19T22:32:45.779+0000 7fe464840640 1 --2- 10.20.193.54:0/2258425300 >> [v2:10.20.193.54:3300/0,v1:10.20.193.54:6789/0] conn(0x7fe45c07df10 0x7fe45c07c310 unknown :-1 s=CLOSED pgs=59 cs=0 l=1 rev1=1 crypto rx=0 tx=0 comp rx=0 tx=0).stop
2026-02-19T22:32:49.112 INFO:teuthology.orchestra.run.trial054.stdout:/usr/bin/ceph: stderr
2026-02-19T22:32:45.779+0000 7fe464840640 1 -- 10.20.193.54:0/2258425300 >> 10.20.193.54:0/2258425300 conn(0x7fe45c103a40 msgr2=0x7fe45c105e60 unknown :-1 s=STATE_NONE l=0).mark_down
2026-02-19T22:32:49.112 INFO:teuthology.orchestra.run.trial054.stdout:/usr/bin/ceph: stderr
2026-02-19T22:32:45.779+0000 7fe464840640 1 -- 10.20.193.54:0/2258425300 shutdown_connections
2026-02-19T22:32:49.112 INFO:teuthology.orchestra.run.trial054.stdout:/usr/bin/ceph: stderr
2026-02-19T22:32:45.779+0000 7fe464840640 1 -- 10.20.193.54:0/2258425300 wait complete.
2026-02-19T22:32:49.112 INFO:teuthology.orchestra.run.trial054.stdout:/usr/bin/ceph: stderr
2026-02-19T22:32:45.779+0000 7fe464840640 1 Processor -- start
2026-02-19T22:32:49.112 INFO:teuthology.orchestra.run.trial054.stdout:/usr/bin/ceph: stderr
2026-02-19T22:32:45.779+0000 7fe464840640 1 -- start start
2026-02-19T22:32:49.112 INFO:teuthology.orchestra.run.trial054.stdout:/usr/bin/ceph: stderr
2026-02-19T22:32:45.779+0000 7fe464840640 1 --2- >> [v2:10.20.193.54:3300/0,v1:10.20.193.54:6789/0] conn(0x7fe45c07df10 0x7fe45c10b4c0 unknown :-1 s=NONE pgs=0 cs=0 l=1 rev1=0 crypto rx=0 tx=0 comp rx=0 tx=0).connect
2026-02-19T22:32:49.112 INFO:teuthology.orchestra.run.trial054.stdout:/usr/bin/ceph: stderr
2026-02-19T22:32:45.779+0000 7fe464840640 1 -- --> [v2:10.20.193.54:3300/0,v1:10.20.193.54:6789/0] -- mon_getmap magic: 0 -- 0x7fe45c10e810 con 0x7fe45c07df10
2026-02-19T22:32:49.112 INFO:teuthology.orchestra.run.trial054.stdout:/usr/bin/ceph: stderr
2026-02-19T22:32:45.779+0000 7fe4625b5640 1 --2- >> [v2:10.20.193.54:3300/0,v1:10.20.193.54:6789/0] conn(0x7fe45c07df10 0x7fe45c10b4c0 unknown :-1 s=BANNER_CONNECTING pgs=0 cs=0 l=1 rev1=0 crypto rx=0 tx=0 comp rx=0 tx=0)._handle_peer_banner_payload supported=3 required=0
2026-02-19T22:32:49.112 INFO:teuthology.orchestra.run.trial054.stdout:/usr/bin/ceph: stderr
2026-02-19T22:32:45.779+0000 7fe4625b5640 1 --2- >> [v2:10.20.193.54:3300/0,v1:10.20.193.54:6789/0] conn(0x7fe45c07df10 0x7fe45c10b4c0 unknown :-1 s=HELLO_CONNECTING pgs=0 cs=0 l=1 rev1=1 crypto rx=0 tx=0 comp rx=0 tx=0).handle_hello peer v2:10.20.193.54:3300/0 says I am v2:10.20.193.54:45886/0 (socket says 10.20.193.54:45886)
2026-02-19T22:32:49.112 INFO:teuthology.orchestra.run.trial054.stdout:/usr/bin/ceph: stderr
2026-02-19T22:32:45.779+0000 7fe4625b5640 1 -- 10.20.193.54:0/4184809827 learned_addr learned my addr 10.20.193.54:0/4184809827 (peer_addr_for_me v2:10.20.193.54:0/0)
2026-02-19T22:32:49.112 INFO:teuthology.orchestra.run.trial054.stdout:/usr/bin/ceph: stderr
2026-02-19T22:32:45.779+0000 7fe4625b5640 1 -- 10.20.193.54:0/4184809827 --> [v2:10.20.193.54:3300/0,v1:10.20.193.54:6789/0] -- mon_subscribe({config=0+,monmap=0+}) -- 0x7fe45c10ba00 con 0x7fe45c07df10
2026-02-19T22:32:49.112 INFO:teuthology.orchestra.run.trial054.stdout:/usr/bin/ceph: stderr
2026-02-19T22:32:45.780+0000 7fe4625b5640 1 --2- 10.20.193.54:0/4184809827 >> [v2:10.20.193.54:3300/0,v1:10.20.193.54:6789/0] conn(0x7fe45c07df10 0x7fe45c10b4c0 secure :-1 s=READY pgs=60 cs=0 l=1 rev1=1 crypto rx=0x7fe454037820 tx=0x7fe454037850 comp rx=0 tx=0).ready entity=mon.0 client_cookie=0 server_cookie=0 in_seq=0 out_seq=0
2026-02-19T22:32:49.112 INFO:teuthology.orchestra.run.trial054.stdout:/usr/bin/ceph: stderr
2026-02-19T22:32:45.780+0000 7fe4477fe640 1 -- 10.20.193.54:0/4184809827 <== mon.0 v2:10.20.193.54:3300/0 1 ==== mon_map magic: 0 ==== 205+0+0 (secure 0 0 0) 0x7fe454047070 con 0x7fe45c07df10
2026-02-19T22:32:49.112 INFO:teuthology.orchestra.run.trial054.stdout:/usr/bin/ceph: stderr
2026-02-19T22:32:45.780+0000 7fe464840640 1 -- 10.20.193.54:0/4184809827 --> [v2:10.20.193.54:3300/0,v1:10.20.193.54:6789/0] -- mon_subscribe({mgrmap=0+}) -- 0x7fe45c10bc90 con 0x7fe45c07df10
2026-02-19T22:32:49.112 INFO:teuthology.orchestra.run.trial054.stdout:/usr/bin/ceph: stderr
2026-02-19T22:32:45.780+0000 7fe4477fe640 1 -- 10.20.193.54:0/4184809827 <== mon.0 v2:10.20.193.54:3300/0 2 ==== config(25 keys) ==== 1038+0+0 (secure 0 0 0) 0x7fe454035e50 con 0x7fe45c07df10
2026-02-19T22:32:49.112 INFO:teuthology.orchestra.run.trial054.stdout:/usr/bin/ceph: stderr
2026-02-19T22:32:45.780+0000 7fe4477fe640 1 -- 10.20.193.54:0/4184809827 <== mon.0 v2:10.20.193.54:3300/0 3 ==== mon_map magic: 0 ==== 205+0+0 (secure 0 0 0) 0x7fe45403c070 con 0x7fe45c07df10
2026-02-19T22:32:49.112 INFO:teuthology.orchestra.run.trial054.stdout:/usr/bin/ceph: stderr
2026-02-19T22:32:45.780+0000 7fe464840640 1 -- 10.20.193.54:0/4184809827 --> [v2:10.20.193.54:3300/0,v1:10.20.193.54:6789/0] -- mon_subscribe({osdmap=0}) -- 0x7fe45c108000 con 0x7fe45c07df10
2026-02-19T22:32:49.112 INFO:teuthology.orchestra.run.trial054.stdout:/usr/bin/ceph: stderr
2026-02-19T22:32:45.780+0000 7fe4477fe640 1 -- 10.20.193.54:0/4184809827 <== mon.0 v2:10.20.193.54:3300/0 4 ==== mgrmap(e 9) ==== 50260+0+0 (secure 0 0 0) 0x7fe4540425d0 con 0x7fe45c07df10
2026-02-19T22:32:49.112 INFO:teuthology.orchestra.run.trial054.stdout:/usr/bin/ceph: stderr
2026-02-19T22:32:45.781+0000 7fe4477fe640 1 --2- 10.20.193.54:0/4184809827 >> [v2:10.20.193.54:6800/700248309,v1:10.20.193.54:6801/700248309] conn(0x7fe43803dbf0 0x7fe4380400b0 unknown :-1 s=NONE pgs=0 cs=0 l=1 rev1=0 crypto rx=0 tx=0 comp rx=0 tx=0).connect
2026-02-19T22:32:49.112 INFO:teuthology.orchestra.run.trial054.stdout:/usr/bin/ceph: stderr
2026-02-19T22:32:45.781+0000 7fe4477fe640 1 -- 10.20.193.54:0/4184809827 --> [v2:10.20.193.54:6800/700248309,v1:10.20.193.54:6801/700248309] -- command(tid 0: {"prefix": "get_command_descriptions"}) -- 0x7fe4380407c0 con 0x7fe43803dbf0
2026-02-19T22:32:49.112 INFO:teuthology.orchestra.run.trial054.stdout:/usr/bin/ceph: stderr
2026-02-19T22:32:45.781+0000 7fe461db4640 1 -- 10.20.193.54:0/4184809827 >> [v2:10.20.193.54:6800/700248309,v1:10.20.193.54:6801/700248309] conn(0x7fe43803dbf0 msgr2=0x7fe4380400b0 unknown :-1 s=STATE_CONNECTING_RE l=1).process reconnect failed to v2:10.20.193.54:6800/700248309
2026-02-19T22:32:49.112 INFO:teuthology.orchestra.run.trial054.stdout:/usr/bin/ceph: stderr
2026-02-19T22:32:45.781+0000 7fe4477fe640 1 -- 10.20.193.54:0/4184809827 <== mon.0 v2:10.20.193.54:3300/0 5 ==== osd_map(2..2 src has 1..2) ==== 940+0+0 (secure 0 0 0) 0x7fe4540769b0 con 0x7fe45c07df10
2026-02-19T22:32:49.113 INFO:teuthology.orchestra.run.trial054.stdout:/usr/bin/ceph: stderr
2026-02-19T22:32:45.781+0000 7fe461db4640 1 --2- 10.20.193.54:0/4184809827 >> [v2:10.20.193.54:6800/700248309,v1:10.20.193.54:6801/700248309] conn(0x7fe43803dbf0 0x7fe4380400b0 unknown :-1 s=START_CONNECT pgs=0 cs=0 l=1 rev1=0 crypto rx=0 tx=0 comp rx=0 tx=0)._fault waiting 0.200000
2026-02-19T22:32:49.113 INFO:teuthology.orchestra.run.trial054.stdout:/usr/bin/ceph: stderr
2026-02-19T22:32:45.982+0000 7fe461db4640 1 -- 10.20.193.54:0/4184809827 >> [v2:10.20.193.54:6800/700248309,v1:10.20.193.54:6801/700248309] conn(0x7fe43803dbf0 msgr2=0x7fe4380400b0 unknown :-1 s=STATE_CONNECTING_RE l=1).process reconnect failed to v2:10.20.193.54:6800/700248309
2026-02-19T22:32:49.113 INFO:teuthology.orchestra.run.trial054.stdout:/usr/bin/ceph: stderr
2026-02-19T22:32:45.982+0000 7fe461db4640 1 --2- 10.20.193.54:0/4184809827 >> [v2:10.20.193.54:6800/700248309,v1:10.20.193.54:6801/700248309] conn(0x7fe43803dbf0 0x7fe4380400b0 unknown :-1 s=START_CONNECT pgs=0 cs=0 l=1 rev1=0 crypto rx=0 tx=0 comp rx=0 tx=0)._fault waiting 0.400000
2026-02-19T22:32:49.113 INFO:teuthology.orchestra.run.trial054.stdout:/usr/bin/ceph: stderr
2026-02-19T22:32:46.383+0000 7fe461db4640 1 -- 10.20.193.54:0/4184809827 >> [v2:10.20.193.54:6800/700248309,v1:10.20.193.54:6801/700248309] conn(0x7fe43803dbf0 msgr2=0x7fe4380400b0 unknown :-1 s=STATE_CONNECTING_RE l=1).process reconnect failed to v2:10.20.193.54:6800/700248309
2026-02-19T22:32:49.113 INFO:teuthology.orchestra.run.trial054.stdout:/usr/bin/ceph: stderr
2026-02-19T22:32:46.383+0000 7fe461db4640 1 --2- 10.20.193.54:0/4184809827 >> [v2:10.20.193.54:6800/700248309,v1:10.20.193.54:6801/700248309] conn(0x7fe43803dbf0 0x7fe4380400b0 unknown :-1 s=START_CONNECT pgs=0 cs=0 l=1 rev1=0 crypto rx=0 tx=0 comp rx=0 tx=0)._fault waiting 0.800000
2026-02-19T22:32:49.113 INFO:teuthology.orchestra.run.trial054.stdout:/usr/bin/ceph: stderr
2026-02-19T22:32:47.184+0000 7fe461db4640 1 -- 10.20.193.54:0/4184809827 >> [v2:10.20.193.54:6800/700248309,v1:10.20.193.54:6801/700248309] conn(0x7fe43803dbf0 msgr2=0x7fe4380400b0 unknown :-1 s=STATE_CONNECTING_RE l=1).process reconnect failed to v2:10.20.193.54:6800/700248309
2026-02-19T22:32:49.113 INFO:teuthology.orchestra.run.trial054.stdout:/usr/bin/ceph: stderr
2026-02-19T22:32:47.184+0000 7fe461db4640 1 --2- 10.20.193.54:0/4184809827 >> [v2:10.20.193.54:6800/700248309,v1:10.20.193.54:6801/700248309] conn(0x7fe43803dbf0 0x7fe4380400b0 unknown :-1 s=START_CONNECT pgs=0 cs=0 l=1 rev1=0 crypto rx=0 tx=0 comp rx=0 tx=0)._fault waiting 1.600000
2026-02-19T22:32:49.113 INFO:teuthology.orchestra.run.trial054.stdout:/usr/bin/ceph: stderr
2026-02-19T22:32:48.081+0000 7fe4477fe640 1 -- 10.20.193.54:0/4184809827 <== mon.0 v2:10.20.193.54:3300/0 6 ==== mgrmap(e 10) ==== 50027+0+0 (secure 0 0 0) 0x7fe4540757b0 con 0x7fe45c07df10
2026-02-19T22:32:49.113 INFO:teuthology.orchestra.run.trial054.stdout:/usr/bin/ceph: stderr
2026-02-19T22:32:48.081+0000 7fe4477fe640 1 -- 10.20.193.54:0/4184809827 >> [v2:10.20.193.54:6800/700248309,v1:10.20.193.54:6801/700248309] conn(0x7fe43803dbf0 msgr2=0x7fe4380400b0 unknown :-1 s=STATE_CONNECTING l=1).mark_down
2026-02-19T22:32:49.113 INFO:teuthology.orchestra.run.trial054.stdout:/usr/bin/ceph: stderr
2026-02-19T22:32:48.081+0000 7fe4477fe640 1 --2- 10.20.193.54:0/4184809827 >> [v2:10.20.193.54:6800/700248309,v1:10.20.193.54:6801/700248309] conn(0x7fe43803dbf0 0x7fe4380400b0 unknown :-1 s=START_CONNECT pgs=0 cs=0 l=1 rev1=0 crypto rx=0 tx=0 comp rx=0 tx=0).stop
2026-02-19T22:32:49.113 INFO:teuthology.orchestra.run.trial054.stdout:/usr/bin/ceph: stderr
2026-02-19T22:32:49.083+0000 7fe4477fe640 1 -- 10.20.193.54:0/4184809827 <== mon.0 v2:10.20.193.54:3300/0 7 ==== mgrmap(e 11) ==== 50154+0+0 (secure 0 0 0) 0x7fe4540359e0 con 0x7fe45c07df10
2026-02-19T22:32:49.113 INFO:teuthology.orchestra.run.trial054.stdout:/usr/bin/ceph: stderr
2026-02-19T22:32:49.083+0000 7fe4477fe640 1 --2- 10.20.193.54:0/4184809827 >> [v2:10.20.193.54:6800/168424310,v1:10.20.193.54:6801/168424310] conn(0x7fe4380416d0 0x7fe438043ac0 unknown :-1 s=NONE pgs=0 cs=0 l=1 rev1=0 crypto rx=0 tx=0 comp rx=0 tx=0).connect
2026-02-19T22:32:49.113 INFO:teuthology.orchestra.run.trial054.stdout:/usr/bin/ceph: stderr
2026-02-19T22:32:49.083+0000 7fe4477fe640 1 -- 10.20.193.54:0/4184809827 --> [v2:10.20.193.54:6800/168424310,v1:10.20.193.54:6801/168424310] -- command(tid 0: {"prefix": "get_command_descriptions"}) -- 0x7fe45403ce50 con 0x7fe4380416d0
2026-02-19T22:32:49.113 INFO:teuthology.orchestra.run.trial054.stdout:/usr/bin/ceph: stderr
2026-02-19T22:32:49.083+0000 7fe461db4640 1 --2- 10.20.193.54:0/4184809827 >> [v2:10.20.193.54:6800/168424310,v1:10.20.193.54:6801/168424310] conn(0x7fe4380416d0 0x7fe438043ac0 unknown :-1 s=BANNER_CONNECTING pgs=0 cs=0 l=1 rev1=0 crypto rx=0 tx=0 comp rx=0 tx=0)._handle_peer_banner_payload supported=3 required=0
2026-02-19T22:32:49.113 INFO:teuthology.orchestra.run.trial054.stdout:/usr/bin/ceph: stderr
2026-02-19T22:32:49.083+0000 7fe461db4640 1 --2- 10.20.193.54:0/4184809827 >> [v2:10.20.193.54:6800/168424310,v1:10.20.193.54:6801/168424310] conn(0x7fe4380416d0 0x7fe438043ac0 secure :-1 s=READY pgs=4 cs=0 l=1 rev1=1 crypto rx=0x7fe448003a80 tx=0x7fe448009290 comp rx=0 tx=0).ready entity=mgr.14150 client_cookie=0 server_cookie=0 in_seq=0 out_seq=0
2026-02-19T22:32:49.113 INFO:teuthology.orchestra.run.trial054.stdout:/usr/bin/ceph: stderr
2026-02-19T22:32:49.084+0000 7fe4477fe640 1 -- 10.20.193.54:0/4184809827 <== mgr.14150 v2:10.20.193.54:6800/168424310 1 ==== command_reply(tid 0: 0 ) ==== 8+0+8901 (secure 0 0 0) 0x7fe45403ce50 con 0x7fe4380416d0
2026-02-19T22:32:49.113 INFO:teuthology.orchestra.run.trial054.stdout:/usr/bin/ceph: stderr
2026-02-19T22:32:49.087+0000 7fe464840640 1 -- 10.20.193.54:0/4184809827 --> [v2:10.20.193.54:6800/168424310,v1:10.20.193.54:6801/168424310] -- command(tid 1: {"prefix": "mgr_status"}) -- 0x7fe45c07c390 con 0x7fe4380416d0
2026-02-19T22:32:49.113 INFO:teuthology.orchestra.run.trial054.stdout:/usr/bin/ceph: stderr
2026-02-19T22:32:49.087+0000 7fe4477fe640 1 -- 10.20.193.54:0/4184809827 <== mgr.14150 v2:10.20.193.54:6800/168424310 2 ==== command_reply(tid 1: 0 ) ==== 8+0+52 (secure 0 0 0) 0x7fe45c07c390 con 0x7fe4380416d0
2026-02-19T22:32:49.113 INFO:teuthology.orchestra.run.trial054.stdout:/usr/bin/ceph: stderr
2026-02-19T22:32:49.087+0000 7fe464840640 1 -- 10.20.193.54:0/4184809827 >> [v2:10.20.193.54:6800/168424310,v1:10.20.193.54:6801/168424310] conn(0x7fe4380416d0 msgr2=0x7fe438043ac0 secure :-1 s=STATE_CONNECTION_ESTABLISHED l=1).mark_down
2026-02-19T22:32:49.113 INFO:teuthology.orchestra.run.trial054.stdout:/usr/bin/ceph: stderr
2026-02-19T22:32:49.087+0000 7fe464840640 1 --2- 10.20.193.54:0/4184809827 >> [v2:10.20.193.54:6800/168424310,v1:10.20.193.54:6801/168424310] conn(0x7fe4380416d0 0x7fe438043ac0 secure :-1 s=READY pgs=4 cs=0 l=1 rev1=1 crypto rx=0x7fe448003a80 tx=0x7fe448009290 comp rx=0 tx=0).stop
2026-02-19T22:32:49.113 INFO:teuthology.orchestra.run.trial054.stdout:/usr/bin/ceph: stderr
2026-02-19T22:32:49.087+0000 7fe464840640 1 -- 10.20.193.54:0/4184809827 >> [v2:10.20.193.54:3300/0,v1:10.20.193.54:6789/0] conn(0x7fe45c07df10 msgr2=0x7fe45c10b4c0 secure :-1 s=STATE_CONNECTION_ESTABLISHED l=1).mark_down
2026-02-19T22:32:49.113 INFO:teuthology.orchestra.run.trial054.stdout:/usr/bin/ceph: stderr
2026-02-19T22:32:49.087+0000 7fe464840640 1 --2- 10.20.193.54:0/4184809827 >> [v2:10.20.193.54:3300/0,v1:10.20.193.54:6789/0] conn(0x7fe45c07df10 0x7fe45c10b4c0 secure :-1 s=READY pgs=60 cs=0 l=1 rev1=1 crypto rx=0x7fe454037820 tx=0x7fe454037850 comp rx=0 tx=0).stop
2026-02-19T22:32:49.113 INFO:teuthology.orchestra.run.trial054.stdout:/usr/bin/ceph: stderr
2026-02-19T22:32:49.087+0000 7fe464840640 1 -- 10.20.193.54:0/4184809827 shutdown_connections
2026-02-19T22:32:49.113 INFO:teuthology.orchestra.run.trial054.stdout:/usr/bin/ceph: stderr
2026-02-19T22:32:49.087+0000 7fe464840640 1 --2- 10.20.193.54:0/4184809827 >> [v2:10.20.193.54:6800/168424310,v1:10.20.193.54:6801/168424310] conn(0x7fe4380416d0 0x7fe438043ac0 unknown :-1 s=CLOSED pgs=4 cs=0 l=1 rev1=1 crypto rx=0 tx=0 comp rx=0 tx=0).stop
2026-02-19T22:32:49.113 INFO:teuthology.orchestra.run.trial054.stdout:/usr/bin/ceph: stderr
2026-02-19T22:32:49.087+0000 7fe464840640 1 --2- 10.20.193.54:0/4184809827 >> [v2:10.20.193.54:6800/700248309,v1:10.20.193.54:6801/700248309] conn(0x7fe43803dbf0 0x7fe4380400b0 unknown :-1 s=CLOSED pgs=0 cs=0 l=1 rev1=0 crypto rx=0 tx=0 comp rx=0 tx=0).stop
2026-02-19T22:32:49.113 INFO:teuthology.orchestra.run.trial054.stdout:/usr/bin/ceph: stderr
2026-02-19T22:32:49.087+0000 7fe464840640 1 --2- 10.20.193.54:0/4184809827 >> [v2:10.20.193.54:3300/0,v1:10.20.193.54:6789/0] conn(0x7fe45c07df10 0x7fe45c10b4c0 unknown :-1 s=CLOSED pgs=60 cs=0 l=1 rev1=1 crypto rx=0 tx=0 comp rx=0 tx=0).stop
2026-02-19T22:32:49.113 INFO:teuthology.orchestra.run.trial054.stdout:/usr/bin/ceph: stderr
2026-02-19T22:32:49.087+0000 7fe464840640 1 -- 10.20.193.54:0/4184809827 >> 10.20.193.54:0/4184809827 conn(0x7fe45c103a40 msgr2=0x7fe45c104530 unknown :-1 s=STATE_NONE l=0).mark_down
2026-02-19T22:32:49.113 INFO:teuthology.orchestra.run.trial054.stdout:/usr/bin/ceph: stderr
2026-02-19T22:32:49.087+0000 7fe464840640 1 -- 10.20.193.54:0/4184809827 shutdown_connections
2026-02-19T22:32:49.113 INFO:teuthology.orchestra.run.trial054.stdout:/usr/bin/ceph: stderr
2026-02-19T22:32:49.087+0000 7fe464840640 1 -- 10.20.193.54:0/4184809827 wait complete.
2026-02-19T22:32:49.113 INFO:teuthology.orchestra.run.trial054.stdout:mgr epoch 9 is available
2026-02-19T22:32:49.114 INFO:teuthology.orchestra.run.trial054.stdout:Generating a dashboard self-signed certificate...
2026-02-19T22:32:49.424 INFO:teuthology.orchestra.run.trial054.stdout:/usr/bin/ceph: stdout Self-signed certificate created
2026-02-19T22:32:49.424 INFO:teuthology.orchestra.run.trial054.stdout:/usr/bin/ceph: stderr
