2026-02-19T22:32:43.798 INFO:teuthology.orchestra.run.trial054.stdout:/usr/bin/ceph: stderr
2026-02-19T22:32:43.723+0000 7f9c49a66640 1 -- 10.20.193.54:0/1905352840 >> [v2:10.20.193.54:6800/700248309,v1:10.20.193.54:6801/700248309] conn(0x7f9c1803dbf0 msgr2=0x7f9c180400b0 secure :-1 s=STATE_CONNECTION_ESTABLISHED l=1).mark_down
2026-02-19T22:32:43.798 INFO:teuthology.orchestra.run.trial054.stdout:/usr/bin/ceph: stderr
2026-02-19T22:32:43.723+0000 7f9c49a66640 1 --2- 10.20.193.54:0/1905352840 >> [v2:10.20.193.54:6800/700248309,v1:10.20.193.54:6801/700248309] conn(0x7f9c1803dbf0 0x7f9c180400b0 secure :-1 s=READY pgs=13 cs=0 l=1 rev1=1 crypto rx=0x7f9c2c0099c0 tx=0x7f9c2c006eb0 comp rx=0 tx=0).stop
2026-02-19T22:32:43.798 INFO:teuthology.orchestra.run.trial054.stdout:/usr/bin/ceph: stderr
2026-02-19T22:32:43.723+0000 7f9c49a66640 1 -- 10.20.193.54:0/1905352840 >> [v2:10.20.193.54:3300/0,v1:10.20.193.54:6789/0] conn(0x7f9c4410a480 msgr2=0x7f9c441a0280 secure :-1 s=STATE_CONNECTION_ESTABLISHED l=1).mark_down
2026-02-19T22:32:43.798 INFO:teuthology.orchestra.run.trial054.stdout:/usr/bin/ceph: stderr
2026-02-19T22:32:43.723+0000 7f9c49a66640 1 --2- 10.20.193.54:0/1905352840 >> [v2:10.20.193.54:3300/0,v1:10.20.193.54:6789/0] conn(0x7f9c4410a480 0x7f9c441a0280 secure :-1 s=READY pgs=48 cs=0 l=1 rev1=1 crypto rx=0x7f9c38006fd0 tx=0x7f9c38035e10 comp rx=0 tx=0).stop
2026-02-19T22:32:43.798 INFO:teuthology.orchestra.run.trial054.stdout:/usr/bin/ceph: stderr
2026-02-19T22:32:43.723+0000 7f9c49a66640 1 -- 10.20.193.54:0/1905352840 shutdown_connections
2026-02-19T22:32:43.798 INFO:teuthology.orchestra.run.trial054.stdout:/usr/bin/ceph: stderr
2026-02-19T22:32:43.723+0000 7f9c49a66640 1 --2- 10.20.193.54:0/1905352840 >> [v2:10.20.193.54:6800/700248309,v1:10.20.193.54:6801/700248309] conn(0x7f9c1803dbf0 0x7f9c180400b0 unknown :-1 s=CLOSED pgs=13 cs=0 l=1 rev1=1 crypto rx=0 tx=0 comp rx=0 tx=0).stop
2026-02-19T22:32:43.798 INFO:teuthology.orchestra.run.trial054.stdout:/usr/bin/ceph: stderr
2026-02-19T22:32:43.723+0000 7f9c49a66640 1 --2- 10.20.193.54:0/1905352840 >> [v2:10.20.193.54:3300/0,v1:10.20.193.54:6789/0] conn(0x7f9c4410a480 0x7f9c441a0280 unknown :-1 s=CLOSED pgs=48 cs=0 l=1 rev1=1 crypto rx=0 tx=0 comp rx=0 tx=0).stop
2026-02-19T22:32:43.798 INFO:teuthology.orchestra.run.trial054.stdout:/usr/bin/ceph: stderr
2026-02-19T22:32:43.723+0000 7f9c49a66640 1 -- 10.20.193.54:0/1905352840 >> 10.20.193.54:0/1905352840 conn(0x7f9c4407dbf0 msgr2=0x7f9c44107e40 unknown :-1 s=STATE_NONE l=0).mark_down
2026-02-19T22:32:43.799 INFO:teuthology.orchestra.run.trial054.stdout:/usr/bin/ceph: stderr
2026-02-19T22:32:43.723+0000 7f9c49a66640 1 -- 10.20.193.54:0/1905352840 shutdown_connections
2026-02-19T22:32:43.799 INFO:teuthology.orchestra.run.trial054.stdout:/usr/bin/ceph: stderr
2026-02-19T22:32:43.723+0000 7f9c49a66640 1 -- 10.20.193.54:0/1905352840 wait complete.
2026-02-19T22:32:44.008 INFO:teuthology.orchestra.run.trial054.stdout:/usr/bin/ceph: stderr
2026-02-19T22:32:43.890+0000 7f5b764fc640 1 Processor -- start
2026-02-19T22:32:44.008 INFO:teuthology.orchestra.run.trial054.stdout:/usr/bin/ceph: stderr
2026-02-19T22:32:43.891+0000 7f5b764fc640 1 -- start start
2026-02-19T22:32:44.008 INFO:teuthology.orchestra.run.trial054.stdout:/usr/bin/ceph: stderr
2026-02-19T22:32:43.891+0000 7f5b764fc640 1 --2- >> [v2:10.20.193.54:3300/0,v1:10.20.193.54:6789/0] conn(0x7f5b7010a480 0x7f5b7010a880 unknown :-1 s=NONE pgs=0 cs=0 l=0 rev1=0 crypto rx=0 tx=0 comp rx=0 tx=0).connect
2026-02-19T22:32:44.008 INFO:teuthology.orchestra.run.trial054.stdout:/usr/bin/ceph: stderr
2026-02-19T22:32:43.891+0000 7f5b764fc640 1 -- --> [v2:10.20.193.54:3300/0,v1:10.20.193.54:6789/0] -- mon_getmap magic: 0 -- 0x7f5b7010ae50 con 0x7f5b7010a480
2026-02-19T22:32:44.008 INFO:teuthology.orchestra.run.trial054.stdout:/usr/bin/ceph: stderr
2026-02-19T22:32:43.891+0000 7f5b6ffff640 1 --2- >> [v2:10.20.193.54:3300/0,v1:10.20.193.54:6789/0] conn(0x7f5b7010a480 0x7f5b7010a880 unknown :-1 s=BANNER_CONNECTING pgs=0 cs=0 l=0 rev1=0 crypto rx=0 tx=0 comp rx=0 tx=0)._handle_peer_banner_payload supported=3 required=0
2026-02-19T22:32:44.008 INFO:teuthology.orchestra.run.trial054.stdout:/usr/bin/ceph: stderr
2026-02-19T22:32:43.891+0000 7f5b6ffff640 1 --2- >> [v2:10.20.193.54:3300/0,v1:10.20.193.54:6789/0] conn(0x7f5b7010a480 0x7f5b7010a880 unknown :-1 s=HELLO_CONNECTING pgs=0 cs=0 l=0 rev1=1 crypto rx=0 tx=0 comp rx=0 tx=0).handle_hello peer v2:10.20.193.54:3300/0 says I am v2:10.20.193.54:45790/0 (socket says 10.20.193.54:45790)
2026-02-19T22:32:44.008 INFO:teuthology.orchestra.run.trial054.stdout:/usr/bin/ceph: stderr
2026-02-19T22:32:43.891+0000 7f5b6ffff640 1 -- 10.20.193.54:0/650078345 learned_addr learned my addr 10.20.193.54:0/650078345 (peer_addr_for_me v2:10.20.193.54:0/0)
2026-02-19T22:32:44.008 INFO:teuthology.orchestra.run.trial054.stdout:/usr/bin/ceph: stderr
2026-02-19T22:32:43.891+0000 7f5b6ffff640 1 -- 10.20.193.54:0/650078345 --> [v2:10.20.193.54:3300/0,v1:10.20.193.54:6789/0] -- mon_subscribe({config=0+,monmap=0+}) -- 0x7f5b7010b630 con 0x7f5b7010a480
2026-02-19T22:32:44.008 INFO:teuthology.orchestra.run.trial054.stdout:/usr/bin/ceph: stderr
2026-02-19T22:32:43.891+0000 7f5b6ffff640 1 --2- 10.20.193.54:0/650078345 >> [v2:10.20.193.54:3300/0,v1:10.20.193.54:6789/0] conn(0x7f5b7010a480 0x7f5b7010a880 secure :-1 s=READY pgs=49 cs=0 l=1 rev1=1 crypto rx=0x7f5b5c009920 tx=0x7f5b5c02ef20 comp rx=0 tx=0).ready entity=mon.0 client_cookie=569d8d6fa8ec91d2 server_cookie=0 in_seq=0 out_seq=0
2026-02-19T22:32:44.008 INFO:teuthology.orchestra.run.trial054.stdout:/usr/bin/ceph: stderr
2026-02-19T22:32:43.891+0000 7f5b6effd640 1 -- 10.20.193.54:0/650078345 <== mon.0 v2:10.20.193.54:3300/0 1 ==== mon_map magic: 0 ==== 205+0+0 (secure 0 0 0) 0x7f5b5c03c070 con 0x7f5b7010a480
2026-02-19T22:32:44.008 INFO:teuthology.orchestra.run.trial054.stdout:/usr/bin/ceph: stderr
2026-02-19T22:32:43.891+0000 7f5b6effd640 1 -- 10.20.193.54:0/650078345 <== mon.0 v2:10.20.193.54:3300/0 2 ==== config(25 keys) ==== 1038+0+0 (secure 0 0 0) 0x7f5b5c037440 con 0x7f5b7010a480
2026-02-19T22:32:44.008 INFO:teuthology.orchestra.run.trial054.stdout:/usr/bin/ceph: stderr
2026-02-19T22:32:43.891+0000 7f5b6effd640 1 -- 10.20.193.54:0/650078345 <== mon.0 v2:10.20.193.54:3300/0 3 ==== mon_map magic: 0 ==== 205+0+0 (secure 0 0 0) 0x7f5b5c0354d0 con 0x7f5b7010a480
2026-02-19T22:32:44.008 INFO:teuthology.orchestra.run.trial054.stdout:/usr/bin/ceph: stderr
2026-02-19T22:32:43.892+0000 7f5b764fc640 1 -- 10.20.193.54:0/650078345 >> [v2:10.20.193.54:3300/0,v1:10.20.193.54:6789/0] conn(0x7f5b7010a480 msgr2=0x7f5b7010a880 secure :-1 s=STATE_CONNECTION_ESTABLISHED l=1).mark_down
2026-02-19T22:32:44.008 INFO:teuthology.orchestra.run.trial054.stdout:/usr/bin/ceph: stderr
2026-02-19T22:32:43.892+0000 7f5b764fc640 1 --2- 10.20.193.54:0/650078345 >> [v2:10.20.193.54:3300/0,v1:10.20.193.54:6789/0] conn(0x7f5b7010a480 0x7f5b7010a880 secure :-1 s=READY pgs=49 cs=0 l=1 rev1=1 crypto rx=0x7f5b5c009920 tx=0x7f5b5c02ef20 comp rx=0 tx=0).stop
2026-02-19T22:32:44.008 INFO:teuthology.orchestra.run.trial054.stdout:/usr/bin/ceph: stderr
2026-02-19T22:32:43.892+0000 7f5b764fc640 1 -- 10.20.193.54:0/650078345 shutdown_connections
2026-02-19T22:32:44.008 INFO:teuthology.orchestra.run.trial054.stdout:/usr/bin/ceph: stderr
2026-02-19T22:32:43.892+0000 7f5b764fc640 1 --2- 10.20.193.54:0/650078345 >> [v2:10.20.193.54:3300/0,v1:10.20.193.54:6789/0] conn(0x7f5b7010a480 0x7f5b7010a880 unknown :-1 s=CLOSED pgs=49 cs=0 l=1 rev1=1 crypto rx=0 tx=0 comp rx=0 tx=0).stop
2026-02-19T22:32:44.008 INFO:teuthology.orchestra.run.trial054.stdout:/usr/bin/ceph: stderr
2026-02-19T22:32:43.892+0000 7f5b764fc640 1 -- 10.20.193.54:0/650078345 >> 10.20.193.54:0/650078345 conn(0x7f5b7007dbe0 msgr2=0x7f5b70108680 unknown :-1 s=STATE_NONE l=0).mark_down
2026-02-19T22:32:44.008 INFO:teuthology.orchestra.run.trial054.stdout:/usr/bin/ceph: stderr
2026-02-19T22:32:43.892+0000 7f5b764fc640 1 -- 10.20.193.54:0/650078345 shutdown_connections
2026-02-19T22:32:44.008 INFO:teuthology.orchestra.run.trial054.stdout:/usr/bin/ceph: stderr
2026-02-19T22:32:43.892+0000 7f5b764fc640 1 -- 10.20.193.54:0/650078345 wait complete.
2026-02-19T22:32:44.009 INFO:teuthology.orchestra.run.trial054.stdout:/usr/bin/ceph: stderr
2026-02-19T22:32:43.892+0000 7f5b764fc640 1 Processor -- start
2026-02-19T22:32:44.009 INFO:teuthology.orchestra.run.trial054.stdout:/usr/bin/ceph: stderr
2026-02-19T22:32:43.892+0000 7f5b764fc640 1 -- start start
2026-02-19T22:32:44.009 INFO:teuthology.orchestra.run.trial054.stdout:/usr/bin/ceph: stderr
2026-02-19T22:32:43.892+0000 7f5b764fc640 1 --2- >> [v2:10.20.193.54:3300/0,v1:10.20.193.54:6789/0] conn(0x7f5b7010a480 0x7f5b701a0290 unknown :-1 s=NONE pgs=0 cs=0 l=1 rev1=0 crypto rx=0 tx=0 comp rx=0 tx=0).connect
2026-02-19T22:32:44.009 INFO:teuthology.orchestra.run.trial054.stdout:/usr/bin/ceph: stderr
2026-02-19T22:32:43.892+0000 7f5b764fc640 1 -- --> [v2:10.20.193.54:3300/0,v1:10.20.193.54:6789/0] -- mon_getmap magic: 0 -- 0x7f5b7010e860 con 0x7f5b7010a480
2026-02-19T22:32:44.009 INFO:teuthology.orchestra.run.trial054.stdout:/usr/bin/ceph: stderr
2026-02-19T22:32:43.892+0000 7f5b6ffff640 1 --2- >> [v2:10.20.193.54:3300/0,v1:10.20.193.54:6789/0] conn(0x7f5b7010a480 0x7f5b701a0290 unknown :-1 s=BANNER_CONNECTING pgs=0 cs=0 l=1 rev1=0 crypto rx=0 tx=0 comp rx=0 tx=0)._handle_peer_banner_payload supported=3 required=0
2026-02-19T22:32:44.009 INFO:teuthology.orchestra.run.trial054.stdout:/usr/bin/ceph: stderr
2026-02-19T22:32:43.893+0000 7f5b6ffff640 1 --2- >> [v2:10.20.193.54:3300/0,v1:10.20.193.54:6789/0] conn(0x7f5b7010a480 0x7f5b701a0290 unknown :-1 s=HELLO_CONNECTING pgs=0 cs=0 l=1 rev1=1 crypto rx=0 tx=0 comp rx=0 tx=0).handle_hello peer v2:10.20.193.54:3300/0 says I am v2:10.20.193.54:45794/0 (socket says 10.20.193.54:45794)
2026-02-19T22:32:44.009 INFO:teuthology.orchestra.run.trial054.stdout:/usr/bin/ceph: stderr
2026-02-19T22:32:43.893+0000 7f5b6ffff640 1 -- 10.20.193.54:0/2798791528 learned_addr learned my addr 10.20.193.54:0/2798791528 (peer_addr_for_me v2:10.20.193.54:0/0)
2026-02-19T22:32:44.009 INFO:teuthology.orchestra.run.trial054.stdout:/usr/bin/ceph: stderr
2026-02-19T22:32:43.893+0000 7f5b6ffff640 1 -- 10.20.193.54:0/2798791528 --> [v2:10.20.193.54:3300/0,v1:10.20.193.54:6789/0] -- mon_subscribe({config=0+,monmap=0+}) -- 0x7f5b701a07d0 con 0x7f5b7010a480
2026-02-19T22:32:44.009 INFO:teuthology.orchestra.run.trial054.stdout:/usr/bin/ceph: stderr
2026-02-19T22:32:43.893+0000 7f5b6ffff640 1 --2- 10.20.193.54:0/2798791528 >> [v2:10.20.193.54:3300/0,v1:10.20.193.54:6789/0] conn(0x7f5b7010a480 0x7f5b701a0290 secure :-1 s=READY pgs=50 cs=0 l=1 rev1=1 crypto rx=0x7f5b5c037820 tx=0x7f5b5c037850 comp rx=0 tx=0).ready entity=mon.0 client_cookie=0 server_cookie=0 in_seq=0 out_seq=0
2026-02-19T22:32:44.009 INFO:teuthology.orchestra.run.trial054.stdout:/usr/bin/ceph: stderr
2026-02-19T22:32:43.893+0000 7f5b6d7fa640 1 -- 10.20.193.54:0/2798791528 <== mon.0 v2:10.20.193.54:3300/0 1 ==== mon_map magic: 0 ==== 205+0+0 (secure 0 0 0) 0x7f5b5c047070 con 0x7f5b7010a480
2026-02-19T22:32:44.009 INFO:teuthology.orchestra.run.trial054.stdout:/usr/bin/ceph: stderr
2026-02-19T22:32:43.893+0000 7f5b6d7fa640 1 -- 10.20.193.54:0/2798791528 <== mon.0 v2:10.20.193.54:3300/0 2 ==== config(25 keys) ==== 1038+0+0 (secure 0 0 0) 0x7f5b5c035d70 con 0x7f5b7010a480
2026-02-19T22:32:44.009 INFO:teuthology.orchestra.run.trial054.stdout:/usr/bin/ceph: stderr
2026-02-19T22:32:43.893+0000 7f5b764fc640 1 -- 10.20.193.54:0/2798791528 --> [v2:10.20.193.54:3300/0,v1:10.20.193.54:6789/0] -- mon_subscribe({mgrmap=0+}) -- 0x7f5b701a0a60 con 0x7f5b7010a480
2026-02-19T22:32:44.009 INFO:teuthology.orchestra.run.trial054.stdout:/usr/bin/ceph: stderr
2026-02-19T22:32:43.893+0000 7f5b6d7fa640 1 -- 10.20.193.54:0/2798791528 <== mon.0 v2:10.20.193.54:3300/0 3 ==== mon_map magic: 0 ==== 205+0+0 (secure 0 0 0) 0x7f5b5c03c070 con 0x7f5b7010a480
2026-02-19T22:32:44.009 INFO:teuthology.orchestra.run.trial054.stdout:/usr/bin/ceph: stderr
2026-02-19T22:32:43.893+0000 7f5b764fc640 1 -- 10.20.193.54:0/2798791528 --> [v2:10.20.193.54:3300/0,v1:10.20.193.54:6789/0] -- mon_subscribe({osdmap=0}) -- 0x7f5b701a3750 con 0x7f5b7010a480
2026-02-19T22:32:44.009 INFO:teuthology.orchestra.run.trial054.stdout:/usr/bin/ceph: stderr
2026-02-19T22:32:43.893+0000 7f5b764fc640 1 -- 10.20.193.54:0/2798791528 --> [v2:10.20.193.54:3300/0,v1:10.20.193.54:6789/0] -- mon_command({"prefix": "get_command_descriptions"} v 0) -- 0x7f5b7010a900 con 0x7f5b7010a480
2026-02-19T22:32:44.009 INFO:teuthology.orchestra.run.trial054.stdout:/usr/bin/ceph: stderr
2026-02-19T22:32:43.893+0000 7f5b6d7fa640 1 -- 10.20.193.54:0/2798791528 <== mon.0 v2:10.20.193.54:3300/0 4 ==== mgrmap(e 8) ==== 50247+0+0 (secure 0 0 0) 0x7f5b5c0425d0 con 0x7f5b7010a480
2026-02-19T22:32:44.009 INFO:teuthology.orchestra.run.trial054.stdout:/usr/bin/ceph: stderr
2026-02-19T22:32:43.894+0000 7f5b6d7fa640 1 --2- 10.20.193.54:0/2798791528 >> [v2:10.20.193.54:6800/700248309,v1:10.20.193.54:6801/700248309] conn(0x7f5b4403dbf0 0x7f5b440400b0 unknown :-1 s=NONE pgs=0 cs=0 l=1 rev1=0 crypto rx=0 tx=0 comp rx=0 tx=0).connect
2026-02-19T22:32:44.009 INFO:teuthology.orchestra.run.trial054.stdout:/usr/bin/ceph: stderr
2026-02-19T22:32:43.894+0000 7f5b6d7fa640 1 -- 10.20.193.54:0/2798791528 <== mon.0 v2:10.20.193.54:3300/0 5 ==== osd_map(2..2 src has 1..2) ==== 940+0+0 (secure 0 0 0) 0x7f5b5c076e30 con 0x7f5b7010a480
2026-02-19T22:32:44.009 INFO:teuthology.orchestra.run.trial054.stdout:/usr/bin/ceph: stderr
2026-02-19T22:32:43.894+0000 7f5b6f7fe640 1 --2- 10.20.193.54:0/2798791528 >> [v2:10.20.193.54:6800/700248309,v1:10.20.193.54:6801/700248309] conn(0x7f5b4403dbf0 0x7f5b440400b0 unknown :-1 s=BANNER_CONNECTING pgs=0 cs=0 l=1 rev1=0 crypto rx=0 tx=0 comp rx=0 tx=0)._handle_peer_banner_payload supported=3 required=0
2026-02-19T22:32:44.009 INFO:teuthology.orchestra.run.trial054.stdout:/usr/bin/ceph: stderr
2026-02-19T22:32:43.894+0000 7f5b6f7fe640 1 --2- 10.20.193.54:0/2798791528 >> [v2:10.20.193.54:6800/700248309,v1:10.20.193.54:6801/700248309] conn(0x7f5b4403dbf0 0x7f5b440400b0 secure :-1 s=READY pgs=14 cs=0 l=1 rev1=1 crypto rx=0x7f5b600099c0 tx=0x7f5b60006eb0 comp rx=0 tx=0).ready entity=mgr.14118 client_cookie=0 server_cookie=0 in_seq=0 out_seq=0
2026-02-19T22:32:44.009 INFO:teuthology.orchestra.run.trial054.stdout:/usr/bin/ceph: stderr
2026-02-19T22:32:43.896+0000 7f5b6d7fa640 1 -- 10.20.193.54:0/2798791528 <== mon.0 v2:10.20.193.54:3300/0 6 ==== mon_command_ack([{"prefix": "get_command_descriptions"}]=0 v0) ==== 72+0+195034 (secure 0 0 0) 0x7f5b5c07b070 con 0x7f5b7010a480
2026-02-19T22:32:44.009 INFO:teuthology.orchestra.run.trial054.stdout:/usr/bin/ceph: stderr
2026-02-19T22:32:43.979+0000 7f5b764fc640 1 -- 10.20.193.54:0/2798791528 --> [v2:10.20.193.54:3300/0,v1:10.20.193.54:6789/0] -- mon_command([{prefix=config set, name=mgr/cephadm/container_init}] v 0) -- 0x7f5b701a3d40 con 0x7f5b7010a480
2026-02-19T22:32:44.009 INFO:teuthology.orchestra.run.trial054.stdout:/usr/bin/ceph: stderr
2026-02-19T22:32:43.981+0000 7f5b6d7fa640 1 -- 10.20.193.54:0/2798791528 <== mon.0 v2:10.20.193.54:3300/0 7 ==== mon_command_ack([{prefix=config set, name=mgr/cephadm/container_init}]=0 v7)=0 v7) ==== 142+0+0 (secure 0 0 0) 0x7f5b5c04be00 con 0x7f5b7010a480
2026-02-19T22:32:44.009 INFO:teuthology.orchestra.run.trial054.stdout:/usr/bin/ceph: stderr
2026-02-19T22:32:43.983+0000 7f5b764fc640 1 -- 10.20.193.54:0/2798791528 >> [v2:10.20.193.54:6800/700248309,v1:10.20.193.54:6801/700248309] conn(0x7f5b4403dbf0 msgr2=0x7f5b440400b0 secure :-1 s=STATE_CONNECTION_ESTABLISHED l=1).mark_down
2026-02-19T22:32:44.009 INFO:teuthology.orchestra.run.trial054.stdout:/usr/bin/ceph: stderr
2026-02-19T22:32:43.983+0000 7f5b764fc640 1 --2- 10.20.193.54:0/2798791528 >> [v2:10.20.193.54:6800/700248309,v1:10.20.193.54:6801/700248309] conn(0x7f5b4403dbf0 0x7f5b440400b0 secure :-1 s=READY pgs=14 cs=0 l=1 rev1=1 crypto rx=0x7f5b600099c0 tx=0x7f5b60006eb0 comp rx=0 tx=0).stop
2026-02-19T22:32:44.009 INFO:teuthology.orchestra.run.trial054.stdout:/usr/bin/ceph: stderr
2026-02-19T22:32:43.983+0000 7f5b764fc640 1 -- 10.20.193.54:0/2798791528 >> [v2:10.20.193.54:3300/0,v1:10.20.193.54:6789/0] conn(0x7f5b7010a480 msgr2=0x7f5b701a0290 secure :-1 s=STATE_CONNECTION_ESTABLISHED l=1).mark_down
2026-02-19T22:32:44.009 INFO:teuthology.orchestra.run.trial054.stdout:/usr/bin/ceph: stderr
2026-02-19T22:32:43.983+0000 7f5b764fc640 1 --2- 10.20.193.54:0/2798791528 >> [v2:10.20.193.54:3300/0,v1:10.20.193.54:6789/0] conn(0x7f5b7010a480 0x7f5b701a0290 secure :-1 s=READY pgs=50 cs=0 l=1 rev1=1 crypto rx=0x7f5b5c037820 tx=0x7f5b5c037850 comp rx=0 tx=0).stop
2026-02-19T22:32:44.009 INFO:teuthology.orchestra.run.trial054.stdout:/usr/bin/ceph: stderr
2026-02-19T22:32:43.983+0000 7f5b764fc640 1 -- 10.20.193.54:0/2798791528 shutdown_connections
2026-02-19T22:32:44.009 INFO:teuthology.orchestra.run.trial054.stdout:/usr/bin/ceph: stderr
2026-02-19T22:32:43.983+0000 7f5b764fc640 1 --2- 10.20.193.54:0/2798791528 >> [v2:10.20.193.54:6800/700248309,v1:10.20.193.54:6801/700248309] conn(0x7f5b4403dbf0 0x7f5b440400b0 unknown :-1 s=CLOSED pgs=14 cs=0 l=1 rev1=1 crypto rx=0 tx=0 comp rx=0 tx=0).stop
2026-02-19T22:32:44.009 INFO:teuthology.orchestra.run.trial054.stdout:/usr/bin/ceph: stderr
2026-02-19T22:32:43.983+0000 7f5b764fc640 1 --2- 10.20.193.54:0/2798791528 >> [v2:10.20.193.54:3300/0,v1:10.20.193.54:6789/0] conn(0x7f5b7010a480 0x7f5b701a0290 unknown :-1 s=CLOSED pgs=50 cs=0 l=1 rev1=1 crypto rx=0 tx=0 comp rx=0 tx=0).stop
2026-02-19T22:32:44.009 INFO:teuthology.orchestra.run.trial054.stdout:/usr/bin/ceph: stderr
2026-02-19T22:32:43.983+0000 7f5b764fc640 1 -- 10.20.193.54:0/2798791528 >> 10.20.193.54:0/2798791528 conn(0x7f5b7007dbe0 msgr2=0x7f5b70107d80 unknown :-1 s=STATE_NONE l=0).mark_down
2026-02-19T22:32:44.009 INFO:teuthology.orchestra.run.trial054.stdout:/usr/bin/ceph: stderr
2026-02-19T22:32:43.983+0000 7f5b764fc640 1 -- 10.20.193.54:0/2798791528 shutdown_connections
2026-02-19T22:32:44.009 INFO:teuthology.orchestra.run.trial054.stdout:/usr/bin/ceph: stderr
2026-02-19T22:32:43.983+0000 7f5b764fc640 1 -- 10.20.193.54:0/2798791528 wait complete.
2026-02-19T22:32:44.220 INFO:teuthology.orchestra.run.trial054.stdout:/usr/bin/ceph: stderr
2026-02-19T22:32:44.105+0000 7f45de6f9640 1 Processor -- start
2026-02-19T22:32:44.220 INFO:teuthology.orchestra.run.trial054.stdout:/usr/bin/ceph: stderr
2026-02-19T22:32:44.105+0000 7f45de6f9640 1 -- start start
2026-02-19T22:32:44.220 INFO:teuthology.orchestra.run.trial054.stdout:/usr/bin/ceph: stderr
2026-02-19T22:32:44.105+0000 7f45de6f9640 1 --2- >> [v2:10.20.193.54:3300/0,v1:10.20.193.54:6789/0] conn(0x7f45d810a440 0x7f45d810a860 unknown :-1 s=NONE pgs=0 cs=0 l=0 rev1=0 crypto rx=0 tx=0 comp rx=0 tx=0).connect
2026-02-19T22:32:44.220 INFO:teuthology.orchestra.run.trial054.stdout:/usr/bin/ceph: stderr
2026-02-19T22:32:44.105+0000 7f45de6f9640 1 -- --> [v2:10.20.193.54:3300/0,v1:10.20.193.54:6789/0] -- mon_getmap magic: 0 -- 0x7f45d810ae30 con 0x7f45d810a440
2026-02-19T22:32:44.220 INFO:teuthology.orchestra.run.trial054.stdout:/usr/bin/ceph: stderr
2026-02-19T22:32:44.105+0000 7f45d7fff640 1 --2- >> [v2:10.20.193.54:3300/0,v1:10.20.193.54:6789/0] conn(0x7f45d810a440 0x7f45d810a860 unknown :-1 s=BANNER_CONNECTING pgs=0 cs=0 l=0 rev1=0 crypto rx=0 tx=0 comp rx=0 tx=0)._handle_peer_banner_payload supported=3 required=0
2026-02-19T22:32:44.220 INFO:teuthology.orchestra.run.trial054.stdout:/usr/bin/ceph: stderr
2026-02-19T22:32:44.105+0000 7f45d7fff640 1 --2- >> [v2:10.20.193.54:3300/0,v1:10.20.193.54:6789/0] conn(0x7f45d810a440 0x7f45d810a860 unknown :-1 s=HELLO_CONNECTING pgs=0 cs=0 l=0 rev1=1 crypto rx=0 tx=0 comp rx=0 tx=0).handle_hello peer v2:10.20.193.54:3300/0 says I am v2:10.20.193.54:45810/0 (socket says 10.20.193.54:45810)
2026-02-19T22:32:44.220 INFO:teuthology.orchestra.run.trial054.stdout:/usr/bin/ceph: stderr
2026-02-19T22:32:44.105+0000 7f45d7fff640 1 -- 10.20.193.54:0/1637697655 learned_addr learned my addr 10.20.193.54:0/1637697655 (peer_addr_for_me v2:10.20.193.54:0/0)
2026-02-19T22:32:44.220 INFO:teuthology.orchestra.run.trial054.stdout:/usr/bin/ceph: stderr
2026-02-19T22:32:44.105+0000 7f45d7fff640 1 -- 10.20.193.54:0/1637697655 --> [v2:10.20.193.54:3300/0,v1:10.20.193.54:6789/0] -- mon_subscribe({config=0+,monmap=0+}) -- 0x7f45d810b5e0 con 0x7f45d810a440
2026-02-19T22:32:44.221 INFO:teuthology.orchestra.run.trial054.stdout:/usr/bin/ceph: stderr
2026-02-19T22:32:44.106+0000 7f45d7fff640 1 --2- 10.20.193.54:0/1637697655 >> [v2:10.20.193.54:3300/0,v1:10.20.193.54:6789/0] conn(0x7f45d810a440 0x7f45d810a860 secure :-1 s=READY pgs=51 cs=0 l=1 rev1=1 crypto rx=0x7f45c4009920 tx=0x7f45c402ef20 comp rx=0 tx=0).ready entity=mon.0 client_cookie=85c5175a05ee22c6 server_cookie=0 in_seq=0 out_seq=0
2026-02-19T22:32:44.221 INFO:teuthology.orchestra.run.trial054.stdout:/usr/bin/ceph: stderr
2026-02-19T22:32:44.106+0000 7f45d6ffd640 1 -- 10.20.193.54:0/1637697655 <== mon.0 v2:10.20.193.54:3300/0 1 ==== mon_map magic: 0 ==== 205+0+0 (secure 0 0 0) 0x7f45c403c070 con 0x7f45d810a440
2026-02-19T22:32:44.221 INFO:teuthology.orchestra.run.trial054.stdout:/usr/bin/ceph: stderr
2026-02-19T22:32:44.106+0000 7f45d6ffd640 1 -- 10.20.193.54:0/1637697655 <== mon.0 v2:10.20.193.54:3300/0 2 ==== config(25 keys) ==== 1038+0+0 (secure 0 0 0) 0x7f45c4037440 con 0x7f45d810a440
2026-02-19T22:32:44.221 INFO:teuthology.orchestra.run.trial054.stdout:/usr/bin/ceph: stderr
2026-02-19T22:32:44.106+0000 7f45d6ffd640 1 -- 10.20.193.54:0/1637697655 <== mon.0 v2:10.20.193.54:3300/0 3 ==== mon_map magic: 0 ==== 205+0+0 (secure 0 0 0) 0x7f45c40354d0 con 0x7f45d810a440
2026-02-19T22:32:44.221 INFO:teuthology.orchestra.run.trial054.stdout:/usr/bin/ceph: stderr
2026-02-19T22:32:44.106+0000 7f45de6f9640 1 -- 10.20.193.54:0/1637697655 >> [v2:10.20.193.54:3300/0,v1:10.20.193.54:6789/0] conn(0x7f45d810a440 msgr2=0x7f45d810a860 secure :-1 s=STATE_CONNECTION_ESTABLISHED l=1).mark_down
2026-02-19T22:32:44.221 INFO:teuthology.orchestra.run.trial054.stdout:/usr/bin/ceph: stderr
2026-02-19T22:32:44.106+0000 7f45de6f9640 1 --2- 10.20.193.54:0/1637697655 >> [v2:10.20.193.54:3300/0,v1:10.20.193.54:6789/0] conn(0x7f45d810a440 0x7f45d810a860 secure :-1 s=READY pgs=51 cs=0 l=1 rev1=1 crypto rx=0x7f45c4009920 tx=0x7f45c402ef20 comp rx=0 tx=0).stop
2026-02-19T22:32:44.221 INFO:teuthology.orchestra.run.trial054.stdout:/usr/bin/ceph: stderr
2026-02-19T22:32:44.106+0000 7f45de6f9640 1 -- 10.20.193.54:0/1637697655 shutdown_connections
2026-02-19T22:32:44.221 INFO:teuthology.orchestra.run.trial054.stdout:/usr/bin/ceph: stderr
2026-02-19T22:32:44.106+0000 7f45de6f9640 1 --2- 10.20.193.54:0/1637697655 >> [v2:10.20.193.54:3300/0,v1:10.20.193.54:6789/0] conn(0x7f45d810a440 0x7f45d810a860 unknown :-1 s=CLOSED pgs=51 cs=0 l=1 rev1=1 crypto rx=0 tx=0 comp rx=0 tx=0).stop
2026-02-19T22:32:44.221 INFO:teuthology.orchestra.run.trial054.stdout:/usr/bin/ceph: stderr
2026-02-19T22:32:44.106+0000 7f45de6f9640 1 -- 10.20.193.54:0/1637697655 >> 10.20.193.54:0/1637697655 conn(0x7f45d807dbe0 msgr2=0x7f45d8108680 unknown :-1 s=STATE_NONE l=0).mark_down
2026-02-19T22:32:44.221 INFO:teuthology.orchestra.run.trial054.stdout:/usr/bin/ceph: stderr
2026-02-19T22:32:44.106+0000 7f45de6f9640 1 -- 10.20.193.54:0/1637697655 shutdown_connections
2026-02-19T22:32:44.221 INFO:teuthology.orchestra.run.trial054.stdout:/usr/bin/ceph: stderr
2026-02-19T22:32:44.106+0000 7f45de6f9640 1 -- 10.20.193.54:0/1637697655 wait complete.
2026-02-19T22:32:44.221 INFO:teuthology.orchestra.run.trial054.stdout:/usr/bin/ceph: stderr
2026-02-19T22:32:44.106+0000 7f45de6f9640 1 Processor -- start
2026-02-19T22:32:44.221 INFO:teuthology.orchestra.run.trial054.stdout:/usr/bin/ceph: stderr
2026-02-19T22:32:44.106+0000 7f45de6f9640 1 -- start start
2026-02-19T22:32:44.221 INFO:teuthology.orchestra.run.trial054.stdout:/usr/bin/ceph: stderr
2026-02-19T22:32:44.106+0000 7f45de6f9640 1 --2- >> [v2:10.20.193.54:3300/0,v1:10.20.193.54:6789/0] conn(0x7f45d810a440 0x7f45d81a0220 unknown :-1 s=NONE pgs=0 cs=0 l=1 rev1=0 crypto rx=0 tx=0 comp rx=0 tx=0).connect
2026-02-19T22:32:44.221 INFO:teuthology.orchestra.run.trial054.stdout:/usr/bin/ceph: stderr
2026-02-19T22:32:44.106+0000 7f45de6f9640 1 -- --> [v2:10.20.193.54:3300/0,v1:10.20.193.54:6789/0] -- mon_getmap magic: 0 -- 0x7f45d810e810 con 0x7f45d810a440
2026-02-19T22:32:44.221 INFO:teuthology.orchestra.run.trial054.stdout:/usr/bin/ceph: stderr
2026-02-19T22:32:44.107+0000 7f45d7fff640 1 --2- >> [v2:10.20.193.54:3300/0,v1:10.20.193.54:6789/0] conn(0x7f45d810a440 0x7f45d81a0220 unknown :-1 s=BANNER_CONNECTING pgs=0 cs=0 l=1 rev1=0 crypto rx=0 tx=0 comp rx=0 tx=0)._handle_peer_banner_payload supported=3 required=0
2026-02-19T22:32:44.221 INFO:teuthology.orchestra.run.trial054.stdout:/usr/bin/ceph: stderr
2026-02-19T22:32:44.107+0000 7f45d7fff640 1 --2- >> [v2:10.20.193.54:3300/0,v1:10.20.193.54:6789/0] conn(0x7f45d810a440 0x7f45d81a0220 unknown :-1 s=HELLO_CONNECTING pgs=0 cs=0 l=1 rev1=1 crypto rx=0 tx=0 comp rx=0 tx=0).handle_hello peer v2:10.20.193.54:3300/0 says I am v2:10.20.193.54:45820/0 (socket says 10.20.193.54:45820)
2026-02-19T22:32:44.221 INFO:teuthology.orchestra.run.trial054.stdout:/usr/bin/ceph: stderr
2026-02-19T22:32:44.107+0000 7f45d7fff640 1 -- 10.20.193.54:0/2142135140 learned_addr learned my addr 10.20.193.54:0/2142135140 (peer_addr_for_me v2:10.20.193.54:0/0)
2026-02-19T22:32:44.221 INFO:teuthology.orchestra.run.trial054.stdout:/usr/bin/ceph: stderr
2026-02-19T22:32:44.107+0000 7f45d7fff640 1 -- 10.20.193.54:0/2142135140 --> [v2:10.20.193.54:3300/0,v1:10.20.193.54:6789/0] -- mon_subscribe({config=0+,monmap=0+}) -- 0x7f45d81a0760 con 0x7f45d810a440
2026-02-19T22:32:44.221 INFO:teuthology.orchestra.run.trial054.stdout:/usr/bin/ceph: stderr
2026-02-19T22:32:44.107+0000 7f45d7fff640 1 --2- 10.20.193.54:0/2142135140 >> [v2:10.20.193.54:3300/0,v1:10.20.193.54:6789/0] conn(0x7f45d810a440 0x7f45d81a0220 secure :-1 s=READY pgs=52 cs=0 l=1 rev1=1 crypto rx=0x7f45c4037800 tx=0x7f45c4037830 comp rx=0 tx=0).ready entity=mon.0 client_cookie=0 server_cookie=0 in_seq=0 out_seq=0
2026-02-19T22:32:44.221 INFO:teuthology.orchestra.run.trial054.stdout:/usr/bin/ceph: stderr
2026-02-19T22:32:44.107+0000 7f45d57fa640 1 -- 10.20.193.54:0/2142135140 <== mon.0 v2:10.20.193.54:3300/0 1 ==== mon_map magic: 0 ==== 205+0+0 (secure 0 0 0) 0x7f45c4047070 con 0x7f45d810a440
2026-02-19T22:32:44.221 INFO:teuthology.orchestra.run.trial054.stdout:/usr/bin/ceph: stderr
2026-02-19T22:32:44.107+0000 7f45d57fa640 1 -- 10.20.193.54:0/2142135140 <== mon.0 v2:10.20.193.54:3300/0 2 ==== config(25 keys) ==== 1038+0+0 (secure 0 0 0) 0x7f45c4035e50 con 0x7f45d810a440
2026-02-19T22:32:44.221 INFO:teuthology.orchestra.run.trial054.stdout:/usr/bin/ceph: stderr
2026-02-19T22:32:44.107+0000 7f45d57fa640 1 -- 10.20.193.54:0/2142135140 <== mon.0 v2:10.20.193.54:3300/0 3 ==== mon_map magic: 0 ==== 205+0+0 (secure 0 0 0) 0x7f45c403c070 con 0x7f45d810a440
2026-02-19T22:32:44.221 INFO:teuthology.orchestra.run.trial054.stdout:/usr/bin/ceph: stderr
2026-02-19T22:32:44.107+0000 7f45de6f9640 1 -- 10.20.193.54:0/2142135140 --> [v2:10.20.193.54:3300/0,v1:10.20.193.54:6789/0] -- mon_subscribe({mgrmap=0+}) -- 0x7f45d81a09f0 con 0x7f45d810a440
2026-02-19T22:32:44.221 INFO:teuthology.orchestra.run.trial054.stdout:/usr/bin/ceph: stderr
2026-02-19T22:32:44.107+0000 7f45de6f9640 1 -- 10.20.193.54:0/2142135140 --> [v2:10.20.193.54:3300/0,v1:10.20.193.54:6789/0] -- mon_subscribe({osdmap=0}) -- 0x7f45d81a36e0 con 0x7f45d810a440
2026-02-19T22:32:44.221 INFO:teuthology.orchestra.run.trial054.stdout:/usr/bin/ceph: stderr
2026-02-19T22:32:44.107+0000 7f45de6f9640 1 -- 10.20.193.54:0/2142135140 --> [v2:10.20.193.54:3300/0,v1:10.20.193.54:6789/0] -- mon_command({"prefix": "get_command_descriptions"} v 0) -- 0x7f45d810a8e0 con 0x7f45d810a440
2026-02-19T22:32:44.221 INFO:teuthology.orchestra.run.trial054.stdout:/usr/bin/ceph: stderr
2026-02-19T22:32:44.107+0000 7f45d57fa640 1 -- 10.20.193.54:0/2142135140 <== mon.0 v2:10.20.193.54:3300/0 4 ==== mgrmap(e 8) ==== 50247+0+0 (secure 0 0 0) 0x7f45c40425d0 con 0x7f45d810a440
2026-02-19T22:32:44.221 INFO:teuthology.orchestra.run.trial054.stdout:/usr/bin/ceph: stderr
2026-02-19T22:32:44.108+0000 7f45d57fa640 1 --2- 10.20.193.54:0/2142135140 >> [v2:10.20.193.54:6800/700248309,v1:10.20.193.54:6801/700248309] conn(0x7f45ac03dbf0 0x7f45ac0400b0 unknown :-1 s=NONE pgs=0 cs=0 l=1 rev1=0 crypto rx=0 tx=0 comp rx=0 tx=0).connect
2026-02-19T22:32:44.221 INFO:teuthology.orchestra.run.trial054.stdout:/usr/bin/ceph: stderr
2026-02-19T22:32:44.108+0000 7f45d57fa640 1 -- 10.20.193.54:0/2142135140 <== mon.0 v2:10.20.193.54:3300/0 5 ==== osd_map(2..2 src has 1..2) ==== 940+0+0 (secure 0 0 0) 0x7f45c40769c0 con 0x7f45d810a440
2026-02-19T22:32:44.221 INFO:teuthology.orchestra.run.trial054.stdout:/usr/bin/ceph: stderr
2026-02-19T22:32:44.108+0000 7f45d77fe640 1 --2- 10.20.193.54:0/2142135140 >> [v2:10.20.193.54:6800/700248309,v1:10.20.193.54:6801/700248309] conn(0x7f45ac03dbf0 0x7f45ac0400b0 unknown :-1 s=BANNER_CONNECTING pgs=0 cs=0 l=1 rev1=0 crypto rx=0 tx=0 comp rx=0 tx=0)._handle_peer_banner_payload supported=3 required=0
2026-02-19T22:32:44.221 INFO:teuthology.orchestra.run.trial054.stdout:/usr/bin/ceph: stderr
2026-02-19T22:32:44.108+0000 7f45d77fe640 1 --2- 10.20.193.54:0/2142135140 >> [v2:10.20.193.54:6800/700248309,v1:10.20.193.54:6801/700248309] conn(0x7f45ac03dbf0 0x7f45ac0400b0 secure :-1 s=READY pgs=15 cs=0 l=1 rev1=1 crypto rx=0x7f45c80099c0 tx=0x7f45c8006eb0 comp rx=0 tx=0).ready entity=mgr.14118 client_cookie=0 server_cookie=0 in_seq=0 out_seq=0
2026-02-19T22:32:44.221 INFO:teuthology.orchestra.run.trial054.stdout:/usr/bin/ceph: stderr
2026-02-19T22:32:44.110+0000 7f45d57fa640 1 -- 10.20.193.54:0/2142135140 <== mon.0 v2:10.20.193.54:3300/0 6 ==== mon_command_ack([{"prefix": "get_command_descriptions"}]=0 v0) ==== 72+0+195034 (secure 0 0 0) 0x7f45c404a360 con 0x7f45d810a440
2026-02-19T22:32:44.221 INFO:teuthology.orchestra.run.trial054.stdout:/usr/bin/ceph: stderr
2026-02-19T22:32:44.193+0000 7f45de6f9640 1 -- 10.20.193.54:0/2142135140 --> [v2:10.20.193.54:3300/0,v1:10.20.193.54:6789/0] -- mon_command([{prefix=config set, name=mgr/dashboard/ssl_server_port}] v 0) -- 0x7f45d81a3d40 con 0x7f45d810a440
2026-02-19T22:32:44.221 INFO:teuthology.orchestra.run.trial054.stdout:/usr/bin/ceph: stderr
2026-02-19T22:32:44.195+0000 7f45d57fa640 1 -- 10.20.193.54:0/2142135140 <== mon.0 v2:10.20.193.54:3300/0 7 ==== mon_command_ack([{prefix=config set, name=mgr/dashboard/ssl_server_port}]=0 v8)=0 v8) ==== 130+0+0 (secure 0 0 0) 0x7f45c404f120 con 0x7f45d810a440
2026-02-19T22:32:44.222 INFO:teuthology.orchestra.run.trial054.stdout:/usr/bin/ceph: stderr
2026-02-19T22:32:44.197+0000 7f45de6f9640 1 -- 10.20.193.54:0/2142135140 >> [v2:10.20.193.54:6800/700248309,v1:10.20.193.54:6801/700248309] conn(0x7f45ac03dbf0 msgr2=0x7f45ac0400b0 secure :-1 s=STATE_CONNECTION_ESTABLISHED l=1).mark_down
2026-02-19T22:32:44.222 INFO:teuthology.orchestra.run.trial054.stdout:/usr/bin/ceph: stderr
2026-02-19T22:32:44.197+0000 7f45de6f9640 1 --2- 10.20.193.54:0/2142135140 >> [v2:10.20.193.54:6800/700248309,v1:10.20.193.54:6801/700248309] conn(0x7f45ac03dbf0 0x7f45ac0400b0 secure :-1 s=READY pgs=15 cs=0 l=1 rev1=1 crypto rx=0x7f45c80099c0 tx=0x7f45c8006eb0 comp rx=0 tx=0).stop
2026-02-19T22:32:44.222 INFO:teuthology.orchestra.run.trial054.stdout:/usr/bin/ceph: stderr
2026-02-19T22:32:44.197+0000 7f45de6f9640 1 -- 10.20.193.54:0/2142135140 >> [v2:10.20.193.54:3300/0,v1:10.20.193.54:6789/0] conn(0x7f45d810a440 msgr2=0x7f45d81a0220 secure :-1 s=STATE_CONNECTION_ESTABLISHED l=1).mark_down
2026-02-19T22:32:44.222 INFO:teuthology.orchestra.run.trial054.stdout:/usr/bin/ceph: stderr
2026-02-19T22:32:44.197+0000 7f45de6f9640 1 --2- 10.20.193.54:0/2142135140 >> [v2:10.20.193.54:3300/0,v1:10.20.193.54:6789/0] conn(0x7f45d810a440 0x7f45d81a0220 secure :-1 s=READY pgs=52 cs=0 l=1 rev1=1 crypto rx=0x7f45c4037800 tx=0x7f45c4037830 comp rx=0 tx=0).stop
2026-02-19T22:32:44.222 INFO:teuthology.orchestra.run.trial054.stdout:/usr/bin/ceph: stderr
2026-02-19T22:32:44.197+0000 7f45de6f9640 1 -- 10.20.193.54:0/2142135140 shutdown_connections
2026-02-19T22:32:44.222 INFO:teuthology.orchestra.run.trial054.stdout:/usr/bin/ceph: stderr
2026-02-19T22:32:44.197+0000 7f45de6f9640 1 --2- 10.20.193.54:0/2142135140 >> [v2:10.20.193.54:6800/700248309,v1:10.20.193.54:6801/700248309] conn(0x7f45ac03dbf0 0x7f45ac0400b0 unknown :-1 s=CLOSED pgs=15 cs=0 l=1 rev1=1 crypto rx=0 tx=0 comp rx=0 tx=0).stop
2026-02-19T22:32:44.222 INFO:teuthology.orchestra.run.trial054.stdout:/usr/bin/ceph: stderr
2026-02-19T22:32:44.197+0000 7f45de6f9640 1 --2- 10.20.193.54:0/2142135140 >> [v2:10.20.193.54:3300/0,v1:10.20.193.54:6789/0] conn(0x7f45d810a440 0x7f45d81a0220 unknown :-1 s=CLOSED pgs=52 cs=0 l=1 rev1=1 crypto rx=0 tx=0 comp rx=0 tx=0).stop
2026-02-19T22:32:44.222 INFO:teuthology.orchestra.run.trial054.stdout:/usr/bin/ceph: stderr
2026-02-19T22:32:44.197+0000 7f45de6f9640 1 -- 10.20.193.54:0/2142135140 >> 10.20.193.54:0/2142135140 conn(0x7f45d807dbe0 msgr2=0x7f45d8107e50 unknown :-1 s=STATE_NONE l=0).mark_down
2026-02-19T22:32:44.222 INFO:teuthology.orchestra.run.trial054.stdout:/usr/bin/ceph: stderr
2026-02-19T22:32:44.197+0000 7f45de6f9640 1 -- 10.20.193.54:0/2142135140 shutdown_connections
2026-02-19T22:32:44.222 INFO:teuthology.orchestra.run.trial054.stdout:/usr/bin/ceph: stderr
2026-02-19T22:32:44.197+0000 7f45de6f9640 1 -- 10.20.193.54:0/2142135140 wait complete.
2026-02-19T22:32:44.222 INFO:teuthology.orchestra.run.trial054.stdout:Enabling the dashboard module...
2026-02-19T22:32:44.777 INFO:journalctl@ceph.mon.a.trial054.stdout:Feb 19 22:32:44 trial054 ceph-mon[40851]: Added host trial054
2026-02-19T22:32:44.777 INFO:journalctl@ceph.mon.a.trial054.stdout:Feb 19 22:32:44 trial054 ceph-mon[40851]: from='client.14140 -' entity='client.admin' cmd=[{"prefix": "orch apply", "service_type": "mon", "unmanaged": true, "target": ["mon-mgr", ""]}]: dispatch
2026-02-19T22:32:44.777 INFO:journalctl@ceph.mon.a.trial054.stdout:Feb 19 22:32:44 trial054 ceph-mon[40851]: Saving service mon spec with placement count:5
2026-02-19T22:32:44.777 INFO:journalctl@ceph.mon.a.trial054.stdout:Feb 19 22:32:44 trial054 ceph-mon[40851]: from='mgr.14118 10.20.193.54:0/1419516596' entity='mgr.x'
2026-02-19T22:32:44.778 INFO:journalctl@ceph.mon.a.trial054.stdout:Feb 19 22:32:44 trial054 ceph-mon[40851]: from='mgr.14118 10.20.193.54:0/1419516596' entity='mgr.x'
2026-02-19T22:32:44.778 INFO:journalctl@ceph.mon.a.trial054.stdout:Feb 19 22:32:44 trial054 ceph-mon[40851]: from='client.? 10.20.193.54:0/2798791528' entity='client.admin'
2026-02-19T22:32:44.778 INFO:journalctl@ceph.mon.a.trial054.stdout:Feb 19 22:32:44 trial054 ceph-mon[40851]: from='mgr.14118 10.20.193.54:0/1419516596' entity='mgr.x'
2026-02-19T22:32:44.778 INFO:journalctl@ceph.mon.a.trial054.stdout:Feb 19 22:32:44 trial054 ceph-mon[40851]: from='client.? 10.20.193.54:0/2142135140' entity='client.admin'
2026-02-19T22:32:44.778 INFO:journalctl@ceph.mon.a.trial054.stdout:Feb 19 22:32:44 trial054 ceph-mon[40851]: from='mgr.14118 10.20.193.54:0/1419516596' entity='mgr.x'
2026-02-19T22:32:45.441 INFO:teuthology.orchestra.run.trial054.stdout:/usr/bin/ceph: stderr
2026-02-19T22:32:44.318+0000 7fdb1f71d640 1 Processor -- start
2026-02-19T22:32:45.441 INFO:teuthology.orchestra.run.trial054.stdout:/usr/bin/ceph: stderr
2026-02-19T22:32:44.318+0000 7fdb1f71d640 1 -- start start
2026-02-19T22:32:45.441 INFO:teuthology.orchestra.run.trial054.stdout:/usr/bin/ceph: stderr
2026-02-19T22:32:44.318+0000 7fdb1f71d640 1 --2- >> [v2:10.20.193.54:3300/0,v1:10.20.193.54:6789/0] conn(0x7fdb1807bd30 0x7fdb1810acd0 unknown :-1 s=NONE pgs=0 cs=0 l=0 rev1=0 crypto rx=0 tx=0 comp rx=0 tx=0).connect
2026-02-19T22:32:45.441 INFO:teuthology.orchestra.run.trial054.stdout:/usr/bin/ceph: stderr
2026-02-19T22:32:44.318+0000 7fdb1f71d640 1 -- --> [v2:10.20.193.54:3300/0,v1:10.20.193.54:6789/0] -- mon_getmap magic: 0 -- 0x7fdb1810b2a0 con 0x7fdb1807bd30
2026-02-19T22:32:45.441 INFO:teuthology.orchestra.run.trial054.stdout:/usr/bin/ceph: stderr
2026-02-19T22:32:44.319+0000 7fdb1d492640 1 --2- >> [v2:10.20.193.54:3300/0,v1:10.20.193.54:6789/0] conn(0x7fdb1807bd30 0x7fdb1810acd0 unknown :-1 s=BANNER_CONNECTING pgs=0 cs=0 l=0 rev1=0 crypto rx=0 tx=0 comp rx=0 tx=0)._handle_peer_banner_payload supported=3 required=0
2026-02-19T22:32:45.441 INFO:teuthology.orchestra.run.trial054.stdout:/usr/bin/ceph: stderr
2026-02-19T22:32:44.319+0000 7fdb1d492640 1 --2- >> [v2:10.20.193.54:3300/0,v1:10.20.193.54:6789/0] conn(0x7fdb1807bd30 0x7fdb1810acd0 unknown :-1 s=HELLO_CONNECTING pgs=0 cs=0 l=0 rev1=1 crypto rx=0 tx=0 comp rx=0 tx=0).handle_hello peer v2:10.20.193.54:3300/0 says I am v2:10.20.193.54:45824/0 (socket says 10.20.193.54:45824)
2026-02-19T22:32:45.441 INFO:teuthology.orchestra.run.trial054.stdout:/usr/bin/ceph: stderr
2026-02-19T22:32:44.319+0000 7fdb1d492640 1 -- 10.20.193.54:0/1448203006 learned_addr learned my addr 10.20.193.54:0/1448203006 (peer_addr_for_me v2:10.20.193.54:0/0)
2026-02-19T22:32:45.441 INFO:teuthology.orchestra.run.trial054.stdout:/usr/bin/ceph: stderr
2026-02-19T22:32:44.319+0000 7fdb1d492640 1 -- 10.20.193.54:0/1448203006 --> [v2:10.20.193.54:3300/0,v1:10.20.193.54:6789/0] -- mon_subscribe({config=0+,monmap=0+}) -- 0x7fdb1810b420 con 0x7fdb1807bd30
2026-02-19T22:32:45.441 INFO:teuthology.orchestra.run.trial054.stdout:/usr/bin/ceph: stderr
2026-02-19T22:32:44.319+0000 7fdb1d492640 1 --2- 10.20.193.54:0/1448203006 >> [v2:10.20.193.54:3300/0,v1:10.20.193.54:6789/0] conn(0x7fdb1807bd30 0x7fdb1810acd0 secure :-1 s=READY pgs=53 cs=0 l=1 rev1=1 crypto rx=0x7fdb08009920 tx=0x7fdb0802ef20 comp rx=0 tx=0).ready entity=mon.0 client_cookie=7fd47ed2b0546d5c server_cookie=0 in_seq=0 out_seq=0
2026-02-19T22:32:45.441 INFO:teuthology.orchestra.run.trial054.stdout:/usr/bin/ceph: stderr
2026-02-19T22:32:44.319+0000 7fdb07fff640 1 -- 10.20.193.54:0/1448203006 <== mon.0 v2:10.20.193.54:3300/0 1 ==== mon_map magic: 0 ==== 205+0+0 (secure 0 0 0) 0x7fdb0803c070 con 0x7fdb1807bd30
2026-02-19T22:32:45.442 INFO:teuthology.orchestra.run.trial054.stdout:/usr/bin/ceph: stderr
2026-02-19T22:32:44.319+0000 7fdb07fff640 1 -- 10.20.193.54:0/1448203006 <== mon.0 v2:10.20.193.54:3300/0 2 ==== config(25 keys) ==== 1038+0+0 (secure 0 0 0) 0x7fdb08037440 con 0x7fdb1807bd30
2026-02-19T22:32:45.442 INFO:teuthology.orchestra.run.trial054.stdout:/usr/bin/ceph: stderr
2026-02-19T22:32:44.319+0000 7fdb07fff640 1 -- 10.20.193.54:0/1448203006 <== mon.0 v2:10.20.193.54:3300/0 3 ==== mon_map magic: 0 ==== 205+0+0 (secure 0 0 0) 0x7fdb080354d0 con 0x7fdb1807bd30
2026-02-19T22:32:45.442 INFO:teuthology.orchestra.run.trial054.stdout:/usr/bin/ceph: stderr
2026-02-19T22:32:44.320+0000 7fdb1f71d640 1 -- 10.20.193.54:0/1448203006 >> [v2:10.20.193.54:3300/0,v1:10.20.193.54:6789/0] conn(0x7fdb1807bd30 msgr2=0x7fdb1810acd0 secure :-1 s=STATE_CONNECTION_ESTABLISHED l=1).mark_down
2026-02-19T22:32:45.442 INFO:teuthology.orchestra.run.trial054.stdout:/usr/bin/ceph: stderr
2026-02-19T22:32:44.320+0000 7fdb1f71d640 1 --2- 10.20.193.54:0/1448203006 >> [v2:10.20.193.54:3300/0,v1:10.20.193.54:6789/0] conn(0x7fdb1807bd30 0x7fdb1810acd0 secure :-1 s=READY pgs=53 cs=0 l=1 rev1=1 crypto rx=0x7fdb08009920 tx=0x7fdb0802ef20 comp rx=0 tx=0).stop
2026-02-19T22:32:45.442 INFO:teuthology.orchestra.run.trial054.stdout:/usr/bin/ceph: stderr
2026-02-19T22:32:44.320+0000 7fdb1f71d640 1 -- 10.20.193.54:0/1448203006 shutdown_connections
2026-02-19T22:32:45.442 INFO:teuthology.orchestra.run.trial054.stdout:/usr/bin/ceph: stderr
2026-02-19T22:32:44.320+0000 7fdb1f71d640 1 --2- 10.20.193.54:0/1448203006 >> [v2:10.20.193.54:3300/0,v1:10.20.193.54:6789/0] conn(0x7fdb1807bd30 0x7fdb1810acd0 unknown :-1 s=CLOSED pgs=53 cs=0 l=1 rev1=1 crypto rx=0 tx=0 comp rx=0 tx=0).stop
2026-02-19T22:32:45.442 INFO:teuthology.orchestra.run.trial054.stdout:/usr/bin/ceph: stderr
2026-02-19T22:32:44.320+0000 7fdb1f71d640 1 -- 10.20.193.54:0/1448203006 >> 10.20.193.54:0/1448203006 conn(0x7fdb18102740 msgr2=0x7fdb18104bc0 unknown :-1 s=STATE_NONE l=0).mark_down
2026-02-19T22:32:45.442 INFO:teuthology.orchestra.run.trial054.stdout:/usr/bin/ceph: stderr
2026-02-19T22:32:44.320+0000 7fdb1f71d640 1 -- 10.20.193.54:0/1448203006 shutdown_connections
2026-02-19T22:32:45.442 INFO:teuthology.orchestra.run.trial054.stdout:/usr/bin/ceph: stderr
2026-02-19T22:32:44.320+0000 7fdb1f71d640 1 -- 10.20.193.54:0/1448203006 wait complete.
2026-02-19T22:32:45.442 INFO:teuthology.orchestra.run.trial054.stdout:/usr/bin/ceph: stderr
2026-02-19T22:32:44.320+0000 7fdb1f71d640 1 Processor -- start
2026-02-19T22:32:45.442 INFO:teuthology.orchestra.run.trial054.stdout:/usr/bin/ceph: stderr
2026-02-19T22:32:44.320+0000 7fdb1f71d640 1 -- start start
2026-02-19T22:32:45.442 INFO:teuthology.orchestra.run.trial054.stdout:/usr/bin/ceph: stderr
2026-02-19T22:32:44.320+0000 7fdb1f71d640 1 --2- >> [v2:10.20.193.54:3300/0,v1:10.20.193.54:6789/0] conn(0x7fdb1807bd30 0x7fdb1819dfa0 unknown :-1 s=NONE pgs=0 cs=0 l=1 rev1=0 crypto rx=0 tx=0 comp rx=0 tx=0).connect
2026-02-19T22:32:45.442 INFO:teuthology.orchestra.run.trial054.stdout:/usr/bin/ceph: stderr
2026-02-19T22:32:44.320+0000 7fdb1f71d640 1 -- --> [v2:10.20.193.54:3300/0,v1:10.20.193.54:6789/0] -- mon_getmap magic: 0 -- 0x7fdb1810c3f0 con 0x7fdb1807bd30
2026-02-19T22:32:45.443 INFO:teuthology.orchestra.run.trial054.stdout:/usr/bin/ceph: stderr
2026-02-19T22:32:44.320+0000 7fdb1d492640 1 --2- >> [v2:10.20.193.54:3300/0,v1:10.20.193.54:6789/0] conn(0x7fdb1807bd30 0x7fdb1819dfa0 unknown :-1 s=BANNER_CONNECTING pgs=0 cs=0 l=1 rev1=0 crypto rx=0 tx=0 comp rx=0 tx=0)._handle_peer_banner_payload supported=3 required=0
2026-02-19T22:32:45.443 INFO:teuthology.orchestra.run.trial054.stdout:/usr/bin/ceph: stderr
2026-02-19T22:32:44.320+0000 7fdb1d492640 1 --2- >> [v2:10.20.193.54:3300/0,v1:10.20.193.54:6789/0] conn(0x7fdb1807bd30 0x7fdb1819dfa0 unknown :-1 s=HELLO_CONNECTING pgs=0 cs=0 l=1 rev1=1 crypto rx=0 tx=0 comp rx=0 tx=0).handle_hello peer v2:10.20.193.54:3300/0 says I am v2:10.20.193.54:45838/0 (socket says 10.20.193.54:45838)
2026-02-19T22:32:45.443 INFO:teuthology.orchestra.run.trial054.stdout:/usr/bin/ceph: stderr
2026-02-19T22:32:44.320+0000 7fdb1d492640 1 -- 10.20.193.54:0/947544939 learned_addr learned my addr 10.20.193.54:0/947544939 (peer_addr_for_me v2:10.20.193.54:0/0)
2026-02-19T22:32:45.443 INFO:teuthology.orchestra.run.trial054.stdout:/usr/bin/ceph: stderr
2026-02-19T22:32:44.321+0000 7fdb1d492640 1 -- 10.20.193.54:0/947544939 --> [v2:10.20.193.54:3300/0,v1:10.20.193.54:6789/0] -- mon_subscribe({config=0+,monmap=0+}) -- 0x7fdb1819e4e0 con 0x7fdb1807bd30
2026-02-19T22:32:45.443 INFO:teuthology.orchestra.run.trial054.stdout:/usr/bin/ceph: stderr
2026-02-19T22:32:44.321+0000 7fdb1d492640 1 --2- 10.20.193.54:0/947544939 >> [v2:10.20.193.54:3300/0,v1:10.20.193.54:6789/0] conn(0x7fdb1807bd30 0x7fdb1819dfa0 secure :-1 s=READY pgs=54 cs=0 l=1 rev1=1 crypto rx=0x7fdb08037850 tx=0x7fdb08037880 comp rx=0 tx=0).ready entity=mon.0 client_cookie=0 server_cookie=0 in_seq=0 out_seq=0
2026-02-19T22:32:45.443 INFO:teuthology.orchestra.run.trial054.stdout:/usr/bin/ceph: stderr
2026-02-19T22:32:44.321+0000 7fdb067fc640 1 -- 10.20.193.54:0/947544939 <== mon.0 v2:10.20.193.54:3300/0 1 ==== mon_map magic: 0 ==== 205+0+0 (secure 0 0 0) 0x7fdb0803c070 con 0x7fdb1807bd30
2026-02-19T22:32:45.443 INFO:teuthology.orchestra.run.trial054.stdout:/usr/bin/ceph: stderr
2026-02-19T22:32:44.321+0000 7fdb067fc640 1 -- 10.20.193.54:0/947544939 <== mon.0 v2:10.20.193.54:3300/0 2 ==== config(25 keys) ==== 1038+0+0 (secure 0 0 0) 0x7fdb08035d70 con 0x7fdb1807bd30
2026-02-19T22:32:45.443 INFO:teuthology.orchestra.run.trial054.stdout:/usr/bin/ceph: stderr
2026-02-19T22:32:44.321+0000 7fdb067fc640 1 -- 10.20.193.54:0/947544939 <== mon.0 v2:10.20.193.54:3300/0 3 ==== mon_map magic: 0 ==== 205+0+0 (secure 0 0 0) 0x7fdb08042d90 con 0x7fdb1807bd30
2026-02-19T22:32:45.443 INFO:teuthology.orchestra.run.trial054.stdout:/usr/bin/ceph: stderr
2026-02-19T22:32:44.321+0000 7fdb1f71d640 1 -- 10.20.193.54:0/947544939 --> [v2:10.20.193.54:3300/0,v1:10.20.193.54:6789/0] -- mon_subscribe({mgrmap=0+}) -- 0x7fdb1819e770 con 0x7fdb1807bd30
2026-02-19T22:32:45.443 INFO:teuthology.orchestra.run.trial054.stdout:/usr/bin/ceph: stderr
2026-02-19T22:32:44.321+0000 7fdb1f71d640 1 -- 10.20.193.54:0/947544939 --> [v2:10.20.193.54:3300/0,v1:10.20.193.54:6789/0] -- mon_subscribe({osdmap=0}) -- 0x7fdb181a1460 con 0x7fdb1807bd30
2026-02-19T22:32:45.443 INFO:teuthology.orchestra.run.trial054.stdout:/usr/bin/ceph: stderr
2026-02-19T22:32:44.321+0000 7fdb1f71d640 1 -- 10.20.193.54:0/947544939 --> [v2:10.20.193.54:3300/0,v1:10.20.193.54:6789/0] -- mon_command({"prefix": "get_command_descriptions"} v 0) -- 0x7fdb18108d40 con 0x7fdb1807bd30
2026-02-19T22:32:45.443 INFO:teuthology.orchestra.run.trial054.stdout:/usr/bin/ceph: stderr
2026-02-19T22:32:44.321+0000 7fdb067fc640 1 -- 10.20.193.54:0/947544939 <== mon.0 v2:10.20.193.54:3300/0 4 ==== mgrmap(e 8) ==== 50247+0+0 (secure 0 0 0) 0x7fdb080425b0 con 0x7fdb1807bd30
2026-02-19T22:32:45.443 INFO:teuthology.orchestra.run.trial054.stdout:/usr/bin/ceph: stderr
2026-02-19T22:32:44.323+0000 7fdb067fc640 1 --2- 10.20.193.54:0/947544939 >> [v2:10.20.193.54:6800/700248309,v1:10.20.193.54:6801/700248309] conn(0x7fdaf403dba0 0x7fdaf4040060 unknown :-1 s=NONE pgs=0 cs=0 l=1 rev1=0 crypto rx=0 tx=0 comp rx=0 tx=0).connect
2026-02-19T22:32:45.444 INFO:teuthology.orchestra.run.trial054.stdout:/usr/bin/ceph: stderr
2026-02-19T22:32:44.323+0000 7fdb067fc640 1 -- 10.20.193.54:0/947544939 <== mon.0 v2:10.20.193.54:3300/0 5 ==== osd_map(2..2 src has 1..2) ==== 940+0+0 (secure 0 0 0) 0x7fdb080766c0 con 0x7fdb1807bd30
2026-02-19T22:32:45.444 INFO:teuthology.orchestra.run.trial054.stdout:/usr/bin/ceph: stderr
2026-02-19T22:32:44.323+0000 7fdb1cc91640 1 --2- 10.20.193.54:0/947544939 >> [v2:10.20.193.54:6800/700248309,v1:10.20.193.54:6801/700248309] conn(0x7fdaf403dba0 0x7fdaf4040060 unknown :-1 s=BANNER_CONNECTING pgs=0 cs=0 l=1 rev1=0 crypto rx=0 tx=0 comp rx=0 tx=0)._handle_peer_banner_payload supported=3 required=0
2026-02-19T22:32:45.444 INFO:teuthology.orchestra.run.trial054.stdout:/usr/bin/ceph: stderr
2026-02-19T22:32:44.323+0000 7fdb1cc91640 1 --2- 10.20.193.54:0/947544939 >> [v2:10.20.193.54:6800/700248309,v1:10.20.193.54:6801/700248309] conn(0x7fdaf403dba0 0x7fdaf4040060 secure :-1 s=READY pgs=16 cs=0 l=1 rev1=1 crypto rx=0x7fdb0c0099c0 tx=0x7fdb0c006eb0 comp rx=0 tx=0).ready entity=mgr.14118 client_cookie=0 server_cookie=0 in_seq=0 out_seq=0
2026-02-19T22:32:45.444 INFO:teuthology.orchestra.run.trial054.stdout:/usr/bin/ceph: stderr
2026-02-19T22:32:44.324+0000 7fdb067fc640 1 -- 10.20.193.54:0/947544939 <== mon.0 v2:10.20.193.54:3300/0 6 ==== mon_command_ack([{"prefix": "get_command_descriptions"}]=0 v0) ==== 72+0+195034 (secure 0 0 0) 0x7fdb0803d270 con 0x7fdb1807bd30
2026-02-19T22:32:45.444 INFO:teuthology.orchestra.run.trial054.stdout:/usr/bin/ceph: stderr
2026-02-19T22:32:44.432+0000 7fdb1f71d640 1 -- 10.20.193.54:0/947544939 --> [v2:10.20.193.54:3300/0,v1:10.20.193.54:6789/0] -- mon_command({"prefix": "mgr module enable", "module": "dashboard"} v 0) -- 0x7fdb181a1630 con 0x7fdb1807bd30
2026-02-19T22:32:45.444 INFO:teuthology.orchestra.run.trial054.stdout:/usr/bin/ceph: stderr
2026-02-19T22:32:45.411+0000 7fdb067fc640 1 -- 10.20.193.54:0/947544939 <== mon.0 v2:10.20.193.54:3300/0 7 ==== mon_command_ack([{"prefix": "mgr module enable", "module": "dashboard"}]=0 v9) ==== 88+0+0 (secure 0 0 0) 0x7fdb08076420 con 0x7fdb1807bd30
2026-02-19T22:32:45.444 INFO:teuthology.orchestra.run.trial054.stdout:/usr/bin/ceph: stderr
2026-02-19T22:32:45.412+0000 7fdb067fc640 1 -- 10.20.193.54:0/947544939 <== mon.0 v2:10.20.193.54:3300/0 8 ==== mgrmap(e 9) ==== 50260+0+0 (secure 0 0 0) 0x7fdb08035900 con 0x7fdb1807bd30
2026-02-19T22:32:45.444 INFO:teuthology.orchestra.run.trial054.stdout:/usr/bin/ceph: stderr
2026-02-19T22:32:45.414+0000 7fdb1f71d640 1 -- 10.20.193.54:0/947544939 >> [v2:10.20.193.54:6800/700248309,v1:10.20.193.54:6801/700248309] conn(0x7fdaf403dba0 msgr2=0x7fdaf4040060 secure :-1 s=STATE_CONNECTION_ESTABLISHED l=1).mark_down
2026-02-19T22:32:45.444 INFO:teuthology.orchestra.run.trial054.stdout:/usr/bin/ceph: stderr
2026-02-19T22:32:45.414+0000 7fdb1f71d640 1 --2- 10.20.193.54:0/947544939 >> [v2:10.20.193.54:6800/700248309,v1:10.20.193.54:6801/700248309] conn(0x7fdaf403dba0 0x7fdaf4040060 secure :-1 s=READY pgs=16 cs=0 l=1 rev1=1 crypto rx=0x7fdb0c0099c0 tx=0x7fdb0c006eb0 comp rx=0 tx=0).stop
2026-02-19T22:32:45.444 INFO:teuthology.orchestra.run.trial054.stdout:/usr/bin/ceph: stderr
2026-02-19T22:32:45.414+0000 7fdb1f71d640 1 -- 10.20.193.54:0/947544939 >> [v2:10.20.193.54:3300/0,v1:10.20.193.54:6789/0] conn(0x7fdb1807bd30 msgr2=0x7fdb1819dfa0 secure :-1 s=STATE_CONNECTION_ESTABLISHED l=1).mark_down
2026-02-19T22:32:45.444 INFO:teuthology.orchestra.run.trial054.stdout:/usr/bin/ceph: stderr
2026-02-19T22:32:45.414+0000 7fdb1f71d640 1 --2- 10.20.193.54:0/947544939 >> [v2:10.20.193.54:3300/0,v1:10.20.193.54:6789/0] conn(0x7fdb1807bd30 0x7fdb1819dfa0 secure :-1 s=READY pgs=54 cs=0 l=1 rev1=1 crypto rx=0x7fdb08037850 tx=0x7fdb08037880 comp rx=0 tx=0).stop
2026-02-19T22:32:45.444 INFO:teuthology.orchestra.run.trial054.stdout:/usr/bin/ceph: stderr
2026-02-19T22:32:45.414+0000 7fdb1f71d640 1 -- 10.20.193.54:0/947544939 shutdown_connections
2026-02-19T22:32:45.444 INFO:teuthology.orchestra.run.trial054.stdout:/usr/bin/ceph: stderr
2026-02-19T22:32:45.414+0000 7fdb1f71d640 1 --2- 10.20.193.54:0/947544939 >> [v2:10.20.193.54:6800/700248309,v1:10.20.193.54:6801/700248309] conn(0x7fdaf403dba0 0x7fdaf4040060 unknown :-1 s=CLOSED pgs=16 cs=0 l=1 rev1=1 crypto rx=0 tx=0 comp rx=0 tx=0).stop
