2026-02-19T22:33:46.059 INFO:teuthology.orchestra.run.trial076.stdout:/usr/bin/ceph: stderr
2026-02-19T22:33:46.008+0000 7f30b59e4640 1 -- 10.20.193.76:0/3597840570 >> 10.20.193.76:0/3597840570 conn(0x7f30b007daf0 msgr2=0x7f30b01087c0 unknown :-1 s=STATE_NONE l=0).mark_down
2026-02-19T22:33:46.059 INFO:teuthology.orchestra.run.trial076.stdout:/usr/bin/ceph: stderr
2026-02-19T22:33:46.009+0000 7f30b59e4640 1 -- 10.20.193.76:0/3597840570 shutdown_connections
2026-02-19T22:33:46.059 INFO:teuthology.orchestra.run.trial076.stdout:/usr/bin/ceph: stderr
2026-02-19T22:33:46.009+0000 7f30b59e4640 1 -- 10.20.193.76:0/3597840570 wait complete.
2026-02-19T22:33:46.059 INFO:teuthology.orchestra.run.trial076.stdout:Deploying unmanaged mon service...
2026-02-19T22:33:46.285 INFO:teuthology.orchestra.run.trial076.stdout:/usr/bin/ceph: stdout Scheduled mon update...
2026-02-19T22:33:46.285 INFO:teuthology.orchestra.run.trial076.stdout:/usr/bin/ceph: stderr
2026-02-19T22:33:46.154+0000 7ff11fe8a640 1 Processor -- start
2026-02-19T22:33:46.285 INFO:teuthology.orchestra.run.trial076.stdout:/usr/bin/ceph: stderr
2026-02-19T22:33:46.154+0000 7ff11fe8a640 1 -- start start
2026-02-19T22:33:46.285 INFO:teuthology.orchestra.run.trial076.stdout:/usr/bin/ceph: stderr
2026-02-19T22:33:46.154+0000 7ff11fe8a640 1 --2- >> [v2:10.20.193.76:3300/0,v1:10.20.193.76:6789/0] conn(0x7ff11810ba00 0x7ff11810be00 unknown :-1 s=NONE pgs=0 cs=0 l=0 rev1=0 crypto rx=0 tx=0 comp rx=0 tx=0).connect
2026-02-19T22:33:46.285 INFO:teuthology.orchestra.run.trial076.stdout:/usr/bin/ceph: stderr
2026-02-19T22:33:46.154+0000 7ff11fe8a640 1 -- --> [v2:10.20.193.76:3300/0,v1:10.20.193.76:6789/0] -- mon_getmap magic: 0 -- 0x7ff11810c3d0 con 0x7ff11810ba00
2026-02-19T22:33:46.285 INFO:teuthology.orchestra.run.trial076.stdout:/usr/bin/ceph: stderr
2026-02-19T22:33:46.154+0000 7ff11dbff640 1 --2- >> [v2:10.20.193.76:3300/0,v1:10.20.193.76:6789/0] conn(0x7ff11810ba00 0x7ff11810be00 unknown :-1 s=BANNER_CONNECTING pgs=0 cs=0 l=0 rev1=0 crypto rx=0 tx=0 comp rx=0 tx=0)._handle_peer_banner_payload supported=3 required=0
2026-02-19T22:33:46.285 INFO:teuthology.orchestra.run.trial076.stdout:/usr/bin/ceph: stderr
2026-02-19T22:33:46.154+0000 7ff11dbff640 1 --2- >> [v2:10.20.193.76:3300/0,v1:10.20.193.76:6789/0] conn(0x7ff11810ba00 0x7ff11810be00 unknown :-1 s=HELLO_CONNECTING pgs=0 cs=0 l=0 rev1=1 crypto rx=0 tx=0 comp rx=0 tx=0).handle_hello peer v2:10.20.193.76:3300/0 says I am v2:10.20.193.76:60056/0 (socket says 10.20.193.76:60056)
2026-02-19T22:33:46.286 INFO:teuthology.orchestra.run.trial076.stdout:/usr/bin/ceph: stderr
2026-02-19T22:33:46.154+0000 7ff11dbff640 1 -- 10.20.193.76:0/1913315442 learned_addr learned my addr 10.20.193.76:0/1913315442 (peer_addr_for_me v2:10.20.193.76:0/0)
2026-02-19T22:33:46.286 INFO:teuthology.orchestra.run.trial076.stdout:/usr/bin/ceph: stderr
2026-02-19T22:33:46.154+0000 7ff11dbff640 1 -- 10.20.193.76:0/1913315442 --> [v2:10.20.193.76:3300/0,v1:10.20.193.76:6789/0] -- mon_subscribe({config=0+,monmap=0+}) -- 0x7ff11810a6b0 con 0x7ff11810ba00
2026-02-19T22:33:46.286 INFO:teuthology.orchestra.run.trial076.stdout:/usr/bin/ceph: stderr
2026-02-19T22:33:46.155+0000 7ff11dbff640 1 --2- 10.20.193.76:0/1913315442 >> [v2:10.20.193.76:3300/0,v1:10.20.193.76:6789/0] conn(0x7ff11810ba00 0x7ff11810be00 secure :-1 s=READY pgs=45 cs=0 l=1 rev1=1 crypto rx=0x7ff108009920 tx=0x7ff10802ef20 comp rx=0 tx=0).ready entity=mon.0 client_cookie=5cfeafe3b5a1e9e5 server_cookie=0 in_seq=0 out_seq=0
2026-02-19T22:33:46.286 INFO:teuthology.orchestra.run.trial076.stdout:/usr/bin/ceph: stderr
2026-02-19T22:33:46.155+0000 7ff11cbfd640 1 -- 10.20.193.76:0/1913315442 <== mon.0 v2:10.20.193.76:3300/0 1 ==== mon_map magic: 0 ==== 205+0+0 (secure 0 0 0) 0x7ff10803c070 con 0x7ff11810ba00
2026-02-19T22:33:46.286 INFO:teuthology.orchestra.run.trial076.stdout:/usr/bin/ceph: stderr
2026-02-19T22:33:46.155+0000 7ff11cbfd640 1 -- 10.20.193.76:0/1913315442 <== mon.0 v2:10.20.193.76:3300/0 2 ==== config(26 keys) ==== 1045+0+0 (secure 0 0 0) 0x7ff108037440 con 0x7ff11810ba00
2026-02-19T22:33:46.286 INFO:teuthology.orchestra.run.trial076.stdout:/usr/bin/ceph: stderr
2026-02-19T22:33:46.155+0000 7ff11cbfd640 1 -- 10.20.193.76:0/1913315442 <== mon.0 v2:10.20.193.76:3300/0 3 ==== mon_map magic: 0 ==== 205+0+0 (secure 0 0 0) 0x7ff1080354b0 con 0x7ff11810ba00
2026-02-19T22:33:46.286 INFO:teuthology.orchestra.run.trial076.stdout:/usr/bin/ceph: stderr
2026-02-19T22:33:46.155+0000 7ff11fe8a640 1 -- 10.20.193.76:0/1913315442 >> [v2:10.20.193.76:3300/0,v1:10.20.193.76:6789/0] conn(0x7ff11810ba00 msgr2=0x7ff11810be00 secure :-1 s=STATE_CONNECTION_ESTABLISHED l=1).mark_down
2026-02-19T22:33:46.286 INFO:teuthology.orchestra.run.trial076.stdout:/usr/bin/ceph: stderr
2026-02-19T22:33:46.155+0000 7ff11fe8a640 1 --2- 10.20.193.76:0/1913315442 >> [v2:10.20.193.76:3300/0,v1:10.20.193.76:6789/0] conn(0x7ff11810ba00 0x7ff11810be00 secure :-1 s=READY pgs=45 cs=0 l=1 rev1=1 crypto rx=0x7ff108009920 tx=0x7ff10802ef20 comp rx=0 tx=0).stop
2026-02-19T22:33:46.286 INFO:teuthology.orchestra.run.trial076.stdout:/usr/bin/ceph: stderr
2026-02-19T22:33:46.155+0000 7ff11fe8a640 1 -- 10.20.193.76:0/1913315442 shutdown_connections
2026-02-19T22:33:46.286 INFO:teuthology.orchestra.run.trial076.stdout:/usr/bin/ceph: stderr
2026-02-19T22:33:46.155+0000 7ff11fe8a640 1 --2- 10.20.193.76:0/1913315442 >> [v2:10.20.193.76:3300/0,v1:10.20.193.76:6789/0] conn(0x7ff11810ba00 0x7ff11810be00 unknown :-1 s=CLOSED pgs=45 cs=0 l=1 rev1=1 crypto rx=0 tx=0 comp rx=0 tx=0).stop
2026-02-19T22:33:46.286 INFO:teuthology.orchestra.run.trial076.stdout:/usr/bin/ceph: stderr
2026-02-19T22:33:46.155+0000 7ff11fe8a640 1 -- 10.20.193.76:0/1913315442 >> 10.20.193.76:0/1913315442 conn(0x7ff11807db10 msgr2=0x7ff11807df40 unknown :-1 s=STATE_NONE l=0).mark_down
2026-02-19T22:33:46.287 INFO:teuthology.orchestra.run.trial076.stdout:/usr/bin/ceph: stderr
2026-02-19T22:33:46.155+0000 7ff11fe8a640 1 -- 10.20.193.76:0/1913315442 shutdown_connections
2026-02-19T22:33:46.287 INFO:teuthology.orchestra.run.trial076.stdout:/usr/bin/ceph: stderr
2026-02-19T22:33:46.155+0000 7ff11fe8a640 1 -- 10.20.193.76:0/1913315442 wait complete.
2026-02-19T22:33:46.287 INFO:teuthology.orchestra.run.trial076.stdout:/usr/bin/ceph: stderr
2026-02-19T22:33:46.156+0000 7ff11fe8a640 1 Processor -- start
2026-02-19T22:33:46.287 INFO:teuthology.orchestra.run.trial076.stdout:/usr/bin/ceph: stderr
2026-02-19T22:33:46.156+0000 7ff11fe8a640 1 -- start start
2026-02-19T22:33:46.287 INFO:teuthology.orchestra.run.trial076.stdout:/usr/bin/ceph: stderr
2026-02-19T22:33:46.156+0000 7ff11fe8a640 1 --2- >> [v2:10.20.193.76:3300/0,v1:10.20.193.76:6789/0] conn(0x7ff11810ba00 0x7ff1181a0310 unknown :-1 s=NONE pgs=0 cs=0 l=1 rev1=0 crypto rx=0 tx=0 comp rx=0 tx=0).connect
2026-02-19T22:33:46.287 INFO:teuthology.orchestra.run.trial076.stdout:/usr/bin/ceph: stderr
2026-02-19T22:33:46.156+0000 7ff11fe8a640 1 -- --> [v2:10.20.193.76:3300/0,v1:10.20.193.76:6789/0] -- mon_getmap magic: 0 -- 0x7ff11810b4d0 con 0x7ff11810ba00
2026-02-19T22:33:46.287 INFO:teuthology.orchestra.run.trial076.stdout:/usr/bin/ceph: stderr
2026-02-19T22:33:46.156+0000 7ff11dbff640 1 --2- >> [v2:10.20.193.76:3300/0,v1:10.20.193.76:6789/0] conn(0x7ff11810ba00 0x7ff1181a0310 unknown :-1 s=BANNER_CONNECTING pgs=0 cs=0 l=1 rev1=0 crypto rx=0 tx=0 comp rx=0 tx=0)._handle_peer_banner_payload supported=3 required=0
2026-02-19T22:33:46.287 INFO:teuthology.orchestra.run.trial076.stdout:/usr/bin/ceph: stderr
2026-02-19T22:33:46.156+0000 7ff11dbff640 1 --2- >> [v2:10.20.193.76:3300/0,v1:10.20.193.76:6789/0] conn(0x7ff11810ba00 0x7ff1181a0310 unknown :-1 s=HELLO_CONNECTING pgs=0 cs=0 l=1 rev1=1 crypto rx=0 tx=0 comp rx=0 tx=0).handle_hello peer v2:10.20.193.76:3300/0 says I am v2:10.20.193.76:60066/0 (socket says 10.20.193.76:60066)
2026-02-19T22:33:46.287 INFO:teuthology.orchestra.run.trial076.stdout:/usr/bin/ceph: stderr
2026-02-19T22:33:46.156+0000 7ff11dbff640 1 -- 10.20.193.76:0/573053894 learned_addr learned my addr 10.20.193.76:0/573053894 (peer_addr_for_me v2:10.20.193.76:0/0)
2026-02-19T22:33:46.287 INFO:teuthology.orchestra.run.trial076.stdout:/usr/bin/ceph: stderr
2026-02-19T22:33:46.156+0000 7ff11dbff640 1 -- 10.20.193.76:0/573053894 --> [v2:10.20.193.76:3300/0,v1:10.20.193.76:6789/0] -- mon_subscribe({config=0+,monmap=0+}) -- 0x7ff1181a0850 con 0x7ff11810ba00
2026-02-19T22:33:46.288 INFO:teuthology.orchestra.run.trial076.stdout:/usr/bin/ceph: stderr
2026-02-19T22:33:46.156+0000 7ff11dbff640 1 --2- 10.20.193.76:0/573053894 >> [v2:10.20.193.76:3300/0,v1:10.20.193.76:6789/0] conn(0x7ff11810ba00 0x7ff1181a0310 secure :-1 s=READY pgs=46 cs=0 l=1 rev1=1 crypto rx=0x7ff108006fd0 tx=0x7ff108037bb0 comp rx=0 tx=0).ready entity=mon.0 client_cookie=0 server_cookie=0 in_seq=0 out_seq=0
2026-02-19T22:33:46.288 INFO:teuthology.orchestra.run.trial076.stdout:/usr/bin/ceph: stderr
2026-02-19T22:33:46.156+0000 7ff106ffd640 1 -- 10.20.193.76:0/573053894 <== mon.0 v2:10.20.193.76:3300/0 1 ==== mon_map magic: 0 ==== 205+0+0 (secure 0 0 0) 0x7ff108045070 con 0x7ff11810ba00
2026-02-19T22:33:46.288 INFO:teuthology.orchestra.run.trial076.stdout:/usr/bin/ceph: stderr
2026-02-19T22:33:46.156+0000 7ff11fe8a640 1 -- 10.20.193.76:0/573053894 --> [v2:10.20.193.76:3300/0,v1:10.20.193.76:6789/0] -- mon_subscribe({mgrmap=0+}) -- 0x7ff1181a0ae0 con 0x7ff11810ba00
2026-02-19T22:33:46.288 INFO:teuthology.orchestra.run.trial076.stdout:/usr/bin/ceph: stderr
2026-02-19T22:33:46.156+0000 7ff106ffd640 1 -- 10.20.193.76:0/573053894 <== mon.0 v2:10.20.193.76:3300/0 2 ==== config(26 keys) ==== 1045+0+0 (secure 0 0 0) 0x7ff108040450 con 0x7ff11810ba00
2026-02-19T22:33:46.288 INFO:teuthology.orchestra.run.trial076.stdout:/usr/bin/ceph: stderr
2026-02-19T22:33:46.156+0000 7ff106ffd640 1 -- 10.20.193.76:0/573053894 <== mon.0 v2:10.20.193.76:3300/0 3 ==== mon_map magic: 0 ==== 205+0+0 (secure 0 0 0) 0x7ff10803c070 con 0x7ff11810ba00
2026-02-19T22:33:46.288 INFO:teuthology.orchestra.run.trial076.stdout:/usr/bin/ceph: stderr
2026-02-19T22:33:46.156+0000 7ff11fe8a640 1 -- 10.20.193.76:0/573053894 --> [v2:10.20.193.76:3300/0,v1:10.20.193.76:6789/0] -- mon_subscribe({osdmap=0}) -- 0x7ff1181a37d0 con 0x7ff11810ba00
2026-02-19T22:33:46.288 INFO:teuthology.orchestra.run.trial076.stdout:/usr/bin/ceph: stderr
2026-02-19T22:33:46.157+0000 7ff11fe8a640 1 -- 10.20.193.76:0/573053894 --> [v2:10.20.193.76:3300/0,v1:10.20.193.76:6789/0] -- mon_command({"prefix": "get_command_descriptions"} v 0) -- 0x7ff11810be80 con 0x7ff11810ba00
2026-02-19T22:33:46.288 INFO:teuthology.orchestra.run.trial076.stdout:/usr/bin/ceph: stderr
2026-02-19T22:33:46.157+0000 7ff106ffd640 1 -- 10.20.193.76:0/573053894 <== mon.0 v2:10.20.193.76:3300/0 4 ==== mgrmap(e 8) ==== 50247+0+0 (secure 0 0 0) 0x7ff10803e5d0 con 0x7ff11810ba00
2026-02-19T22:33:46.288 INFO:teuthology.orchestra.run.trial076.stdout:/usr/bin/ceph: stderr
2026-02-19T22:33:46.157+0000 7ff106ffd640 1 --2- 10.20.193.76:0/573053894 >> [v2:10.20.193.76:6800/1369893957,v1:10.20.193.76:6801/1369893957] conn(0x7ff0f403dba0 0x7ff0f4040060 unknown :-1 s=NONE pgs=0 cs=0 l=1 rev1=0 crypto rx=0 tx=0 comp rx=0 tx=0).connect
2026-02-19T22:33:46.288 INFO:teuthology.orchestra.run.trial076.stdout:/usr/bin/ceph: stderr
2026-02-19T22:33:46.157+0000 7ff106ffd640 1 -- 10.20.193.76:0/573053894 <== mon.0 v2:10.20.193.76:3300/0 5 ==== osd_map(2..2 src has 1..2) ==== 940+0+0 (secure 0 0 0) 0x7ff108076870 con 0x7ff11810ba00
2026-02-19T22:33:46.288 INFO:teuthology.orchestra.run.trial076.stdout:/usr/bin/ceph: stderr
2026-02-19T22:33:46.157+0000 7ff11d3fe640 1 --2- 10.20.193.76:0/573053894 >> [v2:10.20.193.76:6800/1369893957,v1:10.20.193.76:6801/1369893957] conn(0x7ff0f403dba0 0x7ff0f4040060 unknown :-1 s=BANNER_CONNECTING pgs=0 cs=0 l=1 rev1=0 crypto rx=0 tx=0 comp rx=0 tx=0)._handle_peer_banner_payload supported=3 required=0
2026-02-19T22:33:46.288 INFO:teuthology.orchestra.run.trial076.stdout:/usr/bin/ceph: stderr
2026-02-19T22:33:46.157+0000 7ff11d3fe640 1 --2- 10.20.193.76:0/573053894 >> [v2:10.20.193.76:6800/1369893957,v1:10.20.193.76:6801/1369893957] conn(0x7ff0f403dba0 0x7ff0f4040060 secure :-1 s=READY pgs=12 cs=0 l=1 rev1=1 crypto rx=0x7ff10c0099c0 tx=0x7ff10c006eb0 comp rx=0 tx=0).ready entity=mgr.14118 client_cookie=0 server_cookie=0 in_seq=0 out_seq=0
2026-02-19T22:33:46.289 INFO:teuthology.orchestra.run.trial076.stdout:/usr/bin/ceph: stderr
2026-02-19T22:33:46.160+0000 7ff106ffd640 1 -- 10.20.193.76:0/573053894 <== mon.0 v2:10.20.193.76:3300/0 6 ==== mon_command_ack([{"prefix": "get_command_descriptions"}]=0 v0) ==== 72+0+195034 (secure 0 0 0) 0x7ff108040670 con 0x7ff11810ba00
2026-02-19T22:33:46.289 INFO:teuthology.orchestra.run.trial076.stdout:/usr/bin/ceph: stderr
2026-02-19T22:33:46.250+0000 7ff11fe8a640 1 -- 10.20.193.76:0/573053894 --> [v2:10.20.193.76:6800/1369893957,v1:10.20.193.76:6801/1369893957] -- mgr_command(tid 0: {"prefix": "orch apply", "service_type": "mon", "unmanaged": true, "target": ["mon-mgr", ""]}) -- 0x7ff118108ea0 con 0x7ff0f403dba0
2026-02-19T22:33:46.289 INFO:teuthology.orchestra.run.trial076.stdout:/usr/bin/ceph: stderr
2026-02-19T22:33:46.254+0000 7ff106ffd640 1 -- 10.20.193.76:0/573053894 <== mgr.14118 v2:10.20.193.76:6800/1369893957 1 ==== mgr_command_reply(tid 0: 0 ) ==== 8+0+24 (secure 0 0 0) 0x7ff118108ea0 con 0x7ff0f403dba0
2026-02-19T22:33:46.289 INFO:teuthology.orchestra.run.trial076.stdout:/usr/bin/ceph: stderr
2026-02-19T22:33:46.255+0000 7ff11fe8a640 1 -- 10.20.193.76:0/573053894 >> [v2:10.20.193.76:6800/1369893957,v1:10.20.193.76:6801/1369893957] conn(0x7ff0f403dba0 msgr2=0x7ff0f4040060 secure :-1 s=STATE_CONNECTION_ESTABLISHED l=1).mark_down
2026-02-19T22:33:46.289 INFO:teuthology.orchestra.run.trial076.stdout:/usr/bin/ceph: stderr
2026-02-19T22:33:46.255+0000 7ff11fe8a640 1 --2- 10.20.193.76:0/573053894 >> [v2:10.20.193.76:6800/1369893957,v1:10.20.193.76:6801/1369893957] conn(0x7ff0f403dba0 0x7ff0f4040060 secure :-1 s=READY pgs=12 cs=0 l=1 rev1=1 crypto rx=0x7ff10c0099c0 tx=0x7ff10c006eb0 comp rx=0 tx=0).stop
2026-02-19T22:33:46.289 INFO:teuthology.orchestra.run.trial076.stdout:/usr/bin/ceph: stderr
2026-02-19T22:33:46.255+0000 7ff11fe8a640 1 -- 10.20.193.76:0/573053894 >> [v2:10.20.193.76:3300/0,v1:10.20.193.76:6789/0] conn(0x7ff11810ba00 msgr2=0x7ff1181a0310 secure :-1 s=STATE_CONNECTION_ESTABLISHED l=1).mark_down
2026-02-19T22:33:46.289 INFO:teuthology.orchestra.run.trial076.stdout:/usr/bin/ceph: stderr
2026-02-19T22:33:46.255+0000 7ff11fe8a640 1 --2- 10.20.193.76:0/573053894 >> [v2:10.20.193.76:3300/0,v1:10.20.193.76:6789/0] conn(0x7ff11810ba00 0x7ff1181a0310 secure :-1 s=READY pgs=46 cs=0 l=1 rev1=1 crypto rx=0x7ff108006fd0 tx=0x7ff108037bb0 comp rx=0 tx=0).stop
2026-02-19T22:33:46.289 INFO:teuthology.orchestra.run.trial076.stdout:/usr/bin/ceph: stderr
2026-02-19T22:33:46.255+0000 7ff11fe8a640 1 -- 10.20.193.76:0/573053894 shutdown_connections
2026-02-19T22:33:46.289 INFO:teuthology.orchestra.run.trial076.stdout:/usr/bin/ceph: stderr
2026-02-19T22:33:46.255+0000 7ff11fe8a640 1 --2- 10.20.193.76:0/573053894 >> [v2:10.20.193.76:6800/1369893957,v1:10.20.193.76:6801/1369893957] conn(0x7ff0f403dba0 0x7ff0f4040060 unknown :-1 s=CLOSED pgs=12 cs=0 l=1 rev1=1 crypto rx=0 tx=0 comp rx=0 tx=0).stop
2026-02-19T22:33:46.289 INFO:teuthology.orchestra.run.trial076.stdout:/usr/bin/ceph: stderr
2026-02-19T22:33:46.255+0000 7ff11fe8a640 1 --2- 10.20.193.76:0/573053894 >> [v2:10.20.193.76:3300/0,v1:10.20.193.76:6789/0] conn(0x7ff11810ba00 0x7ff1181a0310 unknown :-1 s=CLOSED pgs=46 cs=0 l=1 rev1=1 crypto rx=0 tx=0 comp rx=0 tx=0).stop
2026-02-19T22:33:46.289 INFO:teuthology.orchestra.run.trial076.stdout:/usr/bin/ceph: stderr
2026-02-19T22:33:46.255+0000 7ff11fe8a640 1 -- 10.20.193.76:0/573053894 >> 10.20.193.76:0/573053894 conn(0x7ff11807db10 msgr2=0x7ff118108790 unknown :-1 s=STATE_NONE l=0).mark_down
2026-02-19T22:33:46.289 INFO:teuthology.orchestra.run.trial076.stdout:/usr/bin/ceph: stderr
2026-02-19T22:33:46.255+0000 7ff11fe8a640 1 -- 10.20.193.76:0/573053894 shutdown_connections
2026-02-19T22:33:46.290 INFO:teuthology.orchestra.run.trial076.stdout:/usr/bin/ceph: stderr
2026-02-19T22:33:46.255+0000 7ff11fe8a640 1 -- 10.20.193.76:0/573053894 wait complete.
2026-02-19T22:33:46.290 INFO:teuthology.orchestra.run.trial076.stdout:Deploying unmanaged mgr service...
2026-02-19T22:33:46.512 INFO:teuthology.orchestra.run.trial076.stdout:/usr/bin/ceph: stdout Scheduled mgr update...
2026-02-19T22:33:46.512 INFO:teuthology.orchestra.run.trial076.stdout:/usr/bin/ceph: stderr
2026-02-19T22:33:46.381+0000 7f9413653640 1 Processor -- start
2026-02-19T22:33:46.512 INFO:teuthology.orchestra.run.trial076.stdout:/usr/bin/ceph: stderr
2026-02-19T22:33:46.381+0000 7f9413653640 1 -- start start
2026-02-19T22:33:46.512 INFO:teuthology.orchestra.run.trial076.stdout:/usr/bin/ceph: stderr
2026-02-19T22:33:46.381+0000 7f9413653640 1 --2- >> [v2:10.20.193.76:3300/0,v1:10.20.193.76:6789/0] conn(0x7f940c106430 0x7f940c106830 unknown :-1 s=NONE pgs=0 cs=0 l=0 rev1=0 crypto rx=0 tx=0 comp rx=0 tx=0).connect
2026-02-19T22:33:46.512 INFO:teuthology.orchestra.run.trial076.stdout:/usr/bin/ceph: stderr
2026-02-19T22:33:46.381+0000 7f9413653640 1 -- --> [v2:10.20.193.76:3300/0,v1:10.20.193.76:6789/0] -- mon_getmap magic: 0 -- 0x7f940c106e00 con 0x7f940c106430
2026-02-19T22:33:46.512 INFO:teuthology.orchestra.run.trial076.stdout:/usr/bin/ceph: stderr
2026-02-19T22:33:46.381+0000 7f94113c8640 1 --2- >> [v2:10.20.193.76:3300/0,v1:10.20.193.76:6789/0] conn(0x7f940c106430 0x7f940c106830 unknown :-1 s=BANNER_CONNECTING pgs=0 cs=0 l=0 rev1=0 crypto rx=0 tx=0 comp rx=0 tx=0)._handle_peer_banner_payload supported=3 required=0
2026-02-19T22:33:46.512 INFO:teuthology.orchestra.run.trial076.stdout:/usr/bin/ceph: stderr
2026-02-19T22:33:46.381+0000 7f94113c8640 1 --2- >> [v2:10.20.193.76:3300/0,v1:10.20.193.76:6789/0] conn(0x7f940c106430 0x7f940c106830 unknown :-1 s=HELLO_CONNECTING pgs=0 cs=0 l=0 rev1=1 crypto rx=0 tx=0 comp rx=0 tx=0).handle_hello peer v2:10.20.193.76:3300/0 says I am v2:10.20.193.76:60078/0 (socket says 10.20.193.76:60078)
2026-02-19T22:33:46.513 INFO:teuthology.orchestra.run.trial076.stdout:/usr/bin/ceph: stderr
2026-02-19T22:33:46.381+0000 7f94113c8640 1 -- 10.20.193.76:0/2393982327 learned_addr learned my addr 10.20.193.76:0/2393982327 (peer_addr_for_me v2:10.20.193.76:0/0)
2026-02-19T22:33:46.513 INFO:teuthology.orchestra.run.trial076.stdout:/usr/bin/ceph: stderr
2026-02-19T22:33:46.381+0000 7f94113c8640 1 -- 10.20.193.76:0/2393982327 --> [v2:10.20.193.76:3300/0,v1:10.20.193.76:6789/0] -- mon_subscribe({config=0+,monmap=0+}) -- 0x7f940c109490 con 0x7f940c106430
2026-02-19T22:33:46.513 INFO:teuthology.orchestra.run.trial076.stdout:/usr/bin/ceph: stderr
2026-02-19T22:33:46.382+0000 7f94113c8640 1 --2- 10.20.193.76:0/2393982327 >> [v2:10.20.193.76:3300/0,v1:10.20.193.76:6789/0] conn(0x7f940c106430 0x7f940c106830 secure :-1 s=READY pgs=47 cs=0 l=1 rev1=1 crypto rx=0x7f93fc009920 tx=0x7f93fc02ef20 comp rx=0 tx=0).ready entity=mon.0 client_cookie=25c274a6ebe7d74e server_cookie=0 in_seq=0 out_seq=0
2026-02-19T22:33:46.513 INFO:teuthology.orchestra.run.trial076.stdout:/usr/bin/ceph: stderr
2026-02-19T22:33:46.382+0000 7f93fbfff640 1 -- 10.20.193.76:0/2393982327 <== mon.0 v2:10.20.193.76:3300/0 1 ==== mon_map magic: 0 ==== 205+0+0 (secure 0 0 0) 0x7f93fc03c070 con 0x7f940c106430
2026-02-19T22:33:46.513 INFO:teuthology.orchestra.run.trial076.stdout:/usr/bin/ceph: stderr
2026-02-19T22:33:46.382+0000 7f93fbfff640 1 -- 10.20.193.76:0/2393982327 <== mon.0 v2:10.20.193.76:3300/0 2 ==== config(26 keys) ==== 1045+0+0 (secure 0 0 0) 0x7f93fc037440 con 0x7f940c106430
2026-02-19T22:33:46.513 INFO:teuthology.orchestra.run.trial076.stdout:/usr/bin/ceph: stderr
2026-02-19T22:33:46.382+0000 7f93fbfff640 1 -- 10.20.193.76:0/2393982327 <== mon.0 v2:10.20.193.76:3300/0 3 ==== mon_map magic: 0 ==== 205+0+0 (secure 0 0 0) 0x7f93fc0354b0 con 0x7f940c106430
2026-02-19T22:33:46.513 INFO:teuthology.orchestra.run.trial076.stdout:/usr/bin/ceph: stderr
2026-02-19T22:33:46.382+0000 7f9413653640 1 -- 10.20.193.76:0/2393982327 >> [v2:10.20.193.76:3300/0,v1:10.20.193.76:6789/0] conn(0x7f940c106430 msgr2=0x7f940c106830 secure :-1 s=STATE_CONNECTION_ESTABLISHED l=1).mark_down
2026-02-19T22:33:46.513 INFO:teuthology.orchestra.run.trial076.stdout:/usr/bin/ceph: stderr
2026-02-19T22:33:46.382+0000 7f9413653640 1 --2- 10.20.193.76:0/2393982327 >> [v2:10.20.193.76:3300/0,v1:10.20.193.76:6789/0] conn(0x7f940c106430 0x7f940c106830 secure :-1 s=READY pgs=47 cs=0 l=1 rev1=1 crypto rx=0x7f93fc009920 tx=0x7f93fc02ef20 comp rx=0 tx=0).stop
2026-02-19T22:33:46.513 INFO:teuthology.orchestra.run.trial076.stdout:/usr/bin/ceph: stderr
2026-02-19T22:33:46.382+0000 7f9413653640 1 -- 10.20.193.76:0/2393982327 shutdown_connections
2026-02-19T22:33:46.513 INFO:teuthology.orchestra.run.trial076.stdout:/usr/bin/ceph: stderr
2026-02-19T22:33:46.382+0000 7f9413653640 1 --2- 10.20.193.76:0/2393982327 >> [v2:10.20.193.76:3300/0,v1:10.20.193.76:6789/0] conn(0x7f940c106430 0x7f940c106830 unknown :-1 s=CLOSED pgs=47 cs=0 l=1 rev1=1 crypto rx=0 tx=0 comp rx=0 tx=0).stop
2026-02-19T22:33:46.513 INFO:teuthology.orchestra.run.trial076.stdout:/usr/bin/ceph: stderr
2026-02-19T22:33:46.382+0000 7f9413653640 1 -- 10.20.193.76:0/2393982327 >> 10.20.193.76:0/2393982327 conn(0x7f940c101f20 msgr2=0x7f940c104380 unknown :-1 s=STATE_NONE l=0).mark_down
2026-02-19T22:33:46.514 INFO:teuthology.orchestra.run.trial076.stdout:/usr/bin/ceph: stderr
2026-02-19T22:33:46.382+0000 7f9413653640 1 -- 10.20.193.76:0/2393982327 shutdown_connections
2026-02-19T22:33:46.514 INFO:teuthology.orchestra.run.trial076.stdout:/usr/bin/ceph: stderr
2026-02-19T22:33:46.382+0000 7f9413653640 1 -- 10.20.193.76:0/2393982327 wait complete.
2026-02-19T22:33:46.514 INFO:teuthology.orchestra.run.trial076.stdout:/usr/bin/ceph: stderr
2026-02-19T22:33:46.383+0000 7f9413653640 1 Processor -- start
2026-02-19T22:33:46.514 INFO:teuthology.orchestra.run.trial076.stdout:/usr/bin/ceph: stderr
2026-02-19T22:33:46.383+0000 7f9413653640 1 -- start start
2026-02-19T22:33:46.514 INFO:teuthology.orchestra.run.trial076.stdout:/usr/bin/ceph: stderr
2026-02-19T22:33:46.383+0000 7f9413653640 1 --2- >> [v2:10.20.193.76:3300/0,v1:10.20.193.76:6789/0] conn(0x7f940c106430 0x7f940c19e090 unknown :-1 s=NONE pgs=0 cs=0 l=1 rev1=0 crypto rx=0 tx=0 comp rx=0 tx=0).connect
2026-02-19T22:33:46.514 INFO:teuthology.orchestra.run.trial076.stdout:/usr/bin/ceph: stderr
2026-02-19T22:33:46.383+0000 7f9413653640 1 -- --> [v2:10.20.193.76:3300/0,v1:10.20.193.76:6789/0] -- mon_getmap magic: 0 -- 0x7f940c10c6c0 con 0x7f940c106430
2026-02-19T22:33:46.514 INFO:teuthology.orchestra.run.trial076.stdout:/usr/bin/ceph: stderr
2026-02-19T22:33:46.383+0000 7f94113c8640 1 --2- >> [v2:10.20.193.76:3300/0,v1:10.20.193.76:6789/0] conn(0x7f940c106430 0x7f940c19e090 unknown :-1 s=BANNER_CONNECTING pgs=0 cs=0 l=1 rev1=0 crypto rx=0 tx=0 comp rx=0 tx=0)._handle_peer_banner_payload supported=3 required=0
2026-02-19T22:33:46.514 INFO:teuthology.orchestra.run.trial076.stdout:/usr/bin/ceph: stderr
2026-02-19T22:33:46.383+0000 7f94113c8640 1 --2- >> [v2:10.20.193.76:3300/0,v1:10.20.193.76:6789/0] conn(0x7f940c106430 0x7f940c19e090 unknown :-1 s=HELLO_CONNECTING pgs=0 cs=0 l=1 rev1=1 crypto rx=0 tx=0 comp rx=0 tx=0).handle_hello peer v2:10.20.193.76:3300/0 says I am v2:10.20.193.76:60084/0 (socket says 10.20.193.76:60084)
2026-02-19T22:33:46.514 INFO:teuthology.orchestra.run.trial076.stdout:/usr/bin/ceph: stderr
2026-02-19T22:33:46.383+0000 7f94113c8640 1 -- 10.20.193.76:0/1511424454 learned_addr learned my addr 10.20.193.76:0/1511424454 (peer_addr_for_me v2:10.20.193.76:0/0)
2026-02-19T22:33:46.514 INFO:teuthology.orchestra.run.trial076.stdout:/usr/bin/ceph: stderr
2026-02-19T22:33:46.383+0000 7f94113c8640 1 -- 10.20.193.76:0/1511424454 --> [v2:10.20.193.76:3300/0,v1:10.20.193.76:6789/0] -- mon_subscribe({config=0+,monmap=0+}) -- 0x7f940c19e5d0 con 0x7f940c106430
2026-02-19T22:33:46.514 INFO:teuthology.orchestra.run.trial076.stdout:/usr/bin/ceph: stderr
2026-02-19T22:33:46.383+0000 7f94113c8640 1 --2- 10.20.193.76:0/1511424454 >> [v2:10.20.193.76:3300/0,v1:10.20.193.76:6789/0] conn(0x7f940c106430 0x7f940c19e090 secure :-1 s=READY pgs=48 cs=0 l=1 rev1=1 crypto rx=0x7f93fc006fd0 tx=0x7f93fc037bb0 comp rx=0 tx=0).ready entity=mon.0 client_cookie=0 server_cookie=0 in_seq=0 out_seq=0
2026-02-19T22:33:46.515 INFO:teuthology.orchestra.run.trial076.stdout:/usr/bin/ceph: stderr
2026-02-19T22:33:46.383+0000 7f93fa7fc640 1 -- 10.20.193.76:0/1511424454 <== mon.0 v2:10.20.193.76:3300/0 1 ==== mon_map magic: 0 ==== 205+0+0 (secure 0 0 0) 0x7f93fc045070 con 0x7f940c106430
2026-02-19T22:33:46.515 INFO:teuthology.orchestra.run.trial076.stdout:/usr/bin/ceph: stderr
2026-02-19T22:33:46.383+0000 7f9413653640 1 -- 10.20.193.76:0/1511424454 --> [v2:10.20.193.76:3300/0,v1:10.20.193.76:6789/0] -- mon_subscribe({mgrmap=0+}) -- 0x7f940c19e860 con 0x7f940c106430
2026-02-19T22:33:46.515 INFO:teuthology.orchestra.run.trial076.stdout:/usr/bin/ceph: stderr
2026-02-19T22:33:46.383+0000 7f93fa7fc640 1 -- 10.20.193.76:0/1511424454 <== mon.0 v2:10.20.193.76:3300/0 2 ==== config(26 keys) ==== 1045+0+0 (secure 0 0 0) 0x7f93fc040450 con 0x7f940c106430
2026-02-19T22:33:46.515 INFO:teuthology.orchestra.run.trial076.stdout:/usr/bin/ceph: stderr
2026-02-19T22:33:46.383+0000 7f93fa7fc640 1 -- 10.20.193.76:0/1511424454 <== mon.0 v2:10.20.193.76:3300/0 3 ==== mon_map magic: 0 ==== 205+0+0 (secure 0 0 0) 0x7f93fc03c070 con 0x7f940c106430
2026-02-19T22:33:46.515 INFO:teuthology.orchestra.run.trial076.stdout:/usr/bin/ceph: stderr
2026-02-19T22:33:46.383+0000 7f9413653640 1 -- 10.20.193.76:0/1511424454 --> [v2:10.20.193.76:3300/0,v1:10.20.193.76:6789/0] -- mon_subscribe({osdmap=0}) -- 0x7f940c1a1550 con 0x7f940c106430
2026-02-19T22:33:46.515 INFO:teuthology.orchestra.run.trial076.stdout:/usr/bin/ceph: stderr
2026-02-19T22:33:46.384+0000 7f93fa7fc640 1 -- 10.20.193.76:0/1511424454 <== mon.0 v2:10.20.193.76:3300/0 4 ==== mgrmap(e 8) ==== 50247+0+0 (secure 0 0 0) 0x7f93fc040600 con 0x7f940c106430
2026-02-19T22:33:46.515 INFO:teuthology.orchestra.run.trial076.stdout:/usr/bin/ceph: stderr
2026-02-19T22:33:46.384+0000 7f9413653640 1 -- 10.20.193.76:0/1511424454 --> [v2:10.20.193.76:3300/0,v1:10.20.193.76:6789/0] -- mon_command({"prefix": "get_command_descriptions"} v 0) -- 0x7f940c1068b0 con 0x7f940c106430
2026-02-19T22:33:46.515 INFO:teuthology.orchestra.run.trial076.stdout:/usr/bin/ceph: stderr
2026-02-19T22:33:46.384+0000 7f93fa7fc640 1 --2- 10.20.193.76:0/1511424454 >> [v2:10.20.193.76:6800/1369893957,v1:10.20.193.76:6801/1369893957] conn(0x7f93e803dba0 0x7f93e8040060 unknown :-1 s=NONE pgs=0 cs=0 l=1 rev1=0 crypto rx=0 tx=0 comp rx=0 tx=0).connect
2026-02-19T22:33:46.515 INFO:teuthology.orchestra.run.trial076.stdout:/usr/bin/ceph: stderr
2026-02-19T22:33:46.384+0000 7f93fa7fc640 1 -- 10.20.193.76:0/1511424454 <== mon.0 v2:10.20.193.76:3300/0 5 ==== osd_map(2..2 src has 1..2) ==== 940+0+0 (secure 0 0 0) 0x7f93fc0766b0 con 0x7f940c106430
2026-02-19T22:33:46.515 INFO:teuthology.orchestra.run.trial076.stdout:/usr/bin/ceph: stderr
2026-02-19T22:33:46.384+0000 7f9410bc7640 1 --2- 10.20.193.76:0/1511424454 >> [v2:10.20.193.76:6800/1369893957,v1:10.20.193.76:6801/1369893957] conn(0x7f93e803dba0 0x7f93e8040060 unknown :-1 s=BANNER_CONNECTING pgs=0 cs=0 l=1 rev1=0 crypto rx=0 tx=0 comp rx=0 tx=0)._handle_peer_banner_payload supported=3 required=0
2026-02-19T22:33:46.515 INFO:teuthology.orchestra.run.trial076.stdout:/usr/bin/ceph: stderr
2026-02-19T22:33:46.385+0000 7f9410bc7640 1 --2- 10.20.193.76:0/1511424454 >> [v2:10.20.193.76:6800/1369893957,v1:10.20.193.76:6801/1369893957] conn(0x7f93e803dba0 0x7f93e8040060 secure :-1 s=READY pgs=13 cs=0 l=1 rev1=1 crypto rx=0x7f94000099c0 tx=0x7f9400006eb0 comp rx=0 tx=0).ready entity=mgr.14118 client_cookie=0 server_cookie=0 in_seq=0 out_seq=0
2026-02-19T22:33:46.515 INFO:teuthology.orchestra.run.trial076.stdout:/usr/bin/ceph: stderr
2026-02-19T22:33:46.387+0000 7f93fa7fc640 1 -- 10.20.193.76:0/1511424454 <== mon.0 v2:10.20.193.76:3300/0 6 ==== mon_command_ack([{"prefix": "get_command_descriptions"}]=0 v0) ==== 72+0+195034 (secure 0 0 0) 0x7f93fc035af0 con 0x7f940c106430
2026-02-19T22:33:46.516 INFO:teuthology.orchestra.run.trial076.stdout:/usr/bin/ceph: stderr
2026-02-19T22:33:46.476+0000 7f9413653640 1 -- 10.20.193.76:0/1511424454 --> [v2:10.20.193.76:6800/1369893957,v1:10.20.193.76:6801/1369893957] -- mgr_command(tid 0: {"prefix": "orch apply", "service_type": "mgr", "unmanaged": true, "target": ["mon-mgr", ""]}) -- 0x7f940c103250 con 0x7f93e803dba0
2026-02-19T22:33:46.516 INFO:teuthology.orchestra.run.trial076.stdout:/usr/bin/ceph: stderr
2026-02-19T22:33:46.480+0000 7f93fa7fc640 1 -- 10.20.193.76:0/1511424454 <== mgr.14118 v2:10.20.193.76:6800/1369893957 1 ==== mgr_command_reply(tid 0: 0 ) ==== 8+0+24 (secure 0 0 0) 0x7f940c103250 con 0x7f93e803dba0
2026-02-19T22:33:46.516 INFO:teuthology.orchestra.run.trial076.stdout:/usr/bin/ceph: stderr
2026-02-19T22:33:46.482+0000 7f9413653640 1 -- 10.20.193.76:0/1511424454 >> [v2:10.20.193.76:6800/1369893957,v1:10.20.193.76:6801/1369893957] conn(0x7f93e803dba0 msgr2=0x7f93e8040060 secure :-1 s=STATE_CONNECTION_ESTABLISHED l=1).mark_down
2026-02-19T22:33:46.516 INFO:teuthology.orchestra.run.trial076.stdout:/usr/bin/ceph: stderr
2026-02-19T22:33:46.482+0000 7f9413653640 1 --2- 10.20.193.76:0/1511424454 >> [v2:10.20.193.76:6800/1369893957,v1:10.20.193.76:6801/1369893957] conn(0x7f93e803dba0 0x7f93e8040060 secure :-1 s=READY pgs=13 cs=0 l=1 rev1=1 crypto rx=0x7f94000099c0 tx=0x7f9400006eb0 comp rx=0 tx=0).stop
2026-02-19T22:33:46.516 INFO:teuthology.orchestra.run.trial076.stdout:/usr/bin/ceph: stderr
2026-02-19T22:33:46.482+0000 7f9413653640 1 -- 10.20.193.76:0/1511424454 >> [v2:10.20.193.76:3300/0,v1:10.20.193.76:6789/0] conn(0x7f940c106430 msgr2=0x7f940c19e090 secure :-1 s=STATE_CONNECTION_ESTABLISHED l=1).mark_down
2026-02-19T22:33:46.516 INFO:teuthology.orchestra.run.trial076.stdout:/usr/bin/ceph: stderr
2026-02-19T22:33:46.482+0000 7f9413653640 1 --2- 10.20.193.76:0/1511424454 >> [v2:10.20.193.76:3300/0,v1:10.20.193.76:6789/0] conn(0x7f940c106430 0x7f940c19e090 secure :-1 s=READY pgs=48 cs=0 l=1 rev1=1 crypto rx=0x7f93fc006fd0 tx=0x7f93fc037bb0 comp rx=0 tx=0).stop
2026-02-19T22:33:46.516 INFO:teuthology.orchestra.run.trial076.stdout:/usr/bin/ceph: stderr
2026-02-19T22:33:46.482+0000 7f9413653640 1 -- 10.20.193.76:0/1511424454 shutdown_connections
2026-02-19T22:33:46.516 INFO:teuthology.orchestra.run.trial076.stdout:/usr/bin/ceph: stderr
2026-02-19T22:33:46.482+0000 7f9413653640 1 --2- 10.20.193.76:0/1511424454 >> [v2:10.20.193.76:6800/1369893957,v1:10.20.193.76:6801/1369893957] conn(0x7f93e803dba0 0x7f93e8040060 unknown :-1 s=CLOSED pgs=13 cs=0 l=1 rev1=1 crypto rx=0 tx=0 comp rx=0 tx=0).stop
2026-02-19T22:33:46.516 INFO:teuthology.orchestra.run.trial076.stdout:/usr/bin/ceph: stderr
2026-02-19T22:33:46.482+0000 7f9413653640 1 --2- 10.20.193.76:0/1511424454 >> [v2:10.20.193.76:3300/0,v1:10.20.193.76:6789/0] conn(0x7f940c106430 0x7f940c19e090 unknown :-1 s=CLOSED pgs=48 cs=0 l=1 rev1=1 crypto rx=0 tx=0 comp rx=0 tx=0).stop
2026-02-19T22:33:46.516 INFO:teuthology.orchestra.run.trial076.stdout:/usr/bin/ceph: stderr
2026-02-19T22:33:46.482+0000 7f9413653640 1 -- 10.20.193.76:0/1511424454 >> 10.20.193.76:0/1511424454 conn(0x7f940c101f20 msgr2=0x7f940c102b40 unknown :-1 s=STATE_NONE l=0).mark_down
2026-02-19T22:33:46.516 INFO:teuthology.orchestra.run.trial076.stdout:/usr/bin/ceph: stderr
2026-02-19T22:33:46.482+0000 7f9413653640 1 -- 10.20.193.76:0/1511424454 shutdown_connections
2026-02-19T22:33:46.516 INFO:teuthology.orchestra.run.trial076.stdout:/usr/bin/ceph: stderr
2026-02-19T22:33:46.482+0000 7f9413653640 1 -- 10.20.193.76:0/1511424454 wait complete.
2026-02-19T22:33:46.616 INFO:journalctl@ceph.mon.a.trial076.stdout:Feb 19 22:33:46 trial076 ceph-mon[41116]: Deploying cephadm binary to trial076
2026-02-19T22:33:46.616 INFO:journalctl@ceph.mon.a.trial076.stdout:Feb 19 22:33:46 trial076 ceph-mon[41116]: from='mgr.14118 10.20.193.76:0/1254296821' entity='mgr.x'
2026-02-19T22:33:46.616 INFO:journalctl@ceph.mon.a.trial076.stdout:Feb 19 22:33:46 trial076 ceph-mon[41116]: from='mgr.14118 10.20.193.76:0/1254296821' entity='mgr.x' cmd=[{"prefix": "config dump", "format": "json"}]: dispatch
2026-02-19T22:33:46.616 INFO:journalctl@ceph.mon.a.trial076.stdout:Feb 19 22:33:46 trial076 ceph-mon[41116]: from='mgr.14118 10.20.193.76:0/1254296821' entity='mgr.x'
2026-02-19T22:33:46.616 INFO:journalctl@ceph.mon.a.trial076.stdout:Feb 19 22:33:46 trial076 ceph-mon[41116]: from='mgr.14118 10.20.193.76:0/1254296821' entity='mgr.x'
2026-02-19T22:33:46.616 INFO:journalctl@ceph.mon.a.trial076.stdout:Feb 19 22:33:46 trial076 ceph-mon[41116]: from='mgr.14118 10.20.193.76:0/1254296821' entity='mgr.x'
2026-02-19T22:33:46.734 INFO:teuthology.orchestra.run.trial076.stdout:/usr/bin/ceph: stderr
2026-02-19T22:33:46.612+0000 7fde6b245640 1 Processor -- start
2026-02-19T22:33:46.735 INFO:teuthology.orchestra.run.trial076.stdout:/usr/bin/ceph: stderr
2026-02-19T22:33:46.612+0000 7fde6b245640 1 -- start start
2026-02-19T22:33:46.735 INFO:teuthology.orchestra.run.trial076.stdout:/usr/bin/ceph: stderr
2026-02-19T22:33:46.612+0000 7fde6b245640 1 --2- >> [v2:10.20.193.76:3300/0,v1:10.20.193.76:6789/0] conn(0x7fde6407eed0 0x7fde6407d330 unknown :-1 s=NONE pgs=0 cs=0 l=0 rev1=0 crypto rx=0 tx=0 comp rx=0 tx=0).connect
2026-02-19T22:33:46.735 INFO:teuthology.orchestra.run.trial076.stdout:/usr/bin/ceph: stderr
2026-02-19T22:33:46.612+0000 7fde6b245640 1 -- --> [v2:10.20.193.76:3300/0,v1:10.20.193.76:6789/0] -- mon_getmap magic: 0 -- 0x7fde6407d870 con 0x7fde6407eed0
2026-02-19T22:33:46.735 INFO:teuthology.orchestra.run.trial076.stdout:/usr/bin/ceph: stderr
2026-02-19T22:33:46.612+0000 7fde68fba640 1 --2- >> [v2:10.20.193.76:3300/0,v1:10.20.193.76:6789/0] conn(0x7fde6407eed0 0x7fde6407d330 unknown :-1 s=BANNER_CONNECTING pgs=0 cs=0 l=0 rev1=0 crypto rx=0 tx=0 comp rx=0 tx=0)._handle_peer_banner_payload supported=3 required=0
2026-02-19T22:33:46.735 INFO:teuthology.orchestra.run.trial076.stdout:/usr/bin/ceph: stderr
2026-02-19T22:33:46.612+0000 7fde68fba640 1 --2- >> [v2:10.20.193.76:3300/0,v1:10.20.193.76:6789/0] conn(0x7fde6407eed0 0x7fde6407d330 unknown :-1 s=HELLO_CONNECTING pgs=0 cs=0 l=0 rev1=1 crypto rx=0 tx=0 comp rx=0 tx=0).handle_hello peer v2:10.20.193.76:3300/0 says I am v2:10.20.193.76:60100/0 (socket says 10.20.193.76:60100)
2026-02-19T22:33:46.735 INFO:teuthology.orchestra.run.trial076.stdout:/usr/bin/ceph: stderr
2026-02-19T22:33:46.612+0000 7fde68fba640 1 -- 10.20.193.76:0/2558355065 learned_addr learned my addr 10.20.193.76:0/2558355065 (peer_addr_for_me v2:10.20.193.76:0/0)
2026-02-19T22:33:46.735 INFO:teuthology.orchestra.run.trial076.stdout:/usr/bin/ceph: stderr
2026-02-19T22:33:46.612+0000 7fde68fba640 1 -- 10.20.193.76:0/2558355065 --> [v2:10.20.193.76:3300/0,v1:10.20.193.76:6789/0] -- mon_subscribe({config=0+,monmap=0+}) -- 0x7fde6407d9f0 con 0x7fde6407eed0
2026-02-19T22:33:46.735 INFO:teuthology.orchestra.run.trial076.stdout:/usr/bin/ceph: stderr
2026-02-19T22:33:46.613+0000 7fde68fba640 1 --2- 10.20.193.76:0/2558355065 >> [v2:10.20.193.76:3300/0,v1:10.20.193.76:6789/0] conn(0x7fde6407eed0 0x7fde6407d330 secure :-1 s=READY pgs=49 cs=0 l=1 rev1=1 crypto rx=0x7fde54009920 tx=0x7fde5402ef20 comp rx=0 tx=0).ready entity=mon.0 client_cookie=6e7d723aa1b8adfd server_cookie=0 in_seq=0 out_seq=0
2026-02-19T22:33:46.735 INFO:teuthology.orchestra.run.trial076.stdout:/usr/bin/ceph: stderr
2026-02-19T22:33:46.613+0000 7fde5b7fe640 1 -- 10.20.193.76:0/2558355065 <== mon.0 v2:10.20.193.76:3300/0 1 ==== mon_map magic: 0 ==== 205+0+0 (secure 0 0 0) 0x7fde5403c070 con 0x7fde6407eed0
2026-02-19T22:33:46.736 INFO:teuthology.orchestra.run.trial076.stdout:/usr/bin/ceph: stderr
2026-02-19T22:33:46.613+0000 7fde5b7fe640 1 -- 10.20.193.76:0/2558355065 <== mon.0 v2:10.20.193.76:3300/0 2 ==== config(26 keys) ==== 1076+0+0 (secure 0 0 0) 0x7fde54037440 con 0x7fde6407eed0
2026-02-19T22:33:46.736 INFO:teuthology.orchestra.run.trial076.stdout:/usr/bin/ceph: stderr
2026-02-19T22:33:46.613+0000 7fde5b7fe640 1 -- 10.20.193.76:0/2558355065 <== mon.0 v2:10.20.193.76:3300/0 3 ==== mon_map magic: 0 ==== 205+0+0 (secure 0 0 0) 0x7fde540354d0 con 0x7fde6407eed0
2026-02-19T22:33:46.736 INFO:teuthology.orchestra.run.trial076.stdout:/usr/bin/ceph: stderr
2026-02-19T22:33:46.613+0000 7fde6b245640 1 -- 10.20.193.76:0/2558355065 >> [v2:10.20.193.76:3300/0,v1:10.20.193.76:6789/0] conn(0x7fde6407eed0 msgr2=0x7fde6407d330 secure :-1 s=STATE_CONNECTION_ESTABLISHED l=1).mark_down
2026-02-19T22:33:46.736 INFO:teuthology.orchestra.run.trial076.stdout:/usr/bin/ceph: stderr
2026-02-19T22:33:46.613+0000 7fde6b245640 1 --2- 10.20.193.76:0/2558355065 >> [v2:10.20.193.76:3300/0,v1:10.20.193.76:6789/0] conn(0x7fde6407eed0 0x7fde6407d330 secure :-1 s=READY pgs=49 cs=0 l=1 rev1=1 crypto rx=0x7fde54009920 tx=0x7fde5402ef20 comp rx=0 tx=0).stop
2026-02-19T22:33:46.736 INFO:teuthology.orchestra.run.trial076.stdout:/usr/bin/ceph: stderr
2026-02-19T22:33:46.613+0000 7fde6b245640 1 -- 10.20.193.76:0/2558355065 shutdown_connections
2026-02-19T22:33:46.736 INFO:teuthology.orchestra.run.trial076.stdout:/usr/bin/ceph: stderr
2026-02-19T22:33:46.613+0000 7fde6b245640 1 --2- 10.20.193.76:0/2558355065 >> [v2:10.20.193.76:3300/0,v1:10.20.193.76:6789/0] conn(0x7fde6407eed0 0x7fde6407d330 unknown :-1 s=CLOSED pgs=49 cs=0 l=1 rev1=1 crypto rx=0 tx=0 comp rx=0 tx=0).stop
2026-02-19T22:33:46.736 INFO:teuthology.orchestra.run.trial076.stdout:/usr/bin/ceph: stderr
2026-02-19T22:33:46.613+0000 7fde6b245640 1 -- 10.20.193.76:0/2558355065 >> 10.20.193.76:0/2558355065 conn(0x7fde64103940 msgr2=0x7fde64105d80 unknown :-1 s=STATE_NONE l=0).mark_down
2026-02-19T22:33:46.736 INFO:teuthology.orchestra.run.trial076.stdout:/usr/bin/ceph: stderr
2026-02-19T22:33:46.613+0000 7fde6b245640 1 -- 10.20.193.76:0/2558355065 shutdown_connections
2026-02-19T22:33:46.736 INFO:teuthology.orchestra.run.trial076.stdout:/usr/bin/ceph: stderr
2026-02-19T22:33:46.613+0000 7fde6b245640 1 -- 10.20.193.76:0/2558355065 wait complete.
2026-02-19T22:33:46.736 INFO:teuthology.orchestra.run.trial076.stdout:/usr/bin/ceph: stderr
2026-02-19T22:33:46.613+0000 7fde6b245640 1 Processor -- start
2026-02-19T22:33:46.736 INFO:teuthology.orchestra.run.trial076.stdout:/usr/bin/ceph: stderr
2026-02-19T22:33:46.614+0000 7fde6b245640 1 -- start start
2026-02-19T22:33:46.737 INFO:teuthology.orchestra.run.trial076.stdout:/usr/bin/ceph: stderr
2026-02-19T22:33:46.614+0000 7fde6b245640 1 --2- >> [v2:10.20.193.76:3300/0,v1:10.20.193.76:6789/0] conn(0x7fde6407eed0 0x7fde641a02d0 unknown :-1 s=NONE pgs=0 cs=0 l=1 rev1=0 crypto rx=0 tx=0 comp rx=0 tx=0).connect
2026-02-19T22:33:46.737 INFO:teuthology.orchestra.run.trial076.stdout:/usr/bin/ceph: stderr
2026-02-19T22:33:46.614+0000 7fde6b245640 1 -- --> [v2:10.20.193.76:3300/0,v1:10.20.193.76:6789/0] -- mon_getmap magic: 0 -- 0x7fde6410e7b0 con 0x7fde6407eed0
2026-02-19T22:33:46.737 INFO:teuthology.orchestra.run.trial076.stdout:/usr/bin/ceph: stderr
2026-02-19T22:33:46.614+0000 7fde68fba640 1 --2- >> [v2:10.20.193.76:3300/0,v1:10.20.193.76:6789/0] conn(0x7fde6407eed0 0x7fde641a02d0 unknown :-1 s=BANNER_CONNECTING pgs=0 cs=0 l=1 rev1=0 crypto rx=0 tx=0 comp rx=0 tx=0)._handle_peer_banner_payload supported=3 required=0
2026-02-19T22:33:46.737 INFO:teuthology.orchestra.run.trial076.stdout:/usr/bin/ceph: stderr
2026-02-19T22:33:46.614+0000 7fde68fba640 1 --2- >> [v2:10.20.193.76:3300/0,v1:10.20.193.76:6789/0] conn(0x7fde6407eed0 0x7fde641a02d0 unknown :-1 s=HELLO_CONNECTING pgs=0 cs=0 l=1 rev1=1 crypto rx=0 tx=0 comp rx=0 tx=0).handle_hello peer v2:10.20.193.76:3300/0 says I am v2:10.20.193.76:60110/0 (socket says 10.20.193.76:60110)
2026-02-19T22:33:46.737 INFO:teuthology.orchestra.run.trial076.stdout:/usr/bin/ceph: stderr
2026-02-19T22:33:46.614+0000 7fde68fba640 1 -- 10.20.193.76:0/3532585352 learned_addr learned my addr 10.20.193.76:0/3532585352 (peer_addr_for_me v2:10.20.193.76:0/0)
2026-02-19T22:33:46.737 INFO:teuthology.orchestra.run.trial076.stdout:/usr/bin/ceph: stderr
2026-02-19T22:33:46.614+0000 7fde68fba640 1 -- 10.20.193.76:0/3532585352 --> [v2:10.20.193.76:3300/0,v1:10.20.193.76:6789/0] -- mon_subscribe({config=0+,monmap=0+}) -- 0x7fde641a0810 con 0x7fde6407eed0
2026-02-19T22:33:46.737 INFO:teuthology.orchestra.run.trial076.stdout:/usr/bin/ceph: stderr
2026-02-19T22:33:46.614+0000 7fde68fba640 1 --2- 10.20.193.76:0/3532585352 >> [v2:10.20.193.76:3300/0,v1:10.20.193.76:6789/0] conn(0x7fde6407eed0 0x7fde641a02d0 secure :-1 s=READY pgs=50 cs=0 l=1 rev1=1 crypto rx=0x7fde54039000 tx=0x7fde54037820 comp rx=0 tx=0).ready entity=mon.0 client_cookie=0 server_cookie=0 in_seq=0 out_seq=0
2026-02-19T22:33:46.737 INFO:teuthology.orchestra.run.trial076.stdout:/usr/bin/ceph: stderr
2026-02-19T22:33:46.614+0000 7fde59ffb640 1 -- 10.20.193.76:0/3532585352 <== mon.0 v2:10.20.193.76:3300/0 1 ==== mon_map magic: 0 ==== 205+0+0 (secure 0 0 0) 0x7fde54047070 con 0x7fde6407eed0
2026-02-19T22:33:46.737 INFO:teuthology.orchestra.run.trial076.stdout:/usr/bin/ceph: stderr
2026-02-19T22:33:46.614+0000 7fde6b245640 1 -- 10.20.193.76:0/3532585352 --> [v2:10.20.193.76:3300/0,v1:10.20.193.76:6789/0] -- mon_subscribe({mgrmap=0+}) -- 0x7fde641a0aa0 con 0x7fde6407eed0
2026-02-19T22:33:46.737 INFO:teuthology.orchestra.run.trial076.stdout:/usr/bin/ceph: stderr
2026-02-19T22:33:46.614+0000 7fde59ffb640 1 -- 10.20.193.76:0/3532585352 <== mon.0 v2:10.20.193.76:3300/0 2 ==== config(26 keys) ==== 1076+0+0 (secure 0 0 0) 0x7fde54035df0 con 0x7fde6407eed0
2026-02-19T22:33:46.737 INFO:teuthology.orchestra.run.trial076.stdout:/usr/bin/ceph: stderr
2026-02-19T22:33:46.614+0000 7fde59ffb640 1 -- 10.20.193.76:0/3532585352 <== mon.0 v2:10.20.193.76:3300/0 3 ==== mon_map magic: 0 ==== 205+0+0 (secure 0 0 0) 0x7fde5403c070 con 0x7fde6407eed0
2026-02-19T22:33:46.737 INFO:teuthology.orchestra.run.trial076.stdout:/usr/bin/ceph: stderr
2026-02-19T22:33:46.614+0000 7fde6b245640 1 -- 10.20.193.76:0/3532585352 --> [v2:10.20.193.76:3300/0,v1:10.20.193.76:6789/0] -- mon_subscribe({osdmap=0}) -- 0x7fde641a3790 con 0x7fde6407eed0
2026-02-19T22:33:46.738 INFO:teuthology.orchestra.run.trial076.stdout:/usr/bin/ceph: stderr
2026-02-19T22:33:46.614+0000 7fde6b245640 1 -- 10.20.193.76:0/3532585352 --> [v2:10.20.193.76:3300/0,v1:10.20.193.76:6789/0] -- mon_command({"prefix": "get_command_descriptions"} v 0) -- 0x7fde6407d3b0 con 0x7fde6407eed0
2026-02-19T22:33:46.738 INFO:teuthology.orchestra.run.trial076.stdout:/usr/bin/ceph: stderr
2026-02-19T22:33:46.615+0000 7fde59ffb640 1 -- 10.20.193.76:0/3532585352 <== mon.0 v2:10.20.193.76:3300/0 4 ==== mgrmap(e 8) ==== 50247+0+0 (secure 0 0 0) 0x7fde54042640 con 0x7fde6407eed0
2026-02-19T22:33:46.738 INFO:teuthology.orchestra.run.trial076.stdout:/usr/bin/ceph: stderr
2026-02-19T22:33:46.615+0000 7fde59ffb640 1 --2- 10.20.193.76:0/3532585352 >> [v2:10.20.193.76:6800/1369893957,v1:10.20.193.76:6801/1369893957] conn(0x7fde4003dbf0 0x7fde400400b0 unknown :-1 s=NONE pgs=0 cs=0 l=1 rev1=0 crypto rx=0 tx=0 comp rx=0 tx=0).connect
2026-02-19T22:33:46.738 INFO:teuthology.orchestra.run.trial076.stdout:/usr/bin/ceph: stderr
2026-02-19T22:33:46.615+0000 7fde59ffb640 1 -- 10.20.193.76:0/3532585352 <== mon.0 v2:10.20.193.76:3300/0 5 ==== osd_map(2..2 src has 1..2) ==== 940+0+0 (secure 0 0 0) 0x7fde54076940 con 0x7fde6407eed0
2026-02-19T22:33:46.738 INFO:teuthology.orchestra.run.trial076.stdout:/usr/bin/ceph: stderr
2026-02-19T22:33:46.615+0000 7fde5bfff640 1 --2- 10.20.193.76:0/3532585352 >> [v2:10.20.193.76:6800/1369893957,v1:10.20.193.76:6801/1369893957] conn(0x7fde4003dbf0 0x7fde400400b0 unknown :-1 s=BANNER_CONNECTING pgs=0 cs=0 l=1 rev1=0 crypto rx=0 tx=0 comp rx=0 tx=0)._handle_peer_banner_payload supported=3 required=0
2026-02-19T22:33:46.738 INFO:teuthology.orchestra.run.trial076.stdout:/usr/bin/ceph: stderr
2026-02-19T22:33:46.615+0000 7fde5bfff640 1 --2- 10.20.193.76:0/3532585352 >> [v2:10.20.193.76:6800/1369893957,v1:10.20.193.76:6801/1369893957] conn(0x7fde4003dbf0 0x7fde400400b0 secure :-1 s=READY pgs=14 cs=0 l=1 rev1=1 crypto rx=0x7fde4c0099c0 tx=0x7fde4c006eb0 comp rx=0 tx=0).ready entity=mgr.14118 client_cookie=0 server_cookie=0 in_seq=0 out_seq=0
2026-02-19T22:33:46.738 INFO:teuthology.orchestra.run.trial076.stdout:/usr/bin/ceph: stderr
2026-02-19T22:33:46.617+0000 7fde59ffb640 1 -- 10.20.193.76:0/3532585352 <== mon.0 v2:10.20.193.76:3300/0 6 ==== mon_command_ack([{"prefix": "get_command_descriptions"}]=0 v0) ==== 72+0+195034 (secure 0 0 0) 0x7fde540342a0 con 0x7fde6407eed0
2026-02-19T22:33:46.738 INFO:teuthology.orchestra.run.trial076.stdout:/usr/bin/ceph: stderr
2026-02-19T22:33:46.703+0000 7fde6b245640 1 -- 10.20.193.76:0/3532585352 --> [v2:10.20.193.76:3300/0,v1:10.20.193.76:6789/0] -- mon_command([{prefix=config set, name=mgr/cephadm/container_init}] v 0) -- 0x7fde641a3e10 con 0x7fde6407eed0
2026-02-19T22:33:46.738 INFO:teuthology.orchestra.run.trial076.stdout:/usr/bin/ceph: stderr
2026-02-19T22:33:46.704+0000 7fde59ffb640 1 -- 10.20.193.76:0/3532585352 <== mon.0 v2:10.20.193.76:3300/0 7 ==== mon_command_ack([{prefix=config set, name=mgr/cephadm/container_init}]=0 v7)=0 v7) ==== 142+0+0 (secure 0 0 0) 0x7fde54033c90 con 0x7fde6407eed0
2026-02-19T22:33:46.738 INFO:teuthology.orchestra.run.trial076.stdout:/usr/bin/ceph: stderr
2026-02-19T22:33:46.706+0000 7fde6b245640 1 -- 10.20.193.76:0/3532585352 >> [v2:10.20.193.76:6800/1369893957,v1:10.20.193.76:6801/1369893957] conn(0x7fde4003dbf0 msgr2=0x7fde400400b0 secure :-1 s=STATE_CONNECTION_ESTABLISHED l=1).mark_down
2026-02-19T22:33:46.738 INFO:teuthology.orchestra.run.trial076.stdout:/usr/bin/ceph: stderr
2026-02-19T22:33:46.706+0000 7fde6b245640 1 --2- 10.20.193.76:0/3532585352 >> [v2:10.20.193.76:6800/1369893957,v1:10.20.193.76:6801/1369893957] conn(0x7fde4003dbf0 0x7fde400400b0 secure :-1 s=READY pgs=14 cs=0 l=1 rev1=1 crypto rx=0x7fde4c0099c0 tx=0x7fde4c006eb0 comp rx=0 tx=0).stop
2026-02-19T22:33:46.739 INFO:teuthology.orchestra.run.trial076.stdout:/usr/bin/ceph: stderr
2026-02-19T22:33:46.706+0000 7fde6b245640 1 -- 10.20.193.76:0/3532585352 >> [v2:10.20.193.76:3300/0,v1:10.20.193.76:6789/0] conn(0x7fde6407eed0 msgr2=0x7fde641a02d0 secure :-1 s=STATE_CONNECTION_ESTABLISHED l=1).mark_down
2026-02-19T22:33:46.739 INFO:teuthology.orchestra.run.trial076.stdout:/usr/bin/ceph: stderr
2026-02-19T22:33:46.706+0000 7fde6b245640 1 --2- 10.20.193.76:0/3532585352 >> [v2:10.20.193.76:3300/0,v1:10.20.193.76:6789/0] conn(0x7fde6407eed0 0x7fde641a02d0 secure :-1 s=READY pgs=50 cs=0 l=1 rev1=1 crypto rx=0x7fde54039000 tx=0x7fde54037820 comp rx=0 tx=0).stop
2026-02-19T22:33:46.739 INFO:teuthology.orchestra.run.trial076.stdout:/usr/bin/ceph: stderr
2026-02-19T22:33:46.706+0000 7fde6b245640 1 -- 10.20.193.76:0/3532585352 shutdown_connections
2026-02-19T22:33:46.739 INFO:teuthology.orchestra.run.trial076.stdout:/usr/bin/ceph: stderr
2026-02-19T22:33:46.706+0000 7fde6b245640 1 --2- 10.20.193.76:0/3532585352 >> [v2:10.20.193.76:6800/1369893957,v1:10.20.193.76:6801/1369893957] conn(0x7fde4003dbf0 0x7fde400400b0 unknown :-1 s=CLOSED pgs=14 cs=0 l=1 rev1=1 crypto rx=0 tx=0 comp rx=0 tx=0).stop
2026-02-19T22:33:46.739 INFO:teuthology.orchestra.run.trial076.stdout:/usr/bin/ceph: stderr
2026-02-19T22:33:46.706+0000 7fde6b245640 1 --2- 10.20.193.76:0/3532585352 >> [v2:10.20.193.76:3300/0,v1:10.20.193.76:6789/0] conn(0x7fde6407eed0 0x7fde641a02d0 unknown :-1 s=CLOSED pgs=50 cs=0 l=1 rev1=1 crypto rx=0 tx=0 comp rx=0 tx=0).stop
2026-02-19T22:33:46.739 INFO:teuthology.orchestra.run.trial076.stdout:/usr/bin/ceph: stderr
2026-02-19T22:33:46.706+0000 7fde6b245640 1 -- 10.20.193.76:0/3532585352 >> 10.20.193.76:0/3532585352 conn(0x7fde64103940 msgr2=0x7fde641044f0 unknown :-1 s=STATE_NONE l=0).mark_down
2026-02-19T22:33:46.739 INFO:teuthology.orchestra.run.trial076.stdout:/usr/bin/ceph: stderr
2026-02-19T22:33:46.706+0000 7fde6b245640 1 -- 10.20.193.76:0/3532585352 shutdown_connections
2026-02-19T22:33:46.739 INFO:teuthology.orchestra.run.trial076.stdout:/usr/bin/ceph: stderr
2026-02-19T22:33:46.706+0000 7fde6b245640 1 -- 10.20.193.76:0/3532585352 wait complete.
2026-02-19T22:33:47.398 INFO:teuthology.orchestra.run.trial076.stdout:/usr/bin/ceph: stderr
2026-02-19T22:33:46.826+0000 7f79ef9ff640 1 Processor -- start
2026-02-19T22:33:47.398 INFO:teuthology.orchestra.run.trial076.stdout:/usr/bin/ceph: stderr
2026-02-19T22:33:46.826+0000 7f79ef9ff640 1 -- start start
2026-02-19T22:33:47.398 INFO:teuthology.orchestra.run.trial076.stdout:/usr/bin/ceph: stderr
2026-02-19T22:33:46.826+0000 7f79ef9ff640 1 --2- >> [v2:10.20.193.76:3300/0,v1:10.20.193.76:6789/0] conn(0x7f79e807eed0 0x7f79e807d330 unknown :-1 s=NONE pgs=0 cs=0 l=0 rev1=0 crypto rx=0 tx=0 comp rx=0 tx=0).connect
2026-02-19T22:33:47.398 INFO:teuthology.orchestra.run.trial076.stdout:/usr/bin/ceph: stderr
2026-02-19T22:33:46.826+0000 7f79ef9ff640 1 -- --> [v2:10.20.193.76:3300/0,v1:10.20.193.76:6789/0] -- mon_getmap magic: 0 -- 0x7f79e807d870 con 0x7f79e807eed0
2026-02-19T22:33:47.398 INFO:teuthology.orchestra.run.trial076.stdout:/usr/bin/ceph: stderr
2026-02-19T22:33:46.826+0000 7f79ed774640 1 --2- >> [v2:10.20.193.76:3300/0,v1:10.20.193.76:6789/0] conn(0x7f79e807eed0 0x7f79e807d330 unknown :-1 s=BANNER_CONNECTING pgs=0 cs=0 l=0 rev1=0 crypto rx=0 tx=0 comp rx=0 tx=0)._handle_peer_banner_payload supported=3 required=0
2026-02-19T22:33:47.398 INFO:teuthology.orchestra.run.trial076.stdout:/usr/bin/ceph: stderr
2026-02-19T22:33:46.826+0000 7f79ed774640 1 --2- >> [v2:10.20.193.76:3300/0,v1:10.20.193.76:6789/0] conn(0x7f79e807eed0 0x7f79e807d330 unknown :-1 s=HELLO_CONNECTING pgs=0 cs=0 l=0 rev1=1 crypto rx=0 tx=0 comp rx=0 tx=0).handle_hello peer v2:10.20.193.76:3300/0 says I am v2:10.20.193.76:60120/0 (socket says 10.20.193.76:60120)
