2026-02-19T22:37:45.404 INFO:teuthology.orchestra.run.trial017.stdout:/usr/bin/ceph: stderr
2026-02-19T22:37:45.222+0000 7f70b27fc640 1 -- 10.20.193.17:0/2902503710 <== mon.0 v2:10.20.193.17:3300/0 1 ==== mon_map magic: 0 ==== 205+0+0 (secure 0 0 0) 0x7f70a003c070 con 0x7f70b410a180
2026-02-19T22:37:45.404 INFO:teuthology.orchestra.run.trial017.stdout:/usr/bin/ceph: stderr
2026-02-19T22:37:45.222+0000 7f70b27fc640 1 -- 10.20.193.17:0/2902503710 <== mon.0 v2:10.20.193.17:3300/0 2 ==== config(26 keys) ==== 1045+0+0 (secure 0 0 0) 0x7f70a0037440 con 0x7f70b410a180
2026-02-19T22:37:45.404 INFO:teuthology.orchestra.run.trial017.stdout:/usr/bin/ceph: stderr
2026-02-19T22:37:45.222+0000 7f70b27fc640 1 -- 10.20.193.17:0/2902503710 <== mon.0 v2:10.20.193.17:3300/0 3 ==== mon_map magic: 0 ==== 205+0+0 (secure 0 0 0) 0x7f70a00354b0 con 0x7f70b410a180
2026-02-19T22:37:45.404 INFO:teuthology.orchestra.run.trial017.stdout:/usr/bin/ceph: stderr
2026-02-19T22:37:45.222+0000 7f70b8c0e640 1 -- 10.20.193.17:0/2902503710 >> [v2:10.20.193.17:3300/0,v1:10.20.193.17:6789/0] conn(0x7f70b410a180 msgr2=0x7f70b410a580 secure :-1 s=STATE_CONNECTION_ESTABLISHED l=1).mark_down
2026-02-19T22:37:45.404 INFO:teuthology.orchestra.run.trial017.stdout:/usr/bin/ceph: stderr
2026-02-19T22:37:45.222+0000 7f70b8c0e640 1 --2- 10.20.193.17:0/2902503710 >> [v2:10.20.193.17:3300/0,v1:10.20.193.17:6789/0] conn(0x7f70b410a180 0x7f70b410a580 secure :-1 s=READY pgs=41 cs=0 l=1 rev1=1 crypto rx=0x7f70a0009920 tx=0x7f70a002ef20 comp rx=0 tx=0).stop
2026-02-19T22:37:45.404 INFO:teuthology.orchestra.run.trial017.stdout:/usr/bin/ceph: stderr
2026-02-19T22:37:45.222+0000 7f70b8c0e640 1 -- 10.20.193.17:0/2902503710 shutdown_connections
2026-02-19T22:37:45.405 INFO:teuthology.orchestra.run.trial017.stdout:/usr/bin/ceph: stderr
2026-02-19T22:37:45.222+0000 7f70b8c0e640 1 --2- 10.20.193.17:0/2902503710 >> [v2:10.20.193.17:3300/0,v1:10.20.193.17:6789/0] conn(0x7f70b410a180 0x7f70b410a580 unknown :-1 s=CLOSED pgs=41 cs=0 l=1 rev1=1 crypto rx=0 tx=0 comp rx=0 tx=0).stop
2026-02-19T22:37:45.405 INFO:teuthology.orchestra.run.trial017.stdout:/usr/bin/ceph: stderr
2026-02-19T22:37:45.222+0000 7f70b8c0e640 1 -- 10.20.193.17:0/2902503710 >> 10.20.193.17:0/2902503710 conn(0x7f70b407d770 msgr2=0x7f70b407db80 unknown :-1 s=STATE_NONE l=0).mark_down
2026-02-19T22:37:45.405 INFO:teuthology.orchestra.run.trial017.stdout:/usr/bin/ceph: stderr
2026-02-19T22:37:45.222+0000 7f70b8c0e640 1 -- 10.20.193.17:0/2902503710 shutdown_connections
2026-02-19T22:37:45.405 INFO:teuthology.orchestra.run.trial017.stdout:/usr/bin/ceph: stderr
2026-02-19T22:37:45.222+0000 7f70b8c0e640 1 -- 10.20.193.17:0/2902503710 wait complete.
2026-02-19T22:37:45.405 INFO:teuthology.orchestra.run.trial017.stdout:/usr/bin/ceph: stderr
2026-02-19T22:37:45.223+0000 7f70b8c0e640 1 Processor -- start
2026-02-19T22:37:45.405 INFO:teuthology.orchestra.run.trial017.stdout:/usr/bin/ceph: stderr
2026-02-19T22:37:45.223+0000 7f70b8c0e640 1 -- start start
2026-02-19T22:37:45.405 INFO:teuthology.orchestra.run.trial017.stdout:/usr/bin/ceph: stderr
2026-02-19T22:37:45.223+0000 7f70b8c0e640 1 --2- >> [v2:10.20.193.17:3300/0,v1:10.20.193.17:6789/0] conn(0x7f70b410a180 0x7f70b41a0060 unknown :-1 s=NONE pgs=0 cs=0 l=1 rev1=0 crypto rx=0 tx=0 comp rx=0 tx=0).connect
2026-02-19T22:37:45.405 INFO:teuthology.orchestra.run.trial017.stdout:/usr/bin/ceph: stderr
2026-02-19T22:37:45.223+0000 7f70b8c0e640 1 -- --> [v2:10.20.193.17:3300/0,v1:10.20.193.17:6789/0] -- mon_getmap magic: 0 -- 0x7f70b410e560 con 0x7f70b410a180
2026-02-19T22:37:45.405 INFO:teuthology.orchestra.run.trial017.stdout:/usr/bin/ceph: stderr
2026-02-19T22:37:45.224+0000 7f70b37fe640 1 --2- >> [v2:10.20.193.17:3300/0,v1:10.20.193.17:6789/0] conn(0x7f70b410a180 0x7f70b41a0060 unknown :-1 s=BANNER_CONNECTING pgs=0 cs=0 l=1 rev1=0 crypto rx=0 tx=0 comp rx=0 tx=0)._handle_peer_banner_payload supported=3 required=0
2026-02-19T22:37:45.405 INFO:teuthology.orchestra.run.trial017.stdout:/usr/bin/ceph: stderr
2026-02-19T22:37:45.224+0000 7f70b37fe640 1 --2- >> [v2:10.20.193.17:3300/0,v1:10.20.193.17:6789/0] conn(0x7f70b410a180 0x7f70b41a0060 unknown :-1 s=HELLO_CONNECTING pgs=0 cs=0 l=1 rev1=1 crypto rx=0 tx=0 comp rx=0 tx=0).handle_hello peer v2:10.20.193.17:3300/0 says I am v2:10.20.193.17:47208/0 (socket says 10.20.193.17:47208)
2026-02-19T22:37:45.405 INFO:teuthology.orchestra.run.trial017.stdout:/usr/bin/ceph: stderr
2026-02-19T22:37:45.224+0000 7f70b37fe640 1 -- 10.20.193.17:0/1931802042 learned_addr learned my addr 10.20.193.17:0/1931802042 (peer_addr_for_me v2:10.20.193.17:0/0)
2026-02-19T22:37:45.405 INFO:teuthology.orchestra.run.trial017.stdout:/usr/bin/ceph: stderr
2026-02-19T22:37:45.224+0000 7f70b37fe640 1 -- 10.20.193.17:0/1931802042 --> [v2:10.20.193.17:3300/0,v1:10.20.193.17:6789/0] -- mon_subscribe({config=0+,monmap=0+}) -- 0x7f70b41a05a0 con 0x7f70b410a180
2026-02-19T22:37:45.406 INFO:teuthology.orchestra.run.trial017.stdout:/usr/bin/ceph: stderr
2026-02-19T22:37:45.224+0000 7f70b37fe640 1 --2- 10.20.193.17:0/1931802042 >> [v2:10.20.193.17:3300/0,v1:10.20.193.17:6789/0] conn(0x7f70b410a180 0x7f70b41a0060 secure :-1 s=READY pgs=42 cs=0 l=1 rev1=1 crypto rx=0x7f70a0006fd0 tx=0x7f70a0037bb0 comp rx=0 tx=0).ready entity=mon.0 client_cookie=0 server_cookie=0 in_seq=0 out_seq=0
2026-02-19T22:37:45.406 INFO:teuthology.orchestra.run.trial017.stdout:/usr/bin/ceph: stderr
2026-02-19T22:37:45.224+0000 7f70b0ff9640 1 -- 10.20.193.17:0/1931802042 <== mon.0 v2:10.20.193.17:3300/0 1 ==== mon_map magic: 0 ==== 205+0+0 (secure 0 0 0) 0x7f70a0045070 con 0x7f70b410a180
2026-02-19T22:37:45.406 INFO:teuthology.orchestra.run.trial017.stdout:/usr/bin/ceph: stderr
2026-02-19T22:37:45.224+0000 7f70b0ff9640 1 -- 10.20.193.17:0/1931802042 <== mon.0 v2:10.20.193.17:3300/0 2 ==== config(26 keys) ==== 1045+0+0 (secure 0 0 0) 0x7f70a0040450 con 0x7f70b410a180
2026-02-19T22:37:45.406 INFO:teuthology.orchestra.run.trial017.stdout:/usr/bin/ceph: stderr
2026-02-19T22:37:45.224+0000 7f70b0ff9640 1 -- 10.20.193.17:0/1931802042 <== mon.0 v2:10.20.193.17:3300/0 3 ==== mon_map magic: 0 ==== 205+0+0 (secure 0 0 0) 0x7f70a003c070 con 0x7f70b410a180
2026-02-19T22:37:45.406 INFO:teuthology.orchestra.run.trial017.stdout:/usr/bin/ceph: stderr
2026-02-19T22:37:45.224+0000 7f70b8c0e640 1 -- 10.20.193.17:0/1931802042 --> [v2:10.20.193.17:3300/0,v1:10.20.193.17:6789/0] -- mon_subscribe({mgrmap=0+}) -- 0x7f70b41a0830 con 0x7f70b410a180
2026-02-19T22:37:45.406 INFO:teuthology.orchestra.run.trial017.stdout:/usr/bin/ceph: stderr
2026-02-19T22:37:45.224+0000 7f70b8c0e640 1 -- 10.20.193.17:0/1931802042 --> [v2:10.20.193.17:3300/0,v1:10.20.193.17:6789/0] -- mon_subscribe({osdmap=0}) -- 0x7f70b41a3520 con 0x7f70b410a180
2026-02-19T22:37:45.406 INFO:teuthology.orchestra.run.trial017.stdout:/usr/bin/ceph: stderr
2026-02-19T22:37:45.225+0000 7f70b8c0e640 1 -- 10.20.193.17:0/1931802042 --> [v2:10.20.193.17:3300/0,v1:10.20.193.17:6789/0] -- mon_command({"prefix": "get_command_descriptions"} v 0) -- 0x7f70b410a600 con 0x7f70b410a180
2026-02-19T22:37:45.406 INFO:teuthology.orchestra.run.trial017.stdout:/usr/bin/ceph: stderr
2026-02-19T22:37:45.225+0000 7f70b0ff9640 1 -- 10.20.193.17:0/1931802042 <== mon.0 v2:10.20.193.17:3300/0 4 ==== mgrmap(e 7) ==== 50141+0+0 (secure 0 0 0) 0x7f70a0040900 con 0x7f70b410a180
2026-02-19T22:37:45.406 INFO:teuthology.orchestra.run.trial017.stdout:/usr/bin/ceph: stderr
2026-02-19T22:37:45.226+0000 7f70b0ff9640 1 --2- 10.20.193.17:0/1931802042 >> [v2:10.20.193.17:6800/2048083250,v1:10.20.193.17:6801/2048083250] conn(0x7f708803dad0 0x7f708803ff90 unknown :-1 s=NONE pgs=0 cs=0 l=1 rev1=0 crypto rx=0 tx=0 comp rx=0 tx=0).connect
2026-02-19T22:37:45.406 INFO:teuthology.orchestra.run.trial017.stdout:/usr/bin/ceph: stderr
2026-02-19T22:37:45.226+0000 7f70b0ff9640 1 -- 10.20.193.17:0/1931802042 <== mon.0 v2:10.20.193.17:3300/0 5 ==== osd_map(2..2 src has 1..2) ==== 940+0+0 (secure 0 0 0) 0x7f70a0076550 con 0x7f70b410a180
2026-02-19T22:37:45.406 INFO:teuthology.orchestra.run.trial017.stdout:/usr/bin/ceph: stderr
2026-02-19T22:37:45.226+0000 7f70b2ffd640 1 --2- 10.20.193.17:0/1931802042 >> [v2:10.20.193.17:6800/2048083250,v1:10.20.193.17:6801/2048083250] conn(0x7f708803dad0 0x7f708803ff90 unknown :-1 s=BANNER_CONNECTING pgs=0 cs=0 l=1 rev1=0 crypto rx=0 tx=0 comp rx=0 tx=0)._handle_peer_banner_payload supported=3 required=0
2026-02-19T22:37:45.406 INFO:teuthology.orchestra.run.trial017.stdout:/usr/bin/ceph: stderr
2026-02-19T22:37:45.226+0000 7f70b2ffd640 1 --2- 10.20.193.17:0/1931802042 >> [v2:10.20.193.17:6800/2048083250,v1:10.20.193.17:6801/2048083250] conn(0x7f708803dad0 0x7f708803ff90 secure :-1 s=READY pgs=10 cs=0 l=1 rev1=1 crypto rx=0x7f70a40099c0 tx=0x7f70a4006eb0 comp rx=0 tx=0).ready entity=mgr.14118 client_cookie=0 server_cookie=0 in_seq=0 out_seq=0
2026-02-19T22:37:45.407 INFO:teuthology.orchestra.run.trial017.stdout:/usr/bin/ceph: stderr
2026-02-19T22:37:45.228+0000 7f70b0ff9640 1 -- 10.20.193.17:0/1931802042 <== mon.0 v2:10.20.193.17:3300/0 6 ==== mon_command_ack([{"prefix": "get_command_descriptions"}]=0 v0) ==== 72+0+195034 (secure 0 0 0) 0x7f70a003fe40 con 0x7f70b410a180
2026-02-19T22:37:45.407 INFO:teuthology.orchestra.run.trial017.stdout:/usr/bin/ceph: stderr
2026-02-19T22:37:45.281+0000 7f70b0ff9640 1 -- 10.20.193.17:0/1931802042 <== mon.0 v2:10.20.193.17:3300/0 7 ==== mgrmap(e 8) ==== 50247+0+0 (secure 0 0 0) 0x7f70a0035aa0 con 0x7f70b410a180
2026-02-19T22:37:45.407 INFO:teuthology.orchestra.run.trial017.stdout:/usr/bin/ceph: stderr
2026-02-19T22:37:45.319+0000 7f70b8c0e640 1 -- 10.20.193.17:0/1931802042 --> [v2:10.20.193.17:6800/2048083250,v1:10.20.193.17:6801/2048083250] -- mgr_command(tid 0: {"prefix": "cephadm get-pub-key", "target": ["mon-mgr", ""]}) -- 0x7f70b4107ed0 con 0x7f708803dad0
2026-02-19T22:37:45.407 INFO:teuthology.orchestra.run.trial017.stdout:/usr/bin/ceph: stderr
2026-02-19T22:37:45.320+0000 7f70b0ff9640 1 -- 10.20.193.17:0/1931802042 <== mgr.14118 v2:10.20.193.17:6800/2048083250 1 ==== mgr_command_reply(tid 0: 0 ) ==== 8+0+123 (secure 0 0 0) 0x7f70b4107ed0 con 0x7f708803dad0
2026-02-19T22:37:45.407 INFO:teuthology.orchestra.run.trial017.stdout:/usr/bin/ceph: stderr
2026-02-19T22:37:45.321+0000 7f70b8c0e640 1 -- 10.20.193.17:0/1931802042 >> [v2:10.20.193.17:6800/2048083250,v1:10.20.193.17:6801/2048083250] conn(0x7f708803dad0 msgr2=0x7f708803ff90 secure :-1 s=STATE_CONNECTION_ESTABLISHED l=1).mark_down
2026-02-19T22:37:45.407 INFO:teuthology.orchestra.run.trial017.stdout:/usr/bin/ceph: stderr
2026-02-19T22:37:45.321+0000 7f70b8c0e640 1 --2- 10.20.193.17:0/1931802042 >> [v2:10.20.193.17:6800/2048083250,v1:10.20.193.17:6801/2048083250] conn(0x7f708803dad0 0x7f708803ff90 secure :-1 s=READY pgs=10 cs=0 l=1 rev1=1 crypto rx=0x7f70a40099c0 tx=0x7f70a4006eb0 comp rx=0 tx=0).stop
2026-02-19T22:37:45.407 INFO:teuthology.orchestra.run.trial017.stdout:/usr/bin/ceph: stderr
2026-02-19T22:37:45.321+0000 7f70b8c0e640 1 -- 10.20.193.17:0/1931802042 >> [v2:10.20.193.17:3300/0,v1:10.20.193.17:6789/0] conn(0x7f70b410a180 msgr2=0x7f70b41a0060 secure :-1 s=STATE_CONNECTION_ESTABLISHED l=1).mark_down
2026-02-19T22:37:45.407 INFO:teuthology.orchestra.run.trial017.stdout:/usr/bin/ceph: stderr
2026-02-19T22:37:45.321+0000 7f70b8c0e640 1 --2- 10.20.193.17:0/1931802042 >> [v2:10.20.193.17:3300/0,v1:10.20.193.17:6789/0] conn(0x7f70b410a180 0x7f70b41a0060 secure :-1 s=READY pgs=42 cs=0 l=1 rev1=1 crypto rx=0x7f70a0006fd0 tx=0x7f70a0037bb0 comp rx=0 tx=0).stop
2026-02-19T22:37:45.407 INFO:teuthology.orchestra.run.trial017.stdout:/usr/bin/ceph: stderr
2026-02-19T22:37:45.321+0000 7f70b8c0e640 1 -- 10.20.193.17:0/1931802042 shutdown_connections
2026-02-19T22:37:45.407 INFO:teuthology.orchestra.run.trial017.stdout:/usr/bin/ceph: stderr
2026-02-19T22:37:45.321+0000 7f70b8c0e640 1 --2- 10.20.193.17:0/1931802042 >> [v2:10.20.193.17:6800/2048083250,v1:10.20.193.17:6801/2048083250] conn(0x7f708803dad0 0x7f708803ff90 unknown :-1 s=CLOSED pgs=10 cs=0 l=1 rev1=1 crypto rx=0 tx=0 comp rx=0 tx=0).stop
2026-02-19T22:37:45.407 INFO:teuthology.orchestra.run.trial017.stdout:/usr/bin/ceph: stderr
2026-02-19T22:37:45.321+0000 7f70b8c0e640 1 --2- 10.20.193.17:0/1931802042 >> [v2:10.20.193.17:3300/0,v1:10.20.193.17:6789/0] conn(0x7f70b410a180 0x7f70b41a0060 unknown :-1 s=CLOSED pgs=42 cs=0 l=1 rev1=1 crypto rx=0 tx=0 comp rx=0 tx=0).stop
2026-02-19T22:37:45.407 INFO:teuthology.orchestra.run.trial017.stdout:/usr/bin/ceph: stderr
2026-02-19T22:37:45.321+0000 7f70b8c0e640 1 -- 10.20.193.17:0/1931802042 >> 10.20.193.17:0/1931802042 conn(0x7f70b407d770 msgr2=0x7f70b41077c0 unknown :-1 s=STATE_NONE l=0).mark_down
2026-02-19T22:37:45.408 INFO:teuthology.orchestra.run.trial017.stdout:/usr/bin/ceph: stderr
2026-02-19T22:37:45.321+0000 7f70b8c0e640 1 -- 10.20.193.17:0/1931802042 shutdown_connections
2026-02-19T22:37:45.408 INFO:teuthology.orchestra.run.trial017.stdout:/usr/bin/ceph: stderr
2026-02-19T22:37:45.321+0000 7f70b8c0e640 1 -- 10.20.193.17:0/1931802042 wait complete.
2026-02-19T22:37:45.408 INFO:teuthology.orchestra.run.trial017.stdout:Wrote public SSH key to /home/ubuntu/cephtest/ceph.pub
2026-02-19T22:37:45.408 INFO:teuthology.orchestra.run.trial017.stdout:Adding key to root@localhost authorized_keys...
2026-02-19T22:37:45.408 INFO:teuthology.orchestra.run.trial017.stdout:Adding host trial017...
2026-02-19T22:37:45.474 INFO:journalctl@ceph.mon.a.trial017.stdout:Feb 19 22:37:45 trial017 ceph-mon[38537]: [19/Feb/2026:22:37:43] ENGINE Bus STARTING
2026-02-19T22:37:45.474 INFO:journalctl@ceph.mon.a.trial017.stdout:Feb 19 22:37:45 trial017 ceph-mon[38537]: [19/Feb/2026:22:37:43] ENGINE Serving on https://10.20.193.17:7150
2026-02-19T22:37:45.475 INFO:journalctl@ceph.mon.a.trial017.stdout:Feb 19 22:37:45 trial017 ceph-mon[38537]: [19/Feb/2026:22:37:43] ENGINE Client ('10.20.193.17', 47542) lost — peer dropped the TLS connection suddenly, during handshake: (6, 'TLS/SSL connection has been closed (EOF) (_ssl.c:1147)')
2026-02-19T22:37:45.475 INFO:journalctl@ceph.mon.a.trial017.stdout:Feb 19 22:37:45 trial017 ceph-mon[38537]: [19/Feb/2026:22:37:43] ENGINE Serving on http://10.20.193.17:8765
2026-02-19T22:37:45.475 INFO:journalctl@ceph.mon.a.trial017.stdout:Feb 19 22:37:45 trial017 ceph-mon[38537]: [19/Feb/2026:22:37:43] ENGINE Bus STARTED
2026-02-19T22:37:45.475 INFO:journalctl@ceph.mon.a.trial017.stdout:Feb 19 22:37:45 trial017 ceph-mon[38537]: from='client.14122 -' entity='client.admin' cmd=[{"prefix": "get_command_descriptions"}]: dispatch
2026-02-19T22:37:45.475 INFO:journalctl@ceph.mon.a.trial017.stdout:Feb 19 22:37:45 trial017 ceph-mon[38537]: from='client.14122 -' entity='client.admin' cmd=[{"prefix": "mgr_status"}]: dispatch
2026-02-19T22:37:45.475 INFO:journalctl@ceph.mon.a.trial017.stdout:Feb 19 22:37:45 trial017 ceph-mon[38537]: from='client.14130 -' entity='client.admin' cmd=[{"prefix": "orch set backend", "module_name": "cephadm", "target": ["mon-mgr", ""]}]: dispatch
2026-02-19T22:37:45.475 INFO:journalctl@ceph.mon.a.trial017.stdout:Feb 19 22:37:45 trial017 ceph-mon[38537]: from='mgr.14118 10.20.193.17:0/3728817382' entity='mgr.x'
2026-02-19T22:37:45.475 INFO:journalctl@ceph.mon.a.trial017.stdout:Feb 19 22:37:45 trial017 ceph-mon[38537]: from='mgr.14118 10.20.193.17:0/3728817382' entity='mgr.x' cmd=[{"prefix": "config dump", "format": "json"}]: dispatch
2026-02-19T22:37:45.475 INFO:journalctl@ceph.mon.a.trial017.stdout:Feb 19 22:37:45 trial017 ceph-mon[38537]: from='mgr.14118 10.20.193.17:0/3728817382' entity='mgr.x'
2026-02-19T22:37:45.476 INFO:journalctl@ceph.mon.a.trial017.stdout:Feb 19 22:37:45 trial017 ceph-mon[38537]: from='mgr.14118 10.20.193.17:0/3728817382' entity='mgr.x'
2026-02-19T22:37:46.539 INFO:journalctl@ceph.mon.a.trial017.stdout:Feb 19 22:37:46 trial017 ceph-mon[38537]: from='client.14132 -' entity='client.admin' cmd=[{"prefix": "cephadm set-user", "user": "root", "target": ["mon-mgr", ""]}]: dispatch
2026-02-19T22:37:46.539 INFO:journalctl@ceph.mon.a.trial017.stdout:Feb 19 22:37:46 trial017 ceph-mon[38537]: from='client.14134 -' entity='client.admin' cmd=[{"prefix": "cephadm generate-key", "target": ["mon-mgr", ""]}]: dispatch
2026-02-19T22:37:46.539 INFO:journalctl@ceph.mon.a.trial017.stdout:Feb 19 22:37:46 trial017 ceph-mon[38537]: Generating ssh key...
2026-02-19T22:37:46.539 INFO:journalctl@ceph.mon.a.trial017.stdout:Feb 19 22:37:46 trial017 ceph-mon[38537]: mgrmap e8: x(active, since 2s)
2026-02-19T22:37:47.562 INFO:journalctl@ceph.mon.a.trial017.stdout:Feb 19 22:37:47 trial017 ceph-mon[38537]: from='client.14136 -' entity='client.admin' cmd=[{"prefix": "cephadm get-pub-key", "target": ["mon-mgr", ""]}]: dispatch
2026-02-19T22:37:47.562 INFO:journalctl@ceph.mon.a.trial017.stdout:Feb 19 22:37:47 trial017 ceph-mon[38537]: from='client.14138 -' entity='client.admin' cmd=[{"prefix": "orch host add", "hostname": "trial017", "addr": "10.20.193.17", "target": ["mon-mgr", ""]}]: dispatch
2026-02-19T22:37:47.562 INFO:journalctl@ceph.mon.a.trial017.stdout:Feb 19 22:37:47 trial017 ceph-mon[38537]: Deploying cephadm binary to trial017
2026-02-19T22:37:47.676 INFO:teuthology.orchestra.run.trial017.stdout:/usr/bin/ceph: stdout Added host 'trial017' with addr '10.20.193.17'
2026-02-19T22:37:47.676 INFO:teuthology.orchestra.run.trial017.stdout:/usr/bin/ceph: stderr
2026-02-19T22:37:45.558+0000 7f88d7d82640 1 Processor -- start
2026-02-19T22:37:47.676 INFO:teuthology.orchestra.run.trial017.stdout:/usr/bin/ceph: stderr
2026-02-19T22:37:45.558+0000 7f88d7d82640 1 -- start start
2026-02-19T22:37:47.676 INFO:teuthology.orchestra.run.trial017.stdout:/usr/bin/ceph: stderr
2026-02-19T22:37:45.558+0000 7f88d7d82640 1 --2- >> [v2:10.20.193.17:3300/0,v1:10.20.193.17:6789/0] conn(0x7f88d010a300 0x7f88d010a720 unknown :-1 s=NONE pgs=0 cs=0 l=0 rev1=0 crypto rx=0 tx=0 comp rx=0 tx=0).connect
2026-02-19T22:37:47.677 INFO:teuthology.orchestra.run.trial017.stdout:/usr/bin/ceph: stderr
2026-02-19T22:37:45.558+0000 7f88d7d82640 1 -- --> [v2:10.20.193.17:3300/0,v1:10.20.193.17:6789/0] -- mon_getmap magic: 0 -- 0x7f88d010acf0 con 0x7f88d010a300
2026-02-19T22:37:47.677 INFO:teuthology.orchestra.run.trial017.stdout:/usr/bin/ceph: stderr
2026-02-19T22:37:45.558+0000 7f88d5af7640 1 --2- >> [v2:10.20.193.17:3300/0,v1:10.20.193.17:6789/0] conn(0x7f88d010a300 0x7f88d010a720 unknown :-1 s=BANNER_CONNECTING pgs=0 cs=0 l=0 rev1=0 crypto rx=0 tx=0 comp rx=0 tx=0)._handle_peer_banner_payload supported=3 required=0
2026-02-19T22:37:47.677 INFO:teuthology.orchestra.run.trial017.stdout:/usr/bin/ceph: stderr
2026-02-19T22:37:45.558+0000 7f88d5af7640 1 --2- >> [v2:10.20.193.17:3300/0,v1:10.20.193.17:6789/0] conn(0x7f88d010a300 0x7f88d010a720 unknown :-1 s=HELLO_CONNECTING pgs=0 cs=0 l=0 rev1=1 crypto rx=0 tx=0 comp rx=0 tx=0).handle_hello peer v2:10.20.193.17:3300/0 says I am v2:10.20.193.17:47224/0 (socket says 10.20.193.17:47224)
2026-02-19T22:37:47.677 INFO:teuthology.orchestra.run.trial017.stdout:/usr/bin/ceph: stderr
2026-02-19T22:37:45.558+0000 7f88d5af7640 1 -- 10.20.193.17:0/908790353 learned_addr learned my addr 10.20.193.17:0/908790353 (peer_addr_for_me v2:10.20.193.17:0/0)
2026-02-19T22:37:47.677 INFO:teuthology.orchestra.run.trial017.stdout:/usr/bin/ceph: stderr
2026-02-19T22:37:45.559+0000 7f88d5af7640 1 -- 10.20.193.17:0/908790353 --> [v2:10.20.193.17:3300/0,v1:10.20.193.17:6789/0] -- mon_subscribe({config=0+,monmap=0+}) -- 0x7f88d010b500 con 0x7f88d010a300
2026-02-19T22:37:47.677 INFO:teuthology.orchestra.run.trial017.stdout:/usr/bin/ceph: stderr
2026-02-19T22:37:45.559+0000 7f88d5af7640 1 --2- 10.20.193.17:0/908790353 >> [v2:10.20.193.17:3300/0,v1:10.20.193.17:6789/0] conn(0x7f88d010a300 0x7f88d010a720 secure :-1 s=READY pgs=43 cs=0 l=1 rev1=1 crypto rx=0x7f88c0009920 tx=0x7f88c002ef20 comp rx=0 tx=0).ready entity=mon.0 client_cookie=3d12d006c7e478f8 server_cookie=0 in_seq=0 out_seq=0
2026-02-19T22:37:47.677 INFO:teuthology.orchestra.run.trial017.stdout:/usr/bin/ceph: stderr
2026-02-19T22:37:45.559+0000 7f88d4af5640 1 -- 10.20.193.17:0/908790353 <== mon.0 v2:10.20.193.17:3300/0 1 ==== mon_map magic: 0 ==== 205+0+0 (secure 0 0 0) 0x7f88c003c070 con 0x7f88d010a300
2026-02-19T22:37:47.677 INFO:teuthology.orchestra.run.trial017.stdout:/usr/bin/ceph: stderr
2026-02-19T22:37:45.560+0000 7f88d4af5640 1 -- 10.20.193.17:0/908790353 <== mon.0 v2:10.20.193.17:3300/0 2 ==== config(26 keys) ==== 1045+0+0 (secure 0 0 0) 0x7f88c0037440 con 0x7f88d010a300
2026-02-19T22:37:47.677 INFO:teuthology.orchestra.run.trial017.stdout:/usr/bin/ceph: stderr
2026-02-19T22:37:45.560+0000 7f88d4af5640 1 -- 10.20.193.17:0/908790353 <== mon.0 v2:10.20.193.17:3300/0 3 ==== mon_map magic: 0 ==== 205+0+0 (secure 0 0 0) 0x7f88c00354b0 con 0x7f88d010a300
2026-02-19T22:37:47.677 INFO:teuthology.orchestra.run.trial017.stdout:/usr/bin/ceph: stderr
2026-02-19T22:37:45.560+0000 7f88d7d82640 1 -- 10.20.193.17:0/908790353 >> [v2:10.20.193.17:3300/0,v1:10.20.193.17:6789/0] conn(0x7f88d010a300 msgr2=0x7f88d010a720 secure :-1 s=STATE_CONNECTION_ESTABLISHED l=1).mark_down
2026-02-19T22:37:47.677 INFO:teuthology.orchestra.run.trial017.stdout:/usr/bin/ceph: stderr
2026-02-19T22:37:45.560+0000 7f88d7d82640 1 --2- 10.20.193.17:0/908790353 >> [v2:10.20.193.17:3300/0,v1:10.20.193.17:6789/0] conn(0x7f88d010a300 0x7f88d010a720 secure :-1 s=READY pgs=43 cs=0 l=1 rev1=1 crypto rx=0x7f88c0009920 tx=0x7f88c002ef20 comp rx=0 tx=0).stop
2026-02-19T22:37:47.678 INFO:teuthology.orchestra.run.trial017.stdout:/usr/bin/ceph: stderr
2026-02-19T22:37:45.560+0000 7f88d7d82640 1 -- 10.20.193.17:0/908790353 shutdown_connections
2026-02-19T22:37:47.678 INFO:teuthology.orchestra.run.trial017.stdout:/usr/bin/ceph: stderr
2026-02-19T22:37:45.560+0000 7f88d7d82640 1 --2- 10.20.193.17:0/908790353 >> [v2:10.20.193.17:3300/0,v1:10.20.193.17:6789/0] conn(0x7f88d010a300 0x7f88d010a720 unknown :-1 s=CLOSED pgs=43 cs=0 l=1 rev1=1 crypto rx=0 tx=0 comp rx=0 tx=0).stop
2026-02-19T22:37:47.678 INFO:teuthology.orchestra.run.trial017.stdout:/usr/bin/ceph: stderr
2026-02-19T22:37:45.560+0000 7f88d7d82640 1 -- 10.20.193.17:0/908790353 >> 10.20.193.17:0/908790353 conn(0x7f88d007d9d0 msgr2=0x7f88d0108670 unknown :-1 s=STATE_NONE l=0).mark_down
2026-02-19T22:37:47.678 INFO:teuthology.orchestra.run.trial017.stdout:/usr/bin/ceph: stderr
2026-02-19T22:37:45.560+0000 7f88d7d82640 1 -- 10.20.193.17:0/908790353 shutdown_connections
2026-02-19T22:37:47.678 INFO:teuthology.orchestra.run.trial017.stdout:/usr/bin/ceph: stderr
2026-02-19T22:37:45.560+0000 7f88d7d82640 1 -- 10.20.193.17:0/908790353 wait complete.
2026-02-19T22:37:47.678 INFO:teuthology.orchestra.run.trial017.stdout:/usr/bin/ceph: stderr
2026-02-19T22:37:45.561+0000 7f88d7d82640 1 Processor -- start
2026-02-19T22:37:47.678 INFO:teuthology.orchestra.run.trial017.stdout:/usr/bin/ceph: stderr
2026-02-19T22:37:45.561+0000 7f88d7d82640 1 -- start start
2026-02-19T22:37:47.678 INFO:teuthology.orchestra.run.trial017.stdout:/usr/bin/ceph: stderr
2026-02-19T22:37:45.561+0000 7f88d7d82640 1 --2- >> [v2:10.20.193.17:3300/0,v1:10.20.193.17:6789/0] conn(0x7f88d010a300 0x7f88d01a0200 unknown :-1 s=NONE pgs=0 cs=0 l=1 rev1=0 crypto rx=0 tx=0 comp rx=0 tx=0).connect
2026-02-19T22:37:47.678 INFO:teuthology.orchestra.run.trial017.stdout:/usr/bin/ceph: stderr
2026-02-19T22:37:45.561+0000 7f88d7d82640 1 -- --> [v2:10.20.193.17:3300/0,v1:10.20.193.17:6789/0] -- mon_getmap magic: 0 -- 0x7f88d010e730 con 0x7f88d010a300
2026-02-19T22:37:47.678 INFO:teuthology.orchestra.run.trial017.stdout:/usr/bin/ceph: stderr
2026-02-19T22:37:45.561+0000 7f88d5af7640 1 --2- >> [v2:10.20.193.17:3300/0,v1:10.20.193.17:6789/0] conn(0x7f88d010a300 0x7f88d01a0200 unknown :-1 s=BANNER_CONNECTING pgs=0 cs=0 l=1 rev1=0 crypto rx=0 tx=0 comp rx=0 tx=0)._handle_peer_banner_payload supported=3 required=0
2026-02-19T22:37:47.678 INFO:teuthology.orchestra.run.trial017.stdout:/usr/bin/ceph: stderr
2026-02-19T22:37:45.561+0000 7f88d5af7640 1 --2- >> [v2:10.20.193.17:3300/0,v1:10.20.193.17:6789/0] conn(0x7f88d010a300 0x7f88d01a0200 unknown :-1 s=HELLO_CONNECTING pgs=0 cs=0 l=1 rev1=1 crypto rx=0 tx=0 comp rx=0 tx=0).handle_hello peer v2:10.20.193.17:3300/0 says I am v2:10.20.193.17:47234/0 (socket says 10.20.193.17:47234)
2026-02-19T22:37:47.678 INFO:teuthology.orchestra.run.trial017.stdout:/usr/bin/ceph: stderr
2026-02-19T22:37:45.561+0000 7f88d5af7640 1 -- 10.20.193.17:0/3572196875 learned_addr learned my addr 10.20.193.17:0/3572196875 (peer_addr_for_me v2:10.20.193.17:0/0)
2026-02-19T22:37:47.679 INFO:teuthology.orchestra.run.trial017.stdout:/usr/bin/ceph: stderr
2026-02-19T22:37:45.562+0000 7f88d5af7640 1 -- 10.20.193.17:0/3572196875 --> [v2:10.20.193.17:3300/0,v1:10.20.193.17:6789/0] -- mon_subscribe({config=0+,monmap=0+}) -- 0x7f88d01a0740 con 0x7f88d010a300
2026-02-19T22:37:47.679 INFO:teuthology.orchestra.run.trial017.stdout:/usr/bin/ceph: stderr
2026-02-19T22:37:45.562+0000 7f88d5af7640 1 --2- 10.20.193.17:0/3572196875 >> [v2:10.20.193.17:3300/0,v1:10.20.193.17:6789/0] conn(0x7f88d010a300 0x7f88d01a0200 secure :-1 s=READY pgs=44 cs=0 l=1 rev1=1 crypto rx=0x7f88c0006fd0 tx=0x7f88c0037bb0 comp rx=0 tx=0).ready entity=mon.0 client_cookie=0 server_cookie=0 in_seq=0 out_seq=0
2026-02-19T22:37:47.679 INFO:teuthology.orchestra.run.trial017.stdout:/usr/bin/ceph: stderr
2026-02-19T22:37:45.562+0000 7f88beffd640 1 -- 10.20.193.17:0/3572196875 <== mon.0 v2:10.20.193.17:3300/0 1 ==== mon_map magic: 0 ==== 205+0+0 (secure 0 0 0) 0x7f88c0045070 con 0x7f88d010a300
2026-02-19T22:37:47.679 INFO:teuthology.orchestra.run.trial017.stdout:/usr/bin/ceph: stderr
2026-02-19T22:37:45.562+0000 7f88beffd640 1 -- 10.20.193.17:0/3572196875 <== mon.0 v2:10.20.193.17:3300/0 2 ==== config(26 keys) ==== 1045+0+0 (secure 0 0 0) 0x7f88c0040450 con 0x7f88d010a300
2026-02-19T22:37:47.679 INFO:teuthology.orchestra.run.trial017.stdout:/usr/bin/ceph: stderr
2026-02-19T22:37:45.562+0000 7f88beffd640 1 -- 10.20.193.17:0/3572196875 <== mon.0 v2:10.20.193.17:3300/0 3 ==== mon_map magic: 0 ==== 205+0+0 (secure 0 0 0) 0x7f88c003c070 con 0x7f88d010a300
2026-02-19T22:37:47.679 INFO:teuthology.orchestra.run.trial017.stdout:/usr/bin/ceph: stderr
2026-02-19T22:37:45.562+0000 7f88d7d82640 1 -- 10.20.193.17:0/3572196875 --> [v2:10.20.193.17:3300/0,v1:10.20.193.17:6789/0] -- mon_subscribe({mgrmap=0+}) -- 0x7f88d01a09d0 con 0x7f88d010a300
2026-02-19T22:37:47.679 INFO:teuthology.orchestra.run.trial017.stdout:/usr/bin/ceph: stderr
2026-02-19T22:37:45.562+0000 7f88d7d82640 1 -- 10.20.193.17:0/3572196875 --> [v2:10.20.193.17:3300/0,v1:10.20.193.17:6789/0] -- mon_subscribe({osdmap=0}) -- 0x7f88d01a36c0 con 0x7f88d010a300
2026-02-19T22:37:47.679 INFO:teuthology.orchestra.run.trial017.stdout:/usr/bin/ceph: stderr
2026-02-19T22:37:45.563+0000 7f88d7d82640 1 -- 10.20.193.17:0/3572196875 --> [v2:10.20.193.17:3300/0,v1:10.20.193.17:6789/0] -- mon_command({"prefix": "get_command_descriptions"} v 0) -- 0x7f88d010a7a0 con 0x7f88d010a300
2026-02-19T22:37:47.679 INFO:teuthology.orchestra.run.trial017.stdout:/usr/bin/ceph: stderr
2026-02-19T22:37:45.563+0000 7f88beffd640 1 -- 10.20.193.17:0/3572196875 <== mon.0 v2:10.20.193.17:3300/0 4 ==== mgrmap(e 8) ==== 50247+0+0 (secure 0 0 0) 0x7f88c0040900 con 0x7f88d010a300
2026-02-19T22:37:47.680 INFO:teuthology.orchestra.run.trial017.stdout:/usr/bin/ceph: stderr
2026-02-19T22:37:45.563+0000 7f88beffd640 1 --2- 10.20.193.17:0/3572196875 >> [v2:10.20.193.17:6800/2048083250,v1:10.20.193.17:6801/2048083250] conn(0x7f88ac03dbf0 0x7f88ac0400b0 unknown :-1 s=NONE pgs=0 cs=0 l=1 rev1=0 crypto rx=0 tx=0 comp rx=0 tx=0).connect
2026-02-19T22:37:47.680 INFO:teuthology.orchestra.run.trial017.stdout:/usr/bin/ceph: stderr
2026-02-19T22:37:45.564+0000 7f88beffd640 1 -- 10.20.193.17:0/3572196875 <== mon.0 v2:10.20.193.17:3300/0 5 ==== osd_map(2..2 src has 1..2) ==== 940+0+0 (secure 0 0 0) 0x7f88c0076760 con 0x7f88d010a300
2026-02-19T22:37:47.680 INFO:teuthology.orchestra.run.trial017.stdout:/usr/bin/ceph: stderr
2026-02-19T22:37:45.564+0000 7f88d52f6640 1 --2- 10.20.193.17:0/3572196875 >> [v2:10.20.193.17:6800/2048083250,v1:10.20.193.17:6801/2048083250] conn(0x7f88ac03dbf0 0x7f88ac0400b0 unknown :-1 s=BANNER_CONNECTING pgs=0 cs=0 l=1 rev1=0 crypto rx=0 tx=0 comp rx=0 tx=0)._handle_peer_banner_payload supported=3 required=0
2026-02-19T22:37:47.680 INFO:teuthology.orchestra.run.trial017.stdout:/usr/bin/ceph: stderr
2026-02-19T22:37:45.564+0000 7f88d52f6640 1 --2- 10.20.193.17:0/3572196875 >> [v2:10.20.193.17:6800/2048083250,v1:10.20.193.17:6801/2048083250] conn(0x7f88ac03dbf0 0x7f88ac0400b0 secure :-1 s=READY pgs=11 cs=0 l=1 rev1=1 crypto rx=0x7f88c40099c0 tx=0x7f88c4006eb0 comp rx=0 tx=0).ready entity=mgr.14118 client_cookie=0 server_cookie=0 in_seq=0 out_seq=0
2026-02-19T22:37:47.680 INFO:teuthology.orchestra.run.trial017.stdout:/usr/bin/ceph: stderr
2026-02-19T22:37:45.566+0000 7f88beffd640 1 -- 10.20.193.17:0/3572196875 <== mon.0 v2:10.20.193.17:3300/0 6 ==== mon_command_ack([{"prefix": "get_command_descriptions"}]=0 v0) ==== 72+0+195034 (secure 0 0 0) 0x7f88c00760b0 con 0x7f88d010a300
2026-02-19T22:37:47.680 INFO:teuthology.orchestra.run.trial017.stdout:/usr/bin/ceph: stderr
2026-02-19T22:37:45.658+0000 7f88d7d82640 1 -- 10.20.193.17:0/3572196875 --> [v2:10.20.193.17:6800/2048083250,v1:10.20.193.17:6801/2048083250] -- mgr_command(tid 0: {"prefix": "orch host add", "hostname": "trial017", "addr": "10.20.193.17", "target": ["mon-mgr", ""]}) -- 0x7f88d0108560 con 0x7f88ac03dbf0
2026-02-19T22:37:47.680 INFO:teuthology.orchestra.run.trial017.stdout:/usr/bin/ceph: stderr
2026-02-19T22:37:47.560+0000 7f88beffd640 1 -- 10.20.193.17:0/3572196875 <== mgr.14118 v2:10.20.193.17:6800/2048083250 1 ==== mgr_command_reply(tid 0: 0 ) ==== 8+0+47 (secure 0 0 0) 0x7f88d0108560 con 0x7f88ac03dbf0
2026-02-19T22:37:47.680 INFO:teuthology.orchestra.run.trial017.stdout:/usr/bin/ceph: stderr
2026-02-19T22:37:47.563+0000 7f88d7d82640 1 -- 10.20.193.17:0/3572196875 >> [v2:10.20.193.17:6800/2048083250,v1:10.20.193.17:6801/2048083250] conn(0x7f88ac03dbf0 msgr2=0x7f88ac0400b0 secure :-1 s=STATE_CONNECTION_ESTABLISHED l=1).mark_down
2026-02-19T22:37:47.680 INFO:teuthology.orchestra.run.trial017.stdout:/usr/bin/ceph: stderr
2026-02-19T22:37:47.563+0000 7f88d7d82640 1 --2- 10.20.193.17:0/3572196875 >> [v2:10.20.193.17:6800/2048083250,v1:10.20.193.17:6801/2048083250] conn(0x7f88ac03dbf0 0x7f88ac0400b0 secure :-1 s=READY pgs=11 cs=0 l=1 rev1=1 crypto rx=0x7f88c40099c0 tx=0x7f88c4006eb0 comp rx=0 tx=0).stop
2026-02-19T22:37:47.680 INFO:teuthology.orchestra.run.trial017.stdout:/usr/bin/ceph: stderr
2026-02-19T22:37:47.563+0000 7f88d7d82640 1 -- 10.20.193.17:0/3572196875 >> [v2:10.20.193.17:3300/0,v1:10.20.193.17:6789/0] conn(0x7f88d010a300 msgr2=0x7f88d01a0200 secure :-1 s=STATE_CONNECTION_ESTABLISHED l=1).mark_down
2026-02-19T22:37:47.680 INFO:teuthology.orchestra.run.trial017.stdout:/usr/bin/ceph: stderr
2026-02-19T22:37:47.563+0000 7f88d7d82640 1 --2- 10.20.193.17:0/3572196875 >> [v2:10.20.193.17:3300/0,v1:10.20.193.17:6789/0] conn(0x7f88d010a300 0x7f88d01a0200 secure :-1 s=READY pgs=44 cs=0 l=1 rev1=1 crypto rx=0x7f88c0006fd0 tx=0x7f88c0037bb0 comp rx=0 tx=0).stop
2026-02-19T22:37:47.681 INFO:teuthology.orchestra.run.trial017.stdout:/usr/bin/ceph: stderr
2026-02-19T22:37:47.563+0000 7f88d7d82640 1 -- 10.20.193.17:0/3572196875 shutdown_connections
2026-02-19T22:37:47.681 INFO:teuthology.orchestra.run.trial017.stdout:/usr/bin/ceph: stderr
2026-02-19T22:37:47.563+0000 7f88d7d82640 1 --2- 10.20.193.17:0/3572196875 >> [v2:10.20.193.17:6800/2048083250,v1:10.20.193.17:6801/2048083250] conn(0x7f88ac03dbf0 0x7f88ac0400b0 unknown :-1 s=CLOSED pgs=11 cs=0 l=1 rev1=1 crypto rx=0 tx=0 comp rx=0 tx=0).stop
2026-02-19T22:37:47.681 INFO:teuthology.orchestra.run.trial017.stdout:/usr/bin/ceph: stderr
2026-02-19T22:37:47.563+0000 7f88d7d82640 1 --2- 10.20.193.17:0/3572196875 >> [v2:10.20.193.17:3300/0,v1:10.20.193.17:6789/0] conn(0x7f88d010a300 0x7f88d01a0200 unknown :-1 s=CLOSED pgs=44 cs=0 l=1 rev1=1 crypto rx=0 tx=0 comp rx=0 tx=0).stop
2026-02-19T22:37:47.681 INFO:teuthology.orchestra.run.trial017.stdout:/usr/bin/ceph: stderr
2026-02-19T22:37:47.563+0000 7f88d7d82640 1 -- 10.20.193.17:0/3572196875 >> 10.20.193.17:0/3572196875 conn(0x7f88d007d9d0 msgr2=0x7f88d0107e50 unknown :-1 s=STATE_NONE l=0).mark_down
2026-02-19T22:37:47.681 INFO:teuthology.orchestra.run.trial017.stdout:/usr/bin/ceph: stderr
2026-02-19T22:37:47.565+0000 7f88d7d82640 1 -- 10.20.193.17:0/3572196875 shutdown_connections
2026-02-19T22:37:47.681 INFO:teuthology.orchestra.run.trial017.stdout:/usr/bin/ceph: stderr
2026-02-19T22:37:47.565+0000 7f88d7d82640 1 -- 10.20.193.17:0/3572196875 wait complete.
2026-02-19T22:37:47.681 INFO:teuthology.orchestra.run.trial017.stdout:Deploying unmanaged mon service...
2026-02-19T22:37:48.038 INFO:teuthology.orchestra.run.trial017.stdout:/usr/bin/ceph: stdout Scheduled mon update...
2026-02-19T22:37:48.039 INFO:teuthology.orchestra.run.trial017.stdout:/usr/bin/ceph: stderr
2026-02-19T22:37:47.848+0000 7f6c3ffff640 1 Processor -- start
2026-02-19T22:37:48.039 INFO:teuthology.orchestra.run.trial017.stdout:/usr/bin/ceph: stderr
2026-02-19T22:37:47.848+0000 7f6c3ffff640 1 -- start start
2026-02-19T22:37:48.039 INFO:teuthology.orchestra.run.trial017.stdout:/usr/bin/ceph: stderr
2026-02-19T22:37:47.848+0000 7f6c3ffff640 1 --2- >> [v2:10.20.193.17:3300/0,v1:10.20.193.17:6789/0] conn(0x7f6c4010a160 0x7f6c4010a560 unknown :-1 s=NONE pgs=0 cs=0 l=0 rev1=0 crypto rx=0 tx=0 comp rx=0 tx=0).connect
2026-02-19T22:37:48.039 INFO:teuthology.orchestra.run.trial017.stdout:/usr/bin/ceph: stderr
2026-02-19T22:37:47.848+0000 7f6c3ffff640 1 -- --> [v2:10.20.193.17:3300/0,v1:10.20.193.17:6789/0] -- mon_getmap magic: 0 -- 0x7f6c4010ab30 con 0x7f6c4010a160
2026-02-19T22:37:48.039 INFO:teuthology.orchestra.run.trial017.stdout:/usr/bin/ceph: stderr
2026-02-19T22:37:47.849+0000 7f6c3effd640 1 --2- >> [v2:10.20.193.17:3300/0,v1:10.20.193.17:6789/0] conn(0x7f6c4010a160 0x7f6c4010a560 unknown :-1 s=BANNER_CONNECTING pgs=0 cs=0 l=0 rev1=0 crypto rx=0 tx=0 comp rx=0 tx=0)._handle_peer_banner_payload supported=3 required=0
2026-02-19T22:37:48.039 INFO:teuthology.orchestra.run.trial017.stdout:/usr/bin/ceph: stderr
2026-02-19T22:37:47.849+0000 7f6c3effd640 1 --2- >> [v2:10.20.193.17:3300/0,v1:10.20.193.17:6789/0] conn(0x7f6c4010a160 0x7f6c4010a560 unknown :-1 s=HELLO_CONNECTING pgs=0 cs=0 l=0 rev1=1 crypto rx=0 tx=0 comp rx=0 tx=0).handle_hello peer v2:10.20.193.17:3300/0 says I am v2:10.20.193.17:47240/0 (socket says 10.20.193.17:47240)
2026-02-19T22:37:48.039 INFO:teuthology.orchestra.run.trial017.stdout:/usr/bin/ceph: stderr
2026-02-19T22:37:47.849+0000 7f6c3effd640 1 -- 10.20.193.17:0/4128811796 learned_addr learned my addr 10.20.193.17:0/4128811796 (peer_addr_for_me v2:10.20.193.17:0/0)
2026-02-19T22:37:48.039 INFO:teuthology.orchestra.run.trial017.stdout:/usr/bin/ceph: stderr
2026-02-19T22:37:47.849+0000 7f6c3effd640 1 -- 10.20.193.17:0/4128811796 --> [v2:10.20.193.17:3300/0,v1:10.20.193.17:6789/0] -- mon_subscribe({config=0+,monmap=0+}) -- 0x7f6c4010b360 con 0x7f6c4010a160
2026-02-19T22:37:48.040 INFO:teuthology.orchestra.run.trial017.stdout:/usr/bin/ceph: stderr
2026-02-19T22:37:47.850+0000 7f6c3effd640 1 --2- 10.20.193.17:0/4128811796 >> [v2:10.20.193.17:3300/0,v1:10.20.193.17:6789/0] conn(0x7f6c4010a160 0x7f6c4010a560 secure :-1 s=READY pgs=45 cs=0 l=1 rev1=1 crypto rx=0x7f6c34009920 tx=0x7f6c3402ef20 comp rx=0 tx=0).ready entity=mon.0 client_cookie=382d89e78abc1057 server_cookie=0 in_seq=0 out_seq=0
2026-02-19T22:37:48.040 INFO:teuthology.orchestra.run.trial017.stdout:/usr/bin/ceph: stderr
2026-02-19T22:37:47.850+0000 7f6c3dffb640 1 -- 10.20.193.17:0/4128811796 <== mon.0 v2:10.20.193.17:3300/0 1 ==== mon_map magic: 0 ==== 205+0+0 (secure 0 0 0) 0x7f6c3403c070 con 0x7f6c4010a160
2026-02-19T22:37:48.040 INFO:teuthology.orchestra.run.trial017.stdout:/usr/bin/ceph: stderr
2026-02-19T22:37:47.850+0000 7f6c3dffb640 1 -- 10.20.193.17:0/4128811796 <== mon.0 v2:10.20.193.17:3300/0 2 ==== config(26 keys) ==== 1045+0+0 (secure 0 0 0) 0x7f6c34037440 con 0x7f6c4010a160
2026-02-19T22:37:48.040 INFO:teuthology.orchestra.run.trial017.stdout:/usr/bin/ceph: stderr
2026-02-19T22:37:47.850+0000 7f6c3ffff640 1 -- 10.20.193.17:0/4128811796 >> [v2:10.20.193.17:3300/0,v1:10.20.193.17:6789/0] conn(0x7f6c4010a160 msgr2=0x7f6c4010a560 secure :-1 s=STATE_CONNECTION_ESTABLISHED l=1).mark_down
2026-02-19T22:37:48.040 INFO:teuthology.orchestra.run.trial017.stdout:/usr/bin/ceph: stderr
2026-02-19T22:37:47.851+0000 7f6c3dffb640 1 -- 10.20.193.17:0/4128811796 <== mon.0 v2:10.20.193.17:3300/0 3 ==== mon_map magic: 0 ==== 205+0+0 (secure 0 0 0) 0x7f6c3403c070 con 0x7f6c4010a160
2026-02-19T22:37:48.040 INFO:teuthology.orchestra.run.trial017.stdout:/usr/bin/ceph: stderr
2026-02-19T22:37:47.851+0000 7f6c3ffff640 1 --2- 10.20.193.17:0/4128811796 >> [v2:10.20.193.17:3300/0,v1:10.20.193.17:6789/0] conn(0x7f6c4010a160 0x7f6c4010a560 secure :-1 s=READY pgs=45 cs=0 l=1 rev1=1 crypto rx=0x7f6c34009920 tx=0x7f6c3402ef20 comp rx=0 tx=0).stop
2026-02-19T22:37:48.040 INFO:teuthology.orchestra.run.trial017.stdout:/usr/bin/ceph: stderr
2026-02-19T22:37:47.851+0000 7f6c3ffff640 1 -- 10.20.193.17:0/4128811796 shutdown_connections
2026-02-19T22:37:48.040 INFO:teuthology.orchestra.run.trial017.stdout:/usr/bin/ceph: stderr
2026-02-19T22:37:47.851+0000 7f6c3ffff640 1 --2- 10.20.193.17:0/4128811796 >> [v2:10.20.193.17:3300/0,v1:10.20.193.17:6789/0] conn(0x7f6c4010a160 0x7f6c4010a560 unknown :-1 s=CLOSED pgs=45 cs=0 l=1 rev1=1 crypto rx=0 tx=0 comp rx=0 tx=0).stop
2026-02-19T22:37:48.040 INFO:teuthology.orchestra.run.trial017.stdout:/usr/bin/ceph: stderr
2026-02-19T22:37:47.851+0000 7f6c3ffff640 1 -- 10.20.193.17:0/4128811796 >> 10.20.193.17:0/4128811796 conn(0x7f6c4007d6f0 msgr2=0x7f6c4007db40 unknown :-1 s=STATE_NONE l=0).mark_down
2026-02-19T22:37:48.041 INFO:teuthology.orchestra.run.trial017.stdout:/usr/bin/ceph: stderr
2026-02-19T22:37:47.851+0000 7f6c3ffff640 1 -- 10.20.193.17:0/4128811796 shutdown_connections
2026-02-19T22:37:48.041 INFO:teuthology.orchestra.run.trial017.stdout:/usr/bin/ceph: stderr
2026-02-19T22:37:47.851+0000 7f6c3ffff640 1 -- 10.20.193.17:0/4128811796 wait complete.
2026-02-19T22:37:48.041 INFO:teuthology.orchestra.run.trial017.stdout:/usr/bin/ceph: stderr
2026-02-19T22:37:47.852+0000 7f6c3ffff640 1 Processor -- start
2026-02-19T22:37:48.041 INFO:teuthology.orchestra.run.trial017.stdout:/usr/bin/ceph: stderr
2026-02-19T22:37:47.852+0000 7f6c3ffff640 1 -- start start
2026-02-19T22:37:48.041 INFO:teuthology.orchestra.run.trial017.stdout:/usr/bin/ceph: stderr
2026-02-19T22:37:47.852+0000 7f6c3ffff640 1 --2- >> [v2:10.20.193.17:3300/0,v1:10.20.193.17:6789/0] conn(0x7f6c4010a160 0x7f6c401a88c0 unknown :-1 s=NONE pgs=0 cs=0 l=1 rev1=0 crypto rx=0 tx=0 comp rx=0 tx=0).connect
2026-02-19T22:37:48.041 INFO:teuthology.orchestra.run.trial017.stdout:/usr/bin/ceph: stderr
2026-02-19T22:37:47.852+0000 7f6c3ffff640 1 -- --> [v2:10.20.193.17:3300/0,v1:10.20.193.17:6789/0] -- mon_getmap magic: 0 -- 0x7f6c4010e590 con 0x7f6c4010a160
2026-02-19T22:37:48.041 INFO:teuthology.orchestra.run.trial017.stdout:/usr/bin/ceph: stderr
2026-02-19T22:37:47.852+0000 7f6c3effd640 1 --2- >> [v2:10.20.193.17:3300/0,v1:10.20.193.17:6789/0] conn(0x7f6c4010a160 0x7f6c401a88c0 unknown :-1 s=BANNER_CONNECTING pgs=0 cs=0 l=1 rev1=0 crypto rx=0 tx=0 comp rx=0 tx=0)._handle_peer_banner_payload supported=3 required=0
2026-02-19T22:37:48.041 INFO:teuthology.orchestra.run.trial017.stdout:/usr/bin/ceph: stderr
2026-02-19T22:37:47.852+0000 7f6c3effd640 1 --2- >> [v2:10.20.193.17:3300/0,v1:10.20.193.17:6789/0] conn(0x7f6c4010a160 0x7f6c401a88c0 unknown :-1 s=HELLO_CONNECTING pgs=0 cs=0 l=1 rev1=1 crypto rx=0 tx=0 comp rx=0 tx=0).handle_hello peer v2:10.20.193.17:3300/0 says I am v2:10.20.193.17:47244/0 (socket says 10.20.193.17:47244)
2026-02-19T22:37:48.041 INFO:teuthology.orchestra.run.trial017.stdout:/usr/bin/ceph: stderr
2026-02-19T22:37:47.852+0000 7f6c3effd640 1 -- 10.20.193.17:0/2383699440 learned_addr learned my addr 10.20.193.17:0/2383699440 (peer_addr_for_me v2:10.20.193.17:0/0)
2026-02-19T22:37:48.041 INFO:teuthology.orchestra.run.trial017.stdout:/usr/bin/ceph: stderr
2026-02-19T22:37:47.853+0000 7f6c3effd640 1 -- 10.20.193.17:0/2383699440 --> [v2:10.20.193.17:3300/0,v1:10.20.193.17:6789/0] -- mon_subscribe({config=0+,monmap=0+}) -- 0x7f6c401a8e00 con 0x7f6c4010a160
2026-02-19T22:37:48.041 INFO:teuthology.orchestra.run.trial017.stdout:/usr/bin/ceph: stderr
2026-02-19T22:37:47.853+0000 7f6c3effd640 1 --2- 10.20.193.17:0/2383699440 >> [v2:10.20.193.17:3300/0,v1:10.20.193.17:6789/0] conn(0x7f6c4010a160 0x7f6c401a88c0 secure :-1 s=READY pgs=46 cs=0 l=1 rev1=1 crypto rx=0x7f6c34006fd0 tx=0x7f6c34035d60 comp rx=0 tx=0).ready entity=mon.0 client_cookie=0 server_cookie=0 in_seq=0 out_seq=0
2026-02-19T22:37:48.042 INFO:teuthology.orchestra.run.trial017.stdout:/usr/bin/ceph: stderr
2026-02-19T22:37:47.853+0000 7f6c1ffff640 1 -- 10.20.193.17:0/2383699440 <== mon.0 v2:10.20.193.17:3300/0 1 ==== mon_map magic: 0 ==== 205+0+0 (secure 0 0 0) 0x7f6c34045070 con 0x7f6c4010a160
2026-02-19T22:37:48.042 INFO:teuthology.orchestra.run.trial017.stdout:/usr/bin/ceph: stderr
2026-02-19T22:37:47.853+0000 7f6c1ffff640 1 -- 10.20.193.17:0/2383699440 <== mon.0 v2:10.20.193.17:3300/0 2 ==== config(26 keys) ==== 1045+0+0 (secure 0 0 0) 0x7f6c34040450 con 0x7f6c4010a160
2026-02-19T22:37:48.042 INFO:teuthology.orchestra.run.trial017.stdout:/usr/bin/ceph: stderr
2026-02-19T22:37:47.853+0000 7f6c3ffff640 1 -- 10.20.193.17:0/2383699440 --> [v2:10.20.193.17:3300/0,v1:10.20.193.17:6789/0] -- mon_subscribe({mgrmap=0+}) -- 0x7f6c401a9090 con 0x7f6c4010a160
2026-02-19T22:37:48.042 INFO:teuthology.orchestra.run.trial017.stdout:/usr/bin/ceph: stderr
2026-02-19T22:37:47.853+0000 7f6c1ffff640 1 -- 10.20.193.17:0/2383699440 <== mon.0 v2:10.20.193.17:3300/0 3 ==== mon_map magic: 0 ==== 205+0+0 (secure 0 0 0) 0x7f6c3403c070 con 0x7f6c4010a160
2026-02-19T22:37:48.042 INFO:teuthology.orchestra.run.trial017.stdout:/usr/bin/ceph: stderr
2026-02-19T22:37:47.853+0000 7f6c3ffff640 1 -- 10.20.193.17:0/2383699440 --> [v2:10.20.193.17:3300/0,v1:10.20.193.17:6789/0] -- mon_subscribe({osdmap=0}) -- 0x7f6c401abd80 con 0x7f6c4010a160
2026-02-19T22:37:48.042 INFO:teuthology.orchestra.run.trial017.stdout:/usr/bin/ceph: stderr
2026-02-19T22:37:47.854+0000 7f6c3ffff640 1 -- 10.20.193.17:0/2383699440 --> [v2:10.20.193.17:3300/0,v1:10.20.193.17:6789/0] -- mon_command({"prefix": "get_command_descriptions"} v 0) -- 0x7f6c40075fa0 con 0x7f6c4010a160
2026-02-19T22:37:48.042 INFO:teuthology.orchestra.run.trial017.stdout:/usr/bin/ceph: stderr
2026-02-19T22:37:47.854+0000 7f6c1ffff640 1 -- 10.20.193.17:0/2383699440 <== mon.0 v2:10.20.193.17:3300/0 4 ==== mgrmap(e 8) ==== 50247+0+0 (secure 0 0 0) 0x7f6c34040920 con 0x7f6c4010a160
2026-02-19T22:37:48.042 INFO:teuthology.orchestra.run.trial017.stdout:/usr/bin/ceph: stderr
2026-02-19T22:37:47.855+0000 7f6c1ffff640 1 --2- 10.20.193.17:0/2383699440 >> [v2:10.20.193.17:6800/2048083250,v1:10.20.193.17:6801/2048083250] conn(0x7f6c1403dbf0 0x7f6c140400b0 unknown :-1 s=NONE pgs=0 cs=0 l=1 rev1=0 crypto rx=0 tx=0 comp rx=0 tx=0).connect
2026-02-19T22:37:48.042 INFO:teuthology.orchestra.run.trial017.stdout:/usr/bin/ceph: stderr
2026-02-19T22:37:47.855+0000 7f6c1ffff640 1 -- 10.20.193.17:0/2383699440 <== mon.0 v2:10.20.193.17:3300/0 5 ==== osd_map(2..2 src has 1..2) ==== 940+0+0 (secure 0 0 0) 0x7f6c34076830 con 0x7f6c4010a160
2026-02-19T22:37:48.042 INFO:teuthology.orchestra.run.trial017.stdout:/usr/bin/ceph: stderr
2026-02-19T22:37:47.855+0000 7f6c3e7fc640 1 --2- 10.20.193.17:0/2383699440 >> [v2:10.20.193.17:6800/2048083250,v1:10.20.193.17:6801/2048083250] conn(0x7f6c1403dbf0 0x7f6c140400b0 unknown :-1 s=BANNER_CONNECTING pgs=0 cs=0 l=1 rev1=0 crypto rx=0 tx=0 comp rx=0 tx=0)._handle_peer_banner_payload supported=3 required=0
2026-02-19T22:37:48.042 INFO:teuthology.orchestra.run.trial017.stdout:/usr/bin/ceph: stderr
2026-02-19T22:37:47.855+0000 7f6c3e7fc640 1 --2- 10.20.193.17:0/2383699440 >> [v2:10.20.193.17:6800/2048083250,v1:10.20.193.17:6801/2048083250] conn(0x7f6c1403dbf0 0x7f6c140400b0 secure :-1 s=READY pgs=12 cs=0 l=1 rev1=1 crypto rx=0x7f6c280099c0 tx=0x7f6c28006eb0 comp rx=0 tx=0).ready entity=mgr.14118 client_cookie=0 server_cookie=0 in_seq=0 out_seq=0
2026-02-19T22:37:48.042 INFO:teuthology.orchestra.run.trial017.stdout:/usr/bin/ceph: stderr
2026-02-19T22:37:47.858+0000 7f6c1ffff640 1 -- 10.20.193.17:0/2383699440 <== mon.0 v2:10.20.193.17:3300/0 6 ==== mon_command_ack([{"prefix": "get_command_descriptions"}]=0 v0) ==== 72+0+195034 (secure 0 0 0) 0x7f6c34076180 con 0x7f6c4010a160
2026-02-19T22:37:48.043 INFO:teuthology.orchestra.run.trial017.stdout:/usr/bin/ceph: stderr
2026-02-19T22:37:47.953+0000 7f6c3ffff640 1 -- 10.20.193.17:0/2383699440 --> [v2:10.20.193.17:6800/2048083250,v1:10.20.193.17:6801/2048083250] -- mgr_command(tid 0: {"prefix": "orch apply", "service_type": "mon", "unmanaged": true, "target": ["mon-mgr", ""]}) -- 0x7f6c40107c50 con 0x7f6c1403dbf0
2026-02-19T22:37:48.043 INFO:teuthology.orchestra.run.trial017.stdout:/usr/bin/ceph: stderr
2026-02-19T22:37:47.957+0000 7f6c1ffff640 1 -- 10.20.193.17:0/2383699440 <== mgr.14118 v2:10.20.193.17:6800/2048083250 1 ==== mgr_command_reply(tid 0: 0 ) ==== 8+0+24 (secure 0 0 0) 0x7f6c40107c50 con 0x7f6c1403dbf0
2026-02-19T22:37:48.043 INFO:teuthology.orchestra.run.trial017.stdout:/usr/bin/ceph: stderr
2026-02-19T22:37:47.958+0000 7f6c3ffff640 1 -- 10.20.193.17:0/2383699440 >> [v2:10.20.193.17:6800/2048083250,v1:10.20.193.17:6801/2048083250] conn(0x7f6c1403dbf0 msgr2=0x7f6c140400b0 secure :-1 s=STATE_CONNECTION_ESTABLISHED l=1).mark_down
2026-02-19T22:37:48.043 INFO:teuthology.orchestra.run.trial017.stdout:/usr/bin/ceph: stderr
2026-02-19T22:37:47.958+0000 7f6c3ffff640 1 --2- 10.20.193.17:0/2383699440 >> [v2:10.20.193.17:6800/2048083250,v1:10.20.193.17:6801/2048083250] conn(0x7f6c1403dbf0 0x7f6c140400b0 secure :-1 s=READY pgs=12 cs=0 l=1 rev1=1 crypto rx=0x7f6c280099c0 tx=0x7f6c28006eb0 comp rx=0 tx=0).stop
2026-02-19T22:37:48.043 INFO:teuthology.orchestra.run.trial017.stdout:/usr/bin/ceph: stderr
2026-02-19T22:37:47.958+0000 7f6c3ffff640 1 -- 10.20.193.17:0/2383699440 >> [v2:10.20.193.17:3300/0,v1:10.20.193.17:6789/0] conn(0x7f6c4010a160 msgr2=0x7f6c401a88c0 secure :-1 s=STATE_CONNECTION_ESTABLISHED l=1).mark_down
2026-02-19T22:37:48.043 INFO:teuthology.orchestra.run.trial017.stdout:/usr/bin/ceph: stderr
2026-02-19T22:37:47.958+0000 7f6c3ffff640 1 --2- 10.20.193.17:0/2383699440 >> [v2:10.20.193.17:3300/0,v1:10.20.193.17:6789/0] conn(0x7f6c4010a160 0x7f6c401a88c0 secure :-1 s=READY pgs=46 cs=0 l=1 rev1=1 crypto rx=0x7f6c34006fd0 tx=0x7f6c34035d60 comp rx=0 tx=0).stop
2026-02-19T22:37:48.043 INFO:teuthology.orchestra.run.trial017.stdout:/usr/bin/ceph: stderr
2026-02-19T22:37:47.958+0000 7f6c3ffff640 1 -- 10.20.193.17:0/2383699440 shutdown_connections
2026-02-19T22:37:48.043 INFO:teuthology.orchestra.run.trial017.stdout:/usr/bin/ceph: stderr
2026-02-19T22:37:47.958+0000 7f6c3ffff640 1 --2- 10.20.193.17:0/2383699440 >> [v2:10.20.193.17:6800/2048083250,v1:10.20.193.17:6801/2048083250] conn(0x7f6c1403dbf0 0x7f6c140400b0 unknown :-1 s=CLOSED pgs=12 cs=0 l=1 rev1=1 crypto rx=0 tx=0 comp rx=0 tx=0).stop
2026-02-19T22:37:48.043 INFO:teuthology.orchestra.run.trial017.stdout:/usr/bin/ceph: stderr
2026-02-19T22:37:47.958+0000 7f6c3ffff640 1 --2- 10.20.193.17:0/2383699440 >> [v2:10.20.193.17:3300/0,v1:10.20.193.17:6789/0] conn(0x7f6c4010a160 0x7f6c401a88c0 unknown :-1 s=CLOSED pgs=46 cs=0 l=1 rev1=1 crypto rx=0 tx=0 comp rx=0 tx=0).stop
2026-02-19T22:37:48.043 INFO:teuthology.orchestra.run.trial017.stdout:/usr/bin/ceph: stderr
2026-02-19T22:37:47.958+0000 7f6c3ffff640 1 -- 10.20.193.17:0/2383699440 >> 10.20.193.17:0/2383699440 conn(0x7f6c4007d6f0 msgr2=0x7f6c40107540 unknown :-1 s=STATE_NONE l=0).mark_down
2026-02-19T22:37:48.043 INFO:teuthology.orchestra.run.trial017.stdout:/usr/bin/ceph: stderr
2026-02-19T22:37:47.958+0000 7f6c3ffff640 1 -- 10.20.193.17:0/2383699440 shutdown_connections
2026-02-19T22:37:48.044 INFO:teuthology.orchestra.run.trial017.stdout:/usr/bin/ceph: stderr
2026-02-19T22:37:47.958+0000 7f6c3ffff640 1 -- 10.20.193.17:0/2383699440 wait complete.
2026-02-19T22:37:48.044 INFO:teuthology.orchestra.run.trial017.stdout:Deploying unmanaged mgr service...
2026-02-19T22:37:48.388 INFO:teuthology.orchestra.run.trial017.stdout:/usr/bin/ceph: stdout Scheduled mgr update...
2026-02-19T22:37:48.389 INFO:teuthology.orchestra.run.trial017.stdout:/usr/bin/ceph: stderr
2026-02-19T22:37:48.199+0000 7fe815d46640 1 Processor -- start
2026-02-19T22:37:48.389 INFO:teuthology.orchestra.run.trial017.stdout:/usr/bin/ceph: stderr
2026-02-19T22:37:48.199+0000 7fe815d46640 1 -- start start
2026-02-19T22:37:48.389 INFO:teuthology.orchestra.run.trial017.stdout:/usr/bin/ceph: stderr
2026-02-19T22:37:48.200+0000 7fe815d46640 1 --2- >> [v2:10.20.193.17:3300/0,v1:10.20.193.17:6789/0] conn(0x7fe81010a300 0x7fe81010a720 unknown :-1 s=NONE pgs=0 cs=0 l=0 rev1=0 crypto rx=0 tx=0 comp rx=0 tx=0).connect
2026-02-19T22:37:48.389 INFO:teuthology.orchestra.run.trial017.stdout:/usr/bin/ceph: stderr
2026-02-19T22:37:48.200+0000 7fe815d46640 1 -- --> [v2:10.20.193.17:3300/0,v1:10.20.193.17:6789/0] -- mon_getmap magic: 0 -- 0x7fe81010acf0 con 0x7fe81010a300
2026-02-19T22:37:48.389 INFO:teuthology.orchestra.run.trial017.stdout:/usr/bin/ceph: stderr
2026-02-19T22:37:48.200+0000 7fe80f7fe640 1 --2- >> [v2:10.20.193.17:3300/0,v1:10.20.193.17:6789/0] conn(0x7fe81010a300 0x7fe81010a720 unknown :-1 s=BANNER_CONNECTING pgs=0 cs=0 l=0 rev1=0 crypto rx=0 tx=0 comp rx=0 tx=0)._handle_peer_banner_payload supported=3 required=0
2026-02-19T22:37:48.389 INFO:teuthology.orchestra.run.trial017.stdout:/usr/bin/ceph: stderr
