2026-02-19T22:37:10.450+0000 7f638733b640 1 --2- >> [v2:10.20.193.11:3300/0,v1:10.20.193.11:6789/0] conn(0x7f638010a2a0 0x7f63801a0100 unknown :-1 s=NONE pgs=0 cs=0 l=1 rev1=0 crypto rx=0 tx=0 comp rx=0 tx=0).connect
2026-02-19T22:37:12.069 INFO:teuthology.orchestra.run.trial011.stdout:/usr/bin/ceph: stderr
2026-02-19T22:37:10.450+0000 7f638733b640 1 -- --> [v2:10.20.193.11:3300/0,v1:10.20.193.11:6789/0] -- mon_getmap magic: 0 -- 0x7f638010e680 con 0x7f638010a2a0
2026-02-19T22:37:12.069 INFO:teuthology.orchestra.run.trial011.stdout:/usr/bin/ceph: stderr
2026-02-19T22:37:10.450+0000 7f63850b0640 1 --2- >> [v2:10.20.193.11:3300/0,v1:10.20.193.11:6789/0] conn(0x7f638010a2a0 0x7f63801a0100 unknown :-1 s=BANNER_CONNECTING pgs=0 cs=0 l=1 rev1=0 crypto rx=0 tx=0 comp rx=0 tx=0)._handle_peer_banner_payload supported=3 required=0
2026-02-19T22:37:12.069 INFO:teuthology.orchestra.run.trial011.stdout:/usr/bin/ceph: stderr
2026-02-19T22:37:10.450+0000 7f63850b0640 1 --2- >> [v2:10.20.193.11:3300/0,v1:10.20.193.11:6789/0] conn(0x7f638010a2a0 0x7f63801a0100 unknown :-1 s=HELLO_CONNECTING pgs=0 cs=0 l=1 rev1=1 crypto rx=0 tx=0 comp rx=0 tx=0).handle_hello peer v2:10.20.193.11:3300/0 says I am v2:10.20.193.11:49374/0 (socket says 10.20.193.11:49374)
2026-02-19T22:37:12.069 INFO:teuthology.orchestra.run.trial011.stdout:/usr/bin/ceph: stderr
2026-02-19T22:37:10.450+0000 7f63850b0640 1 -- 10.20.193.11:0/4116199803 learned_addr learned my addr 10.20.193.11:0/4116199803 (peer_addr_for_me v2:10.20.193.11:0/0)
2026-02-19T22:37:12.069 INFO:teuthology.orchestra.run.trial011.stdout:/usr/bin/ceph: stderr
2026-02-19T22:37:10.450+0000 7f63850b0640 1 -- 10.20.193.11:0/4116199803 --> [v2:10.20.193.11:3300/0,v1:10.20.193.11:6789/0] -- mon_subscribe({config=0+,monmap=0+}) -- 0x7f63801a0640 con 0x7f638010a2a0
2026-02-19T22:37:12.069 INFO:teuthology.orchestra.run.trial011.stdout:/usr/bin/ceph: stderr
2026-02-19T22:37:10.450+0000 7f63850b0640 1 --2- 10.20.193.11:0/4116199803 >> [v2:10.20.193.11:3300/0,v1:10.20.193.11:6789/0] conn(0x7f638010a2a0 0x7f63801a0100 secure :-1 s=READY pgs=44 cs=0 l=1 rev1=1 crypto rx=0x7f6370035e10 tx=0x7f6370035e40 comp rx=0 tx=0).ready entity=mon.0 client_cookie=0 server_cookie=0 in_seq=0 out_seq=0
2026-02-19T22:37:12.069 INFO:teuthology.orchestra.run.trial011.stdout:/usr/bin/ceph: stderr
2026-02-19T22:37:10.450+0000 7f636e7fc640 1 -- 10.20.193.11:0/4116199803 <== mon.0 v2:10.20.193.11:3300/0 1 ==== mon_map magic: 0 ==== 205+0+0 (secure 0 0 0) 0x7f6370045070 con 0x7f638010a2a0
2026-02-19T22:37:12.069 INFO:teuthology.orchestra.run.trial011.stdout:/usr/bin/ceph: stderr
2026-02-19T22:37:10.450+0000 7f636e7fc640 1 -- 10.20.193.11:0/4116199803 <== mon.0 v2:10.20.193.11:3300/0 2 ==== config(25 keys) ==== 1007+0+0 (secure 0 0 0) 0x7f6370040450 con 0x7f638010a2a0
2026-02-19T22:37:12.069 INFO:teuthology.orchestra.run.trial011.stdout:/usr/bin/ceph: stderr
2026-02-19T22:37:10.450+0000 7f636e7fc640 1 -- 10.20.193.11:0/4116199803 <== mon.0 v2:10.20.193.11:3300/0 3 ==== mon_map magic: 0 ==== 205+0+0 (secure 0 0 0) 0x7f637003c070 con 0x7f638010a2a0
2026-02-19T22:37:12.069 INFO:teuthology.orchestra.run.trial011.stdout:/usr/bin/ceph: stderr
2026-02-19T22:37:10.450+0000 7f638733b640 1 -- 10.20.193.11:0/4116199803 --> [v2:10.20.193.11:3300/0,v1:10.20.193.11:6789/0] -- mon_subscribe({mgrmap=0+}) -- 0x7f63801a08d0 con 0x7f638010a2a0
2026-02-19T22:37:12.069 INFO:teuthology.orchestra.run.trial011.stdout:/usr/bin/ceph: stderr
2026-02-19T22:37:10.450+0000 7f638733b640 1 -- 10.20.193.11:0/4116199803 --> [v2:10.20.193.11:3300/0,v1:10.20.193.11:6789/0] -- mon_subscribe({osdmap=0}) -- 0x7f63801a35c0 con 0x7f638010a2a0
2026-02-19T22:37:12.069 INFO:teuthology.orchestra.run.trial011.stdout:/usr/bin/ceph: stderr
2026-02-19T22:37:10.451+0000 7f638733b640 1 -- 10.20.193.11:0/4116199803 --> [v2:10.20.193.11:3300/0,v1:10.20.193.11:6789/0] -- mon_command({"prefix": "get_command_descriptions"} v 0) -- 0x7f638010a720 con 0x7f638010a2a0
2026-02-19T22:37:12.069 INFO:teuthology.orchestra.run.trial011.stdout:/usr/bin/ceph: stderr
2026-02-19T22:37:10.451+0000 7f636e7fc640 1 -- 10.20.193.11:0/4116199803 <== mon.0 v2:10.20.193.11:3300/0 4 ==== mgrmap(e 7) ==== 50141+0+0 (secure 0 0 0) 0x7f6370040600 con 0x7f638010a2a0
2026-02-19T22:37:12.069 INFO:teuthology.orchestra.run.trial011.stdout:/usr/bin/ceph: stderr
2026-02-19T22:37:10.451+0000 7f636e7fc640 1 --2- 10.20.193.11:0/4116199803 >> [v2:10.20.193.11:6800/1135266903,v1:10.20.193.11:6801/1135266903] conn(0x7f635c03dad0 0x7f635c03ff90 unknown :-1 s=NONE pgs=0 cs=0 l=1 rev1=0 crypto rx=0 tx=0 comp rx=0 tx=0).connect
2026-02-19T22:37:12.069 INFO:teuthology.orchestra.run.trial011.stdout:/usr/bin/ceph: stderr
2026-02-19T22:37:10.451+0000 7f636e7fc640 1 -- 10.20.193.11:0/4116199803 <== mon.0 v2:10.20.193.11:3300/0 5 ==== osd_map(2..2 src has 1..2) ==== 940+0+0 (secure 0 0 0) 0x7f6370076640 con 0x7f638010a2a0
2026-02-19T22:37:12.069 INFO:teuthology.orchestra.run.trial011.stdout:/usr/bin/ceph: stderr
2026-02-19T22:37:10.451+0000 7f63848af640 1 --2- 10.20.193.11:0/4116199803 >> [v2:10.20.193.11:6800/1135266903,v1:10.20.193.11:6801/1135266903] conn(0x7f635c03dad0 0x7f635c03ff90 unknown :-1 s=BANNER_CONNECTING pgs=0 cs=0 l=1 rev1=0 crypto rx=0 tx=0 comp rx=0 tx=0)._handle_peer_banner_payload supported=3 required=0
2026-02-19T22:37:12.069 INFO:teuthology.orchestra.run.trial011.stdout:/usr/bin/ceph: stderr
2026-02-19T22:37:10.451+0000 7f63848af640 1 --2- 10.20.193.11:0/4116199803 >> [v2:10.20.193.11:6800/1135266903,v1:10.20.193.11:6801/1135266903] conn(0x7f635c03dad0 0x7f635c03ff90 secure :-1 s=READY pgs=11 cs=0 l=1 rev1=1 crypto rx=0x7f63740099c0 tx=0x7f6374006eb0 comp rx=0 tx=0).ready entity=mgr.14118 client_cookie=0 server_cookie=0 in_seq=0 out_seq=0
2026-02-19T22:37:12.069 INFO:teuthology.orchestra.run.trial011.stdout:/usr/bin/ceph: stderr
2026-02-19T22:37:10.453+0000 7f636e7fc640 1 -- 10.20.193.11:0/4116199803 <== mon.0 v2:10.20.193.11:3300/0 6 ==== mon_command_ack([{"prefix": "get_command_descriptions"}]=0 v0) ==== 72+0+195034 (secure 0 0 0) 0x7f6370048360 con 0x7f638010a2a0
2026-02-19T22:37:12.069 INFO:teuthology.orchestra.run.trial011.stdout:/usr/bin/ceph: stderr
2026-02-19T22:37:10.538+0000 7f638733b640 1 -- 10.20.193.11:0/4116199803 --> [v2:10.20.193.11:6800/1135266903,v1:10.20.193.11:6801/1135266903] -- mgr_command(tid 0: {"prefix": "orch host add", "hostname": "trial011", "addr": "10.20.193.11", "target": ["mon-mgr", ""]}) -- 0x7f6380108590 con 0x7f635c03dad0
2026-02-19T22:37:12.069 INFO:teuthology.orchestra.run.trial011.stdout:/usr/bin/ceph: stderr
2026-02-19T22:37:11.129+0000 7f636e7fc640 1 -- 10.20.193.11:0/4116199803 <== mon.0 v2:10.20.193.11:3300/0 7 ==== mgrmap(e 8) ==== 50247+0+0 (secure 0 0 0) 0x7f637003f3b0 con 0x7f638010a2a0
2026-02-19T22:37:12.069 INFO:teuthology.orchestra.run.trial011.stdout:/usr/bin/ceph: stderr
2026-02-19T22:37:12.039+0000 7f636e7fc640 1 -- 10.20.193.11:0/4116199803 <== mgr.14118 v2:10.20.193.11:6800/1135266903 1 ==== mgr_command_reply(tid 0: 0 ) ==== 8+0+47 (secure 0 0 0) 0x7f6380108590 con 0x7f635c03dad0
2026-02-19T22:37:12.069 INFO:teuthology.orchestra.run.trial011.stdout:/usr/bin/ceph: stderr
2026-02-19T22:37:12.041+0000 7f638733b640 1 -- 10.20.193.11:0/4116199803 >> [v2:10.20.193.11:6800/1135266903,v1:10.20.193.11:6801/1135266903] conn(0x7f635c03dad0 msgr2=0x7f635c03ff90 secure :-1 s=STATE_CONNECTION_ESTABLISHED l=1).mark_down
2026-02-19T22:37:12.069 INFO:teuthology.orchestra.run.trial011.stdout:/usr/bin/ceph: stderr
2026-02-19T22:37:12.041+0000 7f638733b640 1 --2- 10.20.193.11:0/4116199803 >> [v2:10.20.193.11:6800/1135266903,v1:10.20.193.11:6801/1135266903] conn(0x7f635c03dad0 0x7f635c03ff90 secure :-1 s=READY pgs=11 cs=0 l=1 rev1=1 crypto rx=0x7f63740099c0 tx=0x7f6374006eb0 comp rx=0 tx=0).stop
2026-02-19T22:37:12.069 INFO:teuthology.orchestra.run.trial011.stdout:/usr/bin/ceph: stderr
2026-02-19T22:37:12.041+0000 7f638733b640 1 -- 10.20.193.11:0/4116199803 >> [v2:10.20.193.11:3300/0,v1:10.20.193.11:6789/0] conn(0x7f638010a2a0 msgr2=0x7f63801a0100 secure :-1 s=STATE_CONNECTION_ESTABLISHED l=1).mark_down
2026-02-19T22:37:12.069 INFO:teuthology.orchestra.run.trial011.stdout:/usr/bin/ceph: stderr
2026-02-19T22:37:12.041+0000 7f638733b640 1 --2- 10.20.193.11:0/4116199803 >> [v2:10.20.193.11:3300/0,v1:10.20.193.11:6789/0] conn(0x7f638010a2a0 0x7f63801a0100 secure :-1 s=READY pgs=44 cs=0 l=1 rev1=1 crypto rx=0x7f6370035e10 tx=0x7f6370035e40 comp rx=0 tx=0).stop
2026-02-19T22:37:12.070 INFO:teuthology.orchestra.run.trial011.stdout:/usr/bin/ceph: stderr
2026-02-19T22:37:12.042+0000 7f638733b640 1 -- 10.20.193.11:0/4116199803 shutdown_connections
2026-02-19T22:37:12.070 INFO:teuthology.orchestra.run.trial011.stdout:/usr/bin/ceph: stderr
2026-02-19T22:37:12.042+0000 7f638733b640 1 --2- 10.20.193.11:0/4116199803 >> [v2:10.20.193.11:6800/1135266903,v1:10.20.193.11:6801/1135266903] conn(0x7f635c03dad0 0x7f635c03ff90 unknown :-1 s=CLOSED pgs=11 cs=0 l=1 rev1=1 crypto rx=0 tx=0 comp rx=0 tx=0).stop
2026-02-19T22:37:12.070 INFO:teuthology.orchestra.run.trial011.stdout:/usr/bin/ceph: stderr
2026-02-19T22:37:12.042+0000 7f638733b640 1 --2- 10.20.193.11:0/4116199803 >> [v2:10.20.193.11:3300/0,v1:10.20.193.11:6789/0] conn(0x7f638010a2a0 0x7f63801a0100 unknown :-1 s=CLOSED pgs=44 cs=0 l=1 rev1=1 crypto rx=0 tx=0 comp rx=0 tx=0).stop
2026-02-19T22:37:12.070 INFO:teuthology.orchestra.run.trial011.stdout:/usr/bin/ceph: stderr
2026-02-19T22:37:12.042+0000 7f638733b640 1 -- 10.20.193.11:0/4116199803 >> 10.20.193.11:0/4116199803 conn(0x7f638007d890 msgr2=0x7f6380107e80 unknown :-1 s=STATE_NONE l=0).mark_down
2026-02-19T22:37:12.070 INFO:teuthology.orchestra.run.trial011.stdout:/usr/bin/ceph: stderr
2026-02-19T22:37:12.042+0000 7f638733b640 1 -- 10.20.193.11:0/4116199803 shutdown_connections
2026-02-19T22:37:12.070 INFO:teuthology.orchestra.run.trial011.stdout:/usr/bin/ceph: stderr
2026-02-19T22:37:12.042+0000 7f638733b640 1 -- 10.20.193.11:0/4116199803 wait complete.
2026-02-19T22:37:12.070 INFO:teuthology.orchestra.run.trial011.stdout:Deploying unmanaged mon service...
2026-02-19T22:37:12.283 INFO:teuthology.orchestra.run.trial011.stdout:/usr/bin/ceph: stdout Scheduled mon update...
2026-02-19T22:37:12.283 INFO:teuthology.orchestra.run.trial011.stdout:/usr/bin/ceph: stderr
2026-02-19T22:37:12.158+0000 7f2026e7e640 1 Processor -- start
2026-02-19T22:37:12.283 INFO:teuthology.orchestra.run.trial011.stdout:/usr/bin/ceph: stderr
2026-02-19T22:37:12.158+0000 7f2026e7e640 1 -- start start
2026-02-19T22:37:12.283 INFO:teuthology.orchestra.run.trial011.stdout:/usr/bin/ceph: stderr
2026-02-19T22:37:12.158+0000 7f2026e7e640 1 --2- >> [v2:10.20.193.11:3300/0,v1:10.20.193.11:6789/0] conn(0x7f202010a2a0 0x7f202010a6a0 unknown :-1 s=NONE pgs=0 cs=0 l=0 rev1=0 crypto rx=0 tx=0 comp rx=0 tx=0).connect
2026-02-19T22:37:12.283 INFO:teuthology.orchestra.run.trial011.stdout:/usr/bin/ceph: stderr
2026-02-19T22:37:12.158+0000 7f2026e7e640 1 -- --> [v2:10.20.193.11:3300/0,v1:10.20.193.11:6789/0] -- mon_getmap magic: 0 -- 0x7f202010ac70 con 0x7f202010a2a0
2026-02-19T22:37:12.283 INFO:teuthology.orchestra.run.trial011.stdout:/usr/bin/ceph: stderr
2026-02-19T22:37:12.158+0000 7f2024bf3640 1 --2- >> [v2:10.20.193.11:3300/0,v1:10.20.193.11:6789/0] conn(0x7f202010a2a0 0x7f202010a6a0 unknown :-1 s=BANNER_CONNECTING pgs=0 cs=0 l=0 rev1=0 crypto rx=0 tx=0 comp rx=0 tx=0)._handle_peer_banner_payload supported=3 required=0
2026-02-19T22:37:12.284 INFO:teuthology.orchestra.run.trial011.stdout:/usr/bin/ceph: stderr
2026-02-19T22:37:12.158+0000 7f2024bf3640 1 --2- >> [v2:10.20.193.11:3300/0,v1:10.20.193.11:6789/0] conn(0x7f202010a2a0 0x7f202010a6a0 unknown :-1 s=HELLO_CONNECTING pgs=0 cs=0 l=0 rev1=1 crypto rx=0 tx=0 comp rx=0 tx=0).handle_hello peer v2:10.20.193.11:3300/0 says I am v2:10.20.193.11:51702/0 (socket says 10.20.193.11:51702)
2026-02-19T22:37:12.284 INFO:teuthology.orchestra.run.trial011.stdout:/usr/bin/ceph: stderr
2026-02-19T22:37:12.158+0000 7f2024bf3640 1 -- 10.20.193.11:0/3591843932 learned_addr learned my addr 10.20.193.11:0/3591843932 (peer_addr_for_me v2:10.20.193.11:0/0)
2026-02-19T22:37:12.284 INFO:teuthology.orchestra.run.trial011.stdout:/usr/bin/ceph: stderr
2026-02-19T22:37:12.159+0000 7f2024bf3640 1 -- 10.20.193.11:0/3591843932 --> [v2:10.20.193.11:3300/0,v1:10.20.193.11:6789/0] -- mon_subscribe({config=0+,monmap=0+}) -- 0x7f202010b450 con 0x7f202010a2a0
2026-02-19T22:37:12.284 INFO:teuthology.orchestra.run.trial011.stdout:/usr/bin/ceph: stderr
2026-02-19T22:37:12.159+0000 7f2024bf3640 1 --2- 10.20.193.11:0/3591843932 >> [v2:10.20.193.11:3300/0,v1:10.20.193.11:6789/0] conn(0x7f202010a2a0 0x7f202010a6a0 secure :-1 s=READY pgs=45 cs=0 l=1 rev1=1 crypto rx=0x7f2010009920 tx=0x7f201002ef20 comp rx=0 tx=0).ready entity=mon.0 client_cookie=dde07425fe547910 server_cookie=0 in_seq=0 out_seq=0
2026-02-19T22:37:12.284 INFO:teuthology.orchestra.run.trial011.stdout:/usr/bin/ceph: stderr
2026-02-19T22:37:12.159+0000 7f20177fe640 1 -- 10.20.193.11:0/3591843932 <== mon.0 v2:10.20.193.11:3300/0 1 ==== mon_map magic: 0 ==== 205+0+0 (secure 0 0 0) 0x7f201003c070 con 0x7f202010a2a0
2026-02-19T22:37:12.284 INFO:teuthology.orchestra.run.trial011.stdout:/usr/bin/ceph: stderr
2026-02-19T22:37:12.159+0000 7f20177fe640 1 -- 10.20.193.11:0/3591843932 <== mon.0 v2:10.20.193.11:3300/0 2 ==== config(25 keys) ==== 1007+0+0 (secure 0 0 0) 0x7f2010037440 con 0x7f202010a2a0
2026-02-19T22:37:12.284 INFO:teuthology.orchestra.run.trial011.stdout:/usr/bin/ceph: stderr
2026-02-19T22:37:12.159+0000 7f20177fe640 1 -- 10.20.193.11:0/3591843932 <== mon.0 v2:10.20.193.11:3300/0 3 ==== mon_map magic: 0 ==== 205+0+0 (secure 0 0 0) 0x7f20100354d0 con 0x7f202010a2a0
2026-02-19T22:37:12.284 INFO:teuthology.orchestra.run.trial011.stdout:/usr/bin/ceph: stderr
2026-02-19T22:37:12.160+0000 7f2026e7e640 1 -- 10.20.193.11:0/3591843932 >> [v2:10.20.193.11:3300/0,v1:10.20.193.11:6789/0] conn(0x7f202010a2a0 msgr2=0x7f202010a6a0 secure :-1 s=STATE_CONNECTION_ESTABLISHED l=1).mark_down
2026-02-19T22:37:12.284 INFO:teuthology.orchestra.run.trial011.stdout:/usr/bin/ceph: stderr
2026-02-19T22:37:12.160+0000 7f2026e7e640 1 --2- 10.20.193.11:0/3591843932 >> [v2:10.20.193.11:3300/0,v1:10.20.193.11:6789/0] conn(0x7f202010a2a0 0x7f202010a6a0 secure :-1 s=READY pgs=45 cs=0 l=1 rev1=1 crypto rx=0x7f2010009920 tx=0x7f201002ef20 comp rx=0 tx=0).stop
2026-02-19T22:37:12.284 INFO:teuthology.orchestra.run.trial011.stdout:/usr/bin/ceph: stderr
2026-02-19T22:37:12.160+0000 7f2026e7e640 1 -- 10.20.193.11:0/3591843932 shutdown_connections
2026-02-19T22:37:12.284 INFO:teuthology.orchestra.run.trial011.stdout:/usr/bin/ceph: stderr
2026-02-19T22:37:12.160+0000 7f2026e7e640 1 --2- 10.20.193.11:0/3591843932 >> [v2:10.20.193.11:3300/0,v1:10.20.193.11:6789/0] conn(0x7f202010a2a0 0x7f202010a6a0 unknown :-1 s=CLOSED pgs=45 cs=0 l=1 rev1=1 crypto rx=0 tx=0 comp rx=0 tx=0).stop
2026-02-19T22:37:12.284 INFO:teuthology.orchestra.run.trial011.stdout:/usr/bin/ceph: stderr
2026-02-19T22:37:12.160+0000 7f2026e7e640 1 -- 10.20.193.11:0/3591843932 >> 10.20.193.11:0/3591843932 conn(0x7f202007d890 msgr2=0x7f2020108670 unknown :-1 s=STATE_NONE l=0).mark_down
2026-02-19T22:37:12.284 INFO:teuthology.orchestra.run.trial011.stdout:/usr/bin/ceph: stderr
2026-02-19T22:37:12.160+0000 7f2026e7e640 1 -- 10.20.193.11:0/3591843932 shutdown_connections
2026-02-19T22:37:12.284 INFO:teuthology.orchestra.run.trial011.stdout:/usr/bin/ceph: stderr
2026-02-19T22:37:12.160+0000 7f2026e7e640 1 -- 10.20.193.11:0/3591843932 wait complete.
2026-02-19T22:37:12.284 INFO:teuthology.orchestra.run.trial011.stdout:/usr/bin/ceph: stderr
2026-02-19T22:37:12.161+0000 7f2026e7e640 1 Processor -- start
2026-02-19T22:37:12.284 INFO:teuthology.orchestra.run.trial011.stdout:/usr/bin/ceph: stderr
2026-02-19T22:37:12.161+0000 7f2026e7e640 1 -- start start
2026-02-19T22:37:12.284 INFO:teuthology.orchestra.run.trial011.stdout:/usr/bin/ceph: stderr
2026-02-19T22:37:12.161+0000 7f2026e7e640 1 --2- >> [v2:10.20.193.11:3300/0,v1:10.20.193.11:6789/0] conn(0x7f202010a2a0 0x7f20201a0100 unknown :-1 s=NONE pgs=0 cs=0 l=1 rev1=0 crypto rx=0 tx=0 comp rx=0 tx=0).connect
2026-02-19T22:37:12.284 INFO:teuthology.orchestra.run.trial011.stdout:/usr/bin/ceph: stderr
2026-02-19T22:37:12.161+0000 7f2026e7e640 1 -- --> [v2:10.20.193.11:3300/0,v1:10.20.193.11:6789/0] -- mon_getmap magic: 0 -- 0x7f202010e680 con 0x7f202010a2a0
2026-02-19T22:37:12.284 INFO:teuthology.orchestra.run.trial011.stdout:/usr/bin/ceph: stderr
2026-02-19T22:37:12.161+0000 7f2024bf3640 1 --2- >> [v2:10.20.193.11:3300/0,v1:10.20.193.11:6789/0] conn(0x7f202010a2a0 0x7f20201a0100 unknown :-1 s=BANNER_CONNECTING pgs=0 cs=0 l=1 rev1=0 crypto rx=0 tx=0 comp rx=0 tx=0)._handle_peer_banner_payload supported=3 required=0
2026-02-19T22:37:12.284 INFO:teuthology.orchestra.run.trial011.stdout:/usr/bin/ceph: stderr
2026-02-19T22:37:12.161+0000 7f2024bf3640 1 --2- >> [v2:10.20.193.11:3300/0,v1:10.20.193.11:6789/0] conn(0x7f202010a2a0 0x7f20201a0100 unknown :-1 s=HELLO_CONNECTING pgs=0 cs=0 l=1 rev1=1 crypto rx=0 tx=0 comp rx=0 tx=0).handle_hello peer v2:10.20.193.11:3300/0 says I am v2:10.20.193.11:51706/0 (socket says 10.20.193.11:51706)
2026-02-19T22:37:12.284 INFO:teuthology.orchestra.run.trial011.stdout:/usr/bin/ceph: stderr
2026-02-19T22:37:12.161+0000 7f2024bf3640 1 -- 10.20.193.11:0/4132573 learned_addr learned my addr 10.20.193.11:0/4132573 (peer_addr_for_me v2:10.20.193.11:0/0)
2026-02-19T22:37:12.284 INFO:teuthology.orchestra.run.trial011.stdout:/usr/bin/ceph: stderr
2026-02-19T22:37:12.161+0000 7f2024bf3640 1 -- 10.20.193.11:0/4132573 --> [v2:10.20.193.11:3300/0,v1:10.20.193.11:6789/0] -- mon_subscribe({config=0+,monmap=0+}) -- 0x7f20201a0640 con 0x7f202010a2a0
2026-02-19T22:37:12.284 INFO:teuthology.orchestra.run.trial011.stdout:/usr/bin/ceph: stderr
2026-02-19T22:37:12.161+0000 7f2024bf3640 1 --2- 10.20.193.11:0/4132573 >> [v2:10.20.193.11:3300/0,v1:10.20.193.11:6789/0] conn(0x7f202010a2a0 0x7f20201a0100 secure :-1 s=READY pgs=46 cs=0 l=1 rev1=1 crypto rx=0x7f2010002410 tx=0x7f2010035ac0 comp rx=0 tx=0).ready entity=mon.0 client_cookie=0 server_cookie=0 in_seq=0 out_seq=0
2026-02-19T22:37:12.284 INFO:teuthology.orchestra.run.trial011.stdout:/usr/bin/ceph: stderr
2026-02-19T22:37:12.161+0000 7f2015ffb640 1 -- 10.20.193.11:0/4132573 <== mon.0 v2:10.20.193.11:3300/0 1 ==== mon_map magic: 0 ==== 205+0+0 (secure 0 0 0) 0x7f2010045070 con 0x7f202010a2a0
2026-02-19T22:37:12.284 INFO:teuthology.orchestra.run.trial011.stdout:/usr/bin/ceph: stderr
2026-02-19T22:37:12.161+0000 7f2026e7e640 1 -- 10.20.193.11:0/4132573 --> [v2:10.20.193.11:3300/0,v1:10.20.193.11:6789/0] -- mon_subscribe({mgrmap=0+}) -- 0x7f20201a08d0 con 0x7f202010a2a0
2026-02-19T22:37:12.284 INFO:teuthology.orchestra.run.trial011.stdout:/usr/bin/ceph: stderr
2026-02-19T22:37:12.161+0000 7f2015ffb640 1 -- 10.20.193.11:0/4132573 <== mon.0 v2:10.20.193.11:3300/0 2 ==== config(25 keys) ==== 1007+0+0 (secure 0 0 0) 0x7f201002fe00 con 0x7f202010a2a0
2026-02-19T22:37:12.284 INFO:teuthology.orchestra.run.trial011.stdout:/usr/bin/ceph: stderr
2026-02-19T22:37:12.161+0000 7f2015ffb640 1 -- 10.20.193.11:0/4132573 <== mon.0 v2:10.20.193.11:3300/0 3 ==== mon_map magic: 0 ==== 205+0+0 (secure 0 0 0) 0x7f201003c070 con 0x7f202010a2a0
2026-02-19T22:37:12.284 INFO:teuthology.orchestra.run.trial011.stdout:/usr/bin/ceph: stderr
2026-02-19T22:37:12.161+0000 7f2026e7e640 1 -- 10.20.193.11:0/4132573 --> [v2:10.20.193.11:3300/0,v1:10.20.193.11:6789/0] -- mon_subscribe({osdmap=0}) -- 0x7f20201a35c0 con 0x7f202010a2a0
2026-02-19T22:37:12.284 INFO:teuthology.orchestra.run.trial011.stdout:/usr/bin/ceph: stderr
2026-02-19T22:37:12.162+0000 7f2026e7e640 1 -- 10.20.193.11:0/4132573 --> [v2:10.20.193.11:3300/0,v1:10.20.193.11:6789/0] -- mon_command({"prefix": "get_command_descriptions"} v 0) -- 0x7f202010a720 con 0x7f202010a2a0
2026-02-19T22:37:12.284 INFO:teuthology.orchestra.run.trial011.stdout:/usr/bin/ceph: stderr
2026-02-19T22:37:12.162+0000 7f2015ffb640 1 -- 10.20.193.11:0/4132573 <== mon.0 v2:10.20.193.11:3300/0 4 ==== mgrmap(e 8) ==== 50247+0+0 (secure 0 0 0) 0x7f201004a440 con 0x7f202010a2a0
2026-02-19T22:37:12.285 INFO:teuthology.orchestra.run.trial011.stdout:/usr/bin/ceph: stderr
2026-02-19T22:37:12.162+0000 7f2015ffb640 1 --2- 10.20.193.11:0/4132573 >> [v2:10.20.193.11:6800/1135266903,v1:10.20.193.11:6801/1135266903] conn(0x7f1ffc03dba0 0x7f1ffc040060 unknown :-1 s=NONE pgs=0 cs=0 l=1 rev1=0 crypto rx=0 tx=0 comp rx=0 tx=0).connect
2026-02-19T22:37:12.285 INFO:teuthology.orchestra.run.trial011.stdout:/usr/bin/ceph: stderr
2026-02-19T22:37:12.162+0000 7f2015ffb640 1 -- 10.20.193.11:0/4132573 <== mon.0 v2:10.20.193.11:3300/0 5 ==== osd_map(2..2 src has 1..2) ==== 940+0+0 (secure 0 0 0) 0x7f2010076800 con 0x7f202010a2a0
2026-02-19T22:37:12.285 INFO:teuthology.orchestra.run.trial011.stdout:/usr/bin/ceph: stderr
2026-02-19T22:37:12.162+0000 7f2017fff640 1 --2- 10.20.193.11:0/4132573 >> [v2:10.20.193.11:6800/1135266903,v1:10.20.193.11:6801/1135266903] conn(0x7f1ffc03dba0 0x7f1ffc040060 unknown :-1 s=BANNER_CONNECTING pgs=0 cs=0 l=1 rev1=0 crypto rx=0 tx=0 comp rx=0 tx=0)._handle_peer_banner_payload supported=3 required=0
2026-02-19T22:37:12.285 INFO:teuthology.orchestra.run.trial011.stdout:/usr/bin/ceph: stderr
2026-02-19T22:37:12.163+0000 7f2017fff640 1 --2- 10.20.193.11:0/4132573 >> [v2:10.20.193.11:6800/1135266903,v1:10.20.193.11:6801/1135266903] conn(0x7f1ffc03dba0 0x7f1ffc040060 secure :-1 s=READY pgs=12 cs=0 l=1 rev1=1 crypto rx=0x7f20080099c0 tx=0x7f2008006eb0 comp rx=0 tx=0).ready entity=mgr.14118 client_cookie=0 server_cookie=0 in_seq=0 out_seq=0
2026-02-19T22:37:12.285 INFO:teuthology.orchestra.run.trial011.stdout:/usr/bin/ceph: stderr
2026-02-19T22:37:12.165+0000 7f2015ffb640 1 -- 10.20.193.11:0/4132573 <== mon.0 v2:10.20.193.11:3300/0 6 ==== mon_command_ack([{"prefix": "get_command_descriptions"}]=0 v0) ==== 72+0+195034 (secure 0 0 0) 0x7f2010040450 con 0x7f202010a2a0
2026-02-19T22:37:12.285 INFO:teuthology.orchestra.run.trial011.stdout:/usr/bin/ceph: stderr
2026-02-19T22:37:12.254+0000 7f2026e7e640 1 -- 10.20.193.11:0/4132573 --> [v2:10.20.193.11:6800/1135266903,v1:10.20.193.11:6801/1135266903] -- mgr_command(tid 0: {"prefix": "orch apply", "service_type": "mon", "unmanaged": true, "target": ["mon-mgr", ""]}) -- 0x7f2020108590 con 0x7f1ffc03dba0
2026-02-19T22:37:12.285 INFO:teuthology.orchestra.run.trial011.stdout:/usr/bin/ceph: stderr
2026-02-19T22:37:12.258+0000 7f2015ffb640 1 -- 10.20.193.11:0/4132573 <== mgr.14118 v2:10.20.193.11:6800/1135266903 1 ==== mgr_command_reply(tid 0: 0 ) ==== 8+0+24 (secure 0 0 0) 0x7f2020108590 con 0x7f1ffc03dba0
2026-02-19T22:37:12.285 INFO:teuthology.orchestra.run.trial011.stdout:/usr/bin/ceph: stderr
2026-02-19T22:37:12.259+0000 7f2026e7e640 1 -- 10.20.193.11:0/4132573 >> [v2:10.20.193.11:6800/1135266903,v1:10.20.193.11:6801/1135266903] conn(0x7f1ffc03dba0 msgr2=0x7f1ffc040060 secure :-1 s=STATE_CONNECTION_ESTABLISHED l=1).mark_down
2026-02-19T22:37:12.285 INFO:teuthology.orchestra.run.trial011.stdout:/usr/bin/ceph: stderr
2026-02-19T22:37:12.259+0000 7f2026e7e640 1 --2- 10.20.193.11:0/4132573 >> [v2:10.20.193.11:6800/1135266903,v1:10.20.193.11:6801/1135266903] conn(0x7f1ffc03dba0 0x7f1ffc040060 secure :-1 s=READY pgs=12 cs=0 l=1 rev1=1 crypto rx=0x7f20080099c0 tx=0x7f2008006eb0 comp rx=0 tx=0).stop
2026-02-19T22:37:12.285 INFO:teuthology.orchestra.run.trial011.stdout:/usr/bin/ceph: stderr
2026-02-19T22:37:12.259+0000 7f2026e7e640 1 -- 10.20.193.11:0/4132573 >> [v2:10.20.193.11:3300/0,v1:10.20.193.11:6789/0] conn(0x7f202010a2a0 msgr2=0x7f20201a0100 secure :-1 s=STATE_CONNECTION_ESTABLISHED l=1).mark_down
2026-02-19T22:37:12.285 INFO:teuthology.orchestra.run.trial011.stdout:/usr/bin/ceph: stderr
2026-02-19T22:37:12.259+0000 7f2026e7e640 1 --2- 10.20.193.11:0/4132573 >> [v2:10.20.193.11:3300/0,v1:10.20.193.11:6789/0] conn(0x7f202010a2a0 0x7f20201a0100 secure :-1 s=READY pgs=46 cs=0 l=1 rev1=1 crypto rx=0x7f2010002410 tx=0x7f2010035ac0 comp rx=0 tx=0).stop
2026-02-19T22:37:12.285 INFO:teuthology.orchestra.run.trial011.stdout:/usr/bin/ceph: stderr
2026-02-19T22:37:12.259+0000 7f2026e7e640 1 -- 10.20.193.11:0/4132573 shutdown_connections
2026-02-19T22:37:12.285 INFO:teuthology.orchestra.run.trial011.stdout:/usr/bin/ceph: stderr
2026-02-19T22:37:12.259+0000 7f2026e7e640 1 --2- 10.20.193.11:0/4132573 >> [v2:10.20.193.11:6800/1135266903,v1:10.20.193.11:6801/1135266903] conn(0x7f1ffc03dba0 0x7f1ffc040060 unknown :-1 s=CLOSED pgs=12 cs=0 l=1 rev1=1 crypto rx=0 tx=0 comp rx=0 tx=0).stop
2026-02-19T22:37:12.285 INFO:teuthology.orchestra.run.trial011.stdout:/usr/bin/ceph: stderr
2026-02-19T22:37:12.259+0000 7f2026e7e640 1 --2- 10.20.193.11:0/4132573 >> [v2:10.20.193.11:3300/0,v1:10.20.193.11:6789/0] conn(0x7f202010a2a0 0x7f20201a0100 unknown :-1 s=CLOSED pgs=46 cs=0 l=1 rev1=1 crypto rx=0 tx=0 comp rx=0 tx=0).stop
2026-02-19T22:37:12.285 INFO:teuthology.orchestra.run.trial011.stdout:/usr/bin/ceph: stderr
2026-02-19T22:37:12.259+0000 7f2026e7e640 1 -- 10.20.193.11:0/4132573 >> 10.20.193.11:0/4132573 conn(0x7f202007d890 msgr2=0x7f2020107e80 unknown :-1 s=STATE_NONE l=0).mark_down
2026-02-19T22:37:12.285 INFO:teuthology.orchestra.run.trial011.stdout:/usr/bin/ceph: stderr
2026-02-19T22:37:12.259+0000 7f2026e7e640 1 -- 10.20.193.11:0/4132573 shutdown_connections
2026-02-19T22:37:12.285 INFO:teuthology.orchestra.run.trial011.stdout:/usr/bin/ceph: stderr
2026-02-19T22:37:12.259+0000 7f2026e7e640 1 -- 10.20.193.11:0/4132573 wait complete.
2026-02-19T22:37:12.285 INFO:teuthology.orchestra.run.trial011.stdout:Deploying unmanaged mgr service...
2026-02-19T22:37:12.511 INFO:teuthology.orchestra.run.trial011.stdout:/usr/bin/ceph: stdout Scheduled mgr update...
2026-02-19T22:37:12.511 INFO:teuthology.orchestra.run.trial011.stdout:/usr/bin/ceph: stderr
2026-02-19T22:37:12.385+0000 7fd866e6b640 1 Processor -- start
2026-02-19T22:37:12.511 INFO:teuthology.orchestra.run.trial011.stdout:/usr/bin/ceph: stderr
2026-02-19T22:37:12.385+0000 7fd866e6b640 1 -- start start
2026-02-19T22:37:12.511 INFO:teuthology.orchestra.run.trial011.stdout:/usr/bin/ceph: stderr
2026-02-19T22:37:12.386+0000 7fd866e6b640 1 --2- >> [v2:10.20.193.11:3300/0,v1:10.20.193.11:6789/0] conn(0x7fd860108450 0x7fd860108850 unknown :-1 s=NONE pgs=0 cs=0 l=0 rev1=0 crypto rx=0 tx=0 comp rx=0 tx=0).connect
2026-02-19T22:37:12.512 INFO:teuthology.orchestra.run.trial011.stdout:/usr/bin/ceph: stderr
2026-02-19T22:37:12.386+0000 7fd866e6b640 1 -- --> [v2:10.20.193.11:3300/0,v1:10.20.193.11:6789/0] -- mon_getmap magic: 0 -- 0x7fd860108e20 con 0x7fd860108450
2026-02-19T22:37:12.512 INFO:teuthology.orchestra.run.trial011.stdout:/usr/bin/ceph: stderr
2026-02-19T22:37:12.386+0000 7fd864be0640 1 --2- >> [v2:10.20.193.11:3300/0,v1:10.20.193.11:6789/0] conn(0x7fd860108450 0x7fd860108850 unknown :-1 s=BANNER_CONNECTING pgs=0 cs=0 l=0 rev1=0 crypto rx=0 tx=0 comp rx=0 tx=0)._handle_peer_banner_payload supported=3 required=0
2026-02-19T22:37:12.512 INFO:teuthology.orchestra.run.trial011.stdout:/usr/bin/ceph: stderr
2026-02-19T22:37:12.386+0000 7fd864be0640 1 --2- >> [v2:10.20.193.11:3300/0,v1:10.20.193.11:6789/0] conn(0x7fd860108450 0x7fd860108850 unknown :-1 s=HELLO_CONNECTING pgs=0 cs=0 l=0 rev1=1 crypto rx=0 tx=0 comp rx=0 tx=0).handle_hello peer v2:10.20.193.11:3300/0 says I am v2:10.20.193.11:51720/0 (socket says 10.20.193.11:51720)
2026-02-19T22:37:12.512 INFO:teuthology.orchestra.run.trial011.stdout:/usr/bin/ceph: stderr
2026-02-19T22:37:12.386+0000 7fd864be0640 1 -- 10.20.193.11:0/2382511602 learned_addr learned my addr 10.20.193.11:0/2382511602 (peer_addr_for_me v2:10.20.193.11:0/0)
2026-02-19T22:37:12.512 INFO:teuthology.orchestra.run.trial011.stdout:/usr/bin/ceph: stderr
2026-02-19T22:37:12.386+0000 7fd864be0640 1 -- 10.20.193.11:0/2382511602 --> [v2:10.20.193.11:3300/0,v1:10.20.193.11:6789/0] -- mon_subscribe({config=0+,monmap=0+}) -- 0x7fd8601070b0 con 0x7fd860108450
2026-02-19T22:37:12.512 INFO:teuthology.orchestra.run.trial011.stdout:/usr/bin/ceph: stderr
2026-02-19T22:37:12.386+0000 7fd864be0640 1 --2- 10.20.193.11:0/2382511602 >> [v2:10.20.193.11:3300/0,v1:10.20.193.11:6789/0] conn(0x7fd860108450 0x7fd860108850 secure :-1 s=READY pgs=47 cs=0 l=1 rev1=1 crypto rx=0x7fd850009920 tx=0x7fd85002ef20 comp rx=0 tx=0).ready entity=mon.0 client_cookie=3da65798f0e95fc3 server_cookie=0 in_seq=0 out_seq=0
2026-02-19T22:37:12.512 INFO:teuthology.orchestra.run.trial011.stdout:/usr/bin/ceph: stderr
2026-02-19T22:37:12.386+0000 7fd8577fe640 1 -- 10.20.193.11:0/2382511602 <== mon.0 v2:10.20.193.11:3300/0 1 ==== mon_map magic: 0 ==== 205+0+0 (secure 0 0 0) 0x7fd85003c070 con 0x7fd860108450
2026-02-19T22:37:12.512 INFO:teuthology.orchestra.run.trial011.stdout:/usr/bin/ceph: stderr
2026-02-19T22:37:12.386+0000 7fd8577fe640 1 -- 10.20.193.11:0/2382511602 <== mon.0 v2:10.20.193.11:3300/0 2 ==== config(25 keys) ==== 1007+0+0 (secure 0 0 0) 0x7fd850037440 con 0x7fd860108450
2026-02-19T22:37:12.512 INFO:teuthology.orchestra.run.trial011.stdout:/usr/bin/ceph: stderr
2026-02-19T22:37:12.386+0000 7fd8577fe640 1 -- 10.20.193.11:0/2382511602 <== mon.0 v2:10.20.193.11:3300/0 3 ==== mon_map magic: 0 ==== 205+0+0 (secure 0 0 0) 0x7fd8500354d0 con 0x7fd860108450
2026-02-19T22:37:12.512 INFO:teuthology.orchestra.run.trial011.stdout:/usr/bin/ceph: stderr
2026-02-19T22:37:12.387+0000 7fd866e6b640 1 -- 10.20.193.11:0/2382511602 >> [v2:10.20.193.11:3300/0,v1:10.20.193.11:6789/0] conn(0x7fd860108450 msgr2=0x7fd860108850 secure :-1 s=STATE_CONNECTION_ESTABLISHED l=1).mark_down
2026-02-19T22:37:12.512 INFO:teuthology.orchestra.run.trial011.stdout:/usr/bin/ceph: stderr
2026-02-19T22:37:12.387+0000 7fd866e6b640 1 --2- 10.20.193.11:0/2382511602 >> [v2:10.20.193.11:3300/0,v1:10.20.193.11:6789/0] conn(0x7fd860108450 0x7fd860108850 secure :-1 s=READY pgs=47 cs=0 l=1 rev1=1 crypto rx=0x7fd850009920 tx=0x7fd85002ef20 comp rx=0 tx=0).stop
2026-02-19T22:37:12.513 INFO:teuthology.orchestra.run.trial011.stdout:/usr/bin/ceph: stderr
2026-02-19T22:37:12.387+0000 7fd866e6b640 1 -- 10.20.193.11:0/2382511602 shutdown_connections
2026-02-19T22:37:12.513 INFO:teuthology.orchestra.run.trial011.stdout:/usr/bin/ceph: stderr
2026-02-19T22:37:12.387+0000 7fd866e6b640 1 --2- 10.20.193.11:0/2382511602 >> [v2:10.20.193.11:3300/0,v1:10.20.193.11:6789/0] conn(0x7fd860108450 0x7fd860108850 unknown :-1 s=CLOSED pgs=47 cs=0 l=1 rev1=1 crypto rx=0 tx=0 comp rx=0 tx=0).stop
2026-02-19T22:37:12.513 INFO:teuthology.orchestra.run.trial011.stdout:/usr/bin/ceph: stderr
2026-02-19T22:37:12.387+0000 7fd866e6b640 1 -- 10.20.193.11:0/2382511602 >> 10.20.193.11:0/2382511602 conn(0x7fd860101d50 msgr2=0x7fd8601041d0 unknown :-1 s=STATE_NONE l=0).mark_down
2026-02-19T22:37:12.513 INFO:teuthology.orchestra.run.trial011.stdout:/usr/bin/ceph: stderr
2026-02-19T22:37:12.387+0000 7fd866e6b640 1 -- 10.20.193.11:0/2382511602 shutdown_connections
2026-02-19T22:37:12.513 INFO:teuthology.orchestra.run.trial011.stdout:/usr/bin/ceph: stderr
2026-02-19T22:37:12.387+0000 7fd866e6b640 1 -- 10.20.193.11:0/2382511602 wait complete.
2026-02-19T22:37:12.513 INFO:teuthology.orchestra.run.trial011.stdout:/usr/bin/ceph: stderr
2026-02-19T22:37:12.387+0000 7fd866e6b640 1 Processor -- start
2026-02-19T22:37:12.513 INFO:teuthology.orchestra.run.trial011.stdout:/usr/bin/ceph: stderr
2026-02-19T22:37:12.387+0000 7fd866e6b640 1 -- start start
2026-02-19T22:37:12.513 INFO:teuthology.orchestra.run.trial011.stdout:/usr/bin/ceph: stderr
2026-02-19T22:37:12.387+0000 7fd866e6b640 1 --2- >> [v2:10.20.193.11:3300/0,v1:10.20.193.11:6789/0] conn(0x7fd860108450 0x7fd86010d310 unknown :-1 s=NONE pgs=0 cs=0 l=1 rev1=0 crypto rx=0 tx=0 comp rx=0 tx=0).connect
2026-02-19T22:37:12.513 INFO:teuthology.orchestra.run.trial011.stdout:/usr/bin/ceph: stderr
2026-02-19T22:37:12.387+0000 7fd866e6b640 1 -- --> [v2:10.20.193.11:3300/0,v1:10.20.193.11:6789/0] -- mon_getmap magic: 0 -- 0x7fd86010b2f0 con 0x7fd860108450
2026-02-19T22:37:12.513 INFO:teuthology.orchestra.run.trial011.stdout:/usr/bin/ceph: stderr
2026-02-19T22:37:12.387+0000 7fd864be0640 1 --2- >> [v2:10.20.193.11:3300/0,v1:10.20.193.11:6789/0] conn(0x7fd860108450 0x7fd86010d310 unknown :-1 s=BANNER_CONNECTING pgs=0 cs=0 l=1 rev1=0 crypto rx=0 tx=0 comp rx=0 tx=0)._handle_peer_banner_payload supported=3 required=0
2026-02-19T22:37:12.514 INFO:teuthology.orchestra.run.trial011.stdout:/usr/bin/ceph: stderr
2026-02-19T22:37:12.387+0000 7fd864be0640 1 --2- >> [v2:10.20.193.11:3300/0,v1:10.20.193.11:6789/0] conn(0x7fd860108450 0x7fd86010d310 unknown :-1 s=HELLO_CONNECTING pgs=0 cs=0 l=1 rev1=1 crypto rx=0 tx=0 comp rx=0 tx=0).handle_hello peer v2:10.20.193.11:3300/0 says I am v2:10.20.193.11:51726/0 (socket says 10.20.193.11:51726)
2026-02-19T22:37:12.514 INFO:teuthology.orchestra.run.trial011.stdout:/usr/bin/ceph: stderr
2026-02-19T22:37:12.387+0000 7fd864be0640 1 -- 10.20.193.11:0/2472621534 learned_addr learned my addr 10.20.193.11:0/2472621534 (peer_addr_for_me v2:10.20.193.11:0/0)
2026-02-19T22:37:12.514 INFO:teuthology.orchestra.run.trial011.stdout:/usr/bin/ceph: stderr
2026-02-19T22:37:12.388+0000 7fd864be0640 1 -- 10.20.193.11:0/2472621534 --> [v2:10.20.193.11:3300/0,v1:10.20.193.11:6789/0] -- mon_subscribe({config=0+,monmap=0+}) -- 0x7fd86010d850 con 0x7fd860108450
2026-02-19T22:37:12.514 INFO:teuthology.orchestra.run.trial011.stdout:/usr/bin/ceph: stderr
2026-02-19T22:37:12.388+0000 7fd864be0640 1 --2- 10.20.193.11:0/2472621534 >> [v2:10.20.193.11:3300/0,v1:10.20.193.11:6789/0] conn(0x7fd860108450 0x7fd86010d310 secure :-1 s=READY pgs=48 cs=0 l=1 rev1=1 crypto rx=0x7fd850006fd0 tx=0x7fd850035e10 comp rx=0 tx=0).ready entity=mon.0 client_cookie=0 server_cookie=0 in_seq=0 out_seq=0
2026-02-19T22:37:12.514 INFO:teuthology.orchestra.run.trial011.stdout:/usr/bin/ceph: stderr
2026-02-19T22:37:12.388+0000 7fd855ffb640 1 -- 10.20.193.11:0/2472621534 <== mon.0 v2:10.20.193.11:3300/0 1 ==== mon_map magic: 0 ==== 205+0+0 (secure 0 0 0) 0x7fd850045070 con 0x7fd860108450
2026-02-19T22:37:12.514 INFO:teuthology.orchestra.run.trial011.stdout:/usr/bin/ceph: stderr
2026-02-19T22:37:12.388+0000 7fd855ffb640 1 -- 10.20.193.11:0/2472621534 <== mon.0 v2:10.20.193.11:3300/0 2 ==== config(25 keys) ==== 1007+0+0 (secure 0 0 0) 0x7fd850040450 con 0x7fd860108450
2026-02-19T22:37:12.514 INFO:teuthology.orchestra.run.trial011.stdout:/usr/bin/ceph: stderr
2026-02-19T22:37:12.388+0000 7fd866e6b640 1 -- 10.20.193.11:0/2472621534 --> [v2:10.20.193.11:3300/0,v1:10.20.193.11:6789/0] -- mon_subscribe({mgrmap=0+}) -- 0x7fd86010ba40 con 0x7fd860108450
2026-02-19T22:37:12.514 INFO:teuthology.orchestra.run.trial011.stdout:/usr/bin/ceph: stderr
2026-02-19T22:37:12.388+0000 7fd855ffb640 1 -- 10.20.193.11:0/2472621534 <== mon.0 v2:10.20.193.11:3300/0 3 ==== mon_map magic: 0 ==== 205+0+0 (secure 0 0 0) 0x7fd85003c070 con 0x7fd860108450
2026-02-19T22:37:12.515 INFO:teuthology.orchestra.run.trial011.stdout:/usr/bin/ceph: stderr
2026-02-19T22:37:12.388+0000 7fd866e6b640 1 -- 10.20.193.11:0/2472621534 --> [v2:10.20.193.11:3300/0,v1:10.20.193.11:6789/0] -- mon_subscribe({osdmap=0}) -- 0x7fd86010bf20 con 0x7fd860108450
2026-02-19T22:37:12.515 INFO:teuthology.orchestra.run.trial011.stdout:/usr/bin/ceph: stderr
2026-02-19T22:37:12.388+0000 7fd866e6b640 1 -- 10.20.193.11:0/2472621534 --> [v2:10.20.193.11:3300/0,v1:10.20.193.11:6789/0] -- mon_command({"prefix": "get_command_descriptions"} v 0) -- 0x7fd860108830 con 0x7fd860108450
2026-02-19T22:37:12.515 INFO:teuthology.orchestra.run.trial011.stdout:/usr/bin/ceph: stderr
2026-02-19T22:37:12.388+0000 7fd855ffb640 1 -- 10.20.193.11:0/2472621534 <== mon.0 v2:10.20.193.11:3300/0 4 ==== mgrmap(e 8) ==== 50247+0+0 (secure 0 0 0) 0x7fd85003e5f0 con 0x7fd860108450
2026-02-19T22:37:12.515 INFO:teuthology.orchestra.run.trial011.stdout:/usr/bin/ceph: stderr
2026-02-19T22:37:12.389+0000 7fd855ffb640 1 --2- 10.20.193.11:0/2472621534 >> [v2:10.20.193.11:6800/1135266903,v1:10.20.193.11:6801/1135266903] conn(0x7fd83c03dbf0 0x7fd83c0400b0 unknown :-1 s=NONE pgs=0 cs=0 l=1 rev1=0 crypto rx=0 tx=0 comp rx=0 tx=0).connect
2026-02-19T22:37:12.515 INFO:teuthology.orchestra.run.trial011.stdout:/usr/bin/ceph: stderr
2026-02-19T22:37:12.389+0000 7fd855ffb640 1 -- 10.20.193.11:0/2472621534 <== mon.0 v2:10.20.193.11:3300/0 5 ==== osd_map(2..2 src has 1..2) ==== 940+0+0 (secure 0 0 0) 0x7fd850076890 con 0x7fd860108450
2026-02-19T22:37:12.515 INFO:teuthology.orchestra.run.trial011.stdout:/usr/bin/ceph: stderr
2026-02-19T22:37:12.389+0000 7fd857fff640 1 --2- 10.20.193.11:0/2472621534 >> [v2:10.20.193.11:6800/1135266903,v1:10.20.193.11:6801/1135266903] conn(0x7fd83c03dbf0 0x7fd83c0400b0 unknown :-1 s=BANNER_CONNECTING pgs=0 cs=0 l=1 rev1=0 crypto rx=0 tx=0 comp rx=0 tx=0)._handle_peer_banner_payload supported=3 required=0
2026-02-19T22:37:12.515 INFO:teuthology.orchestra.run.trial011.stdout:/usr/bin/ceph: stderr
2026-02-19T22:37:12.389+0000 7fd857fff640 1 --2- 10.20.193.11:0/2472621534 >> [v2:10.20.193.11:6800/1135266903,v1:10.20.193.11:6801/1135266903] conn(0x7fd83c03dbf0 0x7fd83c0400b0 secure :-1 s=READY pgs=13 cs=0 l=1 rev1=1 crypto rx=0x7fd8480099c0 tx=0x7fd848006eb0 comp rx=0 tx=0).ready entity=mgr.14118 client_cookie=0 server_cookie=0 in_seq=0 out_seq=0
2026-02-19T22:37:12.515 INFO:teuthology.orchestra.run.trial011.stdout:/usr/bin/ceph: stderr
2026-02-19T22:37:12.391+0000 7fd855ffb640 1 -- 10.20.193.11:0/2472621534 <== mon.0 v2:10.20.193.11:3300/0 6 ==== mon_command_ack([{"prefix": "get_command_descriptions"}]=0 v0) ==== 72+0+195034 (secure 0 0 0) 0x7fd850033200 con 0x7fd860108450
2026-02-19T22:37:12.515 INFO:teuthology.orchestra.run.trial011.stdout:/usr/bin/ceph: stderr
2026-02-19T22:37:12.479+0000 7fd866e6b640 1 -- 10.20.193.11:0/2472621534 --> [v2:10.20.193.11:6800/1135266903,v1:10.20.193.11:6801/1135266903] -- mgr_command(tid 0: {"prefix": "orch apply", "service_type": "mgr", "unmanaged": true, "target": ["mon-mgr", ""]}) -- 0x7fd860197540 con 0x7fd83c03dbf0
2026-02-19T22:37:12.515 INFO:teuthology.orchestra.run.trial011.stdout:/usr/bin/ceph: stderr
2026-02-19T22:37:12.482+0000 7fd855ffb640 1 -- 10.20.193.11:0/2472621534 <== mgr.14118 v2:10.20.193.11:6800/1135266903 1 ==== mgr_command_reply(tid 0: 0 ) ==== 8+0+24 (secure 0 0 0) 0x7fd860197540 con 0x7fd83c03dbf0
2026-02-19T22:37:12.516 INFO:teuthology.orchestra.run.trial011.stdout:/usr/bin/ceph: stderr
2026-02-19T22:37:12.483+0000 7fd866e6b640 1 -- 10.20.193.11:0/2472621534 >> [v2:10.20.193.11:6800/1135266903,v1:10.20.193.11:6801/1135266903] conn(0x7fd83c03dbf0 msgr2=0x7fd83c0400b0 secure :-1 s=STATE_CONNECTION_ESTABLISHED l=1).mark_down
2026-02-19T22:37:12.516 INFO:teuthology.orchestra.run.trial011.stdout:/usr/bin/ceph: stderr
2026-02-19T22:37:12.483+0000 7fd866e6b640 1 --2- 10.20.193.11:0/2472621534 >> [v2:10.20.193.11:6800/1135266903,v1:10.20.193.11:6801/1135266903] conn(0x7fd83c03dbf0 0x7fd83c0400b0 secure :-1 s=READY pgs=13 cs=0 l=1 rev1=1 crypto rx=0x7fd8480099c0 tx=0x7fd848006eb0 comp rx=0 tx=0).stop
2026-02-19T22:37:12.516 INFO:teuthology.orchestra.run.trial011.stdout:/usr/bin/ceph: stderr
2026-02-19T22:37:12.483+0000 7fd866e6b640 1 -- 10.20.193.11:0/2472621534 >> [v2:10.20.193.11:3300/0,v1:10.20.193.11:6789/0] conn(0x7fd860108450 msgr2=0x7fd86010d310 secure :-1 s=STATE_CONNECTION_ESTABLISHED l=1).mark_down
2026-02-19T22:37:12.516 INFO:teuthology.orchestra.run.trial011.stdout:/usr/bin/ceph: stderr
2026-02-19T22:37:12.483+0000 7fd866e6b640 1 --2- 10.20.193.11:0/2472621534 >> [v2:10.20.193.11:3300/0,v1:10.20.193.11:6789/0] conn(0x7fd860108450 0x7fd86010d310 secure :-1 s=READY pgs=48 cs=0 l=1 rev1=1 crypto rx=0x7fd850006fd0 tx=0x7fd850035e10 comp rx=0 tx=0).stop
2026-02-19T22:37:12.516 INFO:teuthology.orchestra.run.trial011.stdout:/usr/bin/ceph: stderr
2026-02-19T22:37:12.483+0000 7fd866e6b640 1 -- 10.20.193.11:0/2472621534 shutdown_connections
2026-02-19T22:37:12.516 INFO:teuthology.orchestra.run.trial011.stdout:/usr/bin/ceph: stderr
2026-02-19T22:37:12.483+0000 7fd866e6b640 1 --2- 10.20.193.11:0/2472621534 >> [v2:10.20.193.11:6800/1135266903,v1:10.20.193.11:6801/1135266903] conn(0x7fd83c03dbf0 0x7fd83c0400b0 unknown :-1 s=CLOSED pgs=13 cs=0 l=1 rev1=1 crypto rx=0 tx=0 comp rx=0 tx=0).stop
2026-02-19T22:37:12.516 INFO:teuthology.orchestra.run.trial011.stdout:/usr/bin/ceph: stderr
2026-02-19T22:37:12.483+0000 7fd866e6b640 1 --2- 10.20.193.11:0/2472621534 >> [v2:10.20.193.11:3300/0,v1:10.20.193.11:6789/0] conn(0x7fd860108450 0x7fd86010d310 unknown :-1 s=CLOSED pgs=48 cs=0 l=1 rev1=1 crypto rx=0 tx=0 comp rx=0 tx=0).stop
2026-02-19T22:37:12.516 INFO:teuthology.orchestra.run.trial011.stdout:/usr/bin/ceph: stderr
2026-02-19T22:37:12.483+0000 7fd866e6b640 1 -- 10.20.193.11:0/2472621534 >> 10.20.193.11:0/2472621534 conn(0x7fd860101d50 msgr2=0x7fd860194760 unknown :-1 s=STATE_NONE l=0).mark_down
2026-02-19T22:37:12.516 INFO:teuthology.orchestra.run.trial011.stdout:/usr/bin/ceph: stderr
2026-02-19T22:37:12.483+0000 7fd866e6b640 1 -- 10.20.193.11:0/2472621534 shutdown_connections
2026-02-19T22:37:12.516 INFO:teuthology.orchestra.run.trial011.stdout:/usr/bin/ceph: stderr
2026-02-19T22:37:12.483+0000 7fd866e6b640 1 -- 10.20.193.11:0/2472621534 wait complete.
2026-02-19T22:37:12.746 INFO:teuthology.orchestra.run.trial011.stdout:/usr/bin/ceph: stderr
2026-02-19T22:37:12.623+0000 7ff5d788e640 1 Processor -- start
2026-02-19T22:37:12.746 INFO:teuthology.orchestra.run.trial011.stdout:/usr/bin/ceph: stderr
2026-02-19T22:37:12.623+0000 7ff5d788e640 1 -- start start
2026-02-19T22:37:12.746 INFO:teuthology.orchestra.run.trial011.stdout:/usr/bin/ceph: stderr
2026-02-19T22:37:12.623+0000 7ff5d788e640 1 --2- >> [v2:10.20.193.11:3300/0,v1:10.20.193.11:6789/0] conn(0x7ff5d007de00 0x7ff5d007c300 unknown :-1 s=NONE pgs=0 cs=0 l=0 rev1=0 crypto rx=0 tx=0 comp rx=0 tx=0).connect
2026-02-19T22:37:12.747 INFO:teuthology.orchestra.run.trial011.stdout:/usr/bin/ceph: stderr
2026-02-19T22:37:12.623+0000 7ff5d788e640 1 -- --> [v2:10.20.193.11:3300/0,v1:10.20.193.11:6789/0] -- mon_getmap magic: 0 -- 0x7ff5d007c840 con 0x7ff5d007de00
2026-02-19T22:37:12.747 INFO:teuthology.orchestra.run.trial011.stdout:/usr/bin/ceph: stderr
2026-02-19T22:37:12.624+0000 7ff5d5603640 1 --2- >> [v2:10.20.193.11:3300/0,v1:10.20.193.11:6789/0] conn(0x7ff5d007de00 0x7ff5d007c300 unknown :-1 s=BANNER_CONNECTING pgs=0 cs=0 l=0 rev1=0 crypto rx=0 tx=0 comp rx=0 tx=0)._handle_peer_banner_payload supported=3 required=0
2026-02-19T22:37:12.747 INFO:teuthology.orchestra.run.trial011.stdout:/usr/bin/ceph: stderr
2026-02-19T22:37:12.624+0000 7ff5d5603640 1 --2- >> [v2:10.20.193.11:3300/0,v1:10.20.193.11:6789/0] conn(0x7ff5d007de00 0x7ff5d007c300 unknown :-1 s=HELLO_CONNECTING pgs=0 cs=0 l=0 rev1=1 crypto rx=0 tx=0 comp rx=0 tx=0).handle_hello peer v2:10.20.193.11:3300/0 says I am v2:10.20.193.11:51732/0 (socket says 10.20.193.11:51732)
2026-02-19T22:37:12.747 INFO:teuthology.orchestra.run.trial011.stdout:/usr/bin/ceph: stderr
2026-02-19T22:37:12.624+0000 7ff5d5603640 1 -- 10.20.193.11:0/3083248165 learned_addr learned my addr 10.20.193.11:0/3083248165 (peer_addr_for_me v2:10.20.193.11:0/0)
2026-02-19T22:37:12.747 INFO:teuthology.orchestra.run.trial011.stdout:/usr/bin/ceph: stderr
2026-02-19T22:37:12.624+0000 7ff5d5603640 1 -- 10.20.193.11:0/3083248165 --> [v2:10.20.193.11:3300/0,v1:10.20.193.11:6789/0] -- mon_subscribe({config=0+,monmap=0+}) -- 0x7ff5d007c9c0 con 0x7ff5d007de00
2026-02-19T22:37:12.747 INFO:teuthology.orchestra.run.trial011.stdout:/usr/bin/ceph: stderr
2026-02-19T22:37:12.624+0000 7ff5d5603640 1 --2- 10.20.193.11:0/3083248165 >> [v2:10.20.193.11:3300/0,v1:10.20.193.11:6789/0] conn(0x7ff5d007de00 0x7ff5d007c300 secure :-1 s=READY pgs=49 cs=0 l=1 rev1=1 crypto rx=0x7ff5c0009920 tx=0x7ff5c002ef20 comp rx=0 tx=0).ready entity=mon.0 client_cookie=e3ad32f871295f5c server_cookie=0 in_seq=0 out_seq=0
2026-02-19T22:37:12.747 INFO:teuthology.orchestra.run.trial011.stdout:/usr/bin/ceph: stderr
2026-02-19T22:37:12.624+0000 7ff5bffff640 1 -- 10.20.193.11:0/3083248165 <== mon.0 v2:10.20.193.11:3300/0 1 ==== mon_map magic: 0 ==== 205+0+0 (secure 0 0 0) 0x7ff5c003c070 con 0x7ff5d007de00
2026-02-19T22:37:12.748 INFO:teuthology.orchestra.run.trial011.stdout:/usr/bin/ceph: stderr
2026-02-19T22:37:12.624+0000 7ff5bffff640 1 -- 10.20.193.11:0/3083248165 <== mon.0 v2:10.20.193.11:3300/0 2 ==== config(25 keys) ==== 1038+0+0 (secure 0 0 0) 0x7ff5c0037440 con 0x7ff5d007de00
2026-02-19T22:37:12.748 INFO:teuthology.orchestra.run.trial011.stdout:/usr/bin/ceph: stderr
2026-02-19T22:37:12.624+0000 7ff5bffff640 1 -- 10.20.193.11:0/3083248165 <== mon.0 v2:10.20.193.11:3300/0 3 ==== mon_map magic: 0 ==== 205+0+0 (secure 0 0 0) 0x7ff5c00354d0 con 0x7ff5d007de00
2026-02-19T22:37:12.748 INFO:teuthology.orchestra.run.trial011.stdout:/usr/bin/ceph: stderr
2026-02-19T22:37:12.625+0000 7ff5d788e640 1 -- 10.20.193.11:0/3083248165 >> [v2:10.20.193.11:3300/0,v1:10.20.193.11:6789/0] conn(0x7ff5d007de00 msgr2=0x7ff5d007c300 secure :-1 s=STATE_CONNECTION_ESTABLISHED l=1).mark_down
2026-02-19T22:37:12.748 INFO:teuthology.orchestra.run.trial011.stdout:/usr/bin/ceph: stderr
2026-02-19T22:37:12.625+0000 7ff5d788e640 1 --2- 10.20.193.11:0/3083248165 >> [v2:10.20.193.11:3300/0,v1:10.20.193.11:6789/0] conn(0x7ff5d007de00 0x7ff5d007c300 secure :-1 s=READY pgs=49 cs=0 l=1 rev1=1 crypto rx=0x7ff5c0009920 tx=0x7ff5c002ef20 comp rx=0 tx=0).stop
2026-02-19T22:37:12.748 INFO:teuthology.orchestra.run.trial011.stdout:/usr/bin/ceph: stderr
2026-02-19T22:37:12.625+0000 7ff5d788e640 1 -- 10.20.193.11:0/3083248165 shutdown_connections
2026-02-19T22:37:12.748 INFO:teuthology.orchestra.run.trial011.stdout:/usr/bin/ceph: stderr
2026-02-19T22:37:12.625+0000 7ff5d788e640 1 --2- 10.20.193.11:0/3083248165 >> [v2:10.20.193.11:3300/0,v1:10.20.193.11:6789/0] conn(0x7ff5d007de00 0x7ff5d007c300 unknown :-1 s=CLOSED pgs=49 cs=0 l=1 rev1=1 crypto rx=0 tx=0 comp rx=0 tx=0).stop
2026-02-19T22:37:12.748 INFO:teuthology.orchestra.run.trial011.stdout:/usr/bin/ceph: stderr
2026-02-19T22:37:12.625+0000 7ff5d788e640 1 -- 10.20.193.11:0/3083248165 >> 10.20.193.11:0/3083248165 conn(0x7ff5d01037f0 msgr2=0x7ff5d0105c30 unknown :-1 s=STATE_NONE l=0).mark_down
2026-02-19T22:37:12.748 INFO:teuthology.orchestra.run.trial011.stdout:/usr/bin/ceph: stderr
2026-02-19T22:37:12.625+0000 7ff5d788e640 1 -- 10.20.193.11:0/3083248165 shutdown_connections
2026-02-19T22:37:12.749 INFO:teuthology.orchestra.run.trial011.stdout:/usr/bin/ceph: stderr
2026-02-19T22:37:12.625+0000 7ff5d788e640 1 -- 10.20.193.11:0/3083248165 wait complete.
2026-02-19T22:37:12.749 INFO:teuthology.orchestra.run.trial011.stdout:/usr/bin/ceph: stderr
2026-02-19T22:37:12.625+0000 7ff5d788e640 1 Processor -- start
2026-02-19T22:37:12.749 INFO:teuthology.orchestra.run.trial011.stdout:/usr/bin/ceph: stderr
2026-02-19T22:37:12.625+0000 7ff5d788e640 1 -- start start
2026-02-19T22:37:12.749 INFO:teuthology.orchestra.run.trial011.stdout:/usr/bin/ceph: stderr
2026-02-19T22:37:12.625+0000 7ff5d788e640 1 --2- >> [v2:10.20.193.11:3300/0,v1:10.20.193.11:6789/0] conn(0x7ff5d007de00 0x7ff5d01a0090 unknown :-1 s=NONE pgs=0 cs=0 l=1 rev1=0 crypto rx=0 tx=0 comp rx=0 tx=0).connect
2026-02-19T22:37:12.749 INFO:teuthology.orchestra.run.trial011.stdout:/usr/bin/ceph: stderr
2026-02-19T22:37:12.625+0000 7ff5d788e640 1 -- --> [v2:10.20.193.11:3300/0,v1:10.20.193.11:6789/0] -- mon_getmap magic: 0 -- 0x7ff5d010e5a0 con 0x7ff5d007de00
2026-02-19T22:37:12.749 INFO:teuthology.orchestra.run.trial011.stdout:/usr/bin/ceph: stderr
2026-02-19T22:37:12.625+0000 7ff5d5603640 1 --2- >> [v2:10.20.193.11:3300/0,v1:10.20.193.11:6789/0] conn(0x7ff5d007de00 0x7ff5d01a0090 unknown :-1 s=BANNER_CONNECTING pgs=0 cs=0 l=1 rev1=0 crypto rx=0 tx=0 comp rx=0 tx=0)._handle_peer_banner_payload supported=3 required=0
2026-02-19T22:37:12.749 INFO:teuthology.orchestra.run.trial011.stdout:/usr/bin/ceph: stderr
2026-02-19T22:37:12.626+0000 7ff5d5603640 1 --2- >> [v2:10.20.193.11:3300/0,v1:10.20.193.11:6789/0] conn(0x7ff5d007de00 0x7ff5d01a0090 unknown :-1 s=HELLO_CONNECTING pgs=0 cs=0 l=1 rev1=1 crypto rx=0 tx=0 comp rx=0 tx=0).handle_hello peer v2:10.20.193.11:3300/0 says I am v2:10.20.193.11:51744/0 (socket says 10.20.193.11:51744)
2026-02-19T22:37:12.749 INFO:teuthology.orchestra.run.trial011.stdout:/usr/bin/ceph: stderr
2026-02-19T22:37:12.626+0000 7ff5d5603640 1 -- 10.20.193.11:0/3574376534 learned_addr learned my addr 10.20.193.11:0/3574376534 (peer_addr_for_me v2:10.20.193.11:0/0)
2026-02-19T22:37:12.750 INFO:teuthology.orchestra.run.trial011.stdout:/usr/bin/ceph: stderr
2026-02-19T22:37:12.626+0000 7ff5d5603640 1 -- 10.20.193.11:0/3574376534 --> [v2:10.20.193.11:3300/0,v1:10.20.193.11:6789/0] -- mon_subscribe({config=0+,monmap=0+}) -- 0x7ff5d01a05d0 con 0x7ff5d007de00
2026-02-19T22:37:12.750 INFO:teuthology.orchestra.run.trial011.stdout:/usr/bin/ceph: stderr
2026-02-19T22:37:12.626+0000 7ff5d5603640 1 --2- 10.20.193.11:0/3574376534 >> [v2:10.20.193.11:3300/0,v1:10.20.193.11:6789/0] conn(0x7ff5d007de00 0x7ff5d01a0090 secure :-1 s=READY pgs=50 cs=0 l=1 rev1=1 crypto rx=0x7ff5c0037820 tx=0x7ff5c0037850 comp rx=0 tx=0).ready entity=mon.0 client_cookie=0 server_cookie=0 in_seq=0 out_seq=0
2026-02-19T22:37:12.750 INFO:teuthology.orchestra.run.trial011.stdout:/usr/bin/ceph: stderr
2026-02-19T22:37:12.626+0000 7ff5be7fc640 1 -- 10.20.193.11:0/3574376534 <== mon.0 v2:10.20.193.11:3300/0 1 ==== mon_map magic: 0 ==== 205+0+0 (secure 0 0 0) 0x7ff5c0047070 con 0x7ff5d007de00
2026-02-19T22:37:12.750 INFO:teuthology.orchestra.run.trial011.stdout:/usr/bin/ceph: stderr
2026-02-19T22:37:12.626+0000 7ff5be7fc640 1 -- 10.20.193.11:0/3574376534 <== mon.0 v2:10.20.193.11:3300/0 2 ==== config(25 keys) ==== 1038+0+0 (secure 0 0 0) 0x7ff5c0035e50 con 0x7ff5d007de00
2026-02-19T22:37:12.750 INFO:teuthology.orchestra.run.trial011.stdout:/usr/bin/ceph: stderr
2026-02-19T22:37:12.626+0000 7ff5d788e640 1 -- 10.20.193.11:0/3574376534 --> [v2:10.20.193.11:3300/0,v1:10.20.193.11:6789/0] -- mon_subscribe({mgrmap=0+}) -- 0x7ff5d01a0860 con 0x7ff5d007de00
