2026-02-19T22:37:04.862+0000 7fe496575640 1 --2- >> [v2:10.20.193.11:3300/0,v1:10.20.193.11:6789/0] conn(0x7fe49810a2c0 0x7fe4981a0130 unknown :-1 s=BANNER_CONNECTING pgs=0 cs=0 l=1 rev1=0 crypto rx=0 tx=0 comp rx=0 tx=0)._handle_peer_banner_payload supported=3 required=0
2026-02-19T22:37:04.984 INFO:teuthology.orchestra.run.trial011.stdout:/usr/bin/ceph: stderr
2026-02-19T22:37:04.862+0000 7fe496575640 1 --2- >> [v2:10.20.193.11:3300/0,v1:10.20.193.11:6789/0] conn(0x7fe49810a2c0 0x7fe4981a0130 unknown :-1 s=HELLO_CONNECTING pgs=0 cs=0 l=1 rev1=1 crypto rx=0 tx=0 comp rx=0 tx=0).handle_hello peer v2:10.20.193.11:3300/0 says I am v2:10.20.193.11:49146/0 (socket says 10.20.193.11:49146)
2026-02-19T22:37:04.984 INFO:teuthology.orchestra.run.trial011.stdout:/usr/bin/ceph: stderr
2026-02-19T22:37:04.862+0000 7fe496575640 1 -- 10.20.193.11:0/4197467176 learned_addr learned my addr 10.20.193.11:0/4197467176 (peer_addr_for_me v2:10.20.193.11:0/0)
2026-02-19T22:37:04.984 INFO:teuthology.orchestra.run.trial011.stdout:/usr/bin/ceph: stderr
2026-02-19T22:37:04.863+0000 7fe496575640 1 -- 10.20.193.11:0/4197467176 --> [v2:10.20.193.11:3300/0,v1:10.20.193.11:6789/0] -- mon_subscribe({config=0+,monmap=0+}) -- 0x7fe4981a0670 con 0x7fe49810a2c0
2026-02-19T22:37:04.984 INFO:teuthology.orchestra.run.trial011.stdout:/usr/bin/ceph: stderr
2026-02-19T22:37:04.863+0000 7fe496575640 1 --2- 10.20.193.11:0/4197467176 >> [v2:10.20.193.11:3300/0,v1:10.20.193.11:6789/0] conn(0x7fe49810a2c0 0x7fe4981a0130 secure :-1 s=READY pgs=19 cs=0 l=1 rev1=1 crypto rx=0x7fe48c037cd0 tx=0x7fe48c035b10 comp rx=0 tx=0).ready entity=mon.0 client_cookie=0 server_cookie=0 in_seq=0 out_seq=0
2026-02-19T22:37:04.984 INFO:teuthology.orchestra.run.trial011.stdout:/usr/bin/ceph: stderr
2026-02-19T22:37:04.863+0000 7fe47f7fe640 1 -- 10.20.193.11:0/4197467176 <== mon.0 v2:10.20.193.11:3300/0 1 ==== mon_map magic: 0 ==== 205+0+0 (secure 0 0 0) 0x7fe48c045070 con 0x7fe49810a2c0
2026-02-19T22:37:04.984 INFO:teuthology.orchestra.run.trial011.stdout:/usr/bin/ceph: stderr
2026-02-19T22:37:04.863+0000 7fe47f7fe640 1 -- 10.20.193.11:0/4197467176 <== mon.0 v2:10.20.193.11:3300/0 2 ==== config(25 keys) ==== 1007+0+0 (secure 0 0 0) 0x7fe48c040450 con 0x7fe49810a2c0
2026-02-19T22:37:04.984 INFO:teuthology.orchestra.run.trial011.stdout:/usr/bin/ceph: stderr
2026-02-19T22:37:04.863+0000 7fe49ce8f640 1 -- 10.20.193.11:0/4197467176 --> [v2:10.20.193.11:3300/0,v1:10.20.193.11:6789/0] -- mon_subscribe({mgrmap=0+}) -- 0x7fe4981a0900 con 0x7fe49810a2c0
2026-02-19T22:37:04.984 INFO:teuthology.orchestra.run.trial011.stdout:/usr/bin/ceph: stderr
2026-02-19T22:37:04.863+0000 7fe47f7fe640 1 -- 10.20.193.11:0/4197467176 <== mon.0 v2:10.20.193.11:3300/0 3 ==== mon_map magic: 0 ==== 205+0+0 (secure 0 0 0) 0x7fe48c03c070 con 0x7fe49810a2c0
2026-02-19T22:37:04.984 INFO:teuthology.orchestra.run.trial011.stdout:/usr/bin/ceph: stderr
2026-02-19T22:37:04.863+0000 7fe49ce8f640 1 -- 10.20.193.11:0/4197467176 --> [v2:10.20.193.11:3300/0,v1:10.20.193.11:6789/0] -- mon_subscribe({osdmap=0}) -- 0x7fe4981a35f0 con 0x7fe49810a2c0
2026-02-19T22:37:04.984 INFO:teuthology.orchestra.run.trial011.stdout:/usr/bin/ceph: stderr
2026-02-19T22:37:04.863+0000 7fe49ce8f640 1 -- 10.20.193.11:0/4197467176 --> [v2:10.20.193.11:3300/0,v1:10.20.193.11:6789/0] -- mon_command({"prefix": "get_command_descriptions"} v 0) -- 0x7fe49810a740 con 0x7fe49810a2c0
2026-02-19T22:37:04.984 INFO:teuthology.orchestra.run.trial011.stdout:/usr/bin/ceph: stderr
2026-02-19T22:37:04.863+0000 7fe47f7fe640 1 -- 10.20.193.11:0/4197467176 <== mon.0 v2:10.20.193.11:3300/0 4 ==== mgrmap(e 4) ==== 50236+0+0 (secure 0 0 0) 0x7fe48c02fae0 con 0x7fe49810a2c0
2026-02-19T22:37:04.985 INFO:teuthology.orchestra.run.trial011.stdout:/usr/bin/ceph: stderr
2026-02-19T22:37:04.864+0000 7fe47f7fe640 1 --2- 10.20.193.11:0/4197467176 >> [v2:10.20.193.11:6800/1921240236,v1:10.20.193.11:6801/1921240236] conn(0x7fe47003dba0 0x7fe470040060 unknown :-1 s=NONE pgs=0 cs=0 l=1 rev1=0 crypto rx=0 tx=0 comp rx=0 tx=0).connect
2026-02-19T22:37:04.985 INFO:teuthology.orchestra.run.trial011.stdout:/usr/bin/ceph: stderr
2026-02-19T22:37:04.864+0000 7fe47f7fe640 1 -- 10.20.193.11:0/4197467176 <== mon.0 v2:10.20.193.11:3300/0 5 ==== osd_map(1..1 src has 1..1) ==== 725+0+0 (secure 0 0 0) 0x7fe48c076640 con 0x7fe49810a2c0
2026-02-19T22:37:04.985 INFO:teuthology.orchestra.run.trial011.stdout:/usr/bin/ceph: stderr
2026-02-19T22:37:04.864+0000 7fe495d74640 1 --2- 10.20.193.11:0/4197467176 >> [v2:10.20.193.11:6800/1921240236,v1:10.20.193.11:6801/1921240236] conn(0x7fe47003dba0 0x7fe470040060 unknown :-1 s=BANNER_CONNECTING pgs=0 cs=0 l=1 rev1=0 crypto rx=0 tx=0 comp rx=0 tx=0)._handle_peer_banner_payload supported=3 required=0
2026-02-19T22:37:04.985 INFO:teuthology.orchestra.run.trial011.stdout:/usr/bin/ceph: stderr
2026-02-19T22:37:04.864+0000 7fe495d74640 1 --2- 10.20.193.11:0/4197467176 >> [v2:10.20.193.11:6800/1921240236,v1:10.20.193.11:6801/1921240236] conn(0x7fe47003dba0 0x7fe470040060 secure :-1 s=READY pgs=7 cs=0 l=1 rev1=1 crypto rx=0x7fe4800099c0 tx=0x7fe480006eb0 comp rx=0 tx=0).ready entity=mgr.14100 client_cookie=0 server_cookie=0 in_seq=0 out_seq=0
2026-02-19T22:37:04.985 INFO:teuthology.orchestra.run.trial011.stdout:/usr/bin/ceph: stderr
2026-02-19T22:37:04.866+0000 7fe47f7fe640 1 -- 10.20.193.11:0/4197467176 <== mon.0 v2:10.20.193.11:3300/0 6 ==== mon_command_ack([{"prefix": "get_command_descriptions"}]=0 v0) ==== 72+0+195034 (secure 0 0 0) 0x7fe48c033200 con 0x7fe49810a2c0
2026-02-19T22:37:04.985 INFO:teuthology.orchestra.run.trial011.stdout:/usr/bin/ceph: stderr
2026-02-19T22:37:04.949+0000 7fe49ce8f640 1 -- 10.20.193.11:0/4197467176 --> [v2:10.20.193.11:3300/0,v1:10.20.193.11:6789/0] -- mon_command({"prefix": "config assimilate-conf"} v 0) -- 0x7fe4981a4e10 con 0x7fe49810a2c0
2026-02-19T22:37:04.985 INFO:teuthology.orchestra.run.trial011.stdout:/usr/bin/ceph: stderr
2026-02-19T22:37:04.950+0000 7fe47f7fe640 1 -- 10.20.193.11:0/4197467176 <== mon.0 v2:10.20.193.11:3300/0 7 ==== mon_command_ack([{"prefix": "config assimilate-conf"}]=0 v3) ==== 70+0+465 (secure 0 0 0) 0x7fe48c076060 con 0x7fe49810a2c0
2026-02-19T22:37:04.985 INFO:teuthology.orchestra.run.trial011.stdout:/usr/bin/ceph: stderr
2026-02-19T22:37:04.951+0000 7fe49ce8f640 1 -- 10.20.193.11:0/4197467176 >> [v2:10.20.193.11:6800/1921240236,v1:10.20.193.11:6801/1921240236] conn(0x7fe47003dba0 msgr2=0x7fe470040060 secure :-1 s=STATE_CONNECTION_ESTABLISHED l=1).mark_down
2026-02-19T22:37:04.985 INFO:teuthology.orchestra.run.trial011.stdout:/usr/bin/ceph: stderr
2026-02-19T22:37:04.951+0000 7fe49ce8f640 1 --2- 10.20.193.11:0/4197467176 >> [v2:10.20.193.11:6800/1921240236,v1:10.20.193.11:6801/1921240236] conn(0x7fe47003dba0 0x7fe470040060 secure :-1 s=READY pgs=7 cs=0 l=1 rev1=1 crypto rx=0x7fe4800099c0 tx=0x7fe480006eb0 comp rx=0 tx=0).stop
2026-02-19T22:37:04.985 INFO:teuthology.orchestra.run.trial011.stdout:/usr/bin/ceph: stderr
2026-02-19T22:37:04.951+0000 7fe49ce8f640 1 -- 10.20.193.11:0/4197467176 >> [v2:10.20.193.11:3300/0,v1:10.20.193.11:6789/0] conn(0x7fe49810a2c0 msgr2=0x7fe4981a0130 secure :-1 s=STATE_CONNECTION_ESTABLISHED l=1).mark_down
2026-02-19T22:37:04.985 INFO:teuthology.orchestra.run.trial011.stdout:/usr/bin/ceph: stderr
2026-02-19T22:37:04.951+0000 7fe49ce8f640 1 --2- 10.20.193.11:0/4197467176 >> [v2:10.20.193.11:3300/0,v1:10.20.193.11:6789/0] conn(0x7fe49810a2c0 0x7fe4981a0130 secure :-1 s=READY pgs=19 cs=0 l=1 rev1=1 crypto rx=0x7fe48c037cd0 tx=0x7fe48c035b10 comp rx=0 tx=0).stop
2026-02-19T22:37:04.986 INFO:teuthology.orchestra.run.trial011.stdout:/usr/bin/ceph: stderr
2026-02-19T22:37:04.951+0000 7fe49ce8f640 1 -- 10.20.193.11:0/4197467176 shutdown_connections
2026-02-19T22:37:04.986 INFO:teuthology.orchestra.run.trial011.stdout:/usr/bin/ceph: stderr
2026-02-19T22:37:04.951+0000 7fe49ce8f640 1 --2- 10.20.193.11:0/4197467176 >> [v2:10.20.193.11:6800/1921240236,v1:10.20.193.11:6801/1921240236] conn(0x7fe47003dba0 0x7fe470040060 unknown :-1 s=CLOSED pgs=7 cs=0 l=1 rev1=1 crypto rx=0 tx=0 comp rx=0 tx=0).stop
2026-02-19T22:37:04.986 INFO:teuthology.orchestra.run.trial011.stdout:/usr/bin/ceph: stderr
2026-02-19T22:37:04.951+0000 7fe49ce8f640 1 --2- 10.20.193.11:0/4197467176 >> [v2:10.20.193.11:3300/0,v1:10.20.193.11:6789/0] conn(0x7fe49810a2c0 0x7fe4981a0130 unknown :-1 s=CLOSED pgs=19 cs=0 l=1 rev1=1 crypto rx=0 tx=0 comp rx=0 tx=0).stop
2026-02-19T22:37:04.986 INFO:teuthology.orchestra.run.trial011.stdout:/usr/bin/ceph: stderr
2026-02-19T22:37:04.951+0000 7fe49ce8f640 1 -- 10.20.193.11:0/4197467176 >> 10.20.193.11:0/4197467176 conn(0x7fe49807d8c0 msgr2=0x7fe498107eb0 unknown :-1 s=STATE_NONE l=0).mark_down
2026-02-19T22:37:04.986 INFO:teuthology.orchestra.run.trial011.stdout:/usr/bin/ceph: stderr
2026-02-19T22:37:04.951+0000 7fe49ce8f640 1 -- 10.20.193.11:0/4197467176 shutdown_connections
2026-02-19T22:37:04.986 INFO:teuthology.orchestra.run.trial011.stdout:/usr/bin/ceph: stderr
2026-02-19T22:37:04.951+0000 7fe49ce8f640 1 -- 10.20.193.11:0/4197467176 wait complete.
2026-02-19T22:37:04.986 INFO:teuthology.orchestra.run.trial011.stdout:Enabling cephadm module...
2026-02-19T22:37:05.068 INFO:journalctl@ceph.mon.a.trial011.stdout:Feb 19 22:37:04 trial011 ceph-mon[40842]: mgrmap e3: x(active, since 1.00497s)
2026-02-19T22:37:05.068 INFO:journalctl@ceph.mon.a.trial011.stdout:Feb 19 22:37:04 trial011 ceph-mon[40842]: from='client.? 10.20.193.11:0/96046777' entity='client.admin' cmd=[{"prefix": "status", "format": "json-pretty"}]: dispatch
2026-02-19T22:37:05.856 INFO:teuthology.orchestra.run.trial011.stdout:/usr/bin/ceph: stderr
2026-02-19T22:37:05.067+0000 7f961b2a5640 1 Processor -- start
2026-02-19T22:37:05.856 INFO:teuthology.orchestra.run.trial011.stdout:/usr/bin/ceph: stderr
2026-02-19T22:37:05.067+0000 7f961b2a5640 1 -- start start
2026-02-19T22:37:05.856 INFO:teuthology.orchestra.run.trial011.stdout:/usr/bin/ceph: stderr
2026-02-19T22:37:05.067+0000 7f961b2a5640 1 --2- >> [v2:10.20.193.11:3300/0,v1:10.20.193.11:6789/0] conn(0x7f961410a2c0 0x7f961410a6c0 unknown :-1 s=NONE pgs=0 cs=0 l=0 rev1=0 crypto rx=0 tx=0 comp rx=0 tx=0).connect
2026-02-19T22:37:05.856 INFO:teuthology.orchestra.run.trial011.stdout:/usr/bin/ceph: stderr
2026-02-19T22:37:05.067+0000 7f961b2a5640 1 -- --> [v2:10.20.193.11:3300/0,v1:10.20.193.11:6789/0] -- mon_getmap magic: 0 -- 0x7f961410ac90 con 0x7f961410a2c0
2026-02-19T22:37:05.857 INFO:teuthology.orchestra.run.trial011.stdout:/usr/bin/ceph: stderr
2026-02-19T22:37:05.067+0000 7f961901a640 1 --2- >> [v2:10.20.193.11:3300/0,v1:10.20.193.11:6789/0] conn(0x7f961410a2c0 0x7f961410a6c0 unknown :-1 s=BANNER_CONNECTING pgs=0 cs=0 l=0 rev1=0 crypto rx=0 tx=0 comp rx=0 tx=0)._handle_peer_banner_payload supported=3 required=0
2026-02-19T22:37:05.857 INFO:teuthology.orchestra.run.trial011.stdout:/usr/bin/ceph: stderr
2026-02-19T22:37:05.067+0000 7f961901a640 1 --2- >> [v2:10.20.193.11:3300/0,v1:10.20.193.11:6789/0] conn(0x7f961410a2c0 0x7f961410a6c0 unknown :-1 s=HELLO_CONNECTING pgs=0 cs=0 l=0 rev1=1 crypto rx=0 tx=0 comp rx=0 tx=0).handle_hello peer v2:10.20.193.11:3300/0 says I am v2:10.20.193.11:49158/0 (socket says 10.20.193.11:49158)
2026-02-19T22:37:05.857 INFO:teuthology.orchestra.run.trial011.stdout:/usr/bin/ceph: stderr
2026-02-19T22:37:05.067+0000 7f961901a640 1 -- 10.20.193.11:0/3513482077 learned_addr learned my addr 10.20.193.11:0/3513482077 (peer_addr_for_me v2:10.20.193.11:0/0)
2026-02-19T22:37:05.857 INFO:teuthology.orchestra.run.trial011.stdout:/usr/bin/ceph: stderr
2026-02-19T22:37:05.067+0000 7f961901a640 1 -- 10.20.193.11:0/3513482077 --> [v2:10.20.193.11:3300/0,v1:10.20.193.11:6789/0] -- mon_subscribe({config=0+,monmap=0+}) -- 0x7f961410b460 con 0x7f961410a2c0
2026-02-19T22:37:05.857 INFO:teuthology.orchestra.run.trial011.stdout:/usr/bin/ceph: stderr
2026-02-19T22:37:05.068+0000 7f961901a640 1 --2- 10.20.193.11:0/3513482077 >> [v2:10.20.193.11:3300/0,v1:10.20.193.11:6789/0] conn(0x7f961410a2c0 0x7f961410a6c0 secure :-1 s=READY pgs=20 cs=0 l=1 rev1=1 crypto rx=0x7f9604009920 tx=0x7f960402ef20 comp rx=0 tx=0).ready entity=mon.0 client_cookie=306526e740266a5c server_cookie=0 in_seq=0 out_seq=0
2026-02-19T22:37:05.857 INFO:teuthology.orchestra.run.trial011.stdout:/usr/bin/ceph: stderr
2026-02-19T22:37:05.068+0000 7f9603fff640 1 -- 10.20.193.11:0/3513482077 <== mon.0 v2:10.20.193.11:3300/0 1 ==== mon_map magic: 0 ==== 205+0+0 (secure 0 0 0) 0x7f960403c070 con 0x7f961410a2c0
2026-02-19T22:37:05.857 INFO:teuthology.orchestra.run.trial011.stdout:/usr/bin/ceph: stderr
2026-02-19T22:37:05.068+0000 7f9603fff640 1 -- 10.20.193.11:0/3513482077 <== mon.0 v2:10.20.193.11:3300/0 2 ==== config(25 keys) ==== 1007+0+0 (secure 0 0 0) 0x7f9604037440 con 0x7f961410a2c0
2026-02-19T22:37:05.858 INFO:teuthology.orchestra.run.trial011.stdout:/usr/bin/ceph: stderr
2026-02-19T22:37:05.068+0000 7f9603fff640 1 -- 10.20.193.11:0/3513482077 <== mon.0 v2:10.20.193.11:3300/0 3 ==== mon_map magic: 0 ==== 205+0+0 (secure 0 0 0) 0x7f96040354d0 con 0x7f961410a2c0
2026-02-19T22:37:05.858 INFO:teuthology.orchestra.run.trial011.stdout:/usr/bin/ceph: stderr
2026-02-19T22:37:05.068+0000 7f961b2a5640 1 -- 10.20.193.11:0/3513482077 >> [v2:10.20.193.11:3300/0,v1:10.20.193.11:6789/0] conn(0x7f961410a2c0 msgr2=0x7f961410a6c0 secure :-1 s=STATE_CONNECTION_ESTABLISHED l=1).mark_down
2026-02-19T22:37:05.858 INFO:teuthology.orchestra.run.trial011.stdout:/usr/bin/ceph: stderr
2026-02-19T22:37:05.068+0000 7f961b2a5640 1 --2- 10.20.193.11:0/3513482077 >> [v2:10.20.193.11:3300/0,v1:10.20.193.11:6789/0] conn(0x7f961410a2c0 0x7f961410a6c0 secure :-1 s=READY pgs=20 cs=0 l=1 rev1=1 crypto rx=0x7f9604009920 tx=0x7f960402ef20 comp rx=0 tx=0).stop
2026-02-19T22:37:05.858 INFO:teuthology.orchestra.run.trial011.stdout:/usr/bin/ceph: stderr
2026-02-19T22:37:05.068+0000 7f961b2a5640 1 -- 10.20.193.11:0/3513482077 shutdown_connections
2026-02-19T22:37:05.858 INFO:teuthology.orchestra.run.trial011.stdout:/usr/bin/ceph: stderr
2026-02-19T22:37:05.068+0000 7f961b2a5640 1 --2- 10.20.193.11:0/3513482077 >> [v2:10.20.193.11:3300/0,v1:10.20.193.11:6789/0] conn(0x7f961410a2c0 0x7f961410a6c0 unknown :-1 s=CLOSED pgs=20 cs=0 l=1 rev1=1 crypto rx=0 tx=0 comp rx=0 tx=0).stop
2026-02-19T22:37:05.858 INFO:teuthology.orchestra.run.trial011.stdout:/usr/bin/ceph: stderr
2026-02-19T22:37:05.068+0000 7f961b2a5640 1 -- 10.20.193.11:0/3513482077 >> 10.20.193.11:0/3513482077 conn(0x7f961407d8c0 msgr2=0x7f9614108670 unknown :-1 s=STATE_NONE l=0).mark_down
2026-02-19T22:37:05.858 INFO:teuthology.orchestra.run.trial011.stdout:/usr/bin/ceph: stderr
2026-02-19T22:37:05.068+0000 7f961b2a5640 1 -- 10.20.193.11:0/3513482077 shutdown_connections
2026-02-19T22:37:05.859 INFO:teuthology.orchestra.run.trial011.stdout:/usr/bin/ceph: stderr
2026-02-19T22:37:05.068+0000 7f961b2a5640 1 -- 10.20.193.11:0/3513482077 wait complete.
2026-02-19T22:37:05.859 INFO:teuthology.orchestra.run.trial011.stdout:/usr/bin/ceph: stderr
2026-02-19T22:37:05.069+0000 7f961b2a5640 1 Processor -- start
2026-02-19T22:37:05.859 INFO:teuthology.orchestra.run.trial011.stdout:/usr/bin/ceph: stderr
2026-02-19T22:37:05.069+0000 7f961b2a5640 1 -- start start
2026-02-19T22:37:05.859 INFO:teuthology.orchestra.run.trial011.stdout:/usr/bin/ceph: stderr
2026-02-19T22:37:05.069+0000 7f961b2a5640 1 --2- >> [v2:10.20.193.11:3300/0,v1:10.20.193.11:6789/0] conn(0x7f961410a2c0 0x7f96141a0130 unknown :-1 s=NONE pgs=0 cs=0 l=1 rev1=0 crypto rx=0 tx=0 comp rx=0 tx=0).connect
2026-02-19T22:37:05.859 INFO:teuthology.orchestra.run.trial011.stdout:/usr/bin/ceph: stderr
2026-02-19T22:37:05.069+0000 7f961b2a5640 1 -- --> [v2:10.20.193.11:3300/0,v1:10.20.193.11:6789/0] -- mon_getmap magic: 0 -- 0x7f961410e690 con 0x7f961410a2c0
2026-02-19T22:37:05.859 INFO:teuthology.orchestra.run.trial011.stdout:/usr/bin/ceph: stderr
2026-02-19T22:37:05.069+0000 7f961901a640 1 --2- >> [v2:10.20.193.11:3300/0,v1:10.20.193.11:6789/0] conn(0x7f961410a2c0 0x7f96141a0130 unknown :-1 s=BANNER_CONNECTING pgs=0 cs=0 l=1 rev1=0 crypto rx=0 tx=0 comp rx=0 tx=0)._handle_peer_banner_payload supported=3 required=0
2026-02-19T22:37:05.860 INFO:teuthology.orchestra.run.trial011.stdout:/usr/bin/ceph: stderr
2026-02-19T22:37:05.069+0000 7f961901a640 1 --2- >> [v2:10.20.193.11:3300/0,v1:10.20.193.11:6789/0] conn(0x7f961410a2c0 0x7f96141a0130 unknown :-1 s=HELLO_CONNECTING pgs=0 cs=0 l=1 rev1=1 crypto rx=0 tx=0 comp rx=0 tx=0).handle_hello peer v2:10.20.193.11:3300/0 says I am v2:10.20.193.11:49172/0 (socket says 10.20.193.11:49172)
2026-02-19T22:37:05.860 INFO:teuthology.orchestra.run.trial011.stdout:/usr/bin/ceph: stderr
2026-02-19T22:37:05.069+0000 7f961901a640 1 -- 10.20.193.11:0/562654293 learned_addr learned my addr 10.20.193.11:0/562654293 (peer_addr_for_me v2:10.20.193.11:0/0)
2026-02-19T22:37:05.860 INFO:teuthology.orchestra.run.trial011.stdout:/usr/bin/ceph: stderr
2026-02-19T22:37:05.069+0000 7f961901a640 1 -- 10.20.193.11:0/562654293 --> [v2:10.20.193.11:3300/0,v1:10.20.193.11:6789/0] -- mon_subscribe({config=0+,monmap=0+}) -- 0x7f96141a0670 con 0x7f961410a2c0
2026-02-19T22:37:05.860 INFO:teuthology.orchestra.run.trial011.stdout:/usr/bin/ceph: stderr
2026-02-19T22:37:05.069+0000 7f961901a640 1 --2- 10.20.193.11:0/562654293 >> [v2:10.20.193.11:3300/0,v1:10.20.193.11:6789/0] conn(0x7f961410a2c0 0x7f96141a0130 secure :-1 s=READY pgs=21 cs=0 l=1 rev1=1 crypto rx=0x7f9604037cd0 tx=0x7f9604035b10 comp rx=0 tx=0).ready entity=mon.0 client_cookie=0 server_cookie=0 in_seq=0 out_seq=0
2026-02-19T22:37:05.860 INFO:teuthology.orchestra.run.trial011.stdout:/usr/bin/ceph: stderr
2026-02-19T22:37:05.069+0000 7f96027fc640 1 -- 10.20.193.11:0/562654293 <== mon.0 v2:10.20.193.11:3300/0 1 ==== mon_map magic: 0 ==== 205+0+0 (secure 0 0 0) 0x7f9604045070 con 0x7f961410a2c0
2026-02-19T22:37:05.860 INFO:teuthology.orchestra.run.trial011.stdout:/usr/bin/ceph: stderr
2026-02-19T22:37:05.069+0000 7f96027fc640 1 -- 10.20.193.11:0/562654293 <== mon.0 v2:10.20.193.11:3300/0 2 ==== config(25 keys) ==== 1007+0+0 (secure 0 0 0) 0x7f9604040450 con 0x7f961410a2c0
2026-02-19T22:37:05.861 INFO:teuthology.orchestra.run.trial011.stdout:/usr/bin/ceph: stderr
2026-02-19T22:37:05.069+0000 7f96027fc640 1 -- 10.20.193.11:0/562654293 <== mon.0 v2:10.20.193.11:3300/0 3 ==== mon_map magic: 0 ==== 205+0+0 (secure 0 0 0) 0x7f960403c070 con 0x7f961410a2c0
2026-02-19T22:37:05.861 INFO:teuthology.orchestra.run.trial011.stdout:/usr/bin/ceph: stderr
2026-02-19T22:37:05.069+0000 7f961b2a5640 1 -- 10.20.193.11:0/562654293 --> [v2:10.20.193.11:3300/0,v1:10.20.193.11:6789/0] -- mon_subscribe({mgrmap=0+}) -- 0x7f96141a0900 con 0x7f961410a2c0
2026-02-19T22:37:05.861 INFO:teuthology.orchestra.run.trial011.stdout:/usr/bin/ceph: stderr
2026-02-19T22:37:05.069+0000 7f961b2a5640 1 -- 10.20.193.11:0/562654293 --> [v2:10.20.193.11:3300/0,v1:10.20.193.11:6789/0] -- mon_subscribe({osdmap=0}) -- 0x7f96141a35f0 con 0x7f961410a2c0
2026-02-19T22:37:05.861 INFO:teuthology.orchestra.run.trial011.stdout:/usr/bin/ceph: stderr
2026-02-19T22:37:05.070+0000 7f961b2a5640 1 -- 10.20.193.11:0/562654293 --> [v2:10.20.193.11:3300/0,v1:10.20.193.11:6789/0] -- mon_command({"prefix": "get_command_descriptions"} v 0) -- 0x7f961410a740 con 0x7f961410a2c0
2026-02-19T22:37:05.861 INFO:teuthology.orchestra.run.trial011.stdout:/usr/bin/ceph: stderr
2026-02-19T22:37:05.070+0000 7f96027fc640 1 -- 10.20.193.11:0/562654293 <== mon.0 v2:10.20.193.11:3300/0 4 ==== mgrmap(e 4) ==== 50236+0+0 (secure 0 0 0) 0x7f960403e4e0 con 0x7f961410a2c0
2026-02-19T22:37:05.861 INFO:teuthology.orchestra.run.trial011.stdout:/usr/bin/ceph: stderr
2026-02-19T22:37:05.070+0000 7f96027fc640 1 --2- 10.20.193.11:0/562654293 >> [v2:10.20.193.11:6800/1921240236,v1:10.20.193.11:6801/1921240236] conn(0x7f95f003dba0 0x7f95f0040060 unknown :-1 s=NONE pgs=0 cs=0 l=1 rev1=0 crypto rx=0 tx=0 comp rx=0 tx=0).connect
2026-02-19T22:37:05.861 INFO:teuthology.orchestra.run.trial011.stdout:/usr/bin/ceph: stderr
2026-02-19T22:37:05.070+0000 7f96027fc640 1 -- 10.20.193.11:0/562654293 <== mon.0 v2:10.20.193.11:3300/0 5 ==== osd_map(1..1 src has 1..1) ==== 725+0+0 (secure 0 0 0) 0x7f9604076640 con 0x7f961410a2c0
2026-02-19T22:37:05.862 INFO:teuthology.orchestra.run.trial011.stdout:/usr/bin/ceph: stderr
2026-02-19T22:37:05.070+0000 7f9618819640 1 --2- 10.20.193.11:0/562654293 >> [v2:10.20.193.11:6800/1921240236,v1:10.20.193.11:6801/1921240236] conn(0x7f95f003dba0 0x7f95f0040060 unknown :-1 s=BANNER_CONNECTING pgs=0 cs=0 l=1 rev1=0 crypto rx=0 tx=0 comp rx=0 tx=0)._handle_peer_banner_payload supported=3 required=0
2026-02-19T22:37:05.862 INFO:teuthology.orchestra.run.trial011.stdout:/usr/bin/ceph: stderr
2026-02-19T22:37:05.070+0000 7f9618819640 1 --2- 10.20.193.11:0/562654293 >> [v2:10.20.193.11:6800/1921240236,v1:10.20.193.11:6801/1921240236] conn(0x7f95f003dba0 0x7f95f0040060 secure :-1 s=READY pgs=8 cs=0 l=1 rev1=1 crypto rx=0x7f96080099c0 tx=0x7f9608006eb0 comp rx=0 tx=0).ready entity=mgr.14100 client_cookie=0 server_cookie=0 in_seq=0 out_seq=0
2026-02-19T22:37:05.862 INFO:teuthology.orchestra.run.trial011.stdout:/usr/bin/ceph: stderr
2026-02-19T22:37:05.072+0000 7f96027fc640 1 -- 10.20.193.11:0/562654293 <== mon.0 v2:10.20.193.11:3300/0 6 ==== mon_command_ack([{"prefix": "get_command_descriptions"}]=0 v0) ==== 72+0+195034 (secure 0 0 0) 0x7f9604048e30 con 0x7f961410a2c0
2026-02-19T22:37:05.862 INFO:teuthology.orchestra.run.trial011.stdout:/usr/bin/ceph: stderr
2026-02-19T22:37:05.178+0000 7f961b2a5640 1 -- 10.20.193.11:0/562654293 --> [v2:10.20.193.11:3300/0,v1:10.20.193.11:6789/0] -- mon_command({"prefix": "mgr module enable", "module": "cephadm"} v 0) -- 0x7f96141a3c90 con 0x7f961410a2c0
2026-02-19T22:37:05.862 INFO:teuthology.orchestra.run.trial011.stdout:/usr/bin/ceph: stderr
2026-02-19T22:37:05.827+0000 7f96027fc640 1 -- 10.20.193.11:0/562654293 <== mon.0 v2:10.20.193.11:3300/0 7 ==== mon_command_ack([{"prefix": "mgr module enable", "module": "cephadm"}]=0 v5) ==== 86+0+0 (secure 0 0 0) 0x7f960403c210 con 0x7f961410a2c0
2026-02-19T22:37:05.862 INFO:teuthology.orchestra.run.trial011.stdout:/usr/bin/ceph: stderr
2026-02-19T22:37:05.828+0000 7f96027fc640 1 -- 10.20.193.11:0/562654293 <== mon.0 v2:10.20.193.11:3300/0 8 ==== mgrmap(e 5) ==== 50247+0+0 (secure 0 0 0) 0x7f960403e800 con 0x7f961410a2c0
2026-02-19T22:37:05.863 INFO:teuthology.orchestra.run.trial011.stdout:/usr/bin/ceph: stderr
2026-02-19T22:37:05.828+0000 7f961b2a5640 1 -- 10.20.193.11:0/562654293 >> [v2:10.20.193.11:6800/1921240236,v1:10.20.193.11:6801/1921240236] conn(0x7f95f003dba0 msgr2=0x7f95f0040060 secure :-1 s=STATE_CONNECTION_ESTABLISHED l=1).mark_down
2026-02-19T22:37:05.863 INFO:teuthology.orchestra.run.trial011.stdout:/usr/bin/ceph: stderr
2026-02-19T22:37:05.828+0000 7f961b2a5640 1 --2- 10.20.193.11:0/562654293 >> [v2:10.20.193.11:6800/1921240236,v1:10.20.193.11:6801/1921240236] conn(0x7f95f003dba0 0x7f95f0040060 secure :-1 s=READY pgs=8 cs=0 l=1 rev1=1 crypto rx=0x7f96080099c0 tx=0x7f9608006eb0 comp rx=0 tx=0).stop
2026-02-19T22:37:05.863 INFO:teuthology.orchestra.run.trial011.stdout:/usr/bin/ceph: stderr
2026-02-19T22:37:05.828+0000 7f961b2a5640 1 -- 10.20.193.11:0/562654293 >> [v2:10.20.193.11:3300/0,v1:10.20.193.11:6789/0] conn(0x7f961410a2c0 msgr2=0x7f96141a0130 secure :-1 s=STATE_CONNECTION_ESTABLISHED l=1).mark_down
2026-02-19T22:37:05.863 INFO:teuthology.orchestra.run.trial011.stdout:/usr/bin/ceph: stderr
2026-02-19T22:37:05.828+0000 7f961b2a5640 1 --2- 10.20.193.11:0/562654293 >> [v2:10.20.193.11:3300/0,v1:10.20.193.11:6789/0] conn(0x7f961410a2c0 0x7f96141a0130 secure :-1 s=READY pgs=21 cs=0 l=1 rev1=1 crypto rx=0x7f9604037cd0 tx=0x7f9604035b10 comp rx=0 tx=0).stop
2026-02-19T22:37:05.863 INFO:teuthology.orchestra.run.trial011.stdout:/usr/bin/ceph: stderr
2026-02-19T22:37:05.828+0000 7f961b2a5640 1 -- 10.20.193.11:0/562654293 shutdown_connections
2026-02-19T22:37:05.863 INFO:teuthology.orchestra.run.trial011.stdout:/usr/bin/ceph: stderr
2026-02-19T22:37:05.829+0000 7f961b2a5640 1 --2- 10.20.193.11:0/562654293 >> [v2:10.20.193.11:6800/1921240236,v1:10.20.193.11:6801/1921240236] conn(0x7f95f003dba0 0x7f95f0040060 unknown :-1 s=CLOSED pgs=8 cs=0 l=1 rev1=1 crypto rx=0 tx=0 comp rx=0 tx=0).stop
2026-02-19T22:37:05.863 INFO:teuthology.orchestra.run.trial011.stdout:/usr/bin/ceph: stderr
2026-02-19T22:37:05.829+0000 7f961b2a5640 1 --2- 10.20.193.11:0/562654293 >> [v2:10.20.193.11:3300/0,v1:10.20.193.11:6789/0] conn(0x7f961410a2c0 0x7f96141a0130 unknown :-1 s=CLOSED pgs=21 cs=0 l=1 rev1=1 crypto rx=0 tx=0 comp rx=0 tx=0).stop
2026-02-19T22:37:05.864 INFO:teuthology.orchestra.run.trial011.stdout:/usr/bin/ceph: stderr
2026-02-19T22:37:05.829+0000 7f961b2a5640 1 -- 10.20.193.11:0/562654293 >> 10.20.193.11:0/562654293 conn(0x7f961407d8c0 msgr2=0x7f9614107eb0 unknown :-1 s=STATE_NONE l=0).mark_down
2026-02-19T22:37:05.864 INFO:teuthology.orchestra.run.trial011.stdout:/usr/bin/ceph: stderr
2026-02-19T22:37:05.829+0000 7f961b2a5640 1 -- 10.20.193.11:0/562654293 shutdown_connections
2026-02-19T22:37:05.864 INFO:teuthology.orchestra.run.trial011.stdout:/usr/bin/ceph: stderr
2026-02-19T22:37:05.829+0000 7f961b2a5640 1 -- 10.20.193.11:0/562654293 wait complete.
2026-02-19T22:37:06.088 INFO:journalctl@ceph.mon.a.trial011.stdout:Feb 19 22:37:05 trial011 ceph-mon[40842]: mgrmap e4: x(active, since 2s)
2026-02-19T22:37:06.088 INFO:journalctl@ceph.mon.a.trial011.stdout:Feb 19 22:37:05 trial011 ceph-mon[40842]: from='client.? 10.20.193.11:0/4197467176' entity='client.admin' cmd=[{"prefix": "config assimilate-conf"}]: dispatch
2026-02-19T22:37:06.088 INFO:journalctl@ceph.mon.a.trial011.stdout:Feb 19 22:37:05 trial011 ceph-mon[40842]: from='client.? 10.20.193.11:0/562654293' entity='client.admin' cmd=[{"prefix": "mgr module enable", "module": "cephadm"}]: dispatch
2026-02-19T22:37:06.088 INFO:journalctl@ceph.mgr.x.trial011.stdout:Feb 19 22:37:05 trial011 ceph-77d22a90-0de3-11f1-ba83-d404e6e7d460-mgr-x[41107]: ignoring --setuser ceph since I am not root
2026-02-19T22:37:06.088 INFO:journalctl@ceph.mgr.x.trial011.stdout:Feb 19 22:37:05 trial011 ceph-77d22a90-0de3-11f1-ba83-d404e6e7d460-mgr-x[41107]: ignoring --setgroup ceph since I am not root
2026-02-19T22:37:06.105 INFO:teuthology.orchestra.run.trial011.stdout:/usr/bin/ceph: stdout {
2026-02-19T22:37:06.105 INFO:teuthology.orchestra.run.trial011.stdout:/usr/bin/ceph: stdout "epoch": 5,
2026-02-19T22:37:06.106 INFO:teuthology.orchestra.run.trial011.stdout:/usr/bin/ceph: stdout "available": true,
2026-02-19T22:37:06.106 INFO:teuthology.orchestra.run.trial011.stdout:/usr/bin/ceph: stdout "active_name": "x",
2026-02-19T22:37:06.106 INFO:teuthology.orchestra.run.trial011.stdout:/usr/bin/ceph: stdout "num_standby": 0
2026-02-19T22:37:06.106 INFO:teuthology.orchestra.run.trial011.stdout:/usr/bin/ceph: stdout }
2026-02-19T22:37:06.106 INFO:teuthology.orchestra.run.trial011.stdout:/usr/bin/ceph: stderr
2026-02-19T22:37:05.951+0000 7f794e7cf640 1 Processor -- start
2026-02-19T22:37:06.106 INFO:teuthology.orchestra.run.trial011.stdout:/usr/bin/ceph: stderr
2026-02-19T22:37:05.951+0000 7f794e7cf640 1 -- start start
2026-02-19T22:37:06.106 INFO:teuthology.orchestra.run.trial011.stdout:/usr/bin/ceph: stderr
2026-02-19T22:37:05.951+0000 7f794e7cf640 1 --2- >> [v2:10.20.193.11:3300/0,v1:10.20.193.11:6789/0] conn(0x7f794807de50 0x7f794807c300 unknown :-1 s=NONE pgs=0 cs=0 l=0 rev1=0 crypto rx=0 tx=0 comp rx=0 tx=0).connect
2026-02-19T22:37:06.106 INFO:teuthology.orchestra.run.trial011.stdout:/usr/bin/ceph: stderr
2026-02-19T22:37:05.951+0000 7f794e7cf640 1 -- --> [v2:10.20.193.11:3300/0,v1:10.20.193.11:6789/0] -- mon_getmap magic: 0 -- 0x7f794807c840 con 0x7f794807de50
2026-02-19T22:37:06.106 INFO:teuthology.orchestra.run.trial011.stdout:/usr/bin/ceph: stderr
2026-02-19T22:37:05.951+0000 7f794d7cd640 1 --2- >> [v2:10.20.193.11:3300/0,v1:10.20.193.11:6789/0] conn(0x7f794807de50 0x7f794807c300 unknown :-1 s=BANNER_CONNECTING pgs=0 cs=0 l=0 rev1=0 crypto rx=0 tx=0 comp rx=0 tx=0)._handle_peer_banner_payload supported=3 required=0
2026-02-19T22:37:06.106 INFO:teuthology.orchestra.run.trial011.stdout:/usr/bin/ceph: stderr
2026-02-19T22:37:05.951+0000 7f794d7cd640 1 --2- >> [v2:10.20.193.11:3300/0,v1:10.20.193.11:6789/0] conn(0x7f794807de50 0x7f794807c300 unknown :-1 s=HELLO_CONNECTING pgs=0 cs=0 l=0 rev1=1 crypto rx=0 tx=0 comp rx=0 tx=0).handle_hello peer v2:10.20.193.11:3300/0 says I am v2:10.20.193.11:49196/0 (socket says 10.20.193.11:49196)
2026-02-19T22:37:06.106 INFO:teuthology.orchestra.run.trial011.stdout:/usr/bin/ceph: stderr
2026-02-19T22:37:05.951+0000 7f794d7cd640 1 -- 10.20.193.11:0/2327706994 learned_addr learned my addr 10.20.193.11:0/2327706994 (peer_addr_for_me v2:10.20.193.11:0/0)
2026-02-19T22:37:06.107 INFO:teuthology.orchestra.run.trial011.stdout:/usr/bin/ceph: stderr
2026-02-19T22:37:05.952+0000 7f794d7cd640 1 -- 10.20.193.11:0/2327706994 --> [v2:10.20.193.11:3300/0,v1:10.20.193.11:6789/0] -- mon_subscribe({config=0+,monmap=0+}) -- 0x7f794807c9c0 con 0x7f794807de50
2026-02-19T22:37:06.107 INFO:teuthology.orchestra.run.trial011.stdout:/usr/bin/ceph: stderr
2026-02-19T22:37:05.952+0000 7f794d7cd640 1 --2- 10.20.193.11:0/2327706994 >> [v2:10.20.193.11:3300/0,v1:10.20.193.11:6789/0] conn(0x7f794807de50 0x7f794807c300 secure :-1 s=READY pgs=24 cs=0 l=1 rev1=1 crypto rx=0x7f7938009920 tx=0x7f793802ef20 comp rx=0 tx=0).ready entity=mon.0 client_cookie=644983439b6d2b20 server_cookie=0 in_seq=0 out_seq=0
2026-02-19T22:37:06.107 INFO:teuthology.orchestra.run.trial011.stdout:/usr/bin/ceph: stderr
2026-02-19T22:37:05.952+0000 7f7937fff640 1 -- 10.20.193.11:0/2327706994 <== mon.0 v2:10.20.193.11:3300/0 1 ==== mon_map magic: 0 ==== 205+0+0 (secure 0 0 0) 0x7f793803c070 con 0x7f794807de50
2026-02-19T22:37:06.107 INFO:teuthology.orchestra.run.trial011.stdout:/usr/bin/ceph: stderr
2026-02-19T22:37:05.952+0000 7f7937fff640 1 -- 10.20.193.11:0/2327706994 <== mon.0 v2:10.20.193.11:3300/0 2 ==== config(25 keys) ==== 1007+0+0 (secure 0 0 0) 0x7f7938037440 con 0x7f794807de50
2026-02-19T22:37:06.107 INFO:teuthology.orchestra.run.trial011.stdout:/usr/bin/ceph: stderr
2026-02-19T22:37:05.952+0000 7f7937fff640 1 -- 10.20.193.11:0/2327706994 <== mon.0 v2:10.20.193.11:3300/0 3 ==== mon_map magic: 0 ==== 205+0+0 (secure 0 0 0) 0x7f79380354d0 con 0x7f794807de50
2026-02-19T22:37:06.107 INFO:teuthology.orchestra.run.trial011.stdout:/usr/bin/ceph: stderr
2026-02-19T22:37:05.952+0000 7f794e7cf640 1 -- 10.20.193.11:0/2327706994 >> [v2:10.20.193.11:3300/0,v1:10.20.193.11:6789/0] conn(0x7f794807de50 msgr2=0x7f794807c300 secure :-1 s=STATE_CONNECTION_ESTABLISHED l=1).mark_down
2026-02-19T22:37:06.107 INFO:teuthology.orchestra.run.trial011.stdout:/usr/bin/ceph: stderr
2026-02-19T22:37:05.952+0000 7f794e7cf640 1 --2- 10.20.193.11:0/2327706994 >> [v2:10.20.193.11:3300/0,v1:10.20.193.11:6789/0] conn(0x7f794807de50 0x7f794807c300 secure :-1 s=READY pgs=24 cs=0 l=1 rev1=1 crypto rx=0x7f7938009920 tx=0x7f793802ef20 comp rx=0 tx=0).stop
2026-02-19T22:37:06.107 INFO:teuthology.orchestra.run.trial011.stdout:/usr/bin/ceph: stderr
2026-02-19T22:37:05.952+0000 7f794e7cf640 1 -- 10.20.193.11:0/2327706994 shutdown_connections
2026-02-19T22:37:06.107 INFO:teuthology.orchestra.run.trial011.stdout:/usr/bin/ceph: stderr
2026-02-19T22:37:05.952+0000 7f794e7cf640 1 --2- 10.20.193.11:0/2327706994 >> [v2:10.20.193.11:3300/0,v1:10.20.193.11:6789/0] conn(0x7f794807de50 0x7f794807c300 unknown :-1 s=CLOSED pgs=24 cs=0 l=1 rev1=1 crypto rx=0 tx=0 comp rx=0 tx=0).stop
2026-02-19T22:37:06.107 INFO:teuthology.orchestra.run.trial011.stdout:/usr/bin/ceph: stderr
2026-02-19T22:37:05.952+0000 7f794e7cf640 1 -- 10.20.193.11:0/2327706994 >> 10.20.193.11:0/2327706994 conn(0x7f79481035a0 msgr2=0x7f7948105a00 unknown :-1 s=STATE_NONE l=0).mark_down
2026-02-19T22:37:06.107 INFO:teuthology.orchestra.run.trial011.stdout:/usr/bin/ceph: stderr
2026-02-19T22:37:05.952+0000 7f794e7cf640 1 -- 10.20.193.11:0/2327706994 shutdown_connections
2026-02-19T22:37:06.108 INFO:teuthology.orchestra.run.trial011.stdout:/usr/bin/ceph: stderr
2026-02-19T22:37:05.952+0000 7f794e7cf640 1 -- 10.20.193.11:0/2327706994 wait complete.
2026-02-19T22:37:06.108 INFO:teuthology.orchestra.run.trial011.stdout:/usr/bin/ceph: stderr
2026-02-19T22:37:05.953+0000 7f794e7cf640 1 Processor -- start
2026-02-19T22:37:06.108 INFO:teuthology.orchestra.run.trial011.stdout:/usr/bin/ceph: stderr
2026-02-19T22:37:05.953+0000 7f794e7cf640 1 -- start start
2026-02-19T22:37:06.108 INFO:teuthology.orchestra.run.trial011.stdout:/usr/bin/ceph: stderr
2026-02-19T22:37:05.953+0000 7f794e7cf640 1 --2- >> [v2:10.20.193.11:3300/0,v1:10.20.193.11:6789/0] conn(0x7f794807de50 0x7f794819feb0 unknown :-1 s=NONE pgs=0 cs=0 l=1 rev1=0 crypto rx=0 tx=0 comp rx=0 tx=0).connect
2026-02-19T22:37:06.108 INFO:teuthology.orchestra.run.trial011.stdout:/usr/bin/ceph: stderr
2026-02-19T22:37:05.953+0000 7f794e7cf640 1 -- --> [v2:10.20.193.11:3300/0,v1:10.20.193.11:6789/0] -- mon_getmap magic: 0 -- 0x7f794810e2b0 con 0x7f794807de50
2026-02-19T22:37:06.108 INFO:teuthology.orchestra.run.trial011.stdout:/usr/bin/ceph: stderr
2026-02-19T22:37:05.953+0000 7f794d7cd640 1 --2- >> [v2:10.20.193.11:3300/0,v1:10.20.193.11:6789/0] conn(0x7f794807de50 0x7f794819feb0 unknown :-1 s=BANNER_CONNECTING pgs=0 cs=0 l=1 rev1=0 crypto rx=0 tx=0 comp rx=0 tx=0)._handle_peer_banner_payload supported=3 required=0
2026-02-19T22:37:06.108 INFO:teuthology.orchestra.run.trial011.stdout:/usr/bin/ceph: stderr
2026-02-19T22:37:05.953+0000 7f794d7cd640 1 --2- >> [v2:10.20.193.11:3300/0,v1:10.20.193.11:6789/0] conn(0x7f794807de50 0x7f794819feb0 unknown :-1 s=HELLO_CONNECTING pgs=0 cs=0 l=1 rev1=1 crypto rx=0 tx=0 comp rx=0 tx=0).handle_hello peer v2:10.20.193.11:3300/0 says I am v2:10.20.193.11:49206/0 (socket says 10.20.193.11:49206)
2026-02-19T22:37:06.108 INFO:teuthology.orchestra.run.trial011.stdout:/usr/bin/ceph: stderr
2026-02-19T22:37:05.953+0000 7f794d7cd640 1 -- 10.20.193.11:0/4053944525 learned_addr learned my addr 10.20.193.11:0/4053944525 (peer_addr_for_me v2:10.20.193.11:0/0)
2026-02-19T22:37:06.108 INFO:teuthology.orchestra.run.trial011.stdout:/usr/bin/ceph: stderr
2026-02-19T22:37:05.953+0000 7f794d7cd640 1 -- 10.20.193.11:0/4053944525 --> [v2:10.20.193.11:3300/0,v1:10.20.193.11:6789/0] -- mon_subscribe({config=0+,monmap=0+}) -- 0x7f79481a03f0 con 0x7f794807de50
2026-02-19T22:37:06.108 INFO:teuthology.orchestra.run.trial011.stdout:/usr/bin/ceph: stderr
2026-02-19T22:37:05.953+0000 7f794d7cd640 1 --2- 10.20.193.11:0/4053944525 >> [v2:10.20.193.11:3300/0,v1:10.20.193.11:6789/0] conn(0x7f794807de50 0x7f794819feb0 secure :-1 s=READY pgs=25 cs=0 l=1 rev1=1 crypto rx=0x7f7938035e10 tx=0x7f7938035e40 comp rx=0 tx=0).ready entity=mon.0 client_cookie=0 server_cookie=0 in_seq=0 out_seq=0
2026-02-19T22:37:06.108 INFO:teuthology.orchestra.run.trial011.stdout:/usr/bin/ceph: stderr
2026-02-19T22:37:05.953+0000 7f79367fc640 1 -- 10.20.193.11:0/4053944525 <== mon.0 v2:10.20.193.11:3300/0 1 ==== mon_map magic: 0 ==== 205+0+0 (secure 0 0 0) 0x7f7938045070 con 0x7f794807de50
2026-02-19T22:37:06.108 INFO:teuthology.orchestra.run.trial011.stdout:/usr/bin/ceph: stderr
2026-02-19T22:37:05.953+0000 7f79367fc640 1 -- 10.20.193.11:0/4053944525 <== mon.0 v2:10.20.193.11:3300/0 2 ==== config(25 keys) ==== 1007+0+0 (secure 0 0 0) 0x7f7938040450 con 0x7f794807de50
2026-02-19T22:37:06.109 INFO:teuthology.orchestra.run.trial011.stdout:/usr/bin/ceph: stderr
2026-02-19T22:37:05.953+0000 7f794e7cf640 1 -- 10.20.193.11:0/4053944525 --> [v2:10.20.193.11:3300/0,v1:10.20.193.11:6789/0] -- mon_subscribe({mgrmap=0+}) -- 0x7f79481a0680 con 0x7f794807de50
2026-02-19T22:37:06.109 INFO:teuthology.orchestra.run.trial011.stdout:/usr/bin/ceph: stderr
2026-02-19T22:37:05.953+0000 7f79367fc640 1 -- 10.20.193.11:0/4053944525 <== mon.0 v2:10.20.193.11:3300/0 3 ==== mon_map magic: 0 ==== 205+0+0 (secure 0 0 0) 0x7f793803c070 con 0x7f794807de50
2026-02-19T22:37:06.109 INFO:teuthology.orchestra.run.trial011.stdout:/usr/bin/ceph: stderr
2026-02-19T22:37:05.953+0000 7f794e7cf640 1 -- 10.20.193.11:0/4053944525 --> [v2:10.20.193.11:3300/0,v1:10.20.193.11:6789/0] -- mon_subscribe({osdmap=0}) -- 0x7f79481a3370 con 0x7f794807de50
2026-02-19T22:37:06.109 INFO:teuthology.orchestra.run.trial011.stdout:/usr/bin/ceph: stderr
2026-02-19T22:37:05.954+0000 7f794e7cf640 1 -- 10.20.193.11:0/4053944525 --> [v2:10.20.193.11:3300/0,v1:10.20.193.11:6789/0] -- mon_command({"prefix": "get_command_descriptions"} v 0) -- 0x7f794807c380 con 0x7f794807de50
2026-02-19T22:37:06.109 INFO:teuthology.orchestra.run.trial011.stdout:/usr/bin/ceph: stderr
2026-02-19T22:37:05.954+0000 7f79367fc640 1 -- 10.20.193.11:0/4053944525 <== mon.0 v2:10.20.193.11:3300/0 4 ==== mgrmap(e 5) ==== 50247+0+0 (secure 0 0 0) 0x7f7938040600 con 0x7f794807de50
2026-02-19T22:37:06.109 INFO:teuthology.orchestra.run.trial011.stdout:/usr/bin/ceph: stderr
2026-02-19T22:37:05.954+0000 7f79367fc640 1 --2- 10.20.193.11:0/4053944525 >> [v2:10.20.193.11:6800/1921240236,v1:10.20.193.11:6801/1921240236] conn(0x7f792403dbf0 0x7f79240400b0 unknown :-1 s=NONE pgs=0 cs=0 l=1 rev1=0 crypto rx=0 tx=0 comp rx=0 tx=0).connect
2026-02-19T22:37:06.109 INFO:teuthology.orchestra.run.trial011.stdout:/usr/bin/ceph: stderr
2026-02-19T22:37:05.954+0000 7f794cfcc640 1 -- 10.20.193.11:0/4053944525 >> [v2:10.20.193.11:6800/1921240236,v1:10.20.193.11:6801/1921240236] conn(0x7f792403dbf0 msgr2=0x7f79240400b0 unknown :-1 s=STATE_CONNECTING_RE l=1).process reconnect failed to v2:10.20.193.11:6800/1921240236
2026-02-19T22:37:06.109 INFO:teuthology.orchestra.run.trial011.stdout:/usr/bin/ceph: stderr
2026-02-19T22:37:05.954+0000 7f79367fc640 1 -- 10.20.193.11:0/4053944525 <== mon.0 v2:10.20.193.11:3300/0 5 ==== osd_map(1..1 src has 1..1) ==== 725+0+0 (secure 0 0 0) 0x7f79380768a0 con 0x7f794807de50
2026-02-19T22:37:06.109 INFO:teuthology.orchestra.run.trial011.stdout:/usr/bin/ceph: stderr
2026-02-19T22:37:05.954+0000 7f794cfcc640 1 --2- 10.20.193.11:0/4053944525 >> [v2:10.20.193.11:6800/1921240236,v1:10.20.193.11:6801/1921240236] conn(0x7f792403dbf0 0x7f79240400b0 unknown :-1 s=START_CONNECT pgs=0 cs=0 l=1 rev1=0 crypto rx=0 tx=0 comp rx=0 tx=0)._fault waiting 0.200000
2026-02-19T22:37:06.109 INFO:teuthology.orchestra.run.trial011.stdout:/usr/bin/ceph: stderr
2026-02-19T22:37:05.957+0000 7f79367fc640 1 -- 10.20.193.11:0/4053944525 <== mon.0 v2:10.20.193.11:3300/0 6 ==== mon_command_ack([{"prefix": "get_command_descriptions"}]=0 v0) ==== 72+0+195034 (secure 0 0 0) 0x7f7938048360 con 0x7f794807de50
2026-02-19T22:37:06.109 INFO:teuthology.orchestra.run.trial011.stdout:/usr/bin/ceph: stderr
2026-02-19T22:37:06.060+0000 7f794e7cf640 1 -- 10.20.193.11:0/4053944525 --> [v2:10.20.193.11:3300/0,v1:10.20.193.11:6789/0] -- mon_command({"prefix": "mgr stat"} v 0) -- 0x7f79481a39f0 con 0x7f794807de50
2026-02-19T22:37:06.110 INFO:teuthology.orchestra.run.trial011.stdout:/usr/bin/ceph: stderr
2026-02-19T22:37:06.060+0000 7f79367fc640 1 -- 10.20.193.11:0/4053944525 <== mon.0 v2:10.20.193.11:3300/0 7 ==== mon_command_ack([{"prefix": "mgr stat"}]=0 v5) ==== 56+0+88 (secure 0 0 0) 0x7f79380762c0 con 0x7f794807de50
2026-02-19T22:37:06.110 INFO:teuthology.orchestra.run.trial011.stdout:/usr/bin/ceph: stderr
2026-02-19T22:37:06.062+0000 7f794e7cf640 1 -- 10.20.193.11:0/4053944525 >> [v2:10.20.193.11:6800/1921240236,v1:10.20.193.11:6801/1921240236] conn(0x7f792403dbf0 msgr2=0x7f79240400b0 unknown :-1 s=STATE_CONNECTING l=1).mark_down
2026-02-19T22:37:06.110 INFO:teuthology.orchestra.run.trial011.stdout:/usr/bin/ceph: stderr
2026-02-19T22:37:06.062+0000 7f794e7cf640 1 --2- 10.20.193.11:0/4053944525 >> [v2:10.20.193.11:6800/1921240236,v1:10.20.193.11:6801/1921240236] conn(0x7f792403dbf0 0x7f79240400b0 unknown :-1 s=START_CONNECT pgs=0 cs=0 l=1 rev1=0 crypto rx=0 tx=0 comp rx=0 tx=0).stop
2026-02-19T22:37:06.110 INFO:teuthology.orchestra.run.trial011.stdout:/usr/bin/ceph: stderr
2026-02-19T22:37:06.062+0000 7f794e7cf640 1 -- 10.20.193.11:0/4053944525 >> [v2:10.20.193.11:3300/0,v1:10.20.193.11:6789/0] conn(0x7f794807de50 msgr2=0x7f794819feb0 secure :-1 s=STATE_CONNECTION_ESTABLISHED l=1).mark_down
2026-02-19T22:37:06.110 INFO:teuthology.orchestra.run.trial011.stdout:/usr/bin/ceph: stderr
2026-02-19T22:37:06.062+0000 7f794e7cf640 1 --2- 10.20.193.11:0/4053944525 >> [v2:10.20.193.11:3300/0,v1:10.20.193.11:6789/0] conn(0x7f794807de50 0x7f794819feb0 secure :-1 s=READY pgs=25 cs=0 l=1 rev1=1 crypto rx=0x7f7938035e10 tx=0x7f7938035e40 comp rx=0 tx=0).stop
2026-02-19T22:37:06.110 INFO:teuthology.orchestra.run.trial011.stdout:/usr/bin/ceph: stderr
2026-02-19T22:37:06.062+0000 7f794e7cf640 1 -- 10.20.193.11:0/4053944525 shutdown_connections
2026-02-19T22:37:06.110 INFO:teuthology.orchestra.run.trial011.stdout:/usr/bin/ceph: stderr
2026-02-19T22:37:06.062+0000 7f794e7cf640 1 --2- 10.20.193.11:0/4053944525 >> [v2:10.20.193.11:6800/1921240236,v1:10.20.193.11:6801/1921240236] conn(0x7f792403dbf0 0x7f79240400b0 unknown :-1 s=CLOSED pgs=0 cs=0 l=1 rev1=0 crypto rx=0 tx=0 comp rx=0 tx=0).stop
2026-02-19T22:37:06.110 INFO:teuthology.orchestra.run.trial011.stdout:/usr/bin/ceph: stderr
2026-02-19T22:37:06.062+0000 7f794e7cf640 1 --2- 10.20.193.11:0/4053944525 >> [v2:10.20.193.11:3300/0,v1:10.20.193.11:6789/0] conn(0x7f794807de50 0x7f794819feb0 unknown :-1 s=CLOSED pgs=25 cs=0 l=1 rev1=1 crypto rx=0 tx=0 comp rx=0 tx=0).stop
2026-02-19T22:37:06.110 INFO:teuthology.orchestra.run.trial011.stdout:/usr/bin/ceph: stderr
2026-02-19T22:37:06.062+0000 7f794e7cf640 1 -- 10.20.193.11:0/4053944525 >> 10.20.193.11:0/4053944525 conn(0x7f79481035a0 msgr2=0x7f7948104190 unknown :-1 s=STATE_NONE l=0).mark_down
2026-02-19T22:37:06.110 INFO:teuthology.orchestra.run.trial011.stdout:/usr/bin/ceph: stderr
2026-02-19T22:37:06.062+0000 7f794e7cf640 1 -- 10.20.193.11:0/4053944525 shutdown_connections
2026-02-19T22:37:06.110 INFO:teuthology.orchestra.run.trial011.stdout:/usr/bin/ceph: stderr
2026-02-19T22:37:06.062+0000 7f794e7cf640 1 -- 10.20.193.11:0/4053944525 wait complete.
2026-02-19T22:37:06.110 INFO:teuthology.orchestra.run.trial011.stdout:Waiting for the mgr to restart...
2026-02-19T22:37:06.111 INFO:teuthology.orchestra.run.trial011.stdout:Waiting for mgr epoch 5...
2026-02-19T22:37:06.388 INFO:journalctl@ceph.mgr.x.trial011.stdout:Feb 19 22:37:06 trial011 ceph-77d22a90-0de3-11f1-ba83-d404e6e7d460-mgr-x[41107]:
2026-02-19T22:37:06.241+0000 7f140e86d140 -1 mgr[py] Module snap_schedule has missing NOTIFY_TYPES member
2026-02-19T22:37:06.388 INFO:journalctl@ceph.mgr.x.trial011.stdout:Feb 19 22:37:06 trial011 ceph-77d22a90-0de3-11f1-ba83-d404e6e7d460-mgr-x[41107]:
2026-02-19T22:37:06.384+0000 7f140e86d140 -1 mgr[py] Module prometheus has missing NOTIFY_TYPES member
2026-02-19T22:37:06.662 INFO:journalctl@ceph.mgr.x.trial011.stdout:Feb 19 22:37:06 trial011 ceph-77d22a90-0de3-11f1-ba83-d404e6e7d460-mgr-x[41107]:
2026-02-19T22:37:06.419+0000 7f140e86d140 -1 mgr[py] Module balancer has missing NOTIFY_TYPES member
2026-02-19T22:37:06.662 INFO:journalctl@ceph.mgr.x.trial011.stdout:Feb 19 22:37:06 trial011 ceph-77d22a90-0de3-11f1-ba83-d404e6e7d460-mgr-x[41107]:
2026-02-19T22:37:06.460+0000 7f140e86d140 -1 mgr[py] Module rbd_support has missing NOTIFY_TYPES member
2026-02-19T22:37:06.662 INFO:journalctl@ceph.mgr.x.trial011.stdout:Feb 19 22:37:06 trial011 ceph-77d22a90-0de3-11f1-ba83-d404e6e7d460-mgr-x[41107]:
2026-02-19T22:37:06.491+0000 7f140e86d140 -1 mgr[py] Module devicehealth has missing NOTIFY_TYPES member
2026-02-19T22:37:06.662 INFO:journalctl@ceph.mgr.x.trial011.stdout:Feb 19 22:37:06 trial011 ceph-77d22a90-0de3-11f1-ba83-d404e6e7d460-mgr-x[41107]:
2026-02-19T22:37:06.525+0000 7f140e86d140 -1 mgr[py] Module alerts has missing NOTIFY_TYPES member
2026-02-19T22:37:06.662 INFO:journalctl@ceph.mgr.x.trial011.stdout:Feb 19 22:37:06 trial011 ceph-77d22a90-0de3-11f1-ba83-d404e6e7d460-mgr-x[41107]:
2026-02-19T22:37:06.590+0000 7f140e86d140 -1 mgr[py] Module telemetry has missing NOTIFY_TYPES member
2026-02-19T22:37:06.662 INFO:journalctl@ceph.mgr.x.trial011.stdout:Feb 19 22:37:06 trial011 ceph-77d22a90-0de3-11f1-ba83-d404e6e7d460-mgr-x[41107]: /lib64/python3.9/site-packages/scipy/__init__.py:73: UserWarning: NumPy was imported from a Python sub-interpreter but NumPy does not properly support sub-interpreters. This will likely work for most users but might cause hard to track down issues or subtle bugs. A common user of the rare sub-interpreter feature is wsgi which also allows single-interpreter mode.
2026-02-19T22:37:06.663 INFO:journalctl@ceph.mgr.x.trial011.stdout:Feb 19 22:37:06 trial011 ceph-77d22a90-0de3-11f1-ba83-d404e6e7d460-mgr-x[41107]: Improvements in the case of bugs are welcome, but is not on the NumPy roadmap, and full support may require significant effort to achieve.
2026-02-19T22:37:06.663 INFO:journalctl@ceph.mgr.x.trial011.stdout:Feb 19 22:37:06 trial011 ceph-77d22a90-0de3-11f1-ba83-d404e6e7d460-mgr-x[41107]: from numpy import show_config as show_numpy_config
2026-02-19T22:37:06.920 INFO:journalctl@ceph.mon.a.trial011.stdout:Feb 19 22:37:06 trial011 ceph-mon[40842]: from='client.? 10.20.193.11:0/562654293' entity='client.admin' cmd='[{"prefix": "mgr module enable", "module": "cephadm"}]': finished
2026-02-19T22:37:06.920 INFO:journalctl@ceph.mon.a.trial011.stdout:Feb 19 22:37:06 trial011 ceph-mon[40842]: mgrmap e5: x(active, since 3s)
2026-02-19T22:37:06.920 INFO:journalctl@ceph.mon.a.trial011.stdout:Feb 19 22:37:06 trial011 ceph-mon[40842]: from='client.? 10.20.193.11:0/4053944525' entity='client.admin' cmd=[{"prefix": "mgr stat"}]: dispatch
2026-02-19T22:37:06.920 INFO:journalctl@ceph.mgr.x.trial011.stdout:Feb 19 22:37:06 trial011 ceph-77d22a90-0de3-11f1-ba83-d404e6e7d460-mgr-x[41107]:
2026-02-19T22:37:06.662+0000 7f140e86d140 -1 mgr[py] Module diskprediction_local has missing NOTIFY_TYPES member
2026-02-19T22:37:06.920 INFO:journalctl@ceph.mgr.x.trial011.stdout:Feb 19 22:37:06 trial011 ceph-77d22a90-0de3-11f1-ba83-d404e6e7d460-mgr-x[41107]:
2026-02-19T22:37:06.696+0000 7f140e86d140 -1 mgr[py] Module status has missing NOTIFY_TYPES member
2026-02-19T22:37:06.920 INFO:journalctl@ceph.mgr.x.trial011.stdout:Feb 19 22:37:06 trial011 ceph-77d22a90-0de3-11f1-ba83-d404e6e7d460-mgr-x[41107]:
2026-02-19T22:37:06.791+0000 7f140e86d140 -1 mgr[py] Module rgw has missing NOTIFY_TYPES member
2026-02-19T22:37:06.921 INFO:journalctl@ceph.mgr.x.trial011.stdout:Feb 19 22:37:06 trial011 ceph-77d22a90-0de3-11f1-ba83-d404e6e7d460-mgr-x[41107]:
2026-02-19T22:37:06.850+0000 7f140e86d140 -1 mgr[py] Module iostat has missing NOTIFY_TYPES member
2026-02-19T22:37:06.921 INFO:journalctl@ceph.mgr.x.trial011.stdout:Feb 19 22:37:06 trial011 ceph-77d22a90-0de3-11f1-ba83-d404e6e7d460-mgr-x[41107]:
2026-02-19T22:37:06.884+0000 7f140e86d140 -1 mgr[py] Module pg_autoscaler has missing NOTIFY_TYPES member
2026-02-19T22:37:06.921 INFO:journalctl@ceph.mgr.x.trial011.stdout:Feb 19 22:37:06 trial011 ceph-77d22a90-0de3-11f1-ba83-d404e6e7d460-mgr-x[41107]:
2026-02-19T22:37:06.916+0000 7f140e86d140 -1 mgr[py] Module osd_perf_query has missing NOTIFY_TYPES member
2026-02-19T22:37:07.216 INFO:journalctl@ceph.mgr.x.trial011.stdout:Feb 19 22:37:06 trial011 ceph-77d22a90-0de3-11f1-ba83-d404e6e7d460-mgr-x[41107]:
2026-02-19T22:37:06.951+0000 7f140e86d140 -1 mgr[py] Module crash has missing NOTIFY_TYPES member
2026-02-19T22:37:07.216 INFO:journalctl@ceph.mgr.x.trial011.stdout:Feb 19 22:37:06 trial011 ceph-77d22a90-0de3-11f1-ba83-d404e6e7d460-mgr-x[41107]:
2026-02-19T22:37:06.981+0000 7f140e86d140 -1 mgr[py] Module progress has missing NOTIFY_TYPES member
2026-02-19T22:37:07.216 INFO:journalctl@ceph.mgr.x.trial011.stdout:Feb 19 22:37:07 trial011 ceph-77d22a90-0de3-11f1-ba83-d404e6e7d460-mgr-x[41107]:
2026-02-19T22:37:07.213+0000 7f140e86d140 -1 mgr[py] Module rook has missing NOTIFY_TYPES member
2026-02-19T22:37:07.469 INFO:journalctl@ceph.mgr.x.trial011.stdout:Feb 19 22:37:07 trial011 ceph-77d22a90-0de3-11f1-ba83-d404e6e7d460-mgr-x[41107]:
2026-02-19T22:37:07.312+0000 7f140e86d140 -1 mgr[py] Module nfs has missing NOTIFY_TYPES member
2026-02-19T22:37:07.470 INFO:journalctl@ceph.mgr.x.trial011.stdout:Feb 19 22:37:07 trial011 ceph-77d22a90-0de3-11f1-ba83-d404e6e7d460-mgr-x[41107]:
2026-02-19T22:37:07.343+0000 7f140e86d140 -1 mgr[py] Module telegraf has missing NOTIFY_TYPES member
2026-02-19T22:37:07.470 INFO:journalctl@ceph.mgr.x.trial011.stdout:Feb 19 22:37:07 trial011 ceph-77d22a90-0de3-11f1-ba83-d404e6e7d460-mgr-x[41107]:
2026-02-19T22:37:07.374+0000 7f140e86d140 -1 mgr[py] Module selftest has missing NOTIFY_TYPES member
2026-02-19T22:37:07.470 INFO:journalctl@ceph.mgr.x.trial011.stdout:Feb 19 22:37:07 trial011 ceph-77d22a90-0de3-11f1-ba83-d404e6e7d460-mgr-x[41107]:
2026-02-19T22:37:07.466+0000 7f140e86d140 -1 mgr[py] Module test_orchestrator has missing NOTIFY_TYPES member
2026-02-19T22:37:07.818 INFO:journalctl@ceph.mgr.x.trial011.stdout:Feb 19 22:37:07 trial011 ceph-77d22a90-0de3-11f1-ba83-d404e6e7d460-mgr-x[41107]:
2026-02-19T22:37:07.495+0000 7f140e86d140 -1 mgr[py] Module osd_support has missing NOTIFY_TYPES member
2026-02-19T22:37:07.819 INFO:journalctl@ceph.mgr.x.trial011.stdout:Feb 19 22:37:07 trial011 ceph-77d22a90-0de3-11f1-ba83-d404e6e7d460-mgr-x[41107]:
2026-02-19T22:37:07.587+0000 7f140e86d140 -1 mgr[py] Module orchestrator has missing NOTIFY_TYPES member
2026-02-19T22:37:08.318 INFO:journalctl@ceph.mgr.x.trial011.stdout:Feb 19 22:37:08 trial011 ceph-77d22a90-0de3-11f1-ba83-d404e6e7d460-mgr-x[41107]:
2026-02-19T22:37:08.048+0000 7f140e86d140 -1 mgr[py] Module volumes has missing NOTIFY_TYPES member
2026-02-19T22:37:08.319 INFO:journalctl@ceph.mgr.x.trial011.stdout:Feb 19 22:37:08 trial011 ceph-77d22a90-0de3-11f1-ba83-d404e6e7d460-mgr-x[41107]:
2026-02-19T22:37:08.078+0000 7f140e86d140 -1 mgr[py] Module zabbix has missing NOTIFY_TYPES member
2026-02-19T22:37:08.818 INFO:journalctl@ceph.mgr.x.trial011.stdout:Feb 19 22:37:08 trial011 ceph-77d22a90-0de3-11f1-ba83-d404e6e7d460-mgr-x[41107]:
2026-02-19T22:37:08.472+0000 7f140e86d140 -1 mgr[py] Module influx has missing NOTIFY_TYPES member
