2026-02-19T22:37:45.738 INFO:journalctl@ceph.mon.a.trial075.stdout:Feb 19 22:37:45 trial075 ceph-mon[40844]: from='mgr.14100 10.20.193.75:0/1053821459' entity='mgr.x' cmd=[{"prefix": "mds metadata"}]: dispatch
2026-02-19T22:37:45.738 INFO:journalctl@ceph.mon.a.trial075.stdout:Feb 19 22:37:45 trial075 ceph-mon[40844]: from='mgr.14100 10.20.193.75:0/1053821459' entity='mgr.x' cmd=[{"prefix": "osd metadata"}]: dispatch
2026-02-19T22:37:45.738 INFO:journalctl@ceph.mon.a.trial075.stdout:Feb 19 22:37:45 trial075 ceph-mon[40844]: from='mgr.14100 10.20.193.75:0/1053821459' entity='mgr.x' cmd=[{"prefix": "mon metadata"}]: dispatch
2026-02-19T22:37:45.739 INFO:journalctl@ceph.mon.a.trial075.stdout:Feb 19 22:37:45 trial075 ceph-mon[40844]: from='mgr.14100 10.20.193.75:0/1053821459' entity='mgr.x' cmd=[{"prefix": "mon metadata", "id": "a"}]: dispatch
2026-02-19T22:37:45.739 INFO:journalctl@ceph.mon.a.trial075.stdout:Feb 19 22:37:45 trial075 ceph-mon[40844]: from='mgr.14100 10.20.193.75:0/1053821459' entity='mgr.x' cmd=[{"prefix": "mgr metadata", "who": "x", "id": "x"}]: dispatch
2026-02-19T22:37:45.739 INFO:journalctl@ceph.mon.a.trial075.stdout:Feb 19 22:37:45 trial075 ceph-mon[40844]: Manager daemon x is now available
2026-02-19T22:37:45.739 INFO:journalctl@ceph.mon.a.trial075.stdout:Feb 19 22:37:45 trial075 ceph-mon[40844]: from='mgr.14100 10.20.193.75:0/1053821459' entity='mgr.x' cmd=[{"prefix":"config rm","who":"mgr","name":"mgr/rbd_support/x/mirror_snapshot_schedule"}]: dispatch
2026-02-19T22:37:45.739 INFO:journalctl@ceph.mon.a.trial075.stdout:Feb 19 22:37:45 trial075 ceph-mon[40844]: from='mgr.14100 10.20.193.75:0/1053821459' entity='mgr.x' cmd=[{"prefix":"config rm","who":"mgr","name":"mgr/rbd_support/x/trash_purge_schedule"}]: dispatch
2026-02-19T22:37:45.739 INFO:journalctl@ceph.mon.a.trial075.stdout:Feb 19 22:37:45 trial075 ceph-mon[40844]: from='mgr.14100 10.20.193.75:0/1053821459' entity='mgr.x'
2026-02-19T22:37:45.739 INFO:journalctl@ceph.mon.a.trial075.stdout:Feb 19 22:37:45 trial075 ceph-mon[40844]: from='mgr.14100 10.20.193.75:0/1053821459' entity='mgr.x'
2026-02-19T22:37:45.739 INFO:journalctl@ceph.mon.a.trial075.stdout:Feb 19 22:37:45 trial075 ceph-mon[40844]: from='mgr.14100 10.20.193.75:0/1053821459' entity='mgr.x'
2026-02-19T22:37:46.658 INFO:teuthology.orchestra.run.trial075.stdout:/usr/bin/ceph: stdout
2026-02-19T22:37:46.659 INFO:teuthology.orchestra.run.trial075.stdout:/usr/bin/ceph: stdout {
2026-02-19T22:37:46.659 INFO:teuthology.orchestra.run.trial075.stdout:/usr/bin/ceph: stdout "fsid": "9217e7d4-0de3-11f1-a496-d404e6e7d460",
2026-02-19T22:37:46.659 INFO:teuthology.orchestra.run.trial075.stdout:/usr/bin/ceph: stdout "health": {
2026-02-19T22:37:46.659 INFO:teuthology.orchestra.run.trial075.stdout:/usr/bin/ceph: stdout "status": "HEALTH_OK",
2026-02-19T22:37:46.659 INFO:teuthology.orchestra.run.trial075.stdout:/usr/bin/ceph: stdout "checks": {},
2026-02-19T22:37:46.659 INFO:teuthology.orchestra.run.trial075.stdout:/usr/bin/ceph: stdout "mutes": []
2026-02-19T22:37:46.659 INFO:teuthology.orchestra.run.trial075.stdout:/usr/bin/ceph: stdout },
2026-02-19T22:37:46.659 INFO:teuthology.orchestra.run.trial075.stdout:/usr/bin/ceph: stdout "election_epoch": 5,
2026-02-19T22:37:46.660 INFO:teuthology.orchestra.run.trial075.stdout:/usr/bin/ceph: stdout "quorum": [
2026-02-19T22:37:46.660 INFO:teuthology.orchestra.run.trial075.stdout:/usr/bin/ceph: stdout 0
2026-02-19T22:37:46.660 INFO:teuthology.orchestra.run.trial075.stdout:/usr/bin/ceph: stdout ],
2026-02-19T22:37:46.660 INFO:teuthology.orchestra.run.trial075.stdout:/usr/bin/ceph: stdout "quorum_names": [
2026-02-19T22:37:46.660 INFO:teuthology.orchestra.run.trial075.stdout:/usr/bin/ceph: stdout "a"
2026-02-19T22:37:46.660 INFO:teuthology.orchestra.run.trial075.stdout:/usr/bin/ceph: stdout ],
2026-02-19T22:37:46.660 INFO:teuthology.orchestra.run.trial075.stdout:/usr/bin/ceph: stdout "quorum_age": 5,
2026-02-19T22:37:46.660 INFO:teuthology.orchestra.run.trial075.stdout:/usr/bin/ceph: stdout "monmap": {
2026-02-19T22:37:46.660 INFO:teuthology.orchestra.run.trial075.stdout:/usr/bin/ceph: stdout "epoch": 1,
2026-02-19T22:37:46.660 INFO:teuthology.orchestra.run.trial075.stdout:/usr/bin/ceph: stdout "min_mon_release_name": "squid",
2026-02-19T22:37:46.660 INFO:teuthology.orchestra.run.trial075.stdout:/usr/bin/ceph: stdout "num_mons": 1
2026-02-19T22:37:46.660 INFO:teuthology.orchestra.run.trial075.stdout:/usr/bin/ceph: stdout },
2026-02-19T22:37:46.661 INFO:teuthology.orchestra.run.trial075.stdout:/usr/bin/ceph: stdout "osdmap": {
2026-02-19T22:37:46.661 INFO:teuthology.orchestra.run.trial075.stdout:/usr/bin/ceph: stdout "epoch": 1,
2026-02-19T22:37:46.661 INFO:teuthology.orchestra.run.trial075.stdout:/usr/bin/ceph: stdout "num_osds": 0,
2026-02-19T22:37:46.661 INFO:teuthology.orchestra.run.trial075.stdout:/usr/bin/ceph: stdout "num_up_osds": 0,
2026-02-19T22:37:46.661 INFO:teuthology.orchestra.run.trial075.stdout:/usr/bin/ceph: stdout "osd_up_since": 0,
2026-02-19T22:37:46.661 INFO:teuthology.orchestra.run.trial075.stdout:/usr/bin/ceph: stdout "num_in_osds": 0,
2026-02-19T22:37:46.661 INFO:teuthology.orchestra.run.trial075.stdout:/usr/bin/ceph: stdout "osd_in_since": 0,
2026-02-19T22:37:46.661 INFO:teuthology.orchestra.run.trial075.stdout:/usr/bin/ceph: stdout "num_remapped_pgs": 0
2026-02-19T22:37:46.661 INFO:teuthology.orchestra.run.trial075.stdout:/usr/bin/ceph: stdout },
2026-02-19T22:37:46.661 INFO:teuthology.orchestra.run.trial075.stdout:/usr/bin/ceph: stdout "pgmap": {
2026-02-19T22:37:46.661 INFO:teuthology.orchestra.run.trial075.stdout:/usr/bin/ceph: stdout "pgs_by_state": [],
2026-02-19T22:37:46.661 INFO:teuthology.orchestra.run.trial075.stdout:/usr/bin/ceph: stdout "num_pgs": 0,
2026-02-19T22:37:46.662 INFO:teuthology.orchestra.run.trial075.stdout:/usr/bin/ceph: stdout "num_pools": 0,
2026-02-19T22:37:46.662 INFO:teuthology.orchestra.run.trial075.stdout:/usr/bin/ceph: stdout "num_objects": 0,
2026-02-19T22:37:46.662 INFO:teuthology.orchestra.run.trial075.stdout:/usr/bin/ceph: stdout "data_bytes": 0,
2026-02-19T22:37:46.662 INFO:teuthology.orchestra.run.trial075.stdout:/usr/bin/ceph: stdout "bytes_used": 0,
2026-02-19T22:37:46.662 INFO:teuthology.orchestra.run.trial075.stdout:/usr/bin/ceph: stdout "bytes_avail": 0,
2026-02-19T22:37:46.662 INFO:teuthology.orchestra.run.trial075.stdout:/usr/bin/ceph: stdout "bytes_total": 0
2026-02-19T22:37:46.662 INFO:teuthology.orchestra.run.trial075.stdout:/usr/bin/ceph: stdout },
2026-02-19T22:37:46.662 INFO:teuthology.orchestra.run.trial075.stdout:/usr/bin/ceph: stdout "fsmap": {
2026-02-19T22:37:46.662 INFO:teuthology.orchestra.run.trial075.stdout:/usr/bin/ceph: stdout "epoch": 1,
2026-02-19T22:37:46.662 INFO:teuthology.orchestra.run.trial075.stdout:/usr/bin/ceph: stdout "btime": "2026-02-19T22:37:40:564501+0000",
2026-02-19T22:37:46.662 INFO:teuthology.orchestra.run.trial075.stdout:/usr/bin/ceph: stdout "by_rank": [],
2026-02-19T22:37:46.662 INFO:teuthology.orchestra.run.trial075.stdout:/usr/bin/ceph: stdout "up:standby": 0
2026-02-19T22:37:46.663 INFO:teuthology.orchestra.run.trial075.stdout:/usr/bin/ceph: stdout },
2026-02-19T22:37:46.663 INFO:teuthology.orchestra.run.trial075.stdout:/usr/bin/ceph: stdout "mgrmap": {
2026-02-19T22:37:46.663 INFO:teuthology.orchestra.run.trial075.stdout:/usr/bin/ceph: stdout "available": true,
2026-02-19T22:37:46.663 INFO:teuthology.orchestra.run.trial075.stdout:/usr/bin/ceph: stdout "num_standbys": 0,
2026-02-19T22:37:46.663 INFO:teuthology.orchestra.run.trial075.stdout:/usr/bin/ceph: stdout "modules": [
2026-02-19T22:37:46.663 INFO:teuthology.orchestra.run.trial075.stdout:/usr/bin/ceph: stdout "iostat",
2026-02-19T22:37:46.663 INFO:teuthology.orchestra.run.trial075.stdout:/usr/bin/ceph: stdout "nfs",
2026-02-19T22:37:46.663 INFO:teuthology.orchestra.run.trial075.stdout:/usr/bin/ceph: stdout "restful"
2026-02-19T22:37:46.663 INFO:teuthology.orchestra.run.trial075.stdout:/usr/bin/ceph: stdout ],
2026-02-19T22:37:46.663 INFO:teuthology.orchestra.run.trial075.stdout:/usr/bin/ceph: stdout "services": {}
2026-02-19T22:37:46.663 INFO:teuthology.orchestra.run.trial075.stdout:/usr/bin/ceph: stdout },
2026-02-19T22:37:46.663 INFO:teuthology.orchestra.run.trial075.stdout:/usr/bin/ceph: stdout "servicemap": {
2026-02-19T22:37:46.664 INFO:teuthology.orchestra.run.trial075.stdout:/usr/bin/ceph: stdout "epoch": 1,
2026-02-19T22:37:46.664 INFO:teuthology.orchestra.run.trial075.stdout:/usr/bin/ceph: stdout "modified": "2026-02-19T22:37:40.564957+0000",
2026-02-19T22:37:46.664 INFO:teuthology.orchestra.run.trial075.stdout:/usr/bin/ceph: stdout "services": {}
2026-02-19T22:37:46.664 INFO:teuthology.orchestra.run.trial075.stdout:/usr/bin/ceph: stdout },
2026-02-19T22:37:46.664 INFO:teuthology.orchestra.run.trial075.stdout:/usr/bin/ceph: stdout "progress_events": {}
2026-02-19T22:37:46.664 INFO:teuthology.orchestra.run.trial075.stdout:/usr/bin/ceph: stdout }
2026-02-19T22:37:46.664 INFO:teuthology.orchestra.run.trial075.stdout:/usr/bin/ceph: stderr
2026-02-19T22:37:46.502+0000 7fd150b33640 1 Processor -- start
2026-02-19T22:37:46.664 INFO:teuthology.orchestra.run.trial075.stdout:/usr/bin/ceph: stderr
2026-02-19T22:37:46.503+0000 7fd150b33640 1 -- start start
2026-02-19T22:37:46.664 INFO:teuthology.orchestra.run.trial075.stdout:/usr/bin/ceph: stderr
2026-02-19T22:37:46.503+0000 7fd150b33640 1 --2- >> [v2:10.20.193.75:3300/0,v1:10.20.193.75:6789/0] conn(0x7fd14c07ddb0 0x7fd14c07c320 unknown :-1 s=NONE pgs=0 cs=0 l=0 rev1=0 crypto rx=0 tx=0 comp rx=0 tx=0).connect
2026-02-19T22:37:46.664 INFO:teuthology.orchestra.run.trial075.stdout:/usr/bin/ceph: stderr
2026-02-19T22:37:46.503+0000 7fd150b33640 1 -- --> [v2:10.20.193.75:3300/0,v1:10.20.193.75:6789/0] -- mon_getmap magic: 0 -- 0x7fd14c07e1b0 con 0x7fd14c07ddb0
2026-02-19T22:37:46.664 INFO:teuthology.orchestra.run.trial075.stdout:/usr/bin/ceph: stderr
2026-02-19T22:37:46.503+0000 7fd14b7fe640 1 --2- >> [v2:10.20.193.75:3300/0,v1:10.20.193.75:6789/0] conn(0x7fd14c07ddb0 0x7fd14c07c320 unknown :-1 s=BANNER_CONNECTING pgs=0 cs=0 l=0 rev1=0 crypto rx=0 tx=0 comp rx=0 tx=0)._handle_peer_banner_payload supported=3 required=0
2026-02-19T22:37:46.665 INFO:teuthology.orchestra.run.trial075.stdout:/usr/bin/ceph: stderr
2026-02-19T22:37:46.503+0000 7fd14b7fe640 1 --2- >> [v2:10.20.193.75:3300/0,v1:10.20.193.75:6789/0] conn(0x7fd14c07ddb0 0x7fd14c07c320 unknown :-1 s=HELLO_CONNECTING pgs=0 cs=0 l=0 rev1=1 crypto rx=0 tx=0 comp rx=0 tx=0).handle_hello peer v2:10.20.193.75:3300/0 says I am v2:10.20.193.75:50954/0 (socket says 10.20.193.75:50954)
2026-02-19T22:37:46.665 INFO:teuthology.orchestra.run.trial075.stdout:/usr/bin/ceph: stderr
2026-02-19T22:37:46.503+0000 7fd14b7fe640 1 -- 10.20.193.75:0/3964020893 learned_addr learned my addr 10.20.193.75:0/3964020893 (peer_addr_for_me v2:10.20.193.75:0/0)
2026-02-19T22:37:46.665 INFO:teuthology.orchestra.run.trial075.stdout:/usr/bin/ceph: stderr
2026-02-19T22:37:46.503+0000 7fd14b7fe640 1 -- 10.20.193.75:0/3964020893 --> [v2:10.20.193.75:3300/0,v1:10.20.193.75:6789/0] -- mon_subscribe({config=0+,monmap=0+}) -- 0x7fd14c07c860 con 0x7fd14c07ddb0
2026-02-19T22:37:46.665 INFO:teuthology.orchestra.run.trial075.stdout:/usr/bin/ceph: stderr
2026-02-19T22:37:46.503+0000 7fd14b7fe640 1 --2- 10.20.193.75:0/3964020893 >> [v2:10.20.193.75:3300/0,v1:10.20.193.75:6789/0] conn(0x7fd14c07ddb0 0x7fd14c07c320 secure :-1 s=READY pgs=16 cs=0 l=1 rev1=1 crypto rx=0x7fd138009920 tx=0x7fd13802ef20 comp rx=0 tx=0).ready entity=mon.0 client_cookie=371648d2d3b5c1cc server_cookie=0 in_seq=0 out_seq=0
2026-02-19T22:37:46.665 INFO:teuthology.orchestra.run.trial075.stdout:/usr/bin/ceph: stderr
2026-02-19T22:37:46.504+0000 7fd14a7fc640 1 -- 10.20.193.75:0/3964020893 <== mon.0 v2:10.20.193.75:3300/0 1 ==== mon_map magic: 0 ==== 205+0+0 (secure 0 0 0) 0x7fd13803c070 con 0x7fd14c07ddb0
2026-02-19T22:37:46.665 INFO:teuthology.orchestra.run.trial075.stdout:/usr/bin/ceph: stderr
2026-02-19T22:37:46.504+0000 7fd14a7fc640 1 -- 10.20.193.75:0/3964020893 <== mon.0 v2:10.20.193.75:3300/0 2 ==== config(26 keys) ==== 1045+0+0 (secure 0 0 0) 0x7fd138037440 con 0x7fd14c07ddb0
2026-02-19T22:37:46.665 INFO:teuthology.orchestra.run.trial075.stdout:/usr/bin/ceph: stderr
2026-02-19T22:37:46.504+0000 7fd14a7fc640 1 -- 10.20.193.75:0/3964020893 <== mon.0 v2:10.20.193.75:3300/0 3 ==== mon_map magic: 0 ==== 205+0+0 (secure 0 0 0) 0x7fd1380354b0 con 0x7fd14c07ddb0
2026-02-19T22:37:46.665 INFO:teuthology.orchestra.run.trial075.stdout:/usr/bin/ceph: stderr
2026-02-19T22:37:46.504+0000 7fd150b33640 1 -- 10.20.193.75:0/3964020893 >> [v2:10.20.193.75:3300/0,v1:10.20.193.75:6789/0] conn(0x7fd14c07ddb0 msgr2=0x7fd14c07c320 secure :-1 s=STATE_CONNECTION_ESTABLISHED l=1).mark_down
2026-02-19T22:37:46.665 INFO:teuthology.orchestra.run.trial075.stdout:/usr/bin/ceph: stderr
2026-02-19T22:37:46.504+0000 7fd150b33640 1 --2- 10.20.193.75:0/3964020893 >> [v2:10.20.193.75:3300/0,v1:10.20.193.75:6789/0] conn(0x7fd14c07ddb0 0x7fd14c07c320 secure :-1 s=READY pgs=16 cs=0 l=1 rev1=1 crypto rx=0x7fd138009920 tx=0x7fd13802ef20 comp rx=0 tx=0).stop
2026-02-19T22:37:46.665 INFO:teuthology.orchestra.run.trial075.stdout:/usr/bin/ceph: stderr
2026-02-19T22:37:46.504+0000 7fd150b33640 1 -- 10.20.193.75:0/3964020893 shutdown_connections
2026-02-19T22:37:46.665 INFO:teuthology.orchestra.run.trial075.stdout:/usr/bin/ceph: stderr
2026-02-19T22:37:46.504+0000 7fd150b33640 1 --2- 10.20.193.75:0/3964020893 >> [v2:10.20.193.75:3300/0,v1:10.20.193.75:6789/0] conn(0x7fd14c07ddb0 0x7fd14c07c320 unknown :-1 s=CLOSED pgs=16 cs=0 l=1 rev1=1 crypto rx=0 tx=0 comp rx=0 tx=0).stop
2026-02-19T22:37:46.665 INFO:teuthology.orchestra.run.trial075.stdout:/usr/bin/ceph: stderr
2026-02-19T22:37:46.504+0000 7fd150b33640 1 -- 10.20.193.75:0/3964020893 >> 10.20.193.75:0/3964020893 conn(0x7fd14c103850 msgr2=0x7fd14c105c70 unknown :-1 s=STATE_NONE l=0).mark_down
2026-02-19T22:37:46.666 INFO:teuthology.orchestra.run.trial075.stdout:/usr/bin/ceph: stderr
2026-02-19T22:37:46.504+0000 7fd150b33640 1 -- 10.20.193.75:0/3964020893 shutdown_connections
2026-02-19T22:37:46.666 INFO:teuthology.orchestra.run.trial075.stdout:/usr/bin/ceph: stderr
2026-02-19T22:37:46.504+0000 7fd150b33640 1 -- 10.20.193.75:0/3964020893 wait complete.
2026-02-19T22:37:46.666 INFO:teuthology.orchestra.run.trial075.stdout:/usr/bin/ceph: stderr
2026-02-19T22:37:46.504+0000 7fd150b33640 1 Processor -- start
2026-02-19T22:37:46.666 INFO:teuthology.orchestra.run.trial075.stdout:/usr/bin/ceph: stderr
2026-02-19T22:37:46.504+0000 7fd150b33640 1 -- start start
2026-02-19T22:37:46.666 INFO:teuthology.orchestra.run.trial075.stdout:/usr/bin/ceph: stderr
2026-02-19T22:37:46.504+0000 7fd150b33640 1 --2- >> [v2:10.20.193.75:3300/0,v1:10.20.193.75:6789/0] conn(0x7fd14c07ddb0 0x7fd14c1a0080 unknown :-1 s=NONE pgs=0 cs=0 l=1 rev1=0 crypto rx=0 tx=0 comp rx=0 tx=0).connect
2026-02-19T22:37:46.666 INFO:teuthology.orchestra.run.trial075.stdout:/usr/bin/ceph: stderr
2026-02-19T22:37:46.504+0000 7fd150b33640 1 -- --> [v2:10.20.193.75:3300/0,v1:10.20.193.75:6789/0] -- mon_getmap magic: 0 -- 0x7fd14c10e3f0 con 0x7fd14c07ddb0
2026-02-19T22:37:46.666 INFO:teuthology.orchestra.run.trial075.stdout:/usr/bin/ceph: stderr
2026-02-19T22:37:46.505+0000 7fd14b7fe640 1 --2- >> [v2:10.20.193.75:3300/0,v1:10.20.193.75:6789/0] conn(0x7fd14c07ddb0 0x7fd14c1a0080 unknown :-1 s=BANNER_CONNECTING pgs=0 cs=0 l=1 rev1=0 crypto rx=0 tx=0 comp rx=0 tx=0)._handle_peer_banner_payload supported=3 required=0
2026-02-19T22:37:46.666 INFO:teuthology.orchestra.run.trial075.stdout:/usr/bin/ceph: stderr
2026-02-19T22:37:46.505+0000 7fd14b7fe640 1 --2- >> [v2:10.20.193.75:3300/0,v1:10.20.193.75:6789/0] conn(0x7fd14c07ddb0 0x7fd14c1a0080 unknown :-1 s=HELLO_CONNECTING pgs=0 cs=0 l=1 rev1=1 crypto rx=0 tx=0 comp rx=0 tx=0).handle_hello peer v2:10.20.193.75:3300/0 says I am v2:10.20.193.75:50962/0 (socket says 10.20.193.75:50962)
2026-02-19T22:37:46.666 INFO:teuthology.orchestra.run.trial075.stdout:/usr/bin/ceph: stderr
2026-02-19T22:37:46.505+0000 7fd14b7fe640 1 -- 10.20.193.75:0/3174752603 learned_addr learned my addr 10.20.193.75:0/3174752603 (peer_addr_for_me v2:10.20.193.75:0/0)
2026-02-19T22:37:46.666 INFO:teuthology.orchestra.run.trial075.stdout:/usr/bin/ceph: stderr
2026-02-19T22:37:46.505+0000 7fd14b7fe640 1 -- 10.20.193.75:0/3174752603 --> [v2:10.20.193.75:3300/0,v1:10.20.193.75:6789/0] -- mon_subscribe({config=0+,monmap=0+}) -- 0x7fd14c1a05c0 con 0x7fd14c07ddb0
2026-02-19T22:37:46.666 INFO:teuthology.orchestra.run.trial075.stdout:/usr/bin/ceph: stderr
2026-02-19T22:37:46.505+0000 7fd14b7fe640 1 --2- 10.20.193.75:0/3174752603 >> [v2:10.20.193.75:3300/0,v1:10.20.193.75:6789/0] conn(0x7fd14c07ddb0 0x7fd14c1a0080 secure :-1 s=READY pgs=17 cs=0 l=1 rev1=1 crypto rx=0x7fd138006fd0 tx=0x7fd138037bb0 comp rx=0 tx=0).ready entity=mon.0 client_cookie=0 server_cookie=0 in_seq=0 out_seq=0
2026-02-19T22:37:46.667 INFO:teuthology.orchestra.run.trial075.stdout:/usr/bin/ceph: stderr
2026-02-19T22:37:46.505+0000 7fd148ff9640 1 -- 10.20.193.75:0/3174752603 <== mon.0 v2:10.20.193.75:3300/0 1 ==== mon_map magic: 0 ==== 205+0+0 (secure 0 0 0) 0x7fd138045070 con 0x7fd14c07ddb0
2026-02-19T22:37:46.667 INFO:teuthology.orchestra.run.trial075.stdout:/usr/bin/ceph: stderr
2026-02-19T22:37:46.505+0000 7fd148ff9640 1 -- 10.20.193.75:0/3174752603 <== mon.0 v2:10.20.193.75:3300/0 2 ==== config(26 keys) ==== 1045+0+0 (secure 0 0 0) 0x7fd138040450 con 0x7fd14c07ddb0
2026-02-19T22:37:46.667 INFO:teuthology.orchestra.run.trial075.stdout:/usr/bin/ceph: stderr
2026-02-19T22:37:46.505+0000 7fd150b33640 1 -- 10.20.193.75:0/3174752603 --> [v2:10.20.193.75:3300/0,v1:10.20.193.75:6789/0] -- mon_subscribe({mgrmap=0+}) -- 0x7fd14c1a0850 con 0x7fd14c07ddb0
2026-02-19T22:37:46.667 INFO:teuthology.orchestra.run.trial075.stdout:/usr/bin/ceph: stderr
2026-02-19T22:37:46.505+0000 7fd148ff9640 1 -- 10.20.193.75:0/3174752603 <== mon.0 v2:10.20.193.75:3300/0 3 ==== mon_map magic: 0 ==== 205+0+0 (secure 0 0 0) 0x7fd13803c070 con 0x7fd14c07ddb0
2026-02-19T22:37:46.667 INFO:teuthology.orchestra.run.trial075.stdout:/usr/bin/ceph: stderr
2026-02-19T22:37:46.505+0000 7fd150b33640 1 -- 10.20.193.75:0/3174752603 --> [v2:10.20.193.75:3300/0,v1:10.20.193.75:6789/0] -- mon_subscribe({osdmap=0}) -- 0x7fd14c1a3540 con 0x7fd14c07ddb0
2026-02-19T22:37:46.667 INFO:teuthology.orchestra.run.trial075.stdout:/usr/bin/ceph: stderr
2026-02-19T22:37:46.505+0000 7fd150b33640 1 -- 10.20.193.75:0/3174752603 --> [v2:10.20.193.75:3300/0,v1:10.20.193.75:6789/0] -- mon_command({"prefix": "get_command_descriptions"} v 0) -- 0x7fd14c07c3a0 con 0x7fd14c07ddb0
2026-02-19T22:37:46.667 INFO:teuthology.orchestra.run.trial075.stdout:/usr/bin/ceph: stderr
2026-02-19T22:37:46.505+0000 7fd148ff9640 1 -- 10.20.193.75:0/3174752603 <== mon.0 v2:10.20.193.75:3300/0 4 ==== mgrmap(e 3) ==== 50130+0+0 (secure 0 0 0) 0x7fd138035b70 con 0x7fd14c07ddb0
2026-02-19T22:37:46.667 INFO:teuthology.orchestra.run.trial075.stdout:/usr/bin/ceph: stderr
2026-02-19T22:37:46.506+0000 7fd148ff9640 1 --2- 10.20.193.75:0/3174752603 >> [v2:10.20.193.75:6800/3505831799,v1:10.20.193.75:6801/3505831799] conn(0x7fd12003da80 0x7fd12003ff40 unknown :-1 s=NONE pgs=0 cs=0 l=1 rev1=0 crypto rx=0 tx=0 comp rx=0 tx=0).connect
2026-02-19T22:37:46.667 INFO:teuthology.orchestra.run.trial075.stdout:/usr/bin/ceph: stderr
2026-02-19T22:37:46.506+0000 7fd148ff9640 1 -- 10.20.193.75:0/3174752603 <== mon.0 v2:10.20.193.75:3300/0 5 ==== osd_map(1..1 src has 1..1) ==== 725+0+0 (secure 0 0 0) 0x7fd138076550 con 0x7fd14c07ddb0
2026-02-19T22:37:46.667 INFO:teuthology.orchestra.run.trial075.stdout:/usr/bin/ceph: stderr
2026-02-19T22:37:46.506+0000 7fd14affd640 1 --2- 10.20.193.75:0/3174752603 >> [v2:10.20.193.75:6800/3505831799,v1:10.20.193.75:6801/3505831799] conn(0x7fd12003da80 0x7fd12003ff40 unknown :-1 s=BANNER_CONNECTING pgs=0 cs=0 l=1 rev1=0 crypto rx=0 tx=0 comp rx=0 tx=0)._handle_peer_banner_payload supported=3 required=0
2026-02-19T22:37:46.667 INFO:teuthology.orchestra.run.trial075.stdout:/usr/bin/ceph: stderr
2026-02-19T22:37:46.506+0000 7fd14affd640 1 --2- 10.20.193.75:0/3174752603 >> [v2:10.20.193.75:6800/3505831799,v1:10.20.193.75:6801/3505831799] conn(0x7fd12003da80 0x7fd12003ff40 secure :-1 s=READY pgs=6 cs=0 l=1 rev1=1 crypto rx=0x7fd13c0099c0 tx=0x7fd13c006eb0 comp rx=0 tx=0).ready entity=mgr.14100 client_cookie=0 server_cookie=0 in_seq=0 out_seq=0
2026-02-19T22:37:46.668 INFO:teuthology.orchestra.run.trial075.stdout:/usr/bin/ceph: stderr
2026-02-19T22:37:46.509+0000 7fd148ff9640 1 -- 10.20.193.75:0/3174752603 <== mon.0 v2:10.20.193.75:3300/0 6 ==== mon_command_ack([{"prefix": "get_command_descriptions"}]=0 v0) ==== 72+0+195034 (secure 0 0 0) 0x7fd138048360 con 0x7fd14c07ddb0
2026-02-19T22:37:46.668 INFO:teuthology.orchestra.run.trial075.stdout:/usr/bin/ceph: stderr
2026-02-19T22:37:46.622+0000 7fd150b33640 1 -- 10.20.193.75:0/3174752603 --> [v2:10.20.193.75:3300/0,v1:10.20.193.75:6789/0] -- mon_command({"prefix": "status", "format": "json-pretty"} v 0) -- 0x7fd14c1a3b70 con 0x7fd14c07ddb0
2026-02-19T22:37:46.668 INFO:teuthology.orchestra.run.trial075.stdout:/usr/bin/ceph: stderr
2026-02-19T22:37:46.622+0000 7fd148ff9640 1 -- 10.20.193.75:0/3174752603 <== mon.0 v2:10.20.193.75:3300/0 7 ==== mon_command_ack([{"prefix": "status", "format": "json-pretty"}]=0 v0) ==== 79+0+1290 (secure 0 0 0) 0x7fd138043120 con 0x7fd14c07ddb0
2026-02-19T22:37:46.668 INFO:teuthology.orchestra.run.trial075.stdout:/usr/bin/ceph: stderr
2026-02-19T22:37:46.623+0000 7fd150b33640 1 -- 10.20.193.75:0/3174752603 >> [v2:10.20.193.75:6800/3505831799,v1:10.20.193.75:6801/3505831799] conn(0x7fd12003da80 msgr2=0x7fd12003ff40 secure :-1 s=STATE_CONNECTION_ESTABLISHED l=1).mark_down
2026-02-19T22:37:46.668 INFO:teuthology.orchestra.run.trial075.stdout:/usr/bin/ceph: stderr
2026-02-19T22:37:46.623+0000 7fd150b33640 1 --2- 10.20.193.75:0/3174752603 >> [v2:10.20.193.75:6800/3505831799,v1:10.20.193.75:6801/3505831799] conn(0x7fd12003da80 0x7fd12003ff40 secure :-1 s=READY pgs=6 cs=0 l=1 rev1=1 crypto rx=0x7fd13c0099c0 tx=0x7fd13c006eb0 comp rx=0 tx=0).stop
2026-02-19T22:37:46.668 INFO:teuthology.orchestra.run.trial075.stdout:/usr/bin/ceph: stderr
2026-02-19T22:37:46.623+0000 7fd150b33640 1 -- 10.20.193.75:0/3174752603 >> [v2:10.20.193.75:3300/0,v1:10.20.193.75:6789/0] conn(0x7fd14c07ddb0 msgr2=0x7fd14c1a0080 secure :-1 s=STATE_CONNECTION_ESTABLISHED l=1).mark_down
2026-02-19T22:37:46.668 INFO:teuthology.orchestra.run.trial075.stdout:/usr/bin/ceph: stderr
2026-02-19T22:37:46.623+0000 7fd150b33640 1 --2- 10.20.193.75:0/3174752603 >> [v2:10.20.193.75:3300/0,v1:10.20.193.75:6789/0] conn(0x7fd14c07ddb0 0x7fd14c1a0080 secure :-1 s=READY pgs=17 cs=0 l=1 rev1=1 crypto rx=0x7fd138006fd0 tx=0x7fd138037bb0 comp rx=0 tx=0).stop
2026-02-19T22:37:46.668 INFO:teuthology.orchestra.run.trial075.stdout:/usr/bin/ceph: stderr
2026-02-19T22:37:46.623+0000 7fd150b33640 1 -- 10.20.193.75:0/3174752603 shutdown_connections
2026-02-19T22:37:46.668 INFO:teuthology.orchestra.run.trial075.stdout:/usr/bin/ceph: stderr
2026-02-19T22:37:46.623+0000 7fd150b33640 1 --2- 10.20.193.75:0/3174752603 >> [v2:10.20.193.75:6800/3505831799,v1:10.20.193.75:6801/3505831799] conn(0x7fd12003da80 0x7fd12003ff40 unknown :-1 s=CLOSED pgs=6 cs=0 l=1 rev1=1 crypto rx=0 tx=0 comp rx=0 tx=0).stop
2026-02-19T22:37:46.668 INFO:teuthology.orchestra.run.trial075.stdout:/usr/bin/ceph: stderr
2026-02-19T22:37:46.623+0000 7fd150b33640 1 --2- 10.20.193.75:0/3174752603 >> [v2:10.20.193.75:3300/0,v1:10.20.193.75:6789/0] conn(0x7fd14c07ddb0 0x7fd14c1a0080 unknown :-1 s=CLOSED pgs=17 cs=0 l=1 rev1=1 crypto rx=0 tx=0 comp rx=0 tx=0).stop
2026-02-19T22:37:46.668 INFO:teuthology.orchestra.run.trial075.stdout:/usr/bin/ceph: stderr
2026-02-19T22:37:46.623+0000 7fd150b33640 1 -- 10.20.193.75:0/3174752603 >> 10.20.193.75:0/3174752603 conn(0x7fd14c103850 msgr2=0x7fd14c1043c0 unknown :-1 s=STATE_NONE l=0).mark_down
2026-02-19T22:37:46.668 INFO:teuthology.orchestra.run.trial075.stdout:/usr/bin/ceph: stderr
2026-02-19T22:37:46.623+0000 7fd150b33640 1 -- 10.20.193.75:0/3174752603 shutdown_connections
2026-02-19T22:37:46.669 INFO:teuthology.orchestra.run.trial075.stdout:/usr/bin/ceph: stderr
2026-02-19T22:37:46.623+0000 7fd150b33640 1 -- 10.20.193.75:0/3174752603 wait complete.
2026-02-19T22:37:46.669 INFO:teuthology.orchestra.run.trial075.stdout:mgr is available
2026-02-19T22:37:46.862 INFO:teuthology.orchestra.run.trial075.stdout:/usr/bin/ceph: stdout
2026-02-19T22:37:46.862 INFO:teuthology.orchestra.run.trial075.stdout:/usr/bin/ceph: stdout [global]
2026-02-19T22:37:46.862 INFO:teuthology.orchestra.run.trial075.stdout:/usr/bin/ceph: stdout fsid = 9217e7d4-0de3-11f1-a496-d404e6e7d460
2026-02-19T22:37:46.863 INFO:teuthology.orchestra.run.trial075.stdout:/usr/bin/ceph: stdout mon_cluster_log_file_level = debug
2026-02-19T22:37:46.863 INFO:teuthology.orchestra.run.trial075.stdout:/usr/bin/ceph: stdout mon_host = [v2:10.20.193.75:3300,v1:10.20.193.75:6789]
2026-02-19T22:37:46.863 INFO:teuthology.orchestra.run.trial075.stdout:/usr/bin/ceph: stdout mon_osd_allow_pg_remap = true
2026-02-19T22:37:46.863 INFO:teuthology.orchestra.run.trial075.stdout:/usr/bin/ceph: stdout mon_osd_allow_primary_affinity = true
2026-02-19T22:37:46.863 INFO:teuthology.orchestra.run.trial075.stdout:/usr/bin/ceph: stdout mon_warn_on_no_sortbitwise = false
2026-02-19T22:37:46.863 INFO:teuthology.orchestra.run.trial075.stdout:/usr/bin/ceph: stdout osd_crush_chooseleaf_type = 0
2026-02-19T22:37:46.863 INFO:teuthology.orchestra.run.trial075.stdout:/usr/bin/ceph: stdout
2026-02-19T22:37:46.863 INFO:teuthology.orchestra.run.trial075.stdout:/usr/bin/ceph: stdout [mgr]
2026-02-19T22:37:46.863 INFO:teuthology.orchestra.run.trial075.stdout:/usr/bin/ceph: stdout mgr/telemetry/nag = false
2026-02-19T22:37:46.863 INFO:teuthology.orchestra.run.trial075.stdout:/usr/bin/ceph: stdout
2026-02-19T22:37:46.864 INFO:teuthology.orchestra.run.trial075.stdout:/usr/bin/ceph: stdout [osd]
2026-02-19T22:37:46.864 INFO:teuthology.orchestra.run.trial075.stdout:/usr/bin/ceph: stdout mon_osd_backfillfull_ratio = 0.85
2026-02-19T22:37:46.864 INFO:teuthology.orchestra.run.trial075.stdout:/usr/bin/ceph: stdout mon_osd_full_ratio = 0.9
2026-02-19T22:37:46.864 INFO:teuthology.orchestra.run.trial075.stdout:/usr/bin/ceph: stdout mon_osd_nearfull_ratio = 0.8
2026-02-19T22:37:46.864 INFO:teuthology.orchestra.run.trial075.stdout:/usr/bin/ceph: stdout osd_map_max_advance = 10
2026-02-19T22:37:46.864 INFO:teuthology.orchestra.run.trial075.stdout:/usr/bin/ceph: stdout osd_sloppy_crc = true
2026-02-19T22:37:46.864 INFO:teuthology.orchestra.run.trial075.stdout:/usr/bin/ceph: stderr
2026-02-19T22:37:46.743+0000 7f9d72059640 1 Processor -- start
2026-02-19T22:37:46.864 INFO:teuthology.orchestra.run.trial075.stdout:/usr/bin/ceph: stderr
2026-02-19T22:37:46.743+0000 7f9d72059640 1 -- start start
2026-02-19T22:37:46.864 INFO:teuthology.orchestra.run.trial075.stdout:/usr/bin/ceph: stderr
2026-02-19T22:37:46.743+0000 7f9d72059640 1 --2- >> [v2:10.20.193.75:3300/0,v1:10.20.193.75:6789/0] conn(0x7f9d6c10a550 0x7f9d6c10a950 unknown :-1 s=NONE pgs=0 cs=0 l=0 rev1=0 crypto rx=0 tx=0 comp rx=0 tx=0).connect
2026-02-19T22:37:46.864 INFO:teuthology.orchestra.run.trial075.stdout:/usr/bin/ceph: stderr
2026-02-19T22:37:46.743+0000 7f9d72059640 1 -- --> [v2:10.20.193.75:3300/0,v1:10.20.193.75:6789/0] -- mon_getmap magic: 0 -- 0x7f9d6c10ae90 con 0x7f9d6c10a550
2026-02-19T22:37:46.864 INFO:teuthology.orchestra.run.trial075.stdout:/usr/bin/ceph: stderr
2026-02-19T22:37:46.743+0000 7f9d6b7fe640 1 --2- >> [v2:10.20.193.75:3300/0,v1:10.20.193.75:6789/0] conn(0x7f9d6c10a550 0x7f9d6c10a950 unknown :-1 s=BANNER_CONNECTING pgs=0 cs=0 l=0 rev1=0 crypto rx=0 tx=0 comp rx=0 tx=0)._handle_peer_banner_payload supported=3 required=0
2026-02-19T22:37:46.864 INFO:teuthology.orchestra.run.trial075.stdout:/usr/bin/ceph: stderr
2026-02-19T22:37:46.743+0000 7f9d6b7fe640 1 --2- >> [v2:10.20.193.75:3300/0,v1:10.20.193.75:6789/0] conn(0x7f9d6c10a550 0x7f9d6c10a950 unknown :-1 s=HELLO_CONNECTING pgs=0 cs=0 l=0 rev1=1 crypto rx=0 tx=0 comp rx=0 tx=0).handle_hello peer v2:10.20.193.75:3300/0 says I am v2:10.20.193.75:50968/0 (socket says 10.20.193.75:50968)
2026-02-19T22:37:46.865 INFO:teuthology.orchestra.run.trial075.stdout:/usr/bin/ceph: stderr
2026-02-19T22:37:46.743+0000 7f9d6b7fe640 1 -- 10.20.193.75:0/3171787825 learned_addr learned my addr 10.20.193.75:0/3171787825 (peer_addr_for_me v2:10.20.193.75:0/0)
2026-02-19T22:37:46.865 INFO:teuthology.orchestra.run.trial075.stdout:/usr/bin/ceph: stderr
2026-02-19T22:37:46.743+0000 7f9d6b7fe640 1 -- 10.20.193.75:0/3171787825 --> [v2:10.20.193.75:3300/0,v1:10.20.193.75:6789/0] -- mon_subscribe({config=0+,monmap=0+}) -- 0x7f9d6c10b010 con 0x7f9d6c10a550
2026-02-19T22:37:46.865 INFO:teuthology.orchestra.run.trial075.stdout:/usr/bin/ceph: stderr
2026-02-19T22:37:46.744+0000 7f9d6b7fe640 1 --2- 10.20.193.75:0/3171787825 >> [v2:10.20.193.75:3300/0,v1:10.20.193.75:6789/0] conn(0x7f9d6c10a550 0x7f9d6c10a950 secure :-1 s=READY pgs=18 cs=0 l=1 rev1=1 crypto rx=0x7f9d58009920 tx=0x7f9d5802efb0 comp rx=0 tx=0).ready entity=mon.0 client_cookie=5783bb5a34f4d807 server_cookie=0 in_seq=0 out_seq=0
2026-02-19T22:37:46.865 INFO:teuthology.orchestra.run.trial075.stdout:/usr/bin/ceph: stderr
2026-02-19T22:37:46.744+0000 7f9d6a7fc640 1 -- 10.20.193.75:0/3171787825 <== mon.0 v2:10.20.193.75:3300/0 1 ==== mon_map magic: 0 ==== 205+0+0 (secure 0 0 0) 0x7f9d5803c070 con 0x7f9d6c10a550
2026-02-19T22:37:46.865 INFO:teuthology.orchestra.run.trial075.stdout:/usr/bin/ceph: stderr
2026-02-19T22:37:46.744+0000 7f9d6a7fc640 1 -- 10.20.193.75:0/3171787825 <== mon.0 v2:10.20.193.75:3300/0 2 ==== config(26 keys) ==== 1045+0+0 (secure 0 0 0) 0x7f9d58037440 con 0x7f9d6c10a550
2026-02-19T22:37:46.865 INFO:teuthology.orchestra.run.trial075.stdout:/usr/bin/ceph: stderr
2026-02-19T22:37:46.744+0000 7f9d6a7fc640 1 -- 10.20.193.75:0/3171787825 <== mon.0 v2:10.20.193.75:3300/0 3 ==== mon_map magic: 0 ==== 205+0+0 (secure 0 0 0) 0x7f9d580354b0 con 0x7f9d6c10a550
2026-02-19T22:37:46.865 INFO:teuthology.orchestra.run.trial075.stdout:/usr/bin/ceph: stderr
2026-02-19T22:37:46.744+0000 7f9d72059640 1 -- 10.20.193.75:0/3171787825 >> [v2:10.20.193.75:3300/0,v1:10.20.193.75:6789/0] conn(0x7f9d6c10a550 msgr2=0x7f9d6c10a950 secure :-1 s=STATE_CONNECTION_ESTABLISHED l=1).mark_down
2026-02-19T22:37:46.865 INFO:teuthology.orchestra.run.trial075.stdout:/usr/bin/ceph: stderr
2026-02-19T22:37:46.744+0000 7f9d72059640 1 --2- 10.20.193.75:0/3171787825 >> [v2:10.20.193.75:3300/0,v1:10.20.193.75:6789/0] conn(0x7f9d6c10a550 0x7f9d6c10a950 secure :-1 s=READY pgs=18 cs=0 l=1 rev1=1 crypto rx=0x7f9d58009920 tx=0x7f9d5802efb0 comp rx=0 tx=0).stop
2026-02-19T22:37:46.865 INFO:teuthology.orchestra.run.trial075.stdout:/usr/bin/ceph: stderr
2026-02-19T22:37:46.744+0000 7f9d72059640 1 -- 10.20.193.75:0/3171787825 shutdown_connections
2026-02-19T22:37:46.865 INFO:teuthology.orchestra.run.trial075.stdout:/usr/bin/ceph: stderr
2026-02-19T22:37:46.744+0000 7f9d72059640 1 --2- 10.20.193.75:0/3171787825 >> [v2:10.20.193.75:3300/0,v1:10.20.193.75:6789/0] conn(0x7f9d6c10a550 0x7f9d6c10a950 unknown :-1 s=CLOSED pgs=18 cs=0 l=1 rev1=1 crypto rx=0 tx=0 comp rx=0 tx=0).stop
2026-02-19T22:37:46.865 INFO:teuthology.orchestra.run.trial075.stdout:/usr/bin/ceph: stderr
2026-02-19T22:37:46.744+0000 7f9d72059640 1 -- 10.20.193.75:0/3171787825 >> 10.20.193.75:0/3171787825 conn(0x7f9d6c07de30 msgr2=0x7f9d6c1086b0 unknown :-1 s=STATE_NONE l=0).mark_down
2026-02-19T22:37:46.866 INFO:teuthology.orchestra.run.trial075.stdout:/usr/bin/ceph: stderr
2026-02-19T22:37:46.744+0000 7f9d72059640 1 -- 10.20.193.75:0/3171787825 shutdown_connections
2026-02-19T22:37:46.866 INFO:teuthology.orchestra.run.trial075.stdout:/usr/bin/ceph: stderr
2026-02-19T22:37:46.744+0000 7f9d72059640 1 -- 10.20.193.75:0/3171787825 wait complete.
2026-02-19T22:37:46.866 INFO:teuthology.orchestra.run.trial075.stdout:/usr/bin/ceph: stderr
2026-02-19T22:37:46.745+0000 7f9d72059640 1 Processor -- start
2026-02-19T22:37:46.866 INFO:teuthology.orchestra.run.trial075.stdout:/usr/bin/ceph: stderr
2026-02-19T22:37:46.745+0000 7f9d72059640 1 -- start start
2026-02-19T22:37:46.866 INFO:teuthology.orchestra.run.trial075.stdout:/usr/bin/ceph: stderr
2026-02-19T22:37:46.745+0000 7f9d72059640 1 --2- >> [v2:10.20.193.75:3300/0,v1:10.20.193.75:6789/0] conn(0x7f9d6c10a550 0x7f9d6c1a0160 unknown :-1 s=NONE pgs=0 cs=0 l=1 rev1=0 crypto rx=0 tx=0 comp rx=0 tx=0).connect
2026-02-19T22:37:46.866 INFO:teuthology.orchestra.run.trial075.stdout:/usr/bin/ceph: stderr
2026-02-19T22:37:46.745+0000 7f9d72059640 1 -- --> [v2:10.20.193.75:3300/0,v1:10.20.193.75:6789/0] -- mon_getmap magic: 0 -- 0x7f9d6c10c340 con 0x7f9d6c10a550
2026-02-19T22:37:46.866 INFO:teuthology.orchestra.run.trial075.stdout:/usr/bin/ceph: stderr
2026-02-19T22:37:46.745+0000 7f9d6b7fe640 1 --2- >> [v2:10.20.193.75:3300/0,v1:10.20.193.75:6789/0] conn(0x7f9d6c10a550 0x7f9d6c1a0160 unknown :-1 s=BANNER_CONNECTING pgs=0 cs=0 l=1 rev1=0 crypto rx=0 tx=0 comp rx=0 tx=0)._handle_peer_banner_payload supported=3 required=0
2026-02-19T22:37:46.866 INFO:teuthology.orchestra.run.trial075.stdout:/usr/bin/ceph: stderr
2026-02-19T22:37:46.745+0000 7f9d6b7fe640 1 --2- >> [v2:10.20.193.75:3300/0,v1:10.20.193.75:6789/0] conn(0x7f9d6c10a550 0x7f9d6c1a0160 unknown :-1 s=HELLO_CONNECTING pgs=0 cs=0 l=1 rev1=1 crypto rx=0 tx=0 comp rx=0 tx=0).handle_hello peer v2:10.20.193.75:3300/0 says I am v2:10.20.193.75:50974/0 (socket says 10.20.193.75:50974)
2026-02-19T22:37:46.866 INFO:teuthology.orchestra.run.trial075.stdout:/usr/bin/ceph: stderr
2026-02-19T22:37:46.745+0000 7f9d6b7fe640 1 -- 10.20.193.75:0/2382265541 learned_addr learned my addr 10.20.193.75:0/2382265541 (peer_addr_for_me v2:10.20.193.75:0/0)
2026-02-19T22:37:46.866 INFO:teuthology.orchestra.run.trial075.stdout:/usr/bin/ceph: stderr
2026-02-19T22:37:46.745+0000 7f9d6b7fe640 1 -- 10.20.193.75:0/2382265541 --> [v2:10.20.193.75:3300/0,v1:10.20.193.75:6789/0] -- mon_subscribe({config=0+,monmap=0+}) -- 0x7f9d6c1a06a0 con 0x7f9d6c10a550
2026-02-19T22:37:46.866 INFO:teuthology.orchestra.run.trial075.stdout:/usr/bin/ceph: stderr
2026-02-19T22:37:46.745+0000 7f9d6b7fe640 1 --2- 10.20.193.75:0/2382265541 >> [v2:10.20.193.75:3300/0,v1:10.20.193.75:6789/0] conn(0x7f9d6c10a550 0x7f9d6c1a0160 secure :-1 s=READY pgs=19 cs=0 l=1 rev1=1 crypto rx=0x7f9d58006fd0 tx=0x7f9d58035a70 comp rx=0 tx=0).ready entity=mon.0 client_cookie=0 server_cookie=0 in_seq=0 out_seq=0
2026-02-19T22:37:46.866 INFO:teuthology.orchestra.run.trial075.stdout:/usr/bin/ceph: stderr
2026-02-19T22:37:46.745+0000 7f9d68ff9640 1 -- 10.20.193.75:0/2382265541 <== mon.0 v2:10.20.193.75:3300/0 1 ==== mon_map magic: 0 ==== 205+0+0 (secure 0 0 0) 0x7f9d58045070 con 0x7f9d6c10a550
2026-02-19T22:37:46.867 INFO:teuthology.orchestra.run.trial075.stdout:/usr/bin/ceph: stderr
2026-02-19T22:37:46.745+0000 7f9d72059640 1 -- 10.20.193.75:0/2382265541 --> [v2:10.20.193.75:3300/0,v1:10.20.193.75:6789/0] -- mon_subscribe({mgrmap=0+}) -- 0x7f9d6c1a0930 con 0x7f9d6c10a550
2026-02-19T22:37:46.867 INFO:teuthology.orchestra.run.trial075.stdout:/usr/bin/ceph: stderr
2026-02-19T22:37:46.745+0000 7f9d68ff9640 1 -- 10.20.193.75:0/2382265541 <== mon.0 v2:10.20.193.75:3300/0 2 ==== config(26 keys) ==== 1045+0+0 (secure 0 0 0) 0x7f9d58040450 con 0x7f9d6c10a550
2026-02-19T22:37:46.867 INFO:teuthology.orchestra.run.trial075.stdout:/usr/bin/ceph: stderr
2026-02-19T22:37:46.745+0000 7f9d68ff9640 1 -- 10.20.193.75:0/2382265541 <== mon.0 v2:10.20.193.75:3300/0 3 ==== mon_map magic: 0 ==== 205+0+0 (secure 0 0 0) 0x7f9d5803c070 con 0x7f9d6c10a550
2026-02-19T22:37:46.867 INFO:teuthology.orchestra.run.trial075.stdout:/usr/bin/ceph: stderr
2026-02-19T22:37:46.745+0000 7f9d72059640 1 -- 10.20.193.75:0/2382265541 --> [v2:10.20.193.75:3300/0,v1:10.20.193.75:6789/0] -- mon_subscribe({osdmap=0}) -- 0x7f9d6c1a3620 con 0x7f9d6c10a550
2026-02-19T22:37:46.867 INFO:teuthology.orchestra.run.trial075.stdout:/usr/bin/ceph: stderr
2026-02-19T22:37:46.746+0000 7f9d72059640 1 -- 10.20.193.75:0/2382265541 --> [v2:10.20.193.75:3300/0,v1:10.20.193.75:6789/0] -- mon_command({"prefix": "get_command_descriptions"} v 0) -- 0x7f9d6c10a9d0 con 0x7f9d6c10a550
2026-02-19T22:37:46.867 INFO:teuthology.orchestra.run.trial075.stdout:/usr/bin/ceph: stderr
2026-02-19T22:37:46.746+0000 7f9d68ff9640 1 -- 10.20.193.75:0/2382265541 <== mon.0 v2:10.20.193.75:3300/0 4 ==== mgrmap(e 4) ==== 50236+0+0 (secure 0 0 0) 0x7f9d5802fa40 con 0x7f9d6c10a550
2026-02-19T22:37:46.867 INFO:teuthology.orchestra.run.trial075.stdout:/usr/bin/ceph: stderr
2026-02-19T22:37:46.746+0000 7f9d68ff9640 1 --2- 10.20.193.75:0/2382265541 >> [v2:10.20.193.75:6800/3505831799,v1:10.20.193.75:6801/3505831799] conn(0x7f9d4003db50 0x7f9d40040010 unknown :-1 s=NONE pgs=0 cs=0 l=1 rev1=0 crypto rx=0 tx=0 comp rx=0 tx=0).connect
2026-02-19T22:37:46.867 INFO:teuthology.orchestra.run.trial075.stdout:/usr/bin/ceph: stderr
2026-02-19T22:37:46.746+0000 7f9d68ff9640 1 -- 10.20.193.75:0/2382265541 <== mon.0 v2:10.20.193.75:3300/0 5 ==== osd_map(1..1 src has 1..1) ==== 725+0+0 (secure 0 0 0) 0x7f9d58076660 con 0x7f9d6c10a550
2026-02-19T22:37:46.867 INFO:teuthology.orchestra.run.trial075.stdout:/usr/bin/ceph: stderr
2026-02-19T22:37:46.746+0000 7f9d6affd640 1 --2- 10.20.193.75:0/2382265541 >> [v2:10.20.193.75:6800/3505831799,v1:10.20.193.75:6801/3505831799] conn(0x7f9d4003db50 0x7f9d40040010 unknown :-1 s=BANNER_CONNECTING pgs=0 cs=0 l=1 rev1=0 crypto rx=0 tx=0 comp rx=0 tx=0)._handle_peer_banner_payload supported=3 required=0
2026-02-19T22:37:46.867 INFO:teuthology.orchestra.run.trial075.stdout:/usr/bin/ceph: stderr
2026-02-19T22:37:46.746+0000 7f9d6affd640 1 --2- 10.20.193.75:0/2382265541 >> [v2:10.20.193.75:6800/3505831799,v1:10.20.193.75:6801/3505831799] conn(0x7f9d4003db50 0x7f9d40040010 secure :-1 s=READY pgs=7 cs=0 l=1 rev1=1 crypto rx=0x7f9d5c0099c0 tx=0x7f9d5c006eb0 comp rx=0 tx=0).ready entity=mgr.14100 client_cookie=0 server_cookie=0 in_seq=0 out_seq=0
2026-02-19T22:37:46.867 INFO:teuthology.orchestra.run.trial075.stdout:/usr/bin/ceph: stderr
2026-02-19T22:37:46.749+0000 7f9d68ff9640 1 -- 10.20.193.75:0/2382265541 <== mon.0 v2:10.20.193.75:3300/0 6 ==== mon_command_ack([{"prefix": "get_command_descriptions"}]=0 v0) ==== 72+0+195034 (secure 0 0 0) 0x7f9d58033200 con 0x7f9d6c10a550
2026-02-19T22:37:46.868 INFO:teuthology.orchestra.run.trial075.stdout:/usr/bin/ceph: stderr
2026-02-19T22:37:46.830+0000 7f9d72059640 1 -- 10.20.193.75:0/2382265541 --> [v2:10.20.193.75:3300/0,v1:10.20.193.75:6789/0] -- mon_command({"prefix": "config assimilate-conf"} v 0) -- 0x7f9d6c1a4e40 con 0x7f9d6c10a550
2026-02-19T22:37:46.868 INFO:teuthology.orchestra.run.trial075.stdout:/usr/bin/ceph: stderr
2026-02-19T22:37:46.831+0000 7f9d68ff9640 1 -- 10.20.193.75:0/2382265541 <== mon.0 v2:10.20.193.75:3300/0 7 ==== mon_command_ack([{"prefix": "config assimilate-conf"}]=0 v3) ==== 70+0+465 (secure 0 0 0) 0x7f9d58076080 con 0x7f9d6c10a550
2026-02-19T22:37:46.868 INFO:teuthology.orchestra.run.trial075.stdout:/usr/bin/ceph: stderr
2026-02-19T22:37:46.831+0000 7f9d72059640 1 -- 10.20.193.75:0/2382265541 >> [v2:10.20.193.75:6800/3505831799,v1:10.20.193.75:6801/3505831799] conn(0x7f9d4003db50 msgr2=0x7f9d40040010 secure :-1 s=STATE_CONNECTION_ESTABLISHED l=1).mark_down
2026-02-19T22:37:46.868 INFO:teuthology.orchestra.run.trial075.stdout:/usr/bin/ceph: stderr
2026-02-19T22:37:46.831+0000 7f9d72059640 1 --2- 10.20.193.75:0/2382265541 >> [v2:10.20.193.75:6800/3505831799,v1:10.20.193.75:6801/3505831799] conn(0x7f9d4003db50 0x7f9d40040010 secure :-1 s=READY pgs=7 cs=0 l=1 rev1=1 crypto rx=0x7f9d5c0099c0 tx=0x7f9d5c006eb0 comp rx=0 tx=0).stop
2026-02-19T22:37:46.868 INFO:teuthology.orchestra.run.trial075.stdout:/usr/bin/ceph: stderr
2026-02-19T22:37:46.832+0000 7f9d72059640 1 -- 10.20.193.75:0/2382265541 >> [v2:10.20.193.75:3300/0,v1:10.20.193.75:6789/0] conn(0x7f9d6c10a550 msgr2=0x7f9d6c1a0160 secure :-1 s=STATE_CONNECTION_ESTABLISHED l=1).mark_down
2026-02-19T22:37:46.868 INFO:teuthology.orchestra.run.trial075.stdout:/usr/bin/ceph: stderr
2026-02-19T22:37:46.832+0000 7f9d72059640 1 --2- 10.20.193.75:0/2382265541 >> [v2:10.20.193.75:3300/0,v1:10.20.193.75:6789/0] conn(0x7f9d6c10a550 0x7f9d6c1a0160 secure :-1 s=READY pgs=19 cs=0 l=1 rev1=1 crypto rx=0x7f9d58006fd0 tx=0x7f9d58035a70 comp rx=0 tx=0).stop
2026-02-19T22:37:46.868 INFO:teuthology.orchestra.run.trial075.stdout:/usr/bin/ceph: stderr
2026-02-19T22:37:46.832+0000 7f9d72059640 1 -- 10.20.193.75:0/2382265541 shutdown_connections
2026-02-19T22:37:46.868 INFO:teuthology.orchestra.run.trial075.stdout:/usr/bin/ceph: stderr
2026-02-19T22:37:46.832+0000 7f9d72059640 1 --2- 10.20.193.75:0/2382265541 >> [v2:10.20.193.75:6800/3505831799,v1:10.20.193.75:6801/3505831799] conn(0x7f9d4003db50 0x7f9d40040010 unknown :-1 s=CLOSED pgs=7 cs=0 l=1 rev1=1 crypto rx=0 tx=0 comp rx=0 tx=0).stop
2026-02-19T22:37:46.868 INFO:teuthology.orchestra.run.trial075.stdout:/usr/bin/ceph: stderr
2026-02-19T22:37:46.832+0000 7f9d72059640 1 --2- 10.20.193.75:0/2382265541 >> [v2:10.20.193.75:3300/0,v1:10.20.193.75:6789/0] conn(0x7f9d6c10a550 0x7f9d6c1a0160 unknown :-1 s=CLOSED pgs=19 cs=0 l=1 rev1=1 crypto rx=0 tx=0 comp rx=0 tx=0).stop
2026-02-19T22:37:46.868 INFO:teuthology.orchestra.run.trial075.stdout:/usr/bin/ceph: stderr
2026-02-19T22:37:46.832+0000 7f9d72059640 1 -- 10.20.193.75:0/2382265541 >> 10.20.193.75:0/2382265541 conn(0x7f9d6c07de30 msgr2=0x7f9d6c107e10 unknown :-1 s=STATE_NONE l=0).mark_down
2026-02-19T22:37:46.868 INFO:teuthology.orchestra.run.trial075.stdout:/usr/bin/ceph: stderr
2026-02-19T22:37:46.832+0000 7f9d72059640 1 -- 10.20.193.75:0/2382265541 shutdown_connections
2026-02-19T22:37:46.868 INFO:teuthology.orchestra.run.trial075.stdout:/usr/bin/ceph: stderr
2026-02-19T22:37:46.832+0000 7f9d72059640 1 -- 10.20.193.75:0/2382265541 wait complete.
2026-02-19T22:37:46.869 INFO:teuthology.orchestra.run.trial075.stdout:Enabling cephadm module...
2026-02-19T22:37:46.957 INFO:journalctl@ceph.mon.a.trial075.stdout:Feb 19 22:37:46 trial075 ceph-mon[40844]: mgrmap e3: x(active, since 1.00559s)
2026-02-19T22:37:46.958 INFO:journalctl@ceph.mon.a.trial075.stdout:Feb 19 22:37:46 trial075 ceph-mon[40844]: from='client.? 10.20.193.75:0/3174752603' entity='client.admin' cmd=[{"prefix": "status", "format": "json-pretty"}]: dispatch
2026-02-19T22:37:47.769 INFO:teuthology.orchestra.run.trial075.stdout:/usr/bin/ceph: stderr
2026-02-19T22:37:46.952+0000 7f08f63f3640 1 Processor -- start
2026-02-19T22:37:47.770 INFO:teuthology.orchestra.run.trial075.stdout:/usr/bin/ceph: stderr
2026-02-19T22:37:46.952+0000 7f08f63f3640 1 -- start start
2026-02-19T22:37:47.770 INFO:teuthology.orchestra.run.trial075.stdout:/usr/bin/ceph: stderr
2026-02-19T22:37:46.952+0000 7f08f63f3640 1 --2- >> [v2:10.20.193.75:3300/0,v1:10.20.193.75:6789/0] conn(0x7f08f0108180 0x7f08f0108580 unknown :-1 s=NONE pgs=0 cs=0 l=0 rev1=0 crypto rx=0 tx=0 comp rx=0 tx=0).connect
2026-02-19T22:37:47.770 INFO:teuthology.orchestra.run.trial075.stdout:/usr/bin/ceph: stderr
2026-02-19T22:37:46.952+0000 7f08f63f3640 1 -- --> [v2:10.20.193.75:3300/0,v1:10.20.193.75:6789/0] -- mon_getmap magic: 0 -- 0x7f08f0108b50 con 0x7f08f0108180
2026-02-19T22:37:47.770 INFO:teuthology.orchestra.run.trial075.stdout:/usr/bin/ceph: stderr
2026-02-19T22:37:46.952+0000 7f08effff640 1 --2- >> [v2:10.20.193.75:3300/0,v1:10.20.193.75:6789/0] conn(0x7f08f0108180 0x7f08f0108580 unknown :-1 s=BANNER_CONNECTING pgs=0 cs=0 l=0 rev1=0 crypto rx=0 tx=0 comp rx=0 tx=0)._handle_peer_banner_payload supported=3 required=0
2026-02-19T22:37:47.770 INFO:teuthology.orchestra.run.trial075.stdout:/usr/bin/ceph: stderr
2026-02-19T22:37:46.952+0000 7f08effff640 1 --2- >> [v2:10.20.193.75:3300/0,v1:10.20.193.75:6789/0] conn(0x7f08f0108180 0x7f08f0108580 unknown :-1 s=HELLO_CONNECTING pgs=0 cs=0 l=0 rev1=1 crypto rx=0 tx=0 comp rx=0 tx=0).handle_hello peer v2:10.20.193.75:3300/0 says I am v2:10.20.193.75:50988/0 (socket says 10.20.193.75:50988)
2026-02-19T22:37:47.770 INFO:teuthology.orchestra.run.trial075.stdout:/usr/bin/ceph: stderr
2026-02-19T22:37:46.952+0000 7f08effff640 1 -- 10.20.193.75:0/3920945594 learned_addr learned my addr 10.20.193.75:0/3920945594 (peer_addr_for_me v2:10.20.193.75:0/0)
2026-02-19T22:37:47.770 INFO:teuthology.orchestra.run.trial075.stdout:/usr/bin/ceph: stderr
2026-02-19T22:37:46.952+0000 7f08effff640 1 -- 10.20.193.75:0/3920945594 --> [v2:10.20.193.75:3300/0,v1:10.20.193.75:6789/0] -- mon_subscribe({config=0+,monmap=0+}) -- 0x7f08f01092e0 con 0x7f08f0108180
2026-02-19T22:37:47.770 INFO:teuthology.orchestra.run.trial075.stdout:/usr/bin/ceph: stderr
2026-02-19T22:37:46.953+0000 7f08effff640 1 --2- 10.20.193.75:0/3920945594 >> [v2:10.20.193.75:3300/0,v1:10.20.193.75:6789/0] conn(0x7f08f0108180 0x7f08f0108580 secure :-1 s=READY pgs=20 cs=0 l=1 rev1=1 crypto rx=0x7f08dc009920 tx=0x7f08dc02ef20 comp rx=0 tx=0).ready entity=mon.0 client_cookie=9e9d489b55a0fdb1 server_cookie=0 in_seq=0 out_seq=0
2026-02-19T22:37:47.770 INFO:teuthology.orchestra.run.trial075.stdout:/usr/bin/ceph: stderr
2026-02-19T22:37:46.953+0000 7f08eeffd640 1 -- 10.20.193.75:0/3920945594 <== mon.0 v2:10.20.193.75:3300/0 1 ==== mon_map magic: 0 ==== 205+0+0 (secure 0 0 0) 0x7f08dc03c070 con 0x7f08f0108180
2026-02-19T22:37:47.771 INFO:teuthology.orchestra.run.trial075.stdout:/usr/bin/ceph: stderr
2026-02-19T22:37:46.953+0000 7f08eeffd640 1 -- 10.20.193.75:0/3920945594 <== mon.0 v2:10.20.193.75:3300/0 2 ==== config(26 keys) ==== 1045+0+0 (secure 0 0 0) 0x7f08dc037440 con 0x7f08f0108180
2026-02-19T22:37:47.771 INFO:teuthology.orchestra.run.trial075.stdout:/usr/bin/ceph: stderr
2026-02-19T22:37:46.953+0000 7f08eeffd640 1 -- 10.20.193.75:0/3920945594 <== mon.0 v2:10.20.193.75:3300/0 3 ==== mon_map magic: 0 ==== 205+0+0 (secure 0 0 0) 0x7f08dc0354b0 con 0x7f08f0108180
2026-02-19T22:37:47.771 INFO:teuthology.orchestra.run.trial075.stdout:/usr/bin/ceph: stderr
2026-02-19T22:37:46.953+0000 7f08f63f3640 1 -- 10.20.193.75:0/3920945594 >> [v2:10.20.193.75:3300/0,v1:10.20.193.75:6789/0] conn(0x7f08f0108180 msgr2=0x7f08f0108580 secure :-1 s=STATE_CONNECTION_ESTABLISHED l=1).mark_down
2026-02-19T22:37:47.771 INFO:teuthology.orchestra.run.trial075.stdout:/usr/bin/ceph: stderr
2026-02-19T22:37:46.953+0000 7f08f63f3640 1 --2- 10.20.193.75:0/3920945594 >> [v2:10.20.193.75:3300/0,v1:10.20.193.75:6789/0] conn(0x7f08f0108180 0x7f08f0108580 secure :-1 s=READY pgs=20 cs=0 l=1 rev1=1 crypto rx=0x7f08dc009920 tx=0x7f08dc02ef20 comp rx=0 tx=0).stop
2026-02-19T22:37:47.771 INFO:teuthology.orchestra.run.trial075.stdout:/usr/bin/ceph: stderr
2026-02-19T22:37:46.953+0000 7f08f63f3640 1 -- 10.20.193.75:0/3920945594 shutdown_connections
2026-02-19T22:37:47.771 INFO:teuthology.orchestra.run.trial075.stdout:/usr/bin/ceph: stderr
2026-02-19T22:37:46.953+0000 7f08f63f3640 1 --2- 10.20.193.75:0/3920945594 >> [v2:10.20.193.75:3300/0,v1:10.20.193.75:6789/0] conn(0x7f08f0108180 0x7f08f0108580 unknown :-1 s=CLOSED pgs=20 cs=0 l=1 rev1=1 crypto rx=0 tx=0 comp rx=0 tx=0).stop
2026-02-19T22:37:47.771 INFO:teuthology.orchestra.run.trial075.stdout:/usr/bin/ceph: stderr
2026-02-19T22:37:46.953+0000 7f08f63f3640 1 -- 10.20.193.75:0/3920945594 >> 10.20.193.75:0/3920945594 conn(0x7f08f0103950 msgr2=0x7f08f0105d70 unknown :-1 s=STATE_NONE l=0).mark_down
2026-02-19T22:37:47.771 INFO:teuthology.orchestra.run.trial075.stdout:/usr/bin/ceph: stderr
2026-02-19T22:37:46.953+0000 7f08f63f3640 1 -- 10.20.193.75:0/3920945594 shutdown_connections
2026-02-19T22:37:47.771 INFO:teuthology.orchestra.run.trial075.stdout:/usr/bin/ceph: stderr
2026-02-19T22:37:46.953+0000 7f08f63f3640 1 -- 10.20.193.75:0/3920945594 wait complete.
2026-02-19T22:37:47.771 INFO:teuthology.orchestra.run.trial075.stdout:/usr/bin/ceph: stderr
2026-02-19T22:37:46.953+0000 7f08f63f3640 1 Processor -- start
2026-02-19T22:37:47.771 INFO:teuthology.orchestra.run.trial075.stdout:/usr/bin/ceph: stderr
2026-02-19T22:37:46.953+0000 7f08f63f3640 1 -- start start
2026-02-19T22:37:47.771 INFO:teuthology.orchestra.run.trial075.stdout:/usr/bin/ceph: stderr
2026-02-19T22:37:46.954+0000 7f08f63f3640 1 --2- >> [v2:10.20.193.75:3300/0,v1:10.20.193.75:6789/0] conn(0x7f08f0108180 0x7f08f007dbd0 unknown :-1 s=NONE pgs=0 cs=0 l=1 rev1=0 crypto rx=0 tx=0 comp rx=0 tx=0).connect
2026-02-19T22:37:47.772 INFO:teuthology.orchestra.run.trial075.stdout:/usr/bin/ceph: stderr
2026-02-19T22:37:46.954+0000 7f08f63f3640 1 -- --> [v2:10.20.193.75:3300/0,v1:10.20.193.75:6789/0] -- mon_getmap magic: 0 -- 0x7f08f010c510 con 0x7f08f0108180
2026-02-19T22:37:47.772 INFO:teuthology.orchestra.run.trial075.stdout:/usr/bin/ceph: stderr
2026-02-19T22:37:46.954+0000 7f08effff640 1 --2- >> [v2:10.20.193.75:3300/0,v1:10.20.193.75:6789/0] conn(0x7f08f0108180 0x7f08f007dbd0 unknown :-1 s=BANNER_CONNECTING pgs=0 cs=0 l=1 rev1=0 crypto rx=0 tx=0 comp rx=0 tx=0)._handle_peer_banner_payload supported=3 required=0
2026-02-19T22:37:47.772 INFO:teuthology.orchestra.run.trial075.stdout:/usr/bin/ceph: stderr
2026-02-19T22:37:46.954+0000 7f08effff640 1 --2- >> [v2:10.20.193.75:3300/0,v1:10.20.193.75:6789/0] conn(0x7f08f0108180 0x7f08f007dbd0 unknown :-1 s=HELLO_CONNECTING pgs=0 cs=0 l=1 rev1=1 crypto rx=0 tx=0 comp rx=0 tx=0).handle_hello peer v2:10.20.193.75:3300/0 says I am v2:10.20.193.75:50990/0 (socket says 10.20.193.75:50990)
2026-02-19T22:37:47.772 INFO:teuthology.orchestra.run.trial075.stdout:/usr/bin/ceph: stderr
2026-02-19T22:37:46.954+0000 7f08effff640 1 -- 10.20.193.75:0/1710045693 learned_addr learned my addr 10.20.193.75:0/1710045693 (peer_addr_for_me v2:10.20.193.75:0/0)
2026-02-19T22:37:47.772 INFO:teuthology.orchestra.run.trial075.stdout:/usr/bin/ceph: stderr
2026-02-19T22:37:46.954+0000 7f08effff640 1 -- 10.20.193.75:0/1710045693 --> [v2:10.20.193.75:3300/0,v1:10.20.193.75:6789/0] -- mon_subscribe({config=0+,monmap=0+}) -- 0x7f08f007e110 con 0x7f08f0108180
