2026-02-19T22:44:19.333 INFO:journalctl@ceph.mgr.x.trial015.stdout:Feb 19 22:44:19 trial015 ceph-75ad8dd5-0de4-11f1-9a5a-d404e6e7d460-mgr-x[41107]:
2026-02-19T22:44:19.067+0000 7f8063981140 -1 mgr[py] Module crash has missing NOTIFY_TYPES member
2026-02-19T22:44:19.333 INFO:journalctl@ceph.mgr.x.trial015.stdout:Feb 19 22:44:19 trial015 ceph-75ad8dd5-0de4-11f1-9a5a-d404e6e7d460-mgr-x[41107]:
2026-02-19T22:44:19.097+0000 7f8063981140 -1 mgr[py] Module progress has missing NOTIFY_TYPES member
2026-02-19T22:44:19.333 INFO:journalctl@ceph.mgr.x.trial015.stdout:Feb 19 22:44:19 trial015 ceph-75ad8dd5-0de4-11f1-9a5a-d404e6e7d460-mgr-x[41107]:
2026-02-19T22:44:19.330+0000 7f8063981140 -1 mgr[py] Module rook has missing NOTIFY_TYPES member
2026-02-19T22:44:19.586 INFO:journalctl@ceph.mgr.x.trial015.stdout:Feb 19 22:44:19 trial015 ceph-75ad8dd5-0de4-11f1-9a5a-d404e6e7d460-mgr-x[41107]:
2026-02-19T22:44:19.430+0000 7f8063981140 -1 mgr[py] Module nfs has missing NOTIFY_TYPES member
2026-02-19T22:44:19.587 INFO:journalctl@ceph.mgr.x.trial015.stdout:Feb 19 22:44:19 trial015 ceph-75ad8dd5-0de4-11f1-9a5a-d404e6e7d460-mgr-x[41107]:
2026-02-19T22:44:19.461+0000 7f8063981140 -1 mgr[py] Module telegraf has missing NOTIFY_TYPES member
2026-02-19T22:44:19.587 INFO:journalctl@ceph.mgr.x.trial015.stdout:Feb 19 22:44:19 trial015 ceph-75ad8dd5-0de4-11f1-9a5a-d404e6e7d460-mgr-x[41107]:
2026-02-19T22:44:19.492+0000 7f8063981140 -1 mgr[py] Module selftest has missing NOTIFY_TYPES member
2026-02-19T22:44:19.587 INFO:journalctl@ceph.mgr.x.trial015.stdout:Feb 19 22:44:19 trial015 ceph-75ad8dd5-0de4-11f1-9a5a-d404e6e7d460-mgr-x[41107]:
2026-02-19T22:44:19.584+0000 7f8063981140 -1 mgr[py] Module test_orchestrator has missing NOTIFY_TYPES member
2026-02-19T22:44:19.867 INFO:journalctl@ceph.mgr.x.trial015.stdout:Feb 19 22:44:19 trial015 ceph-75ad8dd5-0de4-11f1-9a5a-d404e6e7d460-mgr-x[41107]:
2026-02-19T22:44:19.613+0000 7f8063981140 -1 mgr[py] Module osd_support has missing NOTIFY_TYPES member
2026-02-19T22:44:19.868 INFO:journalctl@ceph.mgr.x.trial015.stdout:Feb 19 22:44:19 trial015 ceph-75ad8dd5-0de4-11f1-9a5a-d404e6e7d460-mgr-x[41107]:
2026-02-19T22:44:19.705+0000 7f8063981140 -1 mgr[py] Module orchestrator has missing NOTIFY_TYPES member
2026-02-19T22:44:20.605 INFO:journalctl@ceph.mgr.x.trial015.stdout:Feb 19 22:44:20 trial015 ceph-75ad8dd5-0de4-11f1-9a5a-d404e6e7d460-mgr-x[41107]:
2026-02-19T22:44:20.175+0000 7f8063981140 -1 mgr[py] Module volumes has missing NOTIFY_TYPES member
2026-02-19T22:44:20.605 INFO:journalctl@ceph.mgr.x.trial015.stdout:Feb 19 22:44:20 trial015 ceph-75ad8dd5-0de4-11f1-9a5a-d404e6e7d460-mgr-x[41107]:
2026-02-19T22:44:20.206+0000 7f8063981140 -1 mgr[py] Module zabbix has missing NOTIFY_TYPES member
2026-02-19T22:44:20.868 INFO:journalctl@ceph.mgr.x.trial015.stdout:Feb 19 22:44:20 trial015 ceph-75ad8dd5-0de4-11f1-9a5a-d404e6e7d460-mgr-x[41107]:
2026-02-19T22:44:20.602+0000 7f8063981140 -1 mgr[py] Module influx has missing NOTIFY_TYPES member
2026-02-19T22:44:20.868 INFO:journalctl@ceph.mon.a.trial015.stdout:Feb 19 22:44:20 trial015 ceph-mon[40845]: Active manager daemon x restarted
2026-02-19T22:44:20.868 INFO:journalctl@ceph.mon.a.trial015.stdout:Feb 19 22:44:20 trial015 ceph-mon[40845]: Activating manager daemon x
2026-02-19T22:44:20.869 INFO:journalctl@ceph.mon.a.trial015.stdout:Feb 19 22:44:20 trial015 ceph-mon[40845]: osdmap e3: 0 total, 0 up, 0 in
2026-02-19T22:44:20.869 INFO:journalctl@ceph.mon.a.trial015.stdout:Feb 19 22:44:20 trial015 ceph-mon[40845]: mgrmap e10: x(active, starting, since 0.00250608s)
2026-02-19T22:44:20.869 INFO:journalctl@ceph.mon.a.trial015.stdout:Feb 19 22:44:20 trial015 ceph-mon[40845]: from='mgr.14150 10.20.193.15:0/699344637' entity='mgr.x' cmd=[{"prefix": "mon metadata", "id": "a"}]: dispatch
2026-02-19T22:44:20.869 INFO:journalctl@ceph.mon.a.trial015.stdout:Feb 19 22:44:20 trial015 ceph-mon[40845]: from='mgr.14150 10.20.193.15:0/699344637' entity='mgr.x' cmd=[{"prefix": "mgr metadata", "who": "x", "id": "x"}]: dispatch
2026-02-19T22:44:20.869 INFO:journalctl@ceph.mon.a.trial015.stdout:Feb 19 22:44:20 trial015 ceph-mon[40845]: from='mgr.14150 10.20.193.15:0/699344637' entity='mgr.x' cmd=[{"prefix": "mds metadata"}]: dispatch
2026-02-19T22:44:20.869 INFO:journalctl@ceph.mon.a.trial015.stdout:Feb 19 22:44:20 trial015 ceph-mon[40845]: from='mgr.14150 10.20.193.15:0/699344637' entity='mgr.x' cmd=[{"prefix": "osd metadata"}]: dispatch
2026-02-19T22:44:20.869 INFO:journalctl@ceph.mon.a.trial015.stdout:Feb 19 22:44:20 trial015 ceph-mon[40845]: from='mgr.14150 10.20.193.15:0/699344637' entity='mgr.x' cmd=[{"prefix": "mon metadata"}]: dispatch
2026-02-19T22:44:20.869 INFO:journalctl@ceph.mon.a.trial015.stdout:Feb 19 22:44:20 trial015 ceph-mon[40845]: Manager daemon x is now available
2026-02-19T22:44:20.869 INFO:journalctl@ceph.mon.a.trial015.stdout:Feb 19 22:44:20 trial015 ceph-mon[40845]: from='mgr.14150 10.20.193.15:0/699344637' entity='mgr.x' cmd=[{"prefix": "config dump", "format": "json"}]: dispatch
2026-02-19T22:44:20.869 INFO:journalctl@ceph.mon.a.trial015.stdout:Feb 19 22:44:20 trial015 ceph-mon[40845]: from='mgr.14150 10.20.193.15:0/699344637' entity='mgr.x' cmd=[{"prefix":"config rm","who":"mgr","name":"mgr/rbd_support/x/mirror_snapshot_schedule"}]: dispatch
2026-02-19T22:44:20.870 INFO:journalctl@ceph.mon.a.trial015.stdout:Feb 19 22:44:20 trial015 ceph-mon[40845]: from='mgr.14150 10.20.193.15:0/699344637' entity='mgr.x' cmd=[{"prefix":"config rm","who":"mgr","name":"mgr/rbd_support/x/trash_purge_schedule"}]: dispatch
2026-02-19T22:44:21.650 INFO:teuthology.orchestra.run.trial015.stdout:/usr/bin/ceph: stdout {
2026-02-19T22:44:21.650 INFO:teuthology.orchestra.run.trial015.stdout:/usr/bin/ceph: stdout "mgrmap_epoch": 11,
2026-02-19T22:44:21.650 INFO:teuthology.orchestra.run.trial015.stdout:/usr/bin/ceph: stdout "initialized": true
2026-02-19T22:44:21.651 INFO:teuthology.orchestra.run.trial015.stdout:/usr/bin/ceph: stdout }
2026-02-19T22:44:21.651 INFO:teuthology.orchestra.run.trial015.stdout:/usr/bin/ceph: stderr
2026-02-19T22:44:18.305+0000 7fbaa631d640 1 Processor -- start
2026-02-19T22:44:21.651 INFO:teuthology.orchestra.run.trial015.stdout:/usr/bin/ceph: stderr
2026-02-19T22:44:18.305+0000 7fbaa631d640 1 -- start start
2026-02-19T22:44:21.651 INFO:teuthology.orchestra.run.trial015.stdout:/usr/bin/ceph: stderr
2026-02-19T22:44:18.305+0000 7fbaa631d640 1 --2- >> [v2:10.20.193.15:3300/0,v1:10.20.193.15:6789/0] conn(0x7fbaa007ee70 0x7fbaa007d2d0 unknown :-1 s=NONE pgs=0 cs=0 l=0 rev1=0 crypto rx=0 tx=0 comp rx=0 tx=0).connect
2026-02-19T22:44:21.651 INFO:teuthology.orchestra.run.trial015.stdout:/usr/bin/ceph: stderr
2026-02-19T22:44:18.305+0000 7fbaa631d640 1 -- --> [v2:10.20.193.15:3300/0,v1:10.20.193.15:6789/0] -- mon_getmap magic: 0 -- 0x7fbaa007d810 con 0x7fbaa007ee70
2026-02-19T22:44:21.651 INFO:teuthology.orchestra.run.trial015.stdout:/usr/bin/ceph: stderr
2026-02-19T22:44:18.306+0000 7fba9ffff640 1 --2- >> [v2:10.20.193.15:3300/0,v1:10.20.193.15:6789/0] conn(0x7fbaa007ee70 0x7fbaa007d2d0 unknown :-1 s=BANNER_CONNECTING pgs=0 cs=0 l=0 rev1=0 crypto rx=0 tx=0 comp rx=0 tx=0)._handle_peer_banner_payload supported=3 required=0
2026-02-19T22:44:21.651 INFO:teuthology.orchestra.run.trial015.stdout:/usr/bin/ceph: stderr
2026-02-19T22:44:18.306+0000 7fba9ffff640 1 --2- >> [v2:10.20.193.15:3300/0,v1:10.20.193.15:6789/0] conn(0x7fbaa007ee70 0x7fbaa007d2d0 unknown :-1 s=HELLO_CONNECTING pgs=0 cs=0 l=0 rev1=1 crypto rx=0 tx=0 comp rx=0 tx=0).handle_hello peer v2:10.20.193.15:3300/0 says I am v2:10.20.193.15:50986/0 (socket says 10.20.193.15:50986)
2026-02-19T22:44:21.651 INFO:teuthology.orchestra.run.trial015.stdout:/usr/bin/ceph: stderr
2026-02-19T22:44:18.306+0000 7fba9ffff640 1 -- 10.20.193.15:0/274243314 learned_addr learned my addr 10.20.193.15:0/274243314 (peer_addr_for_me v2:10.20.193.15:0/0)
2026-02-19T22:44:21.651 INFO:teuthology.orchestra.run.trial015.stdout:/usr/bin/ceph: stderr
2026-02-19T22:44:18.306+0000 7fba9ffff640 1 -- 10.20.193.15:0/274243314 --> [v2:10.20.193.15:3300/0,v1:10.20.193.15:6789/0] -- mon_subscribe({config=0+,monmap=0+}) -- 0x7fbaa007d990 con 0x7fbaa007ee70
2026-02-19T22:44:21.651 INFO:teuthology.orchestra.run.trial015.stdout:/usr/bin/ceph: stderr
2026-02-19T22:44:18.306+0000 7fba9ffff640 1 --2- 10.20.193.15:0/274243314 >> [v2:10.20.193.15:3300/0,v1:10.20.193.15:6789/0] conn(0x7fbaa007ee70 0x7fbaa007d2d0 secure :-1 s=READY pgs=59 cs=0 l=1 rev1=1 crypto rx=0x7fba8c009920 tx=0x7fba8c02ef20 comp rx=0 tx=0).ready entity=mon.0 client_cookie=d10f48914090d57e server_cookie=0 in_seq=0 out_seq=0
2026-02-19T22:44:21.652 INFO:teuthology.orchestra.run.trial015.stdout:/usr/bin/ceph: stderr
2026-02-19T22:44:18.306+0000 7fba9effd640 1 -- 10.20.193.15:0/274243314 <== mon.0 v2:10.20.193.15:3300/0 1 ==== mon_map magic: 0 ==== 205+0+0 (secure 0 0 0) 0x7fba8c03c070 con 0x7fbaa007ee70
2026-02-19T22:44:21.652 INFO:teuthology.orchestra.run.trial015.stdout:/usr/bin/ceph: stderr
2026-02-19T22:44:18.306+0000 7fba9effd640 1 -- 10.20.193.15:0/274243314 <== mon.0 v2:10.20.193.15:3300/0 2 ==== config(26 keys) ==== 1076+0+0 (secure 0 0 0) 0x7fba8c037440 con 0x7fbaa007ee70
2026-02-19T22:44:21.652 INFO:teuthology.orchestra.run.trial015.stdout:/usr/bin/ceph: stderr
2026-02-19T22:44:18.306+0000 7fba9effd640 1 -- 10.20.193.15:0/274243314 <== mon.0 v2:10.20.193.15:3300/0 3 ==== mon_map magic: 0 ==== 205+0+0 (secure 0 0 0) 0x7fba8c0354d0 con 0x7fbaa007ee70
2026-02-19T22:44:21.652 INFO:teuthology.orchestra.run.trial015.stdout:/usr/bin/ceph: stderr
2026-02-19T22:44:18.307+0000 7fbaa631d640 1 -- 10.20.193.15:0/274243314 >> [v2:10.20.193.15:3300/0,v1:10.20.193.15:6789/0] conn(0x7fbaa007ee70 msgr2=0x7fbaa007d2d0 secure :-1 s=STATE_CONNECTION_ESTABLISHED l=1).mark_down
2026-02-19T22:44:21.652 INFO:teuthology.orchestra.run.trial015.stdout:/usr/bin/ceph: stderr
2026-02-19T22:44:18.307+0000 7fbaa631d640 1 --2- 10.20.193.15:0/274243314 >> [v2:10.20.193.15:3300/0,v1:10.20.193.15:6789/0] conn(0x7fbaa007ee70 0x7fbaa007d2d0 secure :-1 s=READY pgs=59 cs=0 l=1 rev1=1 crypto rx=0x7fba8c009920 tx=0x7fba8c02ef20 comp rx=0 tx=0).stop
2026-02-19T22:44:21.652 INFO:teuthology.orchestra.run.trial015.stdout:/usr/bin/ceph: stderr
2026-02-19T22:44:18.307+0000 7fbaa631d640 1 -- 10.20.193.15:0/274243314 shutdown_connections
2026-02-19T22:44:21.652 INFO:teuthology.orchestra.run.trial015.stdout:/usr/bin/ceph: stderr
2026-02-19T22:44:18.307+0000 7fbaa631d640 1 --2- 10.20.193.15:0/274243314 >> [v2:10.20.193.15:3300/0,v1:10.20.193.15:6789/0] conn(0x7fbaa007ee70 0x7fbaa007d2d0 unknown :-1 s=CLOSED pgs=59 cs=0 l=1 rev1=1 crypto rx=0 tx=0 comp rx=0 tx=0).stop
2026-02-19T22:44:21.652 INFO:teuthology.orchestra.run.trial015.stdout:/usr/bin/ceph: stderr
2026-02-19T22:44:18.307+0000 7fbaa631d640 1 -- 10.20.193.15:0/274243314 >> 10.20.193.15:0/274243314 conn(0x7fbaa0103a40 msgr2=0x7fbaa0105ec0 unknown :-1 s=STATE_NONE l=0).mark_down
2026-02-19T22:44:21.652 INFO:teuthology.orchestra.run.trial015.stdout:/usr/bin/ceph: stderr
2026-02-19T22:44:18.307+0000 7fbaa631d640 1 -- 10.20.193.15:0/274243314 shutdown_connections
2026-02-19T22:44:21.652 INFO:teuthology.orchestra.run.trial015.stdout:/usr/bin/ceph: stderr
2026-02-19T22:44:18.307+0000 7fbaa631d640 1 -- 10.20.193.15:0/274243314 wait complete.
2026-02-19T22:44:21.652 INFO:teuthology.orchestra.run.trial015.stdout:/usr/bin/ceph: stderr
2026-02-19T22:44:18.307+0000 7fbaa631d640 1 Processor -- start
2026-02-19T22:44:21.652 INFO:teuthology.orchestra.run.trial015.stdout:/usr/bin/ceph: stderr
2026-02-19T22:44:18.307+0000 7fbaa631d640 1 -- start start
2026-02-19T22:44:21.653 INFO:teuthology.orchestra.run.trial015.stdout:/usr/bin/ceph: stderr
2026-02-19T22:44:18.307+0000 7fbaa631d640 1 --2- >> [v2:10.20.193.15:3300/0,v1:10.20.193.15:6789/0] conn(0x7fbaa007ee70 0x7fbaa01a03e0 unknown :-1 s=NONE pgs=0 cs=0 l=1 rev1=0 crypto rx=0 tx=0 comp rx=0 tx=0).connect
2026-02-19T22:44:21.653 INFO:teuthology.orchestra.run.trial015.stdout:/usr/bin/ceph: stderr
2026-02-19T22:44:18.307+0000 7fbaa631d640 1 -- --> [v2:10.20.193.15:3300/0,v1:10.20.193.15:6789/0] -- mon_getmap magic: 0 -- 0x7fbaa010e8f0 con 0x7fbaa007ee70
2026-02-19T22:44:21.653 INFO:teuthology.orchestra.run.trial015.stdout:/usr/bin/ceph: stderr
2026-02-19T22:44:18.307+0000 7fba9ffff640 1 --2- >> [v2:10.20.193.15:3300/0,v1:10.20.193.15:6789/0] conn(0x7fbaa007ee70 0x7fbaa01a03e0 unknown :-1 s=BANNER_CONNECTING pgs=0 cs=0 l=1 rev1=0 crypto rx=0 tx=0 comp rx=0 tx=0)._handle_peer_banner_payload supported=3 required=0
2026-02-19T22:44:21.653 INFO:teuthology.orchestra.run.trial015.stdout:/usr/bin/ceph: stderr
2026-02-19T22:44:18.307+0000 7fba9ffff640 1 --2- >> [v2:10.20.193.15:3300/0,v1:10.20.193.15:6789/0] conn(0x7fbaa007ee70 0x7fbaa01a03e0 unknown :-1 s=HELLO_CONNECTING pgs=0 cs=0 l=1 rev1=1 crypto rx=0 tx=0 comp rx=0 tx=0).handle_hello peer v2:10.20.193.15:3300/0 says I am v2:10.20.193.15:50994/0 (socket says 10.20.193.15:50994)
2026-02-19T22:44:21.653 INFO:teuthology.orchestra.run.trial015.stdout:/usr/bin/ceph: stderr
2026-02-19T22:44:18.307+0000 7fba9ffff640 1 -- 10.20.193.15:0/2316598949 learned_addr learned my addr 10.20.193.15:0/2316598949 (peer_addr_for_me v2:10.20.193.15:0/0)
2026-02-19T22:44:21.653 INFO:teuthology.orchestra.run.trial015.stdout:/usr/bin/ceph: stderr
2026-02-19T22:44:18.307+0000 7fba9ffff640 1 -- 10.20.193.15:0/2316598949 --> [v2:10.20.193.15:3300/0,v1:10.20.193.15:6789/0] -- mon_subscribe({config=0+,monmap=0+}) -- 0x7fbaa01a0920 con 0x7fbaa007ee70
2026-02-19T22:44:21.653 INFO:teuthology.orchestra.run.trial015.stdout:/usr/bin/ceph: stderr
2026-02-19T22:44:18.307+0000 7fba9ffff640 1 --2- 10.20.193.15:0/2316598949 >> [v2:10.20.193.15:3300/0,v1:10.20.193.15:6789/0] conn(0x7fbaa007ee70 0x7fbaa01a03e0 secure :-1 s=READY pgs=60 cs=0 l=1 rev1=1 crypto rx=0x7fba8c039000 tx=0x7fba8c037820 comp rx=0 tx=0).ready entity=mon.0 client_cookie=0 server_cookie=0 in_seq=0 out_seq=0
2026-02-19T22:44:21.653 INFO:teuthology.orchestra.run.trial015.stdout:/usr/bin/ceph: stderr
2026-02-19T22:44:18.308+0000 7fba9d7fa640 1 -- 10.20.193.15:0/2316598949 <== mon.0 v2:10.20.193.15:3300/0 1 ==== mon_map magic: 0 ==== 205+0+0 (secure 0 0 0) 0x7fba8c047070 con 0x7fbaa007ee70
2026-02-19T22:44:21.653 INFO:teuthology.orchestra.run.trial015.stdout:/usr/bin/ceph: stderr
2026-02-19T22:44:18.308+0000 7fbaa631d640 1 -- 10.20.193.15:0/2316598949 --> [v2:10.20.193.15:3300/0,v1:10.20.193.15:6789/0] -- mon_subscribe({mgrmap=0+}) -- 0x7fbaa01a0bb0 con 0x7fbaa007ee70
2026-02-19T22:44:21.653 INFO:teuthology.orchestra.run.trial015.stdout:/usr/bin/ceph: stderr
2026-02-19T22:44:18.308+0000 7fba9d7fa640 1 -- 10.20.193.15:0/2316598949 <== mon.0 v2:10.20.193.15:3300/0 2 ==== config(26 keys) ==== 1076+0+0 (secure 0 0 0) 0x7fba8c035df0 con 0x7fbaa007ee70
2026-02-19T22:44:21.653 INFO:teuthology.orchestra.run.trial015.stdout:/usr/bin/ceph: stderr
2026-02-19T22:44:18.308+0000 7fba9d7fa640 1 -- 10.20.193.15:0/2316598949 <== mon.0 v2:10.20.193.15:3300/0 3 ==== mon_map magic: 0 ==== 205+0+0 (secure 0 0 0) 0x7fba8c03c070 con 0x7fbaa007ee70
2026-02-19T22:44:21.653 INFO:teuthology.orchestra.run.trial015.stdout:/usr/bin/ceph: stderr
2026-02-19T22:44:18.308+0000 7fbaa631d640 1 -- 10.20.193.15:0/2316598949 --> [v2:10.20.193.15:3300/0,v1:10.20.193.15:6789/0] -- mon_subscribe({osdmap=0}) -- 0x7fbaa01a38a0 con 0x7fbaa007ee70
2026-02-19T22:44:21.654 INFO:teuthology.orchestra.run.trial015.stdout:/usr/bin/ceph: stderr
2026-02-19T22:44:18.308+0000 7fba9d7fa640 1 -- 10.20.193.15:0/2316598949 <== mon.0 v2:10.20.193.15:3300/0 4 ==== mgrmap(e 9) ==== 50260+0+0 (secure 0 0 0) 0x7fba8c042640 con 0x7fbaa007ee70
2026-02-19T22:44:21.654 INFO:teuthology.orchestra.run.trial015.stdout:/usr/bin/ceph: stderr
2026-02-19T22:44:18.308+0000 7fba9d7fa640 1 --2- 10.20.193.15:0/2316598949 >> [v2:10.20.193.15:6800/3149311537,v1:10.20.193.15:6801/3149311537] conn(0x7fba7403dc40 0x7fba74040100 unknown :-1 s=NONE pgs=0 cs=0 l=1 rev1=0 crypto rx=0 tx=0 comp rx=0 tx=0).connect
2026-02-19T22:44:21.654 INFO:teuthology.orchestra.run.trial015.stdout:/usr/bin/ceph: stderr
2026-02-19T22:44:18.308+0000 7fba9d7fa640 1 -- 10.20.193.15:0/2316598949 --> [v2:10.20.193.15:6800/3149311537,v1:10.20.193.15:6801/3149311537] -- command(tid 0: {"prefix": "get_command_descriptions"}) -- 0x7fba74040810 con 0x7fba7403dc40
2026-02-19T22:44:21.654 INFO:teuthology.orchestra.run.trial015.stdout:/usr/bin/ceph: stderr
2026-02-19T22:44:18.308+0000 7fba9f7fe640 1 -- 10.20.193.15:0/2316598949 >> [v2:10.20.193.15:6800/3149311537,v1:10.20.193.15:6801/3149311537] conn(0x7fba7403dc40 msgr2=0x7fba74040100 unknown :-1 s=STATE_CONNECTING_RE l=1).process reconnect failed to v2:10.20.193.15:6800/3149311537
2026-02-19T22:44:21.654 INFO:teuthology.orchestra.run.trial015.stdout:/usr/bin/ceph: stderr
2026-02-19T22:44:18.308+0000 7fba9d7fa640 1 -- 10.20.193.15:0/2316598949 <== mon.0 v2:10.20.193.15:3300/0 5 ==== osd_map(2..2 src has 1..2) ==== 940+0+0 (secure 0 0 0) 0x7fba8c076990 con 0x7fbaa007ee70
2026-02-19T22:44:21.654 INFO:teuthology.orchestra.run.trial015.stdout:/usr/bin/ceph: stderr
2026-02-19T22:44:18.308+0000 7fba9f7fe640 1 --2- 10.20.193.15:0/2316598949 >> [v2:10.20.193.15:6800/3149311537,v1:10.20.193.15:6801/3149311537] conn(0x7fba7403dc40 0x7fba74040100 unknown :-1 s=START_CONNECT pgs=0 cs=0 l=1 rev1=0 crypto rx=0 tx=0 comp rx=0 tx=0)._fault waiting 0.200000
2026-02-19T22:44:21.654 INFO:teuthology.orchestra.run.trial015.stdout:/usr/bin/ceph: stderr
2026-02-19T22:44:18.509+0000 7fba9f7fe640 1 -- 10.20.193.15:0/2316598949 >> [v2:10.20.193.15:6800/3149311537,v1:10.20.193.15:6801/3149311537] conn(0x7fba7403dc40 msgr2=0x7fba74040100 unknown :-1 s=STATE_CONNECTING_RE l=1).process reconnect failed to v2:10.20.193.15:6800/3149311537
2026-02-19T22:44:21.654 INFO:teuthology.orchestra.run.trial015.stdout:/usr/bin/ceph: stderr
2026-02-19T22:44:18.509+0000 7fba9f7fe640 1 --2- 10.20.193.15:0/2316598949 >> [v2:10.20.193.15:6800/3149311537,v1:10.20.193.15:6801/3149311537] conn(0x7fba7403dc40 0x7fba74040100 unknown :-1 s=START_CONNECT pgs=0 cs=0 l=1 rev1=0 crypto rx=0 tx=0 comp rx=0 tx=0)._fault waiting 0.400000
2026-02-19T22:44:21.654 INFO:teuthology.orchestra.run.trial015.stdout:/usr/bin/ceph: stderr
2026-02-19T22:44:18.910+0000 7fba9f7fe640 1 -- 10.20.193.15:0/2316598949 >> [v2:10.20.193.15:6800/3149311537,v1:10.20.193.15:6801/3149311537] conn(0x7fba7403dc40 msgr2=0x7fba74040100 unknown :-1 s=STATE_CONNECTING_RE l=1).process reconnect failed to v2:10.20.193.15:6800/3149311537
2026-02-19T22:44:21.654 INFO:teuthology.orchestra.run.trial015.stdout:/usr/bin/ceph: stderr
2026-02-19T22:44:18.910+0000 7fba9f7fe640 1 --2- 10.20.193.15:0/2316598949 >> [v2:10.20.193.15:6800/3149311537,v1:10.20.193.15:6801/3149311537] conn(0x7fba7403dc40 0x7fba74040100 unknown :-1 s=START_CONNECT pgs=0 cs=0 l=1 rev1=0 crypto rx=0 tx=0 comp rx=0 tx=0)._fault waiting 0.800000
2026-02-19T22:44:21.654 INFO:teuthology.orchestra.run.trial015.stdout:/usr/bin/ceph: stderr
2026-02-19T22:44:19.711+0000 7fba9f7fe640 1 -- 10.20.193.15:0/2316598949 >> [v2:10.20.193.15:6800/3149311537,v1:10.20.193.15:6801/3149311537] conn(0x7fba7403dc40 msgr2=0x7fba74040100 unknown :-1 s=STATE_CONNECTING_RE l=1).process reconnect failed to v2:10.20.193.15:6800/3149311537
2026-02-19T22:44:21.655 INFO:teuthology.orchestra.run.trial015.stdout:/usr/bin/ceph: stderr
2026-02-19T22:44:19.711+0000 7fba9f7fe640 1 --2- 10.20.193.15:0/2316598949 >> [v2:10.20.193.15:6800/3149311537,v1:10.20.193.15:6801/3149311537] conn(0x7fba7403dc40 0x7fba74040100 unknown :-1 s=START_CONNECT pgs=0 cs=0 l=1 rev1=0 crypto rx=0 tx=0 comp rx=0 tx=0)._fault waiting 1.600000
2026-02-19T22:44:21.655 INFO:teuthology.orchestra.run.trial015.stdout:/usr/bin/ceph: stderr
2026-02-19T22:44:20.605+0000 7fba9d7fa640 1 -- 10.20.193.15:0/2316598949 <== mon.0 v2:10.20.193.15:3300/0 6 ==== mgrmap(e 10) ==== 50027+0+0 (secure 0 0 0) 0x7fba8c075790 con 0x7fbaa007ee70
2026-02-19T22:44:21.655 INFO:teuthology.orchestra.run.trial015.stdout:/usr/bin/ceph: stderr
2026-02-19T22:44:20.605+0000 7fba9d7fa640 1 -- 10.20.193.15:0/2316598949 >> [v2:10.20.193.15:6800/3149311537,v1:10.20.193.15:6801/3149311537] conn(0x7fba7403dc40 msgr2=0x7fba74040100 unknown :-1 s=STATE_CONNECTING l=1).mark_down
2026-02-19T22:44:21.655 INFO:teuthology.orchestra.run.trial015.stdout:/usr/bin/ceph: stderr
2026-02-19T22:44:20.605+0000 7fba9d7fa640 1 --2- 10.20.193.15:0/2316598949 >> [v2:10.20.193.15:6800/3149311537,v1:10.20.193.15:6801/3149311537] conn(0x7fba7403dc40 0x7fba74040100 unknown :-1 s=START_CONNECT pgs=0 cs=0 l=1 rev1=0 crypto rx=0 tx=0 comp rx=0 tx=0).stop
2026-02-19T22:44:21.655 INFO:teuthology.orchestra.run.trial015.stdout:/usr/bin/ceph: stderr
2026-02-19T22:44:21.607+0000 7fba9d7fa640 1 -- 10.20.193.15:0/2316598949 <== mon.0 v2:10.20.193.15:3300/0 7 ==== mgrmap(e 11) ==== 50154+0+0 (secure 0 0 0) 0x7fba8c0363a0 con 0x7fbaa007ee70
2026-02-19T22:44:21.655 INFO:teuthology.orchestra.run.trial015.stdout:/usr/bin/ceph: stderr
2026-02-19T22:44:21.607+0000 7fba9d7fa640 1 --2- 10.20.193.15:0/2316598949 >> [v2:10.20.193.15:6800/3385378498,v1:10.20.193.15:6801/3385378498] conn(0x7fba74041720 0x7fba74043b10 unknown :-1 s=NONE pgs=0 cs=0 l=1 rev1=0 crypto rx=0 tx=0 comp rx=0 tx=0).connect
2026-02-19T22:44:21.655 INFO:teuthology.orchestra.run.trial015.stdout:/usr/bin/ceph: stderr
2026-02-19T22:44:21.607+0000 7fba9d7fa640 1 -- 10.20.193.15:0/2316598949 --> [v2:10.20.193.15:6800/3385378498,v1:10.20.193.15:6801/3385378498] -- command(tid 0: {"prefix": "get_command_descriptions"}) -- 0x7fba8c007e50 con 0x7fba74041720
2026-02-19T22:44:21.655 INFO:teuthology.orchestra.run.trial015.stdout:/usr/bin/ceph: stderr
2026-02-19T22:44:21.608+0000 7fba9f7fe640 1 --2- 10.20.193.15:0/2316598949 >> [v2:10.20.193.15:6800/3385378498,v1:10.20.193.15:6801/3385378498] conn(0x7fba74041720 0x7fba74043b10 unknown :-1 s=BANNER_CONNECTING pgs=0 cs=0 l=1 rev1=0 crypto rx=0 tx=0 comp rx=0 tx=0)._handle_peer_banner_payload supported=3 required=0
2026-02-19T22:44:21.655 INFO:teuthology.orchestra.run.trial015.stdout:/usr/bin/ceph: stderr
2026-02-19T22:44:21.608+0000 7fba9f7fe640 1 --2- 10.20.193.15:0/2316598949 >> [v2:10.20.193.15:6800/3385378498,v1:10.20.193.15:6801/3385378498] conn(0x7fba74041720 0x7fba74043b10 secure :-1 s=READY pgs=1 cs=0 l=1 rev1=1 crypto rx=0x7fba90003a80 tx=0x7fba900092b0 comp rx=0 tx=0).ready entity=mgr.14150 client_cookie=0 server_cookie=0 in_seq=0 out_seq=0
2026-02-19T22:44:21.655 INFO:teuthology.orchestra.run.trial015.stdout:/usr/bin/ceph: stderr
2026-02-19T22:44:21.608+0000 7fba9d7fa640 1 -- 10.20.193.15:0/2316598949 <== mgr.14150 v2:10.20.193.15:6800/3385378498 1 ==== command_reply(tid 0: 0 ) ==== 8+0+8901 (secure 0 0 0) 0x7fba8c007e50 con 0x7fba74041720
2026-02-19T22:44:21.655 INFO:teuthology.orchestra.run.trial015.stdout:/usr/bin/ceph: stderr
2026-02-19T22:44:21.612+0000 7fbaa631d640 1 -- 10.20.193.15:0/2316598949 --> [v2:10.20.193.15:6800/3385378498,v1:10.20.193.15:6801/3385378498] -- command(tid 1: {"prefix": "mgr_status"}) -- 0x7fbaa007d350 con 0x7fba74041720
2026-02-19T22:44:21.655 INFO:teuthology.orchestra.run.trial015.stdout:/usr/bin/ceph: stderr
2026-02-19T22:44:21.612+0000 7fba9d7fa640 1 -- 10.20.193.15:0/2316598949 <== mgr.14150 v2:10.20.193.15:6800/3385378498 2 ==== command_reply(tid 1: 0 ) ==== 8+0+52 (secure 0 0 0) 0x7fbaa007d350 con 0x7fba74041720
2026-02-19T22:44:21.656 INFO:teuthology.orchestra.run.trial015.stdout:/usr/bin/ceph: stderr
2026-02-19T22:44:21.612+0000 7fbaa631d640 1 -- 10.20.193.15:0/2316598949 >> [v2:10.20.193.15:6800/3385378498,v1:10.20.193.15:6801/3385378498] conn(0x7fba74041720 msgr2=0x7fba74043b10 secure :-1 s=STATE_CONNECTION_ESTABLISHED l=1).mark_down
2026-02-19T22:44:21.656 INFO:teuthology.orchestra.run.trial015.stdout:/usr/bin/ceph: stderr
2026-02-19T22:44:21.612+0000 7fbaa631d640 1 --2- 10.20.193.15:0/2316598949 >> [v2:10.20.193.15:6800/3385378498,v1:10.20.193.15:6801/3385378498] conn(0x7fba74041720 0x7fba74043b10 secure :-1 s=READY pgs=1 cs=0 l=1 rev1=1 crypto rx=0x7fba90003a80 tx=0x7fba900092b0 comp rx=0 tx=0).stop
2026-02-19T22:44:21.656 INFO:teuthology.orchestra.run.trial015.stdout:/usr/bin/ceph: stderr
2026-02-19T22:44:21.612+0000 7fbaa631d640 1 -- 10.20.193.15:0/2316598949 >> [v2:10.20.193.15:3300/0,v1:10.20.193.15:6789/0] conn(0x7fbaa007ee70 msgr2=0x7fbaa01a03e0 secure :-1 s=STATE_CONNECTION_ESTABLISHED l=1).mark_down
2026-02-19T22:44:21.656 INFO:teuthology.orchestra.run.trial015.stdout:/usr/bin/ceph: stderr
2026-02-19T22:44:21.612+0000 7fbaa631d640 1 --2- 10.20.193.15:0/2316598949 >> [v2:10.20.193.15:3300/0,v1:10.20.193.15:6789/0] conn(0x7fbaa007ee70 0x7fbaa01a03e0 secure :-1 s=READY pgs=60 cs=0 l=1 rev1=1 crypto rx=0x7fba8c039000 tx=0x7fba8c037820 comp rx=0 tx=0).stop
2026-02-19T22:44:21.656 INFO:teuthology.orchestra.run.trial015.stdout:/usr/bin/ceph: stderr
2026-02-19T22:44:21.612+0000 7fbaa631d640 1 -- 10.20.193.15:0/2316598949 shutdown_connections
2026-02-19T22:44:21.656 INFO:teuthology.orchestra.run.trial015.stdout:/usr/bin/ceph: stderr
2026-02-19T22:44:21.612+0000 7fbaa631d640 1 --2- 10.20.193.15:0/2316598949 >> [v2:10.20.193.15:6800/3149311537,v1:10.20.193.15:6801/3149311537] conn(0x7fba7403dc40 0x7fba74040100 unknown :-1 s=CLOSED pgs=0 cs=0 l=1 rev1=0 crypto rx=0 tx=0 comp rx=0 tx=0).stop
2026-02-19T22:44:21.656 INFO:teuthology.orchestra.run.trial015.stdout:/usr/bin/ceph: stderr
2026-02-19T22:44:21.612+0000 7fbaa631d640 1 --2- 10.20.193.15:0/2316598949 >> [v2:10.20.193.15:6800/3385378498,v1:10.20.193.15:6801/3385378498] conn(0x7fba74041720 0x7fba74043b10 unknown :-1 s=CLOSED pgs=1 cs=0 l=1 rev1=1 crypto rx=0 tx=0 comp rx=0 tx=0).stop
2026-02-19T22:44:21.656 INFO:teuthology.orchestra.run.trial015.stdout:/usr/bin/ceph: stderr
2026-02-19T22:44:21.612+0000 7fbaa631d640 1 --2- 10.20.193.15:0/2316598949 >> [v2:10.20.193.15:3300/0,v1:10.20.193.15:6789/0] conn(0x7fbaa007ee70 0x7fbaa01a03e0 unknown :-1 s=CLOSED pgs=60 cs=0 l=1 rev1=1 crypto rx=0 tx=0 comp rx=0 tx=0).stop
2026-02-19T22:44:21.656 INFO:teuthology.orchestra.run.trial015.stdout:/usr/bin/ceph: stderr
2026-02-19T22:44:21.612+0000 7fbaa631d640 1 -- 10.20.193.15:0/2316598949 >> 10.20.193.15:0/2316598949 conn(0x7fbaa0103a40 msgr2=0x7fbaa0104640 unknown :-1 s=STATE_NONE l=0).mark_down
2026-02-19T22:44:21.656 INFO:teuthology.orchestra.run.trial015.stdout:/usr/bin/ceph: stderr
2026-02-19T22:44:21.612+0000 7fbaa631d640 1 -- 10.20.193.15:0/2316598949 shutdown_connections
2026-02-19T22:44:21.656 INFO:teuthology.orchestra.run.trial015.stdout:/usr/bin/ceph: stderr
2026-02-19T22:44:21.612+0000 7fbaa631d640 1 -- 10.20.193.15:0/2316598949 wait complete.
2026-02-19T22:44:21.656 INFO:teuthology.orchestra.run.trial015.stdout:mgr epoch 9 is available
2026-02-19T22:44:21.657 INFO:teuthology.orchestra.run.trial015.stdout:Generating a dashboard self-signed certificate...
2026-02-19T22:44:21.919 INFO:teuthology.orchestra.run.trial015.stdout:/usr/bin/ceph: stdout Self-signed certificate created
2026-02-19T22:44:21.920 INFO:teuthology.orchestra.run.trial015.stdout:/usr/bin/ceph: stderr
2026-02-19T22:44:21.733+0000 7fd523013640 1 Processor -- start
2026-02-19T22:44:21.920 INFO:teuthology.orchestra.run.trial015.stdout:/usr/bin/ceph: stderr
2026-02-19T22:44:21.733+0000 7fd523013640 1 -- start start
2026-02-19T22:44:21.920 INFO:teuthology.orchestra.run.trial015.stdout:/usr/bin/ceph: stderr
2026-02-19T22:44:21.733+0000 7fd523013640 1 --2- >> [v2:10.20.193.15:3300/0,v1:10.20.193.15:6789/0] conn(0x7fd51c10a9e0 0x7fd51c10ade0 unknown :-1 s=NONE pgs=0 cs=0 l=0 rev1=0 crypto rx=0 tx=0 comp rx=0 tx=0).connect
2026-02-19T22:44:21.920 INFO:teuthology.orchestra.run.trial015.stdout:/usr/bin/ceph: stderr
2026-02-19T22:44:21.733+0000 7fd523013640 1 -- --> [v2:10.20.193.15:3300/0,v1:10.20.193.15:6789/0] -- mon_getmap magic: 0 -- 0x7fd51c10b3b0 con 0x7fd51c10a9e0
2026-02-19T22:44:21.920 INFO:teuthology.orchestra.run.trial015.stdout:/usr/bin/ceph: stderr
2026-02-19T22:44:21.734+0000 7fd520d88640 1 --2- >> [v2:10.20.193.15:3300/0,v1:10.20.193.15:6789/0] conn(0x7fd51c10a9e0 0x7fd51c10ade0 unknown :-1 s=BANNER_CONNECTING pgs=0 cs=0 l=0 rev1=0 crypto rx=0 tx=0 comp rx=0 tx=0)._handle_peer_banner_payload supported=3 required=0
2026-02-19T22:44:21.920 INFO:teuthology.orchestra.run.trial015.stdout:/usr/bin/ceph: stderr
2026-02-19T22:44:21.734+0000 7fd520d88640 1 --2- >> [v2:10.20.193.15:3300/0,v1:10.20.193.15:6789/0] conn(0x7fd51c10a9e0 0x7fd51c10ade0 unknown :-1 s=HELLO_CONNECTING pgs=0 cs=0 l=0 rev1=1 crypto rx=0 tx=0 comp rx=0 tx=0).handle_hello peer v2:10.20.193.15:3300/0 says I am v2:10.20.193.15:51058/0 (socket says 10.20.193.15:51058)
2026-02-19T22:44:21.920 INFO:teuthology.orchestra.run.trial015.stdout:/usr/bin/ceph: stderr
2026-02-19T22:44:21.734+0000 7fd520d88640 1 -- 10.20.193.15:0/988585178 learned_addr learned my addr 10.20.193.15:0/988585178 (peer_addr_for_me v2:10.20.193.15:0/0)
2026-02-19T22:44:21.920 INFO:teuthology.orchestra.run.trial015.stdout:/usr/bin/ceph: stderr
2026-02-19T22:44:21.734+0000 7fd520d88640 1 -- 10.20.193.15:0/988585178 --> [v2:10.20.193.15:3300/0,v1:10.20.193.15:6789/0] -- mon_subscribe({config=0+,monmap=0+}) -- 0x7fd51c10b7a0 con 0x7fd51c10a9e0
2026-02-19T22:44:21.920 INFO:teuthology.orchestra.run.trial015.stdout:/usr/bin/ceph: stderr
2026-02-19T22:44:21.735+0000 7fd520d88640 1 --2- 10.20.193.15:0/988585178 >> [v2:10.20.193.15:3300/0,v1:10.20.193.15:6789/0] conn(0x7fd51c10a9e0 0x7fd51c10ade0 secure :-1 s=READY pgs=68 cs=0 l=1 rev1=1 crypto rx=0x7fd50c009920 tx=0x7fd50c02ef20 comp rx=0 tx=0).ready entity=mon.0 client_cookie=b63ef599e5e394a5 server_cookie=0 in_seq=0 out_seq=0
2026-02-19T22:44:21.921 INFO:teuthology.orchestra.run.trial015.stdout:/usr/bin/ceph: stderr
2026-02-19T22:44:21.735+0000 7fd5137fe640 1 -- 10.20.193.15:0/988585178 <== mon.0 v2:10.20.193.15:3300/0 1 ==== mon_map magic: 0 ==== 205+0+0 (secure 0 0 0) 0x7fd50c03c070 con 0x7fd51c10a9e0
2026-02-19T22:44:21.921 INFO:teuthology.orchestra.run.trial015.stdout:/usr/bin/ceph: stderr
2026-02-19T22:44:21.735+0000 7fd5137fe640 1 -- 10.20.193.15:0/988585178 <== mon.0 v2:10.20.193.15:3300/0 2 ==== config(26 keys) ==== 1076+0+0 (secure 0 0 0) 0x7fd50c037440 con 0x7fd51c10a9e0
2026-02-19T22:44:21.921 INFO:teuthology.orchestra.run.trial015.stdout:/usr/bin/ceph: stderr
2026-02-19T22:44:21.735+0000 7fd5137fe640 1 -- 10.20.193.15:0/988585178 <== mon.0 v2:10.20.193.15:3300/0 3 ==== mon_map magic: 0 ==== 205+0+0 (secure 0 0 0) 0x7fd50c0354d0 con 0x7fd51c10a9e0
2026-02-19T22:44:21.921 INFO:teuthology.orchestra.run.trial015.stdout:/usr/bin/ceph: stderr
2026-02-19T22:44:21.735+0000 7fd523013640 1 -- 10.20.193.15:0/988585178 >> [v2:10.20.193.15:3300/0,v1:10.20.193.15:6789/0] conn(0x7fd51c10a9e0 msgr2=0x7fd51c10ade0 secure :-1 s=STATE_CONNECTION_ESTABLISHED l=1).mark_down
2026-02-19T22:44:21.921 INFO:teuthology.orchestra.run.trial015.stdout:/usr/bin/ceph: stderr
2026-02-19T22:44:21.735+0000 7fd523013640 1 --2- 10.20.193.15:0/988585178 >> [v2:10.20.193.15:3300/0,v1:10.20.193.15:6789/0] conn(0x7fd51c10a9e0 0x7fd51c10ade0 secure :-1 s=READY pgs=68 cs=0 l=1 rev1=1 crypto rx=0x7fd50c009920 tx=0x7fd50c02ef20 comp rx=0 tx=0).stop
2026-02-19T22:44:21.921 INFO:teuthology.orchestra.run.trial015.stdout:/usr/bin/ceph: stderr
2026-02-19T22:44:21.735+0000 7fd523013640 1 -- 10.20.193.15:0/988585178 shutdown_connections
2026-02-19T22:44:21.921 INFO:teuthology.orchestra.run.trial015.stdout:/usr/bin/ceph: stderr
2026-02-19T22:44:21.735+0000 7fd523013640 1 --2- 10.20.193.15:0/988585178 >> [v2:10.20.193.15:3300/0,v1:10.20.193.15:6789/0] conn(0x7fd51c10a9e0 0x7fd51c10ade0 unknown :-1 s=CLOSED pgs=68 cs=0 l=1 rev1=1 crypto rx=0 tx=0 comp rx=0 tx=0).stop
2026-02-19T22:44:21.921 INFO:teuthology.orchestra.run.trial015.stdout:/usr/bin/ceph: stderr
2026-02-19T22:44:21.735+0000 7fd523013640 1 -- 10.20.193.15:0/988585178 >> 10.20.193.15:0/988585178 conn(0x7fd51c07dae0 msgr2=0x7fd51c07def0 unknown :-1 s=STATE_NONE l=0).mark_down
2026-02-19T22:44:21.921 INFO:teuthology.orchestra.run.trial015.stdout:/usr/bin/ceph: stderr
2026-02-19T22:44:21.735+0000 7fd523013640 1 -- 10.20.193.15:0/988585178 shutdown_connections
2026-02-19T22:44:21.921 INFO:teuthology.orchestra.run.trial015.stdout:/usr/bin/ceph: stderr
2026-02-19T22:44:21.735+0000 7fd523013640 1 -- 10.20.193.15:0/988585178 wait complete.
2026-02-19T22:44:21.921 INFO:teuthology.orchestra.run.trial015.stdout:/usr/bin/ceph: stderr
2026-02-19T22:44:21.735+0000 7fd523013640 1 Processor -- start
2026-02-19T22:44:21.922 INFO:teuthology.orchestra.run.trial015.stdout:/usr/bin/ceph: stderr
2026-02-19T22:44:21.735+0000 7fd523013640 1 -- start start
2026-02-19T22:44:21.922 INFO:teuthology.orchestra.run.trial015.stdout:/usr/bin/ceph: stderr
2026-02-19T22:44:21.736+0000 7fd523013640 1 --2- >> [v2:10.20.193.15:3300/0,v1:10.20.193.15:6789/0] conn(0x7fd51c10a9e0 0x7fd51c1a03d0 unknown :-1 s=NONE pgs=0 cs=0 l=1 rev1=0 crypto rx=0 tx=0 comp rx=0 tx=0).connect
2026-02-19T22:44:21.922 INFO:teuthology.orchestra.run.trial015.stdout:/usr/bin/ceph: stderr
2026-02-19T22:44:21.736+0000 7fd523013640 1 -- --> [v2:10.20.193.15:3300/0,v1:10.20.193.15:6789/0] -- mon_getmap magic: 0 -- 0x7fd51c10eb50 con 0x7fd51c10a9e0
2026-02-19T22:44:21.922 INFO:teuthology.orchestra.run.trial015.stdout:/usr/bin/ceph: stderr
2026-02-19T22:44:21.736+0000 7fd520d88640 1 --2- >> [v2:10.20.193.15:3300/0,v1:10.20.193.15:6789/0] conn(0x7fd51c10a9e0 0x7fd51c1a03d0 unknown :-1 s=BANNER_CONNECTING pgs=0 cs=0 l=1 rev1=0 crypto rx=0 tx=0 comp rx=0 tx=0)._handle_peer_banner_payload supported=3 required=0
2026-02-19T22:44:21.922 INFO:teuthology.orchestra.run.trial015.stdout:/usr/bin/ceph: stderr
2026-02-19T22:44:21.736+0000 7fd520d88640 1 --2- >> [v2:10.20.193.15:3300/0,v1:10.20.193.15:6789/0] conn(0x7fd51c10a9e0 0x7fd51c1a03d0 unknown :-1 s=HELLO_CONNECTING pgs=0 cs=0 l=1 rev1=1 crypto rx=0 tx=0 comp rx=0 tx=0).handle_hello peer v2:10.20.193.15:3300/0 says I am v2:10.20.193.15:51072/0 (socket says 10.20.193.15:51072)
2026-02-19T22:44:21.922 INFO:teuthology.orchestra.run.trial015.stdout:/usr/bin/ceph: stderr
2026-02-19T22:44:21.736+0000 7fd520d88640 1 -- 10.20.193.15:0/3803056627 learned_addr learned my addr 10.20.193.15:0/3803056627 (peer_addr_for_me v2:10.20.193.15:0/0)
2026-02-19T22:44:21.922 INFO:teuthology.orchestra.run.trial015.stdout:/usr/bin/ceph: stderr
2026-02-19T22:44:21.736+0000 7fd520d88640 1 -- 10.20.193.15:0/3803056627 --> [v2:10.20.193.15:3300/0,v1:10.20.193.15:6789/0] -- mon_subscribe({config=0+,monmap=0+}) -- 0x7fd51c1a0910 con 0x7fd51c10a9e0
2026-02-19T22:44:21.922 INFO:teuthology.orchestra.run.trial015.stdout:/usr/bin/ceph: stderr
2026-02-19T22:44:21.736+0000 7fd520d88640 1 --2- 10.20.193.15:0/3803056627 >> [v2:10.20.193.15:3300/0,v1:10.20.193.15:6789/0] conn(0x7fd51c10a9e0 0x7fd51c1a03d0 secure :-1 s=READY pgs=69 cs=0 l=1 rev1=1 crypto rx=0x7fd50c002410 tx=0x7fd50c037820 comp rx=0 tx=0).ready entity=mon.0 client_cookie=0 server_cookie=0 in_seq=0 out_seq=0
2026-02-19T22:44:21.922 INFO:teuthology.orchestra.run.trial015.stdout:/usr/bin/ceph: stderr
2026-02-19T22:44:21.736+0000 7fd511ffb640 1 -- 10.20.193.15:0/3803056627 <== mon.0 v2:10.20.193.15:3300/0 1 ==== mon_map magic: 0 ==== 205+0+0 (secure 0 0 0) 0x7fd50c047070 con 0x7fd51c10a9e0
2026-02-19T22:44:21.922 INFO:teuthology.orchestra.run.trial015.stdout:/usr/bin/ceph: stderr
2026-02-19T22:44:21.736+0000 7fd511ffb640 1 -- 10.20.193.15:0/3803056627 <== mon.0 v2:10.20.193.15:3300/0 2 ==== config(26 keys) ==== 1076+0+0 (secure 0 0 0) 0x7fd50c035da0 con 0x7fd51c10a9e0
2026-02-19T22:44:21.922 INFO:teuthology.orchestra.run.trial015.stdout:/usr/bin/ceph: stderr
2026-02-19T22:44:21.736+0000 7fd523013640 1 -- 10.20.193.15:0/3803056627 --> [v2:10.20.193.15:3300/0,v1:10.20.193.15:6789/0] -- mon_subscribe({mgrmap=0+}) -- 0x7fd51c1a0ba0 con 0x7fd51c10a9e0
2026-02-19T22:44:21.922 INFO:teuthology.orchestra.run.trial015.stdout:/usr/bin/ceph: stderr
2026-02-19T22:44:21.736+0000 7fd511ffb640 1 -- 10.20.193.15:0/3803056627 <== mon.0 v2:10.20.193.15:3300/0 3 ==== mon_map magic: 0 ==== 205+0+0 (secure 0 0 0) 0x7fd50c03c070 con 0x7fd51c10a9e0
2026-02-19T22:44:21.923 INFO:teuthology.orchestra.run.trial015.stdout:/usr/bin/ceph: stderr
2026-02-19T22:44:21.736+0000 7fd523013640 1 -- 10.20.193.15:0/3803056627 --> [v2:10.20.193.15:3300/0,v1:10.20.193.15:6789/0] -- mon_subscribe({osdmap=0}) -- 0x7fd51c1a3890 con 0x7fd51c10a9e0
2026-02-19T22:44:21.923 INFO:teuthology.orchestra.run.trial015.stdout:/usr/bin/ceph: stderr
2026-02-19T22:44:21.737+0000 7fd523013640 1 -- 10.20.193.15:0/3803056627 --> [v2:10.20.193.15:3300/0,v1:10.20.193.15:6789/0] -- mon_command({"prefix": "get_command_descriptions"} v 0) -- 0x7fd51c10ae60 con 0x7fd51c10a9e0
2026-02-19T22:44:21.923 INFO:teuthology.orchestra.run.trial015.stdout:/usr/bin/ceph: stderr
2026-02-19T22:44:21.737+0000 7fd511ffb640 1 -- 10.20.193.15:0/3803056627 <== mon.0 v2:10.20.193.15:3300/0 4 ==== mgrmap(e 11) ==== 50154+0+0 (secure 0 0 0) 0x7fd50c042660 con 0x7fd51c10a9e0
2026-02-19T22:44:21.923 INFO:teuthology.orchestra.run.trial015.stdout:/usr/bin/ceph: stderr
2026-02-19T22:44:21.737+0000 7fd511ffb640 1 --2- 10.20.193.15:0/3803056627 >> [v2:10.20.193.15:6800/3385378498,v1:10.20.193.15:6801/3385378498] conn(0x7fd4f803db20 0x7fd4f803ffe0 unknown :-1 s=NONE pgs=0 cs=0 l=1 rev1=0 crypto rx=0 tx=0 comp rx=0 tx=0).connect
2026-02-19T22:44:21.923 INFO:teuthology.orchestra.run.trial015.stdout:/usr/bin/ceph: stderr
2026-02-19T22:44:21.737+0000 7fd511ffb640 1 -- 10.20.193.15:0/3803056627 <== mon.0 v2:10.20.193.15:3300/0 5 ==== osd_map(3..3 src has 1..3) ==== 1155+0+0 (secure 0 0 0) 0x7fd50c076b40 con 0x7fd51c10a9e0
2026-02-19T22:44:21.923 INFO:teuthology.orchestra.run.trial015.stdout:/usr/bin/ceph: stderr
2026-02-19T22:44:21.737+0000 7fd513fff640 1 --2- 10.20.193.15:0/3803056627 >> [v2:10.20.193.15:6800/3385378498,v1:10.20.193.15:6801/3385378498] conn(0x7fd4f803db20 0x7fd4f803ffe0 unknown :-1 s=BANNER_CONNECTING pgs=0 cs=0 l=1 rev1=0 crypto rx=0 tx=0 comp rx=0 tx=0)._handle_peer_banner_payload supported=3 required=0
2026-02-19T22:44:21.923 INFO:teuthology.orchestra.run.trial015.stdout:/usr/bin/ceph: stderr
2026-02-19T22:44:21.737+0000 7fd513fff640 1 --2- 10.20.193.15:0/3803056627 >> [v2:10.20.193.15:6800/3385378498,v1:10.20.193.15:6801/3385378498] conn(0x7fd4f803db20 0x7fd4f803ffe0 secure :-1 s=READY pgs=7 cs=0 l=1 rev1=1 crypto rx=0x7fd5040099c0 tx=0x7fd504006eb0 comp rx=0 tx=0).ready entity=mgr.14150 client_cookie=0 server_cookie=0 in_seq=0 out_seq=0
2026-02-19T22:44:21.923 INFO:teuthology.orchestra.run.trial015.stdout:/usr/bin/ceph: stderr
2026-02-19T22:44:21.739+0000 7fd511ffb640 1 -- 10.20.193.15:0/3803056627 <== mon.0 v2:10.20.193.15:3300/0 6 ==== mon_command_ack([{"prefix": "get_command_descriptions"}]=0 v0) ==== 72+0+195034 (secure 0 0 0) 0x7fd50c0342a0 con 0x7fd51c10a9e0
2026-02-19T22:44:21.923 INFO:teuthology.orchestra.run.trial015.stdout:/usr/bin/ceph: stderr
2026-02-19T22:44:21.827+0000 7fd523013640 1 -- 10.20.193.15:0/3803056627 --> [v2:10.20.193.15:6800/3385378498,v1:10.20.193.15:6801/3385378498] -- mgr_command(tid 0: {"prefix": "dashboard create-self-signed-cert", "target": ["mon-mgr", ""]}) -- 0x7fd51c108d20 con 0x7fd4f803db20
2026-02-19T22:44:21.923 INFO:teuthology.orchestra.run.trial015.stdout:/usr/bin/ceph: stderr
2026-02-19T22:44:21.891+0000 7fd511ffb640 1 -- 10.20.193.15:0/3803056627 <== mgr.14150 v2:10.20.193.15:6800/3385378498 1 ==== mgr_command_reply(tid 0: 0 ) ==== 8+0+32 (secure 0 0 0) 0x7fd51c108d20 con 0x7fd4f803db20
2026-02-19T22:44:21.923 INFO:teuthology.orchestra.run.trial015.stdout:/usr/bin/ceph: stderr
2026-02-19T22:44:21.893+0000 7fd523013640 1 -- 10.20.193.15:0/3803056627 >> [v2:10.20.193.15:6800/3385378498,v1:10.20.193.15:6801/3385378498] conn(0x7fd4f803db20 msgr2=0x7fd4f803ffe0 secure :-1 s=STATE_CONNECTION_ESTABLISHED l=1).mark_down
2026-02-19T22:44:21.923 INFO:teuthology.orchestra.run.trial015.stdout:/usr/bin/ceph: stderr
2026-02-19T22:44:21.893+0000 7fd523013640 1 --2- 10.20.193.15:0/3803056627 >> [v2:10.20.193.15:6800/3385378498,v1:10.20.193.15:6801/3385378498] conn(0x7fd4f803db20 0x7fd4f803ffe0 secure :-1 s=READY pgs=7 cs=0 l=1 rev1=1 crypto rx=0x7fd5040099c0 tx=0x7fd504006eb0 comp rx=0 tx=0).stop
2026-02-19T22:44:21.924 INFO:teuthology.orchestra.run.trial015.stdout:/usr/bin/ceph: stderr
2026-02-19T22:44:21.893+0000 7fd523013640 1 -- 10.20.193.15:0/3803056627 >> [v2:10.20.193.15:3300/0,v1:10.20.193.15:6789/0] conn(0x7fd51c10a9e0 msgr2=0x7fd51c1a03d0 secure :-1 s=STATE_CONNECTION_ESTABLISHED l=1).mark_down
2026-02-19T22:44:21.924 INFO:teuthology.orchestra.run.trial015.stdout:/usr/bin/ceph: stderr
2026-02-19T22:44:21.893+0000 7fd523013640 1 --2- 10.20.193.15:0/3803056627 >> [v2:10.20.193.15:3300/0,v1:10.20.193.15:6789/0] conn(0x7fd51c10a9e0 0x7fd51c1a03d0 secure :-1 s=READY pgs=69 cs=0 l=1 rev1=1 crypto rx=0x7fd50c002410 tx=0x7fd50c037820 comp rx=0 tx=0).stop
2026-02-19T22:44:21.924 INFO:teuthology.orchestra.run.trial015.stdout:/usr/bin/ceph: stderr
2026-02-19T22:44:21.893+0000 7fd523013640 1 -- 10.20.193.15:0/3803056627 shutdown_connections
2026-02-19T22:44:21.924 INFO:teuthology.orchestra.run.trial015.stdout:/usr/bin/ceph: stderr
2026-02-19T22:44:21.893+0000 7fd523013640 1 --2- 10.20.193.15:0/3803056627 >> [v2:10.20.193.15:6800/3385378498,v1:10.20.193.15:6801/3385378498] conn(0x7fd4f803db20 0x7fd4f803ffe0 unknown :-1 s=CLOSED pgs=7 cs=0 l=1 rev1=1 crypto rx=0 tx=0 comp rx=0 tx=0).stop
2026-02-19T22:44:21.924 INFO:teuthology.orchestra.run.trial015.stdout:/usr/bin/ceph: stderr
2026-02-19T22:44:21.893+0000 7fd523013640 1 --2- 10.20.193.15:0/3803056627 >> [v2:10.20.193.15:3300/0,v1:10.20.193.15:6789/0] conn(0x7fd51c10a9e0 0x7fd51c1a03d0 unknown :-1 s=CLOSED pgs=69 cs=0 l=1 rev1=1 crypto rx=0 tx=0 comp rx=0 tx=0).stop
2026-02-19T22:44:21.924 INFO:teuthology.orchestra.run.trial015.stdout:/usr/bin/ceph: stderr
2026-02-19T22:44:21.893+0000 7fd523013640 1 -- 10.20.193.15:0/3803056627 >> 10.20.193.15:0/3803056627 conn(0x7fd51c07dae0 msgr2=0x7fd51c108610 unknown :-1 s=STATE_NONE l=0).mark_down
2026-02-19T22:44:21.924 INFO:teuthology.orchestra.run.trial015.stdout:/usr/bin/ceph: stderr
2026-02-19T22:44:21.893+0000 7fd523013640 1 -- 10.20.193.15:0/3803056627 shutdown_connections
2026-02-19T22:44:21.924 INFO:teuthology.orchestra.run.trial015.stdout:/usr/bin/ceph: stderr
2026-02-19T22:44:21.893+0000 7fd523013640 1 -- 10.20.193.15:0/3803056627 wait complete.
2026-02-19T22:44:21.924 INFO:teuthology.orchestra.run.trial015.stdout:Creating initial admin user...
2026-02-19T22:44:22.241 INFO:journalctl@ceph.mon.a.trial015.stdout:Feb 19 22:44:22 trial015 ceph-mon[40845]: from='mgr.14150 10.20.193.15:0/699344637' entity='mgr.x'
2026-02-19T22:44:22.242 INFO:journalctl@ceph.mon.a.trial015.stdout:Feb 19 22:44:22 trial015 ceph-mon[40845]: [19/Feb/2026:22:44:21] ENGINE Bus STARTING
2026-02-19T22:44:22.242 INFO:journalctl@ceph.mon.a.trial015.stdout:Feb 19 22:44:22 trial015 ceph-mon[40845]: [19/Feb/2026:22:44:21] ENGINE Serving on http://10.20.193.15:8765
2026-02-19T22:44:22.242 INFO:journalctl@ceph.mon.a.trial015.stdout:Feb 19 22:44:22 trial015 ceph-mon[40845]: [19/Feb/2026:22:44:21] ENGINE Serving on https://10.20.193.15:7150
2026-02-19T22:44:22.242 INFO:journalctl@ceph.mon.a.trial015.stdout:Feb 19 22:44:22 trial015 ceph-mon[40845]: [19/Feb/2026:22:44:21] ENGINE Bus STARTED
2026-02-19T22:44:22.242 INFO:journalctl@ceph.mon.a.trial015.stdout:Feb 19 22:44:22 trial015 ceph-mon[40845]: [19/Feb/2026:22:44:21] ENGINE Client ('10.20.193.15', 60770) lost — peer dropped the TLS connection suddenly, during handshake: (6, 'TLS/SSL connection has been closed (EOF) (_ssl.c:1147)')
2026-02-19T22:44:22.242 INFO:journalctl@ceph.mon.a.trial015.stdout:Feb 19 22:44:22 trial015 ceph-mon[40845]: from='mgr.14150 10.20.193.15:0/699344637' entity='mgr.x'
2026-02-19T22:44:22.242 INFO:journalctl@ceph.mon.a.trial015.stdout:Feb 19 22:44:22 trial015 ceph-mon[40845]: from='client.14154 -' entity='client.admin' cmd=[{"prefix": "get_command_descriptions"}]: dispatch
2026-02-19T22:44:22.242 INFO:journalctl@ceph.mon.a.trial015.stdout:Feb 19 22:44:22 trial015 ceph-mon[40845]: mgrmap e11: x(active, since 1.00513s)
2026-02-19T22:44:22.242 INFO:journalctl@ceph.mon.a.trial015.stdout:Feb 19 22:44:22 trial015 ceph-mon[40845]: from='client.14154 -' entity='client.admin' cmd=[{"prefix": "mgr_status"}]: dispatch
2026-02-19T22:44:22.243 INFO:journalctl@ceph.mon.a.trial015.stdout:Feb 19 22:44:22 trial015 ceph-mon[40845]: from='client.14162 -' entity='client.admin' cmd=[{"prefix": "dashboard create-self-signed-cert", "target": ["mon-mgr", ""]}]: dispatch
2026-02-19T22:44:22.243 INFO:journalctl@ceph.mon.a.trial015.stdout:Feb 19 22:44:22 trial015 ceph-mon[40845]: from='mgr.14150 10.20.193.15:0/699344637' entity='mgr.x'
2026-02-19T22:44:22.243 INFO:journalctl@ceph.mon.a.trial015.stdout:Feb 19 22:44:22 trial015 ceph-mon[40845]: from='mgr.14150 10.20.193.15:0/699344637' entity='mgr.x'
2026-02-19T22:44:22.266 INFO:teuthology.orchestra.run.trial015.stdout:/usr/bin/ceph: stdout {"username": "admin", "password": "$2b$12$eMqQH4GYcrbzFo1UhbNivefWA1qUGAvU0LysC2cYOZAIW6qiDhIxK", "roles": ["administrator"], "name": null, "email": null, "lastUpdate": 1771541062, "enabled": true, "pwdExpirationDate": null, "pwdUpdateRequired": true}
2026-02-19T22:44:22.266 INFO:teuthology.orchestra.run.trial015.stdout:/usr/bin/ceph: stderr
2026-02-19T22:44:22.006+0000 7fb7d1460640 1 Processor -- start
2026-02-19T22:44:22.266 INFO:teuthology.orchestra.run.trial015.stdout:/usr/bin/ceph: stderr
2026-02-19T22:44:22.006+0000 7fb7d1460640 1 -- start start
2026-02-19T22:44:22.267 INFO:teuthology.orchestra.run.trial015.stdout:/usr/bin/ceph: stderr
2026-02-19T22:44:22.006+0000 7fb7d1460640 1 --2- >> [v2:10.20.193.15:3300/0,v1:10.20.193.15:6789/0] conn(0x7fb7cc10a9e0 0x7fb7cc10ade0 unknown :-1 s=NONE pgs=0 cs=0 l=0 rev1=0 crypto rx=0 tx=0 comp rx=0 tx=0).connect
2026-02-19T22:44:22.267 INFO:teuthology.orchestra.run.trial015.stdout:/usr/bin/ceph: stderr
2026-02-19T22:44:22.006+0000 7fb7d1460640 1 -- --> [v2:10.20.193.15:3300/0,v1:10.20.193.15:6789/0] -- mon_getmap magic: 0 -- 0x7fb7cc10b3b0 con 0x7fb7cc10a9e0
2026-02-19T22:44:22.267 INFO:teuthology.orchestra.run.trial015.stdout:/usr/bin/ceph: stderr
2026-02-19T22:44:22.006+0000 7fb7caffd640 1 --2- >> [v2:10.20.193.15:3300/0,v1:10.20.193.15:6789/0] conn(0x7fb7cc10a9e0 0x7fb7cc10ade0 unknown :-1 s=BANNER_CONNECTING pgs=0 cs=0 l=0 rev1=0 crypto rx=0 tx=0 comp rx=0 tx=0)._handle_peer_banner_payload supported=3 required=0
2026-02-19T22:44:22.267 INFO:teuthology.orchestra.run.trial015.stdout:/usr/bin/ceph: stderr
2026-02-19T22:44:22.007+0000 7fb7caffd640 1 --2- >> [v2:10.20.193.15:3300/0,v1:10.20.193.15:6789/0] conn(0x7fb7cc10a9e0 0x7fb7cc10ade0 unknown :-1 s=HELLO_CONNECTING pgs=0 cs=0 l=0 rev1=1 crypto rx=0 tx=0 comp rx=0 tx=0).handle_hello peer v2:10.20.193.15:3300/0 says I am v2:10.20.193.15:51084/0 (socket says 10.20.193.15:51084)
2026-02-19T22:44:22.267 INFO:teuthology.orchestra.run.trial015.stdout:/usr/bin/ceph: stderr
2026-02-19T22:44:22.007+0000 7fb7caffd640 1 -- 10.20.193.15:0/2433785688 learned_addr learned my addr 10.20.193.15:0/2433785688 (peer_addr_for_me v2:10.20.193.15:0/0)
2026-02-19T22:44:22.267 INFO:teuthology.orchestra.run.trial015.stdout:/usr/bin/ceph: stderr
2026-02-19T22:44:22.007+0000 7fb7caffd640 1 -- 10.20.193.15:0/2433785688 --> [v2:10.20.193.15:3300/0,v1:10.20.193.15:6789/0] -- mon_subscribe({config=0+,monmap=0+}) -- 0x7fb7cc10b7a0 con 0x7fb7cc10a9e0
2026-02-19T22:44:22.267 INFO:teuthology.orchestra.run.trial015.stdout:/usr/bin/ceph: stderr
2026-02-19T22:44:22.007+0000 7fb7caffd640 1 --2- 10.20.193.15:0/2433785688 >> [v2:10.20.193.15:3300/0,v1:10.20.193.15:6789/0] conn(0x7fb7cc10a9e0 0x7fb7cc10ade0 secure :-1 s=READY pgs=70 cs=0 l=1 rev1=1 crypto rx=0x7fb7c0009920 tx=0x7fb7c002ef20 comp rx=0 tx=0).ready entity=mon.0 client_cookie=567d7322b22f906f server_cookie=0 in_seq=0 out_seq=0
2026-02-19T22:44:22.267 INFO:teuthology.orchestra.run.trial015.stdout:/usr/bin/ceph: stderr
2026-02-19T22:44:22.007+0000 7fb7c9ffb640 1 -- 10.20.193.15:0/2433785688 <== mon.0 v2:10.20.193.15:3300/0 1 ==== mon_map magic: 0 ==== 205+0+0 (secure 0 0 0) 0x7fb7c003c070 con 0x7fb7cc10a9e0
2026-02-19T22:44:22.267 INFO:teuthology.orchestra.run.trial015.stdout:/usr/bin/ceph: stderr
2026-02-19T22:44:22.007+0000 7fb7c9ffb640 1 -- 10.20.193.15:0/2433785688 <== mon.0 v2:10.20.193.15:3300/0 2 ==== config(26 keys) ==== 1076+0+0 (secure 0 0 0) 0x7fb7c0037440 con 0x7fb7cc10a9e0
2026-02-19T22:44:22.267 INFO:teuthology.orchestra.run.trial015.stdout:/usr/bin/ceph: stderr
2026-02-19T22:44:22.007+0000 7fb7c9ffb640 1 -- 10.20.193.15:0/2433785688 <== mon.0 v2:10.20.193.15:3300/0 3 ==== mon_map magic: 0 ==== 205+0+0 (secure 0 0 0) 0x7fb7c00354d0 con 0x7fb7cc10a9e0
2026-02-19T22:44:22.268 INFO:teuthology.orchestra.run.trial015.stdout:/usr/bin/ceph: stderr
2026-02-19T22:44:22.007+0000 7fb7d1460640 1 -- 10.20.193.15:0/2433785688 >> [v2:10.20.193.15:3300/0,v1:10.20.193.15:6789/0] conn(0x7fb7cc10a9e0 msgr2=0x7fb7cc10ade0 secure :-1 s=STATE_CONNECTION_ESTABLISHED l=1).mark_down
2026-02-19T22:44:22.268 INFO:teuthology.orchestra.run.trial015.stdout:/usr/bin/ceph: stderr
2026-02-19T22:44:22.008+0000 7fb7d1460640 1 --2- 10.20.193.15:0/2433785688 >> [v2:10.20.193.15:3300/0,v1:10.20.193.15:6789/0] conn(0x7fb7cc10a9e0 0x7fb7cc10ade0 secure :-1 s=READY pgs=70 cs=0 l=1 rev1=1 crypto rx=0x7fb7c0009920 tx=0x7fb7c002ef20 comp rx=0 tx=0).stop
2026-02-19T22:44:22.268 INFO:teuthology.orchestra.run.trial015.stdout:/usr/bin/ceph: stderr
2026-02-19T22:44:22.008+0000 7fb7d1460640 1 -- 10.20.193.15:0/2433785688 shutdown_connections
2026-02-19T22:44:22.268 INFO:teuthology.orchestra.run.trial015.stdout:/usr/bin/ceph: stderr
2026-02-19T22:44:22.008+0000 7fb7d1460640 1 --2- 10.20.193.15:0/2433785688 >> [v2:10.20.193.15:3300/0,v1:10.20.193.15:6789/0] conn(0x7fb7cc10a9e0 0x7fb7cc10ade0 unknown :-1 s=CLOSED pgs=70 cs=0 l=1 rev1=1 crypto rx=0 tx=0 comp rx=0 tx=0).stop
2026-02-19T22:44:22.268 INFO:teuthology.orchestra.run.trial015.stdout:/usr/bin/ceph: stderr
