2026-02-19T22:44:08.926+0000 7ff66d469640 1 -- 10.20.193.15:0/1688899893 <== mon.0 v2:10.20.193.15:3300/0 1 ==== mon_map magic: 0 ==== 205+0+0 (secure 0 0 0) 0x7ff65803c070 con 0x7ff66810a9e0
2026-02-19T22:44:09.741 INFO:teuthology.orchestra.run.trial015.stdout:/usr/bin/ceph: stderr
2026-02-19T22:44:08.926+0000 7ff66d469640 1 -- 10.20.193.15:0/1688899893 <== mon.0 v2:10.20.193.15:3300/0 2 ==== config(26 keys) ==== 1045+0+0 (secure 0 0 0) 0x7ff658037440 con 0x7ff66810a9e0
2026-02-19T22:44:09.741 INFO:teuthology.orchestra.run.trial015.stdout:/usr/bin/ceph: stderr
2026-02-19T22:44:08.926+0000 7ff66d469640 1 -- 10.20.193.15:0/1688899893 <== mon.0 v2:10.20.193.15:3300/0 3 ==== mon_map magic: 0 ==== 205+0+0 (secure 0 0 0) 0x7ff6580354b0 con 0x7ff66810a9e0
2026-02-19T22:44:09.741 INFO:teuthology.orchestra.run.trial015.stdout:/usr/bin/ceph: stderr
2026-02-19T22:44:08.926+0000 7ff6706f6640 1 -- 10.20.193.15:0/1688899893 >> [v2:10.20.193.15:3300/0,v1:10.20.193.15:6789/0] conn(0x7ff66810a9e0 msgr2=0x7ff66810ade0 secure :-1 s=STATE_CONNECTION_ESTABLISHED l=1).mark_down
2026-02-19T22:44:09.741 INFO:teuthology.orchestra.run.trial015.stdout:/usr/bin/ceph: stderr
2026-02-19T22:44:08.926+0000 7ff6706f6640 1 --2- 10.20.193.15:0/1688899893 >> [v2:10.20.193.15:3300/0,v1:10.20.193.15:6789/0] conn(0x7ff66810a9e0 0x7ff66810ade0 secure :-1 s=READY pgs=20 cs=0 l=1 rev1=1 crypto rx=0x7ff658009920 tx=0x7ff65802ef20 comp rx=0 tx=0).stop
2026-02-19T22:44:09.741 INFO:teuthology.orchestra.run.trial015.stdout:/usr/bin/ceph: stderr
2026-02-19T22:44:08.926+0000 7ff6706f6640 1 -- 10.20.193.15:0/1688899893 shutdown_connections
2026-02-19T22:44:09.741 INFO:teuthology.orchestra.run.trial015.stdout:/usr/bin/ceph: stderr
2026-02-19T22:44:08.926+0000 7ff6706f6640 1 --2- 10.20.193.15:0/1688899893 >> [v2:10.20.193.15:3300/0,v1:10.20.193.15:6789/0] conn(0x7ff66810a9e0 0x7ff66810ade0 unknown :-1 s=CLOSED pgs=20 cs=0 l=1 rev1=1 crypto rx=0 tx=0 comp rx=0 tx=0).stop
2026-02-19T22:44:09.741 INFO:teuthology.orchestra.run.trial015.stdout:/usr/bin/ceph: stderr
2026-02-19T22:44:08.926+0000 7ff6706f6640 1 -- 10.20.193.15:0/1688899893 >> 10.20.193.15:0/1688899893 conn(0x7ff66807dae0 msgr2=0x7ff66807def0 unknown :-1 s=STATE_NONE l=0).mark_down
2026-02-19T22:44:09.741 INFO:teuthology.orchestra.run.trial015.stdout:/usr/bin/ceph: stderr
2026-02-19T22:44:08.927+0000 7ff6706f6640 1 -- 10.20.193.15:0/1688899893 shutdown_connections
2026-02-19T22:44:09.741 INFO:teuthology.orchestra.run.trial015.stdout:/usr/bin/ceph: stderr
2026-02-19T22:44:08.927+0000 7ff6706f6640 1 -- 10.20.193.15:0/1688899893 wait complete.
2026-02-19T22:44:09.742 INFO:teuthology.orchestra.run.trial015.stdout:/usr/bin/ceph: stderr
2026-02-19T22:44:08.927+0000 7ff6706f6640 1 Processor -- start
2026-02-19T22:44:09.742 INFO:teuthology.orchestra.run.trial015.stdout:/usr/bin/ceph: stderr
2026-02-19T22:44:08.927+0000 7ff6706f6640 1 -- start start
2026-02-19T22:44:09.742 INFO:teuthology.orchestra.run.trial015.stdout:/usr/bin/ceph: stderr
2026-02-19T22:44:08.927+0000 7ff6706f6640 1 --2- >> [v2:10.20.193.15:3300/0,v1:10.20.193.15:6789/0] conn(0x7ff66810a9e0 0x7ff6681a0400 unknown :-1 s=NONE pgs=0 cs=0 l=1 rev1=0 crypto rx=0 tx=0 comp rx=0 tx=0).connect
2026-02-19T22:44:09.742 INFO:teuthology.orchestra.run.trial015.stdout:/usr/bin/ceph: stderr
2026-02-19T22:44:08.927+0000 7ff6706f6640 1 -- --> [v2:10.20.193.15:3300/0,v1:10.20.193.15:6789/0] -- mon_getmap magic: 0 -- 0x7ff66810e9d0 con 0x7ff66810a9e0
2026-02-19T22:44:09.742 INFO:teuthology.orchestra.run.trial015.stdout:/usr/bin/ceph: stderr
2026-02-19T22:44:08.927+0000 7ff66e46b640 1 --2- >> [v2:10.20.193.15:3300/0,v1:10.20.193.15:6789/0] conn(0x7ff66810a9e0 0x7ff6681a0400 unknown :-1 s=BANNER_CONNECTING pgs=0 cs=0 l=1 rev1=0 crypto rx=0 tx=0 comp rx=0 tx=0)._handle_peer_banner_payload supported=3 required=0
2026-02-19T22:44:09.742 INFO:teuthology.orchestra.run.trial015.stdout:/usr/bin/ceph: stderr
2026-02-19T22:44:08.927+0000 7ff66e46b640 1 --2- >> [v2:10.20.193.15:3300/0,v1:10.20.193.15:6789/0] conn(0x7ff66810a9e0 0x7ff6681a0400 unknown :-1 s=HELLO_CONNECTING pgs=0 cs=0 l=1 rev1=1 crypto rx=0 tx=0 comp rx=0 tx=0).handle_hello peer v2:10.20.193.15:3300/0 says I am v2:10.20.193.15:56754/0 (socket says 10.20.193.15:56754)
2026-02-19T22:44:09.742 INFO:teuthology.orchestra.run.trial015.stdout:/usr/bin/ceph: stderr
2026-02-19T22:44:08.927+0000 7ff66e46b640 1 -- 10.20.193.15:0/106980816 learned_addr learned my addr 10.20.193.15:0/106980816 (peer_addr_for_me v2:10.20.193.15:0/0)
2026-02-19T22:44:09.742 INFO:teuthology.orchestra.run.trial015.stdout:/usr/bin/ceph: stderr
2026-02-19T22:44:08.927+0000 7ff66e46b640 1 -- 10.20.193.15:0/106980816 --> [v2:10.20.193.15:3300/0,v1:10.20.193.15:6789/0] -- mon_subscribe({config=0+,monmap=0+}) -- 0x7ff6681a0940 con 0x7ff66810a9e0
2026-02-19T22:44:09.742 INFO:teuthology.orchestra.run.trial015.stdout:/usr/bin/ceph: stderr
2026-02-19T22:44:08.927+0000 7ff66e46b640 1 --2- 10.20.193.15:0/106980816 >> [v2:10.20.193.15:3300/0,v1:10.20.193.15:6789/0] conn(0x7ff66810a9e0 0x7ff6681a0400 secure :-1 s=READY pgs=21 cs=0 l=1 rev1=1 crypto rx=0x7ff658006fd0 tx=0x7ff658037bb0 comp rx=0 tx=0).ready entity=mon.0 client_cookie=0 server_cookie=0 in_seq=0 out_seq=0
2026-02-19T22:44:09.742 INFO:teuthology.orchestra.run.trial015.stdout:/usr/bin/ceph: stderr
2026-02-19T22:44:08.927+0000 7ff64f7fe640 1 -- 10.20.193.15:0/106980816 <== mon.0 v2:10.20.193.15:3300/0 1 ==== mon_map magic: 0 ==== 205+0+0 (secure 0 0 0) 0x7ff658045070 con 0x7ff66810a9e0
2026-02-19T22:44:09.742 INFO:teuthology.orchestra.run.trial015.stdout:/usr/bin/ceph: stderr
2026-02-19T22:44:08.927+0000 7ff64f7fe640 1 -- 10.20.193.15:0/106980816 <== mon.0 v2:10.20.193.15:3300/0 2 ==== config(26 keys) ==== 1045+0+0 (secure 0 0 0) 0x7ff658040450 con 0x7ff66810a9e0
2026-02-19T22:44:09.743 INFO:teuthology.orchestra.run.trial015.stdout:/usr/bin/ceph: stderr
2026-02-19T22:44:08.927+0000 7ff6706f6640 1 -- 10.20.193.15:0/106980816 --> [v2:10.20.193.15:3300/0,v1:10.20.193.15:6789/0] -- mon_subscribe({mgrmap=0+}) -- 0x7ff6681a0bd0 con 0x7ff66810a9e0
2026-02-19T22:44:09.743 INFO:teuthology.orchestra.run.trial015.stdout:/usr/bin/ceph: stderr
2026-02-19T22:44:08.927+0000 7ff64f7fe640 1 -- 10.20.193.15:0/106980816 <== mon.0 v2:10.20.193.15:3300/0 3 ==== mon_map magic: 0 ==== 205+0+0 (secure 0 0 0) 0x7ff65803c070 con 0x7ff66810a9e0
2026-02-19T22:44:09.743 INFO:teuthology.orchestra.run.trial015.stdout:/usr/bin/ceph: stderr
2026-02-19T22:44:08.927+0000 7ff6706f6640 1 -- 10.20.193.15:0/106980816 --> [v2:10.20.193.15:3300/0,v1:10.20.193.15:6789/0] -- mon_subscribe({osdmap=0}) -- 0x7ff6681a38c0 con 0x7ff66810a9e0
2026-02-19T22:44:09.743 INFO:teuthology.orchestra.run.trial015.stdout:/usr/bin/ceph: stderr
2026-02-19T22:44:08.928+0000 7ff6706f6640 1 -- 10.20.193.15:0/106980816 --> [v2:10.20.193.15:3300/0,v1:10.20.193.15:6789/0] -- mon_command({"prefix": "get_command_descriptions"} v 0) -- 0x7ff66810ae60 con 0x7ff66810a9e0
2026-02-19T22:44:09.743 INFO:teuthology.orchestra.run.trial015.stdout:/usr/bin/ceph: stderr
2026-02-19T22:44:08.928+0000 7ff64f7fe640 1 -- 10.20.193.15:0/106980816 <== mon.0 v2:10.20.193.15:3300/0 4 ==== mgrmap(e 4) ==== 50236+0+0 (secure 0 0 0) 0x7ff658040600 con 0x7ff66810a9e0
2026-02-19T22:44:09.743 INFO:teuthology.orchestra.run.trial015.stdout:/usr/bin/ceph: stderr
2026-02-19T22:44:08.928+0000 7ff64f7fe640 1 --2- 10.20.193.15:0/106980816 >> [v2:10.20.193.15:6800/4279617421,v1:10.20.193.15:6801/4279617421] conn(0x7ff64403db00 0x7ff64403ffc0 unknown :-1 s=NONE pgs=0 cs=0 l=1 rev1=0 crypto rx=0 tx=0 comp rx=0 tx=0).connect
2026-02-19T22:44:09.743 INFO:teuthology.orchestra.run.trial015.stdout:/usr/bin/ceph: stderr
2026-02-19T22:44:08.928+0000 7ff64f7fe640 1 -- 10.20.193.15:0/106980816 <== mon.0 v2:10.20.193.15:3300/0 5 ==== osd_map(1..1 src has 1..1) ==== 725+0+0 (secure 0 0 0) 0x7ff658076630 con 0x7ff66810a9e0
2026-02-19T22:44:09.743 INFO:teuthology.orchestra.run.trial015.stdout:/usr/bin/ceph: stderr
2026-02-19T22:44:08.928+0000 7ff66dc6a640 1 --2- 10.20.193.15:0/106980816 >> [v2:10.20.193.15:6800/4279617421,v1:10.20.193.15:6801/4279617421] conn(0x7ff64403db00 0x7ff64403ffc0 unknown :-1 s=BANNER_CONNECTING pgs=0 cs=0 l=1 rev1=0 crypto rx=0 tx=0 comp rx=0 tx=0)._handle_peer_banner_payload supported=3 required=0
2026-02-19T22:44:09.743 INFO:teuthology.orchestra.run.trial015.stdout:/usr/bin/ceph: stderr
2026-02-19T22:44:08.929+0000 7ff66dc6a640 1 --2- 10.20.193.15:0/106980816 >> [v2:10.20.193.15:6800/4279617421,v1:10.20.193.15:6801/4279617421] conn(0x7ff64403db00 0x7ff64403ffc0 secure :-1 s=READY pgs=8 cs=0 l=1 rev1=1 crypto rx=0x7ff65c0099c0 tx=0x7ff65c006eb0 comp rx=0 tx=0).ready entity=mgr.14100 client_cookie=0 server_cookie=0 in_seq=0 out_seq=0
2026-02-19T22:44:09.743 INFO:teuthology.orchestra.run.trial015.stdout:/usr/bin/ceph: stderr
2026-02-19T22:44:08.931+0000 7ff64f7fe640 1 -- 10.20.193.15:0/106980816 <== mon.0 v2:10.20.193.15:3300/0 6 ==== mon_command_ack([{"prefix": "get_command_descriptions"}]=0 v0) ==== 72+0+195034 (secure 0 0 0) 0x7ff658033200 con 0x7ff66810a9e0
2026-02-19T22:44:09.743 INFO:teuthology.orchestra.run.trial015.stdout:/usr/bin/ceph: stderr
2026-02-19T22:44:09.036+0000 7ff6706f6640 1 -- 10.20.193.15:0/106980816 --> [v2:10.20.193.15:3300/0,v1:10.20.193.15:6789/0] -- mon_command({"prefix": "mgr module enable", "module": "cephadm"} v 0) -- 0x7ff6681a3f60 con 0x7ff66810a9e0
2026-02-19T22:44:09.744 INFO:teuthology.orchestra.run.trial015.stdout:/usr/bin/ceph: stderr
2026-02-19T22:44:09.710+0000 7ff64f7fe640 1 -- 10.20.193.15:0/106980816 <== mon.0 v2:10.20.193.15:3300/0 7 ==== mon_command_ack([{"prefix": "mgr module enable", "module": "cephadm"}]=0 v5) ==== 86+0+0 (secure 0 0 0) 0x7ff658076050 con 0x7ff66810a9e0
2026-02-19T22:44:09.744 INFO:teuthology.orchestra.run.trial015.stdout:/usr/bin/ceph: stderr
2026-02-19T22:44:09.711+0000 7ff6706f6640 1 -- 10.20.193.15:0/106980816 >> [v2:10.20.193.15:6800/4279617421,v1:10.20.193.15:6801/4279617421] conn(0x7ff64403db00 msgr2=0x7ff64403ffc0 secure :-1 s=STATE_CONNECTION_ESTABLISHED l=1).mark_down
2026-02-19T22:44:09.744 INFO:teuthology.orchestra.run.trial015.stdout:/usr/bin/ceph: stderr
2026-02-19T22:44:09.711+0000 7ff6706f6640 1 --2- 10.20.193.15:0/106980816 >> [v2:10.20.193.15:6800/4279617421,v1:10.20.193.15:6801/4279617421] conn(0x7ff64403db00 0x7ff64403ffc0 secure :-1 s=READY pgs=8 cs=0 l=1 rev1=1 crypto rx=0x7ff65c0099c0 tx=0x7ff65c006eb0 comp rx=0 tx=0).stop
2026-02-19T22:44:09.744 INFO:teuthology.orchestra.run.trial015.stdout:/usr/bin/ceph: stderr
2026-02-19T22:44:09.711+0000 7ff6706f6640 1 -- 10.20.193.15:0/106980816 >> [v2:10.20.193.15:3300/0,v1:10.20.193.15:6789/0] conn(0x7ff66810a9e0 msgr2=0x7ff6681a0400 secure :-1 s=STATE_CONNECTION_ESTABLISHED l=1).mark_down
2026-02-19T22:44:09.744 INFO:teuthology.orchestra.run.trial015.stdout:/usr/bin/ceph: stderr
2026-02-19T22:44:09.711+0000 7ff6706f6640 1 --2- 10.20.193.15:0/106980816 >> [v2:10.20.193.15:3300/0,v1:10.20.193.15:6789/0] conn(0x7ff66810a9e0 0x7ff6681a0400 secure :-1 s=READY pgs=21 cs=0 l=1 rev1=1 crypto rx=0x7ff658006fd0 tx=0x7ff658037bb0 comp rx=0 tx=0).stop
2026-02-19T22:44:09.744 INFO:teuthology.orchestra.run.trial015.stdout:/usr/bin/ceph: stderr
2026-02-19T22:44:09.711+0000 7ff6706f6640 1 -- 10.20.193.15:0/106980816 shutdown_connections
2026-02-19T22:44:09.744 INFO:teuthology.orchestra.run.trial015.stdout:/usr/bin/ceph: stderr
2026-02-19T22:44:09.711+0000 7ff6706f6640 1 --2- 10.20.193.15:0/106980816 >> [v2:10.20.193.15:6800/4279617421,v1:10.20.193.15:6801/4279617421] conn(0x7ff64403db00 0x7ff64403ffc0 unknown :-1 s=CLOSED pgs=8 cs=0 l=1 rev1=1 crypto rx=0 tx=0 comp rx=0 tx=0).stop
2026-02-19T22:44:09.744 INFO:teuthology.orchestra.run.trial015.stdout:/usr/bin/ceph: stderr
2026-02-19T22:44:09.711+0000 7ff6706f6640 1 --2- 10.20.193.15:0/106980816 >> [v2:10.20.193.15:3300/0,v1:10.20.193.15:6789/0] conn(0x7ff66810a9e0 0x7ff6681a0400 unknown :-1 s=CLOSED pgs=21 cs=0 l=1 rev1=1 crypto rx=0 tx=0 comp rx=0 tx=0).stop
2026-02-19T22:44:09.744 INFO:teuthology.orchestra.run.trial015.stdout:/usr/bin/ceph: stderr
2026-02-19T22:44:09.711+0000 7ff6706f6640 1 -- 10.20.193.15:0/106980816 >> 10.20.193.15:0/106980816 conn(0x7ff66807dae0 msgr2=0x7ff668108700 unknown :-1 s=STATE_NONE l=0).mark_down
2026-02-19T22:44:09.744 INFO:teuthology.orchestra.run.trial015.stdout:/usr/bin/ceph: stderr
2026-02-19T22:44:09.711+0000 7ff6706f6640 1 -- 10.20.193.15:0/106980816 shutdown_connections
2026-02-19T22:44:09.745 INFO:teuthology.orchestra.run.trial015.stdout:/usr/bin/ceph: stderr
2026-02-19T22:44:09.711+0000 7ff6706f6640 1 -- 10.20.193.15:0/106980816 wait complete.
2026-02-19T22:44:09.965 INFO:journalctl@ceph.mon.a.trial015.stdout:Feb 19 22:44:09 trial015 ceph-mon[40845]: mgrmap e4: x(active, since 2s)
2026-02-19T22:44:09.966 INFO:journalctl@ceph.mon.a.trial015.stdout:Feb 19 22:44:09 trial015 ceph-mon[40845]: from='client.? 10.20.193.15:0/2351967756' entity='client.admin' cmd=[{"prefix": "config assimilate-conf"}]: dispatch
2026-02-19T22:44:09.966 INFO:journalctl@ceph.mon.a.trial015.stdout:Feb 19 22:44:09 trial015 ceph-mon[40845]: from='client.? 10.20.193.15:0/106980816' entity='client.admin' cmd=[{"prefix": "mgr module enable", "module": "cephadm"}]: dispatch
2026-02-19T22:44:09.966 INFO:journalctl@ceph.mgr.x.trial015.stdout:Feb 19 22:44:09 trial015 ceph-75ad8dd5-0de4-11f1-9a5a-d404e6e7d460-mgr-x[41107]: ignoring --setuser ceph since I am not root
2026-02-19T22:44:09.966 INFO:journalctl@ceph.mgr.x.trial015.stdout:Feb 19 22:44:09 trial015 ceph-75ad8dd5-0de4-11f1-9a5a-d404e6e7d460-mgr-x[41107]: ignoring --setgroup ceph since I am not root
2026-02-19T22:44:09.983 INFO:teuthology.orchestra.run.trial015.stdout:/usr/bin/ceph: stdout {
2026-02-19T22:44:09.983 INFO:teuthology.orchestra.run.trial015.stdout:/usr/bin/ceph: stdout "epoch": 5,
2026-02-19T22:44:09.983 INFO:teuthology.orchestra.run.trial015.stdout:/usr/bin/ceph: stdout "available": true,
2026-02-19T22:44:09.983 INFO:teuthology.orchestra.run.trial015.stdout:/usr/bin/ceph: stdout "active_name": "x",
2026-02-19T22:44:09.983 INFO:teuthology.orchestra.run.trial015.stdout:/usr/bin/ceph: stdout "num_standby": 0
2026-02-19T22:44:09.984 INFO:teuthology.orchestra.run.trial015.stdout:/usr/bin/ceph: stdout }
2026-02-19T22:44:09.984 INFO:teuthology.orchestra.run.trial015.stdout:/usr/bin/ceph: stderr
2026-02-19T22:44:09.825+0000 7fc1532ff640 1 Processor -- start
2026-02-19T22:44:09.984 INFO:teuthology.orchestra.run.trial015.stdout:/usr/bin/ceph: stderr
2026-02-19T22:44:09.825+0000 7fc1532ff640 1 -- start start
2026-02-19T22:44:09.984 INFO:teuthology.orchestra.run.trial015.stdout:/usr/bin/ceph: stderr
2026-02-19T22:44:09.825+0000 7fc1532ff640 1 --2- >> [v2:10.20.193.15:3300/0,v1:10.20.193.15:6789/0] conn(0x7fc14c10a9e0 0x7fc14c10ade0 unknown :-1 s=NONE pgs=0 cs=0 l=0 rev1=0 crypto rx=0 tx=0 comp rx=0 tx=0).connect
2026-02-19T22:44:09.984 INFO:teuthology.orchestra.run.trial015.stdout:/usr/bin/ceph: stderr
2026-02-19T22:44:09.825+0000 7fc1532ff640 1 -- --> [v2:10.20.193.15:3300/0,v1:10.20.193.15:6789/0] -- mon_getmap magic: 0 -- 0x7fc14c10b3b0 con 0x7fc14c10a9e0
2026-02-19T22:44:09.984 INFO:teuthology.orchestra.run.trial015.stdout:/usr/bin/ceph: stderr
2026-02-19T22:44:09.825+0000 7fc151074640 1 --2- >> [v2:10.20.193.15:3300/0,v1:10.20.193.15:6789/0] conn(0x7fc14c10a9e0 0x7fc14c10ade0 unknown :-1 s=BANNER_CONNECTING pgs=0 cs=0 l=0 rev1=0 crypto rx=0 tx=0 comp rx=0 tx=0)._handle_peer_banner_payload supported=3 required=0
2026-02-19T22:44:09.984 INFO:teuthology.orchestra.run.trial015.stdout:/usr/bin/ceph: stderr
2026-02-19T22:44:09.825+0000 7fc151074640 1 --2- >> [v2:10.20.193.15:3300/0,v1:10.20.193.15:6789/0] conn(0x7fc14c10a9e0 0x7fc14c10ade0 unknown :-1 s=HELLO_CONNECTING pgs=0 cs=0 l=0 rev1=1 crypto rx=0 tx=0 comp rx=0 tx=0).handle_hello peer v2:10.20.193.15:3300/0 says I am v2:10.20.193.15:56780/0 (socket says 10.20.193.15:56780)
2026-02-19T22:44:09.984 INFO:teuthology.orchestra.run.trial015.stdout:/usr/bin/ceph: stderr
2026-02-19T22:44:09.825+0000 7fc151074640 1 -- 10.20.193.15:0/3360271903 learned_addr learned my addr 10.20.193.15:0/3360271903 (peer_addr_for_me v2:10.20.193.15:0/0)
2026-02-19T22:44:09.984 INFO:teuthology.orchestra.run.trial015.stdout:/usr/bin/ceph: stderr
2026-02-19T22:44:09.825+0000 7fc151074640 1 -- 10.20.193.15:0/3360271903 --> [v2:10.20.193.15:3300/0,v1:10.20.193.15:6789/0] -- mon_subscribe({config=0+,monmap=0+}) -- 0x7fc14c10b7a0 con 0x7fc14c10a9e0
2026-02-19T22:44:09.984 INFO:teuthology.orchestra.run.trial015.stdout:/usr/bin/ceph: stderr
2026-02-19T22:44:09.826+0000 7fc151074640 1 --2- 10.20.193.15:0/3360271903 >> [v2:10.20.193.15:3300/0,v1:10.20.193.15:6789/0] conn(0x7fc14c10a9e0 0x7fc14c10ade0 secure :-1 s=READY pgs=24 cs=0 l=1 rev1=1 crypto rx=0x7fc13c009920 tx=0x7fc13c02ef20 comp rx=0 tx=0).ready entity=mon.0 client_cookie=b6134a2a0089b618 server_cookie=0 in_seq=0 out_seq=0
2026-02-19T22:44:09.984 INFO:teuthology.orchestra.run.trial015.stdout:/usr/bin/ceph: stderr
2026-02-19T22:44:09.826+0000 7fc13bfff640 1 -- 10.20.193.15:0/3360271903 <== mon.0 v2:10.20.193.15:3300/0 1 ==== mon_map magic: 0 ==== 205+0+0 (secure 0 0 0) 0x7fc13c03c070 con 0x7fc14c10a9e0
2026-02-19T22:44:09.985 INFO:teuthology.orchestra.run.trial015.stdout:/usr/bin/ceph: stderr
2026-02-19T22:44:09.826+0000 7fc13bfff640 1 -- 10.20.193.15:0/3360271903 <== mon.0 v2:10.20.193.15:3300/0 2 ==== config(26 keys) ==== 1045+0+0 (secure 0 0 0) 0x7fc13c037440 con 0x7fc14c10a9e0
2026-02-19T22:44:09.985 INFO:teuthology.orchestra.run.trial015.stdout:/usr/bin/ceph: stderr
2026-02-19T22:44:09.826+0000 7fc13bfff640 1 -- 10.20.193.15:0/3360271903 <== mon.0 v2:10.20.193.15:3300/0 3 ==== mon_map magic: 0 ==== 205+0+0 (secure 0 0 0) 0x7fc13c0354b0 con 0x7fc14c10a9e0
2026-02-19T22:44:09.985 INFO:teuthology.orchestra.run.trial015.stdout:/usr/bin/ceph: stderr
2026-02-19T22:44:09.826+0000 7fc1532ff640 1 -- 10.20.193.15:0/3360271903 >> [v2:10.20.193.15:3300/0,v1:10.20.193.15:6789/0] conn(0x7fc14c10a9e0 msgr2=0x7fc14c10ade0 secure :-1 s=STATE_CONNECTION_ESTABLISHED l=1).mark_down
2026-02-19T22:44:09.985 INFO:teuthology.orchestra.run.trial015.stdout:/usr/bin/ceph: stderr
2026-02-19T22:44:09.826+0000 7fc1532ff640 1 --2- 10.20.193.15:0/3360271903 >> [v2:10.20.193.15:3300/0,v1:10.20.193.15:6789/0] conn(0x7fc14c10a9e0 0x7fc14c10ade0 secure :-1 s=READY pgs=24 cs=0 l=1 rev1=1 crypto rx=0x7fc13c009920 tx=0x7fc13c02ef20 comp rx=0 tx=0).stop
2026-02-19T22:44:09.985 INFO:teuthology.orchestra.run.trial015.stdout:/usr/bin/ceph: stderr
2026-02-19T22:44:09.826+0000 7fc1532ff640 1 -- 10.20.193.15:0/3360271903 shutdown_connections
2026-02-19T22:44:09.985 INFO:teuthology.orchestra.run.trial015.stdout:/usr/bin/ceph: stderr
2026-02-19T22:44:09.826+0000 7fc1532ff640 1 --2- 10.20.193.15:0/3360271903 >> [v2:10.20.193.15:3300/0,v1:10.20.193.15:6789/0] conn(0x7fc14c10a9e0 0x7fc14c10ade0 unknown :-1 s=CLOSED pgs=24 cs=0 l=1 rev1=1 crypto rx=0 tx=0 comp rx=0 tx=0).stop
2026-02-19T22:44:09.985 INFO:teuthology.orchestra.run.trial015.stdout:/usr/bin/ceph: stderr
2026-02-19T22:44:09.826+0000 7fc1532ff640 1 -- 10.20.193.15:0/3360271903 >> 10.20.193.15:0/3360271903 conn(0x7fc14c07dae0 msgr2=0x7fc14c07def0 unknown :-1 s=STATE_NONE l=0).mark_down
2026-02-19T22:44:09.985 INFO:teuthology.orchestra.run.trial015.stdout:/usr/bin/ceph: stderr
2026-02-19T22:44:09.826+0000 7fc1532ff640 1 -- 10.20.193.15:0/3360271903 shutdown_connections
2026-02-19T22:44:09.985 INFO:teuthology.orchestra.run.trial015.stdout:/usr/bin/ceph: stderr
2026-02-19T22:44:09.826+0000 7fc1532ff640 1 -- 10.20.193.15:0/3360271903 wait complete.
2026-02-19T22:44:09.985 INFO:teuthology.orchestra.run.trial015.stdout:/usr/bin/ceph: stderr
2026-02-19T22:44:09.827+0000 7fc1532ff640 1 Processor -- start
2026-02-19T22:44:09.985 INFO:teuthology.orchestra.run.trial015.stdout:/usr/bin/ceph: stderr
2026-02-19T22:44:09.827+0000 7fc1532ff640 1 -- start start
2026-02-19T22:44:09.986 INFO:teuthology.orchestra.run.trial015.stdout:/usr/bin/ceph: stderr
2026-02-19T22:44:09.827+0000 7fc1532ff640 1 --2- >> [v2:10.20.193.15:3300/0,v1:10.20.193.15:6789/0] conn(0x7fc14c10a9e0 0x7fc14c1a0400 unknown :-1 s=NONE pgs=0 cs=0 l=1 rev1=0 crypto rx=0 tx=0 comp rx=0 tx=0).connect
2026-02-19T22:44:09.986 INFO:teuthology.orchestra.run.trial015.stdout:/usr/bin/ceph: stderr
2026-02-19T22:44:09.827+0000 7fc1532ff640 1 -- --> [v2:10.20.193.15:3300/0,v1:10.20.193.15:6789/0] -- mon_getmap magic: 0 -- 0x7fc14c10e9d0 con 0x7fc14c10a9e0
2026-02-19T22:44:09.986 INFO:teuthology.orchestra.run.trial015.stdout:/usr/bin/ceph: stderr
2026-02-19T22:44:09.827+0000 7fc151074640 1 --2- >> [v2:10.20.193.15:3300/0,v1:10.20.193.15:6789/0] conn(0x7fc14c10a9e0 0x7fc14c1a0400 unknown :-1 s=BANNER_CONNECTING pgs=0 cs=0 l=1 rev1=0 crypto rx=0 tx=0 comp rx=0 tx=0)._handle_peer_banner_payload supported=3 required=0
2026-02-19T22:44:09.986 INFO:teuthology.orchestra.run.trial015.stdout:/usr/bin/ceph: stderr
2026-02-19T22:44:09.827+0000 7fc151074640 1 --2- >> [v2:10.20.193.15:3300/0,v1:10.20.193.15:6789/0] conn(0x7fc14c10a9e0 0x7fc14c1a0400 unknown :-1 s=HELLO_CONNECTING pgs=0 cs=0 l=1 rev1=1 crypto rx=0 tx=0 comp rx=0 tx=0).handle_hello peer v2:10.20.193.15:3300/0 says I am v2:10.20.193.15:56788/0 (socket says 10.20.193.15:56788)
2026-02-19T22:44:09.986 INFO:teuthology.orchestra.run.trial015.stdout:/usr/bin/ceph: stderr
2026-02-19T22:44:09.827+0000 7fc151074640 1 -- 10.20.193.15:0/3473713496 learned_addr learned my addr 10.20.193.15:0/3473713496 (peer_addr_for_me v2:10.20.193.15:0/0)
2026-02-19T22:44:09.986 INFO:teuthology.orchestra.run.trial015.stdout:/usr/bin/ceph: stderr
2026-02-19T22:44:09.827+0000 7fc151074640 1 -- 10.20.193.15:0/3473713496 --> [v2:10.20.193.15:3300/0,v1:10.20.193.15:6789/0] -- mon_subscribe({config=0+,monmap=0+}) -- 0x7fc14c1a0940 con 0x7fc14c10a9e0
2026-02-19T22:44:09.986 INFO:teuthology.orchestra.run.trial015.stdout:/usr/bin/ceph: stderr
2026-02-19T22:44:09.827+0000 7fc151074640 1 --2- 10.20.193.15:0/3473713496 >> [v2:10.20.193.15:3300/0,v1:10.20.193.15:6789/0] conn(0x7fc14c10a9e0 0x7fc14c1a0400 secure :-1 s=READY pgs=25 cs=0 l=1 rev1=1 crypto rx=0x7fc13c009a50 tx=0x7fc13c037b90 comp rx=0 tx=0).ready entity=mon.0 client_cookie=0 server_cookie=0 in_seq=0 out_seq=0
2026-02-19T22:44:09.986 INFO:teuthology.orchestra.run.trial015.stdout:/usr/bin/ceph: stderr
2026-02-19T22:44:09.827+0000 7fc13a7fc640 1 -- 10.20.193.15:0/3473713496 <== mon.0 v2:10.20.193.15:3300/0 1 ==== mon_map magic: 0 ==== 205+0+0 (secure 0 0 0) 0x7fc13c045070 con 0x7fc14c10a9e0
2026-02-19T22:44:09.986 INFO:teuthology.orchestra.run.trial015.stdout:/usr/bin/ceph: stderr
2026-02-19T22:44:09.827+0000 7fc13a7fc640 1 -- 10.20.193.15:0/3473713496 <== mon.0 v2:10.20.193.15:3300/0 2 ==== config(26 keys) ==== 1045+0+0 (secure 0 0 0) 0x7fc13c040450 con 0x7fc14c10a9e0
2026-02-19T22:44:09.986 INFO:teuthology.orchestra.run.trial015.stdout:/usr/bin/ceph: stderr
2026-02-19T22:44:09.827+0000 7fc1532ff640 1 -- 10.20.193.15:0/3473713496 --> [v2:10.20.193.15:3300/0,v1:10.20.193.15:6789/0] -- mon_subscribe({mgrmap=0+}) -- 0x7fc14c1a0bd0 con 0x7fc14c10a9e0
2026-02-19T22:44:09.986 INFO:teuthology.orchestra.run.trial015.stdout:/usr/bin/ceph: stderr
2026-02-19T22:44:09.827+0000 7fc13a7fc640 1 -- 10.20.193.15:0/3473713496 <== mon.0 v2:10.20.193.15:3300/0 3 ==== mon_map magic: 0 ==== 205+0+0 (secure 0 0 0) 0x7fc13c03c070 con 0x7fc14c10a9e0
2026-02-19T22:44:09.986 INFO:teuthology.orchestra.run.trial015.stdout:/usr/bin/ceph: stderr
2026-02-19T22:44:09.827+0000 7fc1532ff640 1 -- 10.20.193.15:0/3473713496 --> [v2:10.20.193.15:3300/0,v1:10.20.193.15:6789/0] -- mon_subscribe({osdmap=0}) -- 0x7fc14c1a38c0 con 0x7fc14c10a9e0
2026-02-19T22:44:09.987 INFO:teuthology.orchestra.run.trial015.stdout:/usr/bin/ceph: stderr
2026-02-19T22:44:09.828+0000 7fc1532ff640 1 -- 10.20.193.15:0/3473713496 --> [v2:10.20.193.15:3300/0,v1:10.20.193.15:6789/0] -- mon_command({"prefix": "get_command_descriptions"} v 0) -- 0x7fc14c10ae60 con 0x7fc14c10a9e0
2026-02-19T22:44:09.987 INFO:teuthology.orchestra.run.trial015.stdout:/usr/bin/ceph: stderr
2026-02-19T22:44:09.828+0000 7fc13a7fc640 1 -- 10.20.193.15:0/3473713496 <== mon.0 v2:10.20.193.15:3300/0 4 ==== mgrmap(e 5) ==== 50247+0+0 (secure 0 0 0) 0x7fc13c040900 con 0x7fc14c10a9e0
2026-02-19T22:44:09.987 INFO:teuthology.orchestra.run.trial015.stdout:/usr/bin/ceph: stderr
2026-02-19T22:44:09.828+0000 7fc13a7fc640 1 --2- 10.20.193.15:0/3473713496 >> [v2:10.20.193.15:6800/4279617421,v1:10.20.193.15:6801/4279617421] conn(0x7fc12803dbf0 0x7fc1280400b0 unknown :-1 s=NONE pgs=0 cs=0 l=1 rev1=0 crypto rx=0 tx=0 comp rx=0 tx=0).connect
2026-02-19T22:44:09.987 INFO:teuthology.orchestra.run.trial015.stdout:/usr/bin/ceph: stderr
2026-02-19T22:44:09.828+0000 7fc150873640 1 -- 10.20.193.15:0/3473713496 >> [v2:10.20.193.15:6800/4279617421,v1:10.20.193.15:6801/4279617421] conn(0x7fc12803dbf0 msgr2=0x7fc1280400b0 unknown :-1 s=STATE_CONNECTING_RE l=1).process reconnect failed to v2:10.20.193.15:6800/4279617421
2026-02-19T22:44:09.987 INFO:teuthology.orchestra.run.trial015.stdout:/usr/bin/ceph: stderr
2026-02-19T22:44:09.828+0000 7fc13a7fc640 1 -- 10.20.193.15:0/3473713496 <== mon.0 v2:10.20.193.15:3300/0 5 ==== osd_map(1..1 src has 1..1) ==== 725+0+0 (secure 0 0 0) 0x7fc13c076670 con 0x7fc14c10a9e0
2026-02-19T22:44:09.987 INFO:teuthology.orchestra.run.trial015.stdout:/usr/bin/ceph: stderr
2026-02-19T22:44:09.828+0000 7fc150873640 1 --2- 10.20.193.15:0/3473713496 >> [v2:10.20.193.15:6800/4279617421,v1:10.20.193.15:6801/4279617421] conn(0x7fc12803dbf0 0x7fc1280400b0 unknown :-1 s=START_CONNECT pgs=0 cs=0 l=1 rev1=0 crypto rx=0 tx=0 comp rx=0 tx=0)._fault waiting 0.200000
2026-02-19T22:44:09.987 INFO:teuthology.orchestra.run.trial015.stdout:/usr/bin/ceph: stderr
2026-02-19T22:44:09.831+0000 7fc13a7fc640 1 -- 10.20.193.15:0/3473713496 <== mon.0 v2:10.20.193.15:3300/0 6 ==== mon_command_ack([{"prefix": "get_command_descriptions"}]=0 v0) ==== 72+0+195034 (secure 0 0 0) 0x7fc13c0406b0 con 0x7fc14c10a9e0
2026-02-19T22:44:09.987 INFO:teuthology.orchestra.run.trial015.stdout:/usr/bin/ceph: stderr
2026-02-19T22:44:09.938+0000 7fc1532ff640 1 -- 10.20.193.15:0/3473713496 --> [v2:10.20.193.15:3300/0,v1:10.20.193.15:6789/0] -- mon_command({"prefix": "mgr stat"} v 0) -- 0x7fc14c1a3f40 con 0x7fc14c10a9e0
2026-02-19T22:44:09.987 INFO:teuthology.orchestra.run.trial015.stdout:/usr/bin/ceph: stderr
2026-02-19T22:44:09.938+0000 7fc13a7fc640 1 -- 10.20.193.15:0/3473713496 <== mon.0 v2:10.20.193.15:3300/0 7 ==== mon_command_ack([{"prefix": "mgr stat"}]=0 v5) ==== 56+0+88 (secure 0 0 0) 0x7fc13c076090 con 0x7fc14c10a9e0
2026-02-19T22:44:09.987 INFO:teuthology.orchestra.run.trial015.stdout:/usr/bin/ceph: stderr
2026-02-19T22:44:09.940+0000 7fc1532ff640 1 -- 10.20.193.15:0/3473713496 >> [v2:10.20.193.15:6800/4279617421,v1:10.20.193.15:6801/4279617421] conn(0x7fc12803dbf0 msgr2=0x7fc1280400b0 unknown :-1 s=STATE_CONNECTING l=1).mark_down
2026-02-19T22:44:09.987 INFO:teuthology.orchestra.run.trial015.stdout:/usr/bin/ceph: stderr
2026-02-19T22:44:09.940+0000 7fc1532ff640 1 --2- 10.20.193.15:0/3473713496 >> [v2:10.20.193.15:6800/4279617421,v1:10.20.193.15:6801/4279617421] conn(0x7fc12803dbf0 0x7fc1280400b0 unknown :-1 s=START_CONNECT pgs=0 cs=0 l=1 rev1=0 crypto rx=0 tx=0 comp rx=0 tx=0).stop
2026-02-19T22:44:09.988 INFO:teuthology.orchestra.run.trial015.stdout:/usr/bin/ceph: stderr
2026-02-19T22:44:09.940+0000 7fc1532ff640 1 -- 10.20.193.15:0/3473713496 >> [v2:10.20.193.15:3300/0,v1:10.20.193.15:6789/0] conn(0x7fc14c10a9e0 msgr2=0x7fc14c1a0400 secure :-1 s=STATE_CONNECTION_ESTABLISHED l=1).mark_down
2026-02-19T22:44:09.988 INFO:teuthology.orchestra.run.trial015.stdout:/usr/bin/ceph: stderr
2026-02-19T22:44:09.940+0000 7fc1532ff640 1 --2- 10.20.193.15:0/3473713496 >> [v2:10.20.193.15:3300/0,v1:10.20.193.15:6789/0] conn(0x7fc14c10a9e0 0x7fc14c1a0400 secure :-1 s=READY pgs=25 cs=0 l=1 rev1=1 crypto rx=0x7fc13c009a50 tx=0x7fc13c037b90 comp rx=0 tx=0).stop
2026-02-19T22:44:09.988 INFO:teuthology.orchestra.run.trial015.stdout:/usr/bin/ceph: stderr
2026-02-19T22:44:09.940+0000 7fc1532ff640 1 -- 10.20.193.15:0/3473713496 shutdown_connections
2026-02-19T22:44:09.988 INFO:teuthology.orchestra.run.trial015.stdout:/usr/bin/ceph: stderr
2026-02-19T22:44:09.940+0000 7fc1532ff640 1 --2- 10.20.193.15:0/3473713496 >> [v2:10.20.193.15:6800/4279617421,v1:10.20.193.15:6801/4279617421] conn(0x7fc12803dbf0 0x7fc1280400b0 unknown :-1 s=CLOSED pgs=0 cs=0 l=1 rev1=0 crypto rx=0 tx=0 comp rx=0 tx=0).stop
2026-02-19T22:44:09.988 INFO:teuthology.orchestra.run.trial015.stdout:/usr/bin/ceph: stderr
2026-02-19T22:44:09.940+0000 7fc1532ff640 1 --2- 10.20.193.15:0/3473713496 >> [v2:10.20.193.15:3300/0,v1:10.20.193.15:6789/0] conn(0x7fc14c10a9e0 0x7fc14c1a0400 unknown :-1 s=CLOSED pgs=25 cs=0 l=1 rev1=1 crypto rx=0 tx=0 comp rx=0 tx=0).stop
2026-02-19T22:44:09.988 INFO:teuthology.orchestra.run.trial015.stdout:/usr/bin/ceph: stderr
2026-02-19T22:44:09.940+0000 7fc1532ff640 1 -- 10.20.193.15:0/3473713496 >> 10.20.193.15:0/3473713496 conn(0x7fc14c07dae0 msgr2=0x7fc14c108700 unknown :-1 s=STATE_NONE l=0).mark_down
2026-02-19T22:44:09.988 INFO:teuthology.orchestra.run.trial015.stdout:/usr/bin/ceph: stderr
2026-02-19T22:44:09.940+0000 7fc1532ff640 1 -- 10.20.193.15:0/3473713496 shutdown_connections
2026-02-19T22:44:09.988 INFO:teuthology.orchestra.run.trial015.stdout:/usr/bin/ceph: stderr
2026-02-19T22:44:09.940+0000 7fc1532ff640 1 -- 10.20.193.15:0/3473713496 wait complete.
2026-02-19T22:44:09.988 INFO:teuthology.orchestra.run.trial015.stdout:Waiting for the mgr to restart...
2026-02-19T22:44:09.988 INFO:teuthology.orchestra.run.trial015.stdout:Waiting for mgr epoch 5...
2026-02-19T22:44:10.269 INFO:journalctl@ceph.mgr.x.trial015.stdout:Feb 19 22:44:10 trial015 ceph-75ad8dd5-0de4-11f1-9a5a-d404e6e7d460-mgr-x[41107]:
2026-02-19T22:44:10.123+0000 7ff97fbfe140 -1 mgr[py] Module snap_schedule has missing NOTIFY_TYPES member
2026-02-19T22:44:10.270 INFO:journalctl@ceph.mgr.x.trial015.stdout:Feb 19 22:44:10 trial015 ceph-75ad8dd5-0de4-11f1-9a5a-d404e6e7d460-mgr-x[41107]:
2026-02-19T22:44:10.267+0000 7ff97fbfe140 -1 mgr[py] Module prometheus has missing NOTIFY_TYPES member
2026-02-19T22:44:10.546 INFO:journalctl@ceph.mgr.x.trial015.stdout:Feb 19 22:44:10 trial015 ceph-75ad8dd5-0de4-11f1-9a5a-d404e6e7d460-mgr-x[41107]:
2026-02-19T22:44:10.301+0000 7ff97fbfe140 -1 mgr[py] Module balancer has missing NOTIFY_TYPES member
2026-02-19T22:44:10.546 INFO:journalctl@ceph.mgr.x.trial015.stdout:Feb 19 22:44:10 trial015 ceph-75ad8dd5-0de4-11f1-9a5a-d404e6e7d460-mgr-x[41107]:
2026-02-19T22:44:10.343+0000 7ff97fbfe140 -1 mgr[py] Module rbd_support has missing NOTIFY_TYPES member
2026-02-19T22:44:10.546 INFO:journalctl@ceph.mgr.x.trial015.stdout:Feb 19 22:44:10 trial015 ceph-75ad8dd5-0de4-11f1-9a5a-d404e6e7d460-mgr-x[41107]:
2026-02-19T22:44:10.374+0000 7ff97fbfe140 -1 mgr[py] Module devicehealth has missing NOTIFY_TYPES member
2026-02-19T22:44:10.546 INFO:journalctl@ceph.mgr.x.trial015.stdout:Feb 19 22:44:10 trial015 ceph-75ad8dd5-0de4-11f1-9a5a-d404e6e7d460-mgr-x[41107]:
2026-02-19T22:44:10.408+0000 7ff97fbfe140 -1 mgr[py] Module alerts has missing NOTIFY_TYPES member
2026-02-19T22:44:10.546 INFO:journalctl@ceph.mgr.x.trial015.stdout:Feb 19 22:44:10 trial015 ceph-75ad8dd5-0de4-11f1-9a5a-d404e6e7d460-mgr-x[41107]:
2026-02-19T22:44:10.473+0000 7ff97fbfe140 -1 mgr[py] Module telemetry has missing NOTIFY_TYPES member
2026-02-19T22:44:10.546 INFO:journalctl@ceph.mgr.x.trial015.stdout:Feb 19 22:44:10 trial015 ceph-75ad8dd5-0de4-11f1-9a5a-d404e6e7d460-mgr-x[41107]: /lib64/python3.9/site-packages/scipy/__init__.py:73: UserWarning: NumPy was imported from a Python sub-interpreter but NumPy does not properly support sub-interpreters. This will likely work for most users but might cause hard to track down issues or subtle bugs. A common user of the rare sub-interpreter feature is wsgi which also allows single-interpreter mode.
2026-02-19T22:44:10.546 INFO:journalctl@ceph.mgr.x.trial015.stdout:Feb 19 22:44:10 trial015 ceph-75ad8dd5-0de4-11f1-9a5a-d404e6e7d460-mgr-x[41107]: Improvements in the case of bugs are welcome, but is not on the NumPy roadmap, and full support may require significant effort to achieve.
2026-02-19T22:44:10.547 INFO:journalctl@ceph.mgr.x.trial015.stdout:Feb 19 22:44:10 trial015 ceph-75ad8dd5-0de4-11f1-9a5a-d404e6e7d460-mgr-x[41107]: from numpy import show_config as show_numpy_config
2026-02-19T22:44:10.806 INFO:journalctl@ceph.mon.a.trial015.stdout:Feb 19 22:44:10 trial015 ceph-mon[40845]: from='client.? 10.20.193.15:0/106980816' entity='client.admin' cmd='[{"prefix": "mgr module enable", "module": "cephadm"}]': finished
2026-02-19T22:44:10.806 INFO:journalctl@ceph.mon.a.trial015.stdout:Feb 19 22:44:10 trial015 ceph-mon[40845]: mgrmap e5: x(active, since 3s)
2026-02-19T22:44:10.806 INFO:journalctl@ceph.mon.a.trial015.stdout:Feb 19 22:44:10 trial015 ceph-mon[40845]: from='client.? 10.20.193.15:0/3473713496' entity='client.admin' cmd=[{"prefix": "mgr stat"}]: dispatch
2026-02-19T22:44:10.807 INFO:journalctl@ceph.mgr.x.trial015.stdout:Feb 19 22:44:10 trial015 ceph-75ad8dd5-0de4-11f1-9a5a-d404e6e7d460-mgr-x[41107]:
2026-02-19T22:44:10.547+0000 7ff97fbfe140 -1 mgr[py] Module diskprediction_local has missing NOTIFY_TYPES member
2026-02-19T22:44:10.807 INFO:journalctl@ceph.mgr.x.trial015.stdout:Feb 19 22:44:10 trial015 ceph-75ad8dd5-0de4-11f1-9a5a-d404e6e7d460-mgr-x[41107]:
2026-02-19T22:44:10.581+0000 7ff97fbfe140 -1 mgr[py] Module status has missing NOTIFY_TYPES member
2026-02-19T22:44:10.807 INFO:journalctl@ceph.mgr.x.trial015.stdout:Feb 19 22:44:10 trial015 ceph-75ad8dd5-0de4-11f1-9a5a-d404e6e7d460-mgr-x[41107]:
2026-02-19T22:44:10.677+0000 7ff97fbfe140 -1 mgr[py] Module rgw has missing NOTIFY_TYPES member
2026-02-19T22:44:10.807 INFO:journalctl@ceph.mgr.x.trial015.stdout:Feb 19 22:44:10 trial015 ceph-75ad8dd5-0de4-11f1-9a5a-d404e6e7d460-mgr-x[41107]:
2026-02-19T22:44:10.737+0000 7ff97fbfe140 -1 mgr[py] Module iostat has missing NOTIFY_TYPES member
2026-02-19T22:44:10.807 INFO:journalctl@ceph.mgr.x.trial015.stdout:Feb 19 22:44:10 trial015 ceph-75ad8dd5-0de4-11f1-9a5a-d404e6e7d460-mgr-x[41107]:
2026-02-19T22:44:10.771+0000 7ff97fbfe140 -1 mgr[py] Module pg_autoscaler has missing NOTIFY_TYPES member
2026-02-19T22:44:10.807 INFO:journalctl@ceph.mgr.x.trial015.stdout:Feb 19 22:44:10 trial015 ceph-75ad8dd5-0de4-11f1-9a5a-d404e6e7d460-mgr-x[41107]:
2026-02-19T22:44:10.803+0000 7ff97fbfe140 -1 mgr[py] Module osd_perf_query has missing NOTIFY_TYPES member
2026-02-19T22:44:11.103 INFO:journalctl@ceph.mgr.x.trial015.stdout:Feb 19 22:44:10 trial015 ceph-75ad8dd5-0de4-11f1-9a5a-d404e6e7d460-mgr-x[41107]:
2026-02-19T22:44:10.838+0000 7ff97fbfe140 -1 mgr[py] Module crash has missing NOTIFY_TYPES member
2026-02-19T22:44:11.103 INFO:journalctl@ceph.mgr.x.trial015.stdout:Feb 19 22:44:10 trial015 ceph-75ad8dd5-0de4-11f1-9a5a-d404e6e7d460-mgr-x[41107]:
2026-02-19T22:44:10.868+0000 7ff97fbfe140 -1 mgr[py] Module progress has missing NOTIFY_TYPES member
2026-02-19T22:44:11.103 INFO:journalctl@ceph.mgr.x.trial015.stdout:Feb 19 22:44:11 trial015 ceph-75ad8dd5-0de4-11f1-9a5a-d404e6e7d460-mgr-x[41107]:
2026-02-19T22:44:11.100+0000 7ff97fbfe140 -1 mgr[py] Module rook has missing NOTIFY_TYPES member
2026-02-19T22:44:11.356 INFO:journalctl@ceph.mgr.x.trial015.stdout:Feb 19 22:44:11 trial015 ceph-75ad8dd5-0de4-11f1-9a5a-d404e6e7d460-mgr-x[41107]:
2026-02-19T22:44:11.200+0000 7ff97fbfe140 -1 mgr[py] Module nfs has missing NOTIFY_TYPES member
2026-02-19T22:44:11.356 INFO:journalctl@ceph.mgr.x.trial015.stdout:Feb 19 22:44:11 trial015 ceph-75ad8dd5-0de4-11f1-9a5a-d404e6e7d460-mgr-x[41107]:
2026-02-19T22:44:11.230+0000 7ff97fbfe140 -1 mgr[py] Module telegraf has missing NOTIFY_TYPES member
2026-02-19T22:44:11.357 INFO:journalctl@ceph.mgr.x.trial015.stdout:Feb 19 22:44:11 trial015 ceph-75ad8dd5-0de4-11f1-9a5a-d404e6e7d460-mgr-x[41107]:
2026-02-19T22:44:11.261+0000 7ff97fbfe140 -1 mgr[py] Module selftest has missing NOTIFY_TYPES member
2026-02-19T22:44:11.357 INFO:journalctl@ceph.mgr.x.trial015.stdout:Feb 19 22:44:11 trial015 ceph-75ad8dd5-0de4-11f1-9a5a-d404e6e7d460-mgr-x[41107]:
2026-02-19T22:44:11.354+0000 7ff97fbfe140 -1 mgr[py] Module test_orchestrator has missing NOTIFY_TYPES member
2026-02-19T22:44:11.617 INFO:journalctl@ceph.mgr.x.trial015.stdout:Feb 19 22:44:11 trial015 ceph-75ad8dd5-0de4-11f1-9a5a-d404e6e7d460-mgr-x[41107]:
2026-02-19T22:44:11.383+0000 7ff97fbfe140 -1 mgr[py] Module osd_support has missing NOTIFY_TYPES member
2026-02-19T22:44:11.618 INFO:journalctl@ceph.mgr.x.trial015.stdout:Feb 19 22:44:11 trial015 ceph-75ad8dd5-0de4-11f1-9a5a-d404e6e7d460-mgr-x[41107]:
2026-02-19T22:44:11.475+0000 7ff97fbfe140 -1 mgr[py] Module orchestrator has missing NOTIFY_TYPES member
2026-02-19T22:44:12.317 INFO:journalctl@ceph.mgr.x.trial015.stdout:Feb 19 22:44:11 trial015 ceph-75ad8dd5-0de4-11f1-9a5a-d404e6e7d460-mgr-x[41107]:
2026-02-19T22:44:11.933+0000 7ff97fbfe140 -1 mgr[py] Module volumes has missing NOTIFY_TYPES member
2026-02-19T22:44:12.317 INFO:journalctl@ceph.mgr.x.trial015.stdout:Feb 19 22:44:11 trial015 ceph-75ad8dd5-0de4-11f1-9a5a-d404e6e7d460-mgr-x[41107]:
2026-02-19T22:44:11.963+0000 7ff97fbfe140 -1 mgr[py] Module zabbix has missing NOTIFY_TYPES member
2026-02-19T22:44:12.618 INFO:journalctl@ceph.mgr.x.trial015.stdout:Feb 19 22:44:12 trial015 ceph-75ad8dd5-0de4-11f1-9a5a-d404e6e7d460-mgr-x[41107]:
2026-02-19T22:44:12.359+0000 7ff97fbfe140 -1 mgr[py] Module influx has missing NOTIFY_TYPES member
2026-02-19T22:44:12.618 INFO:journalctl@ceph.mon.a.trial015.stdout:Feb 19 22:44:12 trial015 ceph-mon[40845]: Active manager daemon x restarted
2026-02-19T22:44:12.618 INFO:journalctl@ceph.mon.a.trial015.stdout:Feb 19 22:44:12 trial015 ceph-mon[40845]: Activating manager daemon x
2026-02-19T22:44:12.618 INFO:journalctl@ceph.mon.a.trial015.stdout:Feb 19 22:44:12 trial015 ceph-mon[40845]: osdmap e2: 0 total, 0 up, 0 in
2026-02-19T22:44:12.619 INFO:journalctl@ceph.mon.a.trial015.stdout:Feb 19 22:44:12 trial015 ceph-mon[40845]: mgrmap e6: x(active, starting, since 0.00233013s)
2026-02-19T22:44:12.619 INFO:journalctl@ceph.mon.a.trial015.stdout:Feb 19 22:44:12 trial015 ceph-mon[40845]: from='mgr.14118 10.20.193.15:0/1578169548' entity='mgr.x' cmd=[{"prefix": "mon metadata", "id": "a"}]: dispatch
2026-02-19T22:44:12.619 INFO:journalctl@ceph.mon.a.trial015.stdout:Feb 19 22:44:12 trial015 ceph-mon[40845]: from='mgr.14118 10.20.193.15:0/1578169548' entity='mgr.x' cmd=[{"prefix": "mgr metadata", "who": "x", "id": "x"}]: dispatch
2026-02-19T22:44:12.619 INFO:journalctl@ceph.mon.a.trial015.stdout:Feb 19 22:44:12 trial015 ceph-mon[40845]: from='mgr.14118 10.20.193.15:0/1578169548' entity='mgr.x' cmd=[{"prefix": "mds metadata"}]: dispatch
2026-02-19T22:44:12.619 INFO:journalctl@ceph.mon.a.trial015.stdout:Feb 19 22:44:12 trial015 ceph-mon[40845]: from='mgr.14118 10.20.193.15:0/1578169548' entity='mgr.x' cmd=[{"prefix": "osd metadata"}]: dispatch
2026-02-19T22:44:12.619 INFO:journalctl@ceph.mon.a.trial015.stdout:Feb 19 22:44:12 trial015 ceph-mon[40845]: from='mgr.14118 10.20.193.15:0/1578169548' entity='mgr.x' cmd=[{"prefix": "mon metadata"}]: dispatch
2026-02-19T22:44:12.619 INFO:journalctl@ceph.mon.a.trial015.stdout:Feb 19 22:44:12 trial015 ceph-mon[40845]: Manager daemon x is now available
2026-02-19T22:44:12.619 INFO:journalctl@ceph.mon.a.trial015.stdout:Feb 19 22:44:12 trial015 ceph-mon[40845]: from='mgr.14118 10.20.193.15:0/1578169548' entity='mgr.x'
2026-02-19T22:44:12.619 INFO:journalctl@ceph.mon.a.trial015.stdout:Feb 19 22:44:12 trial015 ceph-mon[40845]: from='mgr.14118 10.20.193.15:0/1578169548' entity='mgr.x'
2026-02-19T22:44:12.619 INFO:journalctl@ceph.mon.a.trial015.stdout:Feb 19 22:44:12 trial015 ceph-mon[40845]: from='mgr.14118 10.20.193.15:0/1578169548' entity='mgr.x' cmd=[{"prefix": "config dump", "format": "json"}]: dispatch
2026-02-19T22:44:12.619 INFO:journalctl@ceph.mon.a.trial015.stdout:Feb 19 22:44:12 trial015 ceph-mon[40845]: from='mgr.14118 10.20.193.15:0/1578169548' entity='mgr.x' cmd=[{"prefix": "config dump", "format": "json"}]: dispatch
2026-02-19T22:44:12.620 INFO:journalctl@ceph.mon.a.trial015.stdout:Feb 19 22:44:12 trial015 ceph-mon[40845]: from='mgr.14118 10.20.193.15:0/1578169548' entity='mgr.x' cmd=[{"prefix":"config rm","who":"mgr","name":"mgr/rbd_support/x/mirror_snapshot_schedule"}]: dispatch
2026-02-19T22:44:12.620 INFO:journalctl@ceph.mon.a.trial015.stdout:Feb 19 22:44:12 trial015 ceph-mon[40845]: from='mgr.14118 10.20.193.15:0/1578169548' entity='mgr.x' cmd=[{"prefix":"config rm","who":"mgr","name":"mgr/rbd_support/x/trash_purge_schedule"}]: dispatch
2026-02-19T22:44:13.397 INFO:teuthology.orchestra.run.trial015.stdout:/usr/bin/ceph: stdout {
2026-02-19T22:44:13.397 INFO:teuthology.orchestra.run.trial015.stdout:/usr/bin/ceph: stdout "mgrmap_epoch": 7,
2026-02-19T22:44:13.397 INFO:teuthology.orchestra.run.trial015.stdout:/usr/bin/ceph: stdout "initialized": true
2026-02-19T22:44:13.397 INFO:teuthology.orchestra.run.trial015.stdout:/usr/bin/ceph: stdout }
2026-02-19T22:44:13.397 INFO:teuthology.orchestra.run.trial015.stdout:/usr/bin/ceph: stderr
2026-02-19T22:44:10.082+0000 7f1784b50640 1 Processor -- start
2026-02-19T22:44:13.397 INFO:teuthology.orchestra.run.trial015.stdout:/usr/bin/ceph: stderr
2026-02-19T22:44:10.082+0000 7f1784b50640 1 -- start start
2026-02-19T22:44:13.397 INFO:teuthology.orchestra.run.trial015.stdout:/usr/bin/ceph: stderr
2026-02-19T22:44:10.082+0000 7f1784b50640 1 --2- >> [v2:10.20.193.15:3300/0,v1:10.20.193.15:6789/0] conn(0x7f178010a9e0 0x7f178010ade0 unknown :-1 s=NONE pgs=0 cs=0 l=0 rev1=0 crypto rx=0 tx=0 comp rx=0 tx=0).connect
2026-02-19T22:44:13.398 INFO:teuthology.orchestra.run.trial015.stdout:/usr/bin/ceph: stderr
2026-02-19T22:44:10.082+0000 7f1784b50640 1 -- --> [v2:10.20.193.15:3300/0,v1:10.20.193.15:6789/0] -- mon_getmap magic: 0 -- 0x7f178010b3b0 con 0x7f178010a9e0
2026-02-19T22:44:13.398 INFO:teuthology.orchestra.run.trial015.stdout:/usr/bin/ceph: stderr
2026-02-19T22:44:10.082+0000 7f177e575640 1 --2- >> [v2:10.20.193.15:3300/0,v1:10.20.193.15:6789/0] conn(0x7f178010a9e0 0x7f178010ade0 unknown :-1 s=BANNER_CONNECTING pgs=0 cs=0 l=0 rev1=0 crypto rx=0 tx=0 comp rx=0 tx=0)._handle_peer_banner_payload supported=3 required=0
2026-02-19T22:44:13.398 INFO:teuthology.orchestra.run.trial015.stdout:/usr/bin/ceph: stderr
2026-02-19T22:44:10.082+0000 7f177e575640 1 --2- >> [v2:10.20.193.15:3300/0,v1:10.20.193.15:6789/0] conn(0x7f178010a9e0 0x7f178010ade0 unknown :-1 s=HELLO_CONNECTING pgs=0 cs=0 l=0 rev1=1 crypto rx=0 tx=0 comp rx=0 tx=0).handle_hello peer v2:10.20.193.15:3300/0 says I am v2:10.20.193.15:56790/0 (socket says 10.20.193.15:56790)
2026-02-19T22:44:13.398 INFO:teuthology.orchestra.run.trial015.stdout:/usr/bin/ceph: stderr
2026-02-19T22:44:10.082+0000 7f177e575640 1 -- 10.20.193.15:0/4200433072 learned_addr learned my addr 10.20.193.15:0/4200433072 (peer_addr_for_me v2:10.20.193.15:0/0)
2026-02-19T22:44:13.398 INFO:teuthology.orchestra.run.trial015.stdout:/usr/bin/ceph: stderr
2026-02-19T22:44:10.082+0000 7f177e575640 1 -- 10.20.193.15:0/4200433072 --> [v2:10.20.193.15:3300/0,v1:10.20.193.15:6789/0] -- mon_subscribe({config=0+,monmap=0+}) -- 0x7f178010b7a0 con 0x7f178010a9e0
2026-02-19T22:44:13.398 INFO:teuthology.orchestra.run.trial015.stdout:/usr/bin/ceph: stderr
2026-02-19T22:44:10.083+0000 7f177e575640 1 --2- 10.20.193.15:0/4200433072 >> [v2:10.20.193.15:3300/0,v1:10.20.193.15:6789/0] conn(0x7f178010a9e0 0x7f178010ade0 secure :-1 s=READY pgs=26 cs=0 l=1 rev1=1 crypto rx=0x7f1774009920 tx=0x7f177402ef20 comp rx=0 tx=0).ready entity=mon.0 client_cookie=b9e10b3ee3d14911 server_cookie=0 in_seq=0 out_seq=0
2026-02-19T22:44:13.398 INFO:teuthology.orchestra.run.trial015.stdout:/usr/bin/ceph: stderr
2026-02-19T22:44:10.083+0000 7f177d573640 1 -- 10.20.193.15:0/4200433072 <== mon.0 v2:10.20.193.15:3300/0 1 ==== mon_map magic: 0 ==== 205+0+0 (secure 0 0 0) 0x7f177403c070 con 0x7f178010a9e0
2026-02-19T22:44:13.398 INFO:teuthology.orchestra.run.trial015.stdout:/usr/bin/ceph: stderr
2026-02-19T22:44:10.083+0000 7f177d573640 1 -- 10.20.193.15:0/4200433072 <== mon.0 v2:10.20.193.15:3300/0 2 ==== config(26 keys) ==== 1045+0+0 (secure 0 0 0) 0x7f1774037440 con 0x7f178010a9e0
2026-02-19T22:44:13.398 INFO:teuthology.orchestra.run.trial015.stdout:/usr/bin/ceph: stderr
2026-02-19T22:44:10.083+0000 7f177d573640 1 -- 10.20.193.15:0/4200433072 <== mon.0 v2:10.20.193.15:3300/0 3 ==== mon_map magic: 0 ==== 205+0+0 (secure 0 0 0) 0x7f17740354b0 con 0x7f178010a9e0
2026-02-19T22:44:13.398 INFO:teuthology.orchestra.run.trial015.stdout:/usr/bin/ceph: stderr
2026-02-19T22:44:10.083+0000 7f1784b50640 1 -- 10.20.193.15:0/4200433072 >> [v2:10.20.193.15:3300/0,v1:10.20.193.15:6789/0] conn(0x7f178010a9e0 msgr2=0x7f178010ade0 secure :-1 s=STATE_CONNECTION_ESTABLISHED l=1).mark_down
2026-02-19T22:44:13.398 INFO:teuthology.orchestra.run.trial015.stdout:/usr/bin/ceph: stderr
2026-02-19T22:44:10.083+0000 7f1784b50640 1 --2- 10.20.193.15:0/4200433072 >> [v2:10.20.193.15:3300/0,v1:10.20.193.15:6789/0] conn(0x7f178010a9e0 0x7f178010ade0 secure :-1 s=READY pgs=26 cs=0 l=1 rev1=1 crypto rx=0x7f1774009920 tx=0x7f177402ef20 comp rx=0 tx=0).stop
2026-02-19T22:44:13.399 INFO:teuthology.orchestra.run.trial015.stdout:/usr/bin/ceph: stderr
2026-02-19T22:44:10.083+0000 7f1784b50640 1 -- 10.20.193.15:0/4200433072 shutdown_connections
2026-02-19T22:44:13.399 INFO:teuthology.orchestra.run.trial015.stdout:/usr/bin/ceph: stderr
2026-02-19T22:44:10.083+0000 7f1784b50640 1 --2- 10.20.193.15:0/4200433072 >> [v2:10.20.193.15:3300/0,v1:10.20.193.15:6789/0] conn(0x7f178010a9e0 0x7f178010ade0 unknown :-1 s=CLOSED pgs=26 cs=0 l=1 rev1=1 crypto rx=0 tx=0 comp rx=0 tx=0).stop
2026-02-19T22:44:13.399 INFO:teuthology.orchestra.run.trial015.stdout:/usr/bin/ceph: stderr
2026-02-19T22:44:10.083+0000 7f1784b50640 1 -- 10.20.193.15:0/4200433072 >> 10.20.193.15:0/4200433072 conn(0x7f178007dab0 msgr2=0x7f178007dec0 unknown :-1 s=STATE_NONE l=0).mark_down
2026-02-19T22:44:13.399 INFO:teuthology.orchestra.run.trial015.stdout:/usr/bin/ceph: stderr
2026-02-19T22:44:10.083+0000 7f1784b50640 1 -- 10.20.193.15:0/4200433072 shutdown_connections
2026-02-19T22:44:13.399 INFO:teuthology.orchestra.run.trial015.stdout:/usr/bin/ceph: stderr
2026-02-19T22:44:10.083+0000 7f1784b50640 1 -- 10.20.193.15:0/4200433072 wait complete.
2026-02-19T22:44:13.399 INFO:teuthology.orchestra.run.trial015.stdout:/usr/bin/ceph: stderr
2026-02-19T22:44:10.084+0000 7f1784b50640 1 Processor -- start
2026-02-19T22:44:13.399 INFO:teuthology.orchestra.run.trial015.stdout:/usr/bin/ceph: stderr
2026-02-19T22:44:10.084+0000 7f1784b50640 1 -- start start
2026-02-19T22:44:13.399 INFO:teuthology.orchestra.run.trial015.stdout:/usr/bin/ceph: stderr
2026-02-19T22:44:10.084+0000 7f1784b50640 1 --2- >> [v2:10.20.193.15:3300/0,v1:10.20.193.15:6789/0] conn(0x7f178010a9e0 0x7f17801a0400 unknown :-1 s=NONE pgs=0 cs=0 l=1 rev1=0 crypto rx=0 tx=0 comp rx=0 tx=0).connect
2026-02-19T22:44:13.399 INFO:teuthology.orchestra.run.trial015.stdout:/usr/bin/ceph: stderr
2026-02-19T22:44:10.084+0000 7f1784b50640 1 -- --> [v2:10.20.193.15:3300/0,v1:10.20.193.15:6789/0] -- mon_getmap magic: 0 -- 0x7f178010e9d0 con 0x7f178010a9e0
2026-02-19T22:44:13.399 INFO:teuthology.orchestra.run.trial015.stdout:/usr/bin/ceph: stderr
2026-02-19T22:44:10.084+0000 7f177e575640 1 --2- >> [v2:10.20.193.15:3300/0,v1:10.20.193.15:6789/0] conn(0x7f178010a9e0 0x7f17801a0400 unknown :-1 s=BANNER_CONNECTING pgs=0 cs=0 l=1 rev1=0 crypto rx=0 tx=0 comp rx=0 tx=0)._handle_peer_banner_payload supported=3 required=0
2026-02-19T22:44:13.399 INFO:teuthology.orchestra.run.trial015.stdout:/usr/bin/ceph: stderr
2026-02-19T22:44:10.084+0000 7f177e575640 1 --2- >> [v2:10.20.193.15:3300/0,v1:10.20.193.15:6789/0] conn(0x7f178010a9e0 0x7f17801a0400 unknown :-1 s=HELLO_CONNECTING pgs=0 cs=0 l=1 rev1=1 crypto rx=0 tx=0 comp rx=0 tx=0).handle_hello peer v2:10.20.193.15:3300/0 says I am v2:10.20.193.15:56794/0 (socket says 10.20.193.15:56794)
2026-02-19T22:44:13.400 INFO:teuthology.orchestra.run.trial015.stdout:/usr/bin/ceph: stderr
2026-02-19T22:44:10.084+0000 7f177e575640 1 -- 10.20.193.15:0/3661055711 learned_addr learned my addr 10.20.193.15:0/3661055711 (peer_addr_for_me v2:10.20.193.15:0/0)
2026-02-19T22:44:13.400 INFO:teuthology.orchestra.run.trial015.stdout:/usr/bin/ceph: stderr
2026-02-19T22:44:10.084+0000 7f177e575640 1 -- 10.20.193.15:0/3661055711 --> [v2:10.20.193.15:3300/0,v1:10.20.193.15:6789/0] -- mon_subscribe({config=0+,monmap=0+}) -- 0x7f17801a0940 con 0x7f178010a9e0
2026-02-19T22:44:13.400 INFO:teuthology.orchestra.run.trial015.stdout:/usr/bin/ceph: stderr
2026-02-19T22:44:10.084+0000 7f177e575640 1 --2- 10.20.193.15:0/3661055711 >> [v2:10.20.193.15:3300/0,v1:10.20.193.15:6789/0] conn(0x7f178010a9e0 0x7f17801a0400 secure :-1 s=READY pgs=27 cs=0 l=1 rev1=1 crypto rx=0x7f1774009a50 tx=0x7f1774037b90 comp rx=0 tx=0).ready entity=mon.0 client_cookie=0 server_cookie=0 in_seq=0 out_seq=0
2026-02-19T22:44:13.400 INFO:teuthology.orchestra.run.trial015.stdout:/usr/bin/ceph: stderr
2026-02-19T22:44:10.084+0000 7f17677fe640 1 -- 10.20.193.15:0/3661055711 <== mon.0 v2:10.20.193.15:3300/0 1 ==== mon_map magic: 0 ==== 205+0+0 (secure 0 0 0) 0x7f1774045070 con 0x7f178010a9e0
2026-02-19T22:44:13.400 INFO:teuthology.orchestra.run.trial015.stdout:/usr/bin/ceph: stderr
2026-02-19T22:44:10.084+0000 7f17677fe640 1 -- 10.20.193.15:0/3661055711 <== mon.0 v2:10.20.193.15:3300/0 2 ==== config(26 keys) ==== 1045+0+0 (secure 0 0 0) 0x7f1774040450 con 0x7f178010a9e0
2026-02-19T22:44:13.400 INFO:teuthology.orchestra.run.trial015.stdout:/usr/bin/ceph: stderr
2026-02-19T22:44:10.084+0000 7f1784b50640 1 -- 10.20.193.15:0/3661055711 --> [v2:10.20.193.15:3300/0,v1:10.20.193.15:6789/0] -- mon_subscribe({mgrmap=0+}) -- 0x7f17801a0bd0 con 0x7f178010a9e0
2026-02-19T22:44:13.400 INFO:teuthology.orchestra.run.trial015.stdout:/usr/bin/ceph: stderr
