2026-02-19T22:44:06.347+0000 7f41227fc640 1 -- 10.20.193.15:0/2904122127 <== mon.0 v2:10.20.193.15:3300/0 5 ==== osd_map(1..1 src has 1..1) ==== 725+0+0 (secure 0 0 0) 0x7f412404ab30 con 0x7f413410a9e0
2026-02-19T22:44:06.418 INFO:teuthology.orchestra.run.trial015.stdout:/usr/bin/ceph: stderr
2026-02-19T22:44:06.347+0000 7f413b421640 1 -- 10.20.193.15:0/2904122127 --> [v2:10.20.193.15:3300/0,v1:10.20.193.15:6789/0] -- mon_command({"prefix": "get_command_descriptions"} v 0) -- 0x7f413410ae60 con 0x7f413410a9e0
2026-02-19T22:44:06.418 INFO:teuthology.orchestra.run.trial015.stdout:/usr/bin/ceph: stderr
2026-02-19T22:44:06.348+0000 7f41227fc640 1 -- 10.20.193.15:0/2904122127 <== mon.0 v2:10.20.193.15:3300/0 6 ==== mon_command_ack([{"prefix": "get_command_descriptions"}]=0 v0) ==== 72+0+75931 (secure 0 0 0) 0x7f412403eaf0 con 0x7f413410a9e0
2026-02-19T22:44:06.418 INFO:teuthology.orchestra.run.trial015.stdout:/usr/bin/ceph: stderr
2026-02-19T22:44:06.377+0000 7f413b421640 1 -- 10.20.193.15:0/2904122127 --> [v2:10.20.193.15:3300/0,v1:10.20.193.15:6789/0] -- mon_command({"prefix": "status", "format": "json-pretty"} v 0) -- 0x7f41341a3e40 con 0x7f413410a9e0
2026-02-19T22:44:06.418 INFO:teuthology.orchestra.run.trial015.stdout:/usr/bin/ceph: stderr
2026-02-19T22:44:06.377+0000 7f41227fc640 1 -- 10.20.193.15:0/2904122127 <== mon.0 v2:10.20.193.15:3300/0 7 ==== mon_command_ack([{"prefix": "status", "format": "json-pretty"}]=0 v0) ==== 79+0+1291 (secure 0 0 0) 0x7f412403ecd0 con 0x7f413410a9e0
2026-02-19T22:44:06.418 INFO:teuthology.orchestra.run.trial015.stdout:/usr/bin/ceph: stderr
2026-02-19T22:44:06.377+0000 7f413b421640 1 -- 10.20.193.15:0/2904122127 >> [v2:10.20.193.15:3300/0,v1:10.20.193.15:6789/0] conn(0x7f413410a9e0 msgr2=0x7f41341a0400 secure :-1 s=STATE_CONNECTION_ESTABLISHED l=1).mark_down
2026-02-19T22:44:06.418 INFO:teuthology.orchestra.run.trial015.stdout:/usr/bin/ceph: stderr
2026-02-19T22:44:06.377+0000 7f413b421640 1 --2- 10.20.193.15:0/2904122127 >> [v2:10.20.193.15:3300/0,v1:10.20.193.15:6789/0] conn(0x7f413410a9e0 0x7f41341a0400 secure :-1 s=READY pgs=8 cs=0 l=1 rev1=1 crypto rx=0x7f4124006fd0 tx=0x7f4124037bb0 comp rx=0 tx=0).stop
2026-02-19T22:44:06.418 INFO:teuthology.orchestra.run.trial015.stdout:/usr/bin/ceph: stderr
2026-02-19T22:44:06.377+0000 7f413b421640 1 -- 10.20.193.15:0/2904122127 shutdown_connections
2026-02-19T22:44:06.418 INFO:teuthology.orchestra.run.trial015.stdout:/usr/bin/ceph: stderr
2026-02-19T22:44:06.377+0000 7f413b421640 1 --2- 10.20.193.15:0/2904122127 >> [v2:10.20.193.15:3300/0,v1:10.20.193.15:6789/0] conn(0x7f413410a9e0 0x7f41341a0400 unknown :-1 s=CLOSED pgs=8 cs=0 l=1 rev1=1 crypto rx=0 tx=0 comp rx=0 tx=0).stop
2026-02-19T22:44:06.418 INFO:teuthology.orchestra.run.trial015.stdout:/usr/bin/ceph: stderr
2026-02-19T22:44:06.377+0000 7f413b421640 1 -- 10.20.193.15:0/2904122127 >> 10.20.193.15:0/2904122127 conn(0x7f413407dae0 msgr2=0x7f4134108700 unknown :-1 s=STATE_NONE l=0).mark_down
2026-02-19T22:44:06.419 INFO:teuthology.orchestra.run.trial015.stdout:/usr/bin/ceph: stderr
2026-02-19T22:44:06.377+0000 7f413b421640 1 -- 10.20.193.15:0/2904122127 shutdown_connections
2026-02-19T22:44:06.419 INFO:teuthology.orchestra.run.trial015.stdout:/usr/bin/ceph: stderr
2026-02-19T22:44:06.377+0000 7f413b421640 1 -- 10.20.193.15:0/2904122127 wait complete.
2026-02-19T22:44:06.419 INFO:teuthology.orchestra.run.trial015.stdout:mgr not available, waiting (2/15)...
2026-02-19T22:44:06.618 INFO:journalctl@ceph.mgr.x.trial015.stdout:Feb 19 22:44:06 trial015 ceph-75ad8dd5-0de4-11f1-9a5a-d404e6e7d460-mgr-x[41107]:
2026-02-19T22:44:06.267+0000 7f1c78258140 -1 mgr[py] Module volumes has missing NOTIFY_TYPES member
2026-02-19T22:44:06.618 INFO:journalctl@ceph.mgr.x.trial015.stdout:Feb 19 22:44:06 trial015 ceph-75ad8dd5-0de4-11f1-9a5a-d404e6e7d460-mgr-x[41107]:
2026-02-19T22:44:06.299+0000 7f1c78258140 -1 mgr[py] Module zabbix has missing NOTIFY_TYPES member
2026-02-19T22:44:06.618 INFO:journalctl@ceph.mon.a.trial015.stdout:Feb 19 22:44:06 trial015 ceph-mon[40845]: from='client.? 10.20.193.15:0/2904122127' entity='client.admin' cmd=[{"prefix": "status", "format": "json-pretty"}]: dispatch
2026-02-19T22:44:07.117 INFO:journalctl@ceph.mgr.x.trial015.stdout:Feb 19 22:44:06 trial015 ceph-75ad8dd5-0de4-11f1-9a5a-d404e6e7d460-mgr-x[41107]:
2026-02-19T22:44:06.703+0000 7f1c78258140 -1 mgr[py] Module influx has missing NOTIFY_TYPES member
2026-02-19T22:44:07.868 INFO:journalctl@ceph.mon.a.trial015.stdout:Feb 19 22:44:07 trial015 ceph-mon[40845]: Activating manager daemon x
2026-02-19T22:44:07.868 INFO:journalctl@ceph.mon.a.trial015.stdout:Feb 19 22:44:07 trial015 ceph-mon[40845]: mgrmap e2: x(active, starting, since 0.00258438s)
2026-02-19T22:44:07.868 INFO:journalctl@ceph.mon.a.trial015.stdout:Feb 19 22:44:07 trial015 ceph-mon[40845]: from='mgr.14100 10.20.193.15:0/1144632959' entity='mgr.x' cmd=[{"prefix": "mds metadata"}]: dispatch
2026-02-19T22:44:07.868 INFO:journalctl@ceph.mon.a.trial015.stdout:Feb 19 22:44:07 trial015 ceph-mon[40845]: from='mgr.14100 10.20.193.15:0/1144632959' entity='mgr.x' cmd=[{"prefix": "osd metadata"}]: dispatch
2026-02-19T22:44:07.868 INFO:journalctl@ceph.mon.a.trial015.stdout:Feb 19 22:44:07 trial015 ceph-mon[40845]: from='mgr.14100 10.20.193.15:0/1144632959' entity='mgr.x' cmd=[{"prefix": "mon metadata"}]: dispatch
2026-02-19T22:44:07.868 INFO:journalctl@ceph.mon.a.trial015.stdout:Feb 19 22:44:07 trial015 ceph-mon[40845]: from='mgr.14100 10.20.193.15:0/1144632959' entity='mgr.x' cmd=[{"prefix": "mon metadata", "id": "a"}]: dispatch
2026-02-19T22:44:07.868 INFO:journalctl@ceph.mon.a.trial015.stdout:Feb 19 22:44:07 trial015 ceph-mon[40845]: from='mgr.14100 10.20.193.15:0/1144632959' entity='mgr.x' cmd=[{"prefix": "mgr metadata", "who": "x", "id": "x"}]: dispatch
2026-02-19T22:44:07.869 INFO:journalctl@ceph.mon.a.trial015.stdout:Feb 19 22:44:07 trial015 ceph-mon[40845]: Manager daemon x is now available
2026-02-19T22:44:07.869 INFO:journalctl@ceph.mon.a.trial015.stdout:Feb 19 22:44:07 trial015 ceph-mon[40845]: from='mgr.14100 10.20.193.15:0/1144632959' entity='mgr.x' cmd=[{"prefix":"config rm","who":"mgr","name":"mgr/rbd_support/x/mirror_snapshot_schedule"}]: dispatch
2026-02-19T22:44:07.869 INFO:journalctl@ceph.mon.a.trial015.stdout:Feb 19 22:44:07 trial015 ceph-mon[40845]: from='mgr.14100 10.20.193.15:0/1144632959' entity='mgr.x'
2026-02-19T22:44:07.869 INFO:journalctl@ceph.mon.a.trial015.stdout:Feb 19 22:44:07 trial015 ceph-mon[40845]: from='mgr.14100 10.20.193.15:0/1144632959' entity='mgr.x' cmd=[{"prefix":"config rm","who":"mgr","name":"mgr/rbd_support/x/trash_purge_schedule"}]: dispatch
2026-02-19T22:44:07.869 INFO:journalctl@ceph.mon.a.trial015.stdout:Feb 19 22:44:07 trial015 ceph-mon[40845]: from='mgr.14100 10.20.193.15:0/1144632959' entity='mgr.x'
2026-02-19T22:44:07.869 INFO:journalctl@ceph.mon.a.trial015.stdout:Feb 19 22:44:07 trial015 ceph-mon[40845]: from='mgr.14100 10.20.193.15:0/1144632959' entity='mgr.x'
2026-02-19T22:44:08.641 INFO:teuthology.orchestra.run.trial015.stdout:/usr/bin/ceph: stdout
2026-02-19T22:44:08.642 INFO:teuthology.orchestra.run.trial015.stdout:/usr/bin/ceph: stdout {
2026-02-19T22:44:08.642 INFO:teuthology.orchestra.run.trial015.stdout:/usr/bin/ceph: stdout "fsid": "75ad8dd5-0de4-11f1-9a5a-d404e6e7d460",
2026-02-19T22:44:08.642 INFO:teuthology.orchestra.run.trial015.stdout:/usr/bin/ceph: stdout "health": {
2026-02-19T22:44:08.642 INFO:teuthology.orchestra.run.trial015.stdout:/usr/bin/ceph: stdout "status": "HEALTH_OK",
2026-02-19T22:44:08.642 INFO:teuthology.orchestra.run.trial015.stdout:/usr/bin/ceph: stdout "checks": {},
2026-02-19T22:44:08.642 INFO:teuthology.orchestra.run.trial015.stdout:/usr/bin/ceph: stdout "mutes": []
2026-02-19T22:44:08.642 INFO:teuthology.orchestra.run.trial015.stdout:/usr/bin/ceph: stdout },
2026-02-19T22:44:08.642 INFO:teuthology.orchestra.run.trial015.stdout:/usr/bin/ceph: stdout "election_epoch": 5,
2026-02-19T22:44:08.642 INFO:teuthology.orchestra.run.trial015.stdout:/usr/bin/ceph: stdout "quorum": [
2026-02-19T22:44:08.642 INFO:teuthology.orchestra.run.trial015.stdout:/usr/bin/ceph: stdout 0
2026-02-19T22:44:08.643 INFO:teuthology.orchestra.run.trial015.stdout:/usr/bin/ceph: stdout ],
2026-02-19T22:44:08.643 INFO:teuthology.orchestra.run.trial015.stdout:/usr/bin/ceph: stdout "quorum_names": [
2026-02-19T22:44:08.643 INFO:teuthology.orchestra.run.trial015.stdout:/usr/bin/ceph: stdout "a"
2026-02-19T22:44:08.643 INFO:teuthology.orchestra.run.trial015.stdout:/usr/bin/ceph: stdout ],
2026-02-19T22:44:08.643 INFO:teuthology.orchestra.run.trial015.stdout:/usr/bin/ceph: stdout "quorum_age": 5,
2026-02-19T22:44:08.643 INFO:teuthology.orchestra.run.trial015.stdout:/usr/bin/ceph: stdout "monmap": {
2026-02-19T22:44:08.643 INFO:teuthology.orchestra.run.trial015.stdout:/usr/bin/ceph: stdout "epoch": 1,
2026-02-19T22:44:08.643 INFO:teuthology.orchestra.run.trial015.stdout:/usr/bin/ceph: stdout "min_mon_release_name": "squid",
2026-02-19T22:44:08.643 INFO:teuthology.orchestra.run.trial015.stdout:/usr/bin/ceph: stdout "num_mons": 1
2026-02-19T22:44:08.643 INFO:teuthology.orchestra.run.trial015.stdout:/usr/bin/ceph: stdout },
2026-02-19T22:44:08.643 INFO:teuthology.orchestra.run.trial015.stdout:/usr/bin/ceph: stdout "osdmap": {
2026-02-19T22:44:08.644 INFO:teuthology.orchestra.run.trial015.stdout:/usr/bin/ceph: stdout "epoch": 1,
2026-02-19T22:44:08.644 INFO:teuthology.orchestra.run.trial015.stdout:/usr/bin/ceph: stdout "num_osds": 0,
2026-02-19T22:44:08.644 INFO:teuthology.orchestra.run.trial015.stdout:/usr/bin/ceph: stdout "num_up_osds": 0,
2026-02-19T22:44:08.644 INFO:teuthology.orchestra.run.trial015.stdout:/usr/bin/ceph: stdout "osd_up_since": 0,
2026-02-19T22:44:08.644 INFO:teuthology.orchestra.run.trial015.stdout:/usr/bin/ceph: stdout "num_in_osds": 0,
2026-02-19T22:44:08.644 INFO:teuthology.orchestra.run.trial015.stdout:/usr/bin/ceph: stdout "osd_in_since": 0,
2026-02-19T22:44:08.644 INFO:teuthology.orchestra.run.trial015.stdout:/usr/bin/ceph: stdout "num_remapped_pgs": 0
2026-02-19T22:44:08.644 INFO:teuthology.orchestra.run.trial015.stdout:/usr/bin/ceph: stdout },
2026-02-19T22:44:08.644 INFO:teuthology.orchestra.run.trial015.stdout:/usr/bin/ceph: stdout "pgmap": {
2026-02-19T22:44:08.644 INFO:teuthology.orchestra.run.trial015.stdout:/usr/bin/ceph: stdout "pgs_by_state": [],
2026-02-19T22:44:08.644 INFO:teuthology.orchestra.run.trial015.stdout:/usr/bin/ceph: stdout "num_pgs": 0,
2026-02-19T22:44:08.644 INFO:teuthology.orchestra.run.trial015.stdout:/usr/bin/ceph: stdout "num_pools": 0,
2026-02-19T22:44:08.644 INFO:teuthology.orchestra.run.trial015.stdout:/usr/bin/ceph: stdout "num_objects": 0,
2026-02-19T22:44:08.645 INFO:teuthology.orchestra.run.trial015.stdout:/usr/bin/ceph: stdout "data_bytes": 0,
2026-02-19T22:44:08.645 INFO:teuthology.orchestra.run.trial015.stdout:/usr/bin/ceph: stdout "bytes_used": 0,
2026-02-19T22:44:08.645 INFO:teuthology.orchestra.run.trial015.stdout:/usr/bin/ceph: stdout "bytes_avail": 0,
2026-02-19T22:44:08.645 INFO:teuthology.orchestra.run.trial015.stdout:/usr/bin/ceph: stdout "bytes_total": 0
2026-02-19T22:44:08.645 INFO:teuthology.orchestra.run.trial015.stdout:/usr/bin/ceph: stdout },
2026-02-19T22:44:08.645 INFO:teuthology.orchestra.run.trial015.stdout:/usr/bin/ceph: stdout "fsmap": {
2026-02-19T22:44:08.645 INFO:teuthology.orchestra.run.trial015.stdout:/usr/bin/ceph: stdout "epoch": 1,
2026-02-19T22:44:08.645 INFO:teuthology.orchestra.run.trial015.stdout:/usr/bin/ceph: stdout "btime": "2026-02-19T22:44:02:557211+0000",
2026-02-19T22:44:08.645 INFO:teuthology.orchestra.run.trial015.stdout:/usr/bin/ceph: stdout "by_rank": [],
2026-02-19T22:44:08.645 INFO:teuthology.orchestra.run.trial015.stdout:/usr/bin/ceph: stdout "up:standby": 0
2026-02-19T22:44:08.645 INFO:teuthology.orchestra.run.trial015.stdout:/usr/bin/ceph: stdout },
2026-02-19T22:44:08.646 INFO:teuthology.orchestra.run.trial015.stdout:/usr/bin/ceph: stdout "mgrmap": {
2026-02-19T22:44:08.646 INFO:teuthology.orchestra.run.trial015.stdout:/usr/bin/ceph: stdout "available": true,
2026-02-19T22:44:08.646 INFO:teuthology.orchestra.run.trial015.stdout:/usr/bin/ceph: stdout "num_standbys": 0,
2026-02-19T22:44:08.646 INFO:teuthology.orchestra.run.trial015.stdout:/usr/bin/ceph: stdout "modules": [
2026-02-19T22:44:08.646 INFO:teuthology.orchestra.run.trial015.stdout:/usr/bin/ceph: stdout "iostat",
2026-02-19T22:44:08.646 INFO:teuthology.orchestra.run.trial015.stdout:/usr/bin/ceph: stdout "nfs",
2026-02-19T22:44:08.646 INFO:teuthology.orchestra.run.trial015.stdout:/usr/bin/ceph: stdout "restful"
2026-02-19T22:44:08.646 INFO:teuthology.orchestra.run.trial015.stdout:/usr/bin/ceph: stdout ],
2026-02-19T22:44:08.646 INFO:teuthology.orchestra.run.trial015.stdout:/usr/bin/ceph: stdout "services": {}
2026-02-19T22:44:08.646 INFO:teuthology.orchestra.run.trial015.stdout:/usr/bin/ceph: stdout },
2026-02-19T22:44:08.646 INFO:teuthology.orchestra.run.trial015.stdout:/usr/bin/ceph: stdout "servicemap": {
2026-02-19T22:44:08.646 INFO:teuthology.orchestra.run.trial015.stdout:/usr/bin/ceph: stdout "epoch": 1,
2026-02-19T22:44:08.646 INFO:teuthology.orchestra.run.trial015.stdout:/usr/bin/ceph: stdout "modified": "2026-02-19T22:44:02.557682+0000",
2026-02-19T22:44:08.647 INFO:teuthology.orchestra.run.trial015.stdout:/usr/bin/ceph: stdout "services": {}
2026-02-19T22:44:08.647 INFO:teuthology.orchestra.run.trial015.stdout:/usr/bin/ceph: stdout },
2026-02-19T22:44:08.647 INFO:teuthology.orchestra.run.trial015.stdout:/usr/bin/ceph: stdout "progress_events": {}
2026-02-19T22:44:08.647 INFO:teuthology.orchestra.run.trial015.stdout:/usr/bin/ceph: stdout }
2026-02-19T22:44:08.647 INFO:teuthology.orchestra.run.trial015.stdout:/usr/bin/ceph: stderr
2026-02-19T22:44:08.493+0000 7f668dcb3640 1 Processor -- start
2026-02-19T22:44:08.647 INFO:teuthology.orchestra.run.trial015.stdout:/usr/bin/ceph: stderr
2026-02-19T22:44:08.493+0000 7f668dcb3640 1 -- start start
2026-02-19T22:44:08.647 INFO:teuthology.orchestra.run.trial015.stdout:/usr/bin/ceph: stderr
2026-02-19T22:44:08.493+0000 7f668dcb3640 1 --2- >> [v2:10.20.193.15:3300/0,v1:10.20.193.15:6789/0] conn(0x7f66881060a0 0x7f66881064a0 unknown :-1 s=NONE pgs=0 cs=0 l=0 rev1=0 crypto rx=0 tx=0 comp rx=0 tx=0).connect
2026-02-19T22:44:08.647 INFO:teuthology.orchestra.run.trial015.stdout:/usr/bin/ceph: stderr
2026-02-19T22:44:08.493+0000 7f668dcb3640 1 -- --> [v2:10.20.193.15:3300/0,v1:10.20.193.15:6789/0] -- mon_getmap magic: 0 -- 0x7f6688106a70 con 0x7f66881060a0
2026-02-19T22:44:08.647 INFO:teuthology.orchestra.run.trial015.stdout:/usr/bin/ceph: stderr
2026-02-19T22:44:08.493+0000 7f66877fe640 1 --2- >> [v2:10.20.193.15:3300/0,v1:10.20.193.15:6789/0] conn(0x7f66881060a0 0x7f66881064a0 unknown :-1 s=BANNER_CONNECTING pgs=0 cs=0 l=0 rev1=0 crypto rx=0 tx=0 comp rx=0 tx=0)._handle_peer_banner_payload supported=3 required=0
2026-02-19T22:44:08.647 INFO:teuthology.orchestra.run.trial015.stdout:/usr/bin/ceph: stderr
2026-02-19T22:44:08.493+0000 7f66877fe640 1 --2- >> [v2:10.20.193.15:3300/0,v1:10.20.193.15:6789/0] conn(0x7f66881060a0 0x7f66881064a0 unknown :-1 s=HELLO_CONNECTING pgs=0 cs=0 l=0 rev1=1 crypto rx=0 tx=0 comp rx=0 tx=0).handle_hello peer v2:10.20.193.15:3300/0 says I am v2:10.20.193.15:56706/0 (socket says 10.20.193.15:56706)
2026-02-19T22:44:08.647 INFO:teuthology.orchestra.run.trial015.stdout:/usr/bin/ceph: stderr
2026-02-19T22:44:08.493+0000 7f66877fe640 1 -- 10.20.193.15:0/1984650035 learned_addr learned my addr 10.20.193.15:0/1984650035 (peer_addr_for_me v2:10.20.193.15:0/0)
2026-02-19T22:44:08.647 INFO:teuthology.orchestra.run.trial015.stdout:/usr/bin/ceph: stderr
2026-02-19T22:44:08.493+0000 7f66877fe640 1 -- 10.20.193.15:0/1984650035 --> [v2:10.20.193.15:3300/0,v1:10.20.193.15:6789/0] -- mon_subscribe({config=0+,monmap=0+}) -- 0x7f6688107230 con 0x7f66881060a0
2026-02-19T22:44:08.648 INFO:teuthology.orchestra.run.trial015.stdout:/usr/bin/ceph: stderr
2026-02-19T22:44:08.494+0000 7f66877fe640 1 --2- 10.20.193.15:0/1984650035 >> [v2:10.20.193.15:3300/0,v1:10.20.193.15:6789/0] conn(0x7f66881060a0 0x7f66881064a0 secure :-1 s=READY pgs=16 cs=0 l=1 rev1=1 crypto rx=0x7f6674009920 tx=0x7f667402ef20 comp rx=0 tx=0).ready entity=mon.0 client_cookie=42d12498562fa712 server_cookie=0 in_seq=0 out_seq=0
2026-02-19T22:44:08.648 INFO:teuthology.orchestra.run.trial015.stdout:/usr/bin/ceph: stderr
2026-02-19T22:44:08.494+0000 7f66867fc640 1 -- 10.20.193.15:0/1984650035 <== mon.0 v2:10.20.193.15:3300/0 1 ==== mon_map magic: 0 ==== 205+0+0 (secure 0 0 0) 0x7f667403c070 con 0x7f66881060a0
2026-02-19T22:44:08.648 INFO:teuthology.orchestra.run.trial015.stdout:/usr/bin/ceph: stderr
2026-02-19T22:44:08.494+0000 7f66867fc640 1 -- 10.20.193.15:0/1984650035 <== mon.0 v2:10.20.193.15:3300/0 2 ==== config(26 keys) ==== 1045+0+0 (secure 0 0 0) 0x7f6674037440 con 0x7f66881060a0
2026-02-19T22:44:08.648 INFO:teuthology.orchestra.run.trial015.stdout:/usr/bin/ceph: stderr
2026-02-19T22:44:08.494+0000 7f66867fc640 1 -- 10.20.193.15:0/1984650035 <== mon.0 v2:10.20.193.15:3300/0 3 ==== mon_map magic: 0 ==== 205+0+0 (secure 0 0 0) 0x7f66740354b0 con 0x7f66881060a0
2026-02-19T22:44:08.648 INFO:teuthology.orchestra.run.trial015.stdout:/usr/bin/ceph: stderr
2026-02-19T22:44:08.494+0000 7f668dcb3640 1 -- 10.20.193.15:0/1984650035 >> [v2:10.20.193.15:3300/0,v1:10.20.193.15:6789/0] conn(0x7f66881060a0 msgr2=0x7f66881064a0 secure :-1 s=STATE_CONNECTION_ESTABLISHED l=1).mark_down
2026-02-19T22:44:08.648 INFO:teuthology.orchestra.run.trial015.stdout:/usr/bin/ceph: stderr
2026-02-19T22:44:08.494+0000 7f668dcb3640 1 --2- 10.20.193.15:0/1984650035 >> [v2:10.20.193.15:3300/0,v1:10.20.193.15:6789/0] conn(0x7f66881060a0 0x7f66881064a0 secure :-1 s=READY pgs=16 cs=0 l=1 rev1=1 crypto rx=0x7f6674009920 tx=0x7f667402ef20 comp rx=0 tx=0).stop
2026-02-19T22:44:08.648 INFO:teuthology.orchestra.run.trial015.stdout:/usr/bin/ceph: stderr
2026-02-19T22:44:08.494+0000 7f668dcb3640 1 -- 10.20.193.15:0/1984650035 shutdown_connections
2026-02-19T22:44:08.648 INFO:teuthology.orchestra.run.trial015.stdout:/usr/bin/ceph: stderr
2026-02-19T22:44:08.494+0000 7f668dcb3640 1 --2- 10.20.193.15:0/1984650035 >> [v2:10.20.193.15:3300/0,v1:10.20.193.15:6789/0] conn(0x7f66881060a0 0x7f66881064a0 unknown :-1 s=CLOSED pgs=16 cs=0 l=1 rev1=1 crypto rx=0 tx=0 comp rx=0 tx=0).stop
2026-02-19T22:44:08.648 INFO:teuthology.orchestra.run.trial015.stdout:/usr/bin/ceph: stderr
2026-02-19T22:44:08.494+0000 7f668dcb3640 1 -- 10.20.193.15:0/1984650035 >> 10.20.193.15:0/1984650035 conn(0x7f6688101c00 msgr2=0x7f6688104040 unknown :-1 s=STATE_NONE l=0).mark_down
2026-02-19T22:44:08.648 INFO:teuthology.orchestra.run.trial015.stdout:/usr/bin/ceph: stderr
2026-02-19T22:44:08.494+0000 7f668dcb3640 1 -- 10.20.193.15:0/1984650035 shutdown_connections
2026-02-19T22:44:08.648 INFO:teuthology.orchestra.run.trial015.stdout:/usr/bin/ceph: stderr
2026-02-19T22:44:08.494+0000 7f668dcb3640 1 -- 10.20.193.15:0/1984650035 wait complete.
2026-02-19T22:44:08.649 INFO:teuthology.orchestra.run.trial015.stdout:/usr/bin/ceph: stderr
2026-02-19T22:44:08.495+0000 7f668dcb3640 1 Processor -- start
2026-02-19T22:44:08.649 INFO:teuthology.orchestra.run.trial015.stdout:/usr/bin/ceph: stderr
2026-02-19T22:44:08.495+0000 7f668dcb3640 1 -- start start
2026-02-19T22:44:08.649 INFO:teuthology.orchestra.run.trial015.stdout:/usr/bin/ceph: stderr
2026-02-19T22:44:08.495+0000 7f668dcb3640 1 --2- >> [v2:10.20.193.15:3300/0,v1:10.20.193.15:6789/0] conn(0x7f66881060a0 0x7f66881a4960 unknown :-1 s=NONE pgs=0 cs=0 l=1 rev1=0 crypto rx=0 tx=0 comp rx=0 tx=0).connect
2026-02-19T22:44:08.649 INFO:teuthology.orchestra.run.trial015.stdout:/usr/bin/ceph: stderr
2026-02-19T22:44:08.495+0000 7f668dcb3640 1 -- --> [v2:10.20.193.15:3300/0,v1:10.20.193.15:6789/0] -- mon_getmap magic: 0 -- 0x7f668810a480 con 0x7f66881060a0
2026-02-19T22:44:08.649 INFO:teuthology.orchestra.run.trial015.stdout:/usr/bin/ceph: stderr
2026-02-19T22:44:08.495+0000 7f66877fe640 1 --2- >> [v2:10.20.193.15:3300/0,v1:10.20.193.15:6789/0] conn(0x7f66881060a0 0x7f66881a4960 unknown :-1 s=BANNER_CONNECTING pgs=0 cs=0 l=1 rev1=0 crypto rx=0 tx=0 comp rx=0 tx=0)._handle_peer_banner_payload supported=3 required=0
2026-02-19T22:44:08.649 INFO:teuthology.orchestra.run.trial015.stdout:/usr/bin/ceph: stderr
2026-02-19T22:44:08.495+0000 7f66877fe640 1 --2- >> [v2:10.20.193.15:3300/0,v1:10.20.193.15:6789/0] conn(0x7f66881060a0 0x7f66881a4960 unknown :-1 s=HELLO_CONNECTING pgs=0 cs=0 l=1 rev1=1 crypto rx=0 tx=0 comp rx=0 tx=0).handle_hello peer v2:10.20.193.15:3300/0 says I am v2:10.20.193.15:56708/0 (socket says 10.20.193.15:56708)
2026-02-19T22:44:08.649 INFO:teuthology.orchestra.run.trial015.stdout:/usr/bin/ceph: stderr
2026-02-19T22:44:08.495+0000 7f66877fe640 1 -- 10.20.193.15:0/1303365898 learned_addr learned my addr 10.20.193.15:0/1303365898 (peer_addr_for_me v2:10.20.193.15:0/0)
2026-02-19T22:44:08.649 INFO:teuthology.orchestra.run.trial015.stdout:/usr/bin/ceph: stderr
2026-02-19T22:44:08.495+0000 7f66877fe640 1 -- 10.20.193.15:0/1303365898 --> [v2:10.20.193.15:3300/0,v1:10.20.193.15:6789/0] -- mon_subscribe({config=0+,monmap=0+}) -- 0x7f66881a4ea0 con 0x7f66881060a0
2026-02-19T22:44:08.649 INFO:teuthology.orchestra.run.trial015.stdout:/usr/bin/ceph: stderr
2026-02-19T22:44:08.495+0000 7f66877fe640 1 --2- 10.20.193.15:0/1303365898 >> [v2:10.20.193.15:3300/0,v1:10.20.193.15:6789/0] conn(0x7f66881060a0 0x7f66881a4960 secure :-1 s=READY pgs=17 cs=0 l=1 rev1=1 crypto rx=0x7f6674006fd0 tx=0x7f6674037bb0 comp rx=0 tx=0).ready entity=mon.0 client_cookie=0 server_cookie=0 in_seq=0 out_seq=0
2026-02-19T22:44:08.649 INFO:teuthology.orchestra.run.trial015.stdout:/usr/bin/ceph: stderr
2026-02-19T22:44:08.495+0000 7f6684ff9640 1 -- 10.20.193.15:0/1303365898 <== mon.0 v2:10.20.193.15:3300/0 1 ==== mon_map magic: 0 ==== 205+0+0 (secure 0 0 0) 0x7f6674045070 con 0x7f66881060a0
2026-02-19T22:44:08.649 INFO:teuthology.orchestra.run.trial015.stdout:/usr/bin/ceph: stderr
2026-02-19T22:44:08.495+0000 7f6684ff9640 1 -- 10.20.193.15:0/1303365898 <== mon.0 v2:10.20.193.15:3300/0 2 ==== config(26 keys) ==== 1045+0+0 (secure 0 0 0) 0x7f6674040450 con 0x7f66881060a0
2026-02-19T22:44:08.649 INFO:teuthology.orchestra.run.trial015.stdout:/usr/bin/ceph: stderr
2026-02-19T22:44:08.495+0000 7f668dcb3640 1 -- 10.20.193.15:0/1303365898 --> [v2:10.20.193.15:3300/0,v1:10.20.193.15:6789/0] -- mon_subscribe({mgrmap=0+}) -- 0x7f66881a5130 con 0x7f66881060a0
2026-02-19T22:44:08.650 INFO:teuthology.orchestra.run.trial015.stdout:/usr/bin/ceph: stderr
2026-02-19T22:44:08.495+0000 7f6684ff9640 1 -- 10.20.193.15:0/1303365898 <== mon.0 v2:10.20.193.15:3300/0 3 ==== mon_map magic: 0 ==== 205+0+0 (secure 0 0 0) 0x7f667403c070 con 0x7f66881060a0
2026-02-19T22:44:08.650 INFO:teuthology.orchestra.run.trial015.stdout:/usr/bin/ceph: stderr
2026-02-19T22:44:08.495+0000 7f668dcb3640 1 -- 10.20.193.15:0/1303365898 --> [v2:10.20.193.15:3300/0,v1:10.20.193.15:6789/0] -- mon_subscribe({osdmap=0}) -- 0x7f66881a7e20 con 0x7f66881060a0
2026-02-19T22:44:08.650 INFO:teuthology.orchestra.run.trial015.stdout:/usr/bin/ceph: stderr
2026-02-19T22:44:08.496+0000 7f668dcb3640 1 -- 10.20.193.15:0/1303365898 --> [v2:10.20.193.15:3300/0,v1:10.20.193.15:6789/0] -- mon_command({"prefix": "get_command_descriptions"} v 0) -- 0x7f66881064a0 con 0x7f66881060a0
2026-02-19T22:44:08.650 INFO:teuthology.orchestra.run.trial015.stdout:/usr/bin/ceph: stderr
2026-02-19T22:44:08.496+0000 7f6684ff9640 1 -- 10.20.193.15:0/1303365898 <== mon.0 v2:10.20.193.15:3300/0 4 ==== mgrmap(e 3) ==== 50130+0+0 (secure 0 0 0) 0x7f6674035af0 con 0x7f66881060a0
2026-02-19T22:44:08.650 INFO:teuthology.orchestra.run.trial015.stdout:/usr/bin/ceph: stderr
2026-02-19T22:44:08.496+0000 7f6684ff9640 1 --2- 10.20.193.15:0/1303365898 >> [v2:10.20.193.15:6800/4279617421,v1:10.20.193.15:6801/4279617421] conn(0x7f665c03da80 0x7f665c03ff40 unknown :-1 s=NONE pgs=0 cs=0 l=1 rev1=0 crypto rx=0 tx=0 comp rx=0 tx=0).connect
2026-02-19T22:44:08.650 INFO:teuthology.orchestra.run.trial015.stdout:/usr/bin/ceph: stderr
2026-02-19T22:44:08.496+0000 7f6684ff9640 1 -- 10.20.193.15:0/1303365898 <== mon.0 v2:10.20.193.15:3300/0 5 ==== osd_map(1..1 src has 1..1) ==== 725+0+0 (secure 0 0 0) 0x7f66740763e0 con 0x7f66881060a0
2026-02-19T22:44:08.650 INFO:teuthology.orchestra.run.trial015.stdout:/usr/bin/ceph: stderr
2026-02-19T22:44:08.496+0000 7f6686ffd640 1 --2- 10.20.193.15:0/1303365898 >> [v2:10.20.193.15:6800/4279617421,v1:10.20.193.15:6801/4279617421] conn(0x7f665c03da80 0x7f665c03ff40 unknown :-1 s=BANNER_CONNECTING pgs=0 cs=0 l=1 rev1=0 crypto rx=0 tx=0 comp rx=0 tx=0)._handle_peer_banner_payload supported=3 required=0
2026-02-19T22:44:08.650 INFO:teuthology.orchestra.run.trial015.stdout:/usr/bin/ceph: stderr
2026-02-19T22:44:08.496+0000 7f6686ffd640 1 --2- 10.20.193.15:0/1303365898 >> [v2:10.20.193.15:6800/4279617421,v1:10.20.193.15:6801/4279617421] conn(0x7f665c03da80 0x7f665c03ff40 secure :-1 s=READY pgs=6 cs=0 l=1 rev1=1 crypto rx=0x7f66780099c0 tx=0x7f6678006eb0 comp rx=0 tx=0).ready entity=mgr.14100 client_cookie=0 server_cookie=0 in_seq=0 out_seq=0
2026-02-19T22:44:08.650 INFO:teuthology.orchestra.run.trial015.stdout:/usr/bin/ceph: stderr
2026-02-19T22:44:08.499+0000 7f6684ff9640 1 -- 10.20.193.15:0/1303365898 <== mon.0 v2:10.20.193.15:3300/0 6 ==== mon_command_ack([{"prefix": "get_command_descriptions"}]=0 v0) ==== 72+0+195034 (secure 0 0 0) 0x7f6674033200 con 0x7f66881060a0
2026-02-19T22:44:08.650 INFO:teuthology.orchestra.run.trial015.stdout:/usr/bin/ceph: stderr
2026-02-19T22:44:08.610+0000 7f668dcb3640 1 -- 10.20.193.15:0/1303365898 --> [v2:10.20.193.15:3300/0,v1:10.20.193.15:6789/0] -- mon_command({"prefix": "status", "format": "json-pretty"} v 0) -- 0x7f66881a84c0 con 0x7f66881060a0
2026-02-19T22:44:08.650 INFO:teuthology.orchestra.run.trial015.stdout:/usr/bin/ceph: stderr
2026-02-19T22:44:08.610+0000 7f6684ff9640 1 -- 10.20.193.15:0/1303365898 <== mon.0 v2:10.20.193.15:3300/0 7 ==== mon_command_ack([{"prefix": "status", "format": "json-pretty"}]=0 v0) ==== 79+0+1290 (secure 0 0 0) 0x7f6674040600 con 0x7f66881060a0
2026-02-19T22:44:08.650 INFO:teuthology.orchestra.run.trial015.stdout:/usr/bin/ceph: stderr
2026-02-19T22:44:08.611+0000 7f668dcb3640 1 -- 10.20.193.15:0/1303365898 >> [v2:10.20.193.15:6800/4279617421,v1:10.20.193.15:6801/4279617421] conn(0x7f665c03da80 msgr2=0x7f665c03ff40 secure :-1 s=STATE_CONNECTION_ESTABLISHED l=1).mark_down
2026-02-19T22:44:08.651 INFO:teuthology.orchestra.run.trial015.stdout:/usr/bin/ceph: stderr
2026-02-19T22:44:08.611+0000 7f668dcb3640 1 --2- 10.20.193.15:0/1303365898 >> [v2:10.20.193.15:6800/4279617421,v1:10.20.193.15:6801/4279617421] conn(0x7f665c03da80 0x7f665c03ff40 secure :-1 s=READY pgs=6 cs=0 l=1 rev1=1 crypto rx=0x7f66780099c0 tx=0x7f6678006eb0 comp rx=0 tx=0).stop
2026-02-19T22:44:08.651 INFO:teuthology.orchestra.run.trial015.stdout:/usr/bin/ceph: stderr
2026-02-19T22:44:08.611+0000 7f668dcb3640 1 -- 10.20.193.15:0/1303365898 >> [v2:10.20.193.15:3300/0,v1:10.20.193.15:6789/0] conn(0x7f66881060a0 msgr2=0x7f66881a4960 secure :-1 s=STATE_CONNECTION_ESTABLISHED l=1).mark_down
2026-02-19T22:44:08.651 INFO:teuthology.orchestra.run.trial015.stdout:/usr/bin/ceph: stderr
2026-02-19T22:44:08.611+0000 7f668dcb3640 1 --2- 10.20.193.15:0/1303365898 >> [v2:10.20.193.15:3300/0,v1:10.20.193.15:6789/0] conn(0x7f66881060a0 0x7f66881a4960 secure :-1 s=READY pgs=17 cs=0 l=1 rev1=1 crypto rx=0x7f6674006fd0 tx=0x7f6674037bb0 comp rx=0 tx=0).stop
2026-02-19T22:44:08.651 INFO:teuthology.orchestra.run.trial015.stdout:/usr/bin/ceph: stderr
2026-02-19T22:44:08.611+0000 7f668dcb3640 1 -- 10.20.193.15:0/1303365898 shutdown_connections
2026-02-19T22:44:08.651 INFO:teuthology.orchestra.run.trial015.stdout:/usr/bin/ceph: stderr
2026-02-19T22:44:08.611+0000 7f668dcb3640 1 --2- 10.20.193.15:0/1303365898 >> [v2:10.20.193.15:6800/4279617421,v1:10.20.193.15:6801/4279617421] conn(0x7f665c03da80 0x7f665c03ff40 unknown :-1 s=CLOSED pgs=6 cs=0 l=1 rev1=1 crypto rx=0 tx=0 comp rx=0 tx=0).stop
2026-02-19T22:44:08.651 INFO:teuthology.orchestra.run.trial015.stdout:/usr/bin/ceph: stderr
2026-02-19T22:44:08.611+0000 7f668dcb3640 1 --2- 10.20.193.15:0/1303365898 >> [v2:10.20.193.15:3300/0,v1:10.20.193.15:6789/0] conn(0x7f66881060a0 0x7f66881a4960 unknown :-1 s=CLOSED pgs=17 cs=0 l=1 rev1=1 crypto rx=0 tx=0 comp rx=0 tx=0).stop
2026-02-19T22:44:08.651 INFO:teuthology.orchestra.run.trial015.stdout:/usr/bin/ceph: stderr
2026-02-19T22:44:08.611+0000 7f668dcb3640 1 -- 10.20.193.15:0/1303365898 >> 10.20.193.15:0/1303365898 conn(0x7f6688101c00 msgr2=0x7f6688102620 unknown :-1 s=STATE_NONE l=0).mark_down
2026-02-19T22:44:08.651 INFO:teuthology.orchestra.run.trial015.stdout:/usr/bin/ceph: stderr
2026-02-19T22:44:08.611+0000 7f668dcb3640 1 -- 10.20.193.15:0/1303365898 shutdown_connections
2026-02-19T22:44:08.651 INFO:teuthology.orchestra.run.trial015.stdout:/usr/bin/ceph: stderr
2026-02-19T22:44:08.611+0000 7f668dcb3640 1 -- 10.20.193.15:0/1303365898 wait complete.
2026-02-19T22:44:08.651 INFO:teuthology.orchestra.run.trial015.stdout:mgr is available
2026-02-19T22:44:08.839 INFO:teuthology.orchestra.run.trial015.stdout:/usr/bin/ceph: stdout
2026-02-19T22:44:08.839 INFO:teuthology.orchestra.run.trial015.stdout:/usr/bin/ceph: stdout [global]
2026-02-19T22:44:08.839 INFO:teuthology.orchestra.run.trial015.stdout:/usr/bin/ceph: stdout fsid = 75ad8dd5-0de4-11f1-9a5a-d404e6e7d460
2026-02-19T22:44:08.840 INFO:teuthology.orchestra.run.trial015.stdout:/usr/bin/ceph: stdout mon_cluster_log_file_level = debug
2026-02-19T22:44:08.840 INFO:teuthology.orchestra.run.trial015.stdout:/usr/bin/ceph: stdout mon_host = [v2:10.20.193.15:3300,v1:10.20.193.15:6789]
2026-02-19T22:44:08.840 INFO:teuthology.orchestra.run.trial015.stdout:/usr/bin/ceph: stdout mon_osd_allow_pg_remap = true
2026-02-19T22:44:08.840 INFO:teuthology.orchestra.run.trial015.stdout:/usr/bin/ceph: stdout mon_osd_allow_primary_affinity = true
2026-02-19T22:44:08.840 INFO:teuthology.orchestra.run.trial015.stdout:/usr/bin/ceph: stdout mon_warn_on_no_sortbitwise = false
2026-02-19T22:44:08.840 INFO:teuthology.orchestra.run.trial015.stdout:/usr/bin/ceph: stdout osd_crush_chooseleaf_type = 0
2026-02-19T22:44:08.840 INFO:teuthology.orchestra.run.trial015.stdout:/usr/bin/ceph: stdout
2026-02-19T22:44:08.840 INFO:teuthology.orchestra.run.trial015.stdout:/usr/bin/ceph: stdout [mgr]
2026-02-19T22:44:08.840 INFO:teuthology.orchestra.run.trial015.stdout:/usr/bin/ceph: stdout mgr/telemetry/nag = false
2026-02-19T22:44:08.840 INFO:teuthology.orchestra.run.trial015.stdout:/usr/bin/ceph: stdout
2026-02-19T22:44:08.840 INFO:teuthology.orchestra.run.trial015.stdout:/usr/bin/ceph: stdout [osd]
2026-02-19T22:44:08.841 INFO:teuthology.orchestra.run.trial015.stdout:/usr/bin/ceph: stdout mon_osd_backfillfull_ratio = 0.85
2026-02-19T22:44:08.841 INFO:teuthology.orchestra.run.trial015.stdout:/usr/bin/ceph: stdout mon_osd_full_ratio = 0.9
2026-02-19T22:44:08.841 INFO:teuthology.orchestra.run.trial015.stdout:/usr/bin/ceph: stdout mon_osd_nearfull_ratio = 0.8
2026-02-19T22:44:08.841 INFO:teuthology.orchestra.run.trial015.stdout:/usr/bin/ceph: stdout osd_map_max_advance = 10
2026-02-19T22:44:08.841 INFO:teuthology.orchestra.run.trial015.stdout:/usr/bin/ceph: stdout osd_sloppy_crc = true
2026-02-19T22:44:08.841 INFO:teuthology.orchestra.run.trial015.stdout:/usr/bin/ceph: stderr
2026-02-19T22:44:08.723+0000 7fc26bae5640 1 Processor -- start
2026-02-19T22:44:08.841 INFO:teuthology.orchestra.run.trial015.stdout:/usr/bin/ceph: stderr
2026-02-19T22:44:08.723+0000 7fc26bae5640 1 -- start start
2026-02-19T22:44:08.841 INFO:teuthology.orchestra.run.trial015.stdout:/usr/bin/ceph: stderr
2026-02-19T22:44:08.723+0000 7fc26bae5640 1 --2- >> [v2:10.20.193.15:3300/0,v1:10.20.193.15:6789/0] conn(0x7fc26410a9e0 0x7fc26410ade0 unknown :-1 s=NONE pgs=0 cs=0 l=0 rev1=0 crypto rx=0 tx=0 comp rx=0 tx=0).connect
2026-02-19T22:44:08.841 INFO:teuthology.orchestra.run.trial015.stdout:/usr/bin/ceph: stderr
2026-02-19T22:44:08.723+0000 7fc26bae5640 1 -- --> [v2:10.20.193.15:3300/0,v1:10.20.193.15:6789/0] -- mon_getmap magic: 0 -- 0x7fc26410b3b0 con 0x7fc26410a9e0
2026-02-19T22:44:08.841 INFO:teuthology.orchestra.run.trial015.stdout:/usr/bin/ceph: stderr
2026-02-19T22:44:08.723+0000 7fc26985a640 1 --2- >> [v2:10.20.193.15:3300/0,v1:10.20.193.15:6789/0] conn(0x7fc26410a9e0 0x7fc26410ade0 unknown :-1 s=BANNER_CONNECTING pgs=0 cs=0 l=0 rev1=0 crypto rx=0 tx=0 comp rx=0 tx=0)._handle_peer_banner_payload supported=3 required=0
2026-02-19T22:44:08.841 INFO:teuthology.orchestra.run.trial015.stdout:/usr/bin/ceph: stderr
2026-02-19T22:44:08.723+0000 7fc26985a640 1 --2- >> [v2:10.20.193.15:3300/0,v1:10.20.193.15:6789/0] conn(0x7fc26410a9e0 0x7fc26410ade0 unknown :-1 s=HELLO_CONNECTING pgs=0 cs=0 l=0 rev1=1 crypto rx=0 tx=0 comp rx=0 tx=0).handle_hello peer v2:10.20.193.15:3300/0 says I am v2:10.20.193.15:56716/0 (socket says 10.20.193.15:56716)
2026-02-19T22:44:08.842 INFO:teuthology.orchestra.run.trial015.stdout:/usr/bin/ceph: stderr
2026-02-19T22:44:08.723+0000 7fc26985a640 1 -- 10.20.193.15:0/1337535131 learned_addr learned my addr 10.20.193.15:0/1337535131 (peer_addr_for_me v2:10.20.193.15:0/0)
2026-02-19T22:44:08.842 INFO:teuthology.orchestra.run.trial015.stdout:/usr/bin/ceph: stderr
2026-02-19T22:44:08.723+0000 7fc26985a640 1 -- 10.20.193.15:0/1337535131 --> [v2:10.20.193.15:3300/0,v1:10.20.193.15:6789/0] -- mon_subscribe({config=0+,monmap=0+}) -- 0x7fc26410b7a0 con 0x7fc26410a9e0
2026-02-19T22:44:08.842 INFO:teuthology.orchestra.run.trial015.stdout:/usr/bin/ceph: stderr
2026-02-19T22:44:08.724+0000 7fc26985a640 1 --2- 10.20.193.15:0/1337535131 >> [v2:10.20.193.15:3300/0,v1:10.20.193.15:6789/0] conn(0x7fc26410a9e0 0x7fc26410ade0 secure :-1 s=READY pgs=18 cs=0 l=1 rev1=1 crypto rx=0x7fc254009920 tx=0x7fc25402ef20 comp rx=0 tx=0).ready entity=mon.0 client_cookie=603719f602380e0c server_cookie=0 in_seq=0 out_seq=0
2026-02-19T22:44:08.842 INFO:teuthology.orchestra.run.trial015.stdout:/usr/bin/ceph: stderr
2026-02-19T22:44:08.724+0000 7fc268858640 1 -- 10.20.193.15:0/1337535131 <== mon.0 v2:10.20.193.15:3300/0 1 ==== mon_map magic: 0 ==== 205+0+0 (secure 0 0 0) 0x7fc25403c070 con 0x7fc26410a9e0
2026-02-19T22:44:08.842 INFO:teuthology.orchestra.run.trial015.stdout:/usr/bin/ceph: stderr
2026-02-19T22:44:08.724+0000 7fc268858640 1 -- 10.20.193.15:0/1337535131 <== mon.0 v2:10.20.193.15:3300/0 2 ==== config(26 keys) ==== 1045+0+0 (secure 0 0 0) 0x7fc254037440 con 0x7fc26410a9e0
2026-02-19T22:44:08.842 INFO:teuthology.orchestra.run.trial015.stdout:/usr/bin/ceph: stderr
2026-02-19T22:44:08.724+0000 7fc268858640 1 -- 10.20.193.15:0/1337535131 <== mon.0 v2:10.20.193.15:3300/0 3 ==== mon_map magic: 0 ==== 205+0+0 (secure 0 0 0) 0x7fc2540354b0 con 0x7fc26410a9e0
2026-02-19T22:44:08.842 INFO:teuthology.orchestra.run.trial015.stdout:/usr/bin/ceph: stderr
2026-02-19T22:44:08.724+0000 7fc26bae5640 1 -- 10.20.193.15:0/1337535131 >> [v2:10.20.193.15:3300/0,v1:10.20.193.15:6789/0] conn(0x7fc26410a9e0 msgr2=0x7fc26410ade0 secure :-1 s=STATE_CONNECTION_ESTABLISHED l=1).mark_down
2026-02-19T22:44:08.842 INFO:teuthology.orchestra.run.trial015.stdout:/usr/bin/ceph: stderr
2026-02-19T22:44:08.724+0000 7fc26bae5640 1 --2- 10.20.193.15:0/1337535131 >> [v2:10.20.193.15:3300/0,v1:10.20.193.15:6789/0] conn(0x7fc26410a9e0 0x7fc26410ade0 secure :-1 s=READY pgs=18 cs=0 l=1 rev1=1 crypto rx=0x7fc254009920 tx=0x7fc25402ef20 comp rx=0 tx=0).stop
2026-02-19T22:44:08.842 INFO:teuthology.orchestra.run.trial015.stdout:/usr/bin/ceph: stderr
2026-02-19T22:44:08.724+0000 7fc26bae5640 1 -- 10.20.193.15:0/1337535131 shutdown_connections
2026-02-19T22:44:08.842 INFO:teuthology.orchestra.run.trial015.stdout:/usr/bin/ceph: stderr
2026-02-19T22:44:08.724+0000 7fc26bae5640 1 --2- 10.20.193.15:0/1337535131 >> [v2:10.20.193.15:3300/0,v1:10.20.193.15:6789/0] conn(0x7fc26410a9e0 0x7fc26410ade0 unknown :-1 s=CLOSED pgs=18 cs=0 l=1 rev1=1 crypto rx=0 tx=0 comp rx=0 tx=0).stop
2026-02-19T22:44:08.842 INFO:teuthology.orchestra.run.trial015.stdout:/usr/bin/ceph: stderr
2026-02-19T22:44:08.724+0000 7fc26bae5640 1 -- 10.20.193.15:0/1337535131 >> 10.20.193.15:0/1337535131 conn(0x7fc26407dab0 msgr2=0x7fc26407dec0 unknown :-1 s=STATE_NONE l=0).mark_down
2026-02-19T22:44:08.843 INFO:teuthology.orchestra.run.trial015.stdout:/usr/bin/ceph: stderr
2026-02-19T22:44:08.724+0000 7fc26bae5640 1 -- 10.20.193.15:0/1337535131 shutdown_connections
2026-02-19T22:44:08.843 INFO:teuthology.orchestra.run.trial015.stdout:/usr/bin/ceph: stderr
2026-02-19T22:44:08.724+0000 7fc26bae5640 1 -- 10.20.193.15:0/1337535131 wait complete.
2026-02-19T22:44:08.843 INFO:teuthology.orchestra.run.trial015.stdout:/usr/bin/ceph: stderr
2026-02-19T22:44:08.724+0000 7fc26bae5640 1 Processor -- start
2026-02-19T22:44:08.843 INFO:teuthology.orchestra.run.trial015.stdout:/usr/bin/ceph: stderr
2026-02-19T22:44:08.725+0000 7fc26bae5640 1 -- start start
2026-02-19T22:44:08.843 INFO:teuthology.orchestra.run.trial015.stdout:/usr/bin/ceph: stderr
2026-02-19T22:44:08.725+0000 7fc26bae5640 1 --2- >> [v2:10.20.193.15:3300/0,v1:10.20.193.15:6789/0] conn(0x7fc26410a9e0 0x7fc2641a03d0 unknown :-1 s=NONE pgs=0 cs=0 l=1 rev1=0 crypto rx=0 tx=0 comp rx=0 tx=0).connect
2026-02-19T22:44:08.843 INFO:teuthology.orchestra.run.trial015.stdout:/usr/bin/ceph: stderr
2026-02-19T22:44:08.725+0000 7fc26bae5640 1 -- --> [v2:10.20.193.15:3300/0,v1:10.20.193.15:6789/0] -- mon_getmap magic: 0 -- 0x7fc26410e9d0 con 0x7fc26410a9e0
2026-02-19T22:44:08.843 INFO:teuthology.orchestra.run.trial015.stdout:/usr/bin/ceph: stderr
2026-02-19T22:44:08.725+0000 7fc26985a640 1 --2- >> [v2:10.20.193.15:3300/0,v1:10.20.193.15:6789/0] conn(0x7fc26410a9e0 0x7fc2641a03d0 unknown :-1 s=BANNER_CONNECTING pgs=0 cs=0 l=1 rev1=0 crypto rx=0 tx=0 comp rx=0 tx=0)._handle_peer_banner_payload supported=3 required=0
2026-02-19T22:44:08.843 INFO:teuthology.orchestra.run.trial015.stdout:/usr/bin/ceph: stderr
2026-02-19T22:44:08.725+0000 7fc26985a640 1 --2- >> [v2:10.20.193.15:3300/0,v1:10.20.193.15:6789/0] conn(0x7fc26410a9e0 0x7fc2641a03d0 unknown :-1 s=HELLO_CONNECTING pgs=0 cs=0 l=1 rev1=1 crypto rx=0 tx=0 comp rx=0 tx=0).handle_hello peer v2:10.20.193.15:3300/0 says I am v2:10.20.193.15:56728/0 (socket says 10.20.193.15:56728)
2026-02-19T22:44:08.843 INFO:teuthology.orchestra.run.trial015.stdout:/usr/bin/ceph: stderr
2026-02-19T22:44:08.725+0000 7fc26985a640 1 -- 10.20.193.15:0/2351967756 learned_addr learned my addr 10.20.193.15:0/2351967756 (peer_addr_for_me v2:10.20.193.15:0/0)
2026-02-19T22:44:08.843 INFO:teuthology.orchestra.run.trial015.stdout:/usr/bin/ceph: stderr
2026-02-19T22:44:08.725+0000 7fc26985a640 1 -- 10.20.193.15:0/2351967756 --> [v2:10.20.193.15:3300/0,v1:10.20.193.15:6789/0] -- mon_subscribe({config=0+,monmap=0+}) -- 0x7fc2641a0910 con 0x7fc26410a9e0
2026-02-19T22:44:08.843 INFO:teuthology.orchestra.run.trial015.stdout:/usr/bin/ceph: stderr
2026-02-19T22:44:08.725+0000 7fc26985a640 1 --2- 10.20.193.15:0/2351967756 >> [v2:10.20.193.15:3300/0,v1:10.20.193.15:6789/0] conn(0x7fc26410a9e0 0x7fc2641a03d0 secure :-1 s=READY pgs=19 cs=0 l=1 rev1=1 crypto rx=0x7fc254009a50 tx=0x7fc254037b90 comp rx=0 tx=0).ready entity=mon.0 client_cookie=0 server_cookie=0 in_seq=0 out_seq=0
2026-02-19T22:44:08.843 INFO:teuthology.orchestra.run.trial015.stdout:/usr/bin/ceph: stderr
2026-02-19T22:44:08.725+0000 7fc252ffd640 1 -- 10.20.193.15:0/2351967756 <== mon.0 v2:10.20.193.15:3300/0 1 ==== mon_map magic: 0 ==== 205+0+0 (secure 0 0 0) 0x7fc254045070 con 0x7fc26410a9e0
2026-02-19T22:44:08.844 INFO:teuthology.orchestra.run.trial015.stdout:/usr/bin/ceph: stderr
2026-02-19T22:44:08.725+0000 7fc252ffd640 1 -- 10.20.193.15:0/2351967756 <== mon.0 v2:10.20.193.15:3300/0 2 ==== config(26 keys) ==== 1045+0+0 (secure 0 0 0) 0x7fc254040450 con 0x7fc26410a9e0
2026-02-19T22:44:08.844 INFO:teuthology.orchestra.run.trial015.stdout:/usr/bin/ceph: stderr
2026-02-19T22:44:08.725+0000 7fc26bae5640 1 -- 10.20.193.15:0/2351967756 --> [v2:10.20.193.15:3300/0,v1:10.20.193.15:6789/0] -- mon_subscribe({mgrmap=0+}) -- 0x7fc2641a0ba0 con 0x7fc26410a9e0
2026-02-19T22:44:08.844 INFO:teuthology.orchestra.run.trial015.stdout:/usr/bin/ceph: stderr
2026-02-19T22:44:08.725+0000 7fc252ffd640 1 -- 10.20.193.15:0/2351967756 <== mon.0 v2:10.20.193.15:3300/0 3 ==== mon_map magic: 0 ==== 205+0+0 (secure 0 0 0) 0x7fc25403c070 con 0x7fc26410a9e0
2026-02-19T22:44:08.844 INFO:teuthology.orchestra.run.trial015.stdout:/usr/bin/ceph: stderr
2026-02-19T22:44:08.725+0000 7fc26bae5640 1 -- 10.20.193.15:0/2351967756 --> [v2:10.20.193.15:3300/0,v1:10.20.193.15:6789/0] -- mon_subscribe({osdmap=0}) -- 0x7fc2641a3890 con 0x7fc26410a9e0
2026-02-19T22:44:08.844 INFO:teuthology.orchestra.run.trial015.stdout:/usr/bin/ceph: stderr
2026-02-19T22:44:08.725+0000 7fc26bae5640 1 -- 10.20.193.15:0/2351967756 --> [v2:10.20.193.15:3300/0,v1:10.20.193.15:6789/0] -- mon_command({"prefix": "get_command_descriptions"} v 0) -- 0x7fc26410ae60 con 0x7fc26410a9e0
2026-02-19T22:44:08.844 INFO:teuthology.orchestra.run.trial015.stdout:/usr/bin/ceph: stderr
2026-02-19T22:44:08.726+0000 7fc252ffd640 1 -- 10.20.193.15:0/2351967756 <== mon.0 v2:10.20.193.15:3300/0 4 ==== mgrmap(e 4) ==== 50236+0+0 (secure 0 0 0) 0x7fc254035aa0 con 0x7fc26410a9e0
2026-02-19T22:44:08.844 INFO:teuthology.orchestra.run.trial015.stdout:/usr/bin/ceph: stderr
2026-02-19T22:44:08.726+0000 7fc252ffd640 1 --2- 10.20.193.15:0/2351967756 >> [v2:10.20.193.15:6800/4279617421,v1:10.20.193.15:6801/4279617421] conn(0x7fc24003dba0 0x7fc240040060 unknown :-1 s=NONE pgs=0 cs=0 l=1 rev1=0 crypto rx=0 tx=0 comp rx=0 tx=0).connect
2026-02-19T22:44:08.844 INFO:teuthology.orchestra.run.trial015.stdout:/usr/bin/ceph: stderr
2026-02-19T22:44:08.726+0000 7fc252ffd640 1 -- 10.20.193.15:0/2351967756 <== mon.0 v2:10.20.193.15:3300/0 5 ==== osd_map(1..1 src has 1..1) ==== 725+0+0 (secure 0 0 0) 0x7fc2540765f0 con 0x7fc26410a9e0
2026-02-19T22:44:08.844 INFO:teuthology.orchestra.run.trial015.stdout:/usr/bin/ceph: stderr
2026-02-19T22:44:08.726+0000 7fc269059640 1 --2- 10.20.193.15:0/2351967756 >> [v2:10.20.193.15:6800/4279617421,v1:10.20.193.15:6801/4279617421] conn(0x7fc24003dba0 0x7fc240040060 unknown :-1 s=BANNER_CONNECTING pgs=0 cs=0 l=1 rev1=0 crypto rx=0 tx=0 comp rx=0 tx=0)._handle_peer_banner_payload supported=3 required=0
2026-02-19T22:44:08.844 INFO:teuthology.orchestra.run.trial015.stdout:/usr/bin/ceph: stderr
2026-02-19T22:44:08.726+0000 7fc269059640 1 --2- 10.20.193.15:0/2351967756 >> [v2:10.20.193.15:6800/4279617421,v1:10.20.193.15:6801/4279617421] conn(0x7fc24003dba0 0x7fc240040060 secure :-1 s=READY pgs=7 cs=0 l=1 rev1=1 crypto rx=0x7fc2580099c0 tx=0x7fc258006eb0 comp rx=0 tx=0).ready entity=mgr.14100 client_cookie=0 server_cookie=0 in_seq=0 out_seq=0
2026-02-19T22:44:08.844 INFO:teuthology.orchestra.run.trial015.stdout:/usr/bin/ceph: stderr
2026-02-19T22:44:08.728+0000 7fc252ffd640 1 -- 10.20.193.15:0/2351967756 <== mon.0 v2:10.20.193.15:3300/0 6 ==== mon_command_ack([{"prefix": "get_command_descriptions"}]=0 v0) ==== 72+0+195034 (secure 0 0 0) 0x7fc254076010 con 0x7fc26410a9e0
2026-02-19T22:44:08.845 INFO:teuthology.orchestra.run.trial015.stdout:/usr/bin/ceph: stderr
2026-02-19T22:44:08.811+0000 7fc26bae5640 1 -- 10.20.193.15:0/2351967756 --> [v2:10.20.193.15:3300/0,v1:10.20.193.15:6789/0] -- mon_command({"prefix": "config assimilate-conf"} v 0) -- 0x7fc2641a50b0 con 0x7fc26410a9e0
2026-02-19T22:44:08.845 INFO:teuthology.orchestra.run.trial015.stdout:/usr/bin/ceph: stderr
2026-02-19T22:44:08.812+0000 7fc252ffd640 1 -- 10.20.193.15:0/2351967756 <== mon.0 v2:10.20.193.15:3300/0 7 ==== mon_command_ack([{"prefix": "config assimilate-conf"}]=0 v3) ==== 70+0+465 (secure 0 0 0) 0x7fc254035dc0 con 0x7fc26410a9e0
2026-02-19T22:44:08.845 INFO:teuthology.orchestra.run.trial015.stdout:/usr/bin/ceph: stderr
2026-02-19T22:44:08.812+0000 7fc26bae5640 1 -- 10.20.193.15:0/2351967756 >> [v2:10.20.193.15:6800/4279617421,v1:10.20.193.15:6801/4279617421] conn(0x7fc24003dba0 msgr2=0x7fc240040060 secure :-1 s=STATE_CONNECTION_ESTABLISHED l=1).mark_down
2026-02-19T22:44:08.845 INFO:teuthology.orchestra.run.trial015.stdout:/usr/bin/ceph: stderr
2026-02-19T22:44:08.812+0000 7fc26bae5640 1 --2- 10.20.193.15:0/2351967756 >> [v2:10.20.193.15:6800/4279617421,v1:10.20.193.15:6801/4279617421] conn(0x7fc24003dba0 0x7fc240040060 secure :-1 s=READY pgs=7 cs=0 l=1 rev1=1 crypto rx=0x7fc2580099c0 tx=0x7fc258006eb0 comp rx=0 tx=0).stop
2026-02-19T22:44:08.845 INFO:teuthology.orchestra.run.trial015.stdout:/usr/bin/ceph: stderr
2026-02-19T22:44:08.812+0000 7fc26bae5640 1 -- 10.20.193.15:0/2351967756 >> [v2:10.20.193.15:3300/0,v1:10.20.193.15:6789/0] conn(0x7fc26410a9e0 msgr2=0x7fc2641a03d0 secure :-1 s=STATE_CONNECTION_ESTABLISHED l=1).mark_down
2026-02-19T22:44:08.845 INFO:teuthology.orchestra.run.trial015.stdout:/usr/bin/ceph: stderr
2026-02-19T22:44:08.812+0000 7fc26bae5640 1 --2- 10.20.193.15:0/2351967756 >> [v2:10.20.193.15:3300/0,v1:10.20.193.15:6789/0] conn(0x7fc26410a9e0 0x7fc2641a03d0 secure :-1 s=READY pgs=19 cs=0 l=1 rev1=1 crypto rx=0x7fc254009a50 tx=0x7fc254037b90 comp rx=0 tx=0).stop
2026-02-19T22:44:08.845 INFO:teuthology.orchestra.run.trial015.stdout:/usr/bin/ceph: stderr
2026-02-19T22:44:08.812+0000 7fc26bae5640 1 -- 10.20.193.15:0/2351967756 shutdown_connections
2026-02-19T22:44:08.845 INFO:teuthology.orchestra.run.trial015.stdout:/usr/bin/ceph: stderr
2026-02-19T22:44:08.812+0000 7fc26bae5640 1 --2- 10.20.193.15:0/2351967756 >> [v2:10.20.193.15:6800/4279617421,v1:10.20.193.15:6801/4279617421] conn(0x7fc24003dba0 0x7fc240040060 unknown :-1 s=CLOSED pgs=7 cs=0 l=1 rev1=1 crypto rx=0 tx=0 comp rx=0 tx=0).stop
2026-02-19T22:44:08.845 INFO:teuthology.orchestra.run.trial015.stdout:/usr/bin/ceph: stderr
2026-02-19T22:44:08.812+0000 7fc26bae5640 1 --2- 10.20.193.15:0/2351967756 >> [v2:10.20.193.15:3300/0,v1:10.20.193.15:6789/0] conn(0x7fc26410a9e0 0x7fc2641a03d0 unknown :-1 s=CLOSED pgs=19 cs=0 l=1 rev1=1 crypto rx=0 tx=0 comp rx=0 tx=0).stop
2026-02-19T22:44:08.845 INFO:teuthology.orchestra.run.trial015.stdout:/usr/bin/ceph: stderr
2026-02-19T22:44:08.812+0000 7fc26bae5640 1 -- 10.20.193.15:0/2351967756 >> 10.20.193.15:0/2351967756 conn(0x7fc26407dab0 msgr2=0x7fc2641086d0 unknown :-1 s=STATE_NONE l=0).mark_down
2026-02-19T22:44:08.845 INFO:teuthology.orchestra.run.trial015.stdout:/usr/bin/ceph: stderr
2026-02-19T22:44:08.812+0000 7fc26bae5640 1 -- 10.20.193.15:0/2351967756 shutdown_connections
2026-02-19T22:44:08.845 INFO:teuthology.orchestra.run.trial015.stdout:/usr/bin/ceph: stderr
2026-02-19T22:44:08.812+0000 7fc26bae5640 1 -- 10.20.193.15:0/2351967756 wait complete.
2026-02-19T22:44:08.846 INFO:teuthology.orchestra.run.trial015.stdout:Enabling cephadm module...
2026-02-19T22:44:08.927 INFO:journalctl@ceph.mon.a.trial015.stdout:Feb 19 22:44:08 trial015 ceph-mon[40845]: mgrmap e3: x(active, since 1.00474s)
2026-02-19T22:44:08.928 INFO:journalctl@ceph.mon.a.trial015.stdout:Feb 19 22:44:08 trial015 ceph-mon[40845]: from='client.? 10.20.193.15:0/1303365898' entity='client.admin' cmd=[{"prefix": "status", "format": "json-pretty"}]: dispatch
2026-02-19T22:44:09.739 INFO:teuthology.orchestra.run.trial015.stdout:/usr/bin/ceph: stderr
2026-02-19T22:44:08.925+0000 7ff6706f6640 1 Processor -- start
2026-02-19T22:44:09.740 INFO:teuthology.orchestra.run.trial015.stdout:/usr/bin/ceph: stderr
2026-02-19T22:44:08.925+0000 7ff6706f6640 1 -- start start
2026-02-19T22:44:09.740 INFO:teuthology.orchestra.run.trial015.stdout:/usr/bin/ceph: stderr
2026-02-19T22:44:08.925+0000 7ff6706f6640 1 --2- >> [v2:10.20.193.15:3300/0,v1:10.20.193.15:6789/0] conn(0x7ff66810a9e0 0x7ff66810ade0 unknown :-1 s=NONE pgs=0 cs=0 l=0 rev1=0 crypto rx=0 tx=0 comp rx=0 tx=0).connect
2026-02-19T22:44:09.740 INFO:teuthology.orchestra.run.trial015.stdout:/usr/bin/ceph: stderr
2026-02-19T22:44:08.925+0000 7ff6706f6640 1 -- --> [v2:10.20.193.15:3300/0,v1:10.20.193.15:6789/0] -- mon_getmap magic: 0 -- 0x7ff66810b3b0 con 0x7ff66810a9e0
2026-02-19T22:44:09.740 INFO:teuthology.orchestra.run.trial015.stdout:/usr/bin/ceph: stderr
2026-02-19T22:44:08.925+0000 7ff66e46b640 1 --2- >> [v2:10.20.193.15:3300/0,v1:10.20.193.15:6789/0] conn(0x7ff66810a9e0 0x7ff66810ade0 unknown :-1 s=BANNER_CONNECTING pgs=0 cs=0 l=0 rev1=0 crypto rx=0 tx=0 comp rx=0 tx=0)._handle_peer_banner_payload supported=3 required=0
2026-02-19T22:44:09.740 INFO:teuthology.orchestra.run.trial015.stdout:/usr/bin/ceph: stderr
2026-02-19T22:44:08.925+0000 7ff66e46b640 1 --2- >> [v2:10.20.193.15:3300/0,v1:10.20.193.15:6789/0] conn(0x7ff66810a9e0 0x7ff66810ade0 unknown :-1 s=HELLO_CONNECTING pgs=0 cs=0 l=0 rev1=1 crypto rx=0 tx=0 comp rx=0 tx=0).handle_hello peer v2:10.20.193.15:3300/0 says I am v2:10.20.193.15:56744/0 (socket says 10.20.193.15:56744)
2026-02-19T22:44:09.740 INFO:teuthology.orchestra.run.trial015.stdout:/usr/bin/ceph: stderr
2026-02-19T22:44:08.925+0000 7ff66e46b640 1 -- 10.20.193.15:0/1688899893 learned_addr learned my addr 10.20.193.15:0/1688899893 (peer_addr_for_me v2:10.20.193.15:0/0)
2026-02-19T22:44:09.740 INFO:teuthology.orchestra.run.trial015.stdout:/usr/bin/ceph: stderr
2026-02-19T22:44:08.926+0000 7ff66e46b640 1 -- 10.20.193.15:0/1688899893 --> [v2:10.20.193.15:3300/0,v1:10.20.193.15:6789/0] -- mon_subscribe({config=0+,monmap=0+}) -- 0x7ff66810b7a0 con 0x7ff66810a9e0
2026-02-19T22:44:09.740 INFO:teuthology.orchestra.run.trial015.stdout:/usr/bin/ceph: stderr
2026-02-19T22:44:08.926+0000 7ff66e46b640 1 --2- 10.20.193.15:0/1688899893 >> [v2:10.20.193.15:3300/0,v1:10.20.193.15:6789/0] conn(0x7ff66810a9e0 0x7ff66810ade0 secure :-1 s=READY pgs=20 cs=0 l=1 rev1=1 crypto rx=0x7ff658009920 tx=0x7ff65802ef20 comp rx=0 tx=0).ready entity=mon.0 client_cookie=aeb28a245c4f5c70 server_cookie=0 in_seq=0 out_seq=0
2026-02-19T22:44:09.741 INFO:teuthology.orchestra.run.trial015.stdout:/usr/bin/ceph: stderr
