2026-02-19T22:47:21.483+0000 7f7e22d76640 1 -- 10.20.193.58:0/2180308406 learned_addr learned my addr 10.20.193.58:0/2180308406 (peer_addr_for_me v2:10.20.193.58:0/0)
2026-02-19T22:47:21.604 INFO:teuthology.orchestra.run.trial058.stdout:/usr/bin/ceph: stderr
2026-02-19T22:47:21.483+0000 7f7e22d76640 1 -- 10.20.193.58:0/2180308406 --> [v2:10.20.193.58:3300/0,v1:10.20.193.58:6789/0] -- mon_subscribe({config=0+,monmap=0+}) -- 0x7f7e241093d0 con 0x7f7e241081d0
2026-02-19T22:47:21.604 INFO:teuthology.orchestra.run.trial058.stdout:/usr/bin/ceph: stderr
2026-02-19T22:47:21.483+0000 7f7e22d76640 1 --2- 10.20.193.58:0/2180308406 >> [v2:10.20.193.58:3300/0,v1:10.20.193.58:6789/0] conn(0x7f7e241081d0 0x7f7e241085d0 secure :-1 s=READY pgs=51 cs=0 l=1 rev1=1 crypto rx=0x7f7e18009920 tx=0x7f7e1802ef20 comp rx=0 tx=0).ready entity=mon.0 client_cookie=dcc4f13e18642a83 server_cookie=0 in_seq=0 out_seq=0
2026-02-19T22:47:21.604 INFO:teuthology.orchestra.run.trial058.stdout:/usr/bin/ceph: stderr
2026-02-19T22:47:21.484+0000 7f7e21d74640 1 -- 10.20.193.58:0/2180308406 <== mon.0 v2:10.20.193.58:3300/0 1 ==== mon_map magic: 0 ==== 205+0+0 (secure 0 0 0) 0x7f7e1803c070 con 0x7f7e241081d0
2026-02-19T22:47:21.604 INFO:teuthology.orchestra.run.trial058.stdout:/usr/bin/ceph: stderr
2026-02-19T22:47:21.484+0000 7f7e21d74640 1 -- 10.20.193.58:0/2180308406 <== mon.0 v2:10.20.193.58:3300/0 2 ==== config(26 keys) ==== 1076+0+0 (secure 0 0 0) 0x7f7e18037440 con 0x7f7e241081d0
2026-02-19T22:47:21.604 INFO:teuthology.orchestra.run.trial058.stdout:/usr/bin/ceph: stderr
2026-02-19T22:47:21.484+0000 7f7e21d74640 1 -- 10.20.193.58:0/2180308406 <== mon.0 v2:10.20.193.58:3300/0 3 ==== mon_map magic: 0 ==== 205+0+0 (secure 0 0 0) 0x7f7e180354d0 con 0x7f7e241081d0
2026-02-19T22:47:21.604 INFO:teuthology.orchestra.run.trial058.stdout:/usr/bin/ceph: stderr
2026-02-19T22:47:21.484+0000 7f7e29266640 1 -- 10.20.193.58:0/2180308406 >> [v2:10.20.193.58:3300/0,v1:10.20.193.58:6789/0] conn(0x7f7e241081d0 msgr2=0x7f7e241085d0 secure :-1 s=STATE_CONNECTION_ESTABLISHED l=1).mark_down
2026-02-19T22:47:21.604 INFO:teuthology.orchestra.run.trial058.stdout:/usr/bin/ceph: stderr
2026-02-19T22:47:21.484+0000 7f7e29266640 1 --2- 10.20.193.58:0/2180308406 >> [v2:10.20.193.58:3300/0,v1:10.20.193.58:6789/0] conn(0x7f7e241081d0 0x7f7e241085d0 secure :-1 s=READY pgs=51 cs=0 l=1 rev1=1 crypto rx=0x7f7e18009920 tx=0x7f7e1802ef20 comp rx=0 tx=0).stop
2026-02-19T22:47:21.604 INFO:teuthology.orchestra.run.trial058.stdout:/usr/bin/ceph: stderr
2026-02-19T22:47:21.484+0000 7f7e29266640 1 -- 10.20.193.58:0/2180308406 shutdown_connections
2026-02-19T22:47:21.604 INFO:teuthology.orchestra.run.trial058.stdout:/usr/bin/ceph: stderr
2026-02-19T22:47:21.484+0000 7f7e29266640 1 --2- 10.20.193.58:0/2180308406 >> [v2:10.20.193.58:3300/0,v1:10.20.193.58:6789/0] conn(0x7f7e241081d0 0x7f7e241085d0 unknown :-1 s=CLOSED pgs=51 cs=0 l=1 rev1=1 crypto rx=0 tx=0 comp rx=0 tx=0).stop
2026-02-19T22:47:21.604 INFO:teuthology.orchestra.run.trial058.stdout:/usr/bin/ceph: stderr
2026-02-19T22:47:21.484+0000 7f7e29266640 1 -- 10.20.193.58:0/2180308406 >> 10.20.193.58:0/2180308406 conn(0x7f7e24103960 msgr2=0x7f7e24105de0 unknown :-1 s=STATE_NONE l=0).mark_down
2026-02-19T22:47:21.604 INFO:teuthology.orchestra.run.trial058.stdout:/usr/bin/ceph: stderr
2026-02-19T22:47:21.484+0000 7f7e29266640 1 -- 10.20.193.58:0/2180308406 shutdown_connections
2026-02-19T22:47:21.605 INFO:teuthology.orchestra.run.trial058.stdout:/usr/bin/ceph: stderr
2026-02-19T22:47:21.484+0000 7f7e29266640 1 -- 10.20.193.58:0/2180308406 wait complete.
2026-02-19T22:47:21.605 INFO:teuthology.orchestra.run.trial058.stdout:/usr/bin/ceph: stderr
2026-02-19T22:47:21.484+0000 7f7e29266640 1 Processor -- start
2026-02-19T22:47:21.605 INFO:teuthology.orchestra.run.trial058.stdout:/usr/bin/ceph: stderr
2026-02-19T22:47:21.484+0000 7f7e29266640 1 -- start start
2026-02-19T22:47:21.605 INFO:teuthology.orchestra.run.trial058.stdout:/usr/bin/ceph: stderr
2026-02-19T22:47:21.484+0000 7f7e29266640 1 --2- >> [v2:10.20.193.58:3300/0,v1:10.20.193.58:6789/0] conn(0x7f7e241081d0 0x7f7e241a0310 unknown :-1 s=NONE pgs=0 cs=0 l=1 rev1=0 crypto rx=0 tx=0 comp rx=0 tx=0).connect
2026-02-19T22:47:21.605 INFO:teuthology.orchestra.run.trial058.stdout:/usr/bin/ceph: stderr
2026-02-19T22:47:21.484+0000 7f7e29266640 1 -- --> [v2:10.20.193.58:3300/0,v1:10.20.193.58:6789/0] -- mon_getmap magic: 0 -- 0x7f7e2410c780 con 0x7f7e241081d0
2026-02-19T22:47:21.605 INFO:teuthology.orchestra.run.trial058.stdout:/usr/bin/ceph: stderr
2026-02-19T22:47:21.485+0000 7f7e22d76640 1 --2- >> [v2:10.20.193.58:3300/0,v1:10.20.193.58:6789/0] conn(0x7f7e241081d0 0x7f7e241a0310 unknown :-1 s=BANNER_CONNECTING pgs=0 cs=0 l=1 rev1=0 crypto rx=0 tx=0 comp rx=0 tx=0)._handle_peer_banner_payload supported=3 required=0
2026-02-19T22:47:21.605 INFO:teuthology.orchestra.run.trial058.stdout:/usr/bin/ceph: stderr
2026-02-19T22:47:21.485+0000 7f7e22d76640 1 --2- >> [v2:10.20.193.58:3300/0,v1:10.20.193.58:6789/0] conn(0x7f7e241081d0 0x7f7e241a0310 unknown :-1 s=HELLO_CONNECTING pgs=0 cs=0 l=1 rev1=1 crypto rx=0 tx=0 comp rx=0 tx=0).handle_hello peer v2:10.20.193.58:3300/0 says I am v2:10.20.193.58:35494/0 (socket says 10.20.193.58:35494)
2026-02-19T22:47:21.605 INFO:teuthology.orchestra.run.trial058.stdout:/usr/bin/ceph: stderr
2026-02-19T22:47:21.485+0000 7f7e22d76640 1 -- 10.20.193.58:0/2767055824 learned_addr learned my addr 10.20.193.58:0/2767055824 (peer_addr_for_me v2:10.20.193.58:0/0)
2026-02-19T22:47:21.605 INFO:teuthology.orchestra.run.trial058.stdout:/usr/bin/ceph: stderr
2026-02-19T22:47:21.485+0000 7f7e22d76640 1 -- 10.20.193.58:0/2767055824 --> [v2:10.20.193.58:3300/0,v1:10.20.193.58:6789/0] -- mon_subscribe({config=0+,monmap=0+}) -- 0x7f7e241a0850 con 0x7f7e241081d0
2026-02-19T22:47:21.605 INFO:teuthology.orchestra.run.trial058.stdout:/usr/bin/ceph: stderr
2026-02-19T22:47:21.485+0000 7f7e22d76640 1 --2- 10.20.193.58:0/2767055824 >> [v2:10.20.193.58:3300/0,v1:10.20.193.58:6789/0] conn(0x7f7e241081d0 0x7f7e241a0310 secure :-1 s=READY pgs=52 cs=0 l=1 rev1=1 crypto rx=0x7f7e18039000 tx=0x7f7e18037820 comp rx=0 tx=0).ready entity=mon.0 client_cookie=0 server_cookie=0 in_seq=0 out_seq=0
2026-02-19T22:47:21.605 INFO:teuthology.orchestra.run.trial058.stdout:/usr/bin/ceph: stderr
2026-02-19T22:47:21.485+0000 7f7e03fff640 1 -- 10.20.193.58:0/2767055824 <== mon.0 v2:10.20.193.58:3300/0 1 ==== mon_map magic: 0 ==== 205+0+0 (secure 0 0 0) 0x7f7e18047070 con 0x7f7e241081d0
2026-02-19T22:47:21.605 INFO:teuthology.orchestra.run.trial058.stdout:/usr/bin/ceph: stderr
2026-02-19T22:47:21.485+0000 7f7e03fff640 1 -- 10.20.193.58:0/2767055824 <== mon.0 v2:10.20.193.58:3300/0 2 ==== config(26 keys) ==== 1076+0+0 (secure 0 0 0) 0x7f7e18035df0 con 0x7f7e241081d0
2026-02-19T22:47:21.606 INFO:teuthology.orchestra.run.trial058.stdout:/usr/bin/ceph: stderr
2026-02-19T22:47:21.485+0000 7f7e03fff640 1 -- 10.20.193.58:0/2767055824 <== mon.0 v2:10.20.193.58:3300/0 3 ==== mon_map magic: 0 ==== 205+0+0 (secure 0 0 0) 0x7f7e1803c070 con 0x7f7e241081d0
2026-02-19T22:47:21.606 INFO:teuthology.orchestra.run.trial058.stdout:/usr/bin/ceph: stderr
2026-02-19T22:47:21.485+0000 7f7e29266640 1 -- 10.20.193.58:0/2767055824 --> [v2:10.20.193.58:3300/0,v1:10.20.193.58:6789/0] -- mon_subscribe({mgrmap=0+}) -- 0x7f7e241a0ae0 con 0x7f7e241081d0
2026-02-19T22:47:21.606 INFO:teuthology.orchestra.run.trial058.stdout:/usr/bin/ceph: stderr
2026-02-19T22:47:21.485+0000 7f7e29266640 1 -- 10.20.193.58:0/2767055824 --> [v2:10.20.193.58:3300/0,v1:10.20.193.58:6789/0] -- mon_subscribe({osdmap=0}) -- 0x7f7e241a37d0 con 0x7f7e241081d0
2026-02-19T22:47:21.606 INFO:teuthology.orchestra.run.trial058.stdout:/usr/bin/ceph: stderr
2026-02-19T22:47:21.485+0000 7f7e03fff640 1 -- 10.20.193.58:0/2767055824 <== mon.0 v2:10.20.193.58:3300/0 4 ==== mgrmap(e 8) ==== 50247+0+0 (secure 0 0 0) 0x7f7e18042640 con 0x7f7e241081d0
2026-02-19T22:47:21.606 INFO:teuthology.orchestra.run.trial058.stdout:/usr/bin/ceph: stderr
2026-02-19T22:47:21.485+0000 7f7e29266640 1 -- 10.20.193.58:0/2767055824 --> [v2:10.20.193.58:3300/0,v1:10.20.193.58:6789/0] -- mon_command({"prefix": "get_command_descriptions"} v 0) -- 0x7f7e2410c900 con 0x7f7e241081d0
2026-02-19T22:47:21.606 INFO:teuthology.orchestra.run.trial058.stdout:/usr/bin/ceph: stderr
2026-02-19T22:47:21.486+0000 7f7e03fff640 1 --2- 10.20.193.58:0/2767055824 >> [v2:10.20.193.58:6800/3015216398,v1:10.20.193.58:6801/3015216398] conn(0x7f7df803dbf0 0x7f7df80400b0 unknown :-1 s=NONE pgs=0 cs=0 l=1 rev1=0 crypto rx=0 tx=0 comp rx=0 tx=0).connect
2026-02-19T22:47:21.606 INFO:teuthology.orchestra.run.trial058.stdout:/usr/bin/ceph: stderr
2026-02-19T22:47:21.486+0000 7f7e03fff640 1 -- 10.20.193.58:0/2767055824 <== mon.0 v2:10.20.193.58:3300/0 5 ==== osd_map(2..2 src has 1..2) ==== 940+0+0 (secure 0 0 0) 0x7f7e180768a0 con 0x7f7e241081d0
2026-02-19T22:47:21.606 INFO:teuthology.orchestra.run.trial058.stdout:/usr/bin/ceph: stderr
2026-02-19T22:47:21.486+0000 7f7e22575640 1 --2- 10.20.193.58:0/2767055824 >> [v2:10.20.193.58:6800/3015216398,v1:10.20.193.58:6801/3015216398] conn(0x7f7df803dbf0 0x7f7df80400b0 unknown :-1 s=BANNER_CONNECTING pgs=0 cs=0 l=1 rev1=0 crypto rx=0 tx=0 comp rx=0 tx=0)._handle_peer_banner_payload supported=3 required=0
2026-02-19T22:47:21.606 INFO:teuthology.orchestra.run.trial058.stdout:/usr/bin/ceph: stderr
2026-02-19T22:47:21.486+0000 7f7e22575640 1 --2- 10.20.193.58:0/2767055824 >> [v2:10.20.193.58:6800/3015216398,v1:10.20.193.58:6801/3015216398] conn(0x7f7df803dbf0 0x7f7df80400b0 secure :-1 s=READY pgs=15 cs=0 l=1 rev1=1 crypto rx=0x7f7e0c0099c0 tx=0x7f7e0c006eb0 comp rx=0 tx=0).ready entity=mgr.14118 client_cookie=0 server_cookie=0 in_seq=0 out_seq=0
2026-02-19T22:47:21.606 INFO:teuthology.orchestra.run.trial058.stdout:/usr/bin/ceph: stderr
2026-02-19T22:47:21.488+0000 7f7e03fff640 1 -- 10.20.193.58:0/2767055824 <== mon.0 v2:10.20.193.58:3300/0 6 ==== mon_command_ack([{"prefix": "get_command_descriptions"}]=0 v0) ==== 72+0+195034 (secure 0 0 0) 0x7f7e180342a0 con 0x7f7e241081d0
2026-02-19T22:47:21.606 INFO:teuthology.orchestra.run.trial058.stdout:/usr/bin/ceph: stderr
2026-02-19T22:47:21.573+0000 7f7e29266640 1 -- 10.20.193.58:0/2767055824 --> [v2:10.20.193.58:3300/0,v1:10.20.193.58:6789/0] -- mon_command([{prefix=config set, name=mgr/dashboard/ssl_server_port}] v 0) -- 0x7f7e24108650 con 0x7f7e241081d0
2026-02-19T22:47:21.607 INFO:teuthology.orchestra.run.trial058.stdout:/usr/bin/ceph: stderr
2026-02-19T22:47:21.576+0000 7f7e03fff640 1 -- 10.20.193.58:0/2767055824 <== mon.0 v2:10.20.193.58:3300/0 7 ==== mon_command_ack([{prefix=config set, name=mgr/dashboard/ssl_server_port}]=0 v8)=0 v8) ==== 130+0+0 (secure 0 0 0) 0x7f7e24108650 con 0x7f7e241081d0
2026-02-19T22:47:21.607 INFO:teuthology.orchestra.run.trial058.stdout:/usr/bin/ceph: stderr
2026-02-19T22:47:21.578+0000 7f7e29266640 1 -- 10.20.193.58:0/2767055824 >> [v2:10.20.193.58:6800/3015216398,v1:10.20.193.58:6801/3015216398] conn(0x7f7df803dbf0 msgr2=0x7f7df80400b0 secure :-1 s=STATE_CONNECTION_ESTABLISHED l=1).mark_down
2026-02-19T22:47:21.607 INFO:teuthology.orchestra.run.trial058.stdout:/usr/bin/ceph: stderr
2026-02-19T22:47:21.578+0000 7f7e29266640 1 --2- 10.20.193.58:0/2767055824 >> [v2:10.20.193.58:6800/3015216398,v1:10.20.193.58:6801/3015216398] conn(0x7f7df803dbf0 0x7f7df80400b0 secure :-1 s=READY pgs=15 cs=0 l=1 rev1=1 crypto rx=0x7f7e0c0099c0 tx=0x7f7e0c006eb0 comp rx=0 tx=0).stop
2026-02-19T22:47:21.607 INFO:teuthology.orchestra.run.trial058.stdout:/usr/bin/ceph: stderr
2026-02-19T22:47:21.578+0000 7f7e29266640 1 -- 10.20.193.58:0/2767055824 >> [v2:10.20.193.58:3300/0,v1:10.20.193.58:6789/0] conn(0x7f7e241081d0 msgr2=0x7f7e241a0310 secure :-1 s=STATE_CONNECTION_ESTABLISHED l=1).mark_down
2026-02-19T22:47:21.607 INFO:teuthology.orchestra.run.trial058.stdout:/usr/bin/ceph: stderr
2026-02-19T22:47:21.578+0000 7f7e29266640 1 --2- 10.20.193.58:0/2767055824 >> [v2:10.20.193.58:3300/0,v1:10.20.193.58:6789/0] conn(0x7f7e241081d0 0x7f7e241a0310 secure :-1 s=READY pgs=52 cs=0 l=1 rev1=1 crypto rx=0x7f7e18039000 tx=0x7f7e18037820 comp rx=0 tx=0).stop
2026-02-19T22:47:21.607 INFO:teuthology.orchestra.run.trial058.stdout:/usr/bin/ceph: stderr
2026-02-19T22:47:21.578+0000 7f7e29266640 1 -- 10.20.193.58:0/2767055824 shutdown_connections
2026-02-19T22:47:21.607 INFO:teuthology.orchestra.run.trial058.stdout:/usr/bin/ceph: stderr
2026-02-19T22:47:21.578+0000 7f7e29266640 1 --2- 10.20.193.58:0/2767055824 >> [v2:10.20.193.58:6800/3015216398,v1:10.20.193.58:6801/3015216398] conn(0x7f7df803dbf0 0x7f7df80400b0 unknown :-1 s=CLOSED pgs=15 cs=0 l=1 rev1=1 crypto rx=0 tx=0 comp rx=0 tx=0).stop
2026-02-19T22:47:21.607 INFO:teuthology.orchestra.run.trial058.stdout:/usr/bin/ceph: stderr
2026-02-19T22:47:21.578+0000 7f7e29266640 1 --2- 10.20.193.58:0/2767055824 >> [v2:10.20.193.58:3300/0,v1:10.20.193.58:6789/0] conn(0x7f7e241081d0 0x7f7e241a0310 unknown :-1 s=CLOSED pgs=52 cs=0 l=1 rev1=1 crypto rx=0 tx=0 comp rx=0 tx=0).stop
2026-02-19T22:47:21.607 INFO:teuthology.orchestra.run.trial058.stdout:/usr/bin/ceph: stderr
2026-02-19T22:47:21.578+0000 7f7e29266640 1 -- 10.20.193.58:0/2767055824 >> 10.20.193.58:0/2767055824 conn(0x7f7e24103960 msgr2=0x7f7e24104530 unknown :-1 s=STATE_NONE l=0).mark_down
2026-02-19T22:47:21.607 INFO:teuthology.orchestra.run.trial058.stdout:/usr/bin/ceph: stderr
2026-02-19T22:47:21.578+0000 7f7e29266640 1 -- 10.20.193.58:0/2767055824 shutdown_connections
2026-02-19T22:47:21.607 INFO:teuthology.orchestra.run.trial058.stdout:/usr/bin/ceph: stderr
2026-02-19T22:47:21.578+0000 7f7e29266640 1 -- 10.20.193.58:0/2767055824 wait complete.
2026-02-19T22:47:21.607 INFO:teuthology.orchestra.run.trial058.stdout:Enabling the dashboard module...
2026-02-19T22:47:22.605 INFO:journalctl@ceph.mon.a.trial058.stdout:Feb 19 22:47:22 trial058 ceph-mon[40872]: Added host trial058
2026-02-19T22:47:22.606 INFO:journalctl@ceph.mon.a.trial058.stdout:Feb 19 22:47:22 trial058 ceph-mon[40872]: from='client.14140 -' entity='client.admin' cmd=[{"prefix": "orch apply", "service_type": "mon", "unmanaged": true, "target": ["mon-mgr", ""]}]: dispatch
2026-02-19T22:47:22.606 INFO:journalctl@ceph.mon.a.trial058.stdout:Feb 19 22:47:22 trial058 ceph-mon[40872]: Saving service mon spec with placement count:5
2026-02-19T22:47:22.606 INFO:journalctl@ceph.mon.a.trial058.stdout:Feb 19 22:47:22 trial058 ceph-mon[40872]: from='client.14142 -' entity='client.admin' cmd=[{"prefix": "orch apply", "service_type": "mgr", "unmanaged": true, "target": ["mon-mgr", ""]}]: dispatch
2026-02-19T22:47:22.606 INFO:journalctl@ceph.mon.a.trial058.stdout:Feb 19 22:47:22 trial058 ceph-mon[40872]: Saving service mgr spec with placement count:2
2026-02-19T22:47:22.606 INFO:journalctl@ceph.mon.a.trial058.stdout:Feb 19 22:47:22 trial058 ceph-mon[40872]: from='client.? 10.20.193.58:0/2767055824' entity='client.admin'
2026-02-19T22:47:22.606 INFO:journalctl@ceph.mon.a.trial058.stdout:Feb 19 22:47:22 trial058 ceph-mon[40872]: from='mgr.14118 10.20.193.58:0/2268499990' entity='mgr.x'
2026-02-19T22:47:22.606 INFO:journalctl@ceph.mon.a.trial058.stdout:Feb 19 22:47:22 trial058 ceph-mon[40872]: from='client.? 10.20.193.58:0/4207726960' entity='client.admin' cmd=[{"prefix": "mgr module enable", "module": "dashboard"}]: dispatch
2026-02-19T22:47:22.606 INFO:journalctl@ceph.mon.a.trial058.stdout:Feb 19 22:47:22 trial058 ceph-mon[40872]: from='mgr.14118 10.20.193.58:0/2268499990' entity='mgr.x'
2026-02-19T22:47:22.758 INFO:teuthology.orchestra.run.trial058.stdout:/usr/bin/ceph: stderr
2026-02-19T22:47:21.687+0000 7f260affd640 1 Processor -- start
2026-02-19T22:47:22.758 INFO:teuthology.orchestra.run.trial058.stdout:/usr/bin/ceph: stderr
2026-02-19T22:47:21.688+0000 7f260affd640 1 -- start start
2026-02-19T22:47:22.759 INFO:teuthology.orchestra.run.trial058.stdout:/usr/bin/ceph: stderr
2026-02-19T22:47:21.688+0000 7f260affd640 1 --2- >> [v2:10.20.193.58:3300/0,v1:10.20.193.58:6789/0] conn(0x7f260410ba30 0x7f260410be30 unknown :-1 s=NONE pgs=0 cs=0 l=0 rev1=0 crypto rx=0 tx=0 comp rx=0 tx=0).connect
2026-02-19T22:47:22.759 INFO:teuthology.orchestra.run.trial058.stdout:/usr/bin/ceph: stderr
2026-02-19T22:47:21.688+0000 7f260affd640 1 -- --> [v2:10.20.193.58:3300/0,v1:10.20.193.58:6789/0] -- mon_getmap magic: 0 -- 0x7f260410c400 con 0x7f260410ba30
2026-02-19T22:47:22.759 INFO:teuthology.orchestra.run.trial058.stdout:/usr/bin/ceph: stderr
2026-02-19T22:47:21.688+0000 7f2608d72640 1 --2- >> [v2:10.20.193.58:3300/0,v1:10.20.193.58:6789/0] conn(0x7f260410ba30 0x7f260410be30 unknown :-1 s=BANNER_CONNECTING pgs=0 cs=0 l=0 rev1=0 crypto rx=0 tx=0 comp rx=0 tx=0)._handle_peer_banner_payload supported=3 required=0
2026-02-19T22:47:22.759 INFO:teuthology.orchestra.run.trial058.stdout:/usr/bin/ceph: stderr
2026-02-19T22:47:21.688+0000 7f2608d72640 1 --2- >> [v2:10.20.193.58:3300/0,v1:10.20.193.58:6789/0] conn(0x7f260410ba30 0x7f260410be30 unknown :-1 s=HELLO_CONNECTING pgs=0 cs=0 l=0 rev1=1 crypto rx=0 tx=0 comp rx=0 tx=0).handle_hello peer v2:10.20.193.58:3300/0 says I am v2:10.20.193.58:35496/0 (socket says 10.20.193.58:35496)
2026-02-19T22:47:22.759 INFO:teuthology.orchestra.run.trial058.stdout:/usr/bin/ceph: stderr
2026-02-19T22:47:21.688+0000 7f2608d72640 1 -- 10.20.193.58:0/2034792897 learned_addr learned my addr 10.20.193.58:0/2034792897 (peer_addr_for_me v2:10.20.193.58:0/0)
2026-02-19T22:47:22.759 INFO:teuthology.orchestra.run.trial058.stdout:/usr/bin/ceph: stderr
2026-02-19T22:47:21.688+0000 7f2608d72640 1 -- 10.20.193.58:0/2034792897 --> [v2:10.20.193.58:3300/0,v1:10.20.193.58:6789/0] -- mon_subscribe({config=0+,monmap=0+}) -- 0x7f260410a690 con 0x7f260410ba30
2026-02-19T22:47:22.759 INFO:teuthology.orchestra.run.trial058.stdout:/usr/bin/ceph: stderr
2026-02-19T22:47:21.688+0000 7f2608d72640 1 --2- 10.20.193.58:0/2034792897 >> [v2:10.20.193.58:3300/0,v1:10.20.193.58:6789/0] conn(0x7f260410ba30 0x7f260410be30 secure :-1 s=READY pgs=53 cs=0 l=1 rev1=1 crypto rx=0x7f25f4009920 tx=0x7f25f402ef20 comp rx=0 tx=0).ready entity=mon.0 client_cookie=d91d930f64d0e02d server_cookie=0 in_seq=0 out_seq=0
2026-02-19T22:47:22.759 INFO:teuthology.orchestra.run.trial058.stdout:/usr/bin/ceph: stderr
2026-02-19T22:47:21.689+0000 7f25fb7fe640 1 -- 10.20.193.58:0/2034792897 <== mon.0 v2:10.20.193.58:3300/0 1 ==== mon_map magic: 0 ==== 205+0+0 (secure 0 0 0) 0x7f25f403c070 con 0x7f260410ba30
2026-02-19T22:47:22.759 INFO:teuthology.orchestra.run.trial058.stdout:/usr/bin/ceph: stderr
2026-02-19T22:47:21.689+0000 7f25fb7fe640 1 -- 10.20.193.58:0/2034792897 <== mon.0 v2:10.20.193.58:3300/0 2 ==== config(26 keys) ==== 1076+0+0 (secure 0 0 0) 0x7f25f4037440 con 0x7f260410ba30
2026-02-19T22:47:22.759 INFO:teuthology.orchestra.run.trial058.stdout:/usr/bin/ceph: stderr
2026-02-19T22:47:21.689+0000 7f25fb7fe640 1 -- 10.20.193.58:0/2034792897 <== mon.0 v2:10.20.193.58:3300/0 3 ==== mon_map magic: 0 ==== 205+0+0 (secure 0 0 0) 0x7f25f40354d0 con 0x7f260410ba30
2026-02-19T22:47:22.760 INFO:teuthology.orchestra.run.trial058.stdout:/usr/bin/ceph: stderr
2026-02-19T22:47:21.689+0000 7f260affd640 1 -- 10.20.193.58:0/2034792897 >> [v2:10.20.193.58:3300/0,v1:10.20.193.58:6789/0] conn(0x7f260410ba30 msgr2=0x7f260410be30 secure :-1 s=STATE_CONNECTION_ESTABLISHED l=1).mark_down
2026-02-19T22:47:22.760 INFO:teuthology.orchestra.run.trial058.stdout:/usr/bin/ceph: stderr
2026-02-19T22:47:21.689+0000 7f260affd640 1 --2- 10.20.193.58:0/2034792897 >> [v2:10.20.193.58:3300/0,v1:10.20.193.58:6789/0] conn(0x7f260410ba30 0x7f260410be30 secure :-1 s=READY pgs=53 cs=0 l=1 rev1=1 crypto rx=0x7f25f4009920 tx=0x7f25f402ef20 comp rx=0 tx=0).stop
2026-02-19T22:47:22.760 INFO:teuthology.orchestra.run.trial058.stdout:/usr/bin/ceph: stderr
2026-02-19T22:47:21.689+0000 7f260affd640 1 -- 10.20.193.58:0/2034792897 shutdown_connections
2026-02-19T22:47:22.760 INFO:teuthology.orchestra.run.trial058.stdout:/usr/bin/ceph: stderr
2026-02-19T22:47:21.689+0000 7f260affd640 1 --2- 10.20.193.58:0/2034792897 >> [v2:10.20.193.58:3300/0,v1:10.20.193.58:6789/0] conn(0x7f260410ba30 0x7f260410be30 unknown :-1 s=CLOSED pgs=53 cs=0 l=1 rev1=1 crypto rx=0 tx=0 comp rx=0 tx=0).stop
2026-02-19T22:47:22.760 INFO:teuthology.orchestra.run.trial058.stdout:/usr/bin/ceph: stderr
2026-02-19T22:47:21.689+0000 7f260affd640 1 -- 10.20.193.58:0/2034792897 >> 10.20.193.58:0/2034792897 conn(0x7f260407da30 msgr2=0x7f260407dea0 unknown :-1 s=STATE_NONE l=0).mark_down
2026-02-19T22:47:22.760 INFO:teuthology.orchestra.run.trial058.stdout:/usr/bin/ceph: stderr
2026-02-19T22:47:21.689+0000 7f260affd640 1 -- 10.20.193.58:0/2034792897 shutdown_connections
2026-02-19T22:47:22.760 INFO:teuthology.orchestra.run.trial058.stdout:/usr/bin/ceph: stderr
2026-02-19T22:47:21.689+0000 7f260affd640 1 -- 10.20.193.58:0/2034792897 wait complete.
2026-02-19T22:47:22.760 INFO:teuthology.orchestra.run.trial058.stdout:/usr/bin/ceph: stderr
2026-02-19T22:47:21.689+0000 7f260affd640 1 Processor -- start
2026-02-19T22:47:22.760 INFO:teuthology.orchestra.run.trial058.stdout:/usr/bin/ceph: stderr
2026-02-19T22:47:21.690+0000 7f260affd640 1 -- start start
2026-02-19T22:47:22.760 INFO:teuthology.orchestra.run.trial058.stdout:/usr/bin/ceph: stderr
2026-02-19T22:47:21.690+0000 7f260affd640 1 --2- >> [v2:10.20.193.58:3300/0,v1:10.20.193.58:6789/0] conn(0x7f260410ba30 0x7f26041a03b0 unknown :-1 s=NONE pgs=0 cs=0 l=1 rev1=0 crypto rx=0 tx=0 comp rx=0 tx=0).connect
2026-02-19T22:47:22.760 INFO:teuthology.orchestra.run.trial058.stdout:/usr/bin/ceph: stderr
2026-02-19T22:47:21.690+0000 7f260affd640 1 -- --> [v2:10.20.193.58:3300/0,v1:10.20.193.58:6789/0] -- mon_getmap magic: 0 -- 0x7f260410e8d0 con 0x7f260410ba30
2026-02-19T22:47:22.760 INFO:teuthology.orchestra.run.trial058.stdout:/usr/bin/ceph: stderr
2026-02-19T22:47:21.690+0000 7f2608d72640 1 --2- >> [v2:10.20.193.58:3300/0,v1:10.20.193.58:6789/0] conn(0x7f260410ba30 0x7f26041a03b0 unknown :-1 s=BANNER_CONNECTING pgs=0 cs=0 l=1 rev1=0 crypto rx=0 tx=0 comp rx=0 tx=0)._handle_peer_banner_payload supported=3 required=0
2026-02-19T22:47:22.761 INFO:teuthology.orchestra.run.trial058.stdout:/usr/bin/ceph: stderr
2026-02-19T22:47:21.690+0000 7f2608d72640 1 --2- >> [v2:10.20.193.58:3300/0,v1:10.20.193.58:6789/0] conn(0x7f260410ba30 0x7f26041a03b0 unknown :-1 s=HELLO_CONNECTING pgs=0 cs=0 l=1 rev1=1 crypto rx=0 tx=0 comp rx=0 tx=0).handle_hello peer v2:10.20.193.58:3300/0 says I am v2:10.20.193.58:35502/0 (socket says 10.20.193.58:35502)
2026-02-19T22:47:22.761 INFO:teuthology.orchestra.run.trial058.stdout:/usr/bin/ceph: stderr
2026-02-19T22:47:21.690+0000 7f2608d72640 1 -- 10.20.193.58:0/4207726960 learned_addr learned my addr 10.20.193.58:0/4207726960 (peer_addr_for_me v2:10.20.193.58:0/0)
2026-02-19T22:47:22.761 INFO:teuthology.orchestra.run.trial058.stdout:/usr/bin/ceph: stderr
2026-02-19T22:47:21.690+0000 7f2608d72640 1 -- 10.20.193.58:0/4207726960 --> [v2:10.20.193.58:3300/0,v1:10.20.193.58:6789/0] -- mon_subscribe({config=0+,monmap=0+}) -- 0x7f26041a08f0 con 0x7f260410ba30
2026-02-19T22:47:22.761 INFO:teuthology.orchestra.run.trial058.stdout:/usr/bin/ceph: stderr
2026-02-19T22:47:21.690+0000 7f2608d72640 1 --2- 10.20.193.58:0/4207726960 >> [v2:10.20.193.58:3300/0,v1:10.20.193.58:6789/0] conn(0x7f260410ba30 0x7f26041a03b0 secure :-1 s=READY pgs=54 cs=0 l=1 rev1=1 crypto rx=0x7f25f4039000 tx=0x7f25f4037820 comp rx=0 tx=0).ready entity=mon.0 client_cookie=0 server_cookie=0 in_seq=0 out_seq=0
2026-02-19T22:47:22.761 INFO:teuthology.orchestra.run.trial058.stdout:/usr/bin/ceph: stderr
2026-02-19T22:47:21.690+0000 7f25f9ffb640 1 -- 10.20.193.58:0/4207726960 <== mon.0 v2:10.20.193.58:3300/0 1 ==== mon_map magic: 0 ==== 205+0+0 (secure 0 0 0) 0x7f25f4047070 con 0x7f260410ba30
2026-02-19T22:47:22.761 INFO:teuthology.orchestra.run.trial058.stdout:/usr/bin/ceph: stderr
2026-02-19T22:47:21.690+0000 7f25f9ffb640 1 -- 10.20.193.58:0/4207726960 <== mon.0 v2:10.20.193.58:3300/0 2 ==== config(26 keys) ==== 1076+0+0 (secure 0 0 0) 0x7f25f4035da0 con 0x7f260410ba30
2026-02-19T22:47:22.761 INFO:teuthology.orchestra.run.trial058.stdout:/usr/bin/ceph: stderr
2026-02-19T22:47:21.690+0000 7f260affd640 1 -- 10.20.193.58:0/4207726960 --> [v2:10.20.193.58:3300/0,v1:10.20.193.58:6789/0] -- mon_subscribe({mgrmap=0+}) -- 0x7f26041a0b80 con 0x7f260410ba30
2026-02-19T22:47:22.761 INFO:teuthology.orchestra.run.trial058.stdout:/usr/bin/ceph: stderr
2026-02-19T22:47:21.690+0000 7f25f9ffb640 1 -- 10.20.193.58:0/4207726960 <== mon.0 v2:10.20.193.58:3300/0 3 ==== mon_map magic: 0 ==== 205+0+0 (secure 0 0 0) 0x7f25f403c070 con 0x7f260410ba30
2026-02-19T22:47:22.761 INFO:teuthology.orchestra.run.trial058.stdout:/usr/bin/ceph: stderr
2026-02-19T22:47:21.690+0000 7f260affd640 1 -- 10.20.193.58:0/4207726960 --> [v2:10.20.193.58:3300/0,v1:10.20.193.58:6789/0] -- mon_subscribe({osdmap=0}) -- 0x7f26041a3870 con 0x7f260410ba30
2026-02-19T22:47:22.761 INFO:teuthology.orchestra.run.trial058.stdout:/usr/bin/ceph: stderr
2026-02-19T22:47:21.691+0000 7f260affd640 1 -- 10.20.193.58:0/4207726960 --> [v2:10.20.193.58:3300/0,v1:10.20.193.58:6789/0] -- mon_command({"prefix": "get_command_descriptions"} v 0) -- 0x7f260410beb0 con 0x7f260410ba30
2026-02-19T22:47:22.761 INFO:teuthology.orchestra.run.trial058.stdout:/usr/bin/ceph: stderr
2026-02-19T22:47:21.691+0000 7f25f9ffb640 1 -- 10.20.193.58:0/4207726960 <== mon.0 v2:10.20.193.58:3300/0 4 ==== mgrmap(e 8) ==== 50247+0+0 (secure 0 0 0) 0x7f25f404c440 con 0x7f260410ba30
2026-02-19T22:47:22.762 INFO:teuthology.orchestra.run.trial058.stdout:/usr/bin/ceph: stderr
2026-02-19T22:47:21.691+0000 7f25f9ffb640 1 --2- 10.20.193.58:0/4207726960 >> [v2:10.20.193.58:6800/3015216398,v1:10.20.193.58:6801/3015216398] conn(0x7f25e003dba0 0x7f25e0040060 unknown :-1 s=NONE pgs=0 cs=0 l=1 rev1=0 crypto rx=0 tx=0 comp rx=0 tx=0).connect
2026-02-19T22:47:22.762 INFO:teuthology.orchestra.run.trial058.stdout:/usr/bin/ceph: stderr
2026-02-19T22:47:21.691+0000 7f25f9ffb640 1 -- 10.20.193.58:0/4207726960 <== mon.0 v2:10.20.193.58:3300/0 5 ==== osd_map(2..2 src has 1..2) ==== 940+0+0 (secure 0 0 0) 0x7f25f4076970 con 0x7f260410ba30
2026-02-19T22:47:22.762 INFO:teuthology.orchestra.run.trial058.stdout:/usr/bin/ceph: stderr
2026-02-19T22:47:21.691+0000 7f25fbfff640 1 --2- 10.20.193.58:0/4207726960 >> [v2:10.20.193.58:6800/3015216398,v1:10.20.193.58:6801/3015216398] conn(0x7f25e003dba0 0x7f25e0040060 unknown :-1 s=BANNER_CONNECTING pgs=0 cs=0 l=1 rev1=0 crypto rx=0 tx=0 comp rx=0 tx=0)._handle_peer_banner_payload supported=3 required=0
2026-02-19T22:47:22.762 INFO:teuthology.orchestra.run.trial058.stdout:/usr/bin/ceph: stderr
2026-02-19T22:47:21.691+0000 7f25fbfff640 1 --2- 10.20.193.58:0/4207726960 >> [v2:10.20.193.58:6800/3015216398,v1:10.20.193.58:6801/3015216398] conn(0x7f25e003dba0 0x7f25e0040060 secure :-1 s=READY pgs=16 cs=0 l=1 rev1=1 crypto rx=0x7f25ec0099c0 tx=0x7f25ec006eb0 comp rx=0 tx=0).ready entity=mgr.14118 client_cookie=0 server_cookie=0 in_seq=0 out_seq=0
2026-02-19T22:47:22.762 INFO:teuthology.orchestra.run.trial058.stdout:/usr/bin/ceph: stderr
2026-02-19T22:47:21.693+0000 7f25f9ffb640 1 -- 10.20.193.58:0/4207726960 <== mon.0 v2:10.20.193.58:3300/0 6 ==== mon_command_ack([{"prefix": "get_command_descriptions"}]=0 v0) ==== 72+0+195034 (secure 0 0 0) 0x7f25f404ac60 con 0x7f260410ba30
2026-02-19T22:47:22.762 INFO:teuthology.orchestra.run.trial058.stdout:/usr/bin/ceph: stderr
2026-02-19T22:47:21.802+0000 7f260affd640 1 -- 10.20.193.58:0/4207726960 --> [v2:10.20.193.58:3300/0,v1:10.20.193.58:6789/0] -- mon_command({"prefix": "mgr module enable", "module": "dashboard"} v 0) -- 0x7f26041a3ef0 con 0x7f260410ba30
2026-02-19T22:47:22.762 INFO:teuthology.orchestra.run.trial058.stdout:/usr/bin/ceph: stderr
2026-02-19T22:47:22.726+0000 7f25f9ffb640 1 -- 10.20.193.58:0/4207726960 <== mon.0 v2:10.20.193.58:3300/0 7 ==== mon_command_ack([{"prefix": "mgr module enable", "module": "dashboard"}]=0 v9) ==== 88+0+0 (secure 0 0 0) 0x7f25f404c8b0 con 0x7f260410ba30
2026-02-19T22:47:22.762 INFO:teuthology.orchestra.run.trial058.stdout:/usr/bin/ceph: stderr
2026-02-19T22:47:22.727+0000 7f25f9ffb640 1 -- 10.20.193.58:0/4207726960 <== mon.0 v2:10.20.193.58:3300/0 8 ==== mgrmap(e 9) ==== 50260+0+0 (secure 0 0 0) 0x7f25f404cb80 con 0x7f260410ba30
2026-02-19T22:47:22.762 INFO:teuthology.orchestra.run.trial058.stdout:/usr/bin/ceph: stderr
2026-02-19T22:47:22.731+0000 7f260affd640 1 -- 10.20.193.58:0/4207726960 >> [v2:10.20.193.58:6800/3015216398,v1:10.20.193.58:6801/3015216398] conn(0x7f25e003dba0 msgr2=0x7f25e0040060 secure :-1 s=STATE_CONNECTION_ESTABLISHED l=1).mark_down
2026-02-19T22:47:22.762 INFO:teuthology.orchestra.run.trial058.stdout:/usr/bin/ceph: stderr
2026-02-19T22:47:22.731+0000 7f260affd640 1 --2- 10.20.193.58:0/4207726960 >> [v2:10.20.193.58:6800/3015216398,v1:10.20.193.58:6801/3015216398] conn(0x7f25e003dba0 0x7f25e0040060 secure :-1 s=READY pgs=16 cs=0 l=1 rev1=1 crypto rx=0x7f25ec0099c0 tx=0x7f25ec006eb0 comp rx=0 tx=0).stop
2026-02-19T22:47:22.762 INFO:teuthology.orchestra.run.trial058.stdout:/usr/bin/ceph: stderr
2026-02-19T22:47:22.731+0000 7f260affd640 1 -- 10.20.193.58:0/4207726960 >> [v2:10.20.193.58:3300/0,v1:10.20.193.58:6789/0] conn(0x7f260410ba30 msgr2=0x7f26041a03b0 secure :-1 s=STATE_CONNECTION_ESTABLISHED l=1).mark_down
2026-02-19T22:47:22.763 INFO:teuthology.orchestra.run.trial058.stdout:/usr/bin/ceph: stderr
2026-02-19T22:47:22.731+0000 7f260affd640 1 --2- 10.20.193.58:0/4207726960 >> [v2:10.20.193.58:3300/0,v1:10.20.193.58:6789/0] conn(0x7f260410ba30 0x7f26041a03b0 secure :-1 s=READY pgs=54 cs=0 l=1 rev1=1 crypto rx=0x7f25f4039000 tx=0x7f25f4037820 comp rx=0 tx=0).stop
2026-02-19T22:47:22.763 INFO:teuthology.orchestra.run.trial058.stdout:/usr/bin/ceph: stderr
2026-02-19T22:47:22.731+0000 7f260affd640 1 -- 10.20.193.58:0/4207726960 shutdown_connections
2026-02-19T22:47:22.763 INFO:teuthology.orchestra.run.trial058.stdout:/usr/bin/ceph: stderr
2026-02-19T22:47:22.731+0000 7f260affd640 1 --2- 10.20.193.58:0/4207726960 >> [v2:10.20.193.58:6800/3015216398,v1:10.20.193.58:6801/3015216398] conn(0x7f25e003dba0 0x7f25e0040060 unknown :-1 s=CLOSED pgs=16 cs=0 l=1 rev1=1 crypto rx=0 tx=0 comp rx=0 tx=0).stop
2026-02-19T22:47:22.763 INFO:teuthology.orchestra.run.trial058.stdout:/usr/bin/ceph: stderr
2026-02-19T22:47:22.731+0000 7f260affd640 1 --2- 10.20.193.58:0/4207726960 >> [v2:10.20.193.58:3300/0,v1:10.20.193.58:6789/0] conn(0x7f260410ba30 0x7f26041a03b0 unknown :-1 s=CLOSED pgs=54 cs=0 l=1 rev1=1 crypto rx=0 tx=0 comp rx=0 tx=0).stop
2026-02-19T22:47:22.763 INFO:teuthology.orchestra.run.trial058.stdout:/usr/bin/ceph: stderr
2026-02-19T22:47:22.731+0000 7f260affd640 1 -- 10.20.193.58:0/4207726960 >> 10.20.193.58:0/4207726960 conn(0x7f260407da30 msgr2=0x7f2604108750 unknown :-1 s=STATE_NONE l=0).mark_down
2026-02-19T22:47:22.763 INFO:teuthology.orchestra.run.trial058.stdout:/usr/bin/ceph: stderr
2026-02-19T22:47:22.731+0000 7f260affd640 1 -- 10.20.193.58:0/4207726960 shutdown_connections
2026-02-19T22:47:22.763 INFO:teuthology.orchestra.run.trial058.stdout:/usr/bin/ceph: stderr
2026-02-19T22:47:22.731+0000 7f260affd640 1 -- 10.20.193.58:0/4207726960 wait complete.
2026-02-19T22:47:22.978 INFO:journalctl@ceph.mgr.x.trial058.stdout:Feb 19 22:47:22 trial058 ceph-e2dcafa1-0de4-11f1-909c-d404e6e7d460-mgr-x[41139]: ignoring --setuser ceph since I am not root
2026-02-19T22:47:22.978 INFO:journalctl@ceph.mgr.x.trial058.stdout:Feb 19 22:47:22 trial058 ceph-e2dcafa1-0de4-11f1-909c-d404e6e7d460-mgr-x[41139]: ignoring --setgroup ceph since I am not root
2026-02-19T22:47:22.990 INFO:teuthology.orchestra.run.trial058.stdout:/usr/bin/ceph: stdout {
2026-02-19T22:47:22.991 INFO:teuthology.orchestra.run.trial058.stdout:/usr/bin/ceph: stdout "epoch": 9,
2026-02-19T22:47:22.991 INFO:teuthology.orchestra.run.trial058.stdout:/usr/bin/ceph: stdout "available": true,
2026-02-19T22:47:22.991 INFO:teuthology.orchestra.run.trial058.stdout:/usr/bin/ceph: stdout "active_name": "x",
2026-02-19T22:47:22.991 INFO:teuthology.orchestra.run.trial058.stdout:/usr/bin/ceph: stdout "num_standby": 0
2026-02-19T22:47:22.991 INFO:teuthology.orchestra.run.trial058.stdout:/usr/bin/ceph: stdout }
2026-02-19T22:47:22.991 INFO:teuthology.orchestra.run.trial058.stdout:/usr/bin/ceph: stderr
2026-02-19T22:47:22.860+0000 7f654579a640 1 Processor -- start
2026-02-19T22:47:22.991 INFO:teuthology.orchestra.run.trial058.stdout:/usr/bin/ceph: stderr
2026-02-19T22:47:22.860+0000 7f654579a640 1 -- start start
2026-02-19T22:47:22.991 INFO:teuthology.orchestra.run.trial058.stdout:/usr/bin/ceph: stderr
2026-02-19T22:47:22.860+0000 7f654579a640 1 --2- >> [v2:10.20.193.58:3300/0,v1:10.20.193.58:6789/0] conn(0x7f654007eeb0 0x7f654007d310 unknown :-1 s=NONE pgs=0 cs=0 l=0 rev1=0 crypto rx=0 tx=0 comp rx=0 tx=0).connect
2026-02-19T22:47:22.991 INFO:teuthology.orchestra.run.trial058.stdout:/usr/bin/ceph: stderr
2026-02-19T22:47:22.860+0000 7f654579a640 1 -- --> [v2:10.20.193.58:3300/0,v1:10.20.193.58:6789/0] -- mon_getmap magic: 0 -- 0x7f654007d850 con 0x7f654007eeb0
2026-02-19T22:47:22.991 INFO:teuthology.orchestra.run.trial058.stdout:/usr/bin/ceph: stderr
2026-02-19T22:47:22.860+0000 7f653effd640 1 --2- >> [v2:10.20.193.58:3300/0,v1:10.20.193.58:6789/0] conn(0x7f654007eeb0 0x7f654007d310 unknown :-1 s=BANNER_CONNECTING pgs=0 cs=0 l=0 rev1=0 crypto rx=0 tx=0 comp rx=0 tx=0)._handle_peer_banner_payload supported=3 required=0
2026-02-19T22:47:22.991 INFO:teuthology.orchestra.run.trial058.stdout:/usr/bin/ceph: stderr
2026-02-19T22:47:22.860+0000 7f653effd640 1 --2- >> [v2:10.20.193.58:3300/0,v1:10.20.193.58:6789/0] conn(0x7f654007eeb0 0x7f654007d310 unknown :-1 s=HELLO_CONNECTING pgs=0 cs=0 l=0 rev1=1 crypto rx=0 tx=0 comp rx=0 tx=0).handle_hello peer v2:10.20.193.58:3300/0 says I am v2:10.20.193.58:35530/0 (socket says 10.20.193.58:35530)
2026-02-19T22:47:22.991 INFO:teuthology.orchestra.run.trial058.stdout:/usr/bin/ceph: stderr
2026-02-19T22:47:22.860+0000 7f653effd640 1 -- 10.20.193.58:0/4209428377 learned_addr learned my addr 10.20.193.58:0/4209428377 (peer_addr_for_me v2:10.20.193.58:0/0)
2026-02-19T22:47:22.991 INFO:teuthology.orchestra.run.trial058.stdout:/usr/bin/ceph: stderr
2026-02-19T22:47:22.860+0000 7f653effd640 1 -- 10.20.193.58:0/4209428377 --> [v2:10.20.193.58:3300/0,v1:10.20.193.58:6789/0] -- mon_subscribe({config=0+,monmap=0+}) -- 0x7f654007d9d0 con 0x7f654007eeb0
2026-02-19T22:47:22.991 INFO:teuthology.orchestra.run.trial058.stdout:/usr/bin/ceph: stderr
2026-02-19T22:47:22.861+0000 7f653effd640 1 --2- 10.20.193.58:0/4209428377 >> [v2:10.20.193.58:3300/0,v1:10.20.193.58:6789/0] conn(0x7f654007eeb0 0x7f654007d310 secure :-1 s=READY pgs=57 cs=0 l=1 rev1=1 crypto rx=0x7f6534009920 tx=0x7f653402ef20 comp rx=0 tx=0).ready entity=mon.0 client_cookie=af970ed50e4409df server_cookie=0 in_seq=0 out_seq=0
2026-02-19T22:47:22.992 INFO:teuthology.orchestra.run.trial058.stdout:/usr/bin/ceph: stderr
2026-02-19T22:47:22.861+0000 7f653dffb640 1 -- 10.20.193.58:0/4209428377 <== mon.0 v2:10.20.193.58:3300/0 1 ==== mon_map magic: 0 ==== 205+0+0 (secure 0 0 0) 0x7f653403c070 con 0x7f654007eeb0
2026-02-19T22:47:22.992 INFO:teuthology.orchestra.run.trial058.stdout:/usr/bin/ceph: stderr
2026-02-19T22:47:22.861+0000 7f653dffb640 1 -- 10.20.193.58:0/4209428377 <== mon.0 v2:10.20.193.58:3300/0 2 ==== config(26 keys) ==== 1076+0+0 (secure 0 0 0) 0x7f6534037440 con 0x7f654007eeb0
2026-02-19T22:47:22.992 INFO:teuthology.orchestra.run.trial058.stdout:/usr/bin/ceph: stderr
2026-02-19T22:47:22.861+0000 7f653dffb640 1 -- 10.20.193.58:0/4209428377 <== mon.0 v2:10.20.193.58:3300/0 3 ==== mon_map magic: 0 ==== 205+0+0 (secure 0 0 0) 0x7f65340354d0 con 0x7f654007eeb0
2026-02-19T22:47:22.992 INFO:teuthology.orchestra.run.trial058.stdout:/usr/bin/ceph: stderr
2026-02-19T22:47:22.861+0000 7f654579a640 1 -- 10.20.193.58:0/4209428377 >> [v2:10.20.193.58:3300/0,v1:10.20.193.58:6789/0] conn(0x7f654007eeb0 msgr2=0x7f654007d310 secure :-1 s=STATE_CONNECTION_ESTABLISHED l=1).mark_down
2026-02-19T22:47:22.992 INFO:teuthology.orchestra.run.trial058.stdout:/usr/bin/ceph: stderr
2026-02-19T22:47:22.861+0000 7f654579a640 1 --2- 10.20.193.58:0/4209428377 >> [v2:10.20.193.58:3300/0,v1:10.20.193.58:6789/0] conn(0x7f654007eeb0 0x7f654007d310 secure :-1 s=READY pgs=57 cs=0 l=1 rev1=1 crypto rx=0x7f6534009920 tx=0x7f653402ef20 comp rx=0 tx=0).stop
2026-02-19T22:47:22.992 INFO:teuthology.orchestra.run.trial058.stdout:/usr/bin/ceph: stderr
2026-02-19T22:47:22.861+0000 7f654579a640 1 -- 10.20.193.58:0/4209428377 shutdown_connections
2026-02-19T22:47:22.992 INFO:teuthology.orchestra.run.trial058.stdout:/usr/bin/ceph: stderr
2026-02-19T22:47:22.861+0000 7f654579a640 1 --2- 10.20.193.58:0/4209428377 >> [v2:10.20.193.58:3300/0,v1:10.20.193.58:6789/0] conn(0x7f654007eeb0 0x7f654007d310 unknown :-1 s=CLOSED pgs=57 cs=0 l=1 rev1=1 crypto rx=0 tx=0 comp rx=0 tx=0).stop
2026-02-19T22:47:22.993 INFO:teuthology.orchestra.run.trial058.stdout:/usr/bin/ceph: stderr
2026-02-19T22:47:22.861+0000 7f654579a640 1 -- 10.20.193.58:0/4209428377 >> 10.20.193.58:0/4209428377 conn(0x7f6540103930 msgr2=0x7f6540105d90 unknown :-1 s=STATE_NONE l=0).mark_down
2026-02-19T22:47:22.993 INFO:teuthology.orchestra.run.trial058.stdout:/usr/bin/ceph: stderr
2026-02-19T22:47:22.861+0000 7f654579a640 1 -- 10.20.193.58:0/4209428377 shutdown_connections
2026-02-19T22:47:22.993 INFO:teuthology.orchestra.run.trial058.stdout:/usr/bin/ceph: stderr
2026-02-19T22:47:22.861+0000 7f654579a640 1 -- 10.20.193.58:0/4209428377 wait complete.
2026-02-19T22:47:22.993 INFO:teuthology.orchestra.run.trial058.stdout:/usr/bin/ceph: stderr
2026-02-19T22:47:22.861+0000 7f654579a640 1 Processor -- start
2026-02-19T22:47:22.993 INFO:teuthology.orchestra.run.trial058.stdout:/usr/bin/ceph: stderr
2026-02-19T22:47:22.862+0000 7f654579a640 1 -- start start
2026-02-19T22:47:22.993 INFO:teuthology.orchestra.run.trial058.stdout:/usr/bin/ceph: stderr
2026-02-19T22:47:22.862+0000 7f654579a640 1 --2- >> [v2:10.20.193.58:3300/0,v1:10.20.193.58:6789/0] conn(0x7f654007eeb0 0x7f65401a02c0 unknown :-1 s=NONE pgs=0 cs=0 l=1 rev1=0 crypto rx=0 tx=0 comp rx=0 tx=0).connect
2026-02-19T22:47:22.993 INFO:teuthology.orchestra.run.trial058.stdout:/usr/bin/ceph: stderr
2026-02-19T22:47:22.862+0000 7f654579a640 1 -- --> [v2:10.20.193.58:3300/0,v1:10.20.193.58:6789/0] -- mon_getmap magic: 0 -- 0x7f654010e7c0 con 0x7f654007eeb0
2026-02-19T22:47:22.993 INFO:teuthology.orchestra.run.trial058.stdout:/usr/bin/ceph: stderr
2026-02-19T22:47:22.862+0000 7f653effd640 1 --2- >> [v2:10.20.193.58:3300/0,v1:10.20.193.58:6789/0] conn(0x7f654007eeb0 0x7f65401a02c0 unknown :-1 s=BANNER_CONNECTING pgs=0 cs=0 l=1 rev1=0 crypto rx=0 tx=0 comp rx=0 tx=0)._handle_peer_banner_payload supported=3 required=0
2026-02-19T22:47:22.993 INFO:teuthology.orchestra.run.trial058.stdout:/usr/bin/ceph: stderr
2026-02-19T22:47:22.862+0000 7f653effd640 1 --2- >> [v2:10.20.193.58:3300/0,v1:10.20.193.58:6789/0] conn(0x7f654007eeb0 0x7f65401a02c0 unknown :-1 s=HELLO_CONNECTING pgs=0 cs=0 l=1 rev1=1 crypto rx=0 tx=0 comp rx=0 tx=0).handle_hello peer v2:10.20.193.58:3300/0 says I am v2:10.20.193.58:35538/0 (socket says 10.20.193.58:35538)
2026-02-19T22:47:22.993 INFO:teuthology.orchestra.run.trial058.stdout:/usr/bin/ceph: stderr
2026-02-19T22:47:22.862+0000 7f653effd640 1 -- 10.20.193.58:0/2228185036 learned_addr learned my addr 10.20.193.58:0/2228185036 (peer_addr_for_me v2:10.20.193.58:0/0)
2026-02-19T22:47:22.993 INFO:teuthology.orchestra.run.trial058.stdout:/usr/bin/ceph: stderr
2026-02-19T22:47:22.862+0000 7f653effd640 1 -- 10.20.193.58:0/2228185036 --> [v2:10.20.193.58:3300/0,v1:10.20.193.58:6789/0] -- mon_subscribe({config=0+,monmap=0+}) -- 0x7f65401a0800 con 0x7f654007eeb0
2026-02-19T22:47:22.993 INFO:teuthology.orchestra.run.trial058.stdout:/usr/bin/ceph: stderr
2026-02-19T22:47:22.862+0000 7f653effd640 1 --2- 10.20.193.58:0/2228185036 >> [v2:10.20.193.58:3300/0,v1:10.20.193.58:6789/0] conn(0x7f654007eeb0 0x7f65401a02c0 secure :-1 s=READY pgs=58 cs=0 l=1 rev1=1 crypto rx=0x7f6534002410 tx=0x7f6534037820 comp rx=0 tx=0).ready entity=mon.0 client_cookie=0 server_cookie=0 in_seq=0 out_seq=0
2026-02-19T22:47:22.993 INFO:teuthology.orchestra.run.trial058.stdout:/usr/bin/ceph: stderr
2026-02-19T22:47:22.862+0000 7f651ffff640 1 -- 10.20.193.58:0/2228185036 <== mon.0 v2:10.20.193.58:3300/0 1 ==== mon_map magic: 0 ==== 205+0+0 (secure 0 0 0) 0x7f6534047070 con 0x7f654007eeb0
2026-02-19T22:47:22.993 INFO:teuthology.orchestra.run.trial058.stdout:/usr/bin/ceph: stderr
2026-02-19T22:47:22.862+0000 7f651ffff640 1 -- 10.20.193.58:0/2228185036 <== mon.0 v2:10.20.193.58:3300/0 2 ==== config(26 keys) ==== 1076+0+0 (secure 0 0 0) 0x7f6534035da0 con 0x7f654007eeb0
2026-02-19T22:47:22.993 INFO:teuthology.orchestra.run.trial058.stdout:/usr/bin/ceph: stderr
2026-02-19T22:47:22.862+0000 7f654579a640 1 -- 10.20.193.58:0/2228185036 --> [v2:10.20.193.58:3300/0,v1:10.20.193.58:6789/0] -- mon_subscribe({mgrmap=0+}) -- 0x7f65401a0a90 con 0x7f654007eeb0
2026-02-19T22:47:22.993 INFO:teuthology.orchestra.run.trial058.stdout:/usr/bin/ceph: stderr
2026-02-19T22:47:22.862+0000 7f651ffff640 1 -- 10.20.193.58:0/2228185036 <== mon.0 v2:10.20.193.58:3300/0 3 ==== mon_map magic: 0 ==== 205+0+0 (secure 0 0 0) 0x7f653403c070 con 0x7f654007eeb0
2026-02-19T22:47:22.993 INFO:teuthology.orchestra.run.trial058.stdout:/usr/bin/ceph: stderr
2026-02-19T22:47:22.862+0000 7f654579a640 1 -- 10.20.193.58:0/2228185036 --> [v2:10.20.193.58:3300/0,v1:10.20.193.58:6789/0] -- mon_subscribe({osdmap=0}) -- 0x7f65401a3780 con 0x7f654007eeb0
2026-02-19T22:47:22.993 INFO:teuthology.orchestra.run.trial058.stdout:/usr/bin/ceph: stderr
2026-02-19T22:47:22.863+0000 7f654579a640 1 -- 10.20.193.58:0/2228185036 --> [v2:10.20.193.58:3300/0,v1:10.20.193.58:6789/0] -- mon_command({"prefix": "get_command_descriptions"} v 0) -- 0x7f654007d390 con 0x7f654007eeb0
2026-02-19T22:47:22.993 INFO:teuthology.orchestra.run.trial058.stdout:/usr/bin/ceph: stderr
2026-02-19T22:47:22.863+0000 7f651ffff640 1 -- 10.20.193.58:0/2228185036 <== mon.0 v2:10.20.193.58:3300/0 4 ==== mgrmap(e 9) ==== 50260+0+0 (secure 0 0 0) 0x7f653404c440 con 0x7f654007eeb0
2026-02-19T22:47:22.993 INFO:teuthology.orchestra.run.trial058.stdout:/usr/bin/ceph: stderr
2026-02-19T22:47:22.863+0000 7f651ffff640 1 --2- 10.20.193.58:0/2228185036 >> [v2:10.20.193.58:6800/3015216398,v1:10.20.193.58:6801/3015216398] conn(0x7f651403dc40 0x7f6514040100 unknown :-1 s=NONE pgs=0 cs=0 l=1 rev1=0 crypto rx=0 tx=0 comp rx=0 tx=0).connect
2026-02-19T22:47:22.994 INFO:teuthology.orchestra.run.trial058.stdout:/usr/bin/ceph: stderr
2026-02-19T22:47:22.863+0000 7f651ffff640 1 -- 10.20.193.58:0/2228185036 <== mon.0 v2:10.20.193.58:3300/0 5 ==== osd_map(2..2 src has 1..2) ==== 940+0+0 (secure 0 0 0) 0x7f6534076940 con 0x7f654007eeb0
2026-02-19T22:47:22.994 INFO:teuthology.orchestra.run.trial058.stdout:/usr/bin/ceph: stderr
2026-02-19T22:47:22.863+0000 7f653e7fc640 1 -- 10.20.193.58:0/2228185036 >> [v2:10.20.193.58:6800/3015216398,v1:10.20.193.58:6801/3015216398] conn(0x7f651403dc40 msgr2=0x7f6514040100 unknown :-1 s=STATE_CONNECTING_RE l=1).process reconnect failed to v2:10.20.193.58:6800/3015216398
2026-02-19T22:47:22.994 INFO:teuthology.orchestra.run.trial058.stdout:/usr/bin/ceph: stderr
2026-02-19T22:47:22.863+0000 7f653e7fc640 1 --2- 10.20.193.58:0/2228185036 >> [v2:10.20.193.58:6800/3015216398,v1:10.20.193.58:6801/3015216398] conn(0x7f651403dc40 0x7f6514040100 unknown :-1 s=START_CONNECT pgs=0 cs=0 l=1 rev1=0 crypto rx=0 tx=0 comp rx=0 tx=0)._fault waiting 0.200000
2026-02-19T22:47:22.994 INFO:teuthology.orchestra.run.trial058.stdout:/usr/bin/ceph: stderr
2026-02-19T22:47:22.865+0000 7f651ffff640 1 -- 10.20.193.58:0/2228185036 <== mon.0 v2:10.20.193.58:3300/0 6 ==== mon_command_ack([{"prefix": "get_command_descriptions"}]=0 v0) ==== 72+0+195034 (secure 0 0 0) 0x7f653404c900 con 0x7f654007eeb0
2026-02-19T22:47:22.994 INFO:teuthology.orchestra.run.trial058.stdout:/usr/bin/ceph: stderr
2026-02-19T22:47:22.969+0000 7f654579a640 1 -- 10.20.193.58:0/2228185036 --> [v2:10.20.193.58:3300/0,v1:10.20.193.58:6789/0] -- mon_command({"prefix": "mgr stat"} v 0) -- 0x7f65401a3e20 con 0x7f654007eeb0
2026-02-19T22:47:22.994 INFO:teuthology.orchestra.run.trial058.stdout:/usr/bin/ceph: stderr
2026-02-19T22:47:22.969+0000 7f651ffff640 1 -- 10.20.193.58:0/2228185036 <== mon.0 v2:10.20.193.58:3300/0 7 ==== mon_command_ack([{"prefix": "mgr stat"}]=0 v9) ==== 56+0+88 (secure 0 0 0) 0x7f65340766a0 con 0x7f654007eeb0
2026-02-19T22:47:22.994 INFO:teuthology.orchestra.run.trial058.stdout:/usr/bin/ceph: stderr
2026-02-19T22:47:22.970+0000 7f654579a640 1 -- 10.20.193.58:0/2228185036 >> [v2:10.20.193.58:6800/3015216398,v1:10.20.193.58:6801/3015216398] conn(0x7f651403dc40 msgr2=0x7f6514040100 unknown :-1 s=STATE_CONNECTING l=1).mark_down
2026-02-19T22:47:22.994 INFO:teuthology.orchestra.run.trial058.stdout:/usr/bin/ceph: stderr
2026-02-19T22:47:22.970+0000 7f654579a640 1 --2- 10.20.193.58:0/2228185036 >> [v2:10.20.193.58:6800/3015216398,v1:10.20.193.58:6801/3015216398] conn(0x7f651403dc40 0x7f6514040100 unknown :-1 s=START_CONNECT pgs=0 cs=0 l=1 rev1=0 crypto rx=0 tx=0 comp rx=0 tx=0).stop
2026-02-19T22:47:22.994 INFO:teuthology.orchestra.run.trial058.stdout:/usr/bin/ceph: stderr
2026-02-19T22:47:22.970+0000 7f654579a640 1 -- 10.20.193.58:0/2228185036 >> [v2:10.20.193.58:3300/0,v1:10.20.193.58:6789/0] conn(0x7f654007eeb0 msgr2=0x7f65401a02c0 secure :-1 s=STATE_CONNECTION_ESTABLISHED l=1).mark_down
2026-02-19T22:47:22.994 INFO:teuthology.orchestra.run.trial058.stdout:/usr/bin/ceph: stderr
2026-02-19T22:47:22.970+0000 7f654579a640 1 --2- 10.20.193.58:0/2228185036 >> [v2:10.20.193.58:3300/0,v1:10.20.193.58:6789/0] conn(0x7f654007eeb0 0x7f65401a02c0 secure :-1 s=READY pgs=58 cs=0 l=1 rev1=1 crypto rx=0x7f6534002410 tx=0x7f6534037820 comp rx=0 tx=0).stop
2026-02-19T22:47:22.994 INFO:teuthology.orchestra.run.trial058.stdout:/usr/bin/ceph: stderr
2026-02-19T22:47:22.970+0000 7f654579a640 1 -- 10.20.193.58:0/2228185036 shutdown_connections
2026-02-19T22:47:22.994 INFO:teuthology.orchestra.run.trial058.stdout:/usr/bin/ceph: stderr
2026-02-19T22:47:22.970+0000 7f654579a640 1 --2- 10.20.193.58:0/2228185036 >> [v2:10.20.193.58:6800/3015216398,v1:10.20.193.58:6801/3015216398] conn(0x7f651403dc40 0x7f6514040100 unknown :-1 s=CLOSED pgs=0 cs=0 l=1 rev1=0 crypto rx=0 tx=0 comp rx=0 tx=0).stop
2026-02-19T22:47:22.994 INFO:teuthology.orchestra.run.trial058.stdout:/usr/bin/ceph: stderr
2026-02-19T22:47:22.970+0000 7f654579a640 1 --2- 10.20.193.58:0/2228185036 >> [v2:10.20.193.58:3300/0,v1:10.20.193.58:6789/0] conn(0x7f654007eeb0 0x7f65401a02c0 unknown :-1 s=CLOSED pgs=58 cs=0 l=1 rev1=1 crypto rx=0 tx=0 comp rx=0 tx=0).stop
2026-02-19T22:47:22.994 INFO:teuthology.orchestra.run.trial058.stdout:/usr/bin/ceph: stderr
2026-02-19T22:47:22.970+0000 7f654579a640 1 -- 10.20.193.58:0/2228185036 >> 10.20.193.58:0/2228185036 conn(0x7f6540103930 msgr2=0x7f6540104470 unknown :-1 s=STATE_NONE l=0).mark_down
2026-02-19T22:47:22.994 INFO:teuthology.orchestra.run.trial058.stdout:/usr/bin/ceph: stderr
2026-02-19T22:47:22.970+0000 7f654579a640 1 -- 10.20.193.58:0/2228185036 shutdown_connections
2026-02-19T22:47:22.994 INFO:teuthology.orchestra.run.trial058.stdout:/usr/bin/ceph: stderr
2026-02-19T22:47:22.970+0000 7f654579a640 1 -- 10.20.193.58:0/2228185036 wait complete.
2026-02-19T22:47:22.994 INFO:teuthology.orchestra.run.trial058.stdout:Waiting for the mgr to restart...
2026-02-19T22:47:22.994 INFO:teuthology.orchestra.run.trial058.stdout:Waiting for mgr epoch 9...
2026-02-19T22:47:23.303 INFO:journalctl@ceph.mgr.x.trial058.stdout:Feb 19 22:47:23 trial058 ceph-e2dcafa1-0de4-11f1-909c-d404e6e7d460-mgr-x[41139]:
2026-02-19T22:47:23.154+0000 7fef62a2b140 -1 mgr[py] Module snap_schedule has missing NOTIFY_TYPES member
2026-02-19T22:47:23.303 INFO:journalctl@ceph.mgr.x.trial058.stdout:Feb 19 22:47:23 trial058 ceph-e2dcafa1-0de4-11f1-909c-d404e6e7d460-mgr-x[41139]:
2026-02-19T22:47:23.302+0000 7fef62a2b140 -1 mgr[py] Module prometheus has missing NOTIFY_TYPES member
2026-02-19T22:47:23.582 INFO:journalctl@ceph.mgr.x.trial058.stdout:Feb 19 22:47:23 trial058 ceph-e2dcafa1-0de4-11f1-909c-d404e6e7d460-mgr-x[41139]:
2026-02-19T22:47:23.336+0000 7fef62a2b140 -1 mgr[py] Module balancer has missing NOTIFY_TYPES member
2026-02-19T22:47:23.582 INFO:journalctl@ceph.mgr.x.trial058.stdout:Feb 19 22:47:23 trial058 ceph-e2dcafa1-0de4-11f1-909c-d404e6e7d460-mgr-x[41139]:
2026-02-19T22:47:23.378+0000 7fef62a2b140 -1 mgr[py] Module rbd_support has missing NOTIFY_TYPES member
2026-02-19T22:47:23.582 INFO:journalctl@ceph.mgr.x.trial058.stdout:Feb 19 22:47:23 trial058 ceph-e2dcafa1-0de4-11f1-909c-d404e6e7d460-mgr-x[41139]:
2026-02-19T22:47:23.410+0000 7fef62a2b140 -1 mgr[py] Module devicehealth has missing NOTIFY_TYPES member
2026-02-19T22:47:23.582 INFO:journalctl@ceph.mgr.x.trial058.stdout:Feb 19 22:47:23 trial058 ceph-e2dcafa1-0de4-11f1-909c-d404e6e7d460-mgr-x[41139]:
2026-02-19T22:47:23.444+0000 7fef62a2b140 -1 mgr[py] Module alerts has missing NOTIFY_TYPES member
2026-02-19T22:47:23.583 INFO:journalctl@ceph.mgr.x.trial058.stdout:Feb 19 22:47:23 trial058 ceph-e2dcafa1-0de4-11f1-909c-d404e6e7d460-mgr-x[41139]:
2026-02-19T22:47:23.510+0000 7fef62a2b140 -1 mgr[py] Module telemetry has missing NOTIFY_TYPES member
2026-02-19T22:47:23.583 INFO:journalctl@ceph.mgr.x.trial058.stdout:Feb 19 22:47:23 trial058 ceph-e2dcafa1-0de4-11f1-909c-d404e6e7d460-mgr-x[41139]: /lib64/python3.9/site-packages/scipy/__init__.py:73: UserWarning: NumPy was imported from a Python sub-interpreter but NumPy does not properly support sub-interpreters. This will likely work for most users but might cause hard to track down issues or subtle bugs. A common user of the rare sub-interpreter feature is wsgi which also allows single-interpreter mode.
