2026-02-19T22:57:57.512 INFO:teuthology.orchestra.run.trial004.stdout:/usr/bin/ceph: stderr
2026-02-19T22:57:54.799+0000 7ff1e3fff640 1 --2- 10.20.193.4:0/1827954439 >> [v2:10.20.193.4:6800/1434450841,v1:10.20.193.4:6801/1434450841] conn(0x7ff1c803dba0 0x7ff1c8040060 unknown :-1 s=START_CONNECT pgs=0 cs=0 l=1 rev1=0 crypto rx=0 tx=0 comp rx=0 tx=0)._fault waiting 0.800000
2026-02-19T22:57:57.512 INFO:teuthology.orchestra.run.trial004.stdout:/usr/bin/ceph: stderr
2026-02-19T22:57:55.600+0000 7ff1e3fff640 1 -- 10.20.193.4:0/1827954439 >> [v2:10.20.193.4:6800/1434450841,v1:10.20.193.4:6801/1434450841] conn(0x7ff1c803dba0 msgr2=0x7ff1c8040060 unknown :-1 s=STATE_CONNECTING_RE l=1).process reconnect failed to v2:10.20.193.4:6800/1434450841
2026-02-19T22:57:57.512 INFO:teuthology.orchestra.run.trial004.stdout:/usr/bin/ceph: stderr
2026-02-19T22:57:55.600+0000 7ff1e3fff640 1 --2- 10.20.193.4:0/1827954439 >> [v2:10.20.193.4:6800/1434450841,v1:10.20.193.4:6801/1434450841] conn(0x7ff1c803dba0 0x7ff1c8040060 unknown :-1 s=START_CONNECT pgs=0 cs=0 l=1 rev1=0 crypto rx=0 tx=0 comp rx=0 tx=0)._fault waiting 1.600000
2026-02-19T22:57:57.512 INFO:teuthology.orchestra.run.trial004.stdout:/usr/bin/ceph: stderr
2026-02-19T22:57:56.471+0000 7ff1e1ffb640 1 -- 10.20.193.4:0/1827954439 <== mon.0 v2:10.20.193.4:3300/0 6 ==== mgrmap(e 6) ==== 50014+0+0 (secure 0 0 0) 0x7ff1dc075180 con 0x7ff1ec10aaa0
2026-02-19T22:57:57.513 INFO:teuthology.orchestra.run.trial004.stdout:/usr/bin/ceph: stderr
2026-02-19T22:57:56.471+0000 7ff1e1ffb640 1 -- 10.20.193.4:0/1827954439 >> [v2:10.20.193.4:6800/1434450841,v1:10.20.193.4:6801/1434450841] conn(0x7ff1c803dba0 msgr2=0x7ff1c8040060 unknown :-1 s=STATE_CONNECTING l=1).mark_down
2026-02-19T22:57:57.513 INFO:teuthology.orchestra.run.trial004.stdout:/usr/bin/ceph: stderr
2026-02-19T22:57:56.471+0000 7ff1e1ffb640 1 --2- 10.20.193.4:0/1827954439 >> [v2:10.20.193.4:6800/1434450841,v1:10.20.193.4:6801/1434450841] conn(0x7ff1c803dba0 0x7ff1c8040060 unknown :-1 s=START_CONNECT pgs=0 cs=0 l=1 rev1=0 crypto rx=0 tx=0 comp rx=0 tx=0).stop
2026-02-19T22:57:57.513 INFO:teuthology.orchestra.run.trial004.stdout:/usr/bin/ceph: stderr
2026-02-19T22:57:57.472+0000 7ff1e1ffb640 1 -- 10.20.193.4:0/1827954439 <== mon.0 v2:10.20.193.4:3300/0 7 ==== mgrmap(e 7) ==== 50141+0+0 (secure 0 0 0) 0x7ff1dc008d50 con 0x7ff1ec10aaa0
2026-02-19T22:57:57.513 INFO:teuthology.orchestra.run.trial004.stdout:/usr/bin/ceph: stderr
2026-02-19T22:57:57.472+0000 7ff1e1ffb640 1 --2- 10.20.193.4:0/1827954439 >> [v2:10.20.193.4:6800/1726152395,v1:10.20.193.4:6801/1726152395] conn(0x7ff1c80414f0 0x7ff1c80438e0 unknown :-1 s=NONE pgs=0 cs=0 l=1 rev1=0 crypto rx=0 tx=0 comp rx=0 tx=0).connect
2026-02-19T22:57:57.513 INFO:teuthology.orchestra.run.trial004.stdout:/usr/bin/ceph: stderr
2026-02-19T22:57:57.472+0000 7ff1e1ffb640 1 -- 10.20.193.4:0/1827954439 --> [v2:10.20.193.4:6800/1726152395,v1:10.20.193.4:6801/1726152395] -- command(tid 0: {"prefix": "get_command_descriptions"}) -- 0x7ff1dc042ec0 con 0x7ff1c80414f0
2026-02-19T22:57:57.513 INFO:teuthology.orchestra.run.trial004.stdout:/usr/bin/ceph: stderr
2026-02-19T22:57:57.473+0000 7ff1e3fff640 1 --2- 10.20.193.4:0/1827954439 >> [v2:10.20.193.4:6800/1726152395,v1:10.20.193.4:6801/1726152395] conn(0x7ff1c80414f0 0x7ff1c80438e0 unknown :-1 s=BANNER_CONNECTING pgs=0 cs=0 l=1 rev1=0 crypto rx=0 tx=0 comp rx=0 tx=0)._handle_peer_banner_payload supported=3 required=0
2026-02-19T22:57:57.513 INFO:teuthology.orchestra.run.trial004.stdout:/usr/bin/ceph: stderr
2026-02-19T22:57:57.473+0000 7ff1e3fff640 1 --2- 10.20.193.4:0/1827954439 >> [v2:10.20.193.4:6800/1726152395,v1:10.20.193.4:6801/1726152395] conn(0x7ff1c80414f0 0x7ff1c80438e0 secure :-1 s=READY pgs=2 cs=0 l=1 rev1=1 crypto rx=0x7ff1d4003a80 tx=0x7ff1d4009290 comp rx=0 tx=0).ready entity=mgr.14118 client_cookie=0 server_cookie=0 in_seq=0 out_seq=0
2026-02-19T22:57:57.513 INFO:teuthology.orchestra.run.trial004.stdout:/usr/bin/ceph: stderr
2026-02-19T22:57:57.474+0000 7ff1e1ffb640 1 -- 10.20.193.4:0/1827954439 <== mgr.14118 v2:10.20.193.4:6800/1726152395 1 ==== command_reply(tid 0: 0 ) ==== 8+0+8901 (secure 0 0 0) 0x7ff1dc042ec0 con 0x7ff1c80414f0
2026-02-19T22:57:57.513 INFO:teuthology.orchestra.run.trial004.stdout:/usr/bin/ceph: stderr
2026-02-19T22:57:57.477+0000 7ff1f2f26640 1 -- 10.20.193.4:0/1827954439 --> [v2:10.20.193.4:6800/1726152395,v1:10.20.193.4:6801/1726152395] -- command(tid 1: {"prefix": "mgr_status"}) -- 0x7ff1ec10af20 con 0x7ff1c80414f0
2026-02-19T22:57:57.513 INFO:teuthology.orchestra.run.trial004.stdout:/usr/bin/ceph: stderr
2026-02-19T22:57:57.477+0000 7ff1e1ffb640 1 -- 10.20.193.4:0/1827954439 <== mgr.14118 v2:10.20.193.4:6800/1726152395 2 ==== command_reply(tid 1: 0 ) ==== 8+0+51 (secure 0 0 0) 0x7ff1ec10af20 con 0x7ff1c80414f0
2026-02-19T22:57:57.513 INFO:teuthology.orchestra.run.trial004.stdout:/usr/bin/ceph: stderr
2026-02-19T22:57:57.477+0000 7ff1f2f26640 1 -- 10.20.193.4:0/1827954439 >> [v2:10.20.193.4:6800/1726152395,v1:10.20.193.4:6801/1726152395] conn(0x7ff1c80414f0 msgr2=0x7ff1c80438e0 secure :-1 s=STATE_CONNECTION_ESTABLISHED l=1).mark_down
2026-02-19T22:57:57.513 INFO:teuthology.orchestra.run.trial004.stdout:/usr/bin/ceph: stderr
2026-02-19T22:57:57.477+0000 7ff1f2f26640 1 --2- 10.20.193.4:0/1827954439 >> [v2:10.20.193.4:6800/1726152395,v1:10.20.193.4:6801/1726152395] conn(0x7ff1c80414f0 0x7ff1c80438e0 secure :-1 s=READY pgs=2 cs=0 l=1 rev1=1 crypto rx=0x7ff1d4003a80 tx=0x7ff1d4009290 comp rx=0 tx=0).stop
2026-02-19T22:57:57.514 INFO:teuthology.orchestra.run.trial004.stdout:/usr/bin/ceph: stderr
2026-02-19T22:57:57.477+0000 7ff1f2f26640 1 -- 10.20.193.4:0/1827954439 >> [v2:10.20.193.4:3300/0,v1:10.20.193.4:6789/0] conn(0x7ff1ec10aaa0 msgr2=0x7ff1ec1a0420 secure :-1 s=STATE_CONNECTION_ESTABLISHED l=1).mark_down
2026-02-19T22:57:57.514 INFO:teuthology.orchestra.run.trial004.stdout:/usr/bin/ceph: stderr
2026-02-19T22:57:57.477+0000 7ff1f2f26640 1 --2- 10.20.193.4:0/1827954439 >> [v2:10.20.193.4:3300/0,v1:10.20.193.4:6789/0] conn(0x7ff1ec10aaa0 0x7ff1ec1a0420 secure :-1 s=READY pgs=27 cs=0 l=1 rev1=1 crypto rx=0x7ff1dc006fd0 tx=0x7ff1dc037bb0 comp rx=0 tx=0).stop
2026-02-19T22:57:57.514 INFO:teuthology.orchestra.run.trial004.stdout:/usr/bin/ceph: stderr
2026-02-19T22:57:57.477+0000 7ff1f2f26640 1 -- 10.20.193.4:0/1827954439 shutdown_connections
2026-02-19T22:57:57.514 INFO:teuthology.orchestra.run.trial004.stdout:/usr/bin/ceph: stderr
2026-02-19T22:57:57.477+0000 7ff1f2f26640 1 --2- 10.20.193.4:0/1827954439 >> [v2:10.20.193.4:6800/1726152395,v1:10.20.193.4:6801/1726152395] conn(0x7ff1c80414f0 0x7ff1c80438e0 unknown :-1 s=CLOSED pgs=2 cs=0 l=1 rev1=1 crypto rx=0 tx=0 comp rx=0 tx=0).stop
2026-02-19T22:57:57.514 INFO:teuthology.orchestra.run.trial004.stdout:/usr/bin/ceph: stderr
2026-02-19T22:57:57.477+0000 7ff1f2f26640 1 --2- 10.20.193.4:0/1827954439 >> [v2:10.20.193.4:6800/1434450841,v1:10.20.193.4:6801/1434450841] conn(0x7ff1c803dba0 0x7ff1c8040060 unknown :-1 s=CLOSED pgs=0 cs=0 l=1 rev1=0 crypto rx=0 tx=0 comp rx=0 tx=0).stop
2026-02-19T22:57:57.514 INFO:teuthology.orchestra.run.trial004.stdout:/usr/bin/ceph: stderr
2026-02-19T22:57:57.477+0000 7ff1f2f26640 1 --2- 10.20.193.4:0/1827954439 >> [v2:10.20.193.4:3300/0,v1:10.20.193.4:6789/0] conn(0x7ff1ec10aaa0 0x7ff1ec1a0420 unknown :-1 s=CLOSED pgs=27 cs=0 l=1 rev1=1 crypto rx=0 tx=0 comp rx=0 tx=0).stop
2026-02-19T22:57:57.514 INFO:teuthology.orchestra.run.trial004.stdout:/usr/bin/ceph: stderr
2026-02-19T22:57:57.477+0000 7ff1f2f26640 1 -- 10.20.193.4:0/1827954439 >> 10.20.193.4:0/1827954439 conn(0x7ff1ec07d9e0 msgr2=0x7ff1ec108700 unknown :-1 s=STATE_NONE l=0).mark_down
2026-02-19T22:57:57.514 INFO:teuthology.orchestra.run.trial004.stdout:/usr/bin/ceph: stderr
2026-02-19T22:57:57.477+0000 7ff1f2f26640 1 -- 10.20.193.4:0/1827954439 shutdown_connections
2026-02-19T22:57:57.514 INFO:teuthology.orchestra.run.trial004.stdout:/usr/bin/ceph: stderr
2026-02-19T22:57:57.477+0000 7ff1f2f26640 1 -- 10.20.193.4:0/1827954439 wait complete.
2026-02-19T22:57:57.514 INFO:teuthology.orchestra.run.trial004.stdout:mgr epoch 5 is available
2026-02-19T22:57:57.514 INFO:teuthology.orchestra.run.trial004.stdout:Setting orchestrator backend to cephadm...
2026-02-19T22:57:57.728 INFO:teuthology.orchestra.run.trial004.stdout:/usr/bin/ceph: stderr
2026-02-19T22:57:57.601+0000 7f6e4b049640 1 Processor -- start
2026-02-19T22:57:57.728 INFO:teuthology.orchestra.run.trial004.stdout:/usr/bin/ceph: stderr
2026-02-19T22:57:57.601+0000 7f6e4b049640 1 -- start start
2026-02-19T22:57:57.729 INFO:teuthology.orchestra.run.trial004.stdout:/usr/bin/ceph: stderr
2026-02-19T22:57:57.602+0000 7f6e4b049640 1 --2- >> [v2:10.20.193.4:3300/0,v1:10.20.193.4:6789/0] conn(0x7f6e4407ee30 0x7f6e4407d2e0 unknown :-1 s=NONE pgs=0 cs=0 l=0 rev1=0 crypto rx=0 tx=0 comp rx=0 tx=0).connect
2026-02-19T22:57:57.729 INFO:teuthology.orchestra.run.trial004.stdout:/usr/bin/ceph: stderr
2026-02-19T22:57:57.602+0000 7f6e4b049640 1 -- --> [v2:10.20.193.4:3300/0,v1:10.20.193.4:6789/0] -- mon_getmap magic: 0 -- 0x7f6e4407d820 con 0x7f6e4407ee30
2026-02-19T22:57:57.729 INFO:teuthology.orchestra.run.trial004.stdout:/usr/bin/ceph: stderr
2026-02-19T22:57:57.602+0000 7f6e4a047640 1 --2- >> [v2:10.20.193.4:3300/0,v1:10.20.193.4:6789/0] conn(0x7f6e4407ee30 0x7f6e4407d2e0 unknown :-1 s=BANNER_CONNECTING pgs=0 cs=0 l=0 rev1=0 crypto rx=0 tx=0 comp rx=0 tx=0)._handle_peer_banner_payload supported=3 required=0
2026-02-19T22:57:57.729 INFO:teuthology.orchestra.run.trial004.stdout:/usr/bin/ceph: stderr
2026-02-19T22:57:57.602+0000 7f6e4a047640 1 --2- >> [v2:10.20.193.4:3300/0,v1:10.20.193.4:6789/0] conn(0x7f6e4407ee30 0x7f6e4407d2e0 unknown :-1 s=HELLO_CONNECTING pgs=0 cs=0 l=0 rev1=1 crypto rx=0 tx=0 comp rx=0 tx=0).handle_hello peer v2:10.20.193.4:3300/0 says I am v2:10.20.193.4:58624/0 (socket says 10.20.193.4:58624)
2026-02-19T22:57:57.729 INFO:teuthology.orchestra.run.trial004.stdout:/usr/bin/ceph: stderr
2026-02-19T22:57:57.602+0000 7f6e4a047640 1 -- 10.20.193.4:0/1398180371 learned_addr learned my addr 10.20.193.4:0/1398180371 (peer_addr_for_me v2:10.20.193.4:0/0)
2026-02-19T22:57:57.729 INFO:teuthology.orchestra.run.trial004.stdout:/usr/bin/ceph: stderr
2026-02-19T22:57:57.602+0000 7f6e4a047640 1 -- 10.20.193.4:0/1398180371 --> [v2:10.20.193.4:3300/0,v1:10.20.193.4:6789/0] -- mon_subscribe({config=0+,monmap=0+}) -- 0x7f6e4407d9a0 con 0x7f6e4407ee30
2026-02-19T22:57:57.729 INFO:teuthology.orchestra.run.trial004.stdout:/usr/bin/ceph: stderr
2026-02-19T22:57:57.602+0000 7f6e4a047640 1 --2- 10.20.193.4:0/1398180371 >> [v2:10.20.193.4:3300/0,v1:10.20.193.4:6789/0] conn(0x7f6e4407ee30 0x7f6e4407d2e0 secure :-1 s=READY pgs=35 cs=0 l=1 rev1=1 crypto rx=0x7f6e34009920 tx=0x7f6e3402ef20 comp rx=0 tx=0).ready entity=mon.0 client_cookie=12cc16d95eb03c4e server_cookie=0 in_seq=0 out_seq=0
2026-02-19T22:57:57.729 INFO:teuthology.orchestra.run.trial004.stdout:/usr/bin/ceph: stderr
2026-02-19T22:57:57.602+0000 7f6e49045640 1 -- 10.20.193.4:0/1398180371 <== mon.0 v2:10.20.193.4:3300/0 1 ==== mon_map magic: 0 ==== 205+0+0 (secure 0 0 0) 0x7f6e3403c070 con 0x7f6e4407ee30
2026-02-19T22:57:57.729 INFO:teuthology.orchestra.run.trial004.stdout:/usr/bin/ceph: stderr
2026-02-19T22:57:57.602+0000 7f6e49045640 1 -- 10.20.193.4:0/1398180371 <== mon.0 v2:10.20.193.4:3300/0 2 ==== config(26 keys) ==== 1045+0+0 (secure 0 0 0) 0x7f6e34037440 con 0x7f6e4407ee30
2026-02-19T22:57:57.729 INFO:teuthology.orchestra.run.trial004.stdout:/usr/bin/ceph: stderr
2026-02-19T22:57:57.603+0000 7f6e49045640 1 -- 10.20.193.4:0/1398180371 <== mon.0 v2:10.20.193.4:3300/0 3 ==== mon_map magic: 0 ==== 205+0+0 (secure 0 0 0) 0x7f6e340354b0 con 0x7f6e4407ee30
2026-02-19T22:57:57.730 INFO:teuthology.orchestra.run.trial004.stdout:/usr/bin/ceph: stderr
2026-02-19T22:57:57.603+0000 7f6e4b049640 1 -- 10.20.193.4:0/1398180371 >> [v2:10.20.193.4:3300/0,v1:10.20.193.4:6789/0] conn(0x7f6e4407ee30 msgr2=0x7f6e4407d2e0 secure :-1 s=STATE_CONNECTION_ESTABLISHED l=1).mark_down
2026-02-19T22:57:57.730 INFO:teuthology.orchestra.run.trial004.stdout:/usr/bin/ceph: stderr
2026-02-19T22:57:57.603+0000 7f6e4b049640 1 --2- 10.20.193.4:0/1398180371 >> [v2:10.20.193.4:3300/0,v1:10.20.193.4:6789/0] conn(0x7f6e4407ee30 0x7f6e4407d2e0 secure :-1 s=READY pgs=35 cs=0 l=1 rev1=1 crypto rx=0x7f6e34009920 tx=0x7f6e3402ef20 comp rx=0 tx=0).stop
2026-02-19T22:57:57.730 INFO:teuthology.orchestra.run.trial004.stdout:/usr/bin/ceph: stderr
2026-02-19T22:57:57.603+0000 7f6e4b049640 1 -- 10.20.193.4:0/1398180371 shutdown_connections
2026-02-19T22:57:57.730 INFO:teuthology.orchestra.run.trial004.stdout:/usr/bin/ceph: stderr
2026-02-19T22:57:57.603+0000 7f6e4b049640 1 --2- 10.20.193.4:0/1398180371 >> [v2:10.20.193.4:3300/0,v1:10.20.193.4:6789/0] conn(0x7f6e4407ee30 0x7f6e4407d2e0 unknown :-1 s=CLOSED pgs=35 cs=0 l=1 rev1=1 crypto rx=0 tx=0 comp rx=0 tx=0).stop
2026-02-19T22:57:57.730 INFO:teuthology.orchestra.run.trial004.stdout:/usr/bin/ceph: stderr
2026-02-19T22:57:57.603+0000 7f6e4b049640 1 -- 10.20.193.4:0/1398180371 >> 10.20.193.4:0/1398180371 conn(0x7f6e44103880 msgr2=0x7f6e44105ca0 unknown :-1 s=STATE_NONE l=0).mark_down
2026-02-19T22:57:57.730 INFO:teuthology.orchestra.run.trial004.stdout:/usr/bin/ceph: stderr
2026-02-19T22:57:57.603+0000 7f6e4b049640 1 -- 10.20.193.4:0/1398180371 shutdown_connections
2026-02-19T22:57:57.730 INFO:teuthology.orchestra.run.trial004.stdout:/usr/bin/ceph: stderr
2026-02-19T22:57:57.603+0000 7f6e4b049640 1 -- 10.20.193.4:0/1398180371 wait complete.
2026-02-19T22:57:57.730 INFO:teuthology.orchestra.run.trial004.stdout:/usr/bin/ceph: stderr
2026-02-19T22:57:57.603+0000 7f6e4b049640 1 Processor -- start
2026-02-19T22:57:57.730 INFO:teuthology.orchestra.run.trial004.stdout:/usr/bin/ceph: stderr
2026-02-19T22:57:57.603+0000 7f6e4b049640 1 -- start start
2026-02-19T22:57:57.730 INFO:teuthology.orchestra.run.trial004.stdout:/usr/bin/ceph: stderr
2026-02-19T22:57:57.603+0000 7f6e4b049640 1 --2- >> [v2:10.20.193.4:3300/0,v1:10.20.193.4:6789/0] conn(0x7f6e4407ee30 0x7f6e441a01e0 unknown :-1 s=NONE pgs=0 cs=0 l=1 rev1=0 crypto rx=0 tx=0 comp rx=0 tx=0).connect
2026-02-19T22:57:57.730 INFO:teuthology.orchestra.run.trial004.stdout:/usr/bin/ceph: stderr
2026-02-19T22:57:57.603+0000 7f6e4b049640 1 -- --> [v2:10.20.193.4:3300/0,v1:10.20.193.4:6789/0] -- mon_getmap magic: 0 -- 0x7f6e4410e590 con 0x7f6e4407ee30
2026-02-19T22:57:57.731 INFO:teuthology.orchestra.run.trial004.stdout:/usr/bin/ceph: stderr
2026-02-19T22:57:57.603+0000 7f6e4a047640 1 --2- >> [v2:10.20.193.4:3300/0,v1:10.20.193.4:6789/0] conn(0x7f6e4407ee30 0x7f6e441a01e0 unknown :-1 s=BANNER_CONNECTING pgs=0 cs=0 l=1 rev1=0 crypto rx=0 tx=0 comp rx=0 tx=0)._handle_peer_banner_payload supported=3 required=0
2026-02-19T22:57:57.731 INFO:teuthology.orchestra.run.trial004.stdout:/usr/bin/ceph: stderr
2026-02-19T22:57:57.603+0000 7f6e4a047640 1 --2- >> [v2:10.20.193.4:3300/0,v1:10.20.193.4:6789/0] conn(0x7f6e4407ee30 0x7f6e441a01e0 unknown :-1 s=HELLO_CONNECTING pgs=0 cs=0 l=1 rev1=1 crypto rx=0 tx=0 comp rx=0 tx=0).handle_hello peer v2:10.20.193.4:3300/0 says I am v2:10.20.193.4:58632/0 (socket says 10.20.193.4:58632)
2026-02-19T22:57:57.731 INFO:teuthology.orchestra.run.trial004.stdout:/usr/bin/ceph: stderr
2026-02-19T22:57:57.603+0000 7f6e4a047640 1 -- 10.20.193.4:0/392117980 learned_addr learned my addr 10.20.193.4:0/392117980 (peer_addr_for_me v2:10.20.193.4:0/0)
2026-02-19T22:57:57.731 INFO:teuthology.orchestra.run.trial004.stdout:/usr/bin/ceph: stderr
2026-02-19T22:57:57.604+0000 7f6e4a047640 1 -- 10.20.193.4:0/392117980 --> [v2:10.20.193.4:3300/0,v1:10.20.193.4:6789/0] -- mon_subscribe({config=0+,monmap=0+}) -- 0x7f6e441a0720 con 0x7f6e4407ee30
2026-02-19T22:57:57.731 INFO:teuthology.orchestra.run.trial004.stdout:/usr/bin/ceph: stderr
2026-02-19T22:57:57.604+0000 7f6e4a047640 1 --2- 10.20.193.4:0/392117980 >> [v2:10.20.193.4:3300/0,v1:10.20.193.4:6789/0] conn(0x7f6e4407ee30 0x7f6e441a01e0 secure :-1 s=READY pgs=36 cs=0 l=1 rev1=1 crypto rx=0x7f6e34009a50 tx=0x7f6e34037b90 comp rx=0 tx=0).ready entity=mon.0 client_cookie=0 server_cookie=0 in_seq=0 out_seq=0
2026-02-19T22:57:57.731 INFO:teuthology.orchestra.run.trial004.stdout:/usr/bin/ceph: stderr
2026-02-19T22:57:57.604+0000 7f6e2b7fe640 1 -- 10.20.193.4:0/392117980 <== mon.0 v2:10.20.193.4:3300/0 1 ==== mon_map magic: 0 ==== 205+0+0 (secure 0 0 0) 0x7f6e34045070 con 0x7f6e4407ee30
2026-02-19T22:57:57.731 INFO:teuthology.orchestra.run.trial004.stdout:/usr/bin/ceph: stderr
2026-02-19T22:57:57.604+0000 7f6e2b7fe640 1 -- 10.20.193.4:0/392117980 <== mon.0 v2:10.20.193.4:3300/0 2 ==== config(26 keys) ==== 1045+0+0 (secure 0 0 0) 0x7f6e34040450 con 0x7f6e4407ee30
2026-02-19T22:57:57.731 INFO:teuthology.orchestra.run.trial004.stdout:/usr/bin/ceph: stderr
2026-02-19T22:57:57.604+0000 7f6e4b049640 1 -- 10.20.193.4:0/392117980 --> [v2:10.20.193.4:3300/0,v1:10.20.193.4:6789/0] -- mon_subscribe({mgrmap=0+}) -- 0x7f6e441a09b0 con 0x7f6e4407ee30
2026-02-19T22:57:57.731 INFO:teuthology.orchestra.run.trial004.stdout:/usr/bin/ceph: stderr
2026-02-19T22:57:57.604+0000 7f6e2b7fe640 1 -- 10.20.193.4:0/392117980 <== mon.0 v2:10.20.193.4:3300/0 3 ==== mon_map magic: 0 ==== 205+0+0 (secure 0 0 0) 0x7f6e3403c070 con 0x7f6e4407ee30
2026-02-19T22:57:57.731 INFO:teuthology.orchestra.run.trial004.stdout:/usr/bin/ceph: stderr
2026-02-19T22:57:57.604+0000 7f6e4b049640 1 -- 10.20.193.4:0/392117980 --> [v2:10.20.193.4:3300/0,v1:10.20.193.4:6789/0] -- mon_subscribe({osdmap=0}) -- 0x7f6e441a36a0 con 0x7f6e4407ee30
2026-02-19T22:57:57.731 INFO:teuthology.orchestra.run.trial004.stdout:/usr/bin/ceph: stderr
2026-02-19T22:57:57.604+0000 7f6e4b049640 1 -- 10.20.193.4:0/392117980 --> [v2:10.20.193.4:3300/0,v1:10.20.193.4:6789/0] -- mon_command({"prefix": "get_command_descriptions"} v 0) -- 0x7f6e4407d360 con 0x7f6e4407ee30
2026-02-19T22:57:57.732 INFO:teuthology.orchestra.run.trial004.stdout:/usr/bin/ceph: stderr
2026-02-19T22:57:57.604+0000 7f6e2b7fe640 1 -- 10.20.193.4:0/392117980 <== mon.0 v2:10.20.193.4:3300/0 4 ==== mgrmap(e 7) ==== 50141+0+0 (secure 0 0 0) 0x7f6e3403e5b0 con 0x7f6e4407ee30
2026-02-19T22:57:57.732 INFO:teuthology.orchestra.run.trial004.stdout:/usr/bin/ceph: stderr
2026-02-19T22:57:57.605+0000 7f6e2b7fe640 1 --2- 10.20.193.4:0/392117980 >> [v2:10.20.193.4:6800/1726152395,v1:10.20.193.4:6801/1726152395] conn(0x7f6e2003dad0 0x7f6e2003ff90 unknown :-1 s=NONE pgs=0 cs=0 l=1 rev1=0 crypto rx=0 tx=0 comp rx=0 tx=0).connect
2026-02-19T22:57:57.732 INFO:teuthology.orchestra.run.trial004.stdout:/usr/bin/ceph: stderr
2026-02-19T22:57:57.605+0000 7f6e2b7fe640 1 -- 10.20.193.4:0/392117980 <== mon.0 v2:10.20.193.4:3300/0 5 ==== osd_map(2..2 src has 1..2) ==== 940+0+0 (secure 0 0 0) 0x7f6e340766c0 con 0x7f6e4407ee30
2026-02-19T22:57:57.732 INFO:teuthology.orchestra.run.trial004.stdout:/usr/bin/ceph: stderr
2026-02-19T22:57:57.605+0000 7f6e49846640 1 --2- 10.20.193.4:0/392117980 >> [v2:10.20.193.4:6800/1726152395,v1:10.20.193.4:6801/1726152395] conn(0x7f6e2003dad0 0x7f6e2003ff90 unknown :-1 s=BANNER_CONNECTING pgs=0 cs=0 l=1 rev1=0 crypto rx=0 tx=0 comp rx=0 tx=0)._handle_peer_banner_payload supported=3 required=0
2026-02-19T22:57:57.732 INFO:teuthology.orchestra.run.trial004.stdout:/usr/bin/ceph: stderr
2026-02-19T22:57:57.605+0000 7f6e49846640 1 --2- 10.20.193.4:0/392117980 >> [v2:10.20.193.4:6800/1726152395,v1:10.20.193.4:6801/1726152395] conn(0x7f6e2003dad0 0x7f6e2003ff90 secure :-1 s=READY pgs=7 cs=0 l=1 rev1=1 crypto rx=0x7f6e380099c0 tx=0x7f6e38006eb0 comp rx=0 tx=0).ready entity=mgr.14118 client_cookie=0 server_cookie=0 in_seq=0 out_seq=0
2026-02-19T22:57:57.732 INFO:teuthology.orchestra.run.trial004.stdout:/usr/bin/ceph: stderr
2026-02-19T22:57:57.607+0000 7f6e2b7fe640 1 -- 10.20.193.4:0/392117980 <== mon.0 v2:10.20.193.4:3300/0 6 ==== mon_command_ack([{"prefix": "get_command_descriptions"}]=0 v0) ==== 72+0+195034 (secure 0 0 0) 0x7f6e34040600 con 0x7f6e4407ee30
2026-02-19T22:57:57.732 INFO:teuthology.orchestra.run.trial004.stdout:/usr/bin/ceph: stderr
2026-02-19T22:57:57.699+0000 7f6e4b049640 1 -- 10.20.193.4:0/392117980 --> [v2:10.20.193.4:6800/1726152395,v1:10.20.193.4:6801/1726152395] -- mgr_command(tid 0: {"prefix": "orch set backend", "module_name": "cephadm", "target": ["mon-mgr", ""]}) -- 0x7f6e44104b20 con 0x7f6e2003dad0
2026-02-19T22:57:57.732 INFO:teuthology.orchestra.run.trial004.stdout:/usr/bin/ceph: stderr
2026-02-19T22:57:57.702+0000 7f6e2b7fe640 1 -- 10.20.193.4:0/392117980 <== mgr.14118 v2:10.20.193.4:6800/1726152395 1 ==== mgr_command_reply(tid 0: 0 ) ==== 8+0+0 (secure 0 0 0) 0x7f6e44104b20 con 0x7f6e2003dad0
2026-02-19T22:57:57.732 INFO:teuthology.orchestra.run.trial004.stdout:/usr/bin/ceph: stderr
2026-02-19T22:57:57.703+0000 7f6e4b049640 1 -- 10.20.193.4:0/392117980 >> [v2:10.20.193.4:6800/1726152395,v1:10.20.193.4:6801/1726152395] conn(0x7f6e2003dad0 msgr2=0x7f6e2003ff90 secure :-1 s=STATE_CONNECTION_ESTABLISHED l=1).mark_down
2026-02-19T22:57:57.732 INFO:teuthology.orchestra.run.trial004.stdout:/usr/bin/ceph: stderr
2026-02-19T22:57:57.703+0000 7f6e4b049640 1 --2- 10.20.193.4:0/392117980 >> [v2:10.20.193.4:6800/1726152395,v1:10.20.193.4:6801/1726152395] conn(0x7f6e2003dad0 0x7f6e2003ff90 secure :-1 s=READY pgs=7 cs=0 l=1 rev1=1 crypto rx=0x7f6e380099c0 tx=0x7f6e38006eb0 comp rx=0 tx=0).stop
2026-02-19T22:57:57.732 INFO:teuthology.orchestra.run.trial004.stdout:/usr/bin/ceph: stderr
2026-02-19T22:57:57.703+0000 7f6e4b049640 1 -- 10.20.193.4:0/392117980 >> [v2:10.20.193.4:3300/0,v1:10.20.193.4:6789/0] conn(0x7f6e4407ee30 msgr2=0x7f6e441a01e0 secure :-1 s=STATE_CONNECTION_ESTABLISHED l=1).mark_down
2026-02-19T22:57:57.733 INFO:teuthology.orchestra.run.trial004.stdout:/usr/bin/ceph: stderr
2026-02-19T22:57:57.703+0000 7f6e4b049640 1 --2- 10.20.193.4:0/392117980 >> [v2:10.20.193.4:3300/0,v1:10.20.193.4:6789/0] conn(0x7f6e4407ee30 0x7f6e441a01e0 secure :-1 s=READY pgs=36 cs=0 l=1 rev1=1 crypto rx=0x7f6e34009a50 tx=0x7f6e34037b90 comp rx=0 tx=0).stop
2026-02-19T22:57:57.733 INFO:teuthology.orchestra.run.trial004.stdout:/usr/bin/ceph: stderr
2026-02-19T22:57:57.703+0000 7f6e4b049640 1 -- 10.20.193.4:0/392117980 shutdown_connections
2026-02-19T22:57:57.733 INFO:teuthology.orchestra.run.trial004.stdout:/usr/bin/ceph: stderr
2026-02-19T22:57:57.703+0000 7f6e4b049640 1 --2- 10.20.193.4:0/392117980 >> [v2:10.20.193.4:6800/1726152395,v1:10.20.193.4:6801/1726152395] conn(0x7f6e2003dad0 0x7f6e2003ff90 unknown :-1 s=CLOSED pgs=7 cs=0 l=1 rev1=1 crypto rx=0 tx=0 comp rx=0 tx=0).stop
2026-02-19T22:57:57.733 INFO:teuthology.orchestra.run.trial004.stdout:/usr/bin/ceph: stderr
2026-02-19T22:57:57.703+0000 7f6e4b049640 1 --2- 10.20.193.4:0/392117980 >> [v2:10.20.193.4:3300/0,v1:10.20.193.4:6789/0] conn(0x7f6e4407ee30 0x7f6e441a01e0 unknown :-1 s=CLOSED pgs=36 cs=0 l=1 rev1=1 crypto rx=0 tx=0 comp rx=0 tx=0).stop
2026-02-19T22:57:57.733 INFO:teuthology.orchestra.run.trial004.stdout:/usr/bin/ceph: stderr
2026-02-19T22:57:57.703+0000 7f6e4b049640 1 -- 10.20.193.4:0/392117980 >> 10.20.193.4:0/392117980 conn(0x7f6e44103880 msgr2=0x7f6e44104410 unknown :-1 s=STATE_NONE l=0).mark_down
2026-02-19T22:57:57.733 INFO:teuthology.orchestra.run.trial004.stdout:/usr/bin/ceph: stderr
2026-02-19T22:57:57.703+0000 7f6e4b049640 1 -- 10.20.193.4:0/392117980 shutdown_connections
2026-02-19T22:57:57.733 INFO:teuthology.orchestra.run.trial004.stdout:/usr/bin/ceph: stderr
2026-02-19T22:57:57.703+0000 7f6e4b049640 1 -- 10.20.193.4:0/392117980 wait complete.
2026-02-19T22:57:57.927 INFO:teuthology.orchestra.run.trial004.stdout:/usr/bin/ceph: stdout value unchanged
2026-02-19T22:57:57.927 INFO:teuthology.orchestra.run.trial004.stdout:/usr/bin/ceph: stderr
2026-02-19T22:57:57.811+0000 7f3c2e868640 1 Processor -- start
2026-02-19T22:57:57.928 INFO:teuthology.orchestra.run.trial004.stdout:/usr/bin/ceph: stderr
2026-02-19T22:57:57.811+0000 7f3c2e868640 1 -- start start
2026-02-19T22:57:57.928 INFO:teuthology.orchestra.run.trial004.stdout:/usr/bin/ceph: stderr
2026-02-19T22:57:57.811+0000 7f3c2e868640 1 --2- >> [v2:10.20.193.4:3300/0,v1:10.20.193.4:6789/0] conn(0x7f3c2810aaa0 0x7f3c2810aea0 unknown :-1 s=NONE pgs=0 cs=0 l=0 rev1=0 crypto rx=0 tx=0 comp rx=0 tx=0).connect
2026-02-19T22:57:57.928 INFO:teuthology.orchestra.run.trial004.stdout:/usr/bin/ceph: stderr
2026-02-19T22:57:57.811+0000 7f3c2e868640 1 -- --> [v2:10.20.193.4:3300/0,v1:10.20.193.4:6789/0] -- mon_getmap magic: 0 -- 0x7f3c2810b470 con 0x7f3c2810aaa0
2026-02-19T22:57:57.928 INFO:teuthology.orchestra.run.trial004.stdout:/usr/bin/ceph: stderr
2026-02-19T22:57:57.811+0000 7f3c27fff640 1 --2- >> [v2:10.20.193.4:3300/0,v1:10.20.193.4:6789/0] conn(0x7f3c2810aaa0 0x7f3c2810aea0 unknown :-1 s=BANNER_CONNECTING pgs=0 cs=0 l=0 rev1=0 crypto rx=0 tx=0 comp rx=0 tx=0)._handle_peer_banner_payload supported=3 required=0
2026-02-19T22:57:57.928 INFO:teuthology.orchestra.run.trial004.stdout:/usr/bin/ceph: stderr
2026-02-19T22:57:57.811+0000 7f3c27fff640 1 --2- >> [v2:10.20.193.4:3300/0,v1:10.20.193.4:6789/0] conn(0x7f3c2810aaa0 0x7f3c2810aea0 unknown :-1 s=HELLO_CONNECTING pgs=0 cs=0 l=0 rev1=1 crypto rx=0 tx=0 comp rx=0 tx=0).handle_hello peer v2:10.20.193.4:3300/0 says I am v2:10.20.193.4:58634/0 (socket says 10.20.193.4:58634)
2026-02-19T22:57:57.928 INFO:teuthology.orchestra.run.trial004.stdout:/usr/bin/ceph: stderr
2026-02-19T22:57:57.811+0000 7f3c27fff640 1 -- 10.20.193.4:0/4174898204 learned_addr learned my addr 10.20.193.4:0/4174898204 (peer_addr_for_me v2:10.20.193.4:0/0)
2026-02-19T22:57:57.928 INFO:teuthology.orchestra.run.trial004.stdout:/usr/bin/ceph: stderr
2026-02-19T22:57:57.811+0000 7f3c27fff640 1 -- 10.20.193.4:0/4174898204 --> [v2:10.20.193.4:3300/0,v1:10.20.193.4:6789/0] -- mon_subscribe({config=0+,monmap=0+}) -- 0x7f3c2810b710 con 0x7f3c2810aaa0
2026-02-19T22:57:57.928 INFO:teuthology.orchestra.run.trial004.stdout:/usr/bin/ceph: stderr
2026-02-19T22:57:57.812+0000 7f3c27fff640 1 --2- 10.20.193.4:0/4174898204 >> [v2:10.20.193.4:3300/0,v1:10.20.193.4:6789/0] conn(0x7f3c2810aaa0 0x7f3c2810aea0 secure :-1 s=READY pgs=37 cs=0 l=1 rev1=1 crypto rx=0x7f3c14009920 tx=0x7f3c1402ef20 comp rx=0 tx=0).ready entity=mon.0 client_cookie=ca7c0d6802bb7840 server_cookie=0 in_seq=0 out_seq=0
2026-02-19T22:57:57.928 INFO:teuthology.orchestra.run.trial004.stdout:/usr/bin/ceph: stderr
2026-02-19T22:57:57.812+0000 7f3c26ffd640 1 -- 10.20.193.4:0/4174898204 <== mon.0 v2:10.20.193.4:3300/0 1 ==== mon_map magic: 0 ==== 205+0+0 (secure 0 0 0) 0x7f3c1403c070 con 0x7f3c2810aaa0
2026-02-19T22:57:57.928 INFO:teuthology.orchestra.run.trial004.stdout:/usr/bin/ceph: stderr
2026-02-19T22:57:57.812+0000 7f3c26ffd640 1 -- 10.20.193.4:0/4174898204 <== mon.0 v2:10.20.193.4:3300/0 2 ==== config(26 keys) ==== 1045+0+0 (secure 0 0 0) 0x7f3c14037440 con 0x7f3c2810aaa0
2026-02-19T22:57:57.929 INFO:teuthology.orchestra.run.trial004.stdout:/usr/bin/ceph: stderr
2026-02-19T22:57:57.812+0000 7f3c26ffd640 1 -- 10.20.193.4:0/4174898204 <== mon.0 v2:10.20.193.4:3300/0 3 ==== mon_map magic: 0 ==== 205+0+0 (secure 0 0 0) 0x7f3c140354b0 con 0x7f3c2810aaa0
2026-02-19T22:57:57.929 INFO:teuthology.orchestra.run.trial004.stdout:/usr/bin/ceph: stderr
2026-02-19T22:57:57.812+0000 7f3c2e868640 1 -- 10.20.193.4:0/4174898204 >> [v2:10.20.193.4:3300/0,v1:10.20.193.4:6789/0] conn(0x7f3c2810aaa0 msgr2=0x7f3c2810aea0 secure :-1 s=STATE_CONNECTION_ESTABLISHED l=1).mark_down
2026-02-19T22:57:57.929 INFO:teuthology.orchestra.run.trial004.stdout:/usr/bin/ceph: stderr
2026-02-19T22:57:57.812+0000 7f3c2e868640 1 --2- 10.20.193.4:0/4174898204 >> [v2:10.20.193.4:3300/0,v1:10.20.193.4:6789/0] conn(0x7f3c2810aaa0 0x7f3c2810aea0 secure :-1 s=READY pgs=37 cs=0 l=1 rev1=1 crypto rx=0x7f3c14009920 tx=0x7f3c1402ef20 comp rx=0 tx=0).stop
2026-02-19T22:57:57.929 INFO:teuthology.orchestra.run.trial004.stdout:/usr/bin/ceph: stderr
2026-02-19T22:57:57.812+0000 7f3c2e868640 1 -- 10.20.193.4:0/4174898204 shutdown_connections
2026-02-19T22:57:57.929 INFO:teuthology.orchestra.run.trial004.stdout:/usr/bin/ceph: stderr
2026-02-19T22:57:57.812+0000 7f3c2e868640 1 --2- 10.20.193.4:0/4174898204 >> [v2:10.20.193.4:3300/0,v1:10.20.193.4:6789/0] conn(0x7f3c2810aaa0 0x7f3c2810aea0 unknown :-1 s=CLOSED pgs=37 cs=0 l=1 rev1=1 crypto rx=0 tx=0 comp rx=0 tx=0).stop
2026-02-19T22:57:57.929 INFO:teuthology.orchestra.run.trial004.stdout:/usr/bin/ceph: stderr
2026-02-19T22:57:57.812+0000 7f3c2e868640 1 -- 10.20.193.4:0/4174898204 >> 10.20.193.4:0/4174898204 conn(0x7f3c2807d9e0 msgr2=0x7f3c2807ddf0 unknown :-1 s=STATE_NONE l=0).mark_down
2026-02-19T22:57:57.929 INFO:teuthology.orchestra.run.trial004.stdout:/usr/bin/ceph: stderr
2026-02-19T22:57:57.812+0000 7f3c2e868640 1 -- 10.20.193.4:0/4174898204 shutdown_connections
2026-02-19T22:57:57.929 INFO:teuthology.orchestra.run.trial004.stdout:/usr/bin/ceph: stderr
2026-02-19T22:57:57.812+0000 7f3c2e868640 1 -- 10.20.193.4:0/4174898204 wait complete.
2026-02-19T22:57:57.929 INFO:teuthology.orchestra.run.trial004.stdout:/usr/bin/ceph: stderr
2026-02-19T22:57:57.813+0000 7f3c2e868640 1 Processor -- start
2026-02-19T22:57:57.929 INFO:teuthology.orchestra.run.trial004.stdout:/usr/bin/ceph: stderr
2026-02-19T22:57:57.813+0000 7f3c2e868640 1 -- start start
2026-02-19T22:57:57.929 INFO:teuthology.orchestra.run.trial004.stdout:/usr/bin/ceph: stderr
2026-02-19T22:57:57.813+0000 7f3c2e868640 1 --2- >> [v2:10.20.193.4:3300/0,v1:10.20.193.4:6789/0] conn(0x7f3c2810aaa0 0x7f3c281a0420 unknown :-1 s=NONE pgs=0 cs=0 l=1 rev1=0 crypto rx=0 tx=0 comp rx=0 tx=0).connect
2026-02-19T22:57:57.930 INFO:teuthology.orchestra.run.trial004.stdout:/usr/bin/ceph: stderr
2026-02-19T22:57:57.813+0000 7f3c2e868640 1 -- --> [v2:10.20.193.4:3300/0,v1:10.20.193.4:6789/0] -- mon_getmap magic: 0 -- 0x7f3c2810e940 con 0x7f3c2810aaa0
2026-02-19T22:57:57.930 INFO:teuthology.orchestra.run.trial004.stdout:/usr/bin/ceph: stderr
2026-02-19T22:57:57.813+0000 7f3c27fff640 1 --2- >> [v2:10.20.193.4:3300/0,v1:10.20.193.4:6789/0] conn(0x7f3c2810aaa0 0x7f3c281a0420 unknown :-1 s=BANNER_CONNECTING pgs=0 cs=0 l=1 rev1=0 crypto rx=0 tx=0 comp rx=0 tx=0)._handle_peer_banner_payload supported=3 required=0
2026-02-19T22:57:57.930 INFO:teuthology.orchestra.run.trial004.stdout:/usr/bin/ceph: stderr
2026-02-19T22:57:57.813+0000 7f3c27fff640 1 --2- >> [v2:10.20.193.4:3300/0,v1:10.20.193.4:6789/0] conn(0x7f3c2810aaa0 0x7f3c281a0420 unknown :-1 s=HELLO_CONNECTING pgs=0 cs=0 l=1 rev1=1 crypto rx=0 tx=0 comp rx=0 tx=0).handle_hello peer v2:10.20.193.4:3300/0 says I am v2:10.20.193.4:58640/0 (socket says 10.20.193.4:58640)
2026-02-19T22:57:57.930 INFO:teuthology.orchestra.run.trial004.stdout:/usr/bin/ceph: stderr
2026-02-19T22:57:57.813+0000 7f3c27fff640 1 -- 10.20.193.4:0/2739433872 learned_addr learned my addr 10.20.193.4:0/2739433872 (peer_addr_for_me v2:10.20.193.4:0/0)
2026-02-19T22:57:57.930 INFO:teuthology.orchestra.run.trial004.stdout:/usr/bin/ceph: stderr
2026-02-19T22:57:57.813+0000 7f3c27fff640 1 -- 10.20.193.4:0/2739433872 --> [v2:10.20.193.4:3300/0,v1:10.20.193.4:6789/0] -- mon_subscribe({config=0+,monmap=0+}) -- 0x7f3c281a0960 con 0x7f3c2810aaa0
2026-02-19T22:57:57.930 INFO:teuthology.orchestra.run.trial004.stdout:/usr/bin/ceph: stderr
2026-02-19T22:57:57.813+0000 7f3c27fff640 1 --2- 10.20.193.4:0/2739433872 >> [v2:10.20.193.4:3300/0,v1:10.20.193.4:6789/0] conn(0x7f3c2810aaa0 0x7f3c281a0420 secure :-1 s=READY pgs=38 cs=0 l=1 rev1=1 crypto rx=0x7f3c14006fd0 tx=0x7f3c14037bb0 comp rx=0 tx=0).ready entity=mon.0 client_cookie=0 server_cookie=0 in_seq=0 out_seq=0
2026-02-19T22:57:57.930 INFO:teuthology.orchestra.run.trial004.stdout:/usr/bin/ceph: stderr
2026-02-19T22:57:57.813+0000 7f3c257fa640 1 -- 10.20.193.4:0/2739433872 <== mon.0 v2:10.20.193.4:3300/0 1 ==== mon_map magic: 0 ==== 205+0+0 (secure 0 0 0) 0x7f3c14045070 con 0x7f3c2810aaa0
2026-02-19T22:57:57.930 INFO:teuthology.orchestra.run.trial004.stdout:/usr/bin/ceph: stderr
2026-02-19T22:57:57.813+0000 7f3c257fa640 1 -- 10.20.193.4:0/2739433872 <== mon.0 v2:10.20.193.4:3300/0 2 ==== config(26 keys) ==== 1045+0+0 (secure 0 0 0) 0x7f3c14040450 con 0x7f3c2810aaa0
2026-02-19T22:57:57.930 INFO:teuthology.orchestra.run.trial004.stdout:/usr/bin/ceph: stderr
2026-02-19T22:57:57.813+0000 7f3c2e868640 1 -- 10.20.193.4:0/2739433872 --> [v2:10.20.193.4:3300/0,v1:10.20.193.4:6789/0] -- mon_subscribe({mgrmap=0+}) -- 0x7f3c281a0bf0 con 0x7f3c2810aaa0
2026-02-19T22:57:57.930 INFO:teuthology.orchestra.run.trial004.stdout:/usr/bin/ceph: stderr
2026-02-19T22:57:57.813+0000 7f3c257fa640 1 -- 10.20.193.4:0/2739433872 <== mon.0 v2:10.20.193.4:3300/0 3 ==== mon_map magic: 0 ==== 205+0+0 (secure 0 0 0) 0x7f3c1403c070 con 0x7f3c2810aaa0
2026-02-19T22:57:57.930 INFO:teuthology.orchestra.run.trial004.stdout:/usr/bin/ceph: stderr
2026-02-19T22:57:57.813+0000 7f3c2e868640 1 -- 10.20.193.4:0/2739433872 --> [v2:10.20.193.4:3300/0,v1:10.20.193.4:6789/0] -- mon_subscribe({osdmap=0}) -- 0x7f3c281a38e0 con 0x7f3c2810aaa0
2026-02-19T22:57:57.930 INFO:teuthology.orchestra.run.trial004.stdout:/usr/bin/ceph: stderr
2026-02-19T22:57:57.814+0000 7f3c2e868640 1 -- 10.20.193.4:0/2739433872 --> [v2:10.20.193.4:3300/0,v1:10.20.193.4:6789/0] -- mon_command({"prefix": "get_command_descriptions"} v 0) -- 0x7f3c2810af20 con 0x7f3c2810aaa0
2026-02-19T22:57:57.931 INFO:teuthology.orchestra.run.trial004.stdout:/usr/bin/ceph: stderr
2026-02-19T22:57:57.814+0000 7f3c257fa640 1 -- 10.20.193.4:0/2739433872 <== mon.0 v2:10.20.193.4:3300/0 4 ==== mgrmap(e 7) ==== 50141+0+0 (secure 0 0 0) 0x7f3c1403e640 con 0x7f3c2810aaa0
2026-02-19T22:57:57.931 INFO:teuthology.orchestra.run.trial004.stdout:/usr/bin/ceph: stderr
2026-02-19T22:57:57.814+0000 7f3c257fa640 1 --2- 10.20.193.4:0/2739433872 >> [v2:10.20.193.4:6800/1726152395,v1:10.20.193.4:6801/1726152395] conn(0x7f3bfc03da80 0x7f3bfc03ff40 unknown :-1 s=NONE pgs=0 cs=0 l=1 rev1=0 crypto rx=0 tx=0 comp rx=0 tx=0).connect
2026-02-19T22:57:57.931 INFO:teuthology.orchestra.run.trial004.stdout:/usr/bin/ceph: stderr
2026-02-19T22:57:57.814+0000 7f3c257fa640 1 -- 10.20.193.4:0/2739433872 <== mon.0 v2:10.20.193.4:3300/0 5 ==== osd_map(2..2 src has 1..2) ==== 940+0+0 (secure 0 0 0) 0x7f3c14076830 con 0x7f3c2810aaa0
2026-02-19T22:57:57.931 INFO:teuthology.orchestra.run.trial004.stdout:/usr/bin/ceph: stderr
2026-02-19T22:57:57.814+0000 7f3c277fe640 1 --2- 10.20.193.4:0/2739433872 >> [v2:10.20.193.4:6800/1726152395,v1:10.20.193.4:6801/1726152395] conn(0x7f3bfc03da80 0x7f3bfc03ff40 unknown :-1 s=BANNER_CONNECTING pgs=0 cs=0 l=1 rev1=0 crypto rx=0 tx=0 comp rx=0 tx=0)._handle_peer_banner_payload supported=3 required=0
2026-02-19T22:57:57.931 INFO:teuthology.orchestra.run.trial004.stdout:/usr/bin/ceph: stderr
2026-02-19T22:57:57.814+0000 7f3c277fe640 1 --2- 10.20.193.4:0/2739433872 >> [v2:10.20.193.4:6800/1726152395,v1:10.20.193.4:6801/1726152395] conn(0x7f3bfc03da80 0x7f3bfc03ff40 secure :-1 s=READY pgs=8 cs=0 l=1 rev1=1 crypto rx=0x7f3c180099c0 tx=0x7f3c18006eb0 comp rx=0 tx=0).ready entity=mgr.14118 client_cookie=0 server_cookie=0 in_seq=0 out_seq=0
2026-02-19T22:57:57.931 INFO:teuthology.orchestra.run.trial004.stdout:/usr/bin/ceph: stderr
2026-02-19T22:57:57.817+0000 7f3c257fa640 1 -- 10.20.193.4:0/2739433872 <== mon.0 v2:10.20.193.4:3300/0 6 ==== mon_command_ack([{"prefix": "get_command_descriptions"}]=0 v0) ==== 72+0+195034 (secure 0 0 0) 0x7f3c14040900 con 0x7f3c2810aaa0
2026-02-19T22:57:57.931 INFO:teuthology.orchestra.run.trial004.stdout:/usr/bin/ceph: stderr
2026-02-19T22:57:57.901+0000 7f3c2e868640 1 -- 10.20.193.4:0/2739433872 --> [v2:10.20.193.4:6800/1726152395,v1:10.20.193.4:6801/1726152395] -- mgr_command(tid 0: {"prefix": "cephadm set-user", "user": "root", "target": ["mon-mgr", ""]}) -- 0x7f3c28108e10 con 0x7f3bfc03da80
2026-02-19T22:57:57.931 INFO:teuthology.orchestra.run.trial004.stdout:/usr/bin/ceph: stderr
2026-02-19T22:57:57.901+0000 7f3c257fa640 1 -- 10.20.193.4:0/2739433872 <== mgr.14118 v2:10.20.193.4:6800/1726152395 1 ==== mgr_command_reply(tid 0: 0 ) ==== 8+0+16 (secure 0 0 0) 0x7f3c28108e10 con 0x7f3bfc03da80
2026-02-19T22:57:57.931 INFO:teuthology.orchestra.run.trial004.stdout:/usr/bin/ceph: stderr
2026-02-19T22:57:57.902+0000 7f3c2e868640 1 -- 10.20.193.4:0/2739433872 >> [v2:10.20.193.4:6800/1726152395,v1:10.20.193.4:6801/1726152395] conn(0x7f3bfc03da80 msgr2=0x7f3bfc03ff40 secure :-1 s=STATE_CONNECTION_ESTABLISHED l=1).mark_down
2026-02-19T22:57:57.931 INFO:teuthology.orchestra.run.trial004.stdout:/usr/bin/ceph: stderr
2026-02-19T22:57:57.902+0000 7f3c2e868640 1 --2- 10.20.193.4:0/2739433872 >> [v2:10.20.193.4:6800/1726152395,v1:10.20.193.4:6801/1726152395] conn(0x7f3bfc03da80 0x7f3bfc03ff40 secure :-1 s=READY pgs=8 cs=0 l=1 rev1=1 crypto rx=0x7f3c180099c0 tx=0x7f3c18006eb0 comp rx=0 tx=0).stop
2026-02-19T22:57:57.931 INFO:teuthology.orchestra.run.trial004.stdout:/usr/bin/ceph: stderr
2026-02-19T22:57:57.902+0000 7f3c2e868640 1 -- 10.20.193.4:0/2739433872 >> [v2:10.20.193.4:3300/0,v1:10.20.193.4:6789/0] conn(0x7f3c2810aaa0 msgr2=0x7f3c281a0420 secure :-1 s=STATE_CONNECTION_ESTABLISHED l=1).mark_down
2026-02-19T22:57:57.932 INFO:teuthology.orchestra.run.trial004.stdout:/usr/bin/ceph: stderr
2026-02-19T22:57:57.902+0000 7f3c2e868640 1 --2- 10.20.193.4:0/2739433872 >> [v2:10.20.193.4:3300/0,v1:10.20.193.4:6789/0] conn(0x7f3c2810aaa0 0x7f3c281a0420 secure :-1 s=READY pgs=38 cs=0 l=1 rev1=1 crypto rx=0x7f3c14006fd0 tx=0x7f3c14037bb0 comp rx=0 tx=0).stop
2026-02-19T22:57:57.932 INFO:teuthology.orchestra.run.trial004.stdout:/usr/bin/ceph: stderr
2026-02-19T22:57:57.902+0000 7f3c2e868640 1 -- 10.20.193.4:0/2739433872 shutdown_connections
2026-02-19T22:57:57.932 INFO:teuthology.orchestra.run.trial004.stdout:/usr/bin/ceph: stderr
2026-02-19T22:57:57.902+0000 7f3c2e868640 1 --2- 10.20.193.4:0/2739433872 >> [v2:10.20.193.4:6800/1726152395,v1:10.20.193.4:6801/1726152395] conn(0x7f3bfc03da80 0x7f3bfc03ff40 unknown :-1 s=CLOSED pgs=8 cs=0 l=1 rev1=1 crypto rx=0 tx=0 comp rx=0 tx=0).stop
2026-02-19T22:57:57.932 INFO:teuthology.orchestra.run.trial004.stdout:/usr/bin/ceph: stderr
2026-02-19T22:57:57.902+0000 7f3c2e868640 1 --2- 10.20.193.4:0/2739433872 >> [v2:10.20.193.4:3300/0,v1:10.20.193.4:6789/0] conn(0x7f3c2810aaa0 0x7f3c281a0420 unknown :-1 s=CLOSED pgs=38 cs=0 l=1 rev1=1 crypto rx=0 tx=0 comp rx=0 tx=0).stop
2026-02-19T22:57:57.932 INFO:teuthology.orchestra.run.trial004.stdout:/usr/bin/ceph: stderr
2026-02-19T22:57:57.902+0000 7f3c2e868640 1 -- 10.20.193.4:0/2739433872 >> 10.20.193.4:0/2739433872 conn(0x7f3c2807d9e0 msgr2=0x7f3c28108700 unknown :-1 s=STATE_NONE l=0).mark_down
2026-02-19T22:57:57.932 INFO:teuthology.orchestra.run.trial004.stdout:/usr/bin/ceph: stderr
2026-02-19T22:57:57.902+0000 7f3c2e868640 1 -- 10.20.193.4:0/2739433872 shutdown_connections
2026-02-19T22:57:57.932 INFO:teuthology.orchestra.run.trial004.stdout:/usr/bin/ceph: stderr
2026-02-19T22:57:57.902+0000 7f3c2e868640 1 -- 10.20.193.4:0/2739433872 wait complete.
2026-02-19T22:57:57.932 INFO:teuthology.orchestra.run.trial004.stdout:Generating ssh key...
2026-02-19T22:57:58.012 INFO:journalctl@ceph.mon.a.trial004.stdout:Feb 19 22:57:57 trial004 ceph-mon[40840]: Found migration_current of "None". Setting to last migration.
2026-02-19T22:57:58.012 INFO:journalctl@ceph.mon.a.trial004.stdout:Feb 19 22:57:57 trial004 ceph-mon[40840]: from='mgr.14118 10.20.193.4:0/1238764608' entity='mgr.x'
2026-02-19T22:57:58.012 INFO:journalctl@ceph.mon.a.trial004.stdout:Feb 19 22:57:57 trial004 ceph-mon[40840]: from='mgr.14118 10.20.193.4:0/1238764608' entity='mgr.x'
2026-02-19T22:57:58.013 INFO:journalctl@ceph.mon.a.trial004.stdout:Feb 19 22:57:57 trial004 ceph-mon[40840]: mgrmap e7: x(active, since 1.00409s)
2026-02-19T22:57:58.013 INFO:journalctl@ceph.mon.a.trial004.stdout:Feb 19 22:57:57 trial004 ceph-mon[40840]: from='mgr.14118 10.20.193.4:0/1238764608' entity='mgr.x' cmd=[{"prefix": "config dump", "format": "json"}]: dispatch
2026-02-19T22:57:58.013 INFO:journalctl@ceph.mon.a.trial004.stdout:Feb 19 22:57:57 trial004 ceph-mon[40840]: from='mgr.14118 10.20.193.4:0/1238764608' entity='mgr.x'
2026-02-19T22:57:58.013 INFO:journalctl@ceph.mon.a.trial004.stdout:Feb 19 22:57:57 trial004 ceph-mon[40840]: from='mgr.14118 10.20.193.4:0/1238764608' entity='mgr.x' cmd=[{"prefix": "config dump", "format": "json"}]: dispatch
2026-02-19T22:57:58.147 INFO:teuthology.orchestra.run.trial004.stdout:/usr/bin/ceph: stderr
2026-02-19T22:57:58.010+0000 7f5b9e710640 1 Processor -- start
2026-02-19T22:57:58.147 INFO:teuthology.orchestra.run.trial004.stdout:/usr/bin/ceph: stderr
2026-02-19T22:57:58.010+0000 7f5b9e710640 1 -- start start
2026-02-19T22:57:58.147 INFO:teuthology.orchestra.run.trial004.stdout:/usr/bin/ceph: stderr
2026-02-19T22:57:58.010+0000 7f5b9e710640 1 --2- >> [v2:10.20.193.4:3300/0,v1:10.20.193.4:6789/0] conn(0x7f5b98108260 0x7f5b98108660 unknown :-1 s=NONE pgs=0 cs=0 l=0 rev1=0 crypto rx=0 tx=0 comp rx=0 tx=0).connect
2026-02-19T22:57:58.147 INFO:teuthology.orchestra.run.trial004.stdout:/usr/bin/ceph: stderr
2026-02-19T22:57:58.010+0000 7f5b9e710640 1 -- --> [v2:10.20.193.4:3300/0,v1:10.20.193.4:6789/0] -- mon_getmap magic: 0 -- 0x7f5b98108c30 con 0x7f5b98108260
2026-02-19T22:57:58.147 INFO:teuthology.orchestra.run.trial004.stdout:/usr/bin/ceph: stderr
2026-02-19T22:57:58.010+0000 7f5b97fff640 1 --2- >> [v2:10.20.193.4:3300/0,v1:10.20.193.4:6789/0] conn(0x7f5b98108260 0x7f5b98108660 unknown :-1 s=BANNER_CONNECTING pgs=0 cs=0 l=0 rev1=0 crypto rx=0 tx=0 comp rx=0 tx=0)._handle_peer_banner_payload supported=3 required=0
2026-02-19T22:57:58.148 INFO:teuthology.orchestra.run.trial004.stdout:/usr/bin/ceph: stderr
2026-02-19T22:57:58.010+0000 7f5b97fff640 1 --2- >> [v2:10.20.193.4:3300/0,v1:10.20.193.4:6789/0] conn(0x7f5b98108260 0x7f5b98108660 unknown :-1 s=HELLO_CONNECTING pgs=0 cs=0 l=0 rev1=1 crypto rx=0 tx=0 comp rx=0 tx=0).handle_hello peer v2:10.20.193.4:3300/0 says I am v2:10.20.193.4:58652/0 (socket says 10.20.193.4:58652)
2026-02-19T22:57:58.148 INFO:teuthology.orchestra.run.trial004.stdout:/usr/bin/ceph: stderr
2026-02-19T22:57:58.010+0000 7f5b97fff640 1 -- 10.20.193.4:0/1226795729 learned_addr learned my addr 10.20.193.4:0/1226795729 (peer_addr_for_me v2:10.20.193.4:0/0)
2026-02-19T22:57:58.148 INFO:teuthology.orchestra.run.trial004.stdout:/usr/bin/ceph: stderr
2026-02-19T22:57:58.010+0000 7f5b97fff640 1 -- 10.20.193.4:0/1226795729 --> [v2:10.20.193.4:3300/0,v1:10.20.193.4:6789/0] -- mon_subscribe({config=0+,monmap=0+}) -- 0x7f5b98109460 con 0x7f5b98108260
2026-02-19T22:57:58.148 INFO:teuthology.orchestra.run.trial004.stdout:/usr/bin/ceph: stderr
2026-02-19T22:57:58.011+0000 7f5b97fff640 1 --2- 10.20.193.4:0/1226795729 >> [v2:10.20.193.4:3300/0,v1:10.20.193.4:6789/0] conn(0x7f5b98108260 0x7f5b98108660 secure :-1 s=READY pgs=39 cs=0 l=1 rev1=1 crypto rx=0x7f5b84009920 tx=0x7f5b8402ef20 comp rx=0 tx=0).ready entity=mon.0 client_cookie=5ff9c7090f0ece4b server_cookie=0 in_seq=0 out_seq=0
2026-02-19T22:57:58.148 INFO:teuthology.orchestra.run.trial004.stdout:/usr/bin/ceph: stderr
2026-02-19T22:57:58.011+0000 7f5b96ffd640 1 -- 10.20.193.4:0/1226795729 <== mon.0 v2:10.20.193.4:3300/0 1 ==== mon_map magic: 0 ==== 205+0+0 (secure 0 0 0) 0x7f5b8403c070 con 0x7f5b98108260
2026-02-19T22:57:58.148 INFO:teuthology.orchestra.run.trial004.stdout:/usr/bin/ceph: stderr
2026-02-19T22:57:58.011+0000 7f5b96ffd640 1 -- 10.20.193.4:0/1226795729 <== mon.0 v2:10.20.193.4:3300/0 2 ==== config(26 keys) ==== 1045+0+0 (secure 0 0 0) 0x7f5b84037440 con 0x7f5b98108260
2026-02-19T22:57:58.148 INFO:teuthology.orchestra.run.trial004.stdout:/usr/bin/ceph: stderr
2026-02-19T22:57:58.011+0000 7f5b96ffd640 1 -- 10.20.193.4:0/1226795729 <== mon.0 v2:10.20.193.4:3300/0 3 ==== mon_map magic: 0 ==== 205+0+0 (secure 0 0 0) 0x7f5b840354b0 con 0x7f5b98108260
2026-02-19T22:57:58.148 INFO:teuthology.orchestra.run.trial004.stdout:/usr/bin/ceph: stderr
2026-02-19T22:57:58.011+0000 7f5b9e710640 1 -- 10.20.193.4:0/1226795729 >> [v2:10.20.193.4:3300/0,v1:10.20.193.4:6789/0] conn(0x7f5b98108260 msgr2=0x7f5b98108660 secure :-1 s=STATE_CONNECTION_ESTABLISHED l=1).mark_down
2026-02-19T22:57:58.148 INFO:teuthology.orchestra.run.trial004.stdout:/usr/bin/ceph: stderr
2026-02-19T22:57:58.011+0000 7f5b9e710640 1 --2- 10.20.193.4:0/1226795729 >> [v2:10.20.193.4:3300/0,v1:10.20.193.4:6789/0] conn(0x7f5b98108260 0x7f5b98108660 secure :-1 s=READY pgs=39 cs=0 l=1 rev1=1 crypto rx=0x7f5b84009920 tx=0x7f5b8402ef20 comp rx=0 tx=0).stop
2026-02-19T22:57:58.148 INFO:teuthology.orchestra.run.trial004.stdout:/usr/bin/ceph: stderr
2026-02-19T22:57:58.011+0000 7f5b9e710640 1 -- 10.20.193.4:0/1226795729 shutdown_connections
2026-02-19T22:57:58.149 INFO:teuthology.orchestra.run.trial004.stdout:/usr/bin/ceph: stderr
2026-02-19T22:57:58.011+0000 7f5b9e710640 1 --2- 10.20.193.4:0/1226795729 >> [v2:10.20.193.4:3300/0,v1:10.20.193.4:6789/0] conn(0x7f5b98108260 0x7f5b98108660 unknown :-1 s=CLOSED pgs=39 cs=0 l=1 rev1=1 crypto rx=0 tx=0 comp rx=0 tx=0).stop
2026-02-19T22:57:58.149 INFO:teuthology.orchestra.run.trial004.stdout:/usr/bin/ceph: stderr
2026-02-19T22:57:58.011+0000 7f5b9e710640 1 -- 10.20.193.4:0/1226795729 >> 10.20.193.4:0/1226795729 conn(0x7f5b981039b0 msgr2=0x7f5b98105e30 unknown :-1 s=STATE_NONE l=0).mark_down
2026-02-19T22:57:58.149 INFO:teuthology.orchestra.run.trial004.stdout:/usr/bin/ceph: stderr
2026-02-19T22:57:58.011+0000 7f5b9e710640 1 -- 10.20.193.4:0/1226795729 shutdown_connections
2026-02-19T22:57:58.149 INFO:teuthology.orchestra.run.trial004.stdout:/usr/bin/ceph: stderr
2026-02-19T22:57:58.011+0000 7f5b9e710640 1 -- 10.20.193.4:0/1226795729 wait complete.
2026-02-19T22:57:58.149 INFO:teuthology.orchestra.run.trial004.stdout:/usr/bin/ceph: stderr
2026-02-19T22:57:58.011+0000 7f5b9e710640 1 Processor -- start
2026-02-19T22:57:58.149 INFO:teuthology.orchestra.run.trial004.stdout:/usr/bin/ceph: stderr
2026-02-19T22:57:58.012+0000 7f5b9e710640 1 -- start start
2026-02-19T22:57:58.149 INFO:teuthology.orchestra.run.trial004.stdout:/usr/bin/ceph: stderr
2026-02-19T22:57:58.012+0000 7f5b9e710640 1 --2- >> [v2:10.20.193.4:3300/0,v1:10.20.193.4:6789/0] conn(0x7f5b98108260 0x7f5b981a0430 unknown :-1 s=NONE pgs=0 cs=0 l=1 rev1=0 crypto rx=0 tx=0 comp rx=0 tx=0).connect
2026-02-19T22:57:58.149 INFO:teuthology.orchestra.run.trial004.stdout:/usr/bin/ceph: stderr
2026-02-19T22:57:58.012+0000 7f5b9e710640 1 -- --> [v2:10.20.193.4:3300/0,v1:10.20.193.4:6789/0] -- mon_getmap magic: 0 -- 0x7f5b9810c690 con 0x7f5b98108260
2026-02-19T22:57:58.149 INFO:teuthology.orchestra.run.trial004.stdout:/usr/bin/ceph: stderr
2026-02-19T22:57:58.012+0000 7f5b97fff640 1 --2- >> [v2:10.20.193.4:3300/0,v1:10.20.193.4:6789/0] conn(0x7f5b98108260 0x7f5b981a0430 unknown :-1 s=BANNER_CONNECTING pgs=0 cs=0 l=1 rev1=0 crypto rx=0 tx=0 comp rx=0 tx=0)._handle_peer_banner_payload supported=3 required=0
2026-02-19T22:57:58.149 INFO:teuthology.orchestra.run.trial004.stdout:/usr/bin/ceph: stderr
2026-02-19T22:57:58.012+0000 7f5b97fff640 1 --2- >> [v2:10.20.193.4:3300/0,v1:10.20.193.4:6789/0] conn(0x7f5b98108260 0x7f5b981a0430 unknown :-1 s=HELLO_CONNECTING pgs=0 cs=0 l=1 rev1=1 crypto rx=0 tx=0 comp rx=0 tx=0).handle_hello peer v2:10.20.193.4:3300/0 says I am v2:10.20.193.4:58654/0 (socket says 10.20.193.4:58654)
2026-02-19T22:57:58.150 INFO:teuthology.orchestra.run.trial004.stdout:/usr/bin/ceph: stderr
2026-02-19T22:57:58.012+0000 7f5b97fff640 1 -- 10.20.193.4:0/3269506167 learned_addr learned my addr 10.20.193.4:0/3269506167 (peer_addr_for_me v2:10.20.193.4:0/0)
2026-02-19T22:57:58.150 INFO:teuthology.orchestra.run.trial004.stdout:/usr/bin/ceph: stderr
2026-02-19T22:57:58.012+0000 7f5b97fff640 1 -- 10.20.193.4:0/3269506167 --> [v2:10.20.193.4:3300/0,v1:10.20.193.4:6789/0] -- mon_subscribe({config=0+,monmap=0+}) -- 0x7f5b981a0970 con 0x7f5b98108260
2026-02-19T22:57:58.150 INFO:teuthology.orchestra.run.trial004.stdout:/usr/bin/ceph: stderr
2026-02-19T22:57:58.012+0000 7f5b97fff640 1 --2- 10.20.193.4:0/3269506167 >> [v2:10.20.193.4:3300/0,v1:10.20.193.4:6789/0] conn(0x7f5b98108260 0x7f5b981a0430 secure :-1 s=READY pgs=40 cs=0 l=1 rev1=1 crypto rx=0x7f5b84006fd0 tx=0x7f5b84037bb0 comp rx=0 tx=0).ready entity=mon.0 client_cookie=0 server_cookie=0 in_seq=0 out_seq=0
2026-02-19T22:57:58.150 INFO:teuthology.orchestra.run.trial004.stdout:/usr/bin/ceph: stderr
2026-02-19T22:57:58.012+0000 7f5b957fa640 1 -- 10.20.193.4:0/3269506167 <== mon.0 v2:10.20.193.4:3300/0 1 ==== mon_map magic: 0 ==== 205+0+0 (secure 0 0 0) 0x7f5b84045070 con 0x7f5b98108260
2026-02-19T22:57:58.150 INFO:teuthology.orchestra.run.trial004.stdout:/usr/bin/ceph: stderr
2026-02-19T22:57:58.012+0000 7f5b9e710640 1 -- 10.20.193.4:0/3269506167 --> [v2:10.20.193.4:3300/0,v1:10.20.193.4:6789/0] -- mon_subscribe({mgrmap=0+}) -- 0x7f5b981a0c00 con 0x7f5b98108260
2026-02-19T22:57:58.150 INFO:teuthology.orchestra.run.trial004.stdout:/usr/bin/ceph: stderr
2026-02-19T22:57:58.012+0000 7f5b9e710640 1 -- 10.20.193.4:0/3269506167 --> [v2:10.20.193.4:3300/0,v1:10.20.193.4:6789/0] -- mon_subscribe({osdmap=0}) -- 0x7f5b981a38f0 con 0x7f5b98108260
2026-02-19T22:57:58.150 INFO:teuthology.orchestra.run.trial004.stdout:/usr/bin/ceph: stderr
2026-02-19T22:57:58.012+0000 7f5b957fa640 1 -- 10.20.193.4:0/3269506167 <== mon.0 v2:10.20.193.4:3300/0 2 ==== config(26 keys) ==== 1045+0+0 (secure 0 0 0) 0x7f5b84037440 con 0x7f5b98108260
2026-02-19T22:57:58.150 INFO:teuthology.orchestra.run.trial004.stdout:/usr/bin/ceph: stderr
2026-02-19T22:57:58.012+0000 7f5b957fa640 1 -- 10.20.193.4:0/3269506167 <== mon.0 v2:10.20.193.4:3300/0 3 ==== mon_map magic: 0 ==== 205+0+0 (secure 0 0 0) 0x7f5b8404f060 con 0x7f5b98108260
2026-02-19T22:57:58.150 INFO:teuthology.orchestra.run.trial004.stdout:/usr/bin/ceph: stderr
2026-02-19T22:57:58.012+0000 7f5b9e710640 1 -- 10.20.193.4:0/3269506167 --> [v2:10.20.193.4:3300/0,v1:10.20.193.4:6789/0] -- mon_command({"prefix": "get_command_descriptions"} v 0) -- 0x7f5b981086e0 con 0x7f5b98108260
2026-02-19T22:57:58.150 INFO:teuthology.orchestra.run.trial004.stdout:/usr/bin/ceph: stderr
