2026-02-19T22:58:00.834+0000 7fa04b4df640 1 -- 10.20.193.4:0/3067816211 --> [v2:10.20.193.4:3300/0,v1:10.20.193.4:6789/0] -- mon_subscribe({osdmap=0}) -- 0x7fa0441a3860 con 0x7fa04410a9f0
2026-02-19T22:58:00.960 INFO:teuthology.orchestra.run.trial004.stdout:/usr/bin/ceph: stderr
2026-02-19T22:58:00.834+0000 7fa04b4df640 1 -- 10.20.193.4:0/3067816211 --> [v2:10.20.193.4:3300/0,v1:10.20.193.4:6789/0] -- mon_command({"prefix": "get_command_descriptions"} v 0) -- 0x7fa04410ae70 con 0x7fa04410a9f0
2026-02-19T22:58:00.960 INFO:teuthology.orchestra.run.trial004.stdout:/usr/bin/ceph: stderr
2026-02-19T22:58:00.834+0000 7fa0327fc640 1 -- 10.20.193.4:0/3067816211 <== mon.0 v2:10.20.193.4:3300/0 4 ==== mgrmap(e 8) ==== 50247+0+0 (secure 0 0 0) 0x7fa034042640 con 0x7fa04410a9f0
2026-02-19T22:58:00.960 INFO:teuthology.orchestra.run.trial004.stdout:/usr/bin/ceph: stderr
2026-02-19T22:58:00.835+0000 7fa0327fc640 1 --2- 10.20.193.4:0/3067816211 >> [v2:10.20.193.4:6800/1726152395,v1:10.20.193.4:6801/1726152395] conn(0x7fa02003dbf0 0x7fa0200400b0 unknown :-1 s=NONE pgs=0 cs=0 l=1 rev1=0 crypto rx=0 tx=0 comp rx=0 tx=0).connect
2026-02-19T22:58:00.960 INFO:teuthology.orchestra.run.trial004.stdout:/usr/bin/ceph: stderr
2026-02-19T22:58:00.835+0000 7fa0327fc640 1 -- 10.20.193.4:0/3067816211 <== mon.0 v2:10.20.193.4:3300/0 5 ==== osd_map(2..2 src has 1..2) ==== 940+0+0 (secure 0 0 0) 0x7fa0340768a0 con 0x7fa04410a9f0
2026-02-19T22:58:00.960 INFO:teuthology.orchestra.run.trial004.stdout:/usr/bin/ceph: stderr
2026-02-19T22:58:00.835+0000 7fa048a53640 1 --2- 10.20.193.4:0/3067816211 >> [v2:10.20.193.4:6800/1726152395,v1:10.20.193.4:6801/1726152395] conn(0x7fa02003dbf0 0x7fa0200400b0 unknown :-1 s=BANNER_CONNECTING pgs=0 cs=0 l=1 rev1=0 crypto rx=0 tx=0 comp rx=0 tx=0)._handle_peer_banner_payload supported=3 required=0
2026-02-19T22:58:00.960 INFO:teuthology.orchestra.run.trial004.stdout:/usr/bin/ceph: stderr
2026-02-19T22:58:00.835+0000 7fa048a53640 1 --2- 10.20.193.4:0/3067816211 >> [v2:10.20.193.4:6800/1726152395,v1:10.20.193.4:6801/1726152395] conn(0x7fa02003dbf0 0x7fa0200400b0 secure :-1 s=READY pgs=15 cs=0 l=1 rev1=1 crypto rx=0x7fa0380099c0 tx=0x7fa038006eb0 comp rx=0 tx=0).ready entity=mgr.14118 client_cookie=0 server_cookie=0 in_seq=0 out_seq=0
2026-02-19T22:58:00.960 INFO:teuthology.orchestra.run.trial004.stdout:/usr/bin/ceph: stderr
2026-02-19T22:58:00.837+0000 7fa0327fc640 1 -- 10.20.193.4:0/3067816211 <== mon.0 v2:10.20.193.4:3300/0 6 ==== mon_command_ack([{"prefix": "get_command_descriptions"}]=0 v0) ==== 72+0+195034 (secure 0 0 0) 0x7fa0340342a0 con 0x7fa04410a9f0
2026-02-19T22:58:00.960 INFO:teuthology.orchestra.run.trial004.stdout:/usr/bin/ceph: stderr
2026-02-19T22:58:00.925+0000 7fa04b4df640 1 -- 10.20.193.4:0/3067816211 --> [v2:10.20.193.4:3300/0,v1:10.20.193.4:6789/0] -- mon_command([{prefix=config set, name=mgr/dashboard/ssl_server_port}] v 0) -- 0x7fa0441a3f70 con 0x7fa04410a9f0
2026-02-19T22:58:00.961 INFO:teuthology.orchestra.run.trial004.stdout:/usr/bin/ceph: stderr
2026-02-19T22:58:00.927+0000 7fa0327fc640 1 -- 10.20.193.4:0/3067816211 <== mon.0 v2:10.20.193.4:3300/0 7 ==== mon_command_ack([{prefix=config set, name=mgr/dashboard/ssl_server_port}]=0 v8)=0 v8) ==== 130+0+0 (secure 0 0 0) 0x7fa034033c90 con 0x7fa04410a9f0
2026-02-19T22:58:00.961 INFO:teuthology.orchestra.run.trial004.stdout:/usr/bin/ceph: stderr
2026-02-19T22:58:00.928+0000 7fa04b4df640 1 -- 10.20.193.4:0/3067816211 >> [v2:10.20.193.4:6800/1726152395,v1:10.20.193.4:6801/1726152395] conn(0x7fa02003dbf0 msgr2=0x7fa0200400b0 secure :-1 s=STATE_CONNECTION_ESTABLISHED l=1).mark_down
2026-02-19T22:58:00.961 INFO:teuthology.orchestra.run.trial004.stdout:/usr/bin/ceph: stderr
2026-02-19T22:58:00.928+0000 7fa04b4df640 1 --2- 10.20.193.4:0/3067816211 >> [v2:10.20.193.4:6800/1726152395,v1:10.20.193.4:6801/1726152395] conn(0x7fa02003dbf0 0x7fa0200400b0 secure :-1 s=READY pgs=15 cs=0 l=1 rev1=1 crypto rx=0x7fa0380099c0 tx=0x7fa038006eb0 comp rx=0 tx=0).stop
2026-02-19T22:58:00.961 INFO:teuthology.orchestra.run.trial004.stdout:/usr/bin/ceph: stderr
2026-02-19T22:58:00.928+0000 7fa04b4df640 1 -- 10.20.193.4:0/3067816211 >> [v2:10.20.193.4:3300/0,v1:10.20.193.4:6789/0] conn(0x7fa04410a9f0 msgr2=0x7fa0441a03a0 secure :-1 s=STATE_CONNECTION_ESTABLISHED l=1).mark_down
2026-02-19T22:58:00.961 INFO:teuthology.orchestra.run.trial004.stdout:/usr/bin/ceph: stderr
2026-02-19T22:58:00.928+0000 7fa04b4df640 1 --2- 10.20.193.4:0/3067816211 >> [v2:10.20.193.4:3300/0,v1:10.20.193.4:6789/0] conn(0x7fa04410a9f0 0x7fa0441a03a0 secure :-1 s=READY pgs=52 cs=0 l=1 rev1=1 crypto rx=0x7fa034039000 tx=0x7fa034037820 comp rx=0 tx=0).stop
2026-02-19T22:58:00.961 INFO:teuthology.orchestra.run.trial004.stdout:/usr/bin/ceph: stderr
2026-02-19T22:58:00.928+0000 7fa04b4df640 1 -- 10.20.193.4:0/3067816211 shutdown_connections
2026-02-19T22:58:00.961 INFO:teuthology.orchestra.run.trial004.stdout:/usr/bin/ceph: stderr
2026-02-19T22:58:00.928+0000 7fa04b4df640 1 --2- 10.20.193.4:0/3067816211 >> [v2:10.20.193.4:6800/1726152395,v1:10.20.193.4:6801/1726152395] conn(0x7fa02003dbf0 0x7fa0200400b0 unknown :-1 s=CLOSED pgs=15 cs=0 l=1 rev1=1 crypto rx=0 tx=0 comp rx=0 tx=0).stop
2026-02-19T22:58:00.961 INFO:teuthology.orchestra.run.trial004.stdout:/usr/bin/ceph: stderr
2026-02-19T22:58:00.928+0000 7fa04b4df640 1 --2- 10.20.193.4:0/3067816211 >> [v2:10.20.193.4:3300/0,v1:10.20.193.4:6789/0] conn(0x7fa04410a9f0 0x7fa0441a03a0 unknown :-1 s=CLOSED pgs=52 cs=0 l=1 rev1=1 crypto rx=0 tx=0 comp rx=0 tx=0).stop
2026-02-19T22:58:00.961 INFO:teuthology.orchestra.run.trial004.stdout:/usr/bin/ceph: stderr
2026-02-19T22:58:00.928+0000 7fa04b4df640 1 -- 10.20.193.4:0/3067816211 >> 10.20.193.4:0/3067816211 conn(0x7fa04407da00 msgr2=0x7fa044108660 unknown :-1 s=STATE_NONE l=0).mark_down
2026-02-19T22:58:00.961 INFO:teuthology.orchestra.run.trial004.stdout:/usr/bin/ceph: stderr
2026-02-19T22:58:00.928+0000 7fa04b4df640 1 -- 10.20.193.4:0/3067816211 shutdown_connections
2026-02-19T22:58:00.962 INFO:teuthology.orchestra.run.trial004.stdout:/usr/bin/ceph: stderr
2026-02-19T22:58:00.928+0000 7fa04b4df640 1 -- 10.20.193.4:0/3067816211 wait complete.
2026-02-19T22:58:00.962 INFO:teuthology.orchestra.run.trial004.stdout:Enabling the dashboard module...
2026-02-19T22:58:02.001 INFO:journalctl@ceph.mon.a.trial004.stdout:Feb 19 22:58:01 trial004 ceph-mon[40840]: Added host trial004
2026-02-19T22:58:02.001 INFO:journalctl@ceph.mon.a.trial004.stdout:Feb 19 22:58:01 trial004 ceph-mon[40840]: from='client.14140 -' entity='client.admin' cmd=[{"prefix": "orch apply", "service_type": "mon", "unmanaged": true, "target": ["mon-mgr", ""]}]: dispatch
2026-02-19T22:58:02.001 INFO:journalctl@ceph.mon.a.trial004.stdout:Feb 19 22:58:01 trial004 ceph-mon[40840]: Saving service mon spec with placement count:5
2026-02-19T22:58:02.001 INFO:journalctl@ceph.mon.a.trial004.stdout:Feb 19 22:58:01 trial004 ceph-mon[40840]: from='client.14142 -' entity='client.admin' cmd=[{"prefix": "orch apply", "service_type": "mgr", "unmanaged": true, "target": ["mon-mgr", ""]}]: dispatch
2026-02-19T22:58:02.001 INFO:journalctl@ceph.mon.a.trial004.stdout:Feb 19 22:58:01 trial004 ceph-mon[40840]: Saving service mgr spec with placement count:2
2026-02-19T22:58:02.001 INFO:journalctl@ceph.mon.a.trial004.stdout:Feb 19 22:58:01 trial004 ceph-mon[40840]: from='client.? 10.20.193.4:0/3067816211' entity='client.admin'
2026-02-19T22:58:02.001 INFO:journalctl@ceph.mon.a.trial004.stdout:Feb 19 22:58:01 trial004 ceph-mon[40840]: from='mgr.14118 10.20.193.4:0/1238764608' entity='mgr.x'
2026-02-19T22:58:02.001 INFO:journalctl@ceph.mon.a.trial004.stdout:Feb 19 22:58:01 trial004 ceph-mon[40840]: from='client.? 10.20.193.4:0/2663984450' entity='client.admin' cmd=[{"prefix": "mgr module enable", "module": "dashboard"}]: dispatch
2026-02-19T22:58:02.001 INFO:journalctl@ceph.mon.a.trial004.stdout:Feb 19 22:58:01 trial004 ceph-mon[40840]: from='mgr.14118 10.20.193.4:0/1238764608' entity='mgr.x'
2026-02-19T22:58:02.183 INFO:teuthology.orchestra.run.trial004.stdout:/usr/bin/ceph: stderr
2026-02-19T22:58:01.054+0000 7f0748913640 1 Processor -- start
2026-02-19T22:58:02.184 INFO:teuthology.orchestra.run.trial004.stdout:/usr/bin/ceph: stderr
2026-02-19T22:58:01.054+0000 7f0748913640 1 -- start start
2026-02-19T22:58:02.184 INFO:teuthology.orchestra.run.trial004.stdout:/usr/bin/ceph: stderr
2026-02-19T22:58:01.055+0000 7f0748913640 1 --2- >> [v2:10.20.193.4:3300/0,v1:10.20.193.4:6789/0] conn(0x7f074007ee80 0x7f074007d2e0 unknown :-1 s=NONE pgs=0 cs=0 l=0 rev1=0 crypto rx=0 tx=0 comp rx=0 tx=0).connect
2026-02-19T22:58:02.184 INFO:teuthology.orchestra.run.trial004.stdout:/usr/bin/ceph: stderr
2026-02-19T22:58:01.055+0000 7f0748913640 1 -- --> [v2:10.20.193.4:3300/0,v1:10.20.193.4:6789/0] -- mon_getmap magic: 0 -- 0x7f074007d820 con 0x7f074007ee80
2026-02-19T22:58:02.184 INFO:teuthology.orchestra.run.trial004.stdout:/usr/bin/ceph: stderr
2026-02-19T22:58:01.055+0000 7f0746688640 1 --2- >> [v2:10.20.193.4:3300/0,v1:10.20.193.4:6789/0] conn(0x7f074007ee80 0x7f074007d2e0 unknown :-1 s=BANNER_CONNECTING pgs=0 cs=0 l=0 rev1=0 crypto rx=0 tx=0 comp rx=0 tx=0)._handle_peer_banner_payload supported=3 required=0
2026-02-19T22:58:02.184 INFO:teuthology.orchestra.run.trial004.stdout:/usr/bin/ceph: stderr
2026-02-19T22:58:01.055+0000 7f0746688640 1 --2- >> [v2:10.20.193.4:3300/0,v1:10.20.193.4:6789/0] conn(0x7f074007ee80 0x7f074007d2e0 unknown :-1 s=HELLO_CONNECTING pgs=0 cs=0 l=0 rev1=1 crypto rx=0 tx=0 comp rx=0 tx=0).handle_hello peer v2:10.20.193.4:3300/0 says I am v2:10.20.193.4:47248/0 (socket says 10.20.193.4:47248)
2026-02-19T22:58:02.184 INFO:teuthology.orchestra.run.trial004.stdout:/usr/bin/ceph: stderr
2026-02-19T22:58:01.055+0000 7f0746688640 1 -- 10.20.193.4:0/3799171045 learned_addr learned my addr 10.20.193.4:0/3799171045 (peer_addr_for_me v2:10.20.193.4:0/0)
2026-02-19T22:58:02.184 INFO:teuthology.orchestra.run.trial004.stdout:/usr/bin/ceph: stderr
2026-02-19T22:58:01.055+0000 7f0746688640 1 -- 10.20.193.4:0/3799171045 --> [v2:10.20.193.4:3300/0,v1:10.20.193.4:6789/0] -- mon_subscribe({config=0+,monmap=0+}) -- 0x7f074007d9a0 con 0x7f074007ee80
2026-02-19T22:58:02.184 INFO:teuthology.orchestra.run.trial004.stdout:/usr/bin/ceph: stderr
2026-02-19T22:58:01.055+0000 7f0746688640 1 --2- 10.20.193.4:0/3799171045 >> [v2:10.20.193.4:3300/0,v1:10.20.193.4:6789/0] conn(0x7f074007ee80 0x7f074007d2e0 secure :-1 s=READY pgs=53 cs=0 l=1 rev1=1 crypto rx=0x7f0738009920 tx=0x7f073802ef20 comp rx=0 tx=0).ready entity=mon.0 client_cookie=ecff38649ba57fc9 server_cookie=0 in_seq=0 out_seq=0
2026-02-19T22:58:02.184 INFO:teuthology.orchestra.run.trial004.stdout:/usr/bin/ceph: stderr
2026-02-19T22:58:01.055+0000 7f0745686640 1 -- 10.20.193.4:0/3799171045 <== mon.0 v2:10.20.193.4:3300/0 1 ==== mon_map magic: 0 ==== 205+0+0 (secure 0 0 0) 0x7f073803c070 con 0x7f074007ee80
2026-02-19T22:58:02.185 INFO:teuthology.orchestra.run.trial004.stdout:/usr/bin/ceph: stderr
2026-02-19T22:58:01.055+0000 7f0745686640 1 -- 10.20.193.4:0/3799171045 <== mon.0 v2:10.20.193.4:3300/0 2 ==== config(26 keys) ==== 1076+0+0 (secure 0 0 0) 0x7f0738037440 con 0x7f074007ee80
2026-02-19T22:58:02.185 INFO:teuthology.orchestra.run.trial004.stdout:/usr/bin/ceph: stderr
2026-02-19T22:58:01.056+0000 7f0745686640 1 -- 10.20.193.4:0/3799171045 <== mon.0 v2:10.20.193.4:3300/0 3 ==== mon_map magic: 0 ==== 205+0+0 (secure 0 0 0) 0x7f07380354d0 con 0x7f074007ee80
2026-02-19T22:58:02.185 INFO:teuthology.orchestra.run.trial004.stdout:/usr/bin/ceph: stderr
2026-02-19T22:58:01.056+0000 7f0748913640 1 -- 10.20.193.4:0/3799171045 >> [v2:10.20.193.4:3300/0,v1:10.20.193.4:6789/0] conn(0x7f074007ee80 msgr2=0x7f074007d2e0 secure :-1 s=STATE_CONNECTION_ESTABLISHED l=1).mark_down
2026-02-19T22:58:02.185 INFO:teuthology.orchestra.run.trial004.stdout:/usr/bin/ceph: stderr
2026-02-19T22:58:01.056+0000 7f0748913640 1 --2- 10.20.193.4:0/3799171045 >> [v2:10.20.193.4:3300/0,v1:10.20.193.4:6789/0] conn(0x7f074007ee80 0x7f074007d2e0 secure :-1 s=READY pgs=53 cs=0 l=1 rev1=1 crypto rx=0x7f0738009920 tx=0x7f073802ef20 comp rx=0 tx=0).stop
2026-02-19T22:58:02.185 INFO:teuthology.orchestra.run.trial004.stdout:/usr/bin/ceph: stderr
2026-02-19T22:58:01.056+0000 7f0748913640 1 -- 10.20.193.4:0/3799171045 shutdown_connections
2026-02-19T22:58:02.185 INFO:teuthology.orchestra.run.trial004.stdout:/usr/bin/ceph: stderr
2026-02-19T22:58:01.056+0000 7f0748913640 1 --2- 10.20.193.4:0/3799171045 >> [v2:10.20.193.4:3300/0,v1:10.20.193.4:6789/0] conn(0x7f074007ee80 0x7f074007d2e0 unknown :-1 s=CLOSED pgs=53 cs=0 l=1 rev1=1 crypto rx=0 tx=0 comp rx=0 tx=0).stop
2026-02-19T22:58:02.185 INFO:teuthology.orchestra.run.trial004.stdout:/usr/bin/ceph: stderr
2026-02-19T22:58:01.056+0000 7f0748913640 1 -- 10.20.193.4:0/3799171045 >> 10.20.193.4:0/3799171045 conn(0x7f07401039b0 msgr2=0x7f0740105e30 unknown :-1 s=STATE_NONE l=0).mark_down
2026-02-19T22:58:02.185 INFO:teuthology.orchestra.run.trial004.stdout:/usr/bin/ceph: stderr
2026-02-19T22:58:01.056+0000 7f0748913640 1 -- 10.20.193.4:0/3799171045 shutdown_connections
2026-02-19T22:58:02.185 INFO:teuthology.orchestra.run.trial004.stdout:/usr/bin/ceph: stderr
2026-02-19T22:58:01.056+0000 7f0748913640 1 -- 10.20.193.4:0/3799171045 wait complete.
2026-02-19T22:58:02.185 INFO:teuthology.orchestra.run.trial004.stdout:/usr/bin/ceph: stderr
2026-02-19T22:58:01.056+0000 7f0748913640 1 Processor -- start
2026-02-19T22:58:02.185 INFO:teuthology.orchestra.run.trial004.stdout:/usr/bin/ceph: stderr
2026-02-19T22:58:01.056+0000 7f0748913640 1 -- start start
2026-02-19T22:58:02.185 INFO:teuthology.orchestra.run.trial004.stdout:/usr/bin/ceph: stderr
2026-02-19T22:58:01.056+0000 7f0748913640 1 --2- >> [v2:10.20.193.4:3300/0,v1:10.20.193.4:6789/0] conn(0x7f074007ee80 0x7f07401a03b0 unknown :-1 s=NONE pgs=0 cs=0 l=1 rev1=0 crypto rx=0 tx=0 comp rx=0 tx=0).connect
2026-02-19T22:58:02.186 INFO:teuthology.orchestra.run.trial004.stdout:/usr/bin/ceph: stderr
2026-02-19T22:58:01.056+0000 7f0748913640 1 -- --> [v2:10.20.193.4:3300/0,v1:10.20.193.4:6789/0] -- mon_getmap magic: 0 -- 0x7f074010e860 con 0x7f074007ee80
2026-02-19T22:58:02.186 INFO:teuthology.orchestra.run.trial004.stdout:/usr/bin/ceph: stderr
2026-02-19T22:58:01.056+0000 7f0746688640 1 --2- >> [v2:10.20.193.4:3300/0,v1:10.20.193.4:6789/0] conn(0x7f074007ee80 0x7f07401a03b0 unknown :-1 s=BANNER_CONNECTING pgs=0 cs=0 l=1 rev1=0 crypto rx=0 tx=0 comp rx=0 tx=0)._handle_peer_banner_payload supported=3 required=0
2026-02-19T22:58:02.186 INFO:teuthology.orchestra.run.trial004.stdout:/usr/bin/ceph: stderr
2026-02-19T22:58:01.056+0000 7f0746688640 1 --2- >> [v2:10.20.193.4:3300/0,v1:10.20.193.4:6789/0] conn(0x7f074007ee80 0x7f07401a03b0 unknown :-1 s=HELLO_CONNECTING pgs=0 cs=0 l=1 rev1=1 crypto rx=0 tx=0 comp rx=0 tx=0).handle_hello peer v2:10.20.193.4:3300/0 says I am v2:10.20.193.4:47258/0 (socket says 10.20.193.4:47258)
2026-02-19T22:58:02.186 INFO:teuthology.orchestra.run.trial004.stdout:/usr/bin/ceph: stderr
2026-02-19T22:58:01.056+0000 7f0746688640 1 -- 10.20.193.4:0/2663984450 learned_addr learned my addr 10.20.193.4:0/2663984450 (peer_addr_for_me v2:10.20.193.4:0/0)
2026-02-19T22:58:02.186 INFO:teuthology.orchestra.run.trial004.stdout:/usr/bin/ceph: stderr
2026-02-19T22:58:01.056+0000 7f0746688640 1 -- 10.20.193.4:0/2663984450 --> [v2:10.20.193.4:3300/0,v1:10.20.193.4:6789/0] -- mon_subscribe({config=0+,monmap=0+}) -- 0x7f07401a08f0 con 0x7f074007ee80
2026-02-19T22:58:02.186 INFO:teuthology.orchestra.run.trial004.stdout:/usr/bin/ceph: stderr
2026-02-19T22:58:01.057+0000 7f0746688640 1 --2- 10.20.193.4:0/2663984450 >> [v2:10.20.193.4:3300/0,v1:10.20.193.4:6789/0] conn(0x7f074007ee80 0x7f07401a03b0 secure :-1 s=READY pgs=54 cs=0 l=1 rev1=1 crypto rx=0x7f0738039000 tx=0x7f0738037890 comp rx=0 tx=0).ready entity=mon.0 client_cookie=0 server_cookie=0 in_seq=0 out_seq=0
2026-02-19T22:58:02.186 INFO:teuthology.orchestra.run.trial004.stdout:/usr/bin/ceph: stderr
2026-02-19T22:58:01.057+0000 7f072b7fe640 1 -- 10.20.193.4:0/2663984450 <== mon.0 v2:10.20.193.4:3300/0 1 ==== mon_map magic: 0 ==== 205+0+0 (secure 0 0 0) 0x7f0738047070 con 0x7f074007ee80
2026-02-19T22:58:02.186 INFO:teuthology.orchestra.run.trial004.stdout:/usr/bin/ceph: stderr
2026-02-19T22:58:01.057+0000 7f072b7fe640 1 -- 10.20.193.4:0/2663984450 <== mon.0 v2:10.20.193.4:3300/0 2 ==== config(26 keys) ==== 1076+0+0 (secure 0 0 0) 0x7f0738042440 con 0x7f074007ee80
2026-02-19T22:58:02.186 INFO:teuthology.orchestra.run.trial004.stdout:/usr/bin/ceph: stderr
2026-02-19T22:58:01.057+0000 7f072b7fe640 1 -- 10.20.193.4:0/2663984450 <== mon.0 v2:10.20.193.4:3300/0 3 ==== mon_map magic: 0 ==== 205+0+0 (secure 0 0 0) 0x7f073803c070 con 0x7f074007ee80
2026-02-19T22:58:02.186 INFO:teuthology.orchestra.run.trial004.stdout:/usr/bin/ceph: stderr
2026-02-19T22:58:01.057+0000 7f0748913640 1 -- 10.20.193.4:0/2663984450 --> [v2:10.20.193.4:3300/0,v1:10.20.193.4:6789/0] -- mon_subscribe({mgrmap=0+}) -- 0x7f07401a0b80 con 0x7f074007ee80
2026-02-19T22:58:02.186 INFO:teuthology.orchestra.run.trial004.stdout:/usr/bin/ceph: stderr
2026-02-19T22:58:01.057+0000 7f0748913640 1 -- 10.20.193.4:0/2663984450 --> [v2:10.20.193.4:3300/0,v1:10.20.193.4:6789/0] -- mon_subscribe({osdmap=0}) -- 0x7f07401a3870 con 0x7f074007ee80
2026-02-19T22:58:02.187 INFO:teuthology.orchestra.run.trial004.stdout:/usr/bin/ceph: stderr
2026-02-19T22:58:01.057+0000 7f0748913640 1 -- 10.20.193.4:0/2663984450 --> [v2:10.20.193.4:3300/0,v1:10.20.193.4:6789/0] -- mon_command({"prefix": "get_command_descriptions"} v 0) -- 0x7f074007d360 con 0x7f074007ee80
2026-02-19T22:58:02.187 INFO:teuthology.orchestra.run.trial004.stdout:/usr/bin/ceph: stderr
2026-02-19T22:58:01.057+0000 7f072b7fe640 1 -- 10.20.193.4:0/2663984450 <== mon.0 v2:10.20.193.4:3300/0 4 ==== mgrmap(e 8) ==== 50247+0+0 (secure 0 0 0) 0x7f0738035a30 con 0x7f074007ee80
2026-02-19T22:58:02.187 INFO:teuthology.orchestra.run.trial004.stdout:/usr/bin/ceph: stderr
2026-02-19T22:58:01.057+0000 7f072b7fe640 1 --2- 10.20.193.4:0/2663984450 >> [v2:10.20.193.4:6800/1726152395,v1:10.20.193.4:6801/1726152395] conn(0x7f071c03dbf0 0x7f071c0400b0 unknown :-1 s=NONE pgs=0 cs=0 l=1 rev1=0 crypto rx=0 tx=0 comp rx=0 tx=0).connect
2026-02-19T22:58:02.187 INFO:teuthology.orchestra.run.trial004.stdout:/usr/bin/ceph: stderr
2026-02-19T22:58:01.057+0000 7f072b7fe640 1 -- 10.20.193.4:0/2663984450 <== mon.0 v2:10.20.193.4:3300/0 5 ==== osd_map(2..2 src has 1..2) ==== 940+0+0 (secure 0 0 0) 0x7f07380766a0 con 0x7f074007ee80
2026-02-19T22:58:02.187 INFO:teuthology.orchestra.run.trial004.stdout:/usr/bin/ceph: stderr
2026-02-19T22:58:01.058+0000 7f0745e87640 1 --2- 10.20.193.4:0/2663984450 >> [v2:10.20.193.4:6800/1726152395,v1:10.20.193.4:6801/1726152395] conn(0x7f071c03dbf0 0x7f071c0400b0 unknown :-1 s=BANNER_CONNECTING pgs=0 cs=0 l=1 rev1=0 crypto rx=0 tx=0 comp rx=0 tx=0)._handle_peer_banner_payload supported=3 required=0
2026-02-19T22:58:02.187 INFO:teuthology.orchestra.run.trial004.stdout:/usr/bin/ceph: stderr
2026-02-19T22:58:01.058+0000 7f0745e87640 1 --2- 10.20.193.4:0/2663984450 >> [v2:10.20.193.4:6800/1726152395,v1:10.20.193.4:6801/1726152395] conn(0x7f071c03dbf0 0x7f071c0400b0 secure :-1 s=READY pgs=16 cs=0 l=1 rev1=1 crypto rx=0x7f072c0099c0 tx=0x7f072c006eb0 comp rx=0 tx=0).ready entity=mgr.14118 client_cookie=0 server_cookie=0 in_seq=0 out_seq=0
2026-02-19T22:58:02.187 INFO:teuthology.orchestra.run.trial004.stdout:/usr/bin/ceph: stderr
2026-02-19T22:58:01.060+0000 7f072b7fe640 1 -- 10.20.193.4:0/2663984450 <== mon.0 v2:10.20.193.4:3300/0 6 ==== mon_command_ack([{"prefix": "get_command_descriptions"}]=0 v0) ==== 72+0+195034 (secure 0 0 0) 0x7f073803d270 con 0x7f074007ee80
2026-02-19T22:58:02.187 INFO:teuthology.orchestra.run.trial004.stdout:/usr/bin/ceph: stderr
2026-02-19T22:58:01.169+0000 7f0748913640 1 -- 10.20.193.4:0/2663984450 --> [v2:10.20.193.4:3300/0,v1:10.20.193.4:6789/0] -- mon_command({"prefix": "mgr module enable", "module": "dashboard"} v 0) -- 0x7f07401a3f10 con 0x7f074007ee80
2026-02-19T22:58:02.187 INFO:teuthology.orchestra.run.trial004.stdout:/usr/bin/ceph: stderr
2026-02-19T22:58:01.998+0000 7f072b7fe640 1 -- 10.20.193.4:0/2663984450 <== mon.0 v2:10.20.193.4:3300/0 7 ==== mon_command_ack([{"prefix": "mgr module enable", "module": "dashboard"}]=0 v9) ==== 88+0+0 (secure 0 0 0) 0x7f0738076400 con 0x7f074007ee80
2026-02-19T22:58:02.187 INFO:teuthology.orchestra.run.trial004.stdout:/usr/bin/ceph: stderr
2026-02-19T22:58:01.999+0000 7f072b7fe640 1 -- 10.20.193.4:0/2663984450 <== mon.0 v2:10.20.193.4:3300/0 8 ==== mgrmap(e 9) ==== 50260+0+0 (secure 0 0 0) 0x7f073803e310 con 0x7f074007ee80
2026-02-19T22:58:02.187 INFO:teuthology.orchestra.run.trial004.stdout:/usr/bin/ceph: stderr
2026-02-19T22:58:02.000+0000 7f0748913640 1 -- 10.20.193.4:0/2663984450 >> [v2:10.20.193.4:6800/1726152395,v1:10.20.193.4:6801/1726152395] conn(0x7f071c03dbf0 msgr2=0x7f071c0400b0 secure :-1 s=STATE_CONNECTION_ESTABLISHED l=1).mark_down
2026-02-19T22:58:02.187 INFO:teuthology.orchestra.run.trial004.stdout:/usr/bin/ceph: stderr
2026-02-19T22:58:02.000+0000 7f0748913640 1 --2- 10.20.193.4:0/2663984450 >> [v2:10.20.193.4:6800/1726152395,v1:10.20.193.4:6801/1726152395] conn(0x7f071c03dbf0 0x7f071c0400b0 secure :-1 s=READY pgs=16 cs=0 l=1 rev1=1 crypto rx=0x7f072c0099c0 tx=0x7f072c006eb0 comp rx=0 tx=0).stop
2026-02-19T22:58:02.188 INFO:teuthology.orchestra.run.trial004.stdout:/usr/bin/ceph: stderr
2026-02-19T22:58:02.000+0000 7f0748913640 1 -- 10.20.193.4:0/2663984450 >> [v2:10.20.193.4:3300/0,v1:10.20.193.4:6789/0] conn(0x7f074007ee80 msgr2=0x7f07401a03b0 secure :-1 s=STATE_CONNECTION_ESTABLISHED l=1).mark_down
2026-02-19T22:58:02.188 INFO:teuthology.orchestra.run.trial004.stdout:/usr/bin/ceph: stderr
2026-02-19T22:58:02.000+0000 7f0748913640 1 --2- 10.20.193.4:0/2663984450 >> [v2:10.20.193.4:3300/0,v1:10.20.193.4:6789/0] conn(0x7f074007ee80 0x7f07401a03b0 secure :-1 s=READY pgs=54 cs=0 l=1 rev1=1 crypto rx=0x7f0738039000 tx=0x7f0738037890 comp rx=0 tx=0).stop
2026-02-19T22:58:02.188 INFO:teuthology.orchestra.run.trial004.stdout:/usr/bin/ceph: stderr
2026-02-19T22:58:02.000+0000 7f0748913640 1 -- 10.20.193.4:0/2663984450 shutdown_connections
2026-02-19T22:58:02.188 INFO:teuthology.orchestra.run.trial004.stdout:/usr/bin/ceph: stderr
2026-02-19T22:58:02.000+0000 7f0748913640 1 --2- 10.20.193.4:0/2663984450 >> [v2:10.20.193.4:6800/1726152395,v1:10.20.193.4:6801/1726152395] conn(0x7f071c03dbf0 0x7f071c0400b0 unknown :-1 s=CLOSED pgs=16 cs=0 l=1 rev1=1 crypto rx=0 tx=0 comp rx=0 tx=0).stop
2026-02-19T22:58:02.188 INFO:teuthology.orchestra.run.trial004.stdout:/usr/bin/ceph: stderr
2026-02-19T22:58:02.000+0000 7f0748913640 1 --2- 10.20.193.4:0/2663984450 >> [v2:10.20.193.4:3300/0,v1:10.20.193.4:6789/0] conn(0x7f074007ee80 0x7f07401a03b0 unknown :-1 s=CLOSED pgs=54 cs=0 l=1 rev1=1 crypto rx=0 tx=0 comp rx=0 tx=0).stop
2026-02-19T22:58:02.188 INFO:teuthology.orchestra.run.trial004.stdout:/usr/bin/ceph: stderr
2026-02-19T22:58:02.000+0000 7f0748913640 1 -- 10.20.193.4:0/2663984450 >> 10.20.193.4:0/2663984450 conn(0x7f07401039b0 msgr2=0x7f07401045a0 unknown :-1 s=STATE_NONE l=0).mark_down
2026-02-19T22:58:02.188 INFO:teuthology.orchestra.run.trial004.stdout:/usr/bin/ceph: stderr
2026-02-19T22:58:02.000+0000 7f0748913640 1 -- 10.20.193.4:0/2663984450 shutdown_connections
2026-02-19T22:58:02.188 INFO:teuthology.orchestra.run.trial004.stdout:/usr/bin/ceph: stderr
2026-02-19T22:58:02.000+0000 7f0748913640 1 -- 10.20.193.4:0/2663984450 wait complete.
2026-02-19T22:58:02.280 INFO:journalctl@ceph.mgr.x.trial004.stdout:Feb 19 22:58:02 trial004 ceph-5fd99338-0de6-11f1-b441-d404e6e7d460-mgr-x[41106]: ignoring --setuser ceph since I am not root
2026-02-19T22:58:02.280 INFO:journalctl@ceph.mgr.x.trial004.stdout:Feb 19 22:58:02 trial004 ceph-5fd99338-0de6-11f1-b441-d404e6e7d460-mgr-x[41106]: ignoring --setgroup ceph since I am not root
2026-02-19T22:58:02.420 INFO:teuthology.orchestra.run.trial004.stdout:/usr/bin/ceph: stdout {
2026-02-19T22:58:02.420 INFO:teuthology.orchestra.run.trial004.stdout:/usr/bin/ceph: stdout "epoch": 9,
2026-02-19T22:58:02.420 INFO:teuthology.orchestra.run.trial004.stdout:/usr/bin/ceph: stdout "available": true,
2026-02-19T22:58:02.420 INFO:teuthology.orchestra.run.trial004.stdout:/usr/bin/ceph: stdout "active_name": "x",
2026-02-19T22:58:02.420 INFO:teuthology.orchestra.run.trial004.stdout:/usr/bin/ceph: stdout "num_standby": 0
2026-02-19T22:58:02.420 INFO:teuthology.orchestra.run.trial004.stdout:/usr/bin/ceph: stdout }
2026-02-19T22:58:02.421 INFO:teuthology.orchestra.run.trial004.stdout:/usr/bin/ceph: stderr
2026-02-19T22:58:02.277+0000 7f1183a88640 1 Processor -- start
2026-02-19T22:58:02.421 INFO:teuthology.orchestra.run.trial004.stdout:/usr/bin/ceph: stderr
2026-02-19T22:58:02.277+0000 7f1183a88640 1 -- start start
2026-02-19T22:58:02.421 INFO:teuthology.orchestra.run.trial004.stdout:/usr/bin/ceph: stderr
2026-02-19T22:58:02.277+0000 7f1183a88640 1 --2- >> [v2:10.20.193.4:3300/0,v1:10.20.193.4:6789/0] conn(0x7f117c10aaa0 0x7f117c10aea0 unknown :-1 s=NONE pgs=0 cs=0 l=0 rev1=0 crypto rx=0 tx=0 comp rx=0 tx=0).connect
2026-02-19T22:58:02.421 INFO:teuthology.orchestra.run.trial004.stdout:/usr/bin/ceph: stderr
2026-02-19T22:58:02.277+0000 7f1183a88640 1 -- --> [v2:10.20.193.4:3300/0,v1:10.20.193.4:6789/0] -- mon_getmap magic: 0 -- 0x7f117c10b470 con 0x7f117c10aaa0
2026-02-19T22:58:02.421 INFO:teuthology.orchestra.run.trial004.stdout:/usr/bin/ceph: stderr
2026-02-19T22:58:02.277+0000 7f11817fd640 1 --2- >> [v2:10.20.193.4:3300/0,v1:10.20.193.4:6789/0] conn(0x7f117c10aaa0 0x7f117c10aea0 unknown :-1 s=BANNER_CONNECTING pgs=0 cs=0 l=0 rev1=0 crypto rx=0 tx=0 comp rx=0 tx=0)._handle_peer_banner_payload supported=3 required=0
2026-02-19T22:58:02.421 INFO:teuthology.orchestra.run.trial004.stdout:/usr/bin/ceph: stderr
2026-02-19T22:58:02.277+0000 7f11817fd640 1 --2- >> [v2:10.20.193.4:3300/0,v1:10.20.193.4:6789/0] conn(0x7f117c10aaa0 0x7f117c10aea0 unknown :-1 s=HELLO_CONNECTING pgs=0 cs=0 l=0 rev1=1 crypto rx=0 tx=0 comp rx=0 tx=0).handle_hello peer v2:10.20.193.4:3300/0 says I am v2:10.20.193.4:47274/0 (socket says 10.20.193.4:47274)
2026-02-19T22:58:02.421 INFO:teuthology.orchestra.run.trial004.stdout:/usr/bin/ceph: stderr
2026-02-19T22:58:02.277+0000 7f11817fd640 1 -- 10.20.193.4:0/1253164983 learned_addr learned my addr 10.20.193.4:0/1253164983 (peer_addr_for_me v2:10.20.193.4:0/0)
2026-02-19T22:58:02.421 INFO:teuthology.orchestra.run.trial004.stdout:/usr/bin/ceph: stderr
2026-02-19T22:58:02.278+0000 7f11817fd640 1 -- 10.20.193.4:0/1253164983 --> [v2:10.20.193.4:3300/0,v1:10.20.193.4:6789/0] -- mon_subscribe({config=0+,monmap=0+}) -- 0x7f117c10b710 con 0x7f117c10aaa0
2026-02-19T22:58:02.421 INFO:teuthology.orchestra.run.trial004.stdout:/usr/bin/ceph: stderr
2026-02-19T22:58:02.278+0000 7f11817fd640 1 --2- 10.20.193.4:0/1253164983 >> [v2:10.20.193.4:3300/0,v1:10.20.193.4:6789/0] conn(0x7f117c10aaa0 0x7f117c10aea0 secure :-1 s=READY pgs=57 cs=0 l=1 rev1=1 crypto rx=0x7f116c009920 tx=0x7f116c02ef20 comp rx=0 tx=0).ready entity=mon.0 client_cookie=26d5f0c2340b8936 server_cookie=0 in_seq=0 out_seq=0
2026-02-19T22:58:02.421 INFO:teuthology.orchestra.run.trial004.stdout:/usr/bin/ceph: stderr
2026-02-19T22:58:02.278+0000 7f116bfff640 1 -- 10.20.193.4:0/1253164983 <== mon.0 v2:10.20.193.4:3300/0 1 ==== mon_map magic: 0 ==== 205+0+0 (secure 0 0 0) 0x7f116c03c070 con 0x7f117c10aaa0
2026-02-19T22:58:02.422 INFO:teuthology.orchestra.run.trial004.stdout:/usr/bin/ceph: stderr
2026-02-19T22:58:02.278+0000 7f116bfff640 1 -- 10.20.193.4:0/1253164983 <== mon.0 v2:10.20.193.4:3300/0 2 ==== config(26 keys) ==== 1076+0+0 (secure 0 0 0) 0x7f116c037440 con 0x7f117c10aaa0
2026-02-19T22:58:02.422 INFO:teuthology.orchestra.run.trial004.stdout:/usr/bin/ceph: stderr
2026-02-19T22:58:02.278+0000 7f116bfff640 1 -- 10.20.193.4:0/1253164983 <== mon.0 v2:10.20.193.4:3300/0 3 ==== mon_map magic: 0 ==== 205+0+0 (secure 0 0 0) 0x7f116c0354d0 con 0x7f117c10aaa0
2026-02-19T22:58:02.422 INFO:teuthology.orchestra.run.trial004.stdout:/usr/bin/ceph: stderr
2026-02-19T22:58:02.279+0000 7f1183a88640 1 -- 10.20.193.4:0/1253164983 >> [v2:10.20.193.4:3300/0,v1:10.20.193.4:6789/0] conn(0x7f117c10aaa0 msgr2=0x7f117c10aea0 secure :-1 s=STATE_CONNECTION_ESTABLISHED l=1).mark_down
2026-02-19T22:58:02.422 INFO:teuthology.orchestra.run.trial004.stdout:/usr/bin/ceph: stderr
2026-02-19T22:58:02.279+0000 7f1183a88640 1 --2- 10.20.193.4:0/1253164983 >> [v2:10.20.193.4:3300/0,v1:10.20.193.4:6789/0] conn(0x7f117c10aaa0 0x7f117c10aea0 secure :-1 s=READY pgs=57 cs=0 l=1 rev1=1 crypto rx=0x7f116c009920 tx=0x7f116c02ef20 comp rx=0 tx=0).stop
2026-02-19T22:58:02.422 INFO:teuthology.orchestra.run.trial004.stdout:/usr/bin/ceph: stderr
2026-02-19T22:58:02.279+0000 7f1183a88640 1 -- 10.20.193.4:0/1253164983 shutdown_connections
2026-02-19T22:58:02.422 INFO:teuthology.orchestra.run.trial004.stdout:/usr/bin/ceph: stderr
2026-02-19T22:58:02.279+0000 7f1183a88640 1 --2- 10.20.193.4:0/1253164983 >> [v2:10.20.193.4:3300/0,v1:10.20.193.4:6789/0] conn(0x7f117c10aaa0 0x7f117c10aea0 unknown :-1 s=CLOSED pgs=57 cs=0 l=1 rev1=1 crypto rx=0 tx=0 comp rx=0 tx=0).stop
2026-02-19T22:58:02.422 INFO:teuthology.orchestra.run.trial004.stdout:/usr/bin/ceph: stderr
2026-02-19T22:58:02.279+0000 7f1183a88640 1 -- 10.20.193.4:0/1253164983 >> 10.20.193.4:0/1253164983 conn(0x7f117c07daf0 msgr2=0x7f117c07df60 unknown :-1 s=STATE_NONE l=0).mark_down
2026-02-19T22:58:02.422 INFO:teuthology.orchestra.run.trial004.stdout:/usr/bin/ceph: stderr
2026-02-19T22:58:02.279+0000 7f1183a88640 1 -- 10.20.193.4:0/1253164983 shutdown_connections
2026-02-19T22:58:02.422 INFO:teuthology.orchestra.run.trial004.stdout:/usr/bin/ceph: stderr
2026-02-19T22:58:02.279+0000 7f1183a88640 1 -- 10.20.193.4:0/1253164983 wait complete.
2026-02-19T22:58:02.422 INFO:teuthology.orchestra.run.trial004.stdout:/usr/bin/ceph: stderr
2026-02-19T22:58:02.279+0000 7f1183a88640 1 Processor -- start
2026-02-19T22:58:02.422 INFO:teuthology.orchestra.run.trial004.stdout:/usr/bin/ceph: stderr
2026-02-19T22:58:02.279+0000 7f1183a88640 1 -- start start
2026-02-19T22:58:02.422 INFO:teuthology.orchestra.run.trial004.stdout:/usr/bin/ceph: stderr
2026-02-19T22:58:02.279+0000 7f1183a88640 1 --2- >> [v2:10.20.193.4:3300/0,v1:10.20.193.4:6789/0] conn(0x7f117c10aaa0 0x7f117c1a03d0 unknown :-1 s=NONE pgs=0 cs=0 l=1 rev1=0 crypto rx=0 tx=0 comp rx=0 tx=0).connect
2026-02-19T22:58:02.423 INFO:teuthology.orchestra.run.trial004.stdout:/usr/bin/ceph: stderr
2026-02-19T22:58:02.279+0000 7f1183a88640 1 -- --> [v2:10.20.193.4:3300/0,v1:10.20.193.4:6789/0] -- mon_getmap magic: 0 -- 0x7f117c10e940 con 0x7f117c10aaa0
2026-02-19T22:58:02.423 INFO:teuthology.orchestra.run.trial004.stdout:/usr/bin/ceph: stderr
2026-02-19T22:58:02.279+0000 7f11817fd640 1 --2- >> [v2:10.20.193.4:3300/0,v1:10.20.193.4:6789/0] conn(0x7f117c10aaa0 0x7f117c1a03d0 unknown :-1 s=BANNER_CONNECTING pgs=0 cs=0 l=1 rev1=0 crypto rx=0 tx=0 comp rx=0 tx=0)._handle_peer_banner_payload supported=3 required=0
2026-02-19T22:58:02.423 INFO:teuthology.orchestra.run.trial004.stdout:/usr/bin/ceph: stderr
2026-02-19T22:58:02.279+0000 7f11817fd640 1 --2- >> [v2:10.20.193.4:3300/0,v1:10.20.193.4:6789/0] conn(0x7f117c10aaa0 0x7f117c1a03d0 unknown :-1 s=HELLO_CONNECTING pgs=0 cs=0 l=1 rev1=1 crypto rx=0 tx=0 comp rx=0 tx=0).handle_hello peer v2:10.20.193.4:3300/0 says I am v2:10.20.193.4:47288/0 (socket says 10.20.193.4:47288)
2026-02-19T22:58:02.423 INFO:teuthology.orchestra.run.trial004.stdout:/usr/bin/ceph: stderr
2026-02-19T22:58:02.280+0000 7f11817fd640 1 -- 10.20.193.4:0/450147808 learned_addr learned my addr 10.20.193.4:0/450147808 (peer_addr_for_me v2:10.20.193.4:0/0)
2026-02-19T22:58:02.423 INFO:teuthology.orchestra.run.trial004.stdout:/usr/bin/ceph: stderr
2026-02-19T22:58:02.280+0000 7f11817fd640 1 -- 10.20.193.4:0/450147808 --> [v2:10.20.193.4:3300/0,v1:10.20.193.4:6789/0] -- mon_subscribe({config=0+,monmap=0+}) -- 0x7f117c1a0910 con 0x7f117c10aaa0
2026-02-19T22:58:02.423 INFO:teuthology.orchestra.run.trial004.stdout:/usr/bin/ceph: stderr
2026-02-19T22:58:02.280+0000 7f11817fd640 1 --2- 10.20.193.4:0/450147808 >> [v2:10.20.193.4:3300/0,v1:10.20.193.4:6789/0] conn(0x7f117c10aaa0 0x7f117c1a03d0 secure :-1 s=READY pgs=58 cs=0 l=1 rev1=1 crypto rx=0x7f116c009a50 tx=0x7f116c037820 comp rx=0 tx=0).ready entity=mon.0 client_cookie=0 server_cookie=0 in_seq=0 out_seq=0
2026-02-19T22:58:02.423 INFO:teuthology.orchestra.run.trial004.stdout:/usr/bin/ceph: stderr
2026-02-19T22:58:02.280+0000 7f116a7fc640 1 -- 10.20.193.4:0/450147808 <== mon.0 v2:10.20.193.4:3300/0 1 ==== mon_map magic: 0 ==== 205+0+0 (secure 0 0 0) 0x7f116c047070 con 0x7f117c10aaa0
2026-02-19T22:58:02.423 INFO:teuthology.orchestra.run.trial004.stdout:/usr/bin/ceph: stderr
2026-02-19T22:58:02.280+0000 7f116a7fc640 1 -- 10.20.193.4:0/450147808 <== mon.0 v2:10.20.193.4:3300/0 2 ==== config(26 keys) ==== 1076+0+0 (secure 0 0 0) 0x7f116c035da0 con 0x7f117c10aaa0
2026-02-19T22:58:02.423 INFO:teuthology.orchestra.run.trial004.stdout:/usr/bin/ceph: stderr
2026-02-19T22:58:02.280+0000 7f1183a88640 1 -- 10.20.193.4:0/450147808 --> [v2:10.20.193.4:3300/0,v1:10.20.193.4:6789/0] -- mon_subscribe({mgrmap=0+}) -- 0x7f117c1a0ba0 con 0x7f117c10aaa0
2026-02-19T22:58:02.423 INFO:teuthology.orchestra.run.trial004.stdout:/usr/bin/ceph: stderr
2026-02-19T22:58:02.280+0000 7f116a7fc640 1 -- 10.20.193.4:0/450147808 <== mon.0 v2:10.20.193.4:3300/0 3 ==== mon_map magic: 0 ==== 205+0+0 (secure 0 0 0) 0x7f116c03c070 con 0x7f117c10aaa0
2026-02-19T22:58:02.423 INFO:teuthology.orchestra.run.trial004.stdout:/usr/bin/ceph: stderr
2026-02-19T22:58:02.280+0000 7f1183a88640 1 -- 10.20.193.4:0/450147808 --> [v2:10.20.193.4:3300/0,v1:10.20.193.4:6789/0] -- mon_subscribe({osdmap=0}) -- 0x7f117c1a3890 con 0x7f117c10aaa0
2026-02-19T22:58:02.424 INFO:teuthology.orchestra.run.trial004.stdout:/usr/bin/ceph: stderr
2026-02-19T22:58:02.280+0000 7f1183a88640 1 -- 10.20.193.4:0/450147808 --> [v2:10.20.193.4:3300/0,v1:10.20.193.4:6789/0] -- mon_command({"prefix": "get_command_descriptions"} v 0) -- 0x7f117c10af20 con 0x7f117c10aaa0
2026-02-19T22:58:02.424 INFO:teuthology.orchestra.run.trial004.stdout:/usr/bin/ceph: stderr
2026-02-19T22:58:02.280+0000 7f116a7fc640 1 -- 10.20.193.4:0/450147808 <== mon.0 v2:10.20.193.4:3300/0 4 ==== mgrmap(e 9) ==== 50260+0+0 (secure 0 0 0) 0x7f116c0426a0 con 0x7f117c10aaa0
2026-02-19T22:58:02.424 INFO:teuthology.orchestra.run.trial004.stdout:/usr/bin/ceph: stderr
2026-02-19T22:58:02.281+0000 7f116a7fc640 1 --2- 10.20.193.4:0/450147808 >> [v2:10.20.193.4:6800/1726152395,v1:10.20.193.4:6801/1726152395] conn(0x7f115803dc40 0x7f1158040100 unknown :-1 s=NONE pgs=0 cs=0 l=1 rev1=0 crypto rx=0 tx=0 comp rx=0 tx=0).connect
2026-02-19T22:58:02.424 INFO:teuthology.orchestra.run.trial004.stdout:/usr/bin/ceph: stderr
2026-02-19T22:58:02.281+0000 7f1180ffc640 1 -- 10.20.193.4:0/450147808 >> [v2:10.20.193.4:6800/1726152395,v1:10.20.193.4:6801/1726152395] conn(0x7f115803dc40 msgr2=0x7f1158040100 unknown :-1 s=STATE_CONNECTING_RE l=1).process reconnect failed to v2:10.20.193.4:6800/1726152395
2026-02-19T22:58:02.424 INFO:teuthology.orchestra.run.trial004.stdout:/usr/bin/ceph: stderr
2026-02-19T22:58:02.281+0000 7f116a7fc640 1 -- 10.20.193.4:0/450147808 <== mon.0 v2:10.20.193.4:3300/0 5 ==== osd_map(2..2 src has 1..2) ==== 940+0+0 (secure 0 0 0) 0x7f116c076bc0 con 0x7f117c10aaa0
2026-02-19T22:58:02.424 INFO:teuthology.orchestra.run.trial004.stdout:/usr/bin/ceph: stderr
2026-02-19T22:58:02.281+0000 7f1180ffc640 1 --2- 10.20.193.4:0/450147808 >> [v2:10.20.193.4:6800/1726152395,v1:10.20.193.4:6801/1726152395] conn(0x7f115803dc40 0x7f1158040100 unknown :-1 s=START_CONNECT pgs=0 cs=0 l=1 rev1=0 crypto rx=0 tx=0 comp rx=0 tx=0)._fault waiting 0.200000
2026-02-19T22:58:02.424 INFO:teuthology.orchestra.run.trial004.stdout:/usr/bin/ceph: stderr
2026-02-19T22:58:02.283+0000 7f116a7fc640 1 -- 10.20.193.4:0/450147808 <== mon.0 v2:10.20.193.4:3300/0 6 ==== mon_command_ack([{"prefix": "get_command_descriptions"}]=0 v0) ==== 72+0+195034 (secure 0 0 0) 0x7f116c03c210 con 0x7f117c10aaa0
2026-02-19T22:58:02.424 INFO:teuthology.orchestra.run.trial004.stdout:/usr/bin/ceph: stderr
2026-02-19T22:58:02.391+0000 7f1183a88640 1 -- 10.20.193.4:0/450147808 --> [v2:10.20.193.4:3300/0,v1:10.20.193.4:6789/0] -- mon_command({"prefix": "mgr stat"} v 0) -- 0x7f117c1a3f30 con 0x7f117c10aaa0
2026-02-19T22:58:02.424 INFO:teuthology.orchestra.run.trial004.stdout:/usr/bin/ceph: stderr
2026-02-19T22:58:02.391+0000 7f116a7fc640 1 -- 10.20.193.4:0/450147808 <== mon.0 v2:10.20.193.4:3300/0 7 ==== mon_command_ack([{"prefix": "mgr stat"}]=0 v9) ==== 56+0+88 (secure 0 0 0) 0x7f116c035900 con 0x7f117c10aaa0
2026-02-19T22:58:02.424 INFO:teuthology.orchestra.run.trial004.stdout:/usr/bin/ceph: stderr
2026-02-19T22:58:02.392+0000 7f1183a88640 1 -- 10.20.193.4:0/450147808 >> [v2:10.20.193.4:6800/1726152395,v1:10.20.193.4:6801/1726152395] conn(0x7f115803dc40 msgr2=0x7f1158040100 unknown :-1 s=STATE_CONNECTING l=1).mark_down
2026-02-19T22:58:02.425 INFO:teuthology.orchestra.run.trial004.stdout:/usr/bin/ceph: stderr
2026-02-19T22:58:02.392+0000 7f1183a88640 1 --2- 10.20.193.4:0/450147808 >> [v2:10.20.193.4:6800/1726152395,v1:10.20.193.4:6801/1726152395] conn(0x7f115803dc40 0x7f1158040100 unknown :-1 s=START_CONNECT pgs=0 cs=0 l=1 rev1=0 crypto rx=0 tx=0 comp rx=0 tx=0).stop
2026-02-19T22:58:02.425 INFO:teuthology.orchestra.run.trial004.stdout:/usr/bin/ceph: stderr
2026-02-19T22:58:02.392+0000 7f1183a88640 1 -- 10.20.193.4:0/450147808 >> [v2:10.20.193.4:3300/0,v1:10.20.193.4:6789/0] conn(0x7f117c10aaa0 msgr2=0x7f117c1a03d0 secure :-1 s=STATE_CONNECTION_ESTABLISHED l=1).mark_down
2026-02-19T22:58:02.425 INFO:teuthology.orchestra.run.trial004.stdout:/usr/bin/ceph: stderr
2026-02-19T22:58:02.392+0000 7f1183a88640 1 --2- 10.20.193.4:0/450147808 >> [v2:10.20.193.4:3300/0,v1:10.20.193.4:6789/0] conn(0x7f117c10aaa0 0x7f117c1a03d0 secure :-1 s=READY pgs=58 cs=0 l=1 rev1=1 crypto rx=0x7f116c009a50 tx=0x7f116c037820 comp rx=0 tx=0).stop
2026-02-19T22:58:02.425 INFO:teuthology.orchestra.run.trial004.stdout:/usr/bin/ceph: stderr
2026-02-19T22:58:02.392+0000 7f1183a88640 1 -- 10.20.193.4:0/450147808 shutdown_connections
2026-02-19T22:58:02.425 INFO:teuthology.orchestra.run.trial004.stdout:/usr/bin/ceph: stderr
2026-02-19T22:58:02.393+0000 7f1183a88640 1 --2- 10.20.193.4:0/450147808 >> [v2:10.20.193.4:6800/1726152395,v1:10.20.193.4:6801/1726152395] conn(0x7f115803dc40 0x7f1158040100 unknown :-1 s=CLOSED pgs=0 cs=0 l=1 rev1=0 crypto rx=0 tx=0 comp rx=0 tx=0).stop
2026-02-19T22:58:02.425 INFO:teuthology.orchestra.run.trial004.stdout:/usr/bin/ceph: stderr
2026-02-19T22:58:02.393+0000 7f1183a88640 1 --2- 10.20.193.4:0/450147808 >> [v2:10.20.193.4:3300/0,v1:10.20.193.4:6789/0] conn(0x7f117c10aaa0 0x7f117c1a03d0 unknown :-1 s=CLOSED pgs=58 cs=0 l=1 rev1=1 crypto rx=0 tx=0 comp rx=0 tx=0).stop
2026-02-19T22:58:02.425 INFO:teuthology.orchestra.run.trial004.stdout:/usr/bin/ceph: stderr
2026-02-19T22:58:02.393+0000 7f1183a88640 1 -- 10.20.193.4:0/450147808 >> 10.20.193.4:0/450147808 conn(0x7f117c07daf0 msgr2=0x7f117c108740 unknown :-1 s=STATE_NONE l=0).mark_down
2026-02-19T22:58:02.425 INFO:teuthology.orchestra.run.trial004.stdout:/usr/bin/ceph: stderr
2026-02-19T22:58:02.393+0000 7f1183a88640 1 -- 10.20.193.4:0/450147808 shutdown_connections
2026-02-19T22:58:02.425 INFO:teuthology.orchestra.run.trial004.stdout:/usr/bin/ceph: stderr
2026-02-19T22:58:02.393+0000 7f1183a88640 1 -- 10.20.193.4:0/450147808 wait complete.
2026-02-19T22:58:02.425 INFO:teuthology.orchestra.run.trial004.stdout:Waiting for the mgr to restart...
2026-02-19T22:58:02.425 INFO:teuthology.orchestra.run.trial004.stdout:Waiting for mgr epoch 9...
2026-02-19T22:58:02.530 INFO:journalctl@ceph.mgr.x.trial004.stdout:Feb 19 22:58:02 trial004 ceph-5fd99338-0de6-11f1-b441-d404e6e7d460-mgr-x[41106]:
2026-02-19T22:58:02.419+0000 7f564e058140 -1 mgr[py] Module snap_schedule has missing NOTIFY_TYPES member
2026-02-19T22:58:02.806 INFO:journalctl@ceph.mgr.x.trial004.stdout:Feb 19 22:58:02 trial004 ceph-5fd99338-0de6-11f1-b441-d404e6e7d460-mgr-x[41106]:
2026-02-19T22:58:02.567+0000 7f564e058140 -1 mgr[py] Module prometheus has missing NOTIFY_TYPES member
2026-02-19T22:58:02.806 INFO:journalctl@ceph.mgr.x.trial004.stdout:Feb 19 22:58:02 trial004 ceph-5fd99338-0de6-11f1-b441-d404e6e7d460-mgr-x[41106]:
2026-02-19T22:58:02.601+0000 7f564e058140 -1 mgr[py] Module balancer has missing NOTIFY_TYPES member
2026-02-19T22:58:02.806 INFO:journalctl@ceph.mgr.x.trial004.stdout:Feb 19 22:58:02 trial004 ceph-5fd99338-0de6-11f1-b441-d404e6e7d460-mgr-x[41106]:
2026-02-19T22:58:02.643+0000 7f564e058140 -1 mgr[py] Module rbd_support has missing NOTIFY_TYPES member
2026-02-19T22:58:02.806 INFO:journalctl@ceph.mgr.x.trial004.stdout:Feb 19 22:58:02 trial004 ceph-5fd99338-0de6-11f1-b441-d404e6e7d460-mgr-x[41106]:
2026-02-19T22:58:02.674+0000 7f564e058140 -1 mgr[py] Module devicehealth has missing NOTIFY_TYPES member
2026-02-19T22:58:02.806 INFO:journalctl@ceph.mgr.x.trial004.stdout:Feb 19 22:58:02 trial004 ceph-5fd99338-0de6-11f1-b441-d404e6e7d460-mgr-x[41106]:
2026-02-19T22:58:02.708+0000 7f564e058140 -1 mgr[py] Module alerts has missing NOTIFY_TYPES member
2026-02-19T22:58:02.806 INFO:journalctl@ceph.mgr.x.trial004.stdout:Feb 19 22:58:02 trial004 ceph-5fd99338-0de6-11f1-b441-d404e6e7d460-mgr-x[41106]:
2026-02-19T22:58:02.774+0000 7f564e058140 -1 mgr[py] Module telemetry has missing NOTIFY_TYPES member
2026-02-19T22:58:03.105 INFO:journalctl@ceph.mon.a.trial004.stdout:Feb 19 22:58:02 trial004 ceph-mon[40840]: from='client.? 10.20.193.4:0/2663984450' entity='client.admin' cmd='[{"prefix": "mgr module enable", "module": "dashboard"}]': finished
2026-02-19T22:58:03.105 INFO:journalctl@ceph.mon.a.trial004.stdout:Feb 19 22:58:02 trial004 ceph-mon[40840]: mgrmap e9: x(active, since 5s)
2026-02-19T22:58:03.105 INFO:journalctl@ceph.mon.a.trial004.stdout:Feb 19 22:58:02 trial004 ceph-mon[40840]: from='client.? 10.20.193.4:0/450147808' entity='client.admin' cmd=[{"prefix": "mgr stat"}]: dispatch
2026-02-19T22:58:03.106 INFO:journalctl@ceph.mgr.x.trial004.stdout:Feb 19 22:58:02 trial004 ceph-5fd99338-0de6-11f1-b441-d404e6e7d460-mgr-x[41106]: /lib64/python3.9/site-packages/scipy/__init__.py:73: UserWarning: NumPy was imported from a Python sub-interpreter but NumPy does not properly support sub-interpreters. This will likely work for most users but might cause hard to track down issues or subtle bugs. A common user of the rare sub-interpreter feature is wsgi which also allows single-interpreter mode.
2026-02-19T22:58:03.106 INFO:journalctl@ceph.mgr.x.trial004.stdout:Feb 19 22:58:02 trial004 ceph-5fd99338-0de6-11f1-b441-d404e6e7d460-mgr-x[41106]: Improvements in the case of bugs are welcome, but is not on the NumPy roadmap, and full support may require significant effort to achieve.
2026-02-19T22:58:03.106 INFO:journalctl@ceph.mgr.x.trial004.stdout:Feb 19 22:58:02 trial004 ceph-5fd99338-0de6-11f1-b441-d404e6e7d460-mgr-x[41106]: from numpy import show_config as show_numpy_config
2026-02-19T22:58:03.106 INFO:journalctl@ceph.mgr.x.trial004.stdout:Feb 19 22:58:02 trial004 ceph-5fd99338-0de6-11f1-b441-d404e6e7d460-mgr-x[41106]:
2026-02-19T22:58:02.847+0000 7f564e058140 -1 mgr[py] Module diskprediction_local has missing NOTIFY_TYPES member
2026-02-19T22:58:03.106 INFO:journalctl@ceph.mgr.x.trial004.stdout:Feb 19 22:58:02 trial004 ceph-5fd99338-0de6-11f1-b441-d404e6e7d460-mgr-x[41106]:
2026-02-19T22:58:02.881+0000 7f564e058140 -1 mgr[py] Module status has missing NOTIFY_TYPES member
2026-02-19T22:58:03.106 INFO:journalctl@ceph.mgr.x.trial004.stdout:Feb 19 22:58:02 trial004 ceph-5fd99338-0de6-11f1-b441-d404e6e7d460-mgr-x[41106]:
2026-02-19T22:58:02.977+0000 7f564e058140 -1 mgr[py] Module rgw has missing NOTIFY_TYPES member
2026-02-19T22:58:03.106 INFO:journalctl@ceph.mgr.x.trial004.stdout:Feb 19 22:58:03 trial004 ceph-5fd99338-0de6-11f1-b441-d404e6e7d460-mgr-x[41106]:
2026-02-19T22:58:03.036+0000 7f564e058140 -1 mgr[py] Module iostat has missing NOTIFY_TYPES member
2026-02-19T22:58:03.106 INFO:journalctl@ceph.mgr.x.trial004.stdout:Feb 19 22:58:03 trial004 ceph-5fd99338-0de6-11f1-b441-d404e6e7d460-mgr-x[41106]:
2026-02-19T22:58:03.070+0000 7f564e058140 -1 mgr[py] Module pg_autoscaler has missing NOTIFY_TYPES member
2026-02-19T22:58:03.106 INFO:journalctl@ceph.mgr.x.trial004.stdout:Feb 19 22:58:03 trial004 ceph-5fd99338-0de6-11f1-b441-d404e6e7d460-mgr-x[41106]:
2026-02-19T22:58:03.103+0000 7f564e058140 -1 mgr[py] Module osd_perf_query has missing NOTIFY_TYPES member
2026-02-19T22:58:03.404 INFO:journalctl@ceph.mgr.x.trial004.stdout:Feb 19 22:58:03 trial004 ceph-5fd99338-0de6-11f1-b441-d404e6e7d460-mgr-x[41106]:
2026-02-19T22:58:03.138+0000 7f564e058140 -1 mgr[py] Module crash has missing NOTIFY_TYPES member
2026-02-19T22:58:03.404 INFO:journalctl@ceph.mgr.x.trial004.stdout:Feb 19 22:58:03 trial004 ceph-5fd99338-0de6-11f1-b441-d404e6e7d460-mgr-x[41106]:
2026-02-19T22:58:03.168+0000 7f564e058140 -1 mgr[py] Module progress has missing NOTIFY_TYPES member
2026-02-19T22:58:03.404 INFO:journalctl@ceph.mgr.x.trial004.stdout:Feb 19 22:58:03 trial004 ceph-5fd99338-0de6-11f1-b441-d404e6e7d460-mgr-x[41106]:
2026-02-19T22:58:03.401+0000 7f564e058140 -1 mgr[py] Module rook has missing NOTIFY_TYPES member
2026-02-19T22:58:03.659 INFO:journalctl@ceph.mgr.x.trial004.stdout:Feb 19 22:58:03 trial004 ceph-5fd99338-0de6-11f1-b441-d404e6e7d460-mgr-x[41106]:
2026-02-19T22:58:03.501+0000 7f564e058140 -1 mgr[py] Module nfs has missing NOTIFY_TYPES member
2026-02-19T22:58:03.659 INFO:journalctl@ceph.mgr.x.trial004.stdout:Feb 19 22:58:03 trial004 ceph-5fd99338-0de6-11f1-b441-d404e6e7d460-mgr-x[41106]:
2026-02-19T22:58:03.532+0000 7f564e058140 -1 mgr[py] Module telegraf has missing NOTIFY_TYPES member
2026-02-19T22:58:03.659 INFO:journalctl@ceph.mgr.x.trial004.stdout:Feb 19 22:58:03 trial004 ceph-5fd99338-0de6-11f1-b441-d404e6e7d460-mgr-x[41106]:
2026-02-19T22:58:03.563+0000 7f564e058140 -1 mgr[py] Module selftest has missing NOTIFY_TYPES member
2026-02-19T22:58:03.659 INFO:journalctl@ceph.mgr.x.trial004.stdout:Feb 19 22:58:03 trial004 ceph-5fd99338-0de6-11f1-b441-d404e6e7d460-mgr-x[41106]:
2026-02-19T22:58:03.656+0000 7f564e058140 -1 mgr[py] Module test_orchestrator has missing NOTIFY_TYPES member
2026-02-19T22:58:03.926 INFO:journalctl@ceph.mgr.x.trial004.stdout:Feb 19 22:58:03 trial004 ceph-5fd99338-0de6-11f1-b441-d404e6e7d460-mgr-x[41106]:
2026-02-19T22:58:03.685+0000 7f564e058140 -1 mgr[py] Module osd_support has missing NOTIFY_TYPES member
2026-02-19T22:58:03.926 INFO:journalctl@ceph.mgr.x.trial004.stdout:Feb 19 22:58:03 trial004 ceph-5fd99338-0de6-11f1-b441-d404e6e7d460-mgr-x[41106]:
2026-02-19T22:58:03.777+0000 7f564e058140 -1 mgr[py] Module orchestrator has missing NOTIFY_TYPES member
2026-02-19T22:58:04.556 INFO:journalctl@ceph.mgr.x.trial004.stdout:Feb 19 22:58:04 trial004 ceph-5fd99338-0de6-11f1-b441-d404e6e7d460-mgr-x[41106]:
2026-02-19T22:58:04.235+0000 7f564e058140 -1 mgr[py] Module volumes has missing NOTIFY_TYPES member
2026-02-19T22:58:04.556 INFO:journalctl@ceph.mgr.x.trial004.stdout:Feb 19 22:58:04 trial004 ceph-5fd99338-0de6-11f1-b441-d404e6e7d460-mgr-x[41106]:
2026-02-19T22:58:04.265+0000 7f564e058140 -1 mgr[py] Module zabbix has missing NOTIFY_TYPES member
2026-02-19T22:58:05.015 INFO:journalctl@ceph.mgr.x.trial004.stdout:Feb 19 22:58:04 trial004 ceph-5fd99338-0de6-11f1-b441-d404e6e7d460-mgr-x[41106]:
2026-02-19T22:58:04.662+0000 7f564e058140 -1 mgr[py] Module influx has missing NOTIFY_TYPES member
2026-02-19T22:58:05.016 INFO:journalctl@ceph.mon.a.trial004.stdout:Feb 19 22:58:04 trial004 ceph-mon[40840]: Active manager daemon x restarted
2026-02-19T22:58:05.016 INFO:journalctl@ceph.mon.a.trial004.stdout:Feb 19 22:58:04 trial004 ceph-mon[40840]: Activating manager daemon x
2026-02-19T22:58:05.016 INFO:journalctl@ceph.mon.a.trial004.stdout:Feb 19 22:58:04 trial004 ceph-mon[40840]: osdmap e3: 0 total, 0 up, 0 in
2026-02-19T22:58:05.016 INFO:journalctl@ceph.mon.a.trial004.stdout:Feb 19 22:58:04 trial004 ceph-mon[40840]: mgrmap e10: x(active, starting, since 0.00295387s)
2026-02-19T22:58:05.016 INFO:journalctl@ceph.mon.a.trial004.stdout:Feb 19 22:58:04 trial004 ceph-mon[40840]: from='mgr.14150 10.20.193.4:0/1706162633' entity='mgr.x' cmd=[{"prefix": "mon metadata", "id": "a"}]: dispatch
2026-02-19T22:58:05.016 INFO:journalctl@ceph.mon.a.trial004.stdout:Feb 19 22:58:04 trial004 ceph-mon[40840]: from='mgr.14150 10.20.193.4:0/1706162633' entity='mgr.x' cmd=[{"prefix": "mgr metadata", "who": "x", "id": "x"}]: dispatch
2026-02-19T22:58:05.016 INFO:journalctl@ceph.mon.a.trial004.stdout:Feb 19 22:58:04 trial004 ceph-mon[40840]: from='mgr.14150 10.20.193.4:0/1706162633' entity='mgr.x' cmd=[{"prefix": "mds metadata"}]: dispatch
2026-02-19T22:58:05.016 INFO:journalctl@ceph.mon.a.trial004.stdout:Feb 19 22:58:04 trial004 ceph-mon[40840]: from='mgr.14150 10.20.193.4:0/1706162633' entity='mgr.x' cmd=[{"prefix": "osd metadata"}]: dispatch
2026-02-19T22:58:05.016 INFO:journalctl@ceph.mon.a.trial004.stdout:Feb 19 22:58:04 trial004 ceph-mon[40840]: from='mgr.14150 10.20.193.4:0/1706162633' entity='mgr.x' cmd=[{"prefix": "mon metadata"}]: dispatch
2026-02-19T22:58:05.016 INFO:journalctl@ceph.mon.a.trial004.stdout:Feb 19 22:58:04 trial004 ceph-mon[40840]: Manager daemon x is now available
2026-02-19T22:58:05.016 INFO:journalctl@ceph.mon.a.trial004.stdout:Feb 19 22:58:04 trial004 ceph-mon[40840]: from='mgr.14150 10.20.193.4:0/1706162633' entity='mgr.x' cmd=[{"prefix": "config dump", "format": "json"}]: dispatch
2026-02-19T22:58:05.016 INFO:journalctl@ceph.mon.a.trial004.stdout:Feb 19 22:58:04 trial004 ceph-mon[40840]: from='mgr.14150 10.20.193.4:0/1706162633' entity='mgr.x' cmd=[{"prefix":"config rm","who":"mgr","name":"mgr/rbd_support/x/mirror_snapshot_schedule"}]: dispatch
