2026-02-19T23:05:22.105+0000 7f5c3affd640 1 -- 10.20.193.16:0/842470703 <== mon.0 v2:10.20.193.16:3300/0 1 ==== mon_map magic: 0 ==== 205+0+0 (secure 0 0 0) 0x7f5c3c045070 con 0x7f5c4c082150
2026-02-19T23:05:22.229 INFO:teuthology.orchestra.run.trial016.stdout:/usr/bin/ceph: stderr
2026-02-19T23:05:22.105+0000 7f5c3affd640 1 -- 10.20.193.16:0/842470703 <== mon.0 v2:10.20.193.16:3300/0 2 ==== config(26 keys) ==== 1045+0+0 (secure 0 0 0) 0x7f5c3c040450 con 0x7f5c4c082150
2026-02-19T23:05:22.229 INFO:teuthology.orchestra.run.trial016.stdout:/usr/bin/ceph: stderr
2026-02-19T23:05:22.105+0000 7f5c54083640 1 -- 10.20.193.16:0/842470703 --> [v2:10.20.193.16:3300/0,v1:10.20.193.16:6789/0] -- mon_subscribe({mgrmap=0+}) -- 0x7f5c4c1a51b0 con 0x7f5c4c082150
2026-02-19T23:05:22.229 INFO:teuthology.orchestra.run.trial016.stdout:/usr/bin/ceph: stderr
2026-02-19T23:05:22.105+0000 7f5c3affd640 1 -- 10.20.193.16:0/842470703 <== mon.0 v2:10.20.193.16:3300/0 3 ==== mon_map magic: 0 ==== 205+0+0 (secure 0 0 0) 0x7f5c3c03c070 con 0x7f5c4c082150
2026-02-19T23:05:22.229 INFO:teuthology.orchestra.run.trial016.stdout:/usr/bin/ceph: stderr
2026-02-19T23:05:22.105+0000 7f5c54083640 1 -- 10.20.193.16:0/842470703 --> [v2:10.20.193.16:3300/0,v1:10.20.193.16:6789/0] -- mon_subscribe({osdmap=0}) -- 0x7f5c4c1a7ea0 con 0x7f5c4c082150
2026-02-19T23:05:22.229 INFO:teuthology.orchestra.run.trial016.stdout:/usr/bin/ceph: stderr
2026-02-19T23:05:22.106+0000 7f5c54083640 1 -- 10.20.193.16:0/842470703 --> [v2:10.20.193.16:3300/0,v1:10.20.193.16:6789/0] -- mon_command({"prefix": "get_command_descriptions"} v 0) -- 0x7f5c4c0825d0 con 0x7f5c4c082150
2026-02-19T23:05:22.229 INFO:teuthology.orchestra.run.trial016.stdout:/usr/bin/ceph: stderr
2026-02-19T23:05:22.106+0000 7f5c3affd640 1 -- 10.20.193.16:0/842470703 <== mon.0 v2:10.20.193.16:3300/0 4 ==== mgrmap(e 8) ==== 50247+0+0 (secure 0 0 0) 0x7f5c3c040900 con 0x7f5c4c082150
2026-02-19T23:05:22.229 INFO:teuthology.orchestra.run.trial016.stdout:/usr/bin/ceph: stderr
2026-02-19T23:05:22.106+0000 7f5c3affd640 1 --2- 10.20.193.16:0/842470703 >> [v2:10.20.193.16:6800/3176871908,v1:10.20.193.16:6801/3176871908] conn(0x7f5c2803dba0 0x7f5c28040060 unknown :-1 s=NONE pgs=0 cs=0 l=1 rev1=0 crypto rx=0 tx=0 comp rx=0 tx=0).connect
2026-02-19T23:05:22.229 INFO:teuthology.orchestra.run.trial016.stdout:/usr/bin/ceph: stderr
2026-02-19T23:05:22.106+0000 7f5c3affd640 1 -- 10.20.193.16:0/842470703 <== mon.0 v2:10.20.193.16:3300/0 5 ==== osd_map(2..2 src has 1..2) ==== 940+0+0 (secure 0 0 0) 0x7f5c3c076640 con 0x7f5c4c082150
2026-02-19T23:05:22.229 INFO:teuthology.orchestra.run.trial016.stdout:/usr/bin/ceph: stderr
2026-02-19T23:05:22.106+0000 7f5c515f7640 1 --2- 10.20.193.16:0/842470703 >> [v2:10.20.193.16:6800/3176871908,v1:10.20.193.16:6801/3176871908] conn(0x7f5c2803dba0 0x7f5c28040060 unknown :-1 s=BANNER_CONNECTING pgs=0 cs=0 l=1 rev1=0 crypto rx=0 tx=0 comp rx=0 tx=0)._handle_peer_banner_payload supported=3 required=0
2026-02-19T23:05:22.229 INFO:teuthology.orchestra.run.trial016.stdout:/usr/bin/ceph: stderr
2026-02-19T23:05:22.107+0000 7f5c515f7640 1 --2- 10.20.193.16:0/842470703 >> [v2:10.20.193.16:6800/3176871908,v1:10.20.193.16:6801/3176871908] conn(0x7f5c2803dba0 0x7f5c28040060 secure :-1 s=READY pgs=12 cs=0 l=1 rev1=1 crypto rx=0x7f5c400099c0 tx=0x7f5c40006eb0 comp rx=0 tx=0).ready entity=mgr.14118 client_cookie=0 server_cookie=0 in_seq=0 out_seq=0
2026-02-19T23:05:22.229 INFO:teuthology.orchestra.run.trial016.stdout:/usr/bin/ceph: stderr
2026-02-19T23:05:22.109+0000 7f5c3affd640 1 -- 10.20.193.16:0/842470703 <== mon.0 v2:10.20.193.16:3300/0 6 ==== mon_command_ack([{"prefix": "get_command_descriptions"}]=0 v0) ==== 72+0+195034 (secure 0 0 0) 0x7f5c3c033200 con 0x7f5c4c082150
2026-02-19T23:05:22.229 INFO:teuthology.orchestra.run.trial016.stdout:/usr/bin/ceph: stderr
2026-02-19T23:05:22.199+0000 7f5c54083640 1 -- 10.20.193.16:0/842470703 --> [v2:10.20.193.16:6800/3176871908,v1:10.20.193.16:6801/3176871908] -- mgr_command(tid 0: {"prefix": "orch apply", "service_type": "mon", "unmanaged": true, "target": ["mon-mgr", ""]}) -- 0x7f5c4c07ed80 con 0x7f5c2803dba0
2026-02-19T23:05:22.230 INFO:teuthology.orchestra.run.trial016.stdout:/usr/bin/ceph: stderr
2026-02-19T23:05:22.202+0000 7f5c3affd640 1 -- 10.20.193.16:0/842470703 <== mgr.14118 v2:10.20.193.16:6800/3176871908 1 ==== mgr_command_reply(tid 0: 0 ) ==== 8+0+24 (secure 0 0 0) 0x7f5c4c07ed80 con 0x7f5c2803dba0
2026-02-19T23:05:22.230 INFO:teuthology.orchestra.run.trial016.stdout:/usr/bin/ceph: stderr
2026-02-19T23:05:22.203+0000 7f5c54083640 1 -- 10.20.193.16:0/842470703 >> [v2:10.20.193.16:6800/3176871908,v1:10.20.193.16:6801/3176871908] conn(0x7f5c2803dba0 msgr2=0x7f5c28040060 secure :-1 s=STATE_CONNECTION_ESTABLISHED l=1).mark_down
2026-02-19T23:05:22.230 INFO:teuthology.orchestra.run.trial016.stdout:/usr/bin/ceph: stderr
2026-02-19T23:05:22.203+0000 7f5c54083640 1 --2- 10.20.193.16:0/842470703 >> [v2:10.20.193.16:6800/3176871908,v1:10.20.193.16:6801/3176871908] conn(0x7f5c2803dba0 0x7f5c28040060 secure :-1 s=READY pgs=12 cs=0 l=1 rev1=1 crypto rx=0x7f5c400099c0 tx=0x7f5c40006eb0 comp rx=0 tx=0).stop
2026-02-19T23:05:22.230 INFO:teuthology.orchestra.run.trial016.stdout:/usr/bin/ceph: stderr
2026-02-19T23:05:22.203+0000 7f5c54083640 1 -- 10.20.193.16:0/842470703 >> [v2:10.20.193.16:3300/0,v1:10.20.193.16:6789/0] conn(0x7f5c4c082150 msgr2=0x7f5c4c1a49e0 secure :-1 s=STATE_CONNECTION_ESTABLISHED l=1).mark_down
2026-02-19T23:05:22.230 INFO:teuthology.orchestra.run.trial016.stdout:/usr/bin/ceph: stderr
2026-02-19T23:05:22.203+0000 7f5c54083640 1 --2- 10.20.193.16:0/842470703 >> [v2:10.20.193.16:3300/0,v1:10.20.193.16:6789/0] conn(0x7f5c4c082150 0x7f5c4c1a49e0 secure :-1 s=READY pgs=46 cs=0 l=1 rev1=1 crypto rx=0x7f5c3c006fd0 tx=0x7f5c3c037bb0 comp rx=0 tx=0).stop
2026-02-19T23:05:22.230 INFO:teuthology.orchestra.run.trial016.stdout:/usr/bin/ceph: stderr
2026-02-19T23:05:22.203+0000 7f5c54083640 1 -- 10.20.193.16:0/842470703 shutdown_connections
2026-02-19T23:05:22.230 INFO:teuthology.orchestra.run.trial016.stdout:/usr/bin/ceph: stderr
2026-02-19T23:05:22.203+0000 7f5c54083640 1 --2- 10.20.193.16:0/842470703 >> [v2:10.20.193.16:6800/3176871908,v1:10.20.193.16:6801/3176871908] conn(0x7f5c2803dba0 0x7f5c28040060 unknown :-1 s=CLOSED pgs=12 cs=0 l=1 rev1=1 crypto rx=0 tx=0 comp rx=0 tx=0).stop
2026-02-19T23:05:22.230 INFO:teuthology.orchestra.run.trial016.stdout:/usr/bin/ceph: stderr
2026-02-19T23:05:22.203+0000 7f5c54083640 1 --2- 10.20.193.16:0/842470703 >> [v2:10.20.193.16:3300/0,v1:10.20.193.16:6789/0] conn(0x7f5c4c082150 0x7f5c4c1a49e0 unknown :-1 s=CLOSED pgs=46 cs=0 l=1 rev1=1 crypto rx=0 tx=0 comp rx=0 tx=0).stop
2026-02-19T23:05:22.230 INFO:teuthology.orchestra.run.trial016.stdout:/usr/bin/ceph: stderr
2026-02-19T23:05:22.203+0000 7f5c54083640 1 -- 10.20.193.16:0/842470703 >> 10.20.193.16:0/842470703 conn(0x7f5c4c07dad0 msgr2=0x7f5c4c07e670 unknown :-1 s=STATE_NONE l=0).mark_down
2026-02-19T23:05:22.230 INFO:teuthology.orchestra.run.trial016.stdout:/usr/bin/ceph: stderr
2026-02-19T23:05:22.203+0000 7f5c54083640 1 -- 10.20.193.16:0/842470703 shutdown_connections
2026-02-19T23:05:22.230 INFO:teuthology.orchestra.run.trial016.stdout:/usr/bin/ceph: stderr
2026-02-19T23:05:22.203+0000 7f5c54083640 1 -- 10.20.193.16:0/842470703 wait complete.
2026-02-19T23:05:22.230 INFO:teuthology.orchestra.run.trial016.stdout:Deploying unmanaged mgr service...
2026-02-19T23:05:22.450 INFO:teuthology.orchestra.run.trial016.stdout:/usr/bin/ceph: stdout Scheduled mgr update...
2026-02-19T23:05:22.450 INFO:teuthology.orchestra.run.trial016.stdout:/usr/bin/ceph: stderr
2026-02-19T23:05:22.321+0000 7f811216a640 1 Processor -- start
2026-02-19T23:05:22.451 INFO:teuthology.orchestra.run.trial016.stdout:/usr/bin/ceph: stderr
2026-02-19T23:05:22.321+0000 7f811216a640 1 -- start start
2026-02-19T23:05:22.451 INFO:teuthology.orchestra.run.trial016.stdout:/usr/bin/ceph: stderr
2026-02-19T23:05:22.321+0000 7f811216a640 1 --2- >> [v2:10.20.193.16:3300/0,v1:10.20.193.16:6789/0] conn(0x7f810c10aa20 0x7f810c10ae20 unknown :-1 s=NONE pgs=0 cs=0 l=0 rev1=0 crypto rx=0 tx=0 comp rx=0 tx=0).connect
2026-02-19T23:05:22.451 INFO:teuthology.orchestra.run.trial016.stdout:/usr/bin/ceph: stderr
2026-02-19T23:05:22.321+0000 7f811216a640 1 -- --> [v2:10.20.193.16:3300/0,v1:10.20.193.16:6789/0] -- mon_getmap magic: 0 -- 0x7f810c10b3f0 con 0x7f810c10aa20
2026-02-19T23:05:22.451 INFO:teuthology.orchestra.run.trial016.stdout:/usr/bin/ceph: stderr
2026-02-19T23:05:22.321+0000 7f810b7fe640 1 --2- >> [v2:10.20.193.16:3300/0,v1:10.20.193.16:6789/0] conn(0x7f810c10aa20 0x7f810c10ae20 unknown :-1 s=BANNER_CONNECTING pgs=0 cs=0 l=0 rev1=0 crypto rx=0 tx=0 comp rx=0 tx=0)._handle_peer_banner_payload supported=3 required=0
2026-02-19T23:05:22.451 INFO:teuthology.orchestra.run.trial016.stdout:/usr/bin/ceph: stderr
2026-02-19T23:05:22.321+0000 7f810b7fe640 1 --2- >> [v2:10.20.193.16:3300/0,v1:10.20.193.16:6789/0] conn(0x7f810c10aa20 0x7f810c10ae20 unknown :-1 s=HELLO_CONNECTING pgs=0 cs=0 l=0 rev1=1 crypto rx=0 tx=0 comp rx=0 tx=0).handle_hello peer v2:10.20.193.16:3300/0 says I am v2:10.20.193.16:42576/0 (socket says 10.20.193.16:42576)
2026-02-19T23:05:22.451 INFO:teuthology.orchestra.run.trial016.stdout:/usr/bin/ceph: stderr
2026-02-19T23:05:22.321+0000 7f810b7fe640 1 -- 10.20.193.16:0/729671699 learned_addr learned my addr 10.20.193.16:0/729671699 (peer_addr_for_me v2:10.20.193.16:0/0)
2026-02-19T23:05:22.451 INFO:teuthology.orchestra.run.trial016.stdout:/usr/bin/ceph: stderr
2026-02-19T23:05:22.321+0000 7f810b7fe640 1 -- 10.20.193.16:0/729671699 --> [v2:10.20.193.16:3300/0,v1:10.20.193.16:6789/0] -- mon_subscribe({config=0+,monmap=0+}) -- 0x7f810c10b790 con 0x7f810c10aa20
2026-02-19T23:05:22.451 INFO:teuthology.orchestra.run.trial016.stdout:/usr/bin/ceph: stderr
2026-02-19T23:05:22.322+0000 7f810b7fe640 1 --2- 10.20.193.16:0/729671699 >> [v2:10.20.193.16:3300/0,v1:10.20.193.16:6789/0] conn(0x7f810c10aa20 0x7f810c10ae20 secure :-1 s=READY pgs=47 cs=0 l=1 rev1=1 crypto rx=0x7f80f8009920 tx=0x7f80f802ef20 comp rx=0 tx=0).ready entity=mon.0 client_cookie=430e0889106dddfb server_cookie=0 in_seq=0 out_seq=0
2026-02-19T23:05:22.451 INFO:teuthology.orchestra.run.trial016.stdout:/usr/bin/ceph: stderr
2026-02-19T23:05:22.322+0000 7f810a7fc640 1 -- 10.20.193.16:0/729671699 <== mon.0 v2:10.20.193.16:3300/0 1 ==== mon_map magic: 0 ==== 205+0+0 (secure 0 0 0) 0x7f80f803c070 con 0x7f810c10aa20
2026-02-19T23:05:22.451 INFO:teuthology.orchestra.run.trial016.stdout:/usr/bin/ceph: stderr
2026-02-19T23:05:22.322+0000 7f810a7fc640 1 -- 10.20.193.16:0/729671699 <== mon.0 v2:10.20.193.16:3300/0 2 ==== config(26 keys) ==== 1045+0+0 (secure 0 0 0) 0x7f80f8037440 con 0x7f810c10aa20
2026-02-19T23:05:22.451 INFO:teuthology.orchestra.run.trial016.stdout:/usr/bin/ceph: stderr
2026-02-19T23:05:22.322+0000 7f810a7fc640 1 -- 10.20.193.16:0/729671699 <== mon.0 v2:10.20.193.16:3300/0 3 ==== mon_map magic: 0 ==== 205+0+0 (secure 0 0 0) 0x7f80f80354b0 con 0x7f810c10aa20
2026-02-19T23:05:22.451 INFO:teuthology.orchestra.run.trial016.stdout:/usr/bin/ceph: stderr
2026-02-19T23:05:22.322+0000 7f811216a640 1 -- 10.20.193.16:0/729671699 >> [v2:10.20.193.16:3300/0,v1:10.20.193.16:6789/0] conn(0x7f810c10aa20 msgr2=0x7f810c10ae20 secure :-1 s=STATE_CONNECTION_ESTABLISHED l=1).mark_down
2026-02-19T23:05:22.451 INFO:teuthology.orchestra.run.trial016.stdout:/usr/bin/ceph: stderr
2026-02-19T23:05:22.322+0000 7f811216a640 1 --2- 10.20.193.16:0/729671699 >> [v2:10.20.193.16:3300/0,v1:10.20.193.16:6789/0] conn(0x7f810c10aa20 0x7f810c10ae20 secure :-1 s=READY pgs=47 cs=0 l=1 rev1=1 crypto rx=0x7f80f8009920 tx=0x7f80f802ef20 comp rx=0 tx=0).stop
2026-02-19T23:05:22.451 INFO:teuthology.orchestra.run.trial016.stdout:/usr/bin/ceph: stderr
2026-02-19T23:05:22.322+0000 7f811216a640 1 -- 10.20.193.16:0/729671699 shutdown_connections
2026-02-19T23:05:22.451 INFO:teuthology.orchestra.run.trial016.stdout:/usr/bin/ceph: stderr
2026-02-19T23:05:22.322+0000 7f811216a640 1 --2- 10.20.193.16:0/729671699 >> [v2:10.20.193.16:3300/0,v1:10.20.193.16:6789/0] conn(0x7f810c10aa20 0x7f810c10ae20 unknown :-1 s=CLOSED pgs=47 cs=0 l=1 rev1=1 crypto rx=0 tx=0 comp rx=0 tx=0).stop
2026-02-19T23:05:22.451 INFO:teuthology.orchestra.run.trial016.stdout:/usr/bin/ceph: stderr
2026-02-19T23:05:22.322+0000 7f811216a640 1 -- 10.20.193.16:0/729671699 >> 10.20.193.16:0/729671699 conn(0x7f810c07dab0 msgr2=0x7f810c07dec0 unknown :-1 s=STATE_NONE l=0).mark_down
2026-02-19T23:05:22.452 INFO:teuthology.orchestra.run.trial016.stdout:/usr/bin/ceph: stderr
2026-02-19T23:05:22.322+0000 7f811216a640 1 -- 10.20.193.16:0/729671699 shutdown_connections
2026-02-19T23:05:22.452 INFO:teuthology.orchestra.run.trial016.stdout:/usr/bin/ceph: stderr
2026-02-19T23:05:22.322+0000 7f811216a640 1 -- 10.20.193.16:0/729671699 wait complete.
2026-02-19T23:05:22.452 INFO:teuthology.orchestra.run.trial016.stdout:/usr/bin/ceph: stderr
2026-02-19T23:05:22.322+0000 7f811216a640 1 Processor -- start
2026-02-19T23:05:22.452 INFO:teuthology.orchestra.run.trial016.stdout:/usr/bin/ceph: stderr
2026-02-19T23:05:22.323+0000 7f811216a640 1 -- start start
2026-02-19T23:05:22.452 INFO:teuthology.orchestra.run.trial016.stdout:/usr/bin/ceph: stderr
2026-02-19T23:05:22.323+0000 7f811216a640 1 --2- >> [v2:10.20.193.16:3300/0,v1:10.20.193.16:6789/0] conn(0x7f810c10aa20 0x7f810c1a0410 unknown :-1 s=NONE pgs=0 cs=0 l=1 rev1=0 crypto rx=0 tx=0 comp rx=0 tx=0).connect
2026-02-19T23:05:22.452 INFO:teuthology.orchestra.run.trial016.stdout:/usr/bin/ceph: stderr
2026-02-19T23:05:22.323+0000 7f811216a640 1 -- --> [v2:10.20.193.16:3300/0,v1:10.20.193.16:6789/0] -- mon_getmap magic: 0 -- 0x7f810c10e9c0 con 0x7f810c10aa20
2026-02-19T23:05:22.452 INFO:teuthology.orchestra.run.trial016.stdout:/usr/bin/ceph: stderr
2026-02-19T23:05:22.323+0000 7f810b7fe640 1 --2- >> [v2:10.20.193.16:3300/0,v1:10.20.193.16:6789/0] conn(0x7f810c10aa20 0x7f810c1a0410 unknown :-1 s=BANNER_CONNECTING pgs=0 cs=0 l=1 rev1=0 crypto rx=0 tx=0 comp rx=0 tx=0)._handle_peer_banner_payload supported=3 required=0
2026-02-19T23:05:22.452 INFO:teuthology.orchestra.run.trial016.stdout:/usr/bin/ceph: stderr
2026-02-19T23:05:22.323+0000 7f810b7fe640 1 --2- >> [v2:10.20.193.16:3300/0,v1:10.20.193.16:6789/0] conn(0x7f810c10aa20 0x7f810c1a0410 unknown :-1 s=HELLO_CONNECTING pgs=0 cs=0 l=1 rev1=1 crypto rx=0 tx=0 comp rx=0 tx=0).handle_hello peer v2:10.20.193.16:3300/0 says I am v2:10.20.193.16:42580/0 (socket says 10.20.193.16:42580)
2026-02-19T23:05:22.452 INFO:teuthology.orchestra.run.trial016.stdout:/usr/bin/ceph: stderr
2026-02-19T23:05:22.323+0000 7f810b7fe640 1 -- 10.20.193.16:0/899891015 learned_addr learned my addr 10.20.193.16:0/899891015 (peer_addr_for_me v2:10.20.193.16:0/0)
2026-02-19T23:05:22.452 INFO:teuthology.orchestra.run.trial016.stdout:/usr/bin/ceph: stderr
2026-02-19T23:05:22.323+0000 7f810b7fe640 1 -- 10.20.193.16:0/899891015 --> [v2:10.20.193.16:3300/0,v1:10.20.193.16:6789/0] -- mon_subscribe({config=0+,monmap=0+}) -- 0x7f810c1a0950 con 0x7f810c10aa20
2026-02-19T23:05:22.452 INFO:teuthology.orchestra.run.trial016.stdout:/usr/bin/ceph: stderr
2026-02-19T23:05:22.323+0000 7f810b7fe640 1 --2- 10.20.193.16:0/899891015 >> [v2:10.20.193.16:3300/0,v1:10.20.193.16:6789/0] conn(0x7f810c10aa20 0x7f810c1a0410 secure :-1 s=READY pgs=48 cs=0 l=1 rev1=1 crypto rx=0x7f80f8037cd0 tx=0x7f80f8037b90 comp rx=0 tx=0).ready entity=mon.0 client_cookie=0 server_cookie=0 in_seq=0 out_seq=0
2026-02-19T23:05:22.452 INFO:teuthology.orchestra.run.trial016.stdout:/usr/bin/ceph: stderr
2026-02-19T23:05:22.323+0000 7f8108ff9640 1 -- 10.20.193.16:0/899891015 <== mon.0 v2:10.20.193.16:3300/0 1 ==== mon_map magic: 0 ==== 205+0+0 (secure 0 0 0) 0x7f80f8045070 con 0x7f810c10aa20
2026-02-19T23:05:22.452 INFO:teuthology.orchestra.run.trial016.stdout:/usr/bin/ceph: stderr
2026-02-19T23:05:22.323+0000 7f811216a640 1 -- 10.20.193.16:0/899891015 --> [v2:10.20.193.16:3300/0,v1:10.20.193.16:6789/0] -- mon_subscribe({mgrmap=0+}) -- 0x7f810c1a0be0 con 0x7f810c10aa20
2026-02-19T23:05:22.452 INFO:teuthology.orchestra.run.trial016.stdout:/usr/bin/ceph: stderr
2026-02-19T23:05:22.323+0000 7f8108ff9640 1 -- 10.20.193.16:0/899891015 <== mon.0 v2:10.20.193.16:3300/0 2 ==== config(26 keys) ==== 1045+0+0 (secure 0 0 0) 0x7f80f8040450 con 0x7f810c10aa20
2026-02-19T23:05:22.452 INFO:teuthology.orchestra.run.trial016.stdout:/usr/bin/ceph: stderr
2026-02-19T23:05:22.323+0000 7f8108ff9640 1 -- 10.20.193.16:0/899891015 <== mon.0 v2:10.20.193.16:3300/0 3 ==== mon_map magic: 0 ==== 205+0+0 (secure 0 0 0) 0x7f80f803c070 con 0x7f810c10aa20
2026-02-19T23:05:22.452 INFO:teuthology.orchestra.run.trial016.stdout:/usr/bin/ceph: stderr
2026-02-19T23:05:22.323+0000 7f811216a640 1 -- 10.20.193.16:0/899891015 --> [v2:10.20.193.16:3300/0,v1:10.20.193.16:6789/0] -- mon_subscribe({osdmap=0}) -- 0x7f810c1a38d0 con 0x7f810c10aa20
2026-02-19T23:05:22.452 INFO:teuthology.orchestra.run.trial016.stdout:/usr/bin/ceph: stderr
2026-02-19T23:05:22.324+0000 7f811216a640 1 -- 10.20.193.16:0/899891015 --> [v2:10.20.193.16:3300/0,v1:10.20.193.16:6789/0] -- mon_command({"prefix": "get_command_descriptions"} v 0) -- 0x7f810c10aea0 con 0x7f810c10aa20
2026-02-19T23:05:22.452 INFO:teuthology.orchestra.run.trial016.stdout:/usr/bin/ceph: stderr
2026-02-19T23:05:22.324+0000 7f8108ff9640 1 -- 10.20.193.16:0/899891015 <== mon.0 v2:10.20.193.16:3300/0 4 ==== mgrmap(e 8) ==== 50247+0+0 (secure 0 0 0) 0x7f80f8040920 con 0x7f810c10aa20
2026-02-19T23:05:22.453 INFO:teuthology.orchestra.run.trial016.stdout:/usr/bin/ceph: stderr
2026-02-19T23:05:22.324+0000 7f8108ff9640 1 --2- 10.20.193.16:0/899891015 >> [v2:10.20.193.16:6800/3176871908,v1:10.20.193.16:6801/3176871908] conn(0x7f80e003dba0 0x7f80e0040060 unknown :-1 s=NONE pgs=0 cs=0 l=1 rev1=0 crypto rx=0 tx=0 comp rx=0 tx=0).connect
2026-02-19T23:05:22.453 INFO:teuthology.orchestra.run.trial016.stdout:/usr/bin/ceph: stderr
2026-02-19T23:05:22.324+0000 7f8108ff9640 1 -- 10.20.193.16:0/899891015 <== mon.0 v2:10.20.193.16:3300/0 5 ==== osd_map(2..2 src has 1..2) ==== 940+0+0 (secure 0 0 0) 0x7f80f8076600 con 0x7f810c10aa20
2026-02-19T23:05:22.453 INFO:teuthology.orchestra.run.trial016.stdout:/usr/bin/ceph: stderr
2026-02-19T23:05:22.324+0000 7f810affd640 1 --2- 10.20.193.16:0/899891015 >> [v2:10.20.193.16:6800/3176871908,v1:10.20.193.16:6801/3176871908] conn(0x7f80e003dba0 0x7f80e0040060 unknown :-1 s=BANNER_CONNECTING pgs=0 cs=0 l=1 rev1=0 crypto rx=0 tx=0 comp rx=0 tx=0)._handle_peer_banner_payload supported=3 required=0
2026-02-19T23:05:22.453 INFO:teuthology.orchestra.run.trial016.stdout:/usr/bin/ceph: stderr
2026-02-19T23:05:22.324+0000 7f810affd640 1 --2- 10.20.193.16:0/899891015 >> [v2:10.20.193.16:6800/3176871908,v1:10.20.193.16:6801/3176871908] conn(0x7f80e003dba0 0x7f80e0040060 secure :-1 s=READY pgs=13 cs=0 l=1 rev1=1 crypto rx=0x7f80fc0099c0 tx=0x7f80fc006eb0 comp rx=0 tx=0).ready entity=mgr.14118 client_cookie=0 server_cookie=0 in_seq=0 out_seq=0
2026-02-19T23:05:22.453 INFO:teuthology.orchestra.run.trial016.stdout:/usr/bin/ceph: stderr
2026-02-19T23:05:22.326+0000 7f8108ff9640 1 -- 10.20.193.16:0/899891015 <== mon.0 v2:10.20.193.16:3300/0 6 ==== mon_command_ack([{"prefix": "get_command_descriptions"}]=0 v0) ==== 72+0+195034 (secure 0 0 0) 0x7f80f8033200 con 0x7f810c10aa20
2026-02-19T23:05:22.453 INFO:teuthology.orchestra.run.trial016.stdout:/usr/bin/ceph: stderr
2026-02-19T23:05:22.421+0000 7f811216a640 1 -- 10.20.193.16:0/899891015 --> [v2:10.20.193.16:6800/3176871908,v1:10.20.193.16:6801/3176871908] -- mgr_command(tid 0: {"prefix": "orch apply", "service_type": "mgr", "unmanaged": true, "target": ["mon-mgr", ""]}) -- 0x7f810c108d50 con 0x7f80e003dba0
2026-02-19T23:05:22.453 INFO:teuthology.orchestra.run.trial016.stdout:/usr/bin/ceph: stderr
2026-02-19T23:05:22.424+0000 7f8108ff9640 1 -- 10.20.193.16:0/899891015 <== mgr.14118 v2:10.20.193.16:6800/3176871908 1 ==== mgr_command_reply(tid 0: 0 ) ==== 8+0+24 (secure 0 0 0) 0x7f810c108d50 con 0x7f80e003dba0
2026-02-19T23:05:22.453 INFO:teuthology.orchestra.run.trial016.stdout:/usr/bin/ceph: stderr
2026-02-19T23:05:22.426+0000 7f811216a640 1 -- 10.20.193.16:0/899891015 >> [v2:10.20.193.16:6800/3176871908,v1:10.20.193.16:6801/3176871908] conn(0x7f80e003dba0 msgr2=0x7f80e0040060 secure :-1 s=STATE_CONNECTION_ESTABLISHED l=1).mark_down
2026-02-19T23:05:22.453 INFO:teuthology.orchestra.run.trial016.stdout:/usr/bin/ceph: stderr
2026-02-19T23:05:22.426+0000 7f811216a640 1 --2- 10.20.193.16:0/899891015 >> [v2:10.20.193.16:6800/3176871908,v1:10.20.193.16:6801/3176871908] conn(0x7f80e003dba0 0x7f80e0040060 secure :-1 s=READY pgs=13 cs=0 l=1 rev1=1 crypto rx=0x7f80fc0099c0 tx=0x7f80fc006eb0 comp rx=0 tx=0).stop
2026-02-19T23:05:22.453 INFO:teuthology.orchestra.run.trial016.stdout:/usr/bin/ceph: stderr
2026-02-19T23:05:22.426+0000 7f811216a640 1 -- 10.20.193.16:0/899891015 >> [v2:10.20.193.16:3300/0,v1:10.20.193.16:6789/0] conn(0x7f810c10aa20 msgr2=0x7f810c1a0410 secure :-1 s=STATE_CONNECTION_ESTABLISHED l=1).mark_down
2026-02-19T23:05:22.453 INFO:teuthology.orchestra.run.trial016.stdout:/usr/bin/ceph: stderr
2026-02-19T23:05:22.426+0000 7f811216a640 1 --2- 10.20.193.16:0/899891015 >> [v2:10.20.193.16:3300/0,v1:10.20.193.16:6789/0] conn(0x7f810c10aa20 0x7f810c1a0410 secure :-1 s=READY pgs=48 cs=0 l=1 rev1=1 crypto rx=0x7f80f8037cd0 tx=0x7f80f8037b90 comp rx=0 tx=0).stop
2026-02-19T23:05:22.453 INFO:teuthology.orchestra.run.trial016.stdout:/usr/bin/ceph: stderr
2026-02-19T23:05:22.427+0000 7f811216a640 1 -- 10.20.193.16:0/899891015 shutdown_connections
2026-02-19T23:05:22.453 INFO:teuthology.orchestra.run.trial016.stdout:/usr/bin/ceph: stderr
2026-02-19T23:05:22.427+0000 7f811216a640 1 --2- 10.20.193.16:0/899891015 >> [v2:10.20.193.16:6800/3176871908,v1:10.20.193.16:6801/3176871908] conn(0x7f80e003dba0 0x7f80e0040060 unknown :-1 s=CLOSED pgs=13 cs=0 l=1 rev1=1 crypto rx=0 tx=0 comp rx=0 tx=0).stop
2026-02-19T23:05:22.453 INFO:teuthology.orchestra.run.trial016.stdout:/usr/bin/ceph: stderr
2026-02-19T23:05:22.427+0000 7f811216a640 1 --2- 10.20.193.16:0/899891015 >> [v2:10.20.193.16:3300/0,v1:10.20.193.16:6789/0] conn(0x7f810c10aa20 0x7f810c1a0410 unknown :-1 s=CLOSED pgs=48 cs=0 l=1 rev1=1 crypto rx=0 tx=0 comp rx=0 tx=0).stop
2026-02-19T23:05:22.453 INFO:teuthology.orchestra.run.trial016.stdout:/usr/bin/ceph: stderr
2026-02-19T23:05:22.427+0000 7f811216a640 1 -- 10.20.193.16:0/899891015 >> 10.20.193.16:0/899891015 conn(0x7f810c07dab0 msgr2=0x7f810c108640 unknown :-1 s=STATE_NONE l=0).mark_down
2026-02-19T23:05:22.453 INFO:teuthology.orchestra.run.trial016.stdout:/usr/bin/ceph: stderr
2026-02-19T23:05:22.427+0000 7f811216a640 1 -- 10.20.193.16:0/899891015 shutdown_connections
2026-02-19T23:05:22.453 INFO:teuthology.orchestra.run.trial016.stdout:/usr/bin/ceph: stderr
2026-02-19T23:05:22.427+0000 7f811216a640 1 -- 10.20.193.16:0/899891015 wait complete.
2026-02-19T23:05:22.555 INFO:journalctl@ceph.mon.a.trial016.stdout:Feb 19 23:05:22 trial016 ceph-mon[40880]: Deploying cephadm binary to trial016
2026-02-19T23:05:22.556 INFO:journalctl@ceph.mon.a.trial016.stdout:Feb 19 23:05:22 trial016 ceph-mon[40880]: from='mgr.14118 10.20.193.16:0/4109217098' entity='mgr.x'
2026-02-19T23:05:22.556 INFO:journalctl@ceph.mon.a.trial016.stdout:Feb 19 23:05:22 trial016 ceph-mon[40880]: from='mgr.14118 10.20.193.16:0/4109217098' entity='mgr.x' cmd=[{"prefix": "config dump", "format": "json"}]: dispatch
2026-02-19T23:05:22.556 INFO:journalctl@ceph.mon.a.trial016.stdout:Feb 19 23:05:22 trial016 ceph-mon[40880]: from='mgr.14118 10.20.193.16:0/4109217098' entity='mgr.x'
2026-02-19T23:05:22.556 INFO:journalctl@ceph.mon.a.trial016.stdout:Feb 19 23:05:22 trial016 ceph-mon[40880]: from='mgr.14118 10.20.193.16:0/4109217098' entity='mgr.x'
2026-02-19T23:05:22.556 INFO:journalctl@ceph.mon.a.trial016.stdout:Feb 19 23:05:22 trial016 ceph-mon[40880]: from='mgr.14118 10.20.193.16:0/4109217098' entity='mgr.x'
2026-02-19T23:05:22.676 INFO:teuthology.orchestra.run.trial016.stdout:/usr/bin/ceph: stderr
2026-02-19T23:05:22.555+0000 7f7cfea76640 1 Processor -- start
2026-02-19T23:05:22.676 INFO:teuthology.orchestra.run.trial016.stdout:/usr/bin/ceph: stderr
2026-02-19T23:05:22.555+0000 7f7cfea76640 1 -- start start
2026-02-19T23:05:22.677 INFO:teuthology.orchestra.run.trial016.stdout:/usr/bin/ceph: stderr
2026-02-19T23:05:22.555+0000 7f7cfea76640 1 --2- >> [v2:10.20.193.16:3300/0,v1:10.20.193.16:6789/0] conn(0x7f7cf810a9d0 0x7f7cf810add0 unknown :-1 s=NONE pgs=0 cs=0 l=0 rev1=0 crypto rx=0 tx=0 comp rx=0 tx=0).connect
2026-02-19T23:05:22.677 INFO:teuthology.orchestra.run.trial016.stdout:/usr/bin/ceph: stderr
2026-02-19T23:05:22.555+0000 7f7cfea76640 1 -- --> [v2:10.20.193.16:3300/0,v1:10.20.193.16:6789/0] -- mon_getmap magic: 0 -- 0x7f7cf810b3a0 con 0x7f7cf810a9d0
2026-02-19T23:05:22.677 INFO:teuthology.orchestra.run.trial016.stdout:/usr/bin/ceph: stderr
2026-02-19T23:05:22.555+0000 7f7cf7fff640 1 --2- >> [v2:10.20.193.16:3300/0,v1:10.20.193.16:6789/0] conn(0x7f7cf810a9d0 0x7f7cf810add0 unknown :-1 s=BANNER_CONNECTING pgs=0 cs=0 l=0 rev1=0 crypto rx=0 tx=0 comp rx=0 tx=0)._handle_peer_banner_payload supported=3 required=0
2026-02-19T23:05:22.677 INFO:teuthology.orchestra.run.trial016.stdout:/usr/bin/ceph: stderr
2026-02-19T23:05:22.555+0000 7f7cf7fff640 1 --2- >> [v2:10.20.193.16:3300/0,v1:10.20.193.16:6789/0] conn(0x7f7cf810a9d0 0x7f7cf810add0 unknown :-1 s=HELLO_CONNECTING pgs=0 cs=0 l=0 rev1=1 crypto rx=0 tx=0 comp rx=0 tx=0).handle_hello peer v2:10.20.193.16:3300/0 says I am v2:10.20.193.16:42588/0 (socket says 10.20.193.16:42588)
2026-02-19T23:05:22.677 INFO:teuthology.orchestra.run.trial016.stdout:/usr/bin/ceph: stderr
2026-02-19T23:05:22.555+0000 7f7cf7fff640 1 -- 10.20.193.16:0/1389368362 learned_addr learned my addr 10.20.193.16:0/1389368362 (peer_addr_for_me v2:10.20.193.16:0/0)
2026-02-19T23:05:22.677 INFO:teuthology.orchestra.run.trial016.stdout:/usr/bin/ceph: stderr
2026-02-19T23:05:22.556+0000 7f7cf7fff640 1 -- 10.20.193.16:0/1389368362 --> [v2:10.20.193.16:3300/0,v1:10.20.193.16:6789/0] -- mon_subscribe({config=0+,monmap=0+}) -- 0x7f7cf810b7c0 con 0x7f7cf810a9d0
2026-02-19T23:05:22.677 INFO:teuthology.orchestra.run.trial016.stdout:/usr/bin/ceph: stderr
2026-02-19T23:05:22.556+0000 7f7cf7fff640 1 --2- 10.20.193.16:0/1389368362 >> [v2:10.20.193.16:3300/0,v1:10.20.193.16:6789/0] conn(0x7f7cf810a9d0 0x7f7cf810add0 secure :-1 s=READY pgs=49 cs=0 l=1 rev1=1 crypto rx=0x7f7ce4009920 tx=0x7f7ce402ef20 comp rx=0 tx=0).ready entity=mon.0 client_cookie=d9d17a2da8164b37 server_cookie=0 in_seq=0 out_seq=0
2026-02-19T23:05:22.677 INFO:teuthology.orchestra.run.trial016.stdout:/usr/bin/ceph: stderr
2026-02-19T23:05:22.556+0000 7f7cf6ffd640 1 -- 10.20.193.16:0/1389368362 <== mon.0 v2:10.20.193.16:3300/0 1 ==== mon_map magic: 0 ==== 205+0+0 (secure 0 0 0) 0x7f7ce403c070 con 0x7f7cf810a9d0
2026-02-19T23:05:22.677 INFO:teuthology.orchestra.run.trial016.stdout:/usr/bin/ceph: stderr
2026-02-19T23:05:22.556+0000 7f7cf6ffd640 1 -- 10.20.193.16:0/1389368362 <== mon.0 v2:10.20.193.16:3300/0 2 ==== config(26 keys) ==== 1076+0+0 (secure 0 0 0) 0x7f7ce4037440 con 0x7f7cf810a9d0
2026-02-19T23:05:22.677 INFO:teuthology.orchestra.run.trial016.stdout:/usr/bin/ceph: stderr
2026-02-19T23:05:22.556+0000 7f7cf6ffd640 1 -- 10.20.193.16:0/1389368362 <== mon.0 v2:10.20.193.16:3300/0 3 ==== mon_map magic: 0 ==== 205+0+0 (secure 0 0 0) 0x7f7ce40354d0 con 0x7f7cf810a9d0
2026-02-19T23:05:22.678 INFO:teuthology.orchestra.run.trial016.stdout:/usr/bin/ceph: stderr
2026-02-19T23:05:22.556+0000 7f7cfea76640 1 -- 10.20.193.16:0/1389368362 >> [v2:10.20.193.16:3300/0,v1:10.20.193.16:6789/0] conn(0x7f7cf810a9d0 msgr2=0x7f7cf810add0 secure :-1 s=STATE_CONNECTION_ESTABLISHED l=1).mark_down
2026-02-19T23:05:22.678 INFO:teuthology.orchestra.run.trial016.stdout:/usr/bin/ceph: stderr
2026-02-19T23:05:22.556+0000 7f7cfea76640 1 --2- 10.20.193.16:0/1389368362 >> [v2:10.20.193.16:3300/0,v1:10.20.193.16:6789/0] conn(0x7f7cf810a9d0 0x7f7cf810add0 secure :-1 s=READY pgs=49 cs=0 l=1 rev1=1 crypto rx=0x7f7ce4009920 tx=0x7f7ce402ef20 comp rx=0 tx=0).stop
2026-02-19T23:05:22.678 INFO:teuthology.orchestra.run.trial016.stdout:/usr/bin/ceph: stderr
2026-02-19T23:05:22.557+0000 7f7cfea76640 1 -- 10.20.193.16:0/1389368362 shutdown_connections
2026-02-19T23:05:22.678 INFO:teuthology.orchestra.run.trial016.stdout:/usr/bin/ceph: stderr
2026-02-19T23:05:22.557+0000 7f7cfea76640 1 --2- 10.20.193.16:0/1389368362 >> [v2:10.20.193.16:3300/0,v1:10.20.193.16:6789/0] conn(0x7f7cf810a9d0 0x7f7cf810add0 unknown :-1 s=CLOSED pgs=49 cs=0 l=1 rev1=1 crypto rx=0 tx=0 comp rx=0 tx=0).stop
2026-02-19T23:05:22.678 INFO:teuthology.orchestra.run.trial016.stdout:/usr/bin/ceph: stderr
2026-02-19T23:05:22.557+0000 7f7cfea76640 1 -- 10.20.193.16:0/1389368362 >> 10.20.193.16:0/1389368362 conn(0x7f7cf807dad0 msgr2=0x7f7cf807dee0 unknown :-1 s=STATE_NONE l=0).mark_down
2026-02-19T23:05:22.678 INFO:teuthology.orchestra.run.trial016.stdout:/usr/bin/ceph: stderr
2026-02-19T23:05:22.557+0000 7f7cfea76640 1 -- 10.20.193.16:0/1389368362 shutdown_connections
2026-02-19T23:05:22.678 INFO:teuthology.orchestra.run.trial016.stdout:/usr/bin/ceph: stderr
2026-02-19T23:05:22.557+0000 7f7cfea76640 1 -- 10.20.193.16:0/1389368362 wait complete.
2026-02-19T23:05:22.678 INFO:teuthology.orchestra.run.trial016.stdout:/usr/bin/ceph: stderr
2026-02-19T23:05:22.557+0000 7f7cfea76640 1 Processor -- start
2026-02-19T23:05:22.678 INFO:teuthology.orchestra.run.trial016.stdout:/usr/bin/ceph: stderr
2026-02-19T23:05:22.557+0000 7f7cfea76640 1 -- start start
2026-02-19T23:05:22.678 INFO:teuthology.orchestra.run.trial016.stdout:/usr/bin/ceph: stderr
2026-02-19T23:05:22.557+0000 7f7cfea76640 1 --2- >> [v2:10.20.193.16:3300/0,v1:10.20.193.16:6789/0] conn(0x7f7cf810a9d0 0x7f7cf81a0470 unknown :-1 s=NONE pgs=0 cs=0 l=1 rev1=0 crypto rx=0 tx=0 comp rx=0 tx=0).connect
2026-02-19T23:05:22.678 INFO:teuthology.orchestra.run.trial016.stdout:/usr/bin/ceph: stderr
2026-02-19T23:05:22.557+0000 7f7cfea76640 1 -- --> [v2:10.20.193.16:3300/0,v1:10.20.193.16:6789/0] -- mon_getmap magic: 0 -- 0x7f7cf810eb70 con 0x7f7cf810a9d0
2026-02-19T23:05:22.678 INFO:teuthology.orchestra.run.trial016.stdout:/usr/bin/ceph: stderr
2026-02-19T23:05:22.557+0000 7f7cf7fff640 1 --2- >> [v2:10.20.193.16:3300/0,v1:10.20.193.16:6789/0] conn(0x7f7cf810a9d0 0x7f7cf81a0470 unknown :-1 s=BANNER_CONNECTING pgs=0 cs=0 l=1 rev1=0 crypto rx=0 tx=0 comp rx=0 tx=0)._handle_peer_banner_payload supported=3 required=0
2026-02-19T23:05:22.679 INFO:teuthology.orchestra.run.trial016.stdout:/usr/bin/ceph: stderr
2026-02-19T23:05:22.557+0000 7f7cf7fff640 1 --2- >> [v2:10.20.193.16:3300/0,v1:10.20.193.16:6789/0] conn(0x7f7cf810a9d0 0x7f7cf81a0470 unknown :-1 s=HELLO_CONNECTING pgs=0 cs=0 l=1 rev1=1 crypto rx=0 tx=0 comp rx=0 tx=0).handle_hello peer v2:10.20.193.16:3300/0 says I am v2:10.20.193.16:42604/0 (socket says 10.20.193.16:42604)
2026-02-19T23:05:22.679 INFO:teuthology.orchestra.run.trial016.stdout:/usr/bin/ceph: stderr
2026-02-19T23:05:22.557+0000 7f7cf7fff640 1 -- 10.20.193.16:0/559510415 learned_addr learned my addr 10.20.193.16:0/559510415 (peer_addr_for_me v2:10.20.193.16:0/0)
2026-02-19T23:05:22.679 INFO:teuthology.orchestra.run.trial016.stdout:/usr/bin/ceph: stderr
2026-02-19T23:05:22.557+0000 7f7cf7fff640 1 -- 10.20.193.16:0/559510415 --> [v2:10.20.193.16:3300/0,v1:10.20.193.16:6789/0] -- mon_subscribe({config=0+,monmap=0+}) -- 0x7f7cf81a09b0 con 0x7f7cf810a9d0
2026-02-19T23:05:22.679 INFO:teuthology.orchestra.run.trial016.stdout:/usr/bin/ceph: stderr
2026-02-19T23:05:22.557+0000 7f7cf7fff640 1 --2- 10.20.193.16:0/559510415 >> [v2:10.20.193.16:3300/0,v1:10.20.193.16:6789/0] conn(0x7f7cf810a9d0 0x7f7cf81a0470 secure :-1 s=READY pgs=50 cs=0 l=1 rev1=1 crypto rx=0x7f7ce4002410 tx=0x7f7ce4037820 comp rx=0 tx=0).ready entity=mon.0 client_cookie=0 server_cookie=0 in_seq=0 out_seq=0
2026-02-19T23:05:22.679 INFO:teuthology.orchestra.run.trial016.stdout:/usr/bin/ceph: stderr
2026-02-19T23:05:22.558+0000 7f7cf57fa640 1 -- 10.20.193.16:0/559510415 <== mon.0 v2:10.20.193.16:3300/0 1 ==== mon_map magic: 0 ==== 205+0+0 (secure 0 0 0) 0x7f7ce4047070 con 0x7f7cf810a9d0
2026-02-19T23:05:22.679 INFO:teuthology.orchestra.run.trial016.stdout:/usr/bin/ceph: stderr
2026-02-19T23:05:22.558+0000 7f7cf57fa640 1 -- 10.20.193.16:0/559510415 <== mon.0 v2:10.20.193.16:3300/0 2 ==== config(26 keys) ==== 1076+0+0 (secure 0 0 0) 0x7f7ce4035e80 con 0x7f7cf810a9d0
2026-02-19T23:05:22.679 INFO:teuthology.orchestra.run.trial016.stdout:/usr/bin/ceph: stderr
2026-02-19T23:05:22.558+0000 7f7cfea76640 1 -- 10.20.193.16:0/559510415 --> [v2:10.20.193.16:3300/0,v1:10.20.193.16:6789/0] -- mon_subscribe({mgrmap=0+}) -- 0x7f7cf81a0c40 con 0x7f7cf810a9d0
2026-02-19T23:05:22.679 INFO:teuthology.orchestra.run.trial016.stdout:/usr/bin/ceph: stderr
2026-02-19T23:05:22.558+0000 7f7cf57fa640 1 -- 10.20.193.16:0/559510415 <== mon.0 v2:10.20.193.16:3300/0 3 ==== mon_map magic: 0 ==== 205+0+0 (secure 0 0 0) 0x7f7ce403c070 con 0x7f7cf810a9d0
2026-02-19T23:05:22.679 INFO:teuthology.orchestra.run.trial016.stdout:/usr/bin/ceph: stderr
2026-02-19T23:05:22.558+0000 7f7cfea76640 1 -- 10.20.193.16:0/559510415 --> [v2:10.20.193.16:3300/0,v1:10.20.193.16:6789/0] -- mon_subscribe({osdmap=0}) -- 0x7f7cf81a3930 con 0x7f7cf810a9d0
2026-02-19T23:05:22.679 INFO:teuthology.orchestra.run.trial016.stdout:/usr/bin/ceph: stderr
2026-02-19T23:05:22.558+0000 7f7cf57fa640 1 -- 10.20.193.16:0/559510415 <== mon.0 v2:10.20.193.16:3300/0 4 ==== mgrmap(e 8) ==== 50247+0+0 (secure 0 0 0) 0x7f7ce404c460 con 0x7f7cf810a9d0
2026-02-19T23:05:22.679 INFO:teuthology.orchestra.run.trial016.stdout:/usr/bin/ceph: stderr
2026-02-19T23:05:22.558+0000 7f7cfea76640 1 -- 10.20.193.16:0/559510415 --> [v2:10.20.193.16:3300/0,v1:10.20.193.16:6789/0] -- mon_command({"prefix": "get_command_descriptions"} v 0) -- 0x7f7cf810ae50 con 0x7f7cf810a9d0
2026-02-19T23:05:22.679 INFO:teuthology.orchestra.run.trial016.stdout:/usr/bin/ceph: stderr
2026-02-19T23:05:22.558+0000 7f7cf57fa640 1 --2- 10.20.193.16:0/559510415 >> [v2:10.20.193.16:6800/3176871908,v1:10.20.193.16:6801/3176871908] conn(0x7f7ccc03dba0 0x7f7ccc040060 unknown :-1 s=NONE pgs=0 cs=0 l=1 rev1=0 crypto rx=0 tx=0 comp rx=0 tx=0).connect
2026-02-19T23:05:22.680 INFO:teuthology.orchestra.run.trial016.stdout:/usr/bin/ceph: stderr
2026-02-19T23:05:22.558+0000 7f7cf57fa640 1 -- 10.20.193.16:0/559510415 <== mon.0 v2:10.20.193.16:3300/0 5 ==== osd_map(2..2 src has 1..2) ==== 940+0+0 (secure 0 0 0) 0x7f7ce4076900 con 0x7f7cf810a9d0
2026-02-19T23:05:22.680 INFO:teuthology.orchestra.run.trial016.stdout:/usr/bin/ceph: stderr
2026-02-19T23:05:22.558+0000 7f7cf77fe640 1 --2- 10.20.193.16:0/559510415 >> [v2:10.20.193.16:6800/3176871908,v1:10.20.193.16:6801/3176871908] conn(0x7f7ccc03dba0 0x7f7ccc040060 unknown :-1 s=BANNER_CONNECTING pgs=0 cs=0 l=1 rev1=0 crypto rx=0 tx=0 comp rx=0 tx=0)._handle_peer_banner_payload supported=3 required=0
2026-02-19T23:05:22.680 INFO:teuthology.orchestra.run.trial016.stdout:/usr/bin/ceph: stderr
2026-02-19T23:05:22.559+0000 7f7cf77fe640 1 --2- 10.20.193.16:0/559510415 >> [v2:10.20.193.16:6800/3176871908,v1:10.20.193.16:6801/3176871908] conn(0x7f7ccc03dba0 0x7f7ccc040060 secure :-1 s=READY pgs=14 cs=0 l=1 rev1=1 crypto rx=0x7f7ce80099c0 tx=0x7f7ce8006eb0 comp rx=0 tx=0).ready entity=mgr.14118 client_cookie=0 server_cookie=0 in_seq=0 out_seq=0
2026-02-19T23:05:22.680 INFO:teuthology.orchestra.run.trial016.stdout:/usr/bin/ceph: stderr
2026-02-19T23:05:22.561+0000 7f7cf57fa640 1 -- 10.20.193.16:0/559510415 <== mon.0 v2:10.20.193.16:3300/0 6 ==== mon_command_ack([{"prefix": "get_command_descriptions"}]=0 v0) ==== 72+0+195034 (secure 0 0 0) 0x7f7ce403c210 con 0x7f7cf810a9d0
2026-02-19T23:05:22.680 INFO:teuthology.orchestra.run.trial016.stdout:/usr/bin/ceph: stderr
2026-02-19T23:05:22.648+0000 7f7cfea76640 1 -- 10.20.193.16:0/559510415 --> [v2:10.20.193.16:3300/0,v1:10.20.193.16:6789/0] -- mon_command([{prefix=config set, name=mgr/cephadm/container_init}] v 0) -- 0x7f7cf81a3fd0 con 0x7f7cf810a9d0
2026-02-19T23:05:22.680 INFO:teuthology.orchestra.run.trial016.stdout:/usr/bin/ceph: stderr
2026-02-19T23:05:22.649+0000 7f7cf57fa640 1 -- 10.20.193.16:0/559510415 <== mon.0 v2:10.20.193.16:3300/0 7 ==== mon_command_ack([{prefix=config set, name=mgr/cephadm/container_init}]=0 v7)=0 v7) ==== 142+0+0 (secure 0 0 0) 0x7f7ce404ac60 con 0x7f7cf810a9d0
2026-02-19T23:05:22.680 INFO:teuthology.orchestra.run.trial016.stdout:/usr/bin/ceph: stderr
2026-02-19T23:05:22.651+0000 7f7cfea76640 1 -- 10.20.193.16:0/559510415 >> [v2:10.20.193.16:6800/3176871908,v1:10.20.193.16:6801/3176871908] conn(0x7f7ccc03dba0 msgr2=0x7f7ccc040060 secure :-1 s=STATE_CONNECTION_ESTABLISHED l=1).mark_down
2026-02-19T23:05:22.680 INFO:teuthology.orchestra.run.trial016.stdout:/usr/bin/ceph: stderr
2026-02-19T23:05:22.651+0000 7f7cfea76640 1 --2- 10.20.193.16:0/559510415 >> [v2:10.20.193.16:6800/3176871908,v1:10.20.193.16:6801/3176871908] conn(0x7f7ccc03dba0 0x7f7ccc040060 secure :-1 s=READY pgs=14 cs=0 l=1 rev1=1 crypto rx=0x7f7ce80099c0 tx=0x7f7ce8006eb0 comp rx=0 tx=0).stop
2026-02-19T23:05:22.680 INFO:teuthology.orchestra.run.trial016.stdout:/usr/bin/ceph: stderr
2026-02-19T23:05:22.651+0000 7f7cfea76640 1 -- 10.20.193.16:0/559510415 >> [v2:10.20.193.16:3300/0,v1:10.20.193.16:6789/0] conn(0x7f7cf810a9d0 msgr2=0x7f7cf81a0470 secure :-1 s=STATE_CONNECTION_ESTABLISHED l=1).mark_down
2026-02-19T23:05:22.680 INFO:teuthology.orchestra.run.trial016.stdout:/usr/bin/ceph: stderr
2026-02-19T23:05:22.651+0000 7f7cfea76640 1 --2- 10.20.193.16:0/559510415 >> [v2:10.20.193.16:3300/0,v1:10.20.193.16:6789/0] conn(0x7f7cf810a9d0 0x7f7cf81a0470 secure :-1 s=READY pgs=50 cs=0 l=1 rev1=1 crypto rx=0x7f7ce4002410 tx=0x7f7ce4037820 comp rx=0 tx=0).stop
2026-02-19T23:05:22.680 INFO:teuthology.orchestra.run.trial016.stdout:/usr/bin/ceph: stderr
2026-02-19T23:05:22.651+0000 7f7cfea76640 1 -- 10.20.193.16:0/559510415 shutdown_connections
2026-02-19T23:05:22.681 INFO:teuthology.orchestra.run.trial016.stdout:/usr/bin/ceph: stderr
2026-02-19T23:05:22.651+0000 7f7cfea76640 1 --2- 10.20.193.16:0/559510415 >> [v2:10.20.193.16:6800/3176871908,v1:10.20.193.16:6801/3176871908] conn(0x7f7ccc03dba0 0x7f7ccc040060 unknown :-1 s=CLOSED pgs=14 cs=0 l=1 rev1=1 crypto rx=0 tx=0 comp rx=0 tx=0).stop
2026-02-19T23:05:22.681 INFO:teuthology.orchestra.run.trial016.stdout:/usr/bin/ceph: stderr
2026-02-19T23:05:22.651+0000 7f7cfea76640 1 --2- 10.20.193.16:0/559510415 >> [v2:10.20.193.16:3300/0,v1:10.20.193.16:6789/0] conn(0x7f7cf810a9d0 0x7f7cf81a0470 unknown :-1 s=CLOSED pgs=50 cs=0 l=1 rev1=1 crypto rx=0 tx=0 comp rx=0 tx=0).stop
2026-02-19T23:05:22.681 INFO:teuthology.orchestra.run.trial016.stdout:/usr/bin/ceph: stderr
2026-02-19T23:05:22.651+0000 7f7cfea76640 1 -- 10.20.193.16:0/559510415 >> 10.20.193.16:0/559510415 conn(0x7f7cf807dad0 msgr2=0x7f7cf81086a0 unknown :-1 s=STATE_NONE l=0).mark_down
2026-02-19T23:05:22.681 INFO:teuthology.orchestra.run.trial016.stdout:/usr/bin/ceph: stderr
2026-02-19T23:05:22.651+0000 7f7cfea76640 1 -- 10.20.193.16:0/559510415 shutdown_connections
2026-02-19T23:05:22.681 INFO:teuthology.orchestra.run.trial016.stdout:/usr/bin/ceph: stderr
2026-02-19T23:05:22.651+0000 7f7cfea76640 1 -- 10.20.193.16:0/559510415 wait complete.
2026-02-19T23:05:22.895 INFO:teuthology.orchestra.run.trial016.stdout:/usr/bin/ceph: stderr
2026-02-19T23:05:22.777+0000 7f339cc9a640 1 Processor -- start
2026-02-19T23:05:22.895 INFO:teuthology.orchestra.run.trial016.stdout:/usr/bin/ceph: stderr
2026-02-19T23:05:22.777+0000 7f339cc9a640 1 -- start start
2026-02-19T23:05:22.895 INFO:teuthology.orchestra.run.trial016.stdout:/usr/bin/ceph: stderr
2026-02-19T23:05:22.777+0000 7f339cc9a640 1 --2- >> [v2:10.20.193.16:3300/0,v1:10.20.193.16:6789/0] conn(0x7f3398108310 0x7f3398108710 unknown :-1 s=NONE pgs=0 cs=0 l=0 rev1=0 crypto rx=0 tx=0 comp rx=0 tx=0).connect
2026-02-19T23:05:22.895 INFO:teuthology.orchestra.run.trial016.stdout:/usr/bin/ceph: stderr
2026-02-19T23:05:22.777+0000 7f339cc9a640 1 -- --> [v2:10.20.193.16:3300/0,v1:10.20.193.16:6789/0] -- mon_getmap magic: 0 -- 0x7f3398108ce0 con 0x7f3398108310
2026-02-19T23:05:22.895 INFO:teuthology.orchestra.run.trial016.stdout:/usr/bin/ceph: stderr
2026-02-19T23:05:22.777+0000 7f3396575640 1 --2- >> [v2:10.20.193.16:3300/0,v1:10.20.193.16:6789/0] conn(0x7f3398108310 0x7f3398108710 unknown :-1 s=BANNER_CONNECTING pgs=0 cs=0 l=0 rev1=0 crypto rx=0 tx=0 comp rx=0 tx=0)._handle_peer_banner_payload supported=3 required=0
2026-02-19T23:05:22.895 INFO:teuthology.orchestra.run.trial016.stdout:/usr/bin/ceph: stderr
2026-02-19T23:05:22.777+0000 7f3396575640 1 --2- >> [v2:10.20.193.16:3300/0,v1:10.20.193.16:6789/0] conn(0x7f3398108310 0x7f3398108710 unknown :-1 s=HELLO_CONNECTING pgs=0 cs=0 l=0 rev1=1 crypto rx=0 tx=0 comp rx=0 tx=0).handle_hello peer v2:10.20.193.16:3300/0 says I am v2:10.20.193.16:42612/0 (socket says 10.20.193.16:42612)
2026-02-19T23:05:22.896 INFO:teuthology.orchestra.run.trial016.stdout:/usr/bin/ceph: stderr
2026-02-19T23:05:22.777+0000 7f3396575640 1 -- 10.20.193.16:0/2721454013 learned_addr learned my addr 10.20.193.16:0/2721454013 (peer_addr_for_me v2:10.20.193.16:0/0)
2026-02-19T23:05:22.896 INFO:teuthology.orchestra.run.trial016.stdout:/usr/bin/ceph: stderr
2026-02-19T23:05:22.778+0000 7f3396575640 1 -- 10.20.193.16:0/2721454013 --> [v2:10.20.193.16:3300/0,v1:10.20.193.16:6789/0] -- mon_subscribe({config=0+,monmap=0+}) -- 0x7f3398109510 con 0x7f3398108310
2026-02-19T23:05:22.896 INFO:teuthology.orchestra.run.trial016.stdout:/usr/bin/ceph: stderr
2026-02-19T23:05:22.778+0000 7f3396575640 1 --2- 10.20.193.16:0/2721454013 >> [v2:10.20.193.16:3300/0,v1:10.20.193.16:6789/0] conn(0x7f3398108310 0x7f3398108710 secure :-1 s=READY pgs=51 cs=0 l=1 rev1=1 crypto rx=0x7f338c009920 tx=0x7f338c02ef20 comp rx=0 tx=0).ready entity=mon.0 client_cookie=232b6f44e47edeac server_cookie=0 in_seq=0 out_seq=0
2026-02-19T23:05:22.896 INFO:teuthology.orchestra.run.trial016.stdout:/usr/bin/ceph: stderr
2026-02-19T23:05:22.778+0000 7f3395573640 1 -- 10.20.193.16:0/2721454013 <== mon.0 v2:10.20.193.16:3300/0 1 ==== mon_map magic: 0 ==== 205+0+0 (secure 0 0 0) 0x7f338c03c070 con 0x7f3398108310
2026-02-19T23:05:22.896 INFO:teuthology.orchestra.run.trial016.stdout:/usr/bin/ceph: stderr
2026-02-19T23:05:22.778+0000 7f3395573640 1 -- 10.20.193.16:0/2721454013 <== mon.0 v2:10.20.193.16:3300/0 2 ==== config(26 keys) ==== 1076+0+0 (secure 0 0 0) 0x7f338c037440 con 0x7f3398108310
2026-02-19T23:05:22.896 INFO:teuthology.orchestra.run.trial016.stdout:/usr/bin/ceph: stderr
2026-02-19T23:05:22.778+0000 7f3395573640 1 -- 10.20.193.16:0/2721454013 <== mon.0 v2:10.20.193.16:3300/0 3 ==== mon_map magic: 0 ==== 205+0+0 (secure 0 0 0) 0x7f338c0354d0 con 0x7f3398108310
2026-02-19T23:05:22.896 INFO:teuthology.orchestra.run.trial016.stdout:/usr/bin/ceph: stderr
2026-02-19T23:05:22.778+0000 7f339cc9a640 1 -- 10.20.193.16:0/2721454013 >> [v2:10.20.193.16:3300/0,v1:10.20.193.16:6789/0] conn(0x7f3398108310 msgr2=0x7f3398108710 secure :-1 s=STATE_CONNECTION_ESTABLISHED l=1).mark_down
2026-02-19T23:05:22.896 INFO:teuthology.orchestra.run.trial016.stdout:/usr/bin/ceph: stderr
2026-02-19T23:05:22.778+0000 7f339cc9a640 1 --2- 10.20.193.16:0/2721454013 >> [v2:10.20.193.16:3300/0,v1:10.20.193.16:6789/0] conn(0x7f3398108310 0x7f3398108710 secure :-1 s=READY pgs=51 cs=0 l=1 rev1=1 crypto rx=0x7f338c009920 tx=0x7f338c02ef20 comp rx=0 tx=0).stop
2026-02-19T23:05:22.896 INFO:teuthology.orchestra.run.trial016.stdout:/usr/bin/ceph: stderr
2026-02-19T23:05:22.778+0000 7f339cc9a640 1 -- 10.20.193.16:0/2721454013 shutdown_connections
2026-02-19T23:05:22.896 INFO:teuthology.orchestra.run.trial016.stdout:/usr/bin/ceph: stderr
2026-02-19T23:05:22.778+0000 7f339cc9a640 1 --2- 10.20.193.16:0/2721454013 >> [v2:10.20.193.16:3300/0,v1:10.20.193.16:6789/0] conn(0x7f3398108310 0x7f3398108710 unknown :-1 s=CLOSED pgs=51 cs=0 l=1 rev1=1 crypto rx=0 tx=0 comp rx=0 tx=0).stop
2026-02-19T23:05:22.896 INFO:teuthology.orchestra.run.trial016.stdout:/usr/bin/ceph: stderr
2026-02-19T23:05:22.778+0000 7f339cc9a640 1 -- 10.20.193.16:0/2721454013 >> 10.20.193.16:0/2721454013 conn(0x7f3398103ae0 msgr2=0x7f3398105f00 unknown :-1 s=STATE_NONE l=0).mark_down
2026-02-19T23:05:22.897 INFO:teuthology.orchestra.run.trial016.stdout:/usr/bin/ceph: stderr
2026-02-19T23:05:22.778+0000 7f339cc9a640 1 -- 10.20.193.16:0/2721454013 shutdown_connections
2026-02-19T23:05:22.897 INFO:teuthology.orchestra.run.trial016.stdout:/usr/bin/ceph: stderr
2026-02-19T23:05:22.778+0000 7f339cc9a640 1 -- 10.20.193.16:0/2721454013 wait complete.
2026-02-19T23:05:22.897 INFO:teuthology.orchestra.run.trial016.stdout:/usr/bin/ceph: stderr
2026-02-19T23:05:22.779+0000 7f339cc9a640 1 Processor -- start
2026-02-19T23:05:22.897 INFO:teuthology.orchestra.run.trial016.stdout:/usr/bin/ceph: stderr
2026-02-19T23:05:22.779+0000 7f339cc9a640 1 -- start start
2026-02-19T23:05:22.897 INFO:teuthology.orchestra.run.trial016.stdout:/usr/bin/ceph: stderr
2026-02-19T23:05:22.779+0000 7f339cc9a640 1 --2- >> [v2:10.20.193.16:3300/0,v1:10.20.193.16:6789/0] conn(0x7f3398108310 0x7f33981a0400 unknown :-1 s=NONE pgs=0 cs=0 l=1 rev1=0 crypto rx=0 tx=0 comp rx=0 tx=0).connect
2026-02-19T23:05:22.897 INFO:teuthology.orchestra.run.trial016.stdout:/usr/bin/ceph: stderr
2026-02-19T23:05:22.779+0000 7f339cc9a640 1 -- --> [v2:10.20.193.16:3300/0,v1:10.20.193.16:6789/0] -- mon_getmap magic: 0 -- 0x7f339810c8c0 con 0x7f3398108310
2026-02-19T23:05:22.897 INFO:teuthology.orchestra.run.trial016.stdout:/usr/bin/ceph: stderr
2026-02-19T23:05:22.779+0000 7f3396575640 1 --2- >> [v2:10.20.193.16:3300/0,v1:10.20.193.16:6789/0] conn(0x7f3398108310 0x7f33981a0400 unknown :-1 s=BANNER_CONNECTING pgs=0 cs=0 l=1 rev1=0 crypto rx=0 tx=0 comp rx=0 tx=0)._handle_peer_banner_payload supported=3 required=0
2026-02-19T23:05:22.897 INFO:teuthology.orchestra.run.trial016.stdout:/usr/bin/ceph: stderr
2026-02-19T23:05:22.779+0000 7f3396575640 1 --2- >> [v2:10.20.193.16:3300/0,v1:10.20.193.16:6789/0] conn(0x7f3398108310 0x7f33981a0400 unknown :-1 s=HELLO_CONNECTING pgs=0 cs=0 l=1 rev1=1 crypto rx=0 tx=0 comp rx=0 tx=0).handle_hello peer v2:10.20.193.16:3300/0 says I am v2:10.20.193.16:42626/0 (socket says 10.20.193.16:42626)
2026-02-19T23:05:22.897 INFO:teuthology.orchestra.run.trial016.stdout:/usr/bin/ceph: stderr
2026-02-19T23:05:22.779+0000 7f3396575640 1 -- 10.20.193.16:0/2238953342 learned_addr learned my addr 10.20.193.16:0/2238953342 (peer_addr_for_me v2:10.20.193.16:0/0)
2026-02-19T23:05:22.897 INFO:teuthology.orchestra.run.trial016.stdout:/usr/bin/ceph: stderr
2026-02-19T23:05:22.779+0000 7f3396575640 1 -- 10.20.193.16:0/2238953342 --> [v2:10.20.193.16:3300/0,v1:10.20.193.16:6789/0] -- mon_subscribe({config=0+,monmap=0+}) -- 0x7f33981a0940 con 0x7f3398108310
2026-02-19T23:05:22.897 INFO:teuthology.orchestra.run.trial016.stdout:/usr/bin/ceph: stderr
2026-02-19T23:05:22.779+0000 7f3396575640 1 --2- 10.20.193.16:0/2238953342 >> [v2:10.20.193.16:3300/0,v1:10.20.193.16:6789/0] conn(0x7f3398108310 0x7f33981a0400 secure :-1 s=READY pgs=52 cs=0 l=1 rev1=1 crypto rx=0x7f338c039000 tx=0x7f338c037820 comp rx=0 tx=0).ready entity=mon.0 client_cookie=0 server_cookie=0 in_seq=0 out_seq=0
2026-02-19T23:05:22.898 INFO:teuthology.orchestra.run.trial016.stdout:/usr/bin/ceph: stderr
2026-02-19T23:05:22.779+0000 7f337f7fe640 1 -- 10.20.193.16:0/2238953342 <== mon.0 v2:10.20.193.16:3300/0 1 ==== mon_map magic: 0 ==== 205+0+0 (secure 0 0 0) 0x7f338c047070 con 0x7f3398108310
2026-02-19T23:05:22.898 INFO:teuthology.orchestra.run.trial016.stdout:/usr/bin/ceph: stderr
2026-02-19T23:05:22.779+0000 7f337f7fe640 1 -- 10.20.193.16:0/2238953342 <== mon.0 v2:10.20.193.16:3300/0 2 ==== config(26 keys) ==== 1076+0+0 (secure 0 0 0) 0x7f338c035df0 con 0x7f3398108310
2026-02-19T23:05:22.898 INFO:teuthology.orchestra.run.trial016.stdout:/usr/bin/ceph: stderr
2026-02-19T23:05:22.779+0000 7f339cc9a640 1 -- 10.20.193.16:0/2238953342 --> [v2:10.20.193.16:3300/0,v1:10.20.193.16:6789/0] -- mon_subscribe({mgrmap=0+}) -- 0x7f33981a0bd0 con 0x7f3398108310
2026-02-19T23:05:22.898 INFO:teuthology.orchestra.run.trial016.stdout:/usr/bin/ceph: stderr
2026-02-19T23:05:22.779+0000 7f337f7fe640 1 -- 10.20.193.16:0/2238953342 <== mon.0 v2:10.20.193.16:3300/0 3 ==== mon_map magic: 0 ==== 205+0+0 (secure 0 0 0) 0x7f338c03c070 con 0x7f3398108310
2026-02-19T23:05:22.898 INFO:teuthology.orchestra.run.trial016.stdout:/usr/bin/ceph: stderr
2026-02-19T23:05:22.779+0000 7f339cc9a640 1 -- 10.20.193.16:0/2238953342 --> [v2:10.20.193.16:3300/0,v1:10.20.193.16:6789/0] -- mon_subscribe({osdmap=0}) -- 0x7f33981a38c0 con 0x7f3398108310
2026-02-19T23:05:22.898 INFO:teuthology.orchestra.run.trial016.stdout:/usr/bin/ceph: stderr
2026-02-19T23:05:22.780+0000 7f339cc9a640 1 -- 10.20.193.16:0/2238953342 --> [v2:10.20.193.16:3300/0,v1:10.20.193.16:6789/0] -- mon_command({"prefix": "get_command_descriptions"} v 0) -- 0x7f339810ca40 con 0x7f3398108310
2026-02-19T23:05:22.898 INFO:teuthology.orchestra.run.trial016.stdout:/usr/bin/ceph: stderr
2026-02-19T23:05:22.780+0000 7f337f7fe640 1 -- 10.20.193.16:0/2238953342 <== mon.0 v2:10.20.193.16:3300/0 4 ==== mgrmap(e 8) ==== 50247+0+0 (secure 0 0 0) 0x7f338c035950 con 0x7f3398108310
2026-02-19T23:05:22.898 INFO:teuthology.orchestra.run.trial016.stdout:/usr/bin/ceph: stderr
2026-02-19T23:05:22.780+0000 7f337f7fe640 1 --2- 10.20.193.16:0/2238953342 >> [v2:10.20.193.16:6800/3176871908,v1:10.20.193.16:6801/3176871908] conn(0x7f337003dbf0 0x7f33700400b0 unknown :-1 s=NONE pgs=0 cs=0 l=1 rev1=0 crypto rx=0 tx=0 comp rx=0 tx=0).connect
2026-02-19T23:05:22.898 INFO:teuthology.orchestra.run.trial016.stdout:/usr/bin/ceph: stderr
2026-02-19T23:05:22.780+0000 7f337f7fe640 1 -- 10.20.193.16:0/2238953342 <== mon.0 v2:10.20.193.16:3300/0 5 ==== osd_map(2..2 src has 1..2) ==== 940+0+0 (secure 0 0 0) 0x7f338c0768d0 con 0x7f3398108310
