2026-02-19T23:06:51.224+0000 7fcd36ffd640 1 -- 10.20.193.127:0/388420260 <== mon.0 v2:10.20.193.127:3300/0 2 ==== config(25 keys) ==== 1038+0+0 (secure 0 0 0) 0x7fcd38035e50 con 0x7fcd4807dea0
2026-02-19T23:06:51.344 INFO:teuthology.orchestra.run.trial127.stdout:/usr/bin/ceph: stderr
2026-02-19T23:06:51.224+0000 7fcd36ffd640 1 -- 10.20.193.127:0/388420260 <== mon.0 v2:10.20.193.127:3300/0 3 ==== mon_map magic: 0 ==== 205+0+0 (secure 0 0 0) 0x7fcd3803c070 con 0x7fcd4807dea0
2026-02-19T23:06:51.344 INFO:teuthology.orchestra.run.trial127.stdout:/usr/bin/ceph: stderr
2026-02-19T23:06:51.224+0000 7fcd4ee5f640 1 -- 10.20.193.127:0/388420260 --> [v2:10.20.193.127:3300/0,v1:10.20.193.127:6789/0] -- mon_subscribe({mgrmap=0+}) -- 0x7fcd481a06b0 con 0x7fcd4807dea0
2026-02-19T23:06:51.344 INFO:teuthology.orchestra.run.trial127.stdout:/usr/bin/ceph: stderr
2026-02-19T23:06:51.224+0000 7fcd4ee5f640 1 -- 10.20.193.127:0/388420260 --> [v2:10.20.193.127:3300/0,v1:10.20.193.127:6789/0] -- mon_subscribe({osdmap=0}) -- 0x7fcd481a33a0 con 0x7fcd4807dea0
2026-02-19T23:06:51.344 INFO:teuthology.orchestra.run.trial127.stdout:/usr/bin/ceph: stderr
2026-02-19T23:06:51.225+0000 7fcd4ee5f640 1 -- 10.20.193.127:0/388420260 --> [v2:10.20.193.127:3300/0,v1:10.20.193.127:6789/0] -- mon_command({"prefix": "get_command_descriptions"} v 0) -- 0x7fcd4807c3d0 con 0x7fcd4807dea0
2026-02-19T23:06:51.344 INFO:teuthology.orchestra.run.trial127.stdout:/usr/bin/ceph: stderr
2026-02-19T23:06:51.225+0000 7fcd36ffd640 1 -- 10.20.193.127:0/388420260 <== mon.0 v2:10.20.193.127:3300/0 4 ==== mgrmap(e 8) ==== 50247+0+0 (secure 0 0 0) 0x7fcd380359e0 con 0x7fcd4807dea0
2026-02-19T23:06:51.344 INFO:teuthology.orchestra.run.trial127.stdout:/usr/bin/ceph: stderr
2026-02-19T23:06:51.225+0000 7fcd36ffd640 1 --2- 10.20.193.127:0/388420260 >> [v2:10.20.193.127:6800/281543740,v1:10.20.193.127:6801/281543740] conn(0x7fcd2403dbf0 0x7fcd240400b0 unknown :-1 s=NONE pgs=0 cs=0 l=1 rev1=0 crypto rx=0 tx=0 comp rx=0 tx=0).connect
2026-02-19T23:06:51.344 INFO:teuthology.orchestra.run.trial127.stdout:/usr/bin/ceph: stderr
2026-02-19T23:06:51.225+0000 7fcd36ffd640 1 -- 10.20.193.127:0/388420260 <== mon.0 v2:10.20.193.127:3300/0 5 ==== osd_map(2..2 src has 1..2) ==== 940+0+0 (secure 0 0 0) 0x7fcd38076e50 con 0x7fcd4807dea0
2026-02-19T23:06:51.344 INFO:teuthology.orchestra.run.trial127.stdout:/usr/bin/ceph: stderr
2026-02-19T23:06:51.225+0000 7fcd4d65c640 1 --2- 10.20.193.127:0/388420260 >> [v2:10.20.193.127:6800/281543740,v1:10.20.193.127:6801/281543740] conn(0x7fcd2403dbf0 0x7fcd240400b0 unknown :-1 s=BANNER_CONNECTING pgs=0 cs=0 l=1 rev1=0 crypto rx=0 tx=0 comp rx=0 tx=0)._handle_peer_banner_payload supported=3 required=0
2026-02-19T23:06:51.344 INFO:teuthology.orchestra.run.trial127.stdout:/usr/bin/ceph: stderr
2026-02-19T23:06:51.225+0000 7fcd4d65c640 1 --2- 10.20.193.127:0/388420260 >> [v2:10.20.193.127:6800/281543740,v1:10.20.193.127:6801/281543740] conn(0x7fcd2403dbf0 0x7fcd240400b0 secure :-1 s=READY pgs=14 cs=0 l=1 rev1=1 crypto rx=0x7fcd3c0099c0 tx=0x7fcd3c006eb0 comp rx=0 tx=0).ready entity=mgr.14118 client_cookie=0 server_cookie=0 in_seq=0 out_seq=0
2026-02-19T23:06:51.345 INFO:teuthology.orchestra.run.trial127.stdout:/usr/bin/ceph: stderr
2026-02-19T23:06:51.228+0000 7fcd36ffd640 1 -- 10.20.193.127:0/388420260 <== mon.0 v2:10.20.193.127:3300/0 6 ==== mon_command_ack([{"prefix": "get_command_descriptions"}]=0 v0) ==== 72+0+195034 (secure 0 0 0) 0x7fcd38047d80 con 0x7fcd4807dea0
2026-02-19T23:06:51.345 INFO:teuthology.orchestra.run.trial127.stdout:/usr/bin/ceph: stderr
2026-02-19T23:06:51.313+0000 7fcd4ee5f640 1 -- 10.20.193.127:0/388420260 --> [v2:10.20.193.127:3300/0,v1:10.20.193.127:6789/0] -- mon_command([{prefix=config set, name=mgr/cephadm/container_init}] v 0) -- 0x7fcd481a3a20 con 0x7fcd4807dea0
2026-02-19T23:06:51.345 INFO:teuthology.orchestra.run.trial127.stdout:/usr/bin/ceph: stderr
2026-02-19T23:06:51.316+0000 7fcd36ffd640 1 -- 10.20.193.127:0/388420260 <== mon.0 v2:10.20.193.127:3300/0 7 ==== mon_command_ack([{prefix=config set, name=mgr/cephadm/container_init}]=0 v7)=0 v7) ==== 142+0+0 (secure 0 0 0) 0x7fcd380767a0 con 0x7fcd4807dea0
2026-02-19T23:06:51.345 INFO:teuthology.orchestra.run.trial127.stdout:/usr/bin/ceph: stderr
2026-02-19T23:06:51.317+0000 7fcd4ee5f640 1 -- 10.20.193.127:0/388420260 >> [v2:10.20.193.127:6800/281543740,v1:10.20.193.127:6801/281543740] conn(0x7fcd2403dbf0 msgr2=0x7fcd240400b0 secure :-1 s=STATE_CONNECTION_ESTABLISHED l=1).mark_down
2026-02-19T23:06:51.345 INFO:teuthology.orchestra.run.trial127.stdout:/usr/bin/ceph: stderr
2026-02-19T23:06:51.317+0000 7fcd4ee5f640 1 --2- 10.20.193.127:0/388420260 >> [v2:10.20.193.127:6800/281543740,v1:10.20.193.127:6801/281543740] conn(0x7fcd2403dbf0 0x7fcd240400b0 secure :-1 s=READY pgs=14 cs=0 l=1 rev1=1 crypto rx=0x7fcd3c0099c0 tx=0x7fcd3c006eb0 comp rx=0 tx=0).stop
2026-02-19T23:06:51.345 INFO:teuthology.orchestra.run.trial127.stdout:/usr/bin/ceph: stderr
2026-02-19T23:06:51.317+0000 7fcd4ee5f640 1 -- 10.20.193.127:0/388420260 >> [v2:10.20.193.127:3300/0,v1:10.20.193.127:6789/0] conn(0x7fcd4807dea0 msgr2=0x7fcd4819fee0 secure :-1 s=STATE_CONNECTION_ESTABLISHED l=1).mark_down
2026-02-19T23:06:51.345 INFO:teuthology.orchestra.run.trial127.stdout:/usr/bin/ceph: stderr
2026-02-19T23:06:51.318+0000 7fcd4ee5f640 1 --2- 10.20.193.127:0/388420260 >> [v2:10.20.193.127:3300/0,v1:10.20.193.127:6789/0] conn(0x7fcd4807dea0 0x7fcd4819fee0 secure :-1 s=READY pgs=50 cs=0 l=1 rev1=1 crypto rx=0x7fcd38037820 tx=0x7fcd38037850 comp rx=0 tx=0).stop
2026-02-19T23:06:51.345 INFO:teuthology.orchestra.run.trial127.stdout:/usr/bin/ceph: stderr
2026-02-19T23:06:51.318+0000 7fcd4ee5f640 1 -- 10.20.193.127:0/388420260 shutdown_connections
2026-02-19T23:06:51.345 INFO:teuthology.orchestra.run.trial127.stdout:/usr/bin/ceph: stderr
2026-02-19T23:06:51.318+0000 7fcd4ee5f640 1 --2- 10.20.193.127:0/388420260 >> [v2:10.20.193.127:6800/281543740,v1:10.20.193.127:6801/281543740] conn(0x7fcd2403dbf0 0x7fcd240400b0 unknown :-1 s=CLOSED pgs=14 cs=0 l=1 rev1=1 crypto rx=0 tx=0 comp rx=0 tx=0).stop
2026-02-19T23:06:51.345 INFO:teuthology.orchestra.run.trial127.stdout:/usr/bin/ceph: stderr
2026-02-19T23:06:51.318+0000 7fcd4ee5f640 1 --2- 10.20.193.127:0/388420260 >> [v2:10.20.193.127:3300/0,v1:10.20.193.127:6789/0] conn(0x7fcd4807dea0 0x7fcd4819fee0 unknown :-1 s=CLOSED pgs=50 cs=0 l=1 rev1=1 crypto rx=0 tx=0 comp rx=0 tx=0).stop
2026-02-19T23:06:51.345 INFO:teuthology.orchestra.run.trial127.stdout:/usr/bin/ceph: stderr
2026-02-19T23:06:51.318+0000 7fcd4ee5f640 1 -- 10.20.193.127:0/388420260 >> 10.20.193.127:0/388420260 conn(0x7fcd48103600 msgr2=0x7fcd481041d0 unknown :-1 s=STATE_NONE l=0).mark_down
2026-02-19T23:06:51.345 INFO:teuthology.orchestra.run.trial127.stdout:/usr/bin/ceph: stderr
2026-02-19T23:06:51.318+0000 7fcd4ee5f640 1 -- 10.20.193.127:0/388420260 shutdown_connections
2026-02-19T23:06:51.346 INFO:teuthology.orchestra.run.trial127.stdout:/usr/bin/ceph: stderr
2026-02-19T23:06:51.318+0000 7fcd4ee5f640 1 -- 10.20.193.127:0/388420260 wait complete.
2026-02-19T23:06:51.385 INFO:journalctl@ceph.mon.a.trial127.stdout:Feb 19 23:06:51 trial127 ceph-mon[40828]: Deploying cephadm binary to trial127
2026-02-19T23:06:51.385 INFO:journalctl@ceph.mon.a.trial127.stdout:Feb 19 23:06:51 trial127 ceph-mon[40828]: from='mgr.14118 10.20.193.127:0/3586739483' entity='mgr.x'
2026-02-19T23:06:51.385 INFO:journalctl@ceph.mon.a.trial127.stdout:Feb 19 23:06:51 trial127 ceph-mon[40828]: from='mgr.14118 10.20.193.127:0/3586739483' entity='mgr.x' cmd=[{"prefix": "config dump", "format": "json"}]: dispatch
2026-02-19T23:06:51.385 INFO:journalctl@ceph.mon.a.trial127.stdout:Feb 19 23:06:51 trial127 ceph-mon[40828]: from='mgr.14118 10.20.193.127:0/3586739483' entity='mgr.x'
2026-02-19T23:06:51.385 INFO:journalctl@ceph.mon.a.trial127.stdout:Feb 19 23:06:51 trial127 ceph-mon[40828]: from='mgr.14118 10.20.193.127:0/3586739483' entity='mgr.x'
2026-02-19T23:06:51.385 INFO:journalctl@ceph.mon.a.trial127.stdout:Feb 19 23:06:51 trial127 ceph-mon[40828]: from='mgr.14118 10.20.193.127:0/3586739483' entity='mgr.x'
2026-02-19T23:06:51.385 INFO:journalctl@ceph.mon.a.trial127.stdout:Feb 19 23:06:51 trial127 ceph-mon[40828]: from='mgr.14118 10.20.193.127:0/3586739483' entity='mgr.x'
2026-02-19T23:06:51.385 INFO:journalctl@ceph.mon.a.trial127.stdout:Feb 19 23:06:51 trial127 ceph-mon[40828]: from='client.? 10.20.193.127:0/388420260' entity='client.admin'
2026-02-19T23:06:51.562 INFO:teuthology.orchestra.run.trial127.stdout:/usr/bin/ceph: stderr
2026-02-19T23:06:51.446+0000 7fd7ceb98640 1 Processor -- start
2026-02-19T23:06:51.562 INFO:teuthology.orchestra.run.trial127.stdout:/usr/bin/ceph: stderr
2026-02-19T23:06:51.446+0000 7fd7ceb98640 1 -- start start
2026-02-19T23:06:51.562 INFO:teuthology.orchestra.run.trial127.stdout:/usr/bin/ceph: stderr
2026-02-19T23:06:51.446+0000 7fd7ceb98640 1 --2- >> [v2:10.20.193.127:3300/0,v1:10.20.193.127:6789/0] conn(0x7fd7c807de80 0x7fd7c807c330 unknown :-1 s=NONE pgs=0 cs=0 l=0 rev1=0 crypto rx=0 tx=0 comp rx=0 tx=0).connect
2026-02-19T23:06:51.562 INFO:teuthology.orchestra.run.trial127.stdout:/usr/bin/ceph: stderr
2026-02-19T23:06:51.446+0000 7fd7ceb98640 1 -- --> [v2:10.20.193.127:3300/0,v1:10.20.193.127:6789/0] -- mon_getmap magic: 0 -- 0x7fd7c807c870 con 0x7fd7c807de80
2026-02-19T23:06:51.562 INFO:teuthology.orchestra.run.trial127.stdout:/usr/bin/ceph: stderr
2026-02-19T23:06:51.446+0000 7fd7cc90d640 1 --2- >> [v2:10.20.193.127:3300/0,v1:10.20.193.127:6789/0] conn(0x7fd7c807de80 0x7fd7c807c330 unknown :-1 s=BANNER_CONNECTING pgs=0 cs=0 l=0 rev1=0 crypto rx=0 tx=0 comp rx=0 tx=0)._handle_peer_banner_payload supported=3 required=0
2026-02-19T23:06:51.562 INFO:teuthology.orchestra.run.trial127.stdout:/usr/bin/ceph: stderr
2026-02-19T23:06:51.446+0000 7fd7cc90d640 1 --2- >> [v2:10.20.193.127:3300/0,v1:10.20.193.127:6789/0] conn(0x7fd7c807de80 0x7fd7c807c330 unknown :-1 s=HELLO_CONNECTING pgs=0 cs=0 l=0 rev1=1 crypto rx=0 tx=0 comp rx=0 tx=0).handle_hello peer v2:10.20.193.127:3300/0 says I am v2:10.20.193.127:59224/0 (socket says 10.20.193.127:59224)
2026-02-19T23:06:51.562 INFO:teuthology.orchestra.run.trial127.stdout:/usr/bin/ceph: stderr
2026-02-19T23:06:51.446+0000 7fd7cc90d640 1 -- 10.20.193.127:0/342703679 learned_addr learned my addr 10.20.193.127:0/342703679 (peer_addr_for_me v2:10.20.193.127:0/0)
2026-02-19T23:06:51.562 INFO:teuthology.orchestra.run.trial127.stdout:/usr/bin/ceph: stderr
2026-02-19T23:06:51.447+0000 7fd7cc90d640 1 -- 10.20.193.127:0/342703679 --> [v2:10.20.193.127:3300/0,v1:10.20.193.127:6789/0] -- mon_subscribe({config=0+,monmap=0+}) -- 0x7fd7c807c9f0 con 0x7fd7c807de80
2026-02-19T23:06:51.562 INFO:teuthology.orchestra.run.trial127.stdout:/usr/bin/ceph: stderr
2026-02-19T23:06:51.447+0000 7fd7cc90d640 1 --2- 10.20.193.127:0/342703679 >> [v2:10.20.193.127:3300/0,v1:10.20.193.127:6789/0] conn(0x7fd7c807de80 0x7fd7c807c330 secure :-1 s=READY pgs=51 cs=0 l=1 rev1=1 crypto rx=0x7fd7b8009920 tx=0x7fd7b802ef20 comp rx=0 tx=0).ready entity=mon.0 client_cookie=1d539bcb42e48b0f server_cookie=0 in_seq=0 out_seq=0
2026-02-19T23:06:51.562 INFO:teuthology.orchestra.run.trial127.stdout:/usr/bin/ceph: stderr
2026-02-19T23:06:51.447+0000 7fd7bf7fe640 1 -- 10.20.193.127:0/342703679 <== mon.0 v2:10.20.193.127:3300/0 1 ==== mon_map magic: 0 ==== 205+0+0 (secure 0 0 0) 0x7fd7b803c070 con 0x7fd7c807de80
2026-02-19T23:06:51.562 INFO:teuthology.orchestra.run.trial127.stdout:/usr/bin/ceph: stderr
2026-02-19T23:06:51.447+0000 7fd7bf7fe640 1 -- 10.20.193.127:0/342703679 <== mon.0 v2:10.20.193.127:3300/0 2 ==== config(25 keys) ==== 1038+0+0 (secure 0 0 0) 0x7fd7b8037440 con 0x7fd7c807de80
2026-02-19T23:06:51.562 INFO:teuthology.orchestra.run.trial127.stdout:/usr/bin/ceph: stderr
2026-02-19T23:06:51.447+0000 7fd7bf7fe640 1 -- 10.20.193.127:0/342703679 <== mon.0 v2:10.20.193.127:3300/0 3 ==== mon_map magic: 0 ==== 205+0+0 (secure 0 0 0) 0x7fd7b80354d0 con 0x7fd7c807de80
2026-02-19T23:06:51.562 INFO:teuthology.orchestra.run.trial127.stdout:/usr/bin/ceph: stderr
2026-02-19T23:06:51.447+0000 7fd7ceb98640 1 -- 10.20.193.127:0/342703679 >> [v2:10.20.193.127:3300/0,v1:10.20.193.127:6789/0] conn(0x7fd7c807de80 msgr2=0x7fd7c807c330 secure :-1 s=STATE_CONNECTION_ESTABLISHED l=1).mark_down
2026-02-19T23:06:51.563 INFO:teuthology.orchestra.run.trial127.stdout:/usr/bin/ceph: stderr
2026-02-19T23:06:51.447+0000 7fd7ceb98640 1 --2- 10.20.193.127:0/342703679 >> [v2:10.20.193.127:3300/0,v1:10.20.193.127:6789/0] conn(0x7fd7c807de80 0x7fd7c807c330 secure :-1 s=READY pgs=51 cs=0 l=1 rev1=1 crypto rx=0x7fd7b8009920 tx=0x7fd7b802ef20 comp rx=0 tx=0).stop
2026-02-19T23:06:51.563 INFO:teuthology.orchestra.run.trial127.stdout:/usr/bin/ceph: stderr
2026-02-19T23:06:51.447+0000 7fd7ceb98640 1 -- 10.20.193.127:0/342703679 shutdown_connections
2026-02-19T23:06:51.563 INFO:teuthology.orchestra.run.trial127.stdout:/usr/bin/ceph: stderr
2026-02-19T23:06:51.447+0000 7fd7ceb98640 1 --2- 10.20.193.127:0/342703679 >> [v2:10.20.193.127:3300/0,v1:10.20.193.127:6789/0] conn(0x7fd7c807de80 0x7fd7c807c330 unknown :-1 s=CLOSED pgs=51 cs=0 l=1 rev1=1 crypto rx=0 tx=0 comp rx=0 tx=0).stop
2026-02-19T23:06:51.563 INFO:teuthology.orchestra.run.trial127.stdout:/usr/bin/ceph: stderr
2026-02-19T23:06:51.447+0000 7fd7ceb98640 1 -- 10.20.193.127:0/342703679 >> 10.20.193.127:0/342703679 conn(0x7fd7c81037e0 msgr2=0x7fd7c8105c00 unknown :-1 s=STATE_NONE l=0).mark_down
2026-02-19T23:06:51.563 INFO:teuthology.orchestra.run.trial127.stdout:/usr/bin/ceph: stderr
2026-02-19T23:06:51.447+0000 7fd7ceb98640 1 -- 10.20.193.127:0/342703679 shutdown_connections
2026-02-19T23:06:51.563 INFO:teuthology.orchestra.run.trial127.stdout:/usr/bin/ceph: stderr
2026-02-19T23:06:51.447+0000 7fd7ceb98640 1 -- 10.20.193.127:0/342703679 wait complete.
2026-02-19T23:06:51.563 INFO:teuthology.orchestra.run.trial127.stdout:/usr/bin/ceph: stderr
2026-02-19T23:06:51.448+0000 7fd7ceb98640 1 Processor -- start
2026-02-19T23:06:51.563 INFO:teuthology.orchestra.run.trial127.stdout:/usr/bin/ceph: stderr
2026-02-19T23:06:51.448+0000 7fd7ceb98640 1 -- start start
2026-02-19T23:06:51.563 INFO:teuthology.orchestra.run.trial127.stdout:/usr/bin/ceph: stderr
2026-02-19T23:06:51.448+0000 7fd7ceb98640 1 --2- >> [v2:10.20.193.127:3300/0,v1:10.20.193.127:6789/0] conn(0x7fd7c807de80 0x7fd7c81a00b0 unknown :-1 s=NONE pgs=0 cs=0 l=1 rev1=0 crypto rx=0 tx=0 comp rx=0 tx=0).connect
2026-02-19T23:06:51.563 INFO:teuthology.orchestra.run.trial127.stdout:/usr/bin/ceph: stderr
2026-02-19T23:06:51.448+0000 7fd7ceb98640 1 -- --> [v2:10.20.193.127:3300/0,v1:10.20.193.127:6789/0] -- mon_getmap magic: 0 -- 0x7fd7c810e5d0 con 0x7fd7c807de80
2026-02-19T23:06:51.563 INFO:teuthology.orchestra.run.trial127.stdout:/usr/bin/ceph: stderr
2026-02-19T23:06:51.448+0000 7fd7cc90d640 1 --2- >> [v2:10.20.193.127:3300/0,v1:10.20.193.127:6789/0] conn(0x7fd7c807de80 0x7fd7c81a00b0 unknown :-1 s=BANNER_CONNECTING pgs=0 cs=0 l=1 rev1=0 crypto rx=0 tx=0 comp rx=0 tx=0)._handle_peer_banner_payload supported=3 required=0
2026-02-19T23:06:51.563 INFO:teuthology.orchestra.run.trial127.stdout:/usr/bin/ceph: stderr
2026-02-19T23:06:51.448+0000 7fd7cc90d640 1 --2- >> [v2:10.20.193.127:3300/0,v1:10.20.193.127:6789/0] conn(0x7fd7c807de80 0x7fd7c81a00b0 unknown :-1 s=HELLO_CONNECTING pgs=0 cs=0 l=1 rev1=1 crypto rx=0 tx=0 comp rx=0 tx=0).handle_hello peer v2:10.20.193.127:3300/0 says I am v2:10.20.193.127:59230/0 (socket says 10.20.193.127:59230)
2026-02-19T23:06:51.563 INFO:teuthology.orchestra.run.trial127.stdout:/usr/bin/ceph: stderr
2026-02-19T23:06:51.448+0000 7fd7cc90d640 1 -- 10.20.193.127:0/498570598 learned_addr learned my addr 10.20.193.127:0/498570598 (peer_addr_for_me v2:10.20.193.127:0/0)
2026-02-19T23:06:51.563 INFO:teuthology.orchestra.run.trial127.stdout:/usr/bin/ceph: stderr
2026-02-19T23:06:51.448+0000 7fd7cc90d640 1 -- 10.20.193.127:0/498570598 --> [v2:10.20.193.127:3300/0,v1:10.20.193.127:6789/0] -- mon_subscribe({config=0+,monmap=0+}) -- 0x7fd7c81a05f0 con 0x7fd7c807de80
2026-02-19T23:06:51.563 INFO:teuthology.orchestra.run.trial127.stdout:/usr/bin/ceph: stderr
2026-02-19T23:06:51.448+0000 7fd7cc90d640 1 --2- 10.20.193.127:0/498570598 >> [v2:10.20.193.127:3300/0,v1:10.20.193.127:6789/0] conn(0x7fd7c807de80 0x7fd7c81a00b0 secure :-1 s=READY pgs=52 cs=0 l=1 rev1=1 crypto rx=0x7fd7b8037820 tx=0x7fd7b8037850 comp rx=0 tx=0).ready entity=mon.0 client_cookie=0 server_cookie=0 in_seq=0 out_seq=0
2026-02-19T23:06:51.563 INFO:teuthology.orchestra.run.trial127.stdout:/usr/bin/ceph: stderr
2026-02-19T23:06:51.448+0000 7fd7bdffb640 1 -- 10.20.193.127:0/498570598 <== mon.0 v2:10.20.193.127:3300/0 1 ==== mon_map magic: 0 ==== 205+0+0 (secure 0 0 0) 0x7fd7b8047070 con 0x7fd7c807de80
2026-02-19T23:06:51.563 INFO:teuthology.orchestra.run.trial127.stdout:/usr/bin/ceph: stderr
2026-02-19T23:06:51.448+0000 7fd7bdffb640 1 -- 10.20.193.127:0/498570598 <== mon.0 v2:10.20.193.127:3300/0 2 ==== config(25 keys) ==== 1038+0+0 (secure 0 0 0) 0x7fd7b8035e50 con 0x7fd7c807de80
2026-02-19T23:06:51.563 INFO:teuthology.orchestra.run.trial127.stdout:/usr/bin/ceph: stderr
2026-02-19T23:06:51.448+0000 7fd7ceb98640 1 -- 10.20.193.127:0/498570598 --> [v2:10.20.193.127:3300/0,v1:10.20.193.127:6789/0] -- mon_subscribe({mgrmap=0+}) -- 0x7fd7c81a0880 con 0x7fd7c807de80
2026-02-19T23:06:51.563 INFO:teuthology.orchestra.run.trial127.stdout:/usr/bin/ceph: stderr
2026-02-19T23:06:51.448+0000 7fd7bdffb640 1 -- 10.20.193.127:0/498570598 <== mon.0 v2:10.20.193.127:3300/0 3 ==== mon_map magic: 0 ==== 205+0+0 (secure 0 0 0) 0x7fd7b803c070 con 0x7fd7c807de80
2026-02-19T23:06:51.563 INFO:teuthology.orchestra.run.trial127.stdout:/usr/bin/ceph: stderr
2026-02-19T23:06:51.448+0000 7fd7ceb98640 1 -- 10.20.193.127:0/498570598 --> [v2:10.20.193.127:3300/0,v1:10.20.193.127:6789/0] -- mon_subscribe({osdmap=0}) -- 0x7fd7c81a3570 con 0x7fd7c807de80
2026-02-19T23:06:51.563 INFO:teuthology.orchestra.run.trial127.stdout:/usr/bin/ceph: stderr
2026-02-19T23:06:51.449+0000 7fd7ceb98640 1 -- 10.20.193.127:0/498570598 --> [v2:10.20.193.127:3300/0,v1:10.20.193.127:6789/0] -- mon_command({"prefix": "get_command_descriptions"} v 0) -- 0x7fd7c807c3b0 con 0x7fd7c807de80
2026-02-19T23:06:51.563 INFO:teuthology.orchestra.run.trial127.stdout:/usr/bin/ceph: stderr
2026-02-19T23:06:51.449+0000 7fd7bdffb640 1 -- 10.20.193.127:0/498570598 <== mon.0 v2:10.20.193.127:3300/0 4 ==== mgrmap(e 8) ==== 50247+0+0 (secure 0 0 0) 0x7fd7b80359e0 con 0x7fd7c807de80
2026-02-19T23:06:51.563 INFO:teuthology.orchestra.run.trial127.stdout:/usr/bin/ceph: stderr
2026-02-19T23:06:51.449+0000 7fd7bdffb640 1 --2- 10.20.193.127:0/498570598 >> [v2:10.20.193.127:6800/281543740,v1:10.20.193.127:6801/281543740] conn(0x7fd7a403dbf0 0x7fd7a40400b0 unknown :-1 s=NONE pgs=0 cs=0 l=1 rev1=0 crypto rx=0 tx=0 comp rx=0 tx=0).connect
2026-02-19T23:06:51.563 INFO:teuthology.orchestra.run.trial127.stdout:/usr/bin/ceph: stderr
2026-02-19T23:06:51.449+0000 7fd7bdffb640 1 -- 10.20.193.127:0/498570598 <== mon.0 v2:10.20.193.127:3300/0 5 ==== osd_map(2..2 src has 1..2) ==== 940+0+0 (secure 0 0 0) 0x7fd7b8076d90 con 0x7fd7c807de80
2026-02-19T23:06:51.563 INFO:teuthology.orchestra.run.trial127.stdout:/usr/bin/ceph: stderr
2026-02-19T23:06:51.449+0000 7fd7bffff640 1 --2- 10.20.193.127:0/498570598 >> [v2:10.20.193.127:6800/281543740,v1:10.20.193.127:6801/281543740] conn(0x7fd7a403dbf0 0x7fd7a40400b0 unknown :-1 s=BANNER_CONNECTING pgs=0 cs=0 l=1 rev1=0 crypto rx=0 tx=0 comp rx=0 tx=0)._handle_peer_banner_payload supported=3 required=0
2026-02-19T23:06:51.563 INFO:teuthology.orchestra.run.trial127.stdout:/usr/bin/ceph: stderr
2026-02-19T23:06:51.450+0000 7fd7bffff640 1 --2- 10.20.193.127:0/498570598 >> [v2:10.20.193.127:6800/281543740,v1:10.20.193.127:6801/281543740] conn(0x7fd7a403dbf0 0x7fd7a40400b0 secure :-1 s=READY pgs=15 cs=0 l=1 rev1=1 crypto rx=0x7fd7b00099c0 tx=0x7fd7b0006eb0 comp rx=0 tx=0).ready entity=mgr.14118 client_cookie=0 server_cookie=0 in_seq=0 out_seq=0
2026-02-19T23:06:51.563 INFO:teuthology.orchestra.run.trial127.stdout:/usr/bin/ceph: stderr
2026-02-19T23:06:51.452+0000 7fd7bdffb640 1 -- 10.20.193.127:0/498570598 <== mon.0 v2:10.20.193.127:3300/0 6 ==== mon_command_ack([{"prefix": "get_command_descriptions"}]=0 v0) ==== 72+0+195034 (secure 0 0 0) 0x7fd7b8047d80 con 0x7fd7c807de80
2026-02-19T23:06:51.563 INFO:teuthology.orchestra.run.trial127.stdout:/usr/bin/ceph: stderr
2026-02-19T23:06:51.537+0000 7fd7ceb98640 1 -- 10.20.193.127:0/498570598 --> [v2:10.20.193.127:3300/0,v1:10.20.193.127:6789/0] -- mon_command([{prefix=config set, name=mgr/dashboard/ssl_server_port}] v 0) -- 0x7fd7c81a3c80 con 0x7fd7c807de80
2026-02-19T23:06:51.563 INFO:teuthology.orchestra.run.trial127.stdout:/usr/bin/ceph: stderr
2026-02-19T23:06:51.539+0000 7fd7bdffb640 1 -- 10.20.193.127:0/498570598 <== mon.0 v2:10.20.193.127:3300/0 7 ==== mon_command_ack([{prefix=config set, name=mgr/dashboard/ssl_server_port}]=0 v8)=0 v8) ==== 130+0+0 (secure 0 0 0) 0x7fd7b804bc90 con 0x7fd7c807de80
2026-02-19T23:06:51.563 INFO:teuthology.orchestra.run.trial127.stdout:/usr/bin/ceph: stderr
2026-02-19T23:06:51.541+0000 7fd7ceb98640 1 -- 10.20.193.127:0/498570598 >> [v2:10.20.193.127:6800/281543740,v1:10.20.193.127:6801/281543740] conn(0x7fd7a403dbf0 msgr2=0x7fd7a40400b0 secure :-1 s=STATE_CONNECTION_ESTABLISHED l=1).mark_down
2026-02-19T23:06:51.563 INFO:teuthology.orchestra.run.trial127.stdout:/usr/bin/ceph: stderr
2026-02-19T23:06:51.541+0000 7fd7ceb98640 1 --2- 10.20.193.127:0/498570598 >> [v2:10.20.193.127:6800/281543740,v1:10.20.193.127:6801/281543740] conn(0x7fd7a403dbf0 0x7fd7a40400b0 secure :-1 s=READY pgs=15 cs=0 l=1 rev1=1 crypto rx=0x7fd7b00099c0 tx=0x7fd7b0006eb0 comp rx=0 tx=0).stop
2026-02-19T23:06:51.563 INFO:teuthology.orchestra.run.trial127.stdout:/usr/bin/ceph: stderr
2026-02-19T23:06:51.541+0000 7fd7ceb98640 1 -- 10.20.193.127:0/498570598 >> [v2:10.20.193.127:3300/0,v1:10.20.193.127:6789/0] conn(0x7fd7c807de80 msgr2=0x7fd7c81a00b0 secure :-1 s=STATE_CONNECTION_ESTABLISHED l=1).mark_down
2026-02-19T23:06:51.563 INFO:teuthology.orchestra.run.trial127.stdout:/usr/bin/ceph: stderr
2026-02-19T23:06:51.541+0000 7fd7ceb98640 1 --2- 10.20.193.127:0/498570598 >> [v2:10.20.193.127:3300/0,v1:10.20.193.127:6789/0] conn(0x7fd7c807de80 0x7fd7c81a00b0 secure :-1 s=READY pgs=52 cs=0 l=1 rev1=1 crypto rx=0x7fd7b8037820 tx=0x7fd7b8037850 comp rx=0 tx=0).stop
2026-02-19T23:06:51.563 INFO:teuthology.orchestra.run.trial127.stdout:/usr/bin/ceph: stderr
2026-02-19T23:06:51.541+0000 7fd7ceb98640 1 -- 10.20.193.127:0/498570598 shutdown_connections
2026-02-19T23:06:51.563 INFO:teuthology.orchestra.run.trial127.stdout:/usr/bin/ceph: stderr
2026-02-19T23:06:51.541+0000 7fd7ceb98640 1 --2- 10.20.193.127:0/498570598 >> [v2:10.20.193.127:6800/281543740,v1:10.20.193.127:6801/281543740] conn(0x7fd7a403dbf0 0x7fd7a40400b0 unknown :-1 s=CLOSED pgs=15 cs=0 l=1 rev1=1 crypto rx=0 tx=0 comp rx=0 tx=0).stop
2026-02-19T23:06:51.563 INFO:teuthology.orchestra.run.trial127.stdout:/usr/bin/ceph: stderr
2026-02-19T23:06:51.541+0000 7fd7ceb98640 1 --2- 10.20.193.127:0/498570598 >> [v2:10.20.193.127:3300/0,v1:10.20.193.127:6789/0] conn(0x7fd7c807de80 0x7fd7c81a00b0 unknown :-1 s=CLOSED pgs=52 cs=0 l=1 rev1=1 crypto rx=0 tx=0 comp rx=0 tx=0).stop
2026-02-19T23:06:51.563 INFO:teuthology.orchestra.run.trial127.stdout:/usr/bin/ceph: stderr
2026-02-19T23:06:51.541+0000 7fd7ceb98640 1 -- 10.20.193.127:0/498570598 >> 10.20.193.127:0/498570598 conn(0x7fd7c81037e0 msgr2=0x7fd7c8104350 unknown :-1 s=STATE_NONE l=0).mark_down
2026-02-19T23:06:51.564 INFO:teuthology.orchestra.run.trial127.stdout:/usr/bin/ceph: stderr
2026-02-19T23:06:51.541+0000 7fd7ceb98640 1 -- 10.20.193.127:0/498570598 shutdown_connections
2026-02-19T23:06:51.564 INFO:teuthology.orchestra.run.trial127.stdout:/usr/bin/ceph: stderr
2026-02-19T23:06:51.541+0000 7fd7ceb98640 1 -- 10.20.193.127:0/498570598 wait complete.
2026-02-19T23:06:51.564 INFO:teuthology.orchestra.run.trial127.stdout:Enabling the dashboard module...
2026-02-19T23:06:52.593 INFO:journalctl@ceph.mon.a.trial127.stdout:Feb 19 23:06:52 trial127 ceph-mon[40828]: Added host trial127
2026-02-19T23:06:52.593 INFO:journalctl@ceph.mon.a.trial127.stdout:Feb 19 23:06:52 trial127 ceph-mon[40828]: from='client.14140 -' entity='client.admin' cmd=[{"prefix": "orch apply", "service_type": "mon", "unmanaged": true, "target": ["mon-mgr", ""]}]: dispatch
2026-02-19T23:06:52.593 INFO:journalctl@ceph.mon.a.trial127.stdout:Feb 19 23:06:52 trial127 ceph-mon[40828]: Saving service mon spec with placement count:5
2026-02-19T23:06:52.594 INFO:journalctl@ceph.mon.a.trial127.stdout:Feb 19 23:06:52 trial127 ceph-mon[40828]: from='client.14142 -' entity='client.admin' cmd=[{"prefix": "orch apply", "service_type": "mgr", "unmanaged": true, "target": ["mon-mgr", ""]}]: dispatch
2026-02-19T23:06:52.594 INFO:journalctl@ceph.mon.a.trial127.stdout:Feb 19 23:06:52 trial127 ceph-mon[40828]: Saving service mgr spec with placement count:2
2026-02-19T23:06:52.594 INFO:journalctl@ceph.mon.a.trial127.stdout:Feb 19 23:06:52 trial127 ceph-mon[40828]: from='client.? 10.20.193.127:0/498570598' entity='client.admin'
2026-02-19T23:06:52.594 INFO:journalctl@ceph.mon.a.trial127.stdout:Feb 19 23:06:52 trial127 ceph-mon[40828]: from='mgr.14118 10.20.193.127:0/3586739483' entity='mgr.x'
2026-02-19T23:06:52.594 INFO:journalctl@ceph.mon.a.trial127.stdout:Feb 19 23:06:52 trial127 ceph-mon[40828]: from='client.? 10.20.193.127:0/4060932898' entity='client.admin' cmd=[{"prefix": "mgr module enable", "module": "dashboard"}]: dispatch
2026-02-19T23:06:52.594 INFO:journalctl@ceph.mon.a.trial127.stdout:Feb 19 23:06:52 trial127 ceph-mon[40828]: from='mgr.14118 10.20.193.127:0/3586739483' entity='mgr.x'
2026-02-19T23:06:52.684 INFO:teuthology.orchestra.run.trial127.stdout:/usr/bin/ceph: stderr
2026-02-19T23:06:51.659+0000 7f2840b53640 1 Processor -- start
2026-02-19T23:06:52.684 INFO:teuthology.orchestra.run.trial127.stdout:/usr/bin/ceph: stderr
2026-02-19T23:06:51.659+0000 7f2840b53640 1 -- start start
2026-02-19T23:06:52.684 INFO:teuthology.orchestra.run.trial127.stdout:/usr/bin/ceph: stderr
2026-02-19T23:06:51.659+0000 7f2840b53640 1 --2- >> [v2:10.20.193.127:3300/0,v1:10.20.193.127:6789/0] conn(0x7f283c105de0 0x7f283c1061e0 unknown :-1 s=NONE pgs=0 cs=0 l=0 rev1=0 crypto rx=0 tx=0 comp rx=0 tx=0).connect
2026-02-19T23:06:52.684 INFO:teuthology.orchestra.run.trial127.stdout:/usr/bin/ceph: stderr
2026-02-19T23:06:51.659+0000 7f2840b53640 1 -- --> [v2:10.20.193.127:3300/0,v1:10.20.193.127:6789/0] -- mon_getmap magic: 0 -- 0x7f283c1067b0 con 0x7f283c105de0
2026-02-19T23:06:52.684 INFO:teuthology.orchestra.run.trial127.stdout:/usr/bin/ceph: stderr
2026-02-19T23:06:51.659+0000 7f283a575640 1 --2- >> [v2:10.20.193.127:3300/0,v1:10.20.193.127:6789/0] conn(0x7f283c105de0 0x7f283c1061e0 unknown :-1 s=BANNER_CONNECTING pgs=0 cs=0 l=0 rev1=0 crypto rx=0 tx=0 comp rx=0 tx=0)._handle_peer_banner_payload supported=3 required=0
2026-02-19T23:06:52.684 INFO:teuthology.orchestra.run.trial127.stdout:/usr/bin/ceph: stderr
2026-02-19T23:06:51.659+0000 7f283a575640 1 --2- >> [v2:10.20.193.127:3300/0,v1:10.20.193.127:6789/0] conn(0x7f283c105de0 0x7f283c1061e0 unknown :-1 s=HELLO_CONNECTING pgs=0 cs=0 l=0 rev1=1 crypto rx=0 tx=0 comp rx=0 tx=0).handle_hello peer v2:10.20.193.127:3300/0 says I am v2:10.20.193.127:59234/0 (socket says 10.20.193.127:59234)
2026-02-19T23:06:52.684 INFO:teuthology.orchestra.run.trial127.stdout:/usr/bin/ceph: stderr
2026-02-19T23:06:51.659+0000 7f283a575640 1 -- 10.20.193.127:0/626080082 learned_addr learned my addr 10.20.193.127:0/626080082 (peer_addr_for_me v2:10.20.193.127:0/0)
2026-02-19T23:06:52.684 INFO:teuthology.orchestra.run.trial127.stdout:/usr/bin/ceph: stderr
2026-02-19T23:06:51.659+0000 7f283a575640 1 -- 10.20.193.127:0/626080082 --> [v2:10.20.193.127:3300/0,v1:10.20.193.127:6789/0] -- mon_subscribe({config=0+,monmap=0+}) -- 0x7f283c106f70 con 0x7f283c105de0
2026-02-19T23:06:52.685 INFO:teuthology.orchestra.run.trial127.stdout:/usr/bin/ceph: stderr
2026-02-19T23:06:51.660+0000 7f283a575640 1 --2- 10.20.193.127:0/626080082 >> [v2:10.20.193.127:3300/0,v1:10.20.193.127:6789/0] conn(0x7f283c105de0 0x7f283c1061e0 secure :-1 s=READY pgs=53 cs=0 l=1 rev1=1 crypto rx=0x7f2830009920 tx=0x7f283002ef20 comp rx=0 tx=0).ready entity=mon.0 client_cookie=a2b24fa0464c9853 server_cookie=0 in_seq=0 out_seq=0
2026-02-19T23:06:52.685 INFO:teuthology.orchestra.run.trial127.stdout:/usr/bin/ceph: stderr
2026-02-19T23:06:51.660+0000 7f2839573640 1 -- 10.20.193.127:0/626080082 <== mon.0 v2:10.20.193.127:3300/0 1 ==== mon_map magic: 0 ==== 205+0+0 (secure 0 0 0) 0x7f283003c070 con 0x7f283c105de0
2026-02-19T23:06:52.685 INFO:teuthology.orchestra.run.trial127.stdout:/usr/bin/ceph: stderr
2026-02-19T23:06:51.660+0000 7f2839573640 1 -- 10.20.193.127:0/626080082 <== mon.0 v2:10.20.193.127:3300/0 2 ==== config(25 keys) ==== 1038+0+0 (secure 0 0 0) 0x7f2830037440 con 0x7f283c105de0
2026-02-19T23:06:52.685 INFO:teuthology.orchestra.run.trial127.stdout:/usr/bin/ceph: stderr
2026-02-19T23:06:51.660+0000 7f2839573640 1 -- 10.20.193.127:0/626080082 <== mon.0 v2:10.20.193.127:3300/0 3 ==== mon_map magic: 0 ==== 205+0+0 (secure 0 0 0) 0x7f28300354d0 con 0x7f283c105de0
2026-02-19T23:06:52.685 INFO:teuthology.orchestra.run.trial127.stdout:/usr/bin/ceph: stderr
2026-02-19T23:06:51.660+0000 7f2840b53640 1 -- 10.20.193.127:0/626080082 >> [v2:10.20.193.127:3300/0,v1:10.20.193.127:6789/0] conn(0x7f283c105de0 msgr2=0x7f283c1061e0 secure :-1 s=STATE_CONNECTION_ESTABLISHED l=1).mark_down
2026-02-19T23:06:52.685 INFO:teuthology.orchestra.run.trial127.stdout:/usr/bin/ceph: stderr
2026-02-19T23:06:51.660+0000 7f2840b53640 1 --2- 10.20.193.127:0/626080082 >> [v2:10.20.193.127:3300/0,v1:10.20.193.127:6789/0] conn(0x7f283c105de0 0x7f283c1061e0 secure :-1 s=READY pgs=53 cs=0 l=1 rev1=1 crypto rx=0x7f2830009920 tx=0x7f283002ef20 comp rx=0 tx=0).stop
2026-02-19T23:06:52.685 INFO:teuthology.orchestra.run.trial127.stdout:/usr/bin/ceph: stderr
2026-02-19T23:06:51.660+0000 7f2840b53640 1 -- 10.20.193.127:0/626080082 shutdown_connections
2026-02-19T23:06:52.685 INFO:teuthology.orchestra.run.trial127.stdout:/usr/bin/ceph: stderr
2026-02-19T23:06:51.660+0000 7f2840b53640 1 --2- 10.20.193.127:0/626080082 >> [v2:10.20.193.127:3300/0,v1:10.20.193.127:6789/0] conn(0x7f283c105de0 0x7f283c1061e0 unknown :-1 s=CLOSED pgs=53 cs=0 l=1 rev1=1 crypto rx=0 tx=0 comp rx=0 tx=0).stop
2026-02-19T23:06:52.685 INFO:teuthology.orchestra.run.trial127.stdout:/usr/bin/ceph: stderr
2026-02-19T23:06:51.660+0000 7f2840b53640 1 -- 10.20.193.127:0/626080082 >> 10.20.193.127:0/626080082 conn(0x7f283c101960 msgr2=0x7f283c103d80 unknown :-1 s=STATE_NONE l=0).mark_down
2026-02-19T23:06:52.685 INFO:teuthology.orchestra.run.trial127.stdout:/usr/bin/ceph: stderr
2026-02-19T23:06:51.660+0000 7f2840b53640 1 -- 10.20.193.127:0/626080082 shutdown_connections
2026-02-19T23:06:52.685 INFO:teuthology.orchestra.run.trial127.stdout:/usr/bin/ceph: stderr
2026-02-19T23:06:51.660+0000 7f2840b53640 1 -- 10.20.193.127:0/626080082 wait complete.
2026-02-19T23:06:52.686 INFO:teuthology.orchestra.run.trial127.stdout:/usr/bin/ceph: stderr
2026-02-19T23:06:51.660+0000 7f2840b53640 1 Processor -- start
2026-02-19T23:06:52.686 INFO:teuthology.orchestra.run.trial127.stdout:/usr/bin/ceph: stderr
2026-02-19T23:06:51.661+0000 7f2840b53640 1 -- start start
2026-02-19T23:06:52.686 INFO:teuthology.orchestra.run.trial127.stdout:/usr/bin/ceph: stderr
2026-02-19T23:06:51.661+0000 7f2840b53640 1 --2- >> [v2:10.20.193.127:3300/0,v1:10.20.193.127:6789/0] conn(0x7f283c105de0 0x7f283c1a0140 unknown :-1 s=NONE pgs=0 cs=0 l=1 rev1=0 crypto rx=0 tx=0 comp rx=0 tx=0).connect
2026-02-19T23:06:52.686 INFO:teuthology.orchestra.run.trial127.stdout:/usr/bin/ceph: stderr
2026-02-19T23:06:51.661+0000 7f2840b53640 1 -- --> [v2:10.20.193.127:3300/0,v1:10.20.193.127:6789/0] -- mon_getmap magic: 0 -- 0x7f283c1081b0 con 0x7f283c105de0
2026-02-19T23:06:52.686 INFO:teuthology.orchestra.run.trial127.stdout:/usr/bin/ceph: stderr
2026-02-19T23:06:51.661+0000 7f283a575640 1 --2- >> [v2:10.20.193.127:3300/0,v1:10.20.193.127:6789/0] conn(0x7f283c105de0 0x7f283c1a0140 unknown :-1 s=BANNER_CONNECTING pgs=0 cs=0 l=1 rev1=0 crypto rx=0 tx=0 comp rx=0 tx=0)._handle_peer_banner_payload supported=3 required=0
2026-02-19T23:06:52.686 INFO:teuthology.orchestra.run.trial127.stdout:/usr/bin/ceph: stderr
2026-02-19T23:06:51.661+0000 7f283a575640 1 --2- >> [v2:10.20.193.127:3300/0,v1:10.20.193.127:6789/0] conn(0x7f283c105de0 0x7f283c1a0140 unknown :-1 s=HELLO_CONNECTING pgs=0 cs=0 l=1 rev1=1 crypto rx=0 tx=0 comp rx=0 tx=0).handle_hello peer v2:10.20.193.127:3300/0 says I am v2:10.20.193.127:59238/0 (socket says 10.20.193.127:59238)
2026-02-19T23:06:52.686 INFO:teuthology.orchestra.run.trial127.stdout:/usr/bin/ceph: stderr
2026-02-19T23:06:51.661+0000 7f283a575640 1 -- 10.20.193.127:0/4060932898 learned_addr learned my addr 10.20.193.127:0/4060932898 (peer_addr_for_me v2:10.20.193.127:0/0)
2026-02-19T23:06:52.686 INFO:teuthology.orchestra.run.trial127.stdout:/usr/bin/ceph: stderr
2026-02-19T23:06:51.661+0000 7f283a575640 1 -- 10.20.193.127:0/4060932898 --> [v2:10.20.193.127:3300/0,v1:10.20.193.127:6789/0] -- mon_subscribe({config=0+,monmap=0+}) -- 0x7f283c1a0680 con 0x7f283c105de0
2026-02-19T23:06:52.686 INFO:teuthology.orchestra.run.trial127.stdout:/usr/bin/ceph: stderr
2026-02-19T23:06:51.661+0000 7f283a575640 1 --2- 10.20.193.127:0/4060932898 >> [v2:10.20.193.127:3300/0,v1:10.20.193.127:6789/0] conn(0x7f283c105de0 0x7f283c1a0140 secure :-1 s=READY pgs=54 cs=0 l=1 rev1=1 crypto rx=0x7f2830037820 tx=0x7f2830037850 comp rx=0 tx=0).ready entity=mon.0 client_cookie=0 server_cookie=0 in_seq=0 out_seq=0
2026-02-19T23:06:52.686 INFO:teuthology.orchestra.run.trial127.stdout:/usr/bin/ceph: stderr
2026-02-19T23:06:51.661+0000 7f28237fe640 1 -- 10.20.193.127:0/4060932898 <== mon.0 v2:10.20.193.127:3300/0 1 ==== mon_map magic: 0 ==== 205+0+0 (secure 0 0 0) 0x7f2830047070 con 0x7f283c105de0
2026-02-19T23:06:52.686 INFO:teuthology.orchestra.run.trial127.stdout:/usr/bin/ceph: stderr
2026-02-19T23:06:51.661+0000 7f28237fe640 1 -- 10.20.193.127:0/4060932898 <== mon.0 v2:10.20.193.127:3300/0 2 ==== config(25 keys) ==== 1038+0+0 (secure 0 0 0) 0x7f2830035d70 con 0x7f283c105de0
2026-02-19T23:06:52.686 INFO:teuthology.orchestra.run.trial127.stdout:/usr/bin/ceph: stderr
2026-02-19T23:06:51.661+0000 7f2840b53640 1 -- 10.20.193.127:0/4060932898 --> [v2:10.20.193.127:3300/0,v1:10.20.193.127:6789/0] -- mon_subscribe({mgrmap=0+}) -- 0x7f283c1a0910 con 0x7f283c105de0
2026-02-19T23:06:52.687 INFO:teuthology.orchestra.run.trial127.stdout:/usr/bin/ceph: stderr
2026-02-19T23:06:51.661+0000 7f28237fe640 1 -- 10.20.193.127:0/4060932898 <== mon.0 v2:10.20.193.127:3300/0 3 ==== mon_map magic: 0 ==== 205+0+0 (secure 0 0 0) 0x7f283003c070 con 0x7f283c105de0
2026-02-19T23:06:52.687 INFO:teuthology.orchestra.run.trial127.stdout:/usr/bin/ceph: stderr
2026-02-19T23:06:51.661+0000 7f2840b53640 1 -- 10.20.193.127:0/4060932898 --> [v2:10.20.193.127:3300/0,v1:10.20.193.127:6789/0] -- mon_subscribe({osdmap=0}) -- 0x7f283c1a3600 con 0x7f283c105de0
2026-02-19T23:06:52.687 INFO:teuthology.orchestra.run.trial127.stdout:/usr/bin/ceph: stderr
2026-02-19T23:06:51.662+0000 7f2840b53640 1 -- 10.20.193.127:0/4060932898 --> [v2:10.20.193.127:3300/0,v1:10.20.193.127:6789/0] -- mon_command({"prefix": "get_command_descriptions"} v 0) -- 0x7f283c1061e0 con 0x7f283c105de0
2026-02-19T23:06:52.687 INFO:teuthology.orchestra.run.trial127.stdout:/usr/bin/ceph: stderr
2026-02-19T23:06:51.662+0000 7f28237fe640 1 -- 10.20.193.127:0/4060932898 <== mon.0 v2:10.20.193.127:3300/0 4 ==== mgrmap(e 8) ==== 50247+0+0 (secure 0 0 0) 0x7f283004c440 con 0x7f283c105de0
2026-02-19T23:06:52.687 INFO:teuthology.orchestra.run.trial127.stdout:/usr/bin/ceph: stderr
2026-02-19T23:06:51.662+0000 7f28237fe640 1 --2- 10.20.193.127:0/4060932898 >> [v2:10.20.193.127:6800/281543740,v1:10.20.193.127:6801/281543740] conn(0x7f281403dbf0 0x7f28140400b0 unknown :-1 s=NONE pgs=0 cs=0 l=1 rev1=0 crypto rx=0 tx=0 comp rx=0 tx=0).connect
2026-02-19T23:06:52.687 INFO:teuthology.orchestra.run.trial127.stdout:/usr/bin/ceph: stderr
2026-02-19T23:06:51.662+0000 7f28237fe640 1 -- 10.20.193.127:0/4060932898 <== mon.0 v2:10.20.193.127:3300/0 5 ==== osd_map(2..2 src has 1..2) ==== 940+0+0 (secure 0 0 0) 0x7f2830076d90 con 0x7f283c105de0
2026-02-19T23:06:52.687 INFO:teuthology.orchestra.run.trial127.stdout:/usr/bin/ceph: stderr
2026-02-19T23:06:51.662+0000 7f2839d74640 1 --2- 10.20.193.127:0/4060932898 >> [v2:10.20.193.127:6800/281543740,v1:10.20.193.127:6801/281543740] conn(0x7f281403dbf0 0x7f28140400b0 unknown :-1 s=BANNER_CONNECTING pgs=0 cs=0 l=1 rev1=0 crypto rx=0 tx=0 comp rx=0 tx=0)._handle_peer_banner_payload supported=3 required=0
2026-02-19T23:06:52.687 INFO:teuthology.orchestra.run.trial127.stdout:/usr/bin/ceph: stderr
2026-02-19T23:06:51.662+0000 7f2839d74640 1 --2- 10.20.193.127:0/4060932898 >> [v2:10.20.193.127:6800/281543740,v1:10.20.193.127:6801/281543740] conn(0x7f281403dbf0 0x7f28140400b0 secure :-1 s=READY pgs=16 cs=0 l=1 rev1=1 crypto rx=0x7f28240099c0 tx=0x7f2824006eb0 comp rx=0 tx=0).ready entity=mgr.14118 client_cookie=0 server_cookie=0 in_seq=0 out_seq=0
2026-02-19T23:06:52.687 INFO:teuthology.orchestra.run.trial127.stdout:/usr/bin/ceph: stderr
2026-02-19T23:06:51.664+0000 7f28237fe640 1 -- 10.20.193.127:0/4060932898 <== mon.0 v2:10.20.193.127:3300/0 6 ==== mon_command_ack([{"prefix": "get_command_descriptions"}]=0 v0) ==== 72+0+195034 (secure 0 0 0) 0x7f2830047d80 con 0x7f283c105de0
2026-02-19T23:06:52.687 INFO:teuthology.orchestra.run.trial127.stdout:/usr/bin/ceph: stderr
2026-02-19T23:06:51.775+0000 7f2840b53640 1 -- 10.20.193.127:0/4060932898 --> [v2:10.20.193.127:3300/0,v1:10.20.193.127:6789/0] -- mon_command({"prefix": "mgr module enable", "module": "dashboard"} v 0) -- 0x7f283c1995a0 con 0x7f283c105de0
2026-02-19T23:06:52.687 INFO:teuthology.orchestra.run.trial127.stdout:/usr/bin/ceph: stderr
2026-02-19T23:06:52.652+0000 7f28237fe640 1 -- 10.20.193.127:0/4060932898 <== mon.0 v2:10.20.193.127:3300/0 7 ==== mon_command_ack([{"prefix": "mgr module enable", "module": "dashboard"}]=0 v9) ==== 88+0+0 (secure 0 0 0) 0x7f2830042680 con 0x7f283c105de0
2026-02-19T23:06:52.687 INFO:teuthology.orchestra.run.trial127.stdout:/usr/bin/ceph: stderr
2026-02-19T23:06:52.654+0000 7f28237fe640 1 -- 10.20.193.127:0/4060932898 <== mon.0 v2:10.20.193.127:3300/0 8 ==== mgrmap(e 9) ==== 50260+0+0 (secure 0 0 0) 0x7f2830035900 con 0x7f283c105de0
2026-02-19T23:06:52.688 INFO:teuthology.orchestra.run.trial127.stdout:/usr/bin/ceph: stderr
2026-02-19T23:06:52.656+0000 7f2840b53640 1 -- 10.20.193.127:0/4060932898 >> [v2:10.20.193.127:6800/281543740,v1:10.20.193.127:6801/281543740] conn(0x7f281403dbf0 msgr2=0x7f28140400b0 secure :-1 s=STATE_CONNECTION_ESTABLISHED l=1).mark_down
2026-02-19T23:06:52.688 INFO:teuthology.orchestra.run.trial127.stdout:/usr/bin/ceph: stderr
2026-02-19T23:06:52.656+0000 7f2840b53640 1 --2- 10.20.193.127:0/4060932898 >> [v2:10.20.193.127:6800/281543740,v1:10.20.193.127:6801/281543740] conn(0x7f281403dbf0 0x7f28140400b0 secure :-1 s=READY pgs=16 cs=0 l=1 rev1=1 crypto rx=0x7f28240099c0 tx=0x7f2824006eb0 comp rx=0 tx=0).stop
2026-02-19T23:06:52.688 INFO:teuthology.orchestra.run.trial127.stdout:/usr/bin/ceph: stderr
2026-02-19T23:06:52.656+0000 7f2840b53640 1 -- 10.20.193.127:0/4060932898 >> [v2:10.20.193.127:3300/0,v1:10.20.193.127:6789/0] conn(0x7f283c105de0 msgr2=0x7f283c1a0140 secure :-1 s=STATE_CONNECTION_ESTABLISHED l=1).mark_down
2026-02-19T23:06:52.688 INFO:teuthology.orchestra.run.trial127.stdout:/usr/bin/ceph: stderr
2026-02-19T23:06:52.656+0000 7f2840b53640 1 --2- 10.20.193.127:0/4060932898 >> [v2:10.20.193.127:3300/0,v1:10.20.193.127:6789/0] conn(0x7f283c105de0 0x7f283c1a0140 secure :-1 s=READY pgs=54 cs=0 l=1 rev1=1 crypto rx=0x7f2830037820 tx=0x7f2830037850 comp rx=0 tx=0).stop
2026-02-19T23:06:52.688 INFO:teuthology.orchestra.run.trial127.stdout:/usr/bin/ceph: stderr
2026-02-19T23:06:52.656+0000 7f2840b53640 1 -- 10.20.193.127:0/4060932898 shutdown_connections
2026-02-19T23:06:52.688 INFO:teuthology.orchestra.run.trial127.stdout:/usr/bin/ceph: stderr
2026-02-19T23:06:52.656+0000 7f2840b53640 1 --2- 10.20.193.127:0/4060932898 >> [v2:10.20.193.127:6800/281543740,v1:10.20.193.127:6801/281543740] conn(0x7f281403dbf0 0x7f28140400b0 unknown :-1 s=CLOSED pgs=16 cs=0 l=1 rev1=1 crypto rx=0 tx=0 comp rx=0 tx=0).stop
2026-02-19T23:06:52.688 INFO:teuthology.orchestra.run.trial127.stdout:/usr/bin/ceph: stderr
2026-02-19T23:06:52.656+0000 7f2840b53640 1 --2- 10.20.193.127:0/4060932898 >> [v2:10.20.193.127:3300/0,v1:10.20.193.127:6789/0] conn(0x7f283c105de0 0x7f283c1a0140 unknown :-1 s=CLOSED pgs=54 cs=0 l=1 rev1=1 crypto rx=0 tx=0 comp rx=0 tx=0).stop
2026-02-19T23:06:52.688 INFO:teuthology.orchestra.run.trial127.stdout:/usr/bin/ceph: stderr
2026-02-19T23:06:52.656+0000 7f2840b53640 1 -- 10.20.193.127:0/4060932898 >> 10.20.193.127:0/4060932898 conn(0x7f283c101960 msgr2=0x7f283c196850 unknown :-1 s=STATE_NONE l=0).mark_down
2026-02-19T23:06:52.688 INFO:teuthology.orchestra.run.trial127.stdout:/usr/bin/ceph: stderr
2026-02-19T23:06:52.657+0000 7f2840b53640 1 -- 10.20.193.127:0/4060932898 shutdown_connections
2026-02-19T23:06:52.688 INFO:teuthology.orchestra.run.trial127.stdout:/usr/bin/ceph: stderr
2026-02-19T23:06:52.657+0000 7f2840b53640 1 -- 10.20.193.127:0/4060932898 wait complete.
2026-02-19T23:06:52.904 INFO:journalctl@ceph.mgr.x.trial127.stdout:Feb 19 23:06:52 trial127 ceph-9b9f5357-0de7-11f1-891e-d404e6e7d460-mgr-x[41092]: ignoring --setuser ceph since I am not root
2026-02-19T23:06:52.905 INFO:journalctl@ceph.mgr.x.trial127.stdout:Feb 19 23:06:52 trial127 ceph-9b9f5357-0de7-11f1-891e-d404e6e7d460-mgr-x[41092]: ignoring --setgroup ceph since I am not root
2026-02-19T23:06:52.933 INFO:teuthology.orchestra.run.trial127.stdout:/usr/bin/ceph: stdout {
2026-02-19T23:06:52.933 INFO:teuthology.orchestra.run.trial127.stdout:/usr/bin/ceph: stdout "epoch": 9,
2026-02-19T23:06:52.933 INFO:teuthology.orchestra.run.trial127.stdout:/usr/bin/ceph: stdout "available": true,
2026-02-19T23:06:52.934 INFO:teuthology.orchestra.run.trial127.stdout:/usr/bin/ceph: stdout "active_name": "x",
2026-02-19T23:06:52.934 INFO:teuthology.orchestra.run.trial127.stdout:/usr/bin/ceph: stdout "num_standby": 0
2026-02-19T23:06:52.934 INFO:teuthology.orchestra.run.trial127.stdout:/usr/bin/ceph: stdout }
2026-02-19T23:06:52.934 INFO:teuthology.orchestra.run.trial127.stdout:/usr/bin/ceph: stderr
2026-02-19T23:06:52.792+0000 7fc89362d640 1 Processor -- start
2026-02-19T23:06:52.934 INFO:teuthology.orchestra.run.trial127.stdout:/usr/bin/ceph: stderr
2026-02-19T23:06:52.792+0000 7fc89362d640 1 -- start start
2026-02-19T23:06:52.934 INFO:teuthology.orchestra.run.trial127.stdout:/usr/bin/ceph: stderr
2026-02-19T23:06:52.792+0000 7fc89362d640 1 --2- >> [v2:10.20.193.127:3300/0,v1:10.20.193.127:6789/0] conn(0x7fc88c10a1a0 0x7fc88c10a5c0 unknown :-1 s=NONE pgs=0 cs=0 l=0 rev1=0 crypto rx=0 tx=0 comp rx=0 tx=0).connect
2026-02-19T23:06:52.934 INFO:teuthology.orchestra.run.trial127.stdout:/usr/bin/ceph: stderr
2026-02-19T23:06:52.792+0000 7fc89362d640 1 -- --> [v2:10.20.193.127:3300/0,v1:10.20.193.127:6789/0] -- mon_getmap magic: 0 -- 0x7fc88c10ab90 con 0x7fc88c10a1a0
2026-02-19T23:06:52.934 INFO:teuthology.orchestra.run.trial127.stdout:/usr/bin/ceph: stderr
2026-02-19T23:06:52.793+0000 7fc89262b640 1 --2- >> [v2:10.20.193.127:3300/0,v1:10.20.193.127:6789/0] conn(0x7fc88c10a1a0 0x7fc88c10a5c0 unknown :-1 s=BANNER_CONNECTING pgs=0 cs=0 l=0 rev1=0 crypto rx=0 tx=0 comp rx=0 tx=0)._handle_peer_banner_payload supported=3 required=0
2026-02-19T23:06:52.934 INFO:teuthology.orchestra.run.trial127.stdout:/usr/bin/ceph: stderr
2026-02-19T23:06:52.793+0000 7fc89262b640 1 --2- >> [v2:10.20.193.127:3300/0,v1:10.20.193.127:6789/0] conn(0x7fc88c10a1a0 0x7fc88c10a5c0 unknown :-1 s=HELLO_CONNECTING pgs=0 cs=0 l=0 rev1=1 crypto rx=0 tx=0 comp rx=0 tx=0).handle_hello peer v2:10.20.193.127:3300/0 says I am v2:10.20.193.127:59254/0 (socket says 10.20.193.127:59254)
2026-02-19T23:06:52.935 INFO:teuthology.orchestra.run.trial127.stdout:/usr/bin/ceph: stderr
2026-02-19T23:06:52.793+0000 7fc89262b640 1 -- 10.20.193.127:0/108161608 learned_addr learned my addr 10.20.193.127:0/108161608 (peer_addr_for_me v2:10.20.193.127:0/0)
2026-02-19T23:06:52.935 INFO:teuthology.orchestra.run.trial127.stdout:/usr/bin/ceph: stderr
2026-02-19T23:06:52.793+0000 7fc89262b640 1 -- 10.20.193.127:0/108161608 --> [v2:10.20.193.127:3300/0,v1:10.20.193.127:6789/0] -- mon_subscribe({config=0+,monmap=0+}) -- 0x7fc88c10b280 con 0x7fc88c10a1a0
2026-02-19T23:06:52.935 INFO:teuthology.orchestra.run.trial127.stdout:/usr/bin/ceph: stderr
2026-02-19T23:06:52.793+0000 7fc89262b640 1 --2- 10.20.193.127:0/108161608 >> [v2:10.20.193.127:3300/0,v1:10.20.193.127:6789/0] conn(0x7fc88c10a1a0 0x7fc88c10a5c0 secure :-1 s=READY pgs=57 cs=0 l=1 rev1=1 crypto rx=0x7fc884009920 tx=0x7fc88402ef20 comp rx=0 tx=0).ready entity=mon.0 client_cookie=84318a6c10299a5c server_cookie=0 in_seq=0 out_seq=0
2026-02-19T23:06:52.935 INFO:teuthology.orchestra.run.trial127.stdout:/usr/bin/ceph: stderr
2026-02-19T23:06:52.794+0000 7fc891629640 1 -- 10.20.193.127:0/108161608 <== mon.0 v2:10.20.193.127:3300/0 1 ==== mon_map magic: 0 ==== 205+0+0 (secure 0 0 0) 0x7fc88403c070 con 0x7fc88c10a1a0
2026-02-19T23:06:52.935 INFO:teuthology.orchestra.run.trial127.stdout:/usr/bin/ceph: stderr
2026-02-19T23:06:52.794+0000 7fc891629640 1 -- 10.20.193.127:0/108161608 <== mon.0 v2:10.20.193.127:3300/0 2 ==== config(25 keys) ==== 1038+0+0 (secure 0 0 0) 0x7fc884037440 con 0x7fc88c10a1a0
2026-02-19T23:06:52.935 INFO:teuthology.orchestra.run.trial127.stdout:/usr/bin/ceph: stderr
2026-02-19T23:06:52.794+0000 7fc891629640 1 -- 10.20.193.127:0/108161608 <== mon.0 v2:10.20.193.127:3300/0 3 ==== mon_map magic: 0 ==== 205+0+0 (secure 0 0 0) 0x7fc8840354d0 con 0x7fc88c10a1a0
2026-02-19T23:06:52.935 INFO:teuthology.orchestra.run.trial127.stdout:/usr/bin/ceph: stderr
2026-02-19T23:06:52.794+0000 7fc89362d640 1 -- 10.20.193.127:0/108161608 >> [v2:10.20.193.127:3300/0,v1:10.20.193.127:6789/0] conn(0x7fc88c10a1a0 msgr2=0x7fc88c10a5c0 secure :-1 s=STATE_CONNECTION_ESTABLISHED l=1).mark_down
2026-02-19T23:06:52.935 INFO:teuthology.orchestra.run.trial127.stdout:/usr/bin/ceph: stderr
2026-02-19T23:06:52.794+0000 7fc89362d640 1 --2- 10.20.193.127:0/108161608 >> [v2:10.20.193.127:3300/0,v1:10.20.193.127:6789/0] conn(0x7fc88c10a1a0 0x7fc88c10a5c0 secure :-1 s=READY pgs=57 cs=0 l=1 rev1=1 crypto rx=0x7fc884009920 tx=0x7fc88402ef20 comp rx=0 tx=0).stop
2026-02-19T23:06:52.935 INFO:teuthology.orchestra.run.trial127.stdout:/usr/bin/ceph: stderr
2026-02-19T23:06:52.794+0000 7fc89362d640 1 -- 10.20.193.127:0/108161608 shutdown_connections
2026-02-19T23:06:52.935 INFO:teuthology.orchestra.run.trial127.stdout:/usr/bin/ceph: stderr
2026-02-19T23:06:52.794+0000 7fc89362d640 1 --2- 10.20.193.127:0/108161608 >> [v2:10.20.193.127:3300/0,v1:10.20.193.127:6789/0] conn(0x7fc88c10a1a0 0x7fc88c10a5c0 unknown :-1 s=CLOSED pgs=57 cs=0 l=1 rev1=1 crypto rx=0 tx=0 comp rx=0 tx=0).stop
2026-02-19T23:06:52.936 INFO:teuthology.orchestra.run.trial127.stdout:/usr/bin/ceph: stderr
2026-02-19T23:06:52.794+0000 7fc89362d640 1 -- 10.20.193.127:0/108161608 >> 10.20.193.127:0/108161608 conn(0x7fc88c07d8f0 msgr2=0x7fc88c1086a0 unknown :-1 s=STATE_NONE l=0).mark_down
2026-02-19T23:06:52.936 INFO:teuthology.orchestra.run.trial127.stdout:/usr/bin/ceph: stderr
2026-02-19T23:06:52.794+0000 7fc89362d640 1 -- 10.20.193.127:0/108161608 shutdown_connections
2026-02-19T23:06:52.936 INFO:teuthology.orchestra.run.trial127.stdout:/usr/bin/ceph: stderr
2026-02-19T23:06:52.794+0000 7fc89362d640 1 -- 10.20.193.127:0/108161608 wait complete.
2026-02-19T23:06:52.936 INFO:teuthology.orchestra.run.trial127.stdout:/usr/bin/ceph: stderr
2026-02-19T23:06:52.794+0000 7fc89362d640 1 Processor -- start
2026-02-19T23:06:52.936 INFO:teuthology.orchestra.run.trial127.stdout:/usr/bin/ceph: stderr
2026-02-19T23:06:52.794+0000 7fc89362d640 1 -- start start
2026-02-19T23:06:52.936 INFO:teuthology.orchestra.run.trial127.stdout:/usr/bin/ceph: stderr
2026-02-19T23:06:52.794+0000 7fc89362d640 1 --2- >> [v2:10.20.193.127:3300/0,v1:10.20.193.127:6789/0] conn(0x7fc88c10a1a0 0x7fc88c19ff20 unknown :-1 s=NONE pgs=0 cs=0 l=1 rev1=0 crypto rx=0 tx=0 comp rx=0 tx=0).connect
2026-02-19T23:06:52.936 INFO:teuthology.orchestra.run.trial127.stdout:/usr/bin/ceph: stderr
2026-02-19T23:06:52.794+0000 7fc89362d640 1 -- --> [v2:10.20.193.127:3300/0,v1:10.20.193.127:6789/0] -- mon_getmap magic: 0 -- 0x7fc88c10e4b0 con 0x7fc88c10a1a0
2026-02-19T23:06:52.936 INFO:teuthology.orchestra.run.trial127.stdout:/usr/bin/ceph: stderr
2026-02-19T23:06:52.794+0000 7fc89262b640 1 --2- >> [v2:10.20.193.127:3300/0,v1:10.20.193.127:6789/0] conn(0x7fc88c10a1a0 0x7fc88c19ff20 unknown :-1 s=BANNER_CONNECTING pgs=0 cs=0 l=1 rev1=0 crypto rx=0 tx=0 comp rx=0 tx=0)._handle_peer_banner_payload supported=3 required=0
2026-02-19T23:06:52.936 INFO:teuthology.orchestra.run.trial127.stdout:/usr/bin/ceph: stderr
2026-02-19T23:06:52.794+0000 7fc89262b640 1 --2- >> [v2:10.20.193.127:3300/0,v1:10.20.193.127:6789/0] conn(0x7fc88c10a1a0 0x7fc88c19ff20 unknown :-1 s=HELLO_CONNECTING pgs=0 cs=0 l=1 rev1=1 crypto rx=0 tx=0 comp rx=0 tx=0).handle_hello peer v2:10.20.193.127:3300/0 says I am v2:10.20.193.127:59258/0 (socket says 10.20.193.127:59258)
2026-02-19T23:06:52.936 INFO:teuthology.orchestra.run.trial127.stdout:/usr/bin/ceph: stderr
2026-02-19T23:06:52.794+0000 7fc89262b640 1 -- 10.20.193.127:0/227460755 learned_addr learned my addr 10.20.193.127:0/227460755 (peer_addr_for_me v2:10.20.193.127:0/0)
2026-02-19T23:06:52.936 INFO:teuthology.orchestra.run.trial127.stdout:/usr/bin/ceph: stderr
