2026-02-19T23:19:48.029+0000 7f77aed48640 1 -- --> [v2:10.20.193.61:3300/0,v1:10.20.193.61:6789/0] -- mon_getmap magic: 0 -- 0x7f77a810e980 con 0x7f77a807ee70
2026-02-19T23:19:48.155 INFO:teuthology.orchestra.run.trial061.stdout:/usr/bin/ceph: stderr
2026-02-19T23:19:48.030+0000 7f77acabd640 1 --2- >> [v2:10.20.193.61:3300/0,v1:10.20.193.61:6789/0] conn(0x7f77a807ee70 0x7f77a81a04d0 unknown :-1 s=BANNER_CONNECTING pgs=0 cs=0 l=1 rev1=0 crypto rx=0 tx=0 comp rx=0 tx=0)._handle_peer_banner_payload supported=3 required=0
2026-02-19T23:19:48.156 INFO:teuthology.orchestra.run.trial061.stdout:/usr/bin/ceph: stderr
2026-02-19T23:19:48.030+0000 7f77acabd640 1 --2- >> [v2:10.20.193.61:3300/0,v1:10.20.193.61:6789/0] conn(0x7f77a807ee70 0x7f77a81a04d0 unknown :-1 s=HELLO_CONNECTING pgs=0 cs=0 l=1 rev1=1 crypto rx=0 tx=0 comp rx=0 tx=0).handle_hello peer v2:10.20.193.61:3300/0 says I am v2:10.20.193.61:42006/0 (socket says 10.20.193.61:42006)
2026-02-19T23:19:48.156 INFO:teuthology.orchestra.run.trial061.stdout:/usr/bin/ceph: stderr
2026-02-19T23:19:48.030+0000 7f77acabd640 1 -- 10.20.193.61:0/2630306859 learned_addr learned my addr 10.20.193.61:0/2630306859 (peer_addr_for_me v2:10.20.193.61:0/0)
2026-02-19T23:19:48.156 INFO:teuthology.orchestra.run.trial061.stdout:/usr/bin/ceph: stderr
2026-02-19T23:19:48.030+0000 7f77acabd640 1 -- 10.20.193.61:0/2630306859 --> [v2:10.20.193.61:3300/0,v1:10.20.193.61:6789/0] -- mon_subscribe({config=0+,monmap=0+}) -- 0x7f77a81a0a10 con 0x7f77a807ee70
2026-02-19T23:19:48.156 INFO:teuthology.orchestra.run.trial061.stdout:/usr/bin/ceph: stderr
2026-02-19T23:19:48.030+0000 7f77acabd640 1 --2- 10.20.193.61:0/2630306859 >> [v2:10.20.193.61:3300/0,v1:10.20.193.61:6789/0] conn(0x7f77a807ee70 0x7f77a81a04d0 secure :-1 s=READY pgs=52 cs=0 l=1 rev1=1 crypto rx=0x7f7798002410 tx=0x7f7798037820 comp rx=0 tx=0).ready entity=mon.0 client_cookie=0 server_cookie=0 in_seq=0 out_seq=0
2026-02-19T23:19:48.156 INFO:teuthology.orchestra.run.trial061.stdout:/usr/bin/ceph: stderr
2026-02-19T23:19:48.030+0000 7f779dffb640 1 -- 10.20.193.61:0/2630306859 <== mon.0 v2:10.20.193.61:3300/0 1 ==== mon_map magic: 0 ==== 205+0+0 (secure 0 0 0) 0x7f7798047070 con 0x7f77a807ee70
2026-02-19T23:19:48.156 INFO:teuthology.orchestra.run.trial061.stdout:/usr/bin/ceph: stderr
2026-02-19T23:19:48.030+0000 7f779dffb640 1 -- 10.20.193.61:0/2630306859 <== mon.0 v2:10.20.193.61:3300/0 2 ==== config(26 keys) ==== 1076+0+0 (secure 0 0 0) 0x7f7798035da0 con 0x7f77a807ee70
2026-02-19T23:19:48.156 INFO:teuthology.orchestra.run.trial061.stdout:/usr/bin/ceph: stderr
2026-02-19T23:19:48.030+0000 7f77aed48640 1 -- 10.20.193.61:0/2630306859 --> [v2:10.20.193.61:3300/0,v1:10.20.193.61:6789/0] -- mon_subscribe({mgrmap=0+}) -- 0x7f77a81a0ca0 con 0x7f77a807ee70
2026-02-19T23:19:48.156 INFO:teuthology.orchestra.run.trial061.stdout:/usr/bin/ceph: stderr
2026-02-19T23:19:48.030+0000 7f779dffb640 1 -- 10.20.193.61:0/2630306859 <== mon.0 v2:10.20.193.61:3300/0 3 ==== mon_map magic: 0 ==== 205+0+0 (secure 0 0 0) 0x7f779803c070 con 0x7f77a807ee70
2026-02-19T23:19:48.156 INFO:teuthology.orchestra.run.trial061.stdout:/usr/bin/ceph: stderr
2026-02-19T23:19:48.030+0000 7f77aed48640 1 -- 10.20.193.61:0/2630306859 --> [v2:10.20.193.61:3300/0,v1:10.20.193.61:6789/0] -- mon_subscribe({osdmap=0}) -- 0x7f77a81a3990 con 0x7f77a807ee70
2026-02-19T23:19:48.156 INFO:teuthology.orchestra.run.trial061.stdout:/usr/bin/ceph: stderr
2026-02-19T23:19:48.030+0000 7f77aed48640 1 -- 10.20.193.61:0/2630306859 --> [v2:10.20.193.61:3300/0,v1:10.20.193.61:6789/0] -- mon_command({"prefix": "get_command_descriptions"} v 0) -- 0x7f77a807d350 con 0x7f77a807ee70
2026-02-19T23:19:48.156 INFO:teuthology.orchestra.run.trial061.stdout:/usr/bin/ceph: stderr
2026-02-19T23:19:48.030+0000 7f779dffb640 1 -- 10.20.193.61:0/2630306859 <== mon.0 v2:10.20.193.61:3300/0 4 ==== mgrmap(e 8) ==== 50247+0+0 (secure 0 0 0) 0x7f779804c440 con 0x7f77a807ee70
2026-02-19T23:19:48.156 INFO:teuthology.orchestra.run.trial061.stdout:/usr/bin/ceph: stderr
2026-02-19T23:19:48.031+0000 7f779dffb640 1 --2- 10.20.193.61:0/2630306859 >> [v2:10.20.193.61:6800/4208231402,v1:10.20.193.61:6801/4208231402] conn(0x7f778403dbf0 0x7f77840400b0 unknown :-1 s=NONE pgs=0 cs=0 l=1 rev1=0 crypto rx=0 tx=0 comp rx=0 tx=0).connect
2026-02-19T23:19:48.157 INFO:teuthology.orchestra.run.trial061.stdout:/usr/bin/ceph: stderr
2026-02-19T23:19:48.031+0000 7f779dffb640 1 -- 10.20.193.61:0/2630306859 <== mon.0 v2:10.20.193.61:3300/0 5 ==== osd_map(2..2 src has 1..2) ==== 940+0+0 (secure 0 0 0) 0x7f7798076920 con 0x7f77a807ee70
2026-02-19T23:19:48.157 INFO:teuthology.orchestra.run.trial061.stdout:/usr/bin/ceph: stderr
2026-02-19T23:19:48.031+0000 7f779ffff640 1 --2- 10.20.193.61:0/2630306859 >> [v2:10.20.193.61:6800/4208231402,v1:10.20.193.61:6801/4208231402] conn(0x7f778403dbf0 0x7f77840400b0 unknown :-1 s=BANNER_CONNECTING pgs=0 cs=0 l=1 rev1=0 crypto rx=0 tx=0 comp rx=0 tx=0)._handle_peer_banner_payload supported=3 required=0
2026-02-19T23:19:48.157 INFO:teuthology.orchestra.run.trial061.stdout:/usr/bin/ceph: stderr
2026-02-19T23:19:48.031+0000 7f779ffff640 1 --2- 10.20.193.61:0/2630306859 >> [v2:10.20.193.61:6800/4208231402,v1:10.20.193.61:6801/4208231402] conn(0x7f778403dbf0 0x7f77840400b0 secure :-1 s=READY pgs=15 cs=0 l=1 rev1=1 crypto rx=0x7f77900099c0 tx=0x7f7790006eb0 comp rx=0 tx=0).ready entity=mgr.14118 client_cookie=0 server_cookie=0 in_seq=0 out_seq=0
2026-02-19T23:19:48.157 INFO:teuthology.orchestra.run.trial061.stdout:/usr/bin/ceph: stderr
2026-02-19T23:19:48.033+0000 7f779dffb640 1 -- 10.20.193.61:0/2630306859 <== mon.0 v2:10.20.193.61:3300/0 6 ==== mon_command_ack([{"prefix": "get_command_descriptions"}]=0 v0) ==== 72+0+195034 (secure 0 0 0) 0x7f779804c8b0 con 0x7f77a807ee70
2026-02-19T23:19:48.157 INFO:teuthology.orchestra.run.trial061.stdout:/usr/bin/ceph: stderr
2026-02-19T23:19:48.123+0000 7f77aed48640 1 -- 10.20.193.61:0/2630306859 --> [v2:10.20.193.61:3300/0,v1:10.20.193.61:6789/0] -- mon_command([{prefix=config set, name=mgr/dashboard/ssl_server_port}] v 0) -- 0x7f77a81a4030 con 0x7f77a807ee70
2026-02-19T23:19:48.157 INFO:teuthology.orchestra.run.trial061.stdout:/usr/bin/ceph: stderr
2026-02-19T23:19:48.125+0000 7f779dffb640 1 -- 10.20.193.61:0/2630306859 <== mon.0 v2:10.20.193.61:3300/0 7 ==== mon_command_ack([{prefix=config set, name=mgr/dashboard/ssl_server_port}]=0 v8)=0 v8) ==== 130+0+0 (secure 0 0 0) 0x7f7798076680 con 0x7f77a807ee70
2026-02-19T23:19:48.157 INFO:teuthology.orchestra.run.trial061.stdout:/usr/bin/ceph: stderr
2026-02-19T23:19:48.127+0000 7f77aed48640 1 -- 10.20.193.61:0/2630306859 >> [v2:10.20.193.61:6800/4208231402,v1:10.20.193.61:6801/4208231402] conn(0x7f778403dbf0 msgr2=0x7f77840400b0 secure :-1 s=STATE_CONNECTION_ESTABLISHED l=1).mark_down
2026-02-19T23:19:48.157 INFO:teuthology.orchestra.run.trial061.stdout:/usr/bin/ceph: stderr
2026-02-19T23:19:48.127+0000 7f77aed48640 1 --2- 10.20.193.61:0/2630306859 >> [v2:10.20.193.61:6800/4208231402,v1:10.20.193.61:6801/4208231402] conn(0x7f778403dbf0 0x7f77840400b0 secure :-1 s=READY pgs=15 cs=0 l=1 rev1=1 crypto rx=0x7f77900099c0 tx=0x7f7790006eb0 comp rx=0 tx=0).stop
2026-02-19T23:19:48.157 INFO:teuthology.orchestra.run.trial061.stdout:/usr/bin/ceph: stderr
2026-02-19T23:19:48.127+0000 7f77aed48640 1 -- 10.20.193.61:0/2630306859 >> [v2:10.20.193.61:3300/0,v1:10.20.193.61:6789/0] conn(0x7f77a807ee70 msgr2=0x7f77a81a04d0 secure :-1 s=STATE_CONNECTION_ESTABLISHED l=1).mark_down
2026-02-19T23:19:48.157 INFO:teuthology.orchestra.run.trial061.stdout:/usr/bin/ceph: stderr
2026-02-19T23:19:48.127+0000 7f77aed48640 1 --2- 10.20.193.61:0/2630306859 >> [v2:10.20.193.61:3300/0,v1:10.20.193.61:6789/0] conn(0x7f77a807ee70 0x7f77a81a04d0 secure :-1 s=READY pgs=52 cs=0 l=1 rev1=1 crypto rx=0x7f7798002410 tx=0x7f7798037820 comp rx=0 tx=0).stop
2026-02-19T23:19:48.157 INFO:teuthology.orchestra.run.trial061.stdout:/usr/bin/ceph: stderr
2026-02-19T23:19:48.127+0000 7f77aed48640 1 -- 10.20.193.61:0/2630306859 shutdown_connections
2026-02-19T23:19:48.157 INFO:teuthology.orchestra.run.trial061.stdout:/usr/bin/ceph: stderr
2026-02-19T23:19:48.127+0000 7f77aed48640 1 --2- 10.20.193.61:0/2630306859 >> [v2:10.20.193.61:6800/4208231402,v1:10.20.193.61:6801/4208231402] conn(0x7f778403dbf0 0x7f77840400b0 unknown :-1 s=CLOSED pgs=15 cs=0 l=1 rev1=1 crypto rx=0 tx=0 comp rx=0 tx=0).stop
2026-02-19T23:19:48.158 INFO:teuthology.orchestra.run.trial061.stdout:/usr/bin/ceph: stderr
2026-02-19T23:19:48.127+0000 7f77aed48640 1 --2- 10.20.193.61:0/2630306859 >> [v2:10.20.193.61:3300/0,v1:10.20.193.61:6789/0] conn(0x7f77a807ee70 0x7f77a81a04d0 unknown :-1 s=CLOSED pgs=52 cs=0 l=1 rev1=1 crypto rx=0 tx=0 comp rx=0 tx=0).stop
2026-02-19T23:19:48.158 INFO:teuthology.orchestra.run.trial061.stdout:/usr/bin/ceph: stderr
2026-02-19T23:19:48.127+0000 7f77aed48640 1 -- 10.20.193.61:0/2630306859 >> 10.20.193.61:0/2630306859 conn(0x7f77a8103b70 msgr2=0x7f77a81046d0 unknown :-1 s=STATE_NONE l=0).mark_down
2026-02-19T23:19:48.158 INFO:teuthology.orchestra.run.trial061.stdout:/usr/bin/ceph: stderr
2026-02-19T23:19:48.127+0000 7f77aed48640 1 -- 10.20.193.61:0/2630306859 shutdown_connections
2026-02-19T23:19:48.158 INFO:teuthology.orchestra.run.trial061.stdout:/usr/bin/ceph: stderr
2026-02-19T23:19:48.127+0000 7f77aed48640 1 -- 10.20.193.61:0/2630306859 wait complete.
2026-02-19T23:19:48.158 INFO:teuthology.orchestra.run.trial061.stdout:Enabling the dashboard module...
2026-02-19T23:19:49.219 INFO:journalctl@ceph.mon.a.trial061.stdout:Feb 19 23:19:48 trial061 ceph-mon[40849]: Added host trial061
2026-02-19T23:19:49.220 INFO:journalctl@ceph.mon.a.trial061.stdout:Feb 19 23:19:48 trial061 ceph-mon[40849]: from='client.14140 -' entity='client.admin' cmd=[{"prefix": "orch apply", "service_type": "mon", "unmanaged": true, "target": ["mon-mgr", ""]}]: dispatch
2026-02-19T23:19:49.220 INFO:journalctl@ceph.mon.a.trial061.stdout:Feb 19 23:19:48 trial061 ceph-mon[40849]: Saving service mon spec with placement count:5
2026-02-19T23:19:49.220 INFO:journalctl@ceph.mon.a.trial061.stdout:Feb 19 23:19:48 trial061 ceph-mon[40849]: from='client.14142 -' entity='client.admin' cmd=[{"prefix": "orch apply", "service_type": "mgr", "unmanaged": true, "target": ["mon-mgr", ""]}]: dispatch
2026-02-19T23:19:49.220 INFO:journalctl@ceph.mon.a.trial061.stdout:Feb 19 23:19:48 trial061 ceph-mon[40849]: Saving service mgr spec with placement count:2
2026-02-19T23:19:49.220 INFO:journalctl@ceph.mon.a.trial061.stdout:Feb 19 23:19:48 trial061 ceph-mon[40849]: from='mgr.14118 10.20.193.61:0/2617200074' entity='mgr.x'
2026-02-19T23:19:49.220 INFO:journalctl@ceph.mon.a.trial061.stdout:Feb 19 23:19:48 trial061 ceph-mon[40849]: from='client.? 10.20.193.61:0/3316220434' entity='client.admin'
2026-02-19T23:19:49.220 INFO:journalctl@ceph.mon.a.trial061.stdout:Feb 19 23:19:48 trial061 ceph-mon[40849]: from='client.? 10.20.193.61:0/2630306859' entity='client.admin'
2026-02-19T23:19:49.220 INFO:journalctl@ceph.mon.a.trial061.stdout:Feb 19 23:19:48 trial061 ceph-mon[40849]: from='mgr.14118 10.20.193.61:0/2617200074' entity='mgr.x'
2026-02-19T23:19:49.220 INFO:journalctl@ceph.mon.a.trial061.stdout:Feb 19 23:19:48 trial061 ceph-mon[40849]: from='client.? 10.20.193.61:0/1596745067' entity='client.admin' cmd=[{"prefix": "mgr module enable", "module": "dashboard"}]: dispatch
2026-02-19T23:19:49.221 INFO:journalctl@ceph.mon.a.trial061.stdout:Feb 19 23:19:48 trial061 ceph-mon[40849]: from='mgr.14118 10.20.193.61:0/2617200074' entity='mgr.x'
2026-02-19T23:19:49.268 INFO:teuthology.orchestra.run.trial061.stdout:/usr/bin/ceph: stderr
2026-02-19T23:19:48.247+0000 7f11c176e640 1 Processor -- start
2026-02-19T23:19:49.268 INFO:teuthology.orchestra.run.trial061.stdout:/usr/bin/ceph: stderr
2026-02-19T23:19:48.247+0000 7f11c176e640 1 -- start start
2026-02-19T23:19:49.268 INFO:teuthology.orchestra.run.trial061.stdout:/usr/bin/ceph: stderr
2026-02-19T23:19:48.247+0000 7f11c176e640 1 --2- >> [v2:10.20.193.61:3300/0,v1:10.20.193.61:6789/0] conn(0x7f11bc108410 0x7f11bc108810 unknown :-1 s=NONE pgs=0 cs=0 l=0 rev1=0 crypto rx=0 tx=0 comp rx=0 tx=0).connect
2026-02-19T23:19:49.268 INFO:teuthology.orchestra.run.trial061.stdout:/usr/bin/ceph: stderr
2026-02-19T23:19:48.247+0000 7f11c176e640 1 -- --> [v2:10.20.193.61:3300/0,v1:10.20.193.61:6789/0] -- mon_getmap magic: 0 -- 0x7f11bc108de0 con 0x7f11bc108410
2026-02-19T23:19:49.268 INFO:teuthology.orchestra.run.trial061.stdout:/usr/bin/ceph: stderr
2026-02-19T23:19:48.248+0000 7f11baffd640 1 --2- >> [v2:10.20.193.61:3300/0,v1:10.20.193.61:6789/0] conn(0x7f11bc108410 0x7f11bc108810 unknown :-1 s=BANNER_CONNECTING pgs=0 cs=0 l=0 rev1=0 crypto rx=0 tx=0 comp rx=0 tx=0)._handle_peer_banner_payload supported=3 required=0
2026-02-19T23:19:49.268 INFO:teuthology.orchestra.run.trial061.stdout:/usr/bin/ceph: stderr
2026-02-19T23:19:48.248+0000 7f11baffd640 1 --2- >> [v2:10.20.193.61:3300/0,v1:10.20.193.61:6789/0] conn(0x7f11bc108410 0x7f11bc108810 unknown :-1 s=HELLO_CONNECTING pgs=0 cs=0 l=0 rev1=1 crypto rx=0 tx=0 comp rx=0 tx=0).handle_hello peer v2:10.20.193.61:3300/0 says I am v2:10.20.193.61:42008/0 (socket says 10.20.193.61:42008)
2026-02-19T23:19:49.269 INFO:teuthology.orchestra.run.trial061.stdout:/usr/bin/ceph: stderr
2026-02-19T23:19:48.248+0000 7f11baffd640 1 -- 10.20.193.61:0/1028796043 learned_addr learned my addr 10.20.193.61:0/1028796043 (peer_addr_for_me v2:10.20.193.61:0/0)
2026-02-19T23:19:49.269 INFO:teuthology.orchestra.run.trial061.stdout:/usr/bin/ceph: stderr
2026-02-19T23:19:48.248+0000 7f11baffd640 1 -- 10.20.193.61:0/1028796043 --> [v2:10.20.193.61:3300/0,v1:10.20.193.61:6789/0] -- mon_subscribe({config=0+,monmap=0+}) -- 0x7f11bc109610 con 0x7f11bc108410
2026-02-19T23:19:49.269 INFO:teuthology.orchestra.run.trial061.stdout:/usr/bin/ceph: stderr
2026-02-19T23:19:48.248+0000 7f11baffd640 1 --2- 10.20.193.61:0/1028796043 >> [v2:10.20.193.61:3300/0,v1:10.20.193.61:6789/0] conn(0x7f11bc108410 0x7f11bc108810 secure :-1 s=READY pgs=53 cs=0 l=1 rev1=1 crypto rx=0x7f11b0009920 tx=0x7f11b002ef20 comp rx=0 tx=0).ready entity=mon.0 client_cookie=90648102ab13f1e0 server_cookie=0 in_seq=0 out_seq=0
2026-02-19T23:19:49.269 INFO:teuthology.orchestra.run.trial061.stdout:/usr/bin/ceph: stderr
2026-02-19T23:19:48.248+0000 7f11b9ffb640 1 -- 10.20.193.61:0/1028796043 <== mon.0 v2:10.20.193.61:3300/0 1 ==== mon_map magic: 0 ==== 205+0+0 (secure 0 0 0) 0x7f11b003c070 con 0x7f11bc108410
2026-02-19T23:19:49.269 INFO:teuthology.orchestra.run.trial061.stdout:/usr/bin/ceph: stderr
2026-02-19T23:19:48.248+0000 7f11b9ffb640 1 -- 10.20.193.61:0/1028796043 <== mon.0 v2:10.20.193.61:3300/0 2 ==== config(26 keys) ==== 1076+0+0 (secure 0 0 0) 0x7f11b0037440 con 0x7f11bc108410
2026-02-19T23:19:49.269 INFO:teuthology.orchestra.run.trial061.stdout:/usr/bin/ceph: stderr
2026-02-19T23:19:48.248+0000 7f11b9ffb640 1 -- 10.20.193.61:0/1028796043 <== mon.0 v2:10.20.193.61:3300/0 3 ==== mon_map magic: 0 ==== 205+0+0 (secure 0 0 0) 0x7f11b00354d0 con 0x7f11bc108410
2026-02-19T23:19:49.269 INFO:teuthology.orchestra.run.trial061.stdout:/usr/bin/ceph: stderr
2026-02-19T23:19:48.249+0000 7f11c176e640 1 -- 10.20.193.61:0/1028796043 >> [v2:10.20.193.61:3300/0,v1:10.20.193.61:6789/0] conn(0x7f11bc108410 msgr2=0x7f11bc108810 secure :-1 s=STATE_CONNECTION_ESTABLISHED l=1).mark_down
2026-02-19T23:19:49.269 INFO:teuthology.orchestra.run.trial061.stdout:/usr/bin/ceph: stderr
2026-02-19T23:19:48.249+0000 7f11c176e640 1 --2- 10.20.193.61:0/1028796043 >> [v2:10.20.193.61:3300/0,v1:10.20.193.61:6789/0] conn(0x7f11bc108410 0x7f11bc108810 secure :-1 s=READY pgs=53 cs=0 l=1 rev1=1 crypto rx=0x7f11b0009920 tx=0x7f11b002ef20 comp rx=0 tx=0).stop
2026-02-19T23:19:49.269 INFO:teuthology.orchestra.run.trial061.stdout:/usr/bin/ceph: stderr
2026-02-19T23:19:48.249+0000 7f11c176e640 1 -- 10.20.193.61:0/1028796043 shutdown_connections
2026-02-19T23:19:49.269 INFO:teuthology.orchestra.run.trial061.stdout:/usr/bin/ceph: stderr
2026-02-19T23:19:48.249+0000 7f11c176e640 1 --2- 10.20.193.61:0/1028796043 >> [v2:10.20.193.61:3300/0,v1:10.20.193.61:6789/0] conn(0x7f11bc108410 0x7f11bc108810 unknown :-1 s=CLOSED pgs=53 cs=0 l=1 rev1=1 crypto rx=0 tx=0 comp rx=0 tx=0).stop
2026-02-19T23:19:49.269 INFO:teuthology.orchestra.run.trial061.stdout:/usr/bin/ceph: stderr
2026-02-19T23:19:48.249+0000 7f11c176e640 1 -- 10.20.193.61:0/1028796043 >> 10.20.193.61:0/1028796043 conn(0x7f11bc103be0 msgr2=0x7f11bc106000 unknown :-1 s=STATE_NONE l=0).mark_down
2026-02-19T23:19:49.270 INFO:teuthology.orchestra.run.trial061.stdout:/usr/bin/ceph: stderr
2026-02-19T23:19:48.249+0000 7f11c176e640 1 -- 10.20.193.61:0/1028796043 shutdown_connections
2026-02-19T23:19:49.270 INFO:teuthology.orchestra.run.trial061.stdout:/usr/bin/ceph: stderr
2026-02-19T23:19:48.249+0000 7f11c176e640 1 -- 10.20.193.61:0/1028796043 wait complete.
2026-02-19T23:19:49.270 INFO:teuthology.orchestra.run.trial061.stdout:/usr/bin/ceph: stderr
2026-02-19T23:19:48.249+0000 7f11c176e640 1 Processor -- start
2026-02-19T23:19:49.270 INFO:teuthology.orchestra.run.trial061.stdout:/usr/bin/ceph: stderr
2026-02-19T23:19:48.249+0000 7f11c176e640 1 -- start start
2026-02-19T23:19:49.270 INFO:teuthology.orchestra.run.trial061.stdout:/usr/bin/ceph: stderr
2026-02-19T23:19:48.249+0000 7f11c176e640 1 --2- >> [v2:10.20.193.61:3300/0,v1:10.20.193.61:6789/0] conn(0x7f11bc108410 0x7f11bc19e220 unknown :-1 s=NONE pgs=0 cs=0 l=1 rev1=0 crypto rx=0 tx=0 comp rx=0 tx=0).connect
2026-02-19T23:19:49.270 INFO:teuthology.orchestra.run.trial061.stdout:/usr/bin/ceph: stderr
2026-02-19T23:19:48.249+0000 7f11c176e640 1 -- --> [v2:10.20.193.61:3300/0,v1:10.20.193.61:6789/0] -- mon_getmap magic: 0 -- 0x7f11bc10c840 con 0x7f11bc108410
2026-02-19T23:19:49.270 INFO:teuthology.orchestra.run.trial061.stdout:/usr/bin/ceph: stderr
2026-02-19T23:19:48.249+0000 7f11baffd640 1 --2- >> [v2:10.20.193.61:3300/0,v1:10.20.193.61:6789/0] conn(0x7f11bc108410 0x7f11bc19e220 unknown :-1 s=BANNER_CONNECTING pgs=0 cs=0 l=1 rev1=0 crypto rx=0 tx=0 comp rx=0 tx=0)._handle_peer_banner_payload supported=3 required=0
2026-02-19T23:19:49.270 INFO:teuthology.orchestra.run.trial061.stdout:/usr/bin/ceph: stderr
2026-02-19T23:19:48.249+0000 7f11baffd640 1 --2- >> [v2:10.20.193.61:3300/0,v1:10.20.193.61:6789/0] conn(0x7f11bc108410 0x7f11bc19e220 unknown :-1 s=HELLO_CONNECTING pgs=0 cs=0 l=1 rev1=1 crypto rx=0 tx=0 comp rx=0 tx=0).handle_hello peer v2:10.20.193.61:3300/0 says I am v2:10.20.193.61:42022/0 (socket says 10.20.193.61:42022)
2026-02-19T23:19:49.270 INFO:teuthology.orchestra.run.trial061.stdout:/usr/bin/ceph: stderr
2026-02-19T23:19:48.249+0000 7f11baffd640 1 -- 10.20.193.61:0/1596745067 learned_addr learned my addr 10.20.193.61:0/1596745067 (peer_addr_for_me v2:10.20.193.61:0/0)
2026-02-19T23:19:49.270 INFO:teuthology.orchestra.run.trial061.stdout:/usr/bin/ceph: stderr
2026-02-19T23:19:48.250+0000 7f11baffd640 1 -- 10.20.193.61:0/1596745067 --> [v2:10.20.193.61:3300/0,v1:10.20.193.61:6789/0] -- mon_subscribe({config=0+,monmap=0+}) -- 0x7f11bc19e760 con 0x7f11bc108410
2026-02-19T23:19:49.270 INFO:teuthology.orchestra.run.trial061.stdout:/usr/bin/ceph: stderr
2026-02-19T23:19:48.250+0000 7f11baffd640 1 --2- 10.20.193.61:0/1596745067 >> [v2:10.20.193.61:3300/0,v1:10.20.193.61:6789/0] conn(0x7f11bc108410 0x7f11bc19e220 secure :-1 s=READY pgs=54 cs=0 l=1 rev1=1 crypto rx=0x7f11b0039000 tx=0x7f11b0037820 comp rx=0 tx=0).ready entity=mon.0 client_cookie=0 server_cookie=0 in_seq=0 out_seq=0
2026-02-19T23:19:49.270 INFO:teuthology.orchestra.run.trial061.stdout:/usr/bin/ceph: stderr
2026-02-19T23:19:48.250+0000 7f119bfff640 1 -- 10.20.193.61:0/1596745067 <== mon.0 v2:10.20.193.61:3300/0 1 ==== mon_map magic: 0 ==== 205+0+0 (secure 0 0 0) 0x7f11b0047070 con 0x7f11bc108410
2026-02-19T23:19:49.271 INFO:teuthology.orchestra.run.trial061.stdout:/usr/bin/ceph: stderr
2026-02-19T23:19:48.250+0000 7f119bfff640 1 -- 10.20.193.61:0/1596745067 <== mon.0 v2:10.20.193.61:3300/0 2 ==== config(26 keys) ==== 1076+0+0 (secure 0 0 0) 0x7f11b0035df0 con 0x7f11bc108410
2026-02-19T23:19:49.271 INFO:teuthology.orchestra.run.trial061.stdout:/usr/bin/ceph: stderr
2026-02-19T23:19:48.250+0000 7f119bfff640 1 -- 10.20.193.61:0/1596745067 <== mon.0 v2:10.20.193.61:3300/0 3 ==== mon_map magic: 0 ==== 205+0+0 (secure 0 0 0) 0x7f11b003c070 con 0x7f11bc108410
2026-02-19T23:19:49.271 INFO:teuthology.orchestra.run.trial061.stdout:/usr/bin/ceph: stderr
2026-02-19T23:19:48.250+0000 7f11c176e640 1 -- 10.20.193.61:0/1596745067 --> [v2:10.20.193.61:3300/0,v1:10.20.193.61:6789/0] -- mon_subscribe({mgrmap=0+}) -- 0x7f11bc19e9f0 con 0x7f11bc108410
2026-02-19T23:19:49.271 INFO:teuthology.orchestra.run.trial061.stdout:/usr/bin/ceph: stderr
2026-02-19T23:19:48.250+0000 7f11c176e640 1 -- 10.20.193.61:0/1596745067 --> [v2:10.20.193.61:3300/0,v1:10.20.193.61:6789/0] -- mon_subscribe({osdmap=0}) -- 0x7f11bc1a16e0 con 0x7f11bc108410
2026-02-19T23:19:49.271 INFO:teuthology.orchestra.run.trial061.stdout:/usr/bin/ceph: stderr
2026-02-19T23:19:48.250+0000 7f11c176e640 1 -- 10.20.193.61:0/1596745067 --> [v2:10.20.193.61:3300/0,v1:10.20.193.61:6789/0] -- mon_command({"prefix": "get_command_descriptions"} v 0) -- 0x7f11bc108890 con 0x7f11bc108410
2026-02-19T23:19:49.271 INFO:teuthology.orchestra.run.trial061.stdout:/usr/bin/ceph: stderr
2026-02-19T23:19:48.250+0000 7f119bfff640 1 -- 10.20.193.61:0/1596745067 <== mon.0 v2:10.20.193.61:3300/0 4 ==== mgrmap(e 8) ==== 50247+0+0 (secure 0 0 0) 0x7f11b004c440 con 0x7f11bc108410
2026-02-19T23:19:49.271 INFO:teuthology.orchestra.run.trial061.stdout:/usr/bin/ceph: stderr
2026-02-19T23:19:48.250+0000 7f119bfff640 1 --2- 10.20.193.61:0/1596745067 >> [v2:10.20.193.61:6800/4208231402,v1:10.20.193.61:6801/4208231402] conn(0x7f119003dbf0 0x7f11900400b0 unknown :-1 s=NONE pgs=0 cs=0 l=1 rev1=0 crypto rx=0 tx=0 comp rx=0 tx=0).connect
2026-02-19T23:19:49.271 INFO:teuthology.orchestra.run.trial061.stdout:/usr/bin/ceph: stderr
2026-02-19T23:19:48.251+0000 7f119bfff640 1 -- 10.20.193.61:0/1596745067 <== mon.0 v2:10.20.193.61:3300/0 5 ==== osd_map(2..2 src has 1..2) ==== 940+0+0 (secure 0 0 0) 0x7f11b0076860 con 0x7f11bc108410
2026-02-19T23:19:49.271 INFO:teuthology.orchestra.run.trial061.stdout:/usr/bin/ceph: stderr
2026-02-19T23:19:48.251+0000 7f11ba7fc640 1 --2- 10.20.193.61:0/1596745067 >> [v2:10.20.193.61:6800/4208231402,v1:10.20.193.61:6801/4208231402] conn(0x7f119003dbf0 0x7f11900400b0 unknown :-1 s=BANNER_CONNECTING pgs=0 cs=0 l=1 rev1=0 crypto rx=0 tx=0 comp rx=0 tx=0)._handle_peer_banner_payload supported=3 required=0
2026-02-19T23:19:49.271 INFO:teuthology.orchestra.run.trial061.stdout:/usr/bin/ceph: stderr
2026-02-19T23:19:48.251+0000 7f11ba7fc640 1 --2- 10.20.193.61:0/1596745067 >> [v2:10.20.193.61:6800/4208231402,v1:10.20.193.61:6801/4208231402] conn(0x7f119003dbf0 0x7f11900400b0 secure :-1 s=READY pgs=16 cs=0 l=1 rev1=1 crypto rx=0x7f11a40099c0 tx=0x7f11a4006eb0 comp rx=0 tx=0).ready entity=mgr.14118 client_cookie=0 server_cookie=0 in_seq=0 out_seq=0
2026-02-19T23:19:49.271 INFO:teuthology.orchestra.run.trial061.stdout:/usr/bin/ceph: stderr
2026-02-19T23:19:48.253+0000 7f119bfff640 1 -- 10.20.193.61:0/1596745067 <== mon.0 v2:10.20.193.61:3300/0 6 ==== mon_command_ack([{"prefix": "get_command_descriptions"}]=0 v0) ==== 72+0+195034 (secure 0 0 0) 0x7f11b0042440 con 0x7f11bc108410
2026-02-19T23:19:49.271 INFO:teuthology.orchestra.run.trial061.stdout:/usr/bin/ceph: stderr
2026-02-19T23:19:48.356+0000 7f11c176e640 1 -- 10.20.193.61:0/1596745067 --> [v2:10.20.193.61:3300/0,v1:10.20.193.61:6789/0] -- mon_command({"prefix": "mgr module enable", "module": "dashboard"} v 0) -- 0x7f11bc1a1d60 con 0x7f11bc108410
2026-02-19T23:19:49.272 INFO:teuthology.orchestra.run.trial061.stdout:/usr/bin/ceph: stderr
2026-02-19T23:19:49.236+0000 7f119bfff640 1 -- 10.20.193.61:0/1596745067 <== mon.0 v2:10.20.193.61:3300/0 7 ==== mon_command_ack([{"prefix": "mgr module enable", "module": "dashboard"}]=0 v9) ==== 88+0+0 (secure 0 0 0) 0x7f11b00342a0 con 0x7f11bc108410
2026-02-19T23:19:49.272 INFO:teuthology.orchestra.run.trial061.stdout:/usr/bin/ceph: stderr
2026-02-19T23:19:49.237+0000 7f119bfff640 1 -- 10.20.193.61:0/1596745067 <== mon.0 v2:10.20.193.61:3300/0 8 ==== mgrmap(e 9) ==== 50260+0+0 (secure 0 0 0) 0x7f11b004cb80 con 0x7f11bc108410
2026-02-19T23:19:49.272 INFO:teuthology.orchestra.run.trial061.stdout:/usr/bin/ceph: stderr
2026-02-19T23:19:49.239+0000 7f11c176e640 1 -- 10.20.193.61:0/1596745067 >> [v2:10.20.193.61:6800/4208231402,v1:10.20.193.61:6801/4208231402] conn(0x7f119003dbf0 msgr2=0x7f11900400b0 secure :-1 s=STATE_CONNECTION_ESTABLISHED l=1).mark_down
2026-02-19T23:19:49.272 INFO:teuthology.orchestra.run.trial061.stdout:/usr/bin/ceph: stderr
2026-02-19T23:19:49.239+0000 7f11c176e640 1 --2- 10.20.193.61:0/1596745067 >> [v2:10.20.193.61:6800/4208231402,v1:10.20.193.61:6801/4208231402] conn(0x7f119003dbf0 0x7f11900400b0 secure :-1 s=READY pgs=16 cs=0 l=1 rev1=1 crypto rx=0x7f11a40099c0 tx=0x7f11a4006eb0 comp rx=0 tx=0).stop
2026-02-19T23:19:49.272 INFO:teuthology.orchestra.run.trial061.stdout:/usr/bin/ceph: stderr
2026-02-19T23:19:49.239+0000 7f11c176e640 1 -- 10.20.193.61:0/1596745067 >> [v2:10.20.193.61:3300/0,v1:10.20.193.61:6789/0] conn(0x7f11bc108410 msgr2=0x7f11bc19e220 secure :-1 s=STATE_CONNECTION_ESTABLISHED l=1).mark_down
2026-02-19T23:19:49.272 INFO:teuthology.orchestra.run.trial061.stdout:/usr/bin/ceph: stderr
2026-02-19T23:19:49.239+0000 7f11c176e640 1 --2- 10.20.193.61:0/1596745067 >> [v2:10.20.193.61:3300/0,v1:10.20.193.61:6789/0] conn(0x7f11bc108410 0x7f11bc19e220 secure :-1 s=READY pgs=54 cs=0 l=1 rev1=1 crypto rx=0x7f11b0039000 tx=0x7f11b0037820 comp rx=0 tx=0).stop
2026-02-19T23:19:49.272 INFO:teuthology.orchestra.run.trial061.stdout:/usr/bin/ceph: stderr
2026-02-19T23:19:49.239+0000 7f11c176e640 1 -- 10.20.193.61:0/1596745067 shutdown_connections
2026-02-19T23:19:49.272 INFO:teuthology.orchestra.run.trial061.stdout:/usr/bin/ceph: stderr
2026-02-19T23:19:49.239+0000 7f11c176e640 1 --2- 10.20.193.61:0/1596745067 >> [v2:10.20.193.61:6800/4208231402,v1:10.20.193.61:6801/4208231402] conn(0x7f119003dbf0 0x7f11900400b0 unknown :-1 s=CLOSED pgs=16 cs=0 l=1 rev1=1 crypto rx=0 tx=0 comp rx=0 tx=0).stop
2026-02-19T23:19:49.272 INFO:teuthology.orchestra.run.trial061.stdout:/usr/bin/ceph: stderr
2026-02-19T23:19:49.239+0000 7f11c176e640 1 --2- 10.20.193.61:0/1596745067 >> [v2:10.20.193.61:3300/0,v1:10.20.193.61:6789/0] conn(0x7f11bc108410 0x7f11bc19e220 unknown :-1 s=CLOSED pgs=54 cs=0 l=1 rev1=1 crypto rx=0 tx=0 comp rx=0 tx=0).stop
2026-02-19T23:19:49.272 INFO:teuthology.orchestra.run.trial061.stdout:/usr/bin/ceph: stderr
2026-02-19T23:19:49.239+0000 7f11c176e640 1 -- 10.20.193.61:0/1596745067 >> 10.20.193.61:0/1596745067 conn(0x7f11bc103be0 msgr2=0x7f11bc1046d0 unknown :-1 s=STATE_NONE l=0).mark_down
2026-02-19T23:19:49.272 INFO:teuthology.orchestra.run.trial061.stdout:/usr/bin/ceph: stderr
2026-02-19T23:19:49.239+0000 7f11c176e640 1 -- 10.20.193.61:0/1596745067 shutdown_connections
2026-02-19T23:19:49.272 INFO:teuthology.orchestra.run.trial061.stdout:/usr/bin/ceph: stderr
2026-02-19T23:19:49.239+0000 7f11c176e640 1 -- 10.20.193.61:0/1596745067 wait complete.
2026-02-19T23:19:49.490 INFO:journalctl@ceph.mgr.x.trial061.stdout:Feb 19 23:19:49 trial061 ceph-6b793557-0de9-11f1-b6d5-d404e6e7d460-mgr-x[41114]: ignoring --setuser ceph since I am not root
2026-02-19T23:19:49.490 INFO:journalctl@ceph.mgr.x.trial061.stdout:Feb 19 23:19:49 trial061 ceph-6b793557-0de9-11f1-b6d5-d404e6e7d460-mgr-x[41114]: ignoring --setgroup ceph since I am not root
2026-02-19T23:19:49.508 INFO:teuthology.orchestra.run.trial061.stdout:/usr/bin/ceph: stdout {
2026-02-19T23:19:49.508 INFO:teuthology.orchestra.run.trial061.stdout:/usr/bin/ceph: stdout "epoch": 9,
2026-02-19T23:19:49.508 INFO:teuthology.orchestra.run.trial061.stdout:/usr/bin/ceph: stdout "available": true,
2026-02-19T23:19:49.508 INFO:teuthology.orchestra.run.trial061.stdout:/usr/bin/ceph: stdout "active_name": "x",
2026-02-19T23:19:49.509 INFO:teuthology.orchestra.run.trial061.stdout:/usr/bin/ceph: stdout "num_standby": 0
2026-02-19T23:19:49.509 INFO:teuthology.orchestra.run.trial061.stdout:/usr/bin/ceph: stdout }
2026-02-19T23:19:49.509 INFO:teuthology.orchestra.run.trial061.stdout:/usr/bin/ceph: stderr
2026-02-19T23:19:49.368+0000 7f03cc2f1640 1 Processor -- start
2026-02-19T23:19:49.509 INFO:teuthology.orchestra.run.trial061.stdout:/usr/bin/ceph: stderr
2026-02-19T23:19:49.369+0000 7f03cc2f1640 1 -- start start
2026-02-19T23:19:49.509 INFO:teuthology.orchestra.run.trial061.stdout:/usr/bin/ceph: stderr
2026-02-19T23:19:49.369+0000 7f03cc2f1640 1 --2- >> [v2:10.20.193.61:3300/0,v1:10.20.193.61:6789/0] conn(0x7f03c410aa30 0x7f03c410ae30 unknown :-1 s=NONE pgs=0 cs=0 l=0 rev1=0 crypto rx=0 tx=0 comp rx=0 tx=0).connect
2026-02-19T23:19:49.509 INFO:teuthology.orchestra.run.trial061.stdout:/usr/bin/ceph: stderr
2026-02-19T23:19:49.369+0000 7f03cc2f1640 1 -- --> [v2:10.20.193.61:3300/0,v1:10.20.193.61:6789/0] -- mon_getmap magic: 0 -- 0x7f03c410b400 con 0x7f03c410aa30
2026-02-19T23:19:49.510 INFO:teuthology.orchestra.run.trial061.stdout:/usr/bin/ceph: stderr
2026-02-19T23:19:49.369+0000 7f03ca066640 1 --2- >> [v2:10.20.193.61:3300/0,v1:10.20.193.61:6789/0] conn(0x7f03c410aa30 0x7f03c410ae30 unknown :-1 s=BANNER_CONNECTING pgs=0 cs=0 l=0 rev1=0 crypto rx=0 tx=0 comp rx=0 tx=0)._handle_peer_banner_payload supported=3 required=0
2026-02-19T23:19:49.510 INFO:teuthology.orchestra.run.trial061.stdout:/usr/bin/ceph: stderr
2026-02-19T23:19:49.369+0000 7f03ca066640 1 --2- >> [v2:10.20.193.61:3300/0,v1:10.20.193.61:6789/0] conn(0x7f03c410aa30 0x7f03c410ae30 unknown :-1 s=HELLO_CONNECTING pgs=0 cs=0 l=0 rev1=1 crypto rx=0 tx=0 comp rx=0 tx=0).handle_hello peer v2:10.20.193.61:3300/0 says I am v2:10.20.193.61:42050/0 (socket says 10.20.193.61:42050)
2026-02-19T23:19:49.510 INFO:teuthology.orchestra.run.trial061.stdout:/usr/bin/ceph: stderr
2026-02-19T23:19:49.369+0000 7f03ca066640 1 -- 10.20.193.61:0/3199501703 learned_addr learned my addr 10.20.193.61:0/3199501703 (peer_addr_for_me v2:10.20.193.61:0/0)
2026-02-19T23:19:49.510 INFO:teuthology.orchestra.run.trial061.stdout:/usr/bin/ceph: stderr
2026-02-19T23:19:49.369+0000 7f03ca066640 1 -- 10.20.193.61:0/3199501703 --> [v2:10.20.193.61:3300/0,v1:10.20.193.61:6789/0] -- mon_subscribe({config=0+,monmap=0+}) -- 0x7f03c410b820 con 0x7f03c410aa30
2026-02-19T23:19:49.510 INFO:teuthology.orchestra.run.trial061.stdout:/usr/bin/ceph: stderr
2026-02-19T23:19:49.369+0000 7f03ca066640 1 --2- 10.20.193.61:0/3199501703 >> [v2:10.20.193.61:3300/0,v1:10.20.193.61:6789/0] conn(0x7f03c410aa30 0x7f03c410ae30 secure :-1 s=READY pgs=57 cs=0 l=1 rev1=1 crypto rx=0x7f03b4009920 tx=0x7f03b402ef20 comp rx=0 tx=0).ready entity=mon.0 client_cookie=7ba9040cbbef99d9 server_cookie=0 in_seq=0 out_seq=0
2026-02-19T23:19:49.510 INFO:teuthology.orchestra.run.trial061.stdout:/usr/bin/ceph: stderr
2026-02-19T23:19:49.369+0000 7f03c9064640 1 -- 10.20.193.61:0/3199501703 <== mon.0 v2:10.20.193.61:3300/0 1 ==== mon_map magic: 0 ==== 205+0+0 (secure 0 0 0) 0x7f03b403c070 con 0x7f03c410aa30
2026-02-19T23:19:49.511 INFO:teuthology.orchestra.run.trial061.stdout:/usr/bin/ceph: stderr
2026-02-19T23:19:49.370+0000 7f03c9064640 1 -- 10.20.193.61:0/3199501703 <== mon.0 v2:10.20.193.61:3300/0 2 ==== config(26 keys) ==== 1076+0+0 (secure 0 0 0) 0x7f03b4037440 con 0x7f03c410aa30
2026-02-19T23:19:49.511 INFO:teuthology.orchestra.run.trial061.stdout:/usr/bin/ceph: stderr
2026-02-19T23:19:49.370+0000 7f03c9064640 1 -- 10.20.193.61:0/3199501703 <== mon.0 v2:10.20.193.61:3300/0 3 ==== mon_map magic: 0 ==== 205+0+0 (secure 0 0 0) 0x7f03b40354d0 con 0x7f03c410aa30
2026-02-19T23:19:49.511 INFO:teuthology.orchestra.run.trial061.stdout:/usr/bin/ceph: stderr
2026-02-19T23:19:49.370+0000 7f03cc2f1640 1 -- 10.20.193.61:0/3199501703 >> [v2:10.20.193.61:3300/0,v1:10.20.193.61:6789/0] conn(0x7f03c410aa30 msgr2=0x7f03c410ae30 secure :-1 s=STATE_CONNECTION_ESTABLISHED l=1).mark_down
2026-02-19T23:19:49.511 INFO:teuthology.orchestra.run.trial061.stdout:/usr/bin/ceph: stderr
2026-02-19T23:19:49.370+0000 7f03cc2f1640 1 --2- 10.20.193.61:0/3199501703 >> [v2:10.20.193.61:3300/0,v1:10.20.193.61:6789/0] conn(0x7f03c410aa30 0x7f03c410ae30 secure :-1 s=READY pgs=57 cs=0 l=1 rev1=1 crypto rx=0x7f03b4009920 tx=0x7f03b402ef20 comp rx=0 tx=0).stop
2026-02-19T23:19:49.511 INFO:teuthology.orchestra.run.trial061.stdout:/usr/bin/ceph: stderr
2026-02-19T23:19:49.370+0000 7f03cc2f1640 1 -- 10.20.193.61:0/3199501703 shutdown_connections
2026-02-19T23:19:49.511 INFO:teuthology.orchestra.run.trial061.stdout:/usr/bin/ceph: stderr
2026-02-19T23:19:49.370+0000 7f03cc2f1640 1 --2- 10.20.193.61:0/3199501703 >> [v2:10.20.193.61:3300/0,v1:10.20.193.61:6789/0] conn(0x7f03c410aa30 0x7f03c410ae30 unknown :-1 s=CLOSED pgs=57 cs=0 l=1 rev1=1 crypto rx=0 tx=0 comp rx=0 tx=0).stop
2026-02-19T23:19:49.512 INFO:teuthology.orchestra.run.trial061.stdout:/usr/bin/ceph: stderr
2026-02-19T23:19:49.370+0000 7f03cc2f1640 1 -- 10.20.193.61:0/3199501703 >> 10.20.193.61:0/3199501703 conn(0x7f03c407dae0 msgr2=0x7f03c407def0 unknown :-1 s=STATE_NONE l=0).mark_down
2026-02-19T23:19:49.512 INFO:teuthology.orchestra.run.trial061.stdout:/usr/bin/ceph: stderr
2026-02-19T23:19:49.370+0000 7f03cc2f1640 1 -- 10.20.193.61:0/3199501703 shutdown_connections
2026-02-19T23:19:49.512 INFO:teuthology.orchestra.run.trial061.stdout:/usr/bin/ceph: stderr
2026-02-19T23:19:49.370+0000 7f03cc2f1640 1 -- 10.20.193.61:0/3199501703 wait complete.
2026-02-19T23:19:49.512 INFO:teuthology.orchestra.run.trial061.stdout:/usr/bin/ceph: stderr
2026-02-19T23:19:49.370+0000 7f03cc2f1640 1 Processor -- start
2026-02-19T23:19:49.512 INFO:teuthology.orchestra.run.trial061.stdout:/usr/bin/ceph: stderr
2026-02-19T23:19:49.370+0000 7f03cc2f1640 1 -- start start
2026-02-19T23:19:49.512 INFO:teuthology.orchestra.run.trial061.stdout:/usr/bin/ceph: stderr
2026-02-19T23:19:49.370+0000 7f03cc2f1640 1 --2- >> [v2:10.20.193.61:3300/0,v1:10.20.193.61:6789/0] conn(0x7f03c410aa30 0x7f03c41a04d0 unknown :-1 s=NONE pgs=0 cs=0 l=1 rev1=0 crypto rx=0 tx=0 comp rx=0 tx=0).connect
2026-02-19T23:19:49.513 INFO:teuthology.orchestra.run.trial061.stdout:/usr/bin/ceph: stderr
2026-02-19T23:19:49.370+0000 7f03cc2f1640 1 -- --> [v2:10.20.193.61:3300/0,v1:10.20.193.61:6789/0] -- mon_getmap magic: 0 -- 0x7f03c410ebd0 con 0x7f03c410aa30
2026-02-19T23:19:49.513 INFO:teuthology.orchestra.run.trial061.stdout:/usr/bin/ceph: stderr
2026-02-19T23:19:49.370+0000 7f03ca066640 1 --2- >> [v2:10.20.193.61:3300/0,v1:10.20.193.61:6789/0] conn(0x7f03c410aa30 0x7f03c41a04d0 unknown :-1 s=BANNER_CONNECTING pgs=0 cs=0 l=1 rev1=0 crypto rx=0 tx=0 comp rx=0 tx=0)._handle_peer_banner_payload supported=3 required=0
2026-02-19T23:19:49.513 INFO:teuthology.orchestra.run.trial061.stdout:/usr/bin/ceph: stderr
2026-02-19T23:19:49.370+0000 7f03ca066640 1 --2- >> [v2:10.20.193.61:3300/0,v1:10.20.193.61:6789/0] conn(0x7f03c410aa30 0x7f03c41a04d0 unknown :-1 s=HELLO_CONNECTING pgs=0 cs=0 l=1 rev1=1 crypto rx=0 tx=0 comp rx=0 tx=0).handle_hello peer v2:10.20.193.61:3300/0 says I am v2:10.20.193.61:42052/0 (socket says 10.20.193.61:42052)
2026-02-19T23:19:49.513 INFO:teuthology.orchestra.run.trial061.stdout:/usr/bin/ceph: stderr
2026-02-19T23:19:49.370+0000 7f03ca066640 1 -- 10.20.193.61:0/1446265981 learned_addr learned my addr 10.20.193.61:0/1446265981 (peer_addr_for_me v2:10.20.193.61:0/0)
2026-02-19T23:19:49.513 INFO:teuthology.orchestra.run.trial061.stdout:/usr/bin/ceph: stderr
2026-02-19T23:19:49.371+0000 7f03ca066640 1 -- 10.20.193.61:0/1446265981 --> [v2:10.20.193.61:3300/0,v1:10.20.193.61:6789/0] -- mon_subscribe({config=0+,monmap=0+}) -- 0x7f03c41a0a10 con 0x7f03c410aa30
2026-02-19T23:19:49.513 INFO:teuthology.orchestra.run.trial061.stdout:/usr/bin/ceph: stderr
2026-02-19T23:19:49.371+0000 7f03ca066640 1 --2- 10.20.193.61:0/1446265981 >> [v2:10.20.193.61:3300/0,v1:10.20.193.61:6789/0] conn(0x7f03c410aa30 0x7f03c41a04d0 secure :-1 s=READY pgs=58 cs=0 l=1 rev1=1 crypto rx=0x7f03b4039000 tx=0x7f03b4037890 comp rx=0 tx=0).ready entity=mon.0 client_cookie=0 server_cookie=0 in_seq=0 out_seq=0
2026-02-19T23:19:49.513 INFO:teuthology.orchestra.run.trial061.stdout:/usr/bin/ceph: stderr
2026-02-19T23:19:49.371+0000 7f03ab7fe640 1 -- 10.20.193.61:0/1446265981 <== mon.0 v2:10.20.193.61:3300/0 1 ==== mon_map magic: 0 ==== 205+0+0 (secure 0 0 0) 0x7f03b4047070 con 0x7f03c410aa30
2026-02-19T23:19:49.514 INFO:teuthology.orchestra.run.trial061.stdout:/usr/bin/ceph: stderr
2026-02-19T23:19:49.371+0000 7f03ab7fe640 1 -- 10.20.193.61:0/1446265981 <== mon.0 v2:10.20.193.61:3300/0 2 ==== config(26 keys) ==== 1076+0+0 (secure 0 0 0) 0x7f03b4042440 con 0x7f03c410aa30
2026-02-19T23:19:49.514 INFO:teuthology.orchestra.run.trial061.stdout:/usr/bin/ceph: stderr
2026-02-19T23:19:49.371+0000 7f03cc2f1640 1 -- 10.20.193.61:0/1446265981 --> [v2:10.20.193.61:3300/0,v1:10.20.193.61:6789/0] -- mon_subscribe({mgrmap=0+}) -- 0x7f03c41a0ca0 con 0x7f03c410aa30
2026-02-19T23:19:49.514 INFO:teuthology.orchestra.run.trial061.stdout:/usr/bin/ceph: stderr
2026-02-19T23:19:49.371+0000 7f03ab7fe640 1 -- 10.20.193.61:0/1446265981 <== mon.0 v2:10.20.193.61:3300/0 3 ==== mon_map magic: 0 ==== 205+0+0 (secure 0 0 0) 0x7f03b403c070 con 0x7f03c410aa30
2026-02-19T23:19:49.514 INFO:teuthology.orchestra.run.trial061.stdout:/usr/bin/ceph: stderr
2026-02-19T23:19:49.371+0000 7f03cc2f1640 1 -- 10.20.193.61:0/1446265981 --> [v2:10.20.193.61:3300/0,v1:10.20.193.61:6789/0] -- mon_subscribe({osdmap=0}) -- 0x7f03c41a3990 con 0x7f03c410aa30
2026-02-19T23:19:49.514 INFO:teuthology.orchestra.run.trial061.stdout:/usr/bin/ceph: stderr
2026-02-19T23:19:49.371+0000 7f03cc2f1640 1 -- 10.20.193.61:0/1446265981 --> [v2:10.20.193.61:3300/0,v1:10.20.193.61:6789/0] -- mon_command({"prefix": "get_command_descriptions"} v 0) -- 0x7f03c410aeb0 con 0x7f03c410aa30
2026-02-19T23:19:49.514 INFO:teuthology.orchestra.run.trial061.stdout:/usr/bin/ceph: stderr
2026-02-19T23:19:49.371+0000 7f03ab7fe640 1 -- 10.20.193.61:0/1446265981 <== mon.0 v2:10.20.193.61:3300/0 4 ==== mgrmap(e 9) ==== 50260+0+0 (secure 0 0 0) 0x7f03b4035a30 con 0x7f03c410aa30
2026-02-19T23:19:49.515 INFO:teuthology.orchestra.run.trial061.stdout:/usr/bin/ceph: stderr
2026-02-19T23:19:49.372+0000 7f03ab7fe640 1 --2- 10.20.193.61:0/1446265981 >> [v2:10.20.193.61:6800/4208231402,v1:10.20.193.61:6801/4208231402] conn(0x7f03a003dbf0 0x7f03a00400b0 unknown :-1 s=NONE pgs=0 cs=0 l=1 rev1=0 crypto rx=0 tx=0 comp rx=0 tx=0).connect
2026-02-19T23:19:49.515 INFO:teuthology.orchestra.run.trial061.stdout:/usr/bin/ceph: stderr
2026-02-19T23:19:49.372+0000 7f03c9865640 1 -- 10.20.193.61:0/1446265981 >> [v2:10.20.193.61:6800/4208231402,v1:10.20.193.61:6801/4208231402] conn(0x7f03a003dbf0 msgr2=0x7f03a00400b0 unknown :-1 s=STATE_CONNECTING_RE l=1).process reconnect failed to v2:10.20.193.61:6800/4208231402
2026-02-19T23:19:49.515 INFO:teuthology.orchestra.run.trial061.stdout:/usr/bin/ceph: stderr
2026-02-19T23:19:49.372+0000 7f03ab7fe640 1 -- 10.20.193.61:0/1446265981 <== mon.0 v2:10.20.193.61:3300/0 5 ==== osd_map(2..2 src has 1..2) ==== 940+0+0 (secure 0 0 0) 0x7f03b4076780 con 0x7f03c410aa30
2026-02-19T23:19:49.515 INFO:teuthology.orchestra.run.trial061.stdout:/usr/bin/ceph: stderr
2026-02-19T23:19:49.372+0000 7f03c9865640 1 --2- 10.20.193.61:0/1446265981 >> [v2:10.20.193.61:6800/4208231402,v1:10.20.193.61:6801/4208231402] conn(0x7f03a003dbf0 0x7f03a00400b0 unknown :-1 s=START_CONNECT pgs=0 cs=0 l=1 rev1=0 crypto rx=0 tx=0 comp rx=0 tx=0)._fault waiting 0.200000
2026-02-19T23:19:49.515 INFO:teuthology.orchestra.run.trial061.stdout:/usr/bin/ceph: stderr
2026-02-19T23:19:49.374+0000 7f03ab7fe640 1 -- 10.20.193.61:0/1446265981 <== mon.0 v2:10.20.193.61:3300/0 6 ==== mon_command_ack([{"prefix": "get_command_descriptions"}]=0 v0) ==== 72+0+195034 (secure 0 0 0) 0x7f03b403d270 con 0x7f03c410aa30
2026-02-19T23:19:49.515 INFO:teuthology.orchestra.run.trial061.stdout:/usr/bin/ceph: stderr
2026-02-19T23:19:49.480+0000 7f03cc2f1640 1 -- 10.20.193.61:0/1446265981 --> [v2:10.20.193.61:3300/0,v1:10.20.193.61:6789/0] -- mon_command({"prefix": "mgr stat"} v 0) -- 0x7f03c41a4030 con 0x7f03c410aa30
2026-02-19T23:19:49.516 INFO:teuthology.orchestra.run.trial061.stdout:/usr/bin/ceph: stderr
2026-02-19T23:19:49.480+0000 7f03ab7fe640 1 -- 10.20.193.61:0/1446265981 <== mon.0 v2:10.20.193.61:3300/0 7 ==== mon_command_ack([{"prefix": "mgr stat"}]=0 v9) ==== 56+0+88 (secure 0 0 0) 0x7f03b40764e0 con 0x7f03c410aa30
2026-02-19T23:19:49.516 INFO:teuthology.orchestra.run.trial061.stdout:/usr/bin/ceph: stderr
2026-02-19T23:19:49.482+0000 7f03cc2f1640 1 -- 10.20.193.61:0/1446265981 >> [v2:10.20.193.61:6800/4208231402,v1:10.20.193.61:6801/4208231402] conn(0x7f03a003dbf0 msgr2=0x7f03a00400b0 unknown :-1 s=STATE_CONNECTING l=1).mark_down
2026-02-19T23:19:49.516 INFO:teuthology.orchestra.run.trial061.stdout:/usr/bin/ceph: stderr
2026-02-19T23:19:49.482+0000 7f03cc2f1640 1 --2- 10.20.193.61:0/1446265981 >> [v2:10.20.193.61:6800/4208231402,v1:10.20.193.61:6801/4208231402] conn(0x7f03a003dbf0 0x7f03a00400b0 unknown :-1 s=START_CONNECT pgs=0 cs=0 l=1 rev1=0 crypto rx=0 tx=0 comp rx=0 tx=0).stop
2026-02-19T23:19:49.516 INFO:teuthology.orchestra.run.trial061.stdout:/usr/bin/ceph: stderr
2026-02-19T23:19:49.482+0000 7f03cc2f1640 1 -- 10.20.193.61:0/1446265981 >> [v2:10.20.193.61:3300/0,v1:10.20.193.61:6789/0] conn(0x7f03c410aa30 msgr2=0x7f03c41a04d0 secure :-1 s=STATE_CONNECTION_ESTABLISHED l=1).mark_down
2026-02-19T23:19:49.516 INFO:teuthology.orchestra.run.trial061.stdout:/usr/bin/ceph: stderr
2026-02-19T23:19:49.482+0000 7f03cc2f1640 1 --2- 10.20.193.61:0/1446265981 >> [v2:10.20.193.61:3300/0,v1:10.20.193.61:6789/0] conn(0x7f03c410aa30 0x7f03c41a04d0 secure :-1 s=READY pgs=58 cs=0 l=1 rev1=1 crypto rx=0x7f03b4039000 tx=0x7f03b4037890 comp rx=0 tx=0).stop
2026-02-19T23:19:49.516 INFO:teuthology.orchestra.run.trial061.stdout:/usr/bin/ceph: stderr
2026-02-19T23:19:49.482+0000 7f03cc2f1640 1 -- 10.20.193.61:0/1446265981 shutdown_connections
2026-02-19T23:19:49.517 INFO:teuthology.orchestra.run.trial061.stdout:/usr/bin/ceph: stderr
2026-02-19T23:19:49.482+0000 7f03cc2f1640 1 --2- 10.20.193.61:0/1446265981 >> [v2:10.20.193.61:6800/4208231402,v1:10.20.193.61:6801/4208231402] conn(0x7f03a003dbf0 0x7f03a00400b0 unknown :-1 s=CLOSED pgs=0 cs=0 l=1 rev1=0 crypto rx=0 tx=0 comp rx=0 tx=0).stop
2026-02-19T23:19:49.517 INFO:teuthology.orchestra.run.trial061.stdout:/usr/bin/ceph: stderr
2026-02-19T23:19:49.482+0000 7f03cc2f1640 1 --2- 10.20.193.61:0/1446265981 >> [v2:10.20.193.61:3300/0,v1:10.20.193.61:6789/0] conn(0x7f03c410aa30 0x7f03c41a04d0 unknown :-1 s=CLOSED pgs=58 cs=0 l=1 rev1=1 crypto rx=0 tx=0 comp rx=0 tx=0).stop
2026-02-19T23:19:49.517 INFO:teuthology.orchestra.run.trial061.stdout:/usr/bin/ceph: stderr
2026-02-19T23:19:49.482+0000 7f03cc2f1640 1 -- 10.20.193.61:0/1446265981 >> 10.20.193.61:0/1446265981 conn(0x7f03c407dae0 msgr2=0x7f03c4108690 unknown :-1 s=STATE_NONE l=0).mark_down
2026-02-19T23:19:49.517 INFO:teuthology.orchestra.run.trial061.stdout:/usr/bin/ceph: stderr
2026-02-19T23:19:49.482+0000 7f03cc2f1640 1 -- 10.20.193.61:0/1446265981 shutdown_connections
2026-02-19T23:19:49.517 INFO:teuthology.orchestra.run.trial061.stdout:/usr/bin/ceph: stderr
2026-02-19T23:19:49.482+0000 7f03cc2f1640 1 -- 10.20.193.61:0/1446265981 wait complete.
2026-02-19T23:19:49.517 INFO:teuthology.orchestra.run.trial061.stdout:Waiting for the mgr to restart...
2026-02-19T23:19:49.518 INFO:teuthology.orchestra.run.trial061.stdout:Waiting for mgr epoch 9...
2026-02-19T23:19:49.794 INFO:journalctl@ceph.mgr.x.trial061.stdout:Feb 19 23:19:49 trial061 ceph-6b793557-0de9-11f1-b6d5-d404e6e7d460-mgr-x[41114]:
2026-02-19T23:19:49.648+0000 7f8e0b9e9140 -1 mgr[py] Module snap_schedule has missing NOTIFY_TYPES member
2026-02-19T23:19:49.795 INFO:journalctl@ceph.mgr.x.trial061.stdout:Feb 19 23:19:49 trial061 ceph-6b793557-0de9-11f1-b6d5-d404e6e7d460-mgr-x[41114]:
2026-02-19T23:19:49.792+0000 7f8e0b9e9140 -1 mgr[py] Module prometheus has missing NOTIFY_TYPES member
2026-02-19T23:19:50.072 INFO:journalctl@ceph.mgr.x.trial061.stdout:Feb 19 23:19:49 trial061 ceph-6b793557-0de9-11f1-b6d5-d404e6e7d460-mgr-x[41114]:
2026-02-19T23:19:49.827+0000 7f8e0b9e9140 -1 mgr[py] Module balancer has missing NOTIFY_TYPES member
2026-02-19T23:19:50.072 INFO:journalctl@ceph.mgr.x.trial061.stdout:Feb 19 23:19:49 trial061 ceph-6b793557-0de9-11f1-b6d5-d404e6e7d460-mgr-x[41114]:
2026-02-19T23:19:49.868+0000 7f8e0b9e9140 -1 mgr[py] Module rbd_support has missing NOTIFY_TYPES member
2026-02-19T23:19:50.072 INFO:journalctl@ceph.mgr.x.trial061.stdout:Feb 19 23:19:49 trial061 ceph-6b793557-0de9-11f1-b6d5-d404e6e7d460-mgr-x[41114]:
2026-02-19T23:19:49.899+0000 7f8e0b9e9140 -1 mgr[py] Module devicehealth has missing NOTIFY_TYPES member
2026-02-19T23:19:50.073 INFO:journalctl@ceph.mgr.x.trial061.stdout:Feb 19 23:19:49 trial061 ceph-6b793557-0de9-11f1-b6d5-d404e6e7d460-mgr-x[41114]:
2026-02-19T23:19:49.935+0000 7f8e0b9e9140 -1 mgr[py] Module alerts has missing NOTIFY_TYPES member
2026-02-19T23:19:50.073 INFO:journalctl@ceph.mgr.x.trial061.stdout:Feb 19 23:19:50 trial061 ceph-6b793557-0de9-11f1-b6d5-d404e6e7d460-mgr-x[41114]:
2026-02-19T23:19:50.000+0000 7f8e0b9e9140 -1 mgr[py] Module telemetry has missing NOTIFY_TYPES member
2026-02-19T23:19:50.073 INFO:journalctl@ceph.mgr.x.trial061.stdout:Feb 19 23:19:50 trial061 ceph-6b793557-0de9-11f1-b6d5-d404e6e7d460-mgr-x[41114]: /lib64/python3.9/site-packages/scipy/__init__.py:73: UserWarning: NumPy was imported from a Python sub-interpreter but NumPy does not properly support sub-interpreters. This will likely work for most users but might cause hard to track down issues or subtle bugs. A common user of the rare sub-interpreter feature is wsgi which also allows single-interpreter mode.
2026-02-19T23:19:50.073 INFO:journalctl@ceph.mgr.x.trial061.stdout:Feb 19 23:19:50 trial061 ceph-6b793557-0de9-11f1-b6d5-d404e6e7d460-mgr-x[41114]: Improvements in the case of bugs are welcome, but is not on the NumPy roadmap, and full support may require significant effort to achieve.
2026-02-19T23:19:50.073 INFO:journalctl@ceph.mgr.x.trial061.stdout:Feb 19 23:19:50 trial061 ceph-6b793557-0de9-11f1-b6d5-d404e6e7d460-mgr-x[41114]: from numpy import show_config as show_numpy_config
2026-02-19T23:19:50.340 INFO:journalctl@ceph.mon.a.trial061.stdout:Feb 19 23:19:50 trial061 ceph-mon[40849]: from='client.? 10.20.193.61:0/1596745067' entity='client.admin' cmd='[{"prefix": "mgr module enable", "module": "dashboard"}]': finished
2026-02-19T23:19:50.341 INFO:journalctl@ceph.mon.a.trial061.stdout:Feb 19 23:19:50 trial061 ceph-mon[40849]: mgrmap e9: x(active, since 5s)
2026-02-19T23:19:50.341 INFO:journalctl@ceph.mon.a.trial061.stdout:Feb 19 23:19:50 trial061 ceph-mon[40849]: from='client.? 10.20.193.61:0/1446265981' entity='client.admin' cmd=[{"prefix": "mgr stat"}]: dispatch
2026-02-19T23:19:50.341 INFO:journalctl@ceph.mgr.x.trial061.stdout:Feb 19 23:19:50 trial061 ceph-6b793557-0de9-11f1-b6d5-d404e6e7d460-mgr-x[41114]:
2026-02-19T23:19:50.074+0000 7f8e0b9e9140 -1 mgr[py] Module diskprediction_local has missing NOTIFY_TYPES member
2026-02-19T23:19:50.341 INFO:journalctl@ceph.mgr.x.trial061.stdout:Feb 19 23:19:50 trial061 ceph-6b793557-0de9-11f1-b6d5-d404e6e7d460-mgr-x[41114]:
2026-02-19T23:19:50.108+0000 7f8e0b9e9140 -1 mgr[py] Module status has missing NOTIFY_TYPES member
2026-02-19T23:19:50.341 INFO:journalctl@ceph.mgr.x.trial061.stdout:Feb 19 23:19:50 trial061 ceph-6b793557-0de9-11f1-b6d5-d404e6e7d460-mgr-x[41114]:
2026-02-19T23:19:50.212+0000 7f8e0b9e9140 -1 mgr[py] Module rgw has missing NOTIFY_TYPES member
2026-02-19T23:19:50.342 INFO:journalctl@ceph.mgr.x.trial061.stdout:Feb 19 23:19:50 trial061 ceph-6b793557-0de9-11f1-b6d5-d404e6e7d460-mgr-x[41114]:
2026-02-19T23:19:50.272+0000 7f8e0b9e9140 -1 mgr[py] Module iostat has missing NOTIFY_TYPES member
2026-02-19T23:19:50.342 INFO:journalctl@ceph.mgr.x.trial061.stdout:Feb 19 23:19:50 trial061 ceph-6b793557-0de9-11f1-b6d5-d404e6e7d460-mgr-x[41114]:
2026-02-19T23:19:50.306+0000 7f8e0b9e9140 -1 mgr[py] Module pg_autoscaler has missing NOTIFY_TYPES member
2026-02-19T23:19:50.342 INFO:journalctl@ceph.mgr.x.trial061.stdout:Feb 19 23:19:50 trial061 ceph-6b793557-0de9-11f1-b6d5-d404e6e7d460-mgr-x[41114]:
2026-02-19T23:19:50.338+0000 7f8e0b9e9140 -1 mgr[py] Module osd_perf_query has missing NOTIFY_TYPES member
2026-02-19T23:19:50.638 INFO:journalctl@ceph.mgr.x.trial061.stdout:Feb 19 23:19:50 trial061 ceph-6b793557-0de9-11f1-b6d5-d404e6e7d460-mgr-x[41114]:
2026-02-19T23:19:50.373+0000 7f8e0b9e9140 -1 mgr[py] Module crash has missing NOTIFY_TYPES member
2026-02-19T23:19:50.638 INFO:journalctl@ceph.mgr.x.trial061.stdout:Feb 19 23:19:50 trial061 ceph-6b793557-0de9-11f1-b6d5-d404e6e7d460-mgr-x[41114]:
2026-02-19T23:19:50.403+0000 7f8e0b9e9140 -1 mgr[py] Module progress has missing NOTIFY_TYPES member
2026-02-19T23:19:50.638 INFO:journalctl@ceph.mgr.x.trial061.stdout:Feb 19 23:19:50 trial061 ceph-6b793557-0de9-11f1-b6d5-d404e6e7d460-mgr-x[41114]:
2026-02-19T23:19:50.636+0000 7f8e0b9e9140 -1 mgr[py] Module rook has missing NOTIFY_TYPES member
2026-02-19T23:19:50.892 INFO:journalctl@ceph.mgr.x.trial061.stdout:Feb 19 23:19:50 trial061 ceph-6b793557-0de9-11f1-b6d5-d404e6e7d460-mgr-x[41114]:
2026-02-19T23:19:50.736+0000 7f8e0b9e9140 -1 mgr[py] Module nfs has missing NOTIFY_TYPES member
2026-02-19T23:19:50.893 INFO:journalctl@ceph.mgr.x.trial061.stdout:Feb 19 23:19:50 trial061 ceph-6b793557-0de9-11f1-b6d5-d404e6e7d460-mgr-x[41114]:
2026-02-19T23:19:50.767+0000 7f8e0b9e9140 -1 mgr[py] Module telegraf has missing NOTIFY_TYPES member
2026-02-19T23:19:50.893 INFO:journalctl@ceph.mgr.x.trial061.stdout:Feb 19 23:19:50 trial061 ceph-6b793557-0de9-11f1-b6d5-d404e6e7d460-mgr-x[41114]:
2026-02-19T23:19:50.798+0000 7f8e0b9e9140 -1 mgr[py] Module selftest has missing NOTIFY_TYPES member
