2026-02-19T23:34:10.188+0000 7f94bf7fe640 1 --2- 10.20.193.77:0/1323924796 >> [v2:10.20.193.77:3300/0,v1:10.20.193.77:6789/0] conn(0x7f94c010aa40 0x7f94c010ae40 secure :-1 s=READY pgs=70 cs=0 l=1 rev1=1 crypto rx=0x7f94ac009920 tx=0x7f94ac02ef20 comp rx=0 tx=0).ready entity=mon.0 client_cookie=a82fd91799ee8100 server_cookie=0 in_seq=0 out_seq=0
2026-02-19T23:34:10.450 INFO:teuthology.orchestra.run.trial077.stdout:/usr/bin/ceph: stderr
2026-02-19T23:34:10.188+0000 7f94be7fc640 1 -- 10.20.193.77:0/1323924796 <== mon.0 v2:10.20.193.77:3300/0 1 ==== mon_map magic: 0 ==== 205+0+0 (secure 0 0 0) 0x7f94ac03c070 con 0x7f94c010aa40
2026-02-19T23:34:10.450 INFO:teuthology.orchestra.run.trial077.stdout:/usr/bin/ceph: stderr
2026-02-19T23:34:10.188+0000 7f94be7fc640 1 -- 10.20.193.77:0/1323924796 <== mon.0 v2:10.20.193.77:3300/0 2 ==== config(28 keys) ==== 1145+0+0 (secure 0 0 0) 0x7f94ac037440 con 0x7f94c010aa40
2026-02-19T23:34:10.450 INFO:teuthology.orchestra.run.trial077.stdout:/usr/bin/ceph: stderr
2026-02-19T23:34:10.188+0000 7f94be7fc640 1 -- 10.20.193.77:0/1323924796 <== mon.0 v2:10.20.193.77:3300/0 3 ==== mon_map magic: 0 ==== 205+0+0 (secure 0 0 0) 0x7f94ac035610 con 0x7f94c010aa40
2026-02-19T23:34:10.450 INFO:teuthology.orchestra.run.trial077.stdout:/usr/bin/ceph: stderr
2026-02-19T23:34:10.188+0000 7f94c5ac4640 1 -- 10.20.193.77:0/1323924796 >> [v2:10.20.193.77:3300/0,v1:10.20.193.77:6789/0] conn(0x7f94c010aa40 msgr2=0x7f94c010ae40 secure :-1 s=STATE_CONNECTION_ESTABLISHED l=1).mark_down
2026-02-19T23:34:10.451 INFO:teuthology.orchestra.run.trial077.stdout:/usr/bin/ceph: stderr
2026-02-19T23:34:10.188+0000 7f94c5ac4640 1 --2- 10.20.193.77:0/1323924796 >> [v2:10.20.193.77:3300/0,v1:10.20.193.77:6789/0] conn(0x7f94c010aa40 0x7f94c010ae40 secure :-1 s=READY pgs=70 cs=0 l=1 rev1=1 crypto rx=0x7f94ac009920 tx=0x7f94ac02ef20 comp rx=0 tx=0).stop
2026-02-19T23:34:10.451 INFO:teuthology.orchestra.run.trial077.stdout:/usr/bin/ceph: stderr
2026-02-19T23:34:10.188+0000 7f94c5ac4640 1 -- 10.20.193.77:0/1323924796 shutdown_connections
2026-02-19T23:34:10.451 INFO:teuthology.orchestra.run.trial077.stdout:/usr/bin/ceph: stderr
2026-02-19T23:34:10.188+0000 7f94c5ac4640 1 --2- 10.20.193.77:0/1323924796 >> [v2:10.20.193.77:3300/0,v1:10.20.193.77:6789/0] conn(0x7f94c010aa40 0x7f94c010ae40 unknown :-1 s=CLOSED pgs=70 cs=0 l=1 rev1=1 crypto rx=0 tx=0 comp rx=0 tx=0).stop
2026-02-19T23:34:10.451 INFO:teuthology.orchestra.run.trial077.stdout:/usr/bin/ceph: stderr
2026-02-19T23:34:10.188+0000 7f94c5ac4640 1 -- 10.20.193.77:0/1323924796 >> 10.20.193.77:0/1323924796 conn(0x7f94c007dca0 msgr2=0x7f94c007e0d0 unknown :-1 s=STATE_NONE l=0).mark_down
2026-02-19T23:34:10.451 INFO:teuthology.orchestra.run.trial077.stdout:/usr/bin/ceph: stderr
2026-02-19T23:34:10.188+0000 7f94c5ac4640 1 -- 10.20.193.77:0/1323924796 shutdown_connections
2026-02-19T23:34:10.451 INFO:teuthology.orchestra.run.trial077.stdout:/usr/bin/ceph: stderr
2026-02-19T23:34:10.188+0000 7f94c5ac4640 1 -- 10.20.193.77:0/1323924796 wait complete.
2026-02-19T23:34:10.451 INFO:teuthology.orchestra.run.trial077.stdout:/usr/bin/ceph: stderr
2026-02-19T23:34:10.189+0000 7f94c5ac4640 1 Processor -- start
2026-02-19T23:34:10.451 INFO:teuthology.orchestra.run.trial077.stdout:/usr/bin/ceph: stderr
2026-02-19T23:34:10.189+0000 7f94c5ac4640 1 -- start start
2026-02-19T23:34:10.451 INFO:teuthology.orchestra.run.trial077.stdout:/usr/bin/ceph: stderr
2026-02-19T23:34:10.189+0000 7f94c5ac4640 1 --2- >> [v2:10.20.193.77:3300/0,v1:10.20.193.77:6789/0] conn(0x7f94c010aa40 0x7f94c01a06d0 unknown :-1 s=NONE pgs=0 cs=0 l=1 rev1=0 crypto rx=0 tx=0 comp rx=0 tx=0).connect
2026-02-19T23:34:10.451 INFO:teuthology.orchestra.run.trial077.stdout:/usr/bin/ceph: stderr
2026-02-19T23:34:10.189+0000 7f94c5ac4640 1 -- --> [v2:10.20.193.77:3300/0,v1:10.20.193.77:6789/0] -- mon_getmap magic: 0 -- 0x7f94c010ec20 con 0x7f94c010aa40
2026-02-19T23:34:10.451 INFO:teuthology.orchestra.run.trial077.stdout:/usr/bin/ceph: stderr
2026-02-19T23:34:10.189+0000 7f94bf7fe640 1 --2- >> [v2:10.20.193.77:3300/0,v1:10.20.193.77:6789/0] conn(0x7f94c010aa40 0x7f94c01a06d0 unknown :-1 s=BANNER_CONNECTING pgs=0 cs=0 l=1 rev1=0 crypto rx=0 tx=0 comp rx=0 tx=0)._handle_peer_banner_payload supported=3 required=0
2026-02-19T23:34:10.452 INFO:teuthology.orchestra.run.trial077.stdout:/usr/bin/ceph: stderr
2026-02-19T23:34:10.189+0000 7f94bf7fe640 1 --2- >> [v2:10.20.193.77:3300/0,v1:10.20.193.77:6789/0] conn(0x7f94c010aa40 0x7f94c01a06d0 unknown :-1 s=HELLO_CONNECTING pgs=0 cs=0 l=1 rev1=1 crypto rx=0 tx=0 comp rx=0 tx=0).handle_hello peer v2:10.20.193.77:3300/0 says I am v2:10.20.193.77:32826/0 (socket says 10.20.193.77:32826)
2026-02-19T23:34:10.452 INFO:teuthology.orchestra.run.trial077.stdout:/usr/bin/ceph: stderr
2026-02-19T23:34:10.189+0000 7f94bf7fe640 1 -- 10.20.193.77:0/618407254 learned_addr learned my addr 10.20.193.77:0/618407254 (peer_addr_for_me v2:10.20.193.77:0/0)
2026-02-19T23:34:10.452 INFO:teuthology.orchestra.run.trial077.stdout:/usr/bin/ceph: stderr
2026-02-19T23:34:10.189+0000 7f94bf7fe640 1 -- 10.20.193.77:0/618407254 --> [v2:10.20.193.77:3300/0,v1:10.20.193.77:6789/0] -- mon_subscribe({config=0+,monmap=0+}) -- 0x7f94c01a0c10 con 0x7f94c010aa40
2026-02-19T23:34:10.452 INFO:teuthology.orchestra.run.trial077.stdout:/usr/bin/ceph: stderr
2026-02-19T23:34:10.189+0000 7f94bf7fe640 1 --2- 10.20.193.77:0/618407254 >> [v2:10.20.193.77:3300/0,v1:10.20.193.77:6789/0] conn(0x7f94c010aa40 0x7f94c01a06d0 secure :-1 s=READY pgs=71 cs=0 l=1 rev1=1 crypto rx=0x7f94ac035b90 tx=0x7f94ac035bc0 comp rx=0 tx=0).ready entity=mon.0 client_cookie=0 server_cookie=0 in_seq=0 out_seq=0
2026-02-19T23:34:10.452 INFO:teuthology.orchestra.run.trial077.stdout:/usr/bin/ceph: stderr
2026-02-19T23:34:10.189+0000 7f94bcff9640 1 -- 10.20.193.77:0/618407254 <== mon.0 v2:10.20.193.77:3300/0 1 ==== mon_map magic: 0 ==== 205+0+0 (secure 0 0 0) 0x7f94ac044020 con 0x7f94c010aa40
2026-02-19T23:34:10.452 INFO:teuthology.orchestra.run.trial077.stdout:/usr/bin/ceph: stderr
2026-02-19T23:34:10.189+0000 7f94bcff9640 1 -- 10.20.193.77:0/618407254 <== mon.0 v2:10.20.193.77:3300/0 2 ==== config(28 keys) ==== 1145+0+0 (secure 0 0 0) 0x7f94ac035e80 con 0x7f94c010aa40
2026-02-19T23:34:10.452 INFO:teuthology.orchestra.run.trial077.stdout:/usr/bin/ceph: stderr
2026-02-19T23:34:10.189+0000 7f94c5ac4640 1 -- 10.20.193.77:0/618407254 --> [v2:10.20.193.77:3300/0,v1:10.20.193.77:6789/0] -- mon_subscribe({mgrmap=0+}) -- 0x7f94c01a0ea0 con 0x7f94c010aa40
2026-02-19T23:34:10.452 INFO:teuthology.orchestra.run.trial077.stdout:/usr/bin/ceph: stderr
2026-02-19T23:34:10.189+0000 7f94bcff9640 1 -- 10.20.193.77:0/618407254 <== mon.0 v2:10.20.193.77:3300/0 3 ==== mon_map magic: 0 ==== 205+0+0 (secure 0 0 0) 0x7f94ac03c040 con 0x7f94c010aa40
2026-02-19T23:34:10.452 INFO:teuthology.orchestra.run.trial077.stdout:/usr/bin/ceph: stderr
2026-02-19T23:34:10.189+0000 7f94c5ac4640 1 -- 10.20.193.77:0/618407254 --> [v2:10.20.193.77:3300/0,v1:10.20.193.77:6789/0] -- mon_subscribe({osdmap=0}) -- 0x7f94c01a3b90 con 0x7f94c010aa40
2026-02-19T23:34:10.452 INFO:teuthology.orchestra.run.trial077.stdout:/usr/bin/ceph: stderr
2026-02-19T23:34:10.190+0000 7f94c5ac4640 1 -- 10.20.193.77:0/618407254 --> [v2:10.20.193.77:3300/0,v1:10.20.193.77:6789/0] -- mon_command({"prefix": "get_command_descriptions"} v 0) -- 0x7f94c010aec0 con 0x7f94c010aa40
2026-02-19T23:34:10.453 INFO:teuthology.orchestra.run.trial077.stdout:/usr/bin/ceph: stderr
2026-02-19T23:34:10.190+0000 7f94bcff9640 1 -- 10.20.193.77:0/618407254 <== mon.0 v2:10.20.193.77:3300/0 4 ==== mgrmap(e 11) ==== 50154+0+0 (secure 0 0 0) 0x7f94ac03f050 con 0x7f94c010aa40
2026-02-19T23:34:10.453 INFO:teuthology.orchestra.run.trial077.stdout:/usr/bin/ceph: stderr
2026-02-19T23:34:10.190+0000 7f94bcff9640 1 --2- 10.20.193.77:0/618407254 >> [v2:10.20.193.77:6800/2240360205,v1:10.20.193.77:6801/2240360205] conn(0x7f949403dad0 0x7f949403ff90 unknown :-1 s=NONE pgs=0 cs=0 l=1 rev1=0 crypto rx=0 tx=0 comp rx=0 tx=0).connect
2026-02-19T23:34:10.453 INFO:teuthology.orchestra.run.trial077.stdout:/usr/bin/ceph: stderr
2026-02-19T23:34:10.190+0000 7f94bcff9640 1 -- 10.20.193.77:0/618407254 <== mon.0 v2:10.20.193.77:3300/0 5 ==== osd_map(3..3 src has 1..3) ==== 1155+0+0 (secure 0 0 0) 0x7f94ac077240 con 0x7f94c010aa40
2026-02-19T23:34:10.453 INFO:teuthology.orchestra.run.trial077.stdout:/usr/bin/ceph: stderr
2026-02-19T23:34:10.190+0000 7f94beffd640 1 --2- 10.20.193.77:0/618407254 >> [v2:10.20.193.77:6800/2240360205,v1:10.20.193.77:6801/2240360205] conn(0x7f949403dad0 0x7f949403ff90 unknown :-1 s=BANNER_CONNECTING pgs=0 cs=0 l=1 rev1=0 crypto rx=0 tx=0 comp rx=0 tx=0)._handle_peer_banner_payload supported=3 required=0
2026-02-19T23:34:10.453 INFO:teuthology.orchestra.run.trial077.stdout:/usr/bin/ceph: stderr
2026-02-19T23:34:10.191+0000 7f94beffd640 1 --2- 10.20.193.77:0/618407254 >> [v2:10.20.193.77:6800/2240360205,v1:10.20.193.77:6801/2240360205] conn(0x7f949403dad0 0x7f949403ff90 secure :-1 s=READY pgs=8 cs=0 l=1 rev1=1 crypto rx=0x7f94b00099c0 tx=0x7f94b0006eb0 comp rx=0 tx=0).ready entity=mgr.14150 client_cookie=0 server_cookie=0 in_seq=0 out_seq=0
2026-02-19T23:34:10.453 INFO:teuthology.orchestra.run.trial077.stdout:/usr/bin/ceph: stderr
2026-02-19T23:34:10.192+0000 7f94bcff9640 1 -- 10.20.193.77:0/618407254 <== mon.0 v2:10.20.193.77:3300/0 6 ==== mon_command_ack([{"prefix": "get_command_descriptions"}]=0 v0) ==== 72+0+195034 (secure 0 0 0) 0x7f94ac04e020 con 0x7f94c010aa40
2026-02-19T23:34:10.453 INFO:teuthology.orchestra.run.trial077.stdout:/usr/bin/ceph: stderr
2026-02-19T23:34:10.281+0000 7f94c5ac4640 1 -- 10.20.193.77:0/618407254 --> [v2:10.20.193.77:6800/2240360205,v1:10.20.193.77:6801/2240360205] -- mgr_command(tid 0: {"prefix": "dashboard ac-user-create", "username": "admin", "rolename": "administrator", "force_password": true, "pwd_update_required": true, "target": ["mon-mgr", ""]}) -- 0x7f94c01a3d60 con 0x7f949403dad0
2026-02-19T23:34:10.453 INFO:teuthology.orchestra.run.trial077.stdout:/usr/bin/ceph: stderr
2026-02-19T23:34:10.422+0000 7f94bcff9640 1 -- 10.20.193.77:0/618407254 <== mgr.14150 v2:10.20.193.77:6800/2240360205 1 ==== mgr_command_reply(tid 0: 0 ) ==== 8+0+252 (secure 0 0 0) 0x7f94c01a3d60 con 0x7f949403dad0
2026-02-19T23:34:10.454 INFO:teuthology.orchestra.run.trial077.stdout:/usr/bin/ceph: stderr
2026-02-19T23:34:10.423+0000 7f94c5ac4640 1 -- 10.20.193.77:0/618407254 >> [v2:10.20.193.77:6800/2240360205,v1:10.20.193.77:6801/2240360205] conn(0x7f949403dad0 msgr2=0x7f949403ff90 secure :-1 s=STATE_CONNECTION_ESTABLISHED l=1).mark_down
2026-02-19T23:34:10.454 INFO:teuthology.orchestra.run.trial077.stdout:/usr/bin/ceph: stderr
2026-02-19T23:34:10.423+0000 7f94c5ac4640 1 --2- 10.20.193.77:0/618407254 >> [v2:10.20.193.77:6800/2240360205,v1:10.20.193.77:6801/2240360205] conn(0x7f949403dad0 0x7f949403ff90 secure :-1 s=READY pgs=8 cs=0 l=1 rev1=1 crypto rx=0x7f94b00099c0 tx=0x7f94b0006eb0 comp rx=0 tx=0).stop
2026-02-19T23:34:10.454 INFO:teuthology.orchestra.run.trial077.stdout:/usr/bin/ceph: stderr
2026-02-19T23:34:10.423+0000 7f94c5ac4640 1 -- 10.20.193.77:0/618407254 >> [v2:10.20.193.77:3300/0,v1:10.20.193.77:6789/0] conn(0x7f94c010aa40 msgr2=0x7f94c01a06d0 secure :-1 s=STATE_CONNECTION_ESTABLISHED l=1).mark_down
2026-02-19T23:34:10.454 INFO:teuthology.orchestra.run.trial077.stdout:/usr/bin/ceph: stderr
2026-02-19T23:34:10.423+0000 7f94c5ac4640 1 --2- 10.20.193.77:0/618407254 >> [v2:10.20.193.77:3300/0,v1:10.20.193.77:6789/0] conn(0x7f94c010aa40 0x7f94c01a06d0 secure :-1 s=READY pgs=71 cs=0 l=1 rev1=1 crypto rx=0x7f94ac035b90 tx=0x7f94ac035bc0 comp rx=0 tx=0).stop
2026-02-19T23:34:10.454 INFO:teuthology.orchestra.run.trial077.stdout:/usr/bin/ceph: stderr
2026-02-19T23:34:10.423+0000 7f94c5ac4640 1 -- 10.20.193.77:0/618407254 shutdown_connections
2026-02-19T23:34:10.454 INFO:teuthology.orchestra.run.trial077.stdout:/usr/bin/ceph: stderr
2026-02-19T23:34:10.423+0000 7f94c5ac4640 1 --2- 10.20.193.77:0/618407254 >> [v2:10.20.193.77:6800/2240360205,v1:10.20.193.77:6801/2240360205] conn(0x7f949403dad0 0x7f949403ff90 unknown :-1 s=CLOSED pgs=8 cs=0 l=1 rev1=1 crypto rx=0 tx=0 comp rx=0 tx=0).stop
2026-02-19T23:34:10.455 INFO:teuthology.orchestra.run.trial077.stdout:/usr/bin/ceph: stderr
2026-02-19T23:34:10.423+0000 7f94c5ac4640 1 --2- 10.20.193.77:0/618407254 >> [v2:10.20.193.77:3300/0,v1:10.20.193.77:6789/0] conn(0x7f94c010aa40 0x7f94c01a06d0 unknown :-1 s=CLOSED pgs=71 cs=0 l=1 rev1=1 crypto rx=0 tx=0 comp rx=0 tx=0).stop
2026-02-19T23:34:10.455 INFO:teuthology.orchestra.run.trial077.stdout:/usr/bin/ceph: stderr
2026-02-19T23:34:10.423+0000 7f94c5ac4640 1 -- 10.20.193.77:0/618407254 >> 10.20.193.77:0/618407254 conn(0x7f94c007dca0 msgr2=0x7f94c0108620 unknown :-1 s=STATE_NONE l=0).mark_down
2026-02-19T23:34:10.455 INFO:teuthology.orchestra.run.trial077.stdout:/usr/bin/ceph: stderr
2026-02-19T23:34:10.423+0000 7f94c5ac4640 1 -- 10.20.193.77:0/618407254 shutdown_connections
2026-02-19T23:34:10.455 INFO:teuthology.orchestra.run.trial077.stdout:/usr/bin/ceph: stderr
2026-02-19T23:34:10.423+0000 7f94c5ac4640 1 -- 10.20.193.77:0/618407254 wait complete.
2026-02-19T23:34:10.455 INFO:teuthology.orchestra.run.trial077.stdout:Fetching dashboard port number...
2026-02-19T23:34:10.657 INFO:teuthology.orchestra.run.trial077.stdout:/usr/bin/ceph: stdout 8443
2026-02-19T23:34:10.658 INFO:teuthology.orchestra.run.trial077.stdout:/usr/bin/ceph: stderr
2026-02-19T23:34:10.543+0000 7f0bcb030640 1 Processor -- start
2026-02-19T23:34:10.658 INFO:teuthology.orchestra.run.trial077.stdout:/usr/bin/ceph: stderr
2026-02-19T23:34:10.543+0000 7f0bcb030640 1 -- start start
2026-02-19T23:34:10.658 INFO:teuthology.orchestra.run.trial077.stdout:/usr/bin/ceph: stderr
2026-02-19T23:34:10.543+0000 7f0bcb030640 1 --2- >> [v2:10.20.193.77:3300/0,v1:10.20.193.77:6789/0] conn(0x7f0bc410ab20 0x7f0bc410af20 unknown :-1 s=NONE pgs=0 cs=0 l=0 rev1=0 crypto rx=0 tx=0 comp rx=0 tx=0).connect
2026-02-19T23:34:10.658 INFO:teuthology.orchestra.run.trial077.stdout:/usr/bin/ceph: stderr
2026-02-19T23:34:10.543+0000 7f0bcb030640 1 -- --> [v2:10.20.193.77:3300/0,v1:10.20.193.77:6789/0] -- mon_getmap magic: 0 -- 0x7f0bc410b4f0 con 0x7f0bc410ab20
2026-02-19T23:34:10.658 INFO:teuthology.orchestra.run.trial077.stdout:/usr/bin/ceph: stderr
2026-02-19T23:34:10.543+0000 7f0bc8da5640 1 --2- >> [v2:10.20.193.77:3300/0,v1:10.20.193.77:6789/0] conn(0x7f0bc410ab20 0x7f0bc410af20 unknown :-1 s=BANNER_CONNECTING pgs=0 cs=0 l=0 rev1=0 crypto rx=0 tx=0 comp rx=0 tx=0)._handle_peer_banner_payload supported=3 required=0
2026-02-19T23:34:10.658 INFO:teuthology.orchestra.run.trial077.stdout:/usr/bin/ceph: stderr
2026-02-19T23:34:10.543+0000 7f0bc8da5640 1 --2- >> [v2:10.20.193.77:3300/0,v1:10.20.193.77:6789/0] conn(0x7f0bc410ab20 0x7f0bc410af20 unknown :-1 s=HELLO_CONNECTING pgs=0 cs=0 l=0 rev1=1 crypto rx=0 tx=0 comp rx=0 tx=0).handle_hello peer v2:10.20.193.77:3300/0 says I am v2:10.20.193.77:32830/0 (socket says 10.20.193.77:32830)
2026-02-19T23:34:10.658 INFO:teuthology.orchestra.run.trial077.stdout:/usr/bin/ceph: stderr
2026-02-19T23:34:10.543+0000 7f0bc8da5640 1 -- 10.20.193.77:0/502858587 learned_addr learned my addr 10.20.193.77:0/502858587 (peer_addr_for_me v2:10.20.193.77:0/0)
2026-02-19T23:34:10.658 INFO:teuthology.orchestra.run.trial077.stdout:/usr/bin/ceph: stderr
2026-02-19T23:34:10.544+0000 7f0bc8da5640 1 -- 10.20.193.77:0/502858587 --> [v2:10.20.193.77:3300/0,v1:10.20.193.77:6789/0] -- mon_subscribe({config=0+,monmap=0+}) -- 0x7f0bc410b9c0 con 0x7f0bc410ab20
2026-02-19T23:34:10.658 INFO:teuthology.orchestra.run.trial077.stdout:/usr/bin/ceph: stderr
2026-02-19T23:34:10.544+0000 7f0bc8da5640 1 --2- 10.20.193.77:0/502858587 >> [v2:10.20.193.77:3300/0,v1:10.20.193.77:6789/0] conn(0x7f0bc410ab20 0x7f0bc410af20 secure :-1 s=READY pgs=72 cs=0 l=1 rev1=1 crypto rx=0x7f0bb4009920 tx=0x7f0bb402ef20 comp rx=0 tx=0).ready entity=mon.0 client_cookie=80a67acfe0f9fdfc server_cookie=0 in_seq=0 out_seq=0
2026-02-19T23:34:10.658 INFO:teuthology.orchestra.run.trial077.stdout:/usr/bin/ceph: stderr
2026-02-19T23:34:10.544+0000 7f0bbb7fe640 1 -- 10.20.193.77:0/502858587 <== mon.0 v2:10.20.193.77:3300/0 1 ==== mon_map magic: 0 ==== 205+0+0 (secure 0 0 0) 0x7f0bb403c070 con 0x7f0bc410ab20
2026-02-19T23:34:10.659 INFO:teuthology.orchestra.run.trial077.stdout:/usr/bin/ceph: stderr
2026-02-19T23:34:10.544+0000 7f0bbb7fe640 1 -- 10.20.193.77:0/502858587 <== mon.0 v2:10.20.193.77:3300/0 2 ==== config(28 keys) ==== 1145+0+0 (secure 0 0 0) 0x7f0bb4037440 con 0x7f0bc410ab20
2026-02-19T23:34:10.659 INFO:teuthology.orchestra.run.trial077.stdout:/usr/bin/ceph: stderr
2026-02-19T23:34:10.544+0000 7f0bbb7fe640 1 -- 10.20.193.77:0/502858587 <== mon.0 v2:10.20.193.77:3300/0 3 ==== mon_map magic: 0 ==== 205+0+0 (secure 0 0 0) 0x7f0bb4035610 con 0x7f0bc410ab20
2026-02-19T23:34:10.659 INFO:teuthology.orchestra.run.trial077.stdout:/usr/bin/ceph: stderr
2026-02-19T23:34:10.544+0000 7f0bcb030640 1 -- 10.20.193.77:0/502858587 >> [v2:10.20.193.77:3300/0,v1:10.20.193.77:6789/0] conn(0x7f0bc410ab20 msgr2=0x7f0bc410af20 secure :-1 s=STATE_CONNECTION_ESTABLISHED l=1).mark_down
2026-02-19T23:34:10.659 INFO:teuthology.orchestra.run.trial077.stdout:/usr/bin/ceph: stderr
2026-02-19T23:34:10.544+0000 7f0bcb030640 1 --2- 10.20.193.77:0/502858587 >> [v2:10.20.193.77:3300/0,v1:10.20.193.77:6789/0] conn(0x7f0bc410ab20 0x7f0bc410af20 secure :-1 s=READY pgs=72 cs=0 l=1 rev1=1 crypto rx=0x7f0bb4009920 tx=0x7f0bb402ef20 comp rx=0 tx=0).stop
2026-02-19T23:34:10.659 INFO:teuthology.orchestra.run.trial077.stdout:/usr/bin/ceph: stderr
2026-02-19T23:34:10.544+0000 7f0bcb030640 1 -- 10.20.193.77:0/502858587 shutdown_connections
2026-02-19T23:34:10.659 INFO:teuthology.orchestra.run.trial077.stdout:/usr/bin/ceph: stderr
2026-02-19T23:34:10.544+0000 7f0bcb030640 1 --2- 10.20.193.77:0/502858587 >> [v2:10.20.193.77:3300/0,v1:10.20.193.77:6789/0] conn(0x7f0bc410ab20 0x7f0bc410af20 unknown :-1 s=CLOSED pgs=72 cs=0 l=1 rev1=1 crypto rx=0 tx=0 comp rx=0 tx=0).stop
2026-02-19T23:34:10.659 INFO:teuthology.orchestra.run.trial077.stdout:/usr/bin/ceph: stderr
2026-02-19T23:34:10.544+0000 7f0bcb030640 1 -- 10.20.193.77:0/502858587 >> 10.20.193.77:0/502858587 conn(0x7f0bc407dcf0 msgr2=0x7f0bc407e100 unknown :-1 s=STATE_NONE l=0).mark_down
2026-02-19T23:34:10.659 INFO:teuthology.orchestra.run.trial077.stdout:/usr/bin/ceph: stderr
2026-02-19T23:34:10.545+0000 7f0bcb030640 1 -- 10.20.193.77:0/502858587 shutdown_connections
2026-02-19T23:34:10.659 INFO:teuthology.orchestra.run.trial077.stdout:/usr/bin/ceph: stderr
2026-02-19T23:34:10.545+0000 7f0bcb030640 1 -- 10.20.193.77:0/502858587 wait complete.
2026-02-19T23:34:10.659 INFO:teuthology.orchestra.run.trial077.stdout:/usr/bin/ceph: stderr
2026-02-19T23:34:10.545+0000 7f0bcb030640 1 Processor -- start
2026-02-19T23:34:10.659 INFO:teuthology.orchestra.run.trial077.stdout:/usr/bin/ceph: stderr
2026-02-19T23:34:10.545+0000 7f0bcb030640 1 -- start start
2026-02-19T23:34:10.659 INFO:teuthology.orchestra.run.trial077.stdout:/usr/bin/ceph: stderr
2026-02-19T23:34:10.545+0000 7f0bcb030640 1 --2- >> [v2:10.20.193.77:3300/0,v1:10.20.193.77:6789/0] conn(0x7f0bc410ab20 0x7f0bc41a0730 unknown :-1 s=NONE pgs=0 cs=0 l=1 rev1=0 crypto rx=0 tx=0 comp rx=0 tx=0).connect
2026-02-19T23:34:10.660 INFO:teuthology.orchestra.run.trial077.stdout:/usr/bin/ceph: stderr
2026-02-19T23:34:10.545+0000 7f0bcb030640 1 -- --> [v2:10.20.193.77:3300/0,v1:10.20.193.77:6789/0] -- mon_getmap magic: 0 -- 0x7f0bc410ed70 con 0x7f0bc410ab20
2026-02-19T23:34:10.660 INFO:teuthology.orchestra.run.trial077.stdout:/usr/bin/ceph: stderr
2026-02-19T23:34:10.545+0000 7f0bc8da5640 1 --2- >> [v2:10.20.193.77:3300/0,v1:10.20.193.77:6789/0] conn(0x7f0bc410ab20 0x7f0bc41a0730 unknown :-1 s=BANNER_CONNECTING pgs=0 cs=0 l=1 rev1=0 crypto rx=0 tx=0 comp rx=0 tx=0)._handle_peer_banner_payload supported=3 required=0
2026-02-19T23:34:10.660 INFO:teuthology.orchestra.run.trial077.stdout:/usr/bin/ceph: stderr
2026-02-19T23:34:10.545+0000 7f0bc8da5640 1 --2- >> [v2:10.20.193.77:3300/0,v1:10.20.193.77:6789/0] conn(0x7f0bc410ab20 0x7f0bc41a0730 unknown :-1 s=HELLO_CONNECTING pgs=0 cs=0 l=1 rev1=1 crypto rx=0 tx=0 comp rx=0 tx=0).handle_hello peer v2:10.20.193.77:3300/0 says I am v2:10.20.193.77:32844/0 (socket says 10.20.193.77:32844)
2026-02-19T23:34:10.660 INFO:teuthology.orchestra.run.trial077.stdout:/usr/bin/ceph: stderr
2026-02-19T23:34:10.545+0000 7f0bc8da5640 1 -- 10.20.193.77:0/295200638 learned_addr learned my addr 10.20.193.77:0/295200638 (peer_addr_for_me v2:10.20.193.77:0/0)
2026-02-19T23:34:10.660 INFO:teuthology.orchestra.run.trial077.stdout:/usr/bin/ceph: stderr
2026-02-19T23:34:10.545+0000 7f0bc8da5640 1 -- 10.20.193.77:0/295200638 --> [v2:10.20.193.77:3300/0,v1:10.20.193.77:6789/0] -- mon_subscribe({config=0+,monmap=0+}) -- 0x7f0bc41a0c70 con 0x7f0bc410ab20
2026-02-19T23:34:10.660 INFO:teuthology.orchestra.run.trial077.stdout:/usr/bin/ceph: stderr
2026-02-19T23:34:10.545+0000 7f0bc8da5640 1 --2- 10.20.193.77:0/295200638 >> [v2:10.20.193.77:3300/0,v1:10.20.193.77:6789/0] conn(0x7f0bc410ab20 0x7f0bc41a0730 secure :-1 s=READY pgs=73 cs=0 l=1 rev1=1 crypto rx=0x7f0bb4002410 tx=0x7f0bb4035b40 comp rx=0 tx=0).ready entity=mon.0 client_cookie=0 server_cookie=0 in_seq=0 out_seq=0
2026-02-19T23:34:10.660 INFO:teuthology.orchestra.run.trial077.stdout:/usr/bin/ceph: stderr
2026-02-19T23:34:10.546+0000 7f0bb9ffb640 1 -- 10.20.193.77:0/295200638 <== mon.0 v2:10.20.193.77:3300/0 1 ==== mon_map magic: 0 ==== 205+0+0 (secure 0 0 0) 0x7f0bb4044020 con 0x7f0bc410ab20
2026-02-19T23:34:10.660 INFO:teuthology.orchestra.run.trial077.stdout:/usr/bin/ceph: stderr
2026-02-19T23:34:10.546+0000 7f0bb9ffb640 1 -- 10.20.193.77:0/295200638 <== mon.0 v2:10.20.193.77:3300/0 2 ==== config(28 keys) ==== 1145+0+0 (secure 0 0 0) 0x7f0bb4035d50 con 0x7f0bc410ab20
2026-02-19T23:34:10.660 INFO:teuthology.orchestra.run.trial077.stdout:/usr/bin/ceph: stderr
2026-02-19T23:34:10.546+0000 7f0bcb030640 1 -- 10.20.193.77:0/295200638 --> [v2:10.20.193.77:3300/0,v1:10.20.193.77:6789/0] -- mon_subscribe({mgrmap=0+}) -- 0x7f0bc41a0f00 con 0x7f0bc410ab20
2026-02-19T23:34:10.660 INFO:teuthology.orchestra.run.trial077.stdout:/usr/bin/ceph: stderr
2026-02-19T23:34:10.546+0000 7f0bb9ffb640 1 -- 10.20.193.77:0/295200638 <== mon.0 v2:10.20.193.77:3300/0 3 ==== mon_map magic: 0 ==== 205+0+0 (secure 0 0 0) 0x7f0bb403c040 con 0x7f0bc410ab20
2026-02-19T23:34:10.660 INFO:teuthology.orchestra.run.trial077.stdout:/usr/bin/ceph: stderr
2026-02-19T23:34:10.546+0000 7f0bcb030640 1 -- 10.20.193.77:0/295200638 --> [v2:10.20.193.77:3300/0,v1:10.20.193.77:6789/0] -- mon_subscribe({osdmap=0}) -- 0x7f0bc41a3bf0 con 0x7f0bc410ab20
2026-02-19T23:34:10.660 INFO:teuthology.orchestra.run.trial077.stdout:/usr/bin/ceph: stderr
2026-02-19T23:34:10.546+0000 7f0bcb030640 1 -- 10.20.193.77:0/295200638 --> [v2:10.20.193.77:3300/0,v1:10.20.193.77:6789/0] -- mon_command({"prefix": "get_command_descriptions"} v 0) -- 0x7f0bc41a13e0 con 0x7f0bc410ab20
2026-02-19T23:34:10.661 INFO:teuthology.orchestra.run.trial077.stdout:/usr/bin/ceph: stderr
2026-02-19T23:34:10.546+0000 7f0bb9ffb640 1 -- 10.20.193.77:0/295200638 <== mon.0 v2:10.20.193.77:3300/0 4 ==== mgrmap(e 11) ==== 50154+0+0 (secure 0 0 0) 0x7f0bb403f050 con 0x7f0bc410ab20
2026-02-19T23:34:10.661 INFO:teuthology.orchestra.run.trial077.stdout:/usr/bin/ceph: stderr
2026-02-19T23:34:10.547+0000 7f0bb9ffb640 1 --2- 10.20.193.77:0/295200638 >> [v2:10.20.193.77:6800/2240360205,v1:10.20.193.77:6801/2240360205] conn(0x7f0ba003db20 0x7f0ba003ffe0 unknown :-1 s=NONE pgs=0 cs=0 l=1 rev1=0 crypto rx=0 tx=0 comp rx=0 tx=0).connect
2026-02-19T23:34:10.661 INFO:teuthology.orchestra.run.trial077.stdout:/usr/bin/ceph: stderr
2026-02-19T23:34:10.547+0000 7f0bb9ffb640 1 -- 10.20.193.77:0/295200638 <== mon.0 v2:10.20.193.77:3300/0 5 ==== osd_map(3..3 src has 1..3) ==== 1155+0+0 (secure 0 0 0) 0x7f0bb4077230 con 0x7f0bc410ab20
2026-02-19T23:34:10.661 INFO:teuthology.orchestra.run.trial077.stdout:/usr/bin/ceph: stderr
2026-02-19T23:34:10.547+0000 7f0bbbfff640 1 --2- 10.20.193.77:0/295200638 >> [v2:10.20.193.77:6800/2240360205,v1:10.20.193.77:6801/2240360205] conn(0x7f0ba003db20 0x7f0ba003ffe0 unknown :-1 s=BANNER_CONNECTING pgs=0 cs=0 l=1 rev1=0 crypto rx=0 tx=0 comp rx=0 tx=0)._handle_peer_banner_payload supported=3 required=0
2026-02-19T23:34:10.661 INFO:teuthology.orchestra.run.trial077.stdout:/usr/bin/ceph: stderr
2026-02-19T23:34:10.547+0000 7f0bbbfff640 1 --2- 10.20.193.77:0/295200638 >> [v2:10.20.193.77:6800/2240360205,v1:10.20.193.77:6801/2240360205] conn(0x7f0ba003db20 0x7f0ba003ffe0 secure :-1 s=READY pgs=9 cs=0 l=1 rev1=1 crypto rx=0x7f0bac0099c0 tx=0x7f0bac006eb0 comp rx=0 tx=0).ready entity=mgr.14150 client_cookie=0 server_cookie=0 in_seq=0 out_seq=0
2026-02-19T23:34:10.661 INFO:teuthology.orchestra.run.trial077.stdout:/usr/bin/ceph: stderr
2026-02-19T23:34:10.549+0000 7f0bb9ffb640 1 -- 10.20.193.77:0/295200638 <== mon.0 v2:10.20.193.77:3300/0 6 ==== mon_command_ack([{"prefix": "get_command_descriptions"}]=0 v0) ==== 72+0+195034 (secure 0 0 0) 0x7f0bc41a13e0 con 0x7f0bc410ab20
2026-02-19T23:34:10.661 INFO:teuthology.orchestra.run.trial077.stdout:/usr/bin/ceph: stderr
2026-02-19T23:34:10.632+0000 7f0bcb030640 1 -- 10.20.193.77:0/295200638 --> [v2:10.20.193.77:3300/0,v1:10.20.193.77:6789/0] -- mon_command({"prefix": "config get", "who": "mgr", "key": "mgr/dashboard/ssl_server_port"} v 0) -- 0x7f0bc410afa0 con 0x7f0bc410ab20
2026-02-19T23:34:10.661 INFO:teuthology.orchestra.run.trial077.stdout:/usr/bin/ceph: stderr
2026-02-19T23:34:10.632+0000 7f0bb9ffb640 1 -- 10.20.193.77:0/295200638 <== mon.0 v2:10.20.193.77:3300/0 7 ==== mon_command_ack([{"prefix": "config get", "who": "mgr", "key": "mgr/dashboard/ssl_server_port"}]=0 v8) ==== 112+0+5 (secure 0 0 0) 0x7f0bb404e020 con 0x7f0bc410ab20
2026-02-19T23:34:10.661 INFO:teuthology.orchestra.run.trial077.stdout:/usr/bin/ceph: stderr
2026-02-19T23:34:10.633+0000 7f0bcb030640 1 -- 10.20.193.77:0/295200638 >> [v2:10.20.193.77:6800/2240360205,v1:10.20.193.77:6801/2240360205] conn(0x7f0ba003db20 msgr2=0x7f0ba003ffe0 secure :-1 s=STATE_CONNECTION_ESTABLISHED l=1).mark_down
2026-02-19T23:34:10.661 INFO:teuthology.orchestra.run.trial077.stdout:/usr/bin/ceph: stderr
2026-02-19T23:34:10.633+0000 7f0bcb030640 1 --2- 10.20.193.77:0/295200638 >> [v2:10.20.193.77:6800/2240360205,v1:10.20.193.77:6801/2240360205] conn(0x7f0ba003db20 0x7f0ba003ffe0 secure :-1 s=READY pgs=9 cs=0 l=1 rev1=1 crypto rx=0x7f0bac0099c0 tx=0x7f0bac006eb0 comp rx=0 tx=0).stop
2026-02-19T23:34:10.661 INFO:teuthology.orchestra.run.trial077.stdout:/usr/bin/ceph: stderr
2026-02-19T23:34:10.633+0000 7f0bcb030640 1 -- 10.20.193.77:0/295200638 >> [v2:10.20.193.77:3300/0,v1:10.20.193.77:6789/0] conn(0x7f0bc410ab20 msgr2=0x7f0bc41a0730 secure :-1 s=STATE_CONNECTION_ESTABLISHED l=1).mark_down
2026-02-19T23:34:10.662 INFO:teuthology.orchestra.run.trial077.stdout:/usr/bin/ceph: stderr
2026-02-19T23:34:10.633+0000 7f0bcb030640 1 --2- 10.20.193.77:0/295200638 >> [v2:10.20.193.77:3300/0,v1:10.20.193.77:6789/0] conn(0x7f0bc410ab20 0x7f0bc41a0730 secure :-1 s=READY pgs=73 cs=0 l=1 rev1=1 crypto rx=0x7f0bb4002410 tx=0x7f0bb4035b40 comp rx=0 tx=0).stop
2026-02-19T23:34:10.662 INFO:teuthology.orchestra.run.trial077.stdout:/usr/bin/ceph: stderr
2026-02-19T23:34:10.633+0000 7f0bcb030640 1 -- 10.20.193.77:0/295200638 shutdown_connections
2026-02-19T23:34:10.662 INFO:teuthology.orchestra.run.trial077.stdout:/usr/bin/ceph: stderr
2026-02-19T23:34:10.633+0000 7f0bcb030640 1 --2- 10.20.193.77:0/295200638 >> [v2:10.20.193.77:6800/2240360205,v1:10.20.193.77:6801/2240360205] conn(0x7f0ba003db20 0x7f0ba003ffe0 unknown :-1 s=CLOSED pgs=9 cs=0 l=1 rev1=1 crypto rx=0 tx=0 comp rx=0 tx=0).stop
2026-02-19T23:34:10.662 INFO:teuthology.orchestra.run.trial077.stdout:/usr/bin/ceph: stderr
2026-02-19T23:34:10.633+0000 7f0bcb030640 1 --2- 10.20.193.77:0/295200638 >> [v2:10.20.193.77:3300/0,v1:10.20.193.77:6789/0] conn(0x7f0bc410ab20 0x7f0bc41a0730 unknown :-1 s=CLOSED pgs=73 cs=0 l=1 rev1=1 crypto rx=0 tx=0 comp rx=0 tx=0).stop
2026-02-19T23:34:10.662 INFO:teuthology.orchestra.run.trial077.stdout:/usr/bin/ceph: stderr
2026-02-19T23:34:10.633+0000 7f0bcb030640 1 -- 10.20.193.77:0/295200638 >> 10.20.193.77:0/295200638 conn(0x7f0bc407dcf0 msgr2=0x7f0bc41086d0 unknown :-1 s=STATE_NONE l=0).mark_down
2026-02-19T23:34:10.662 INFO:teuthology.orchestra.run.trial077.stdout:/usr/bin/ceph: stderr
2026-02-19T23:34:10.633+0000 7f0bcb030640 1 -- 10.20.193.77:0/295200638 shutdown_connections
2026-02-19T23:34:10.662 INFO:teuthology.orchestra.run.trial077.stdout:/usr/bin/ceph: stderr
2026-02-19T23:34:10.633+0000 7f0bcb030640 1 -- 10.20.193.77:0/295200638 wait complete.
2026-02-19T23:34:10.663 INFO:teuthology.orchestra.run.trial077.stdout:Non-zero exit code 1 from systemctl is-enabled firewalld.service
2026-02-19T23:34:10.663 INFO:teuthology.orchestra.run.trial077.stdout:systemctl: stdout disabled
2026-02-19T23:34:10.668 INFO:teuthology.orchestra.run.trial077.stdout:Non-zero exit code 3 from systemctl is-active firewalld.service
2026-02-19T23:34:10.668 INFO:teuthology.orchestra.run.trial077.stdout:systemctl: stdout inactive
2026-02-19T23:34:10.668 INFO:teuthology.orchestra.run.trial077.stdout:firewalld.service is not enabled
2026-02-19T23:34:10.668 INFO:teuthology.orchestra.run.trial077.stdout:Not possible to open ports <[8443]>. firewalld.service is not available
2026-02-19T23:34:10.669 INFO:teuthology.orchestra.run.trial077.stdout:Ceph Dashboard is now available at:
2026-02-19T23:34:10.669 INFO:teuthology.orchestra.run.trial077.stdout:
2026-02-19T23:34:10.669 INFO:teuthology.orchestra.run.trial077.stdout: URL: https://trial077:8443/
2026-02-19T23:34:10.669 INFO:teuthology.orchestra.run.trial077.stdout: User: admin
2026-02-19T23:34:10.669 INFO:teuthology.orchestra.run.trial077.stdout: Password: qzisfu7hsq
2026-02-19T23:34:10.669 INFO:teuthology.orchestra.run.trial077.stdout:
2026-02-19T23:34:10.670 INFO:teuthology.orchestra.run.trial077.stdout:Saving cluster configuration to /var/lib/ceph/672381aa-0deb-11f1-8c8f-d404e6e7d460/config directory
2026-02-19T23:34:10.924 INFO:teuthology.orchestra.run.trial077.stdout:/usr/bin/ceph: stderr
2026-02-19T23:34:10.767+0000 7fa7f2137640 1 Processor -- start
2026-02-19T23:34:10.925 INFO:teuthology.orchestra.run.trial077.stdout:/usr/bin/ceph: stderr
2026-02-19T23:34:10.767+0000 7fa7f2137640 1 -- start start
2026-02-19T23:34:10.925 INFO:teuthology.orchestra.run.trial077.stdout:/usr/bin/ceph: stderr
2026-02-19T23:34:10.767+0000 7fa7f2137640 1 --2- >> [v2:10.20.193.77:3300/0,v1:10.20.193.77:6789/0] conn(0x7fa7ec10aa40 0x7fa7ec10ae40 unknown :-1 s=NONE pgs=0 cs=0 l=0 rev1=0 crypto rx=0 tx=0 comp rx=0 tx=0).connect
2026-02-19T23:34:10.925 INFO:teuthology.orchestra.run.trial077.stdout:/usr/bin/ceph: stderr
2026-02-19T23:34:10.767+0000 7fa7f2137640 1 -- --> [v2:10.20.193.77:3300/0,v1:10.20.193.77:6789/0] -- mon_getmap magic: 0 -- 0x7fa7ec10b410 con 0x7fa7ec10aa40
2026-02-19T23:34:10.925 INFO:teuthology.orchestra.run.trial077.stdout:/usr/bin/ceph: stderr
2026-02-19T23:34:10.767+0000 7fa7eb7fe640 1 --2- >> [v2:10.20.193.77:3300/0,v1:10.20.193.77:6789/0] conn(0x7fa7ec10aa40 0x7fa7ec10ae40 unknown :-1 s=BANNER_CONNECTING pgs=0 cs=0 l=0 rev1=0 crypto rx=0 tx=0 comp rx=0 tx=0)._handle_peer_banner_payload supported=3 required=0
2026-02-19T23:34:10.925 INFO:teuthology.orchestra.run.trial077.stdout:/usr/bin/ceph: stderr
2026-02-19T23:34:10.767+0000 7fa7eb7fe640 1 --2- >> [v2:10.20.193.77:3300/0,v1:10.20.193.77:6789/0] conn(0x7fa7ec10aa40 0x7fa7ec10ae40 unknown :-1 s=HELLO_CONNECTING pgs=0 cs=0 l=0 rev1=1 crypto rx=0 tx=0 comp rx=0 tx=0).handle_hello peer v2:10.20.193.77:3300/0 says I am v2:10.20.193.77:32860/0 (socket says 10.20.193.77:32860)
2026-02-19T23:34:10.925 INFO:teuthology.orchestra.run.trial077.stdout:/usr/bin/ceph: stderr
2026-02-19T23:34:10.767+0000 7fa7eb7fe640 1 -- 10.20.193.77:0/1637179783 learned_addr learned my addr 10.20.193.77:0/1637179783 (peer_addr_for_me v2:10.20.193.77:0/0)
2026-02-19T23:34:10.925 INFO:teuthology.orchestra.run.trial077.stdout:/usr/bin/ceph: stderr
2026-02-19T23:34:10.767+0000 7fa7eb7fe640 1 -- 10.20.193.77:0/1637179783 --> [v2:10.20.193.77:3300/0,v1:10.20.193.77:6789/0] -- mon_subscribe({config=0+,monmap=0+}) -- 0x7fa7ec10b960 con 0x7fa7ec10aa40
2026-02-19T23:34:10.925 INFO:teuthology.orchestra.run.trial077.stdout:/usr/bin/ceph: stderr
2026-02-19T23:34:10.768+0000 7fa7eb7fe640 1 --2- 10.20.193.77:0/1637179783 >> [v2:10.20.193.77:3300/0,v1:10.20.193.77:6789/0] conn(0x7fa7ec10aa40 0x7fa7ec10ae40 secure :-1 s=READY pgs=74 cs=0 l=1 rev1=1 crypto rx=0x7fa7d8009920 tx=0x7fa7d802ef20 comp rx=0 tx=0).ready entity=mon.0 client_cookie=1c37920497c9230b server_cookie=0 in_seq=0 out_seq=0
2026-02-19T23:34:10.926 INFO:teuthology.orchestra.run.trial077.stdout:/usr/bin/ceph: stderr
2026-02-19T23:34:10.768+0000 7fa7ea7fc640 1 -- 10.20.193.77:0/1637179783 <== mon.0 v2:10.20.193.77:3300/0 1 ==== mon_map magic: 0 ==== 205+0+0 (secure 0 0 0) 0x7fa7d803c070 con 0x7fa7ec10aa40
2026-02-19T23:34:10.926 INFO:teuthology.orchestra.run.trial077.stdout:/usr/bin/ceph: stderr
2026-02-19T23:34:10.768+0000 7fa7ea7fc640 1 -- 10.20.193.77:0/1637179783 <== mon.0 v2:10.20.193.77:3300/0 2 ==== config(28 keys) ==== 1145+0+0 (secure 0 0 0) 0x7fa7d8037440 con 0x7fa7ec10aa40
2026-02-19T23:34:10.926 INFO:teuthology.orchestra.run.trial077.stdout:/usr/bin/ceph: stderr
2026-02-19T23:34:10.768+0000 7fa7ea7fc640 1 -- 10.20.193.77:0/1637179783 <== mon.0 v2:10.20.193.77:3300/0 3 ==== mon_map magic: 0 ==== 205+0+0 (secure 0 0 0) 0x7fa7d8035610 con 0x7fa7ec10aa40
2026-02-19T23:34:10.926 INFO:teuthology.orchestra.run.trial077.stdout:/usr/bin/ceph: stderr
2026-02-19T23:34:10.768+0000 7fa7f2137640 1 -- 10.20.193.77:0/1637179783 >> [v2:10.20.193.77:3300/0,v1:10.20.193.77:6789/0] conn(0x7fa7ec10aa40 msgr2=0x7fa7ec10ae40 secure :-1 s=STATE_CONNECTION_ESTABLISHED l=1).mark_down
2026-02-19T23:34:10.926 INFO:teuthology.orchestra.run.trial077.stdout:/usr/bin/ceph: stderr
2026-02-19T23:34:10.768+0000 7fa7f2137640 1 --2- 10.20.193.77:0/1637179783 >> [v2:10.20.193.77:3300/0,v1:10.20.193.77:6789/0] conn(0x7fa7ec10aa40 0x7fa7ec10ae40 secure :-1 s=READY pgs=74 cs=0 l=1 rev1=1 crypto rx=0x7fa7d8009920 tx=0x7fa7d802ef20 comp rx=0 tx=0).stop
2026-02-19T23:34:10.926 INFO:teuthology.orchestra.run.trial077.stdout:/usr/bin/ceph: stderr
2026-02-19T23:34:10.768+0000 7fa7f2137640 1 -- 10.20.193.77:0/1637179783 shutdown_connections
2026-02-19T23:34:10.926 INFO:teuthology.orchestra.run.trial077.stdout:/usr/bin/ceph: stderr
2026-02-19T23:34:10.768+0000 7fa7f2137640 1 --2- 10.20.193.77:0/1637179783 >> [v2:10.20.193.77:3300/0,v1:10.20.193.77:6789/0] conn(0x7fa7ec10aa40 0x7fa7ec10ae40 unknown :-1 s=CLOSED pgs=74 cs=0 l=1 rev1=1 crypto rx=0 tx=0 comp rx=0 tx=0).stop
2026-02-19T23:34:10.926 INFO:teuthology.orchestra.run.trial077.stdout:/usr/bin/ceph: stderr
2026-02-19T23:34:10.768+0000 7fa7f2137640 1 -- 10.20.193.77:0/1637179783 >> 10.20.193.77:0/1637179783 conn(0x7fa7ec07dca0 msgr2=0x7fa7ec07e0d0 unknown :-1 s=STATE_NONE l=0).mark_down
2026-02-19T23:34:10.926 INFO:teuthology.orchestra.run.trial077.stdout:/usr/bin/ceph: stderr
2026-02-19T23:34:10.768+0000 7fa7f2137640 1 -- 10.20.193.77:0/1637179783 shutdown_connections
2026-02-19T23:34:10.926 INFO:teuthology.orchestra.run.trial077.stdout:/usr/bin/ceph: stderr
2026-02-19T23:34:10.768+0000 7fa7f2137640 1 -- 10.20.193.77:0/1637179783 wait complete.
2026-02-19T23:34:10.926 INFO:teuthology.orchestra.run.trial077.stdout:/usr/bin/ceph: stderr
2026-02-19T23:34:10.769+0000 7fa7f2137640 1 Processor -- start
2026-02-19T23:34:10.927 INFO:teuthology.orchestra.run.trial077.stdout:/usr/bin/ceph: stderr
2026-02-19T23:34:10.769+0000 7fa7f2137640 1 -- start start
2026-02-19T23:34:10.927 INFO:teuthology.orchestra.run.trial077.stdout:/usr/bin/ceph: stderr
2026-02-19T23:34:10.769+0000 7fa7f2137640 1 --2- >> [v2:10.20.193.77:3300/0,v1:10.20.193.77:6789/0] conn(0x7fa7ec10aa40 0x7fa7ec1a06b0 unknown :-1 s=NONE pgs=0 cs=0 l=1 rev1=0 crypto rx=0 tx=0 comp rx=0 tx=0).connect
2026-02-19T23:34:10.927 INFO:teuthology.orchestra.run.trial077.stdout:/usr/bin/ceph: stderr
2026-02-19T23:34:10.769+0000 7fa7f2137640 1 -- --> [v2:10.20.193.77:3300/0,v1:10.20.193.77:6789/0] -- mon_getmap magic: 0 -- 0x7fa7ec10ec20 con 0x7fa7ec10aa40
2026-02-19T23:34:10.927 INFO:teuthology.orchestra.run.trial077.stdout:/usr/bin/ceph: stderr
2026-02-19T23:34:10.769+0000 7fa7eb7fe640 1 --2- >> [v2:10.20.193.77:3300/0,v1:10.20.193.77:6789/0] conn(0x7fa7ec10aa40 0x7fa7ec1a06b0 unknown :-1 s=BANNER_CONNECTING pgs=0 cs=0 l=1 rev1=0 crypto rx=0 tx=0 comp rx=0 tx=0)._handle_peer_banner_payload supported=3 required=0
2026-02-19T23:34:10.927 INFO:teuthology.orchestra.run.trial077.stdout:/usr/bin/ceph: stderr
2026-02-19T23:34:10.769+0000 7fa7eb7fe640 1 --2- >> [v2:10.20.193.77:3300/0,v1:10.20.193.77:6789/0] conn(0x7fa7ec10aa40 0x7fa7ec1a06b0 unknown :-1 s=HELLO_CONNECTING pgs=0 cs=0 l=1 rev1=1 crypto rx=0 tx=0 comp rx=0 tx=0).handle_hello peer v2:10.20.193.77:3300/0 says I am v2:10.20.193.77:32866/0 (socket says 10.20.193.77:32866)
2026-02-19T23:34:10.927 INFO:teuthology.orchestra.run.trial077.stdout:/usr/bin/ceph: stderr
2026-02-19T23:34:10.769+0000 7fa7eb7fe640 1 -- 10.20.193.77:0/1865854840 learned_addr learned my addr 10.20.193.77:0/1865854840 (peer_addr_for_me v2:10.20.193.77:0/0)
2026-02-19T23:34:10.927 INFO:teuthology.orchestra.run.trial077.stdout:/usr/bin/ceph: stderr
2026-02-19T23:34:10.769+0000 7fa7eb7fe640 1 -- 10.20.193.77:0/1865854840 --> [v2:10.20.193.77:3300/0,v1:10.20.193.77:6789/0] -- mon_subscribe({config=0+,monmap=0+}) -- 0x7fa7ec1a0bf0 con 0x7fa7ec10aa40
2026-02-19T23:34:10.927 INFO:teuthology.orchestra.run.trial077.stdout:/usr/bin/ceph: stderr
2026-02-19T23:34:10.769+0000 7fa7eb7fe640 1 --2- 10.20.193.77:0/1865854840 >> [v2:10.20.193.77:3300/0,v1:10.20.193.77:6789/0] conn(0x7fa7ec10aa40 0x7fa7ec1a06b0 secure :-1 s=READY pgs=75 cs=0 l=1 rev1=1 crypto rx=0x7fa7d802f4d0 tx=0x7fa7d8035b40 comp rx=0 tx=0).ready entity=mon.0 client_cookie=0 server_cookie=0 in_seq=0 out_seq=0
2026-02-19T23:34:10.927 INFO:teuthology.orchestra.run.trial077.stdout:/usr/bin/ceph: stderr
2026-02-19T23:34:10.769+0000 7fa7e8ff9640 1 -- 10.20.193.77:0/1865854840 <== mon.0 v2:10.20.193.77:3300/0 1 ==== mon_map magic: 0 ==== 205+0+0 (secure 0 0 0) 0x7fa7d8047070 con 0x7fa7ec10aa40
2026-02-19T23:34:10.927 INFO:teuthology.orchestra.run.trial077.stdout:/usr/bin/ceph: stderr
2026-02-19T23:34:10.769+0000 7fa7e8ff9640 1 -- 10.20.193.77:0/1865854840 <== mon.0 v2:10.20.193.77:3300/0 2 ==== config(28 keys) ==== 1145+0+0 (secure 0 0 0) 0x7fa7d8037ad0 con 0x7fa7ec10aa40
2026-02-19T23:34:10.927 INFO:teuthology.orchestra.run.trial077.stdout:/usr/bin/ceph: stderr
2026-02-19T23:34:10.769+0000 7fa7f2137640 1 -- 10.20.193.77:0/1865854840 --> [v2:10.20.193.77:3300/0,v1:10.20.193.77:6789/0] -- mon_subscribe({mgrmap=0+}) -- 0x7fa7ec1a0e80 con 0x7fa7ec10aa40
2026-02-19T23:34:10.928 INFO:teuthology.orchestra.run.trial077.stdout:/usr/bin/ceph: stderr
2026-02-19T23:34:10.769+0000 7fa7e8ff9640 1 -- 10.20.193.77:0/1865854840 <== mon.0 v2:10.20.193.77:3300/0 3 ==== mon_map magic: 0 ==== 205+0+0 (secure 0 0 0) 0x7fa7d803c070 con 0x7fa7ec10aa40
2026-02-19T23:34:10.928 INFO:teuthology.orchestra.run.trial077.stdout:/usr/bin/ceph: stderr
2026-02-19T23:34:10.769+0000 7fa7f2137640 1 -- 10.20.193.77:0/1865854840 --> [v2:10.20.193.77:3300/0,v1:10.20.193.77:6789/0] -- mon_subscribe({osdmap=0}) -- 0x7fa7ec1a3b70 con 0x7fa7ec10aa40
2026-02-19T23:34:10.928 INFO:teuthology.orchestra.run.trial077.stdout:/usr/bin/ceph: stderr
2026-02-19T23:34:10.770+0000 7fa7f2137640 1 -- 10.20.193.77:0/1865854840 --> [v2:10.20.193.77:3300/0,v1:10.20.193.77:6789/0] -- mon_command({"prefix": "get_command_descriptions"} v 0) -- 0x7fa7ec10aec0 con 0x7fa7ec10aa40
2026-02-19T23:34:10.928 INFO:teuthology.orchestra.run.trial077.stdout:/usr/bin/ceph: stderr
2026-02-19T23:34:10.770+0000 7fa7e8ff9640 1 -- 10.20.193.77:0/1865854840 <== mon.0 v2:10.20.193.77:3300/0 4 ==== mgrmap(e 11) ==== 50154+0+0 (secure 0 0 0) 0x7fa7d80426f0 con 0x7fa7ec10aa40
2026-02-19T23:34:10.928 INFO:teuthology.orchestra.run.trial077.stdout:/usr/bin/ceph: stderr
2026-02-19T23:34:10.770+0000 7fa7e8ff9640 1 --2- 10.20.193.77:0/1865854840 >> [v2:10.20.193.77:6800/2240360205,v1:10.20.193.77:6801/2240360205] conn(0x7fa7c003dad0 0x7fa7c003ff90 unknown :-1 s=NONE pgs=0 cs=0 l=1 rev1=0 crypto rx=0 tx=0 comp rx=0 tx=0).connect
2026-02-19T23:34:10.928 INFO:teuthology.orchestra.run.trial077.stdout:/usr/bin/ceph: stderr
2026-02-19T23:34:10.770+0000 7fa7e8ff9640 1 -- 10.20.193.77:0/1865854840 <== mon.0 v2:10.20.193.77:3300/0 5 ==== osd_map(3..3 src has 1..3) ==== 1155+0+0 (secure 0 0 0) 0x7fa7d8076a10 con 0x7fa7ec10aa40
2026-02-19T23:34:10.928 INFO:teuthology.orchestra.run.trial077.stdout:/usr/bin/ceph: stderr
2026-02-19T23:34:10.770+0000 7fa7eaffd640 1 --2- 10.20.193.77:0/1865854840 >> [v2:10.20.193.77:6800/2240360205,v1:10.20.193.77:6801/2240360205] conn(0x7fa7c003dad0 0x7fa7c003ff90 unknown :-1 s=BANNER_CONNECTING pgs=0 cs=0 l=1 rev1=0 crypto rx=0 tx=0 comp rx=0 tx=0)._handle_peer_banner_payload supported=3 required=0
2026-02-19T23:34:10.928 INFO:teuthology.orchestra.run.trial077.stdout:/usr/bin/ceph: stderr
2026-02-19T23:34:10.770+0000 7fa7eaffd640 1 --2- 10.20.193.77:0/1865854840 >> [v2:10.20.193.77:6800/2240360205,v1:10.20.193.77:6801/2240360205] conn(0x7fa7c003dad0 0x7fa7c003ff90 secure :-1 s=READY pgs=10 cs=0 l=1 rev1=1 crypto rx=0x7fa7dc0099c0 tx=0x7fa7dc006eb0 comp rx=0 tx=0).ready entity=mgr.14150 client_cookie=0 server_cookie=0 in_seq=0 out_seq=0
2026-02-19T23:34:10.928 INFO:teuthology.orchestra.run.trial077.stdout:/usr/bin/ceph: stderr
2026-02-19T23:34:10.773+0000 7fa7e8ff9640 1 -- 10.20.193.77:0/1865854840 <== mon.0 v2:10.20.193.77:3300/0 6 ==== mon_command_ack([{"prefix": "get_command_descriptions"}]=0 v0) ==== 72+0+195034 (secure 0 0 0) 0x7fa7d803a120 con 0x7fa7ec10aa40
2026-02-19T23:34:10.928 INFO:teuthology.orchestra.run.trial077.stdout:/usr/bin/ceph: stderr
2026-02-19T23:34:10.895+0000 7fa7f2137640 1 -- 10.20.193.77:0/1865854840 --> [v2:10.20.193.77:3300/0,v1:10.20.193.77:6789/0] -- mon_command([{prefix=config-key set, key=mgr/dashboard/cluster/status}] v 0) -- 0x7fa7ec1a3d40 con 0x7fa7ec10aa40
2026-02-19T23:34:10.928 INFO:teuthology.orchestra.run.trial077.stdout:/usr/bin/ceph: stderr
2026-02-19T23:34:10.897+0000 7fa7e8ff9640 1 -- 10.20.193.77:0/1865854840 <== mon.0 v2:10.20.193.77:3300/0 7 ==== mon_command_ack([{prefix=config-key set, key=mgr/dashboard/cluster/status}]=0 set mgr/dashboard/cluster/status v28)=0 set mgr/dashboard/cluster/status v28) ==== 153+0+0 (secure 0 0 0) 0x7fa7d8042440 con 0x7fa7ec10aa40
2026-02-19T23:34:10.929 INFO:teuthology.orchestra.run.trial077.stdout:/usr/bin/ceph: stderr set mgr/dashboard/cluster/status
2026-02-19T23:34:10.929 INFO:teuthology.orchestra.run.trial077.stdout:/usr/bin/ceph: stderr
2026-02-19T23:34:10.898+0000 7fa7f2137640 1 -- 10.20.193.77:0/1865854840 >> [v2:10.20.193.77:6800/2240360205,v1:10.20.193.77:6801/2240360205] conn(0x7fa7c003dad0 msgr2=0x7fa7c003ff90 secure :-1 s=STATE_CONNECTION_ESTABLISHED l=1).mark_down
2026-02-19T23:34:10.929 INFO:teuthology.orchestra.run.trial077.stdout:/usr/bin/ceph: stderr
2026-02-19T23:34:10.898+0000 7fa7f2137640 1 --2- 10.20.193.77:0/1865854840 >> [v2:10.20.193.77:6800/2240360205,v1:10.20.193.77:6801/2240360205] conn(0x7fa7c003dad0 0x7fa7c003ff90 secure :-1 s=READY pgs=10 cs=0 l=1 rev1=1 crypto rx=0x7fa7dc0099c0 tx=0x7fa7dc006eb0 comp rx=0 tx=0).stop
2026-02-19T23:34:10.929 INFO:teuthology.orchestra.run.trial077.stdout:/usr/bin/ceph: stderr
2026-02-19T23:34:10.898+0000 7fa7f2137640 1 -- 10.20.193.77:0/1865854840 >> [v2:10.20.193.77:3300/0,v1:10.20.193.77:6789/0] conn(0x7fa7ec10aa40 msgr2=0x7fa7ec1a06b0 secure :-1 s=STATE_CONNECTION_ESTABLISHED l=1).mark_down
2026-02-19T23:34:10.929 INFO:teuthology.orchestra.run.trial077.stdout:/usr/bin/ceph: stderr
2026-02-19T23:34:10.898+0000 7fa7f2137640 1 --2- 10.20.193.77:0/1865854840 >> [v2:10.20.193.77:3300/0,v1:10.20.193.77:6789/0] conn(0x7fa7ec10aa40 0x7fa7ec1a06b0 secure :-1 s=READY pgs=75 cs=0 l=1 rev1=1 crypto rx=0x7fa7d802f4d0 tx=0x7fa7d8035b40 comp rx=0 tx=0).stop
2026-02-19T23:34:10.929 INFO:teuthology.orchestra.run.trial077.stdout:/usr/bin/ceph: stderr
2026-02-19T23:34:10.898+0000 7fa7f2137640 1 -- 10.20.193.77:0/1865854840 shutdown_connections
2026-02-19T23:34:10.929 INFO:teuthology.orchestra.run.trial077.stdout:/usr/bin/ceph: stderr
2026-02-19T23:34:10.898+0000 7fa7f2137640 1 --2- 10.20.193.77:0/1865854840 >> [v2:10.20.193.77:6800/2240360205,v1:10.20.193.77:6801/2240360205] conn(0x7fa7c003dad0 0x7fa7c003ff90 unknown :-1 s=CLOSED pgs=10 cs=0 l=1 rev1=1 crypto rx=0 tx=0 comp rx=0 tx=0).stop
2026-02-19T23:34:10.929 INFO:teuthology.orchestra.run.trial077.stdout:/usr/bin/ceph: stderr
2026-02-19T23:34:10.898+0000 7fa7f2137640 1 --2- 10.20.193.77:0/1865854840 >> [v2:10.20.193.77:3300/0,v1:10.20.193.77:6789/0] conn(0x7fa7ec10aa40 0x7fa7ec1a06b0 unknown :-1 s=CLOSED pgs=75 cs=0 l=1 rev1=1 crypto rx=0 tx=0 comp rx=0 tx=0).stop
2026-02-19T23:34:10.929 INFO:teuthology.orchestra.run.trial077.stdout:/usr/bin/ceph: stderr
2026-02-19T23:34:10.898+0000 7fa7f2137640 1 -- 10.20.193.77:0/1865854840 >> 10.20.193.77:0/1865854840 conn(0x7fa7ec07dca0 msgr2=0x7fa7ec108600 unknown :-1 s=STATE_NONE l=0).mark_down
2026-02-19T23:34:10.929 INFO:teuthology.orchestra.run.trial077.stdout:/usr/bin/ceph: stderr
2026-02-19T23:34:10.898+0000 7fa7f2137640 1 -- 10.20.193.77:0/1865854840 shutdown_connections
2026-02-19T23:34:10.929 INFO:teuthology.orchestra.run.trial077.stdout:/usr/bin/ceph: stderr
2026-02-19T23:34:10.898+0000 7fa7f2137640 1 -- 10.20.193.77:0/1865854840 wait complete.
2026-02-19T23:34:10.929 INFO:teuthology.orchestra.run.trial077.stdout:You can access the Ceph CLI as following in case of multi-cluster or non-default config:
2026-02-19T23:34:10.930 INFO:teuthology.orchestra.run.trial077.stdout:
2026-02-19T23:34:10.930 INFO:teuthology.orchestra.run.trial077.stdout: sudo /home/ubuntu/cephtest/cephadm shell --fsid 672381aa-0deb-11f1-8c8f-d404e6e7d460 -c /etc/ceph/ceph.conf -k /etc/ceph/ceph.client.admin.keyring
2026-02-19T23:34:10.930 INFO:teuthology.orchestra.run.trial077.stdout:
2026-02-19T23:34:10.930 INFO:teuthology.orchestra.run.trial077.stdout:Or, if you are only running a single cluster on this host:
2026-02-19T23:34:10.930 INFO:teuthology.orchestra.run.trial077.stdout:
2026-02-19T23:34:10.930 INFO:teuthology.orchestra.run.trial077.stdout: sudo /home/ubuntu/cephtest/cephadm shell
2026-02-19T23:34:10.930 INFO:teuthology.orchestra.run.trial077.stdout:
2026-02-19T23:34:10.930 INFO:teuthology.orchestra.run.trial077.stdout:Please consider enabling telemetry to help improve Ceph:
2026-02-19T23:34:10.930 INFO:teuthology.orchestra.run.trial077.stdout:
2026-02-19T23:34:10.930 INFO:teuthology.orchestra.run.trial077.stdout: ceph telemetry on
2026-02-19T23:34:10.930 INFO:teuthology.orchestra.run.trial077.stdout:
2026-02-19T23:34:10.931 INFO:teuthology.orchestra.run.trial077.stdout:For more information see:
2026-02-19T23:34:10.931 INFO:teuthology.orchestra.run.trial077.stdout:
2026-02-19T23:34:10.931 INFO:teuthology.orchestra.run.trial077.stdout: https://docs.ceph.com/en/latest/mgr/telemetry/
2026-02-19T23:34:10.931 INFO:teuthology.orchestra.run.trial077.stdout:
2026-02-19T23:34:10.931 INFO:teuthology.orchestra.run.trial077.stdout:Bootstrap complete.
2026-02-19T23:34:10.948 INFO:tasks.cephadm:Fetching config...
2026-02-19T23:34:10.949 DEBUG:teuthology.orchestra.run.trial077:> set -ex
2026-02-19T23:34:10.949 DEBUG:teuthology.orchestra.run.trial077:> dd if=/etc/ceph/ceph.conf of=/dev/stdout
2026-02-19T23:34:10.966 INFO:tasks.cephadm:Fetching client.admin keyring...
2026-02-19T23:34:10.966 DEBUG:teuthology.orchestra.run.trial077:> set -ex
2026-02-19T23:34:10.967 DEBUG:teuthology.orchestra.run.trial077:> dd if=/etc/ceph/ceph.client.admin.keyring of=/dev/stdout
2026-02-19T23:34:11.023 INFO:tasks.cephadm:Fetching mon keyring...
2026-02-19T23:34:11.023 DEBUG:teuthology.orchestra.run.trial077:> set -ex
2026-02-19T23:34:11.023 DEBUG:teuthology.orchestra.run.trial077:> sudo dd if=/var/lib/ceph/672381aa-0deb-11f1-8c8f-d404e6e7d460/mon.a/keyring of=/dev/stdout
2026-02-19T23:34:11.088 INFO:tasks.cephadm:Fetching pub ssh key...
2026-02-19T23:34:11.088 DEBUG:teuthology.orchestra.run.trial077:> set -ex
2026-02-19T23:34:11.088 DEBUG:teuthology.orchestra.run.trial077:> dd if=/home/ubuntu/cephtest/ceph.pub of=/dev/stdout
2026-02-19T23:34:11.145 INFO:tasks.cephadm:Installing pub ssh key for root users...
2026-02-19T23:34:11.145 DEBUG:teuthology.orchestra.run.trial077:> sudo install -d -m 0700 /root/.ssh && echo 'ssh-ed25519 AAAAC3NzaC1lZDI1NTE5AAAAIJzWxIhXK+oFoYrGNtSaLVMPmyKIVKJvQUZeP9yNy0am ceph-672381aa-0deb-11f1-8c8f-d404e6e7d460' | sudo tee -a /root/.ssh/authorized_keys && sudo chmod 0600 /root/.ssh/authorized_keys
2026-02-19T23:34:11.217 INFO:teuthology.orchestra.run.trial077.stdout:ssh-ed25519 AAAAC3NzaC1lZDI1NTE5AAAAIJzWxIhXK+oFoYrGNtSaLVMPmyKIVKJvQUZeP9yNy0am ceph-672381aa-0deb-11f1-8c8f-d404e6e7d460
2026-02-19T23:34:11.227 DEBUG:teuthology.orchestra.run.trial159:> sudo install -d -m 0700 /root/.ssh && echo 'ssh-ed25519 AAAAC3NzaC1lZDI1NTE5AAAAIJzWxIhXK+oFoYrGNtSaLVMPmyKIVKJvQUZeP9yNy0am ceph-672381aa-0deb-11f1-8c8f-d404e6e7d460' | sudo tee -a /root/.ssh/authorized_keys && sudo chmod 0600 /root/.ssh/authorized_keys
2026-02-19T23:34:11.263 INFO:teuthology.orchestra.run.trial159.stdout:ssh-ed25519 AAAAC3NzaC1lZDI1NTE5AAAAIJzWxIhXK+oFoYrGNtSaLVMPmyKIVKJvQUZeP9yNy0am ceph-672381aa-0deb-11f1-8c8f-d404e6e7d460
2026-02-19T23:34:11.273 DEBUG:teuthology.orchestra.run.trial194:> sudo install -d -m 0700 /root/.ssh && echo 'ssh-ed25519 AAAAC3NzaC1lZDI1NTE5AAAAIJzWxIhXK+oFoYrGNtSaLVMPmyKIVKJvQUZeP9yNy0am ceph-672381aa-0deb-11f1-8c8f-d404e6e7d460' | sudo tee -a /root/.ssh/authorized_keys && sudo chmod 0600 /root/.ssh/authorized_keys
