2026-02-19T23:33:54.594+0000 7f9d737fe640 1 --2- >> [v2:10.20.193.77:3300/0,v1:10.20.193.77:6789/0] conn(0x7f9d7410aa40 0x7f9d741a06d0 unknown :-1 s=HELLO_CONNECTING pgs=0 cs=0 l=1 rev1=1 crypto rx=0 tx=0 comp rx=0 tx=0).handle_hello peer v2:10.20.193.77:3300/0 says I am v2:10.20.193.77:58302/0 (socket says 10.20.193.77:58302)
2026-02-19T23:33:54.668 INFO:teuthology.orchestra.run.trial077.stdout:/usr/bin/ceph: stderr
2026-02-19T23:33:54.595+0000 7f9d737fe640 1 -- 10.20.193.77:0/622505895 learned_addr learned my addr 10.20.193.77:0/622505895 (peer_addr_for_me v2:10.20.193.77:0/0)
2026-02-19T23:33:54.668 INFO:teuthology.orchestra.run.trial077.stdout:/usr/bin/ceph: stderr
2026-02-19T23:33:54.595+0000 7f9d737fe640 1 -- 10.20.193.77:0/622505895 --> [v2:10.20.193.77:3300/0,v1:10.20.193.77:6789/0] -- mon_subscribe({config=0+,monmap=0+}) -- 0x7f9d741a0c10 con 0x7f9d7410aa40
2026-02-19T23:33:54.668 INFO:teuthology.orchestra.run.trial077.stdout:/usr/bin/ceph: stderr
2026-02-19T23:33:54.595+0000 7f9d737fe640 1 --2- 10.20.193.77:0/622505895 >> [v2:10.20.193.77:3300/0,v1:10.20.193.77:6789/0] conn(0x7f9d7410aa40 0x7f9d741a06d0 secure :-1 s=READY pgs=8 cs=0 l=1 rev1=1 crypto rx=0x7f9d60006fd0 tx=0x7f9d60037820 comp rx=0 tx=0).ready entity=mon.0 client_cookie=0 server_cookie=0 in_seq=0 out_seq=0
2026-02-19T23:33:54.668 INFO:teuthology.orchestra.run.trial077.stdout:/usr/bin/ceph: stderr
2026-02-19T23:33:54.595+0000 7f9d70ff9640 1 -- 10.20.193.77:0/622505895 <== mon.0 v2:10.20.193.77:3300/0 1 ==== mon_map magic: 0 ==== 205+0+0 (secure 0 0 0) 0x7f9d60045070 con 0x7f9d7410aa40
2026-02-19T23:33:54.668 INFO:teuthology.orchestra.run.trial077.stdout:/usr/bin/ceph: stderr
2026-02-19T23:33:54.595+0000 7f9d70ff9640 1 -- 10.20.193.77:0/622505895 <== mon.0 v2:10.20.193.77:3300/0 2 ==== config(28 keys) ==== 1114+0+0 (secure 0 0 0) 0x7f9d60040450 con 0x7f9d7410aa40
2026-02-19T23:33:54.669 INFO:teuthology.orchestra.run.trial077.stdout:/usr/bin/ceph: stderr
2026-02-19T23:33:54.595+0000 7f9d79cd4640 1 -- 10.20.193.77:0/622505895 --> [v2:10.20.193.77:3300/0,v1:10.20.193.77:6789/0] -- mon_subscribe({mgrmap=0+}) -- 0x7f9d741a0ea0 con 0x7f9d7410aa40
2026-02-19T23:33:54.669 INFO:teuthology.orchestra.run.trial077.stdout:/usr/bin/ceph: stderr
2026-02-19T23:33:54.595+0000 7f9d70ff9640 1 -- 10.20.193.77:0/622505895 <== mon.0 v2:10.20.193.77:3300/0 3 ==== mon_map magic: 0 ==== 205+0+0 (secure 0 0 0) 0x7f9d6003c070 con 0x7f9d7410aa40
2026-02-19T23:33:54.669 INFO:teuthology.orchestra.run.trial077.stdout:/usr/bin/ceph: stderr
2026-02-19T23:33:54.595+0000 7f9d79cd4640 1 -- 10.20.193.77:0/622505895 --> [v2:10.20.193.77:3300/0,v1:10.20.193.77:6789/0] -- mon_subscribe({osdmap=0}) -- 0x7f9d741a3b90 con 0x7f9d7410aa40
2026-02-19T23:33:54.669 INFO:teuthology.orchestra.run.trial077.stdout:/usr/bin/ceph: stderr
2026-02-19T23:33:54.595+0000 7f9d70ff9640 1 -- 10.20.193.77:0/622505895 <== mon.0 v2:10.20.193.77:3300/0 4 ==== mgrmap(e 1) ==== 811+0+0 (secure 0 0 0) 0x7f9d6004a440 con 0x7f9d7410aa40
2026-02-19T23:33:54.669 INFO:teuthology.orchestra.run.trial077.stdout:/usr/bin/ceph: stderr
2026-02-19T23:33:54.595+0000 7f9d70ff9640 1 -- 10.20.193.77:0/622505895 <== mon.0 v2:10.20.193.77:3300/0 5 ==== osd_map(1..1 src has 1..1) ==== 725+0+0 (secure 0 0 0) 0x7f9d6003eb00 con 0x7f9d7410aa40
2026-02-19T23:33:54.669 INFO:teuthology.orchestra.run.trial077.stdout:/usr/bin/ceph: stderr
2026-02-19T23:33:54.595+0000 7f9d79cd4640 1 -- 10.20.193.77:0/622505895 --> [v2:10.20.193.77:3300/0,v1:10.20.193.77:6789/0] -- mon_command({"prefix": "get_command_descriptions"} v 0) -- 0x7f9d7410aec0 con 0x7f9d7410aa40
2026-02-19T23:33:54.669 INFO:teuthology.orchestra.run.trial077.stdout:/usr/bin/ceph: stderr
2026-02-19T23:33:54.597+0000 7f9d70ff9640 1 -- 10.20.193.77:0/622505895 <== mon.0 v2:10.20.193.77:3300/0 6 ==== mon_command_ack([{"prefix": "get_command_descriptions"}]=0 v0) ==== 72+0+75931 (secure 0 0 0) 0x7f9d60040a20 con 0x7f9d7410aa40
2026-02-19T23:33:54.669 INFO:teuthology.orchestra.run.trial077.stdout:/usr/bin/ceph: stderr
2026-02-19T23:33:54.626+0000 7f9d79cd4640 1 -- 10.20.193.77:0/622505895 --> [v2:10.20.193.77:3300/0,v1:10.20.193.77:6789/0] -- mon_command({"prefix": "status", "format": "json-pretty"} v 0) -- 0x7f9d741a3d60 con 0x7f9d7410aa40
2026-02-19T23:33:54.669 INFO:teuthology.orchestra.run.trial077.stdout:/usr/bin/ceph: stderr
2026-02-19T23:33:54.627+0000 7f9d70ff9640 1 -- 10.20.193.77:0/622505895 <== mon.0 v2:10.20.193.77:3300/0 7 ==== mon_command_ack([{"prefix": "status", "format": "json-pretty"}]=0 v0) ==== 79+0+1291 (secure 0 0 0) 0x7f9d6003ed00 con 0x7f9d7410aa40
2026-02-19T23:33:54.669 INFO:teuthology.orchestra.run.trial077.stdout:/usr/bin/ceph: stderr
2026-02-19T23:33:54.627+0000 7f9d79cd4640 1 -- 10.20.193.77:0/622505895 >> [v2:10.20.193.77:3300/0,v1:10.20.193.77:6789/0] conn(0x7f9d7410aa40 msgr2=0x7f9d741a06d0 secure :-1 s=STATE_CONNECTION_ESTABLISHED l=1).mark_down
2026-02-19T23:33:54.669 INFO:teuthology.orchestra.run.trial077.stdout:/usr/bin/ceph: stderr
2026-02-19T23:33:54.627+0000 7f9d79cd4640 1 --2- 10.20.193.77:0/622505895 >> [v2:10.20.193.77:3300/0,v1:10.20.193.77:6789/0] conn(0x7f9d7410aa40 0x7f9d741a06d0 secure :-1 s=READY pgs=8 cs=0 l=1 rev1=1 crypto rx=0x7f9d60006fd0 tx=0x7f9d60037820 comp rx=0 tx=0).stop
2026-02-19T23:33:54.669 INFO:teuthology.orchestra.run.trial077.stdout:/usr/bin/ceph: stderr
2026-02-19T23:33:54.627+0000 7f9d79cd4640 1 -- 10.20.193.77:0/622505895 shutdown_connections
2026-02-19T23:33:54.670 INFO:teuthology.orchestra.run.trial077.stdout:/usr/bin/ceph: stderr
2026-02-19T23:33:54.627+0000 7f9d79cd4640 1 --2- 10.20.193.77:0/622505895 >> [v2:10.20.193.77:3300/0,v1:10.20.193.77:6789/0] conn(0x7f9d7410aa40 0x7f9d741a06d0 unknown :-1 s=CLOSED pgs=8 cs=0 l=1 rev1=1 crypto rx=0 tx=0 comp rx=0 tx=0).stop
2026-02-19T23:33:54.670 INFO:teuthology.orchestra.run.trial077.stdout:/usr/bin/ceph: stderr
2026-02-19T23:33:54.627+0000 7f9d79cd4640 1 -- 10.20.193.77:0/622505895 >> 10.20.193.77:0/622505895 conn(0x7f9d7407dca0 msgr2=0x7f9d74108680 unknown :-1 s=STATE_NONE l=0).mark_down
2026-02-19T23:33:54.670 INFO:teuthology.orchestra.run.trial077.stdout:/usr/bin/ceph: stderr
2026-02-19T23:33:54.627+0000 7f9d79cd4640 1 -- 10.20.193.77:0/622505895 shutdown_connections
2026-02-19T23:33:54.670 INFO:teuthology.orchestra.run.trial077.stdout:/usr/bin/ceph: stderr
2026-02-19T23:33:54.628+0000 7f9d79cd4640 1 -- 10.20.193.77:0/622505895 wait complete.
2026-02-19T23:33:54.670 INFO:teuthology.orchestra.run.trial077.stdout:mgr not available, waiting (2/15)...
2026-02-19T23:33:54.936 INFO:journalctl@ceph.mon.a.trial077.stdout:Feb 19 23:33:54 trial077 ceph-mon[40887]: from='client.? 10.20.193.77:0/622505895' entity='client.admin' cmd=[{"prefix": "status", "format": "json-pretty"}]: dispatch
2026-02-19T23:33:54.937 INFO:journalctl@ceph.mgr.x.trial077.stdout:Feb 19 23:33:54 trial077 ceph-672381aa-0deb-11f1-8c8f-d404e6e7d460-mgr-x[41153]:
2026-02-19T23:33:54.489+0000 7f077e282140 -1 mgr[py] Module volumes has missing NOTIFY_TYPES member
2026-02-19T23:33:54.937 INFO:journalctl@ceph.mgr.x.trial077.stdout:Feb 19 23:33:54 trial077 ceph-672381aa-0deb-11f1-8c8f-d404e6e7d460-mgr-x[41153]:
2026-02-19T23:33:54.522+0000 7f077e282140 -1 mgr[py] Module zabbix has missing NOTIFY_TYPES member
2026-02-19T23:33:55.196 INFO:journalctl@ceph.mgr.x.trial077.stdout:Feb 19 23:33:54 trial077 ceph-672381aa-0deb-11f1-8c8f-d404e6e7d460-mgr-x[41153]:
2026-02-19T23:33:54.935+0000 7f077e282140 -1 mgr[py] Module influx has missing NOTIFY_TYPES member
2026-02-19T23:33:55.946 INFO:journalctl@ceph.mon.a.trial077.stdout:Feb 19 23:33:55 trial077 ceph-mon[40887]: Activating manager daemon x
2026-02-19T23:33:55.946 INFO:journalctl@ceph.mon.a.trial077.stdout:Feb 19 23:33:55 trial077 ceph-mon[40887]: mgrmap e2: x(active, starting, since 0.00251091s)
2026-02-19T23:33:55.946 INFO:journalctl@ceph.mon.a.trial077.stdout:Feb 19 23:33:55 trial077 ceph-mon[40887]: from='mgr.14100 10.20.193.77:0/2518383894' entity='mgr.x' cmd=[{"prefix": "mds metadata"}]: dispatch
2026-02-19T23:33:55.946 INFO:journalctl@ceph.mon.a.trial077.stdout:Feb 19 23:33:55 trial077 ceph-mon[40887]: from='mgr.14100 10.20.193.77:0/2518383894' entity='mgr.x' cmd=[{"prefix": "osd metadata"}]: dispatch
2026-02-19T23:33:55.947 INFO:journalctl@ceph.mon.a.trial077.stdout:Feb 19 23:33:55 trial077 ceph-mon[40887]: from='mgr.14100 10.20.193.77:0/2518383894' entity='mgr.x' cmd=[{"prefix": "mon metadata"}]: dispatch
2026-02-19T23:33:55.947 INFO:journalctl@ceph.mon.a.trial077.stdout:Feb 19 23:33:55 trial077 ceph-mon[40887]: from='mgr.14100 10.20.193.77:0/2518383894' entity='mgr.x' cmd=[{"prefix": "mon metadata", "id": "a"}]: dispatch
2026-02-19T23:33:55.947 INFO:journalctl@ceph.mon.a.trial077.stdout:Feb 19 23:33:55 trial077 ceph-mon[40887]: from='mgr.14100 10.20.193.77:0/2518383894' entity='mgr.x' cmd=[{"prefix": "mgr metadata", "who": "x", "id": "x"}]: dispatch
2026-02-19T23:33:55.947 INFO:journalctl@ceph.mon.a.trial077.stdout:Feb 19 23:33:55 trial077 ceph-mon[40887]: Manager daemon x is now available
2026-02-19T23:33:55.947 INFO:journalctl@ceph.mon.a.trial077.stdout:Feb 19 23:33:55 trial077 ceph-mon[40887]: from='mgr.14100 10.20.193.77:0/2518383894' entity='mgr.x' cmd=[{"prefix":"config rm","who":"mgr","name":"mgr/rbd_support/x/mirror_snapshot_schedule"}]: dispatch
2026-02-19T23:33:55.947 INFO:journalctl@ceph.mon.a.trial077.stdout:Feb 19 23:33:55 trial077 ceph-mon[40887]: from='mgr.14100 10.20.193.77:0/2518383894' entity='mgr.x' cmd=[{"prefix":"config rm","who":"mgr","name":"mgr/rbd_support/x/trash_purge_schedule"}]: dispatch
2026-02-19T23:33:55.947 INFO:journalctl@ceph.mon.a.trial077.stdout:Feb 19 23:33:55 trial077 ceph-mon[40887]: from='mgr.14100 10.20.193.77:0/2518383894' entity='mgr.x'
2026-02-19T23:33:55.947 INFO:journalctl@ceph.mon.a.trial077.stdout:Feb 19 23:33:55 trial077 ceph-mon[40887]: from='mgr.14100 10.20.193.77:0/2518383894' entity='mgr.x'
2026-02-19T23:33:55.947 INFO:journalctl@ceph.mon.a.trial077.stdout:Feb 19 23:33:55 trial077 ceph-mon[40887]: from='mgr.14100 10.20.193.77:0/2518383894' entity='mgr.x'
2026-02-19T23:33:56.899 INFO:teuthology.orchestra.run.trial077.stdout:/usr/bin/ceph: stdout
2026-02-19T23:33:56.899 INFO:teuthology.orchestra.run.trial077.stdout:/usr/bin/ceph: stdout {
2026-02-19T23:33:56.899 INFO:teuthology.orchestra.run.trial077.stdout:/usr/bin/ceph: stdout "fsid": "672381aa-0deb-11f1-8c8f-d404e6e7d460",
2026-02-19T23:33:56.899 INFO:teuthology.orchestra.run.trial077.stdout:/usr/bin/ceph: stdout "health": {
2026-02-19T23:33:56.899 INFO:teuthology.orchestra.run.trial077.stdout:/usr/bin/ceph: stdout "status": "HEALTH_OK",
2026-02-19T23:33:56.899 INFO:teuthology.orchestra.run.trial077.stdout:/usr/bin/ceph: stdout "checks": {},
2026-02-19T23:33:56.900 INFO:teuthology.orchestra.run.trial077.stdout:/usr/bin/ceph: stdout "mutes": []
2026-02-19T23:33:56.900 INFO:teuthology.orchestra.run.trial077.stdout:/usr/bin/ceph: stdout },
2026-02-19T23:33:56.900 INFO:teuthology.orchestra.run.trial077.stdout:/usr/bin/ceph: stdout "election_epoch": 5,
2026-02-19T23:33:56.900 INFO:teuthology.orchestra.run.trial077.stdout:/usr/bin/ceph: stdout "quorum": [
2026-02-19T23:33:56.900 INFO:teuthology.orchestra.run.trial077.stdout:/usr/bin/ceph: stdout 0
2026-02-19T23:33:56.900 INFO:teuthology.orchestra.run.trial077.stdout:/usr/bin/ceph: stdout ],
2026-02-19T23:33:56.900 INFO:teuthology.orchestra.run.trial077.stdout:/usr/bin/ceph: stdout "quorum_names": [
2026-02-19T23:33:56.900 INFO:teuthology.orchestra.run.trial077.stdout:/usr/bin/ceph: stdout "a"
2026-02-19T23:33:56.900 INFO:teuthology.orchestra.run.trial077.stdout:/usr/bin/ceph: stdout ],
2026-02-19T23:33:56.900 INFO:teuthology.orchestra.run.trial077.stdout:/usr/bin/ceph: stdout "quorum_age": 5,
2026-02-19T23:33:56.900 INFO:teuthology.orchestra.run.trial077.stdout:/usr/bin/ceph: stdout "monmap": {
2026-02-19T23:33:56.900 INFO:teuthology.orchestra.run.trial077.stdout:/usr/bin/ceph: stdout "epoch": 1,
2026-02-19T23:33:56.901 INFO:teuthology.orchestra.run.trial077.stdout:/usr/bin/ceph: stdout "min_mon_release_name": "squid",
2026-02-19T23:33:56.901 INFO:teuthology.orchestra.run.trial077.stdout:/usr/bin/ceph: stdout "num_mons": 1
2026-02-19T23:33:56.901 INFO:teuthology.orchestra.run.trial077.stdout:/usr/bin/ceph: stdout },
2026-02-19T23:33:56.901 INFO:teuthology.orchestra.run.trial077.stdout:/usr/bin/ceph: stdout "osdmap": {
2026-02-19T23:33:56.901 INFO:teuthology.orchestra.run.trial077.stdout:/usr/bin/ceph: stdout "epoch": 1,
2026-02-19T23:33:56.901 INFO:teuthology.orchestra.run.trial077.stdout:/usr/bin/ceph: stdout "num_osds": 0,
2026-02-19T23:33:56.901 INFO:teuthology.orchestra.run.trial077.stdout:/usr/bin/ceph: stdout "num_up_osds": 0,
2026-02-19T23:33:56.901 INFO:teuthology.orchestra.run.trial077.stdout:/usr/bin/ceph: stdout "osd_up_since": 0,
2026-02-19T23:33:56.901 INFO:teuthology.orchestra.run.trial077.stdout:/usr/bin/ceph: stdout "num_in_osds": 0,
2026-02-19T23:33:56.901 INFO:teuthology.orchestra.run.trial077.stdout:/usr/bin/ceph: stdout "osd_in_since": 0,
2026-02-19T23:33:56.901 INFO:teuthology.orchestra.run.trial077.stdout:/usr/bin/ceph: stdout "num_remapped_pgs": 0
2026-02-19T23:33:56.901 INFO:teuthology.orchestra.run.trial077.stdout:/usr/bin/ceph: stdout },
2026-02-19T23:33:56.902 INFO:teuthology.orchestra.run.trial077.stdout:/usr/bin/ceph: stdout "pgmap": {
2026-02-19T23:33:56.902 INFO:teuthology.orchestra.run.trial077.stdout:/usr/bin/ceph: stdout "pgs_by_state": [],
2026-02-19T23:33:56.902 INFO:teuthology.orchestra.run.trial077.stdout:/usr/bin/ceph: stdout "num_pgs": 0,
2026-02-19T23:33:56.902 INFO:teuthology.orchestra.run.trial077.stdout:/usr/bin/ceph: stdout "num_pools": 0,
2026-02-19T23:33:56.902 INFO:teuthology.orchestra.run.trial077.stdout:/usr/bin/ceph: stdout "num_objects": 0,
2026-02-19T23:33:56.902 INFO:teuthology.orchestra.run.trial077.stdout:/usr/bin/ceph: stdout "data_bytes": 0,
2026-02-19T23:33:56.902 INFO:teuthology.orchestra.run.trial077.stdout:/usr/bin/ceph: stdout "bytes_used": 0,
2026-02-19T23:33:56.902 INFO:teuthology.orchestra.run.trial077.stdout:/usr/bin/ceph: stdout "bytes_avail": 0,
2026-02-19T23:33:56.902 INFO:teuthology.orchestra.run.trial077.stdout:/usr/bin/ceph: stdout "bytes_total": 0
2026-02-19T23:33:56.902 INFO:teuthology.orchestra.run.trial077.stdout:/usr/bin/ceph: stdout },
2026-02-19T23:33:56.902 INFO:teuthology.orchestra.run.trial077.stdout:/usr/bin/ceph: stdout "fsmap": {
2026-02-19T23:33:56.902 INFO:teuthology.orchestra.run.trial077.stdout:/usr/bin/ceph: stdout "epoch": 1,
2026-02-19T23:33:56.903 INFO:teuthology.orchestra.run.trial077.stdout:/usr/bin/ceph: stdout "btime": "2026-02-19T23:33:50:912323+0000",
2026-02-19T23:33:56.903 INFO:teuthology.orchestra.run.trial077.stdout:/usr/bin/ceph: stdout "by_rank": [],
2026-02-19T23:33:56.903 INFO:teuthology.orchestra.run.trial077.stdout:/usr/bin/ceph: stdout "up:standby": 0
2026-02-19T23:33:56.903 INFO:teuthology.orchestra.run.trial077.stdout:/usr/bin/ceph: stdout },
2026-02-19T23:33:56.903 INFO:teuthology.orchestra.run.trial077.stdout:/usr/bin/ceph: stdout "mgrmap": {
2026-02-19T23:33:56.903 INFO:teuthology.orchestra.run.trial077.stdout:/usr/bin/ceph: stdout "available": true,
2026-02-19T23:33:56.903 INFO:teuthology.orchestra.run.trial077.stdout:/usr/bin/ceph: stdout "num_standbys": 0,
2026-02-19T23:33:56.903 INFO:teuthology.orchestra.run.trial077.stdout:/usr/bin/ceph: stdout "modules": [
2026-02-19T23:33:56.903 INFO:teuthology.orchestra.run.trial077.stdout:/usr/bin/ceph: stdout "iostat",
2026-02-19T23:33:56.903 INFO:teuthology.orchestra.run.trial077.stdout:/usr/bin/ceph: stdout "nfs",
2026-02-19T23:33:56.903 INFO:teuthology.orchestra.run.trial077.stdout:/usr/bin/ceph: stdout "restful"
2026-02-19T23:33:56.903 INFO:teuthology.orchestra.run.trial077.stdout:/usr/bin/ceph: stdout ],
2026-02-19T23:33:56.903 INFO:teuthology.orchestra.run.trial077.stdout:/usr/bin/ceph: stdout "services": {}
2026-02-19T23:33:56.904 INFO:teuthology.orchestra.run.trial077.stdout:/usr/bin/ceph: stdout },
2026-02-19T23:33:56.904 INFO:teuthology.orchestra.run.trial077.stdout:/usr/bin/ceph: stdout "servicemap": {
2026-02-19T23:33:56.904 INFO:teuthology.orchestra.run.trial077.stdout:/usr/bin/ceph: stdout "epoch": 1,
2026-02-19T23:33:56.904 INFO:teuthology.orchestra.run.trial077.stdout:/usr/bin/ceph: stdout "modified": "2026-02-19T23:33:50.912732+0000",
2026-02-19T23:33:56.904 INFO:teuthology.orchestra.run.trial077.stdout:/usr/bin/ceph: stdout "services": {}
2026-02-19T23:33:56.904 INFO:teuthology.orchestra.run.trial077.stdout:/usr/bin/ceph: stdout },
2026-02-19T23:33:56.904 INFO:teuthology.orchestra.run.trial077.stdout:/usr/bin/ceph: stdout "progress_events": {}
2026-02-19T23:33:56.904 INFO:teuthology.orchestra.run.trial077.stdout:/usr/bin/ceph: stdout }
2026-02-19T23:33:56.904 INFO:teuthology.orchestra.run.trial077.stdout:/usr/bin/ceph: stderr
2026-02-19T23:33:56.743+0000 7fdebe956640 1 Processor -- start
2026-02-19T23:33:56.904 INFO:teuthology.orchestra.run.trial077.stdout:/usr/bin/ceph: stderr
2026-02-19T23:33:56.744+0000 7fdebe956640 1 -- start start
2026-02-19T23:33:56.904 INFO:teuthology.orchestra.run.trial077.stdout:/usr/bin/ceph: stderr
2026-02-19T23:33:56.744+0000 7fdebe956640 1 --2- >> [v2:10.20.193.77:3300/0,v1:10.20.193.77:6789/0] conn(0x7fdeb810ab20 0x7fdeb810af20 unknown :-1 s=NONE pgs=0 cs=0 l=0 rev1=0 crypto rx=0 tx=0 comp rx=0 tx=0).connect
2026-02-19T23:33:56.904 INFO:teuthology.orchestra.run.trial077.stdout:/usr/bin/ceph: stderr
2026-02-19T23:33:56.744+0000 7fdebe956640 1 -- --> [v2:10.20.193.77:3300/0,v1:10.20.193.77:6789/0] -- mon_getmap magic: 0 -- 0x7fdeb810b4f0 con 0x7fdeb810ab20
2026-02-19T23:33:56.905 INFO:teuthology.orchestra.run.trial077.stdout:/usr/bin/ceph: stderr
2026-02-19T23:33:56.744+0000 7fdeb7fff640 1 --2- >> [v2:10.20.193.77:3300/0,v1:10.20.193.77:6789/0] conn(0x7fdeb810ab20 0x7fdeb810af20 unknown :-1 s=BANNER_CONNECTING pgs=0 cs=0 l=0 rev1=0 crypto rx=0 tx=0 comp rx=0 tx=0)._handle_peer_banner_payload supported=3 required=0
2026-02-19T23:33:56.905 INFO:teuthology.orchestra.run.trial077.stdout:/usr/bin/ceph: stderr
2026-02-19T23:33:56.744+0000 7fdeb7fff640 1 --2- >> [v2:10.20.193.77:3300/0,v1:10.20.193.77:6789/0] conn(0x7fdeb810ab20 0x7fdeb810af20 unknown :-1 s=HELLO_CONNECTING pgs=0 cs=0 l=0 rev1=1 crypto rx=0 tx=0 comp rx=0 tx=0).handle_hello peer v2:10.20.193.77:3300/0 says I am v2:10.20.193.77:58374/0 (socket says 10.20.193.77:58374)
2026-02-19T23:33:56.905 INFO:teuthology.orchestra.run.trial077.stdout:/usr/bin/ceph: stderr
2026-02-19T23:33:56.744+0000 7fdeb7fff640 1 -- 10.20.193.77:0/1412924490 learned_addr learned my addr 10.20.193.77:0/1412924490 (peer_addr_for_me v2:10.20.193.77:0/0)
2026-02-19T23:33:56.905 INFO:teuthology.orchestra.run.trial077.stdout:/usr/bin/ceph: stderr
2026-02-19T23:33:56.744+0000 7fdeb7fff640 1 -- 10.20.193.77:0/1412924490 --> [v2:10.20.193.77:3300/0,v1:10.20.193.77:6789/0] -- mon_subscribe({config=0+,monmap=0+}) -- 0x7fdeb810b9c0 con 0x7fdeb810ab20
2026-02-19T23:33:56.905 INFO:teuthology.orchestra.run.trial077.stdout:/usr/bin/ceph: stderr
2026-02-19T23:33:56.744+0000 7fdeb7fff640 1 --2- 10.20.193.77:0/1412924490 >> [v2:10.20.193.77:3300/0,v1:10.20.193.77:6789/0] conn(0x7fdeb810ab20 0x7fdeb810af20 secure :-1 s=READY pgs=16 cs=0 l=1 rev1=1 crypto rx=0x7fdea4009920 tx=0x7fdea402ef20 comp rx=0 tx=0).ready entity=mon.0 client_cookie=4aa05971202000cf server_cookie=0 in_seq=0 out_seq=0
2026-02-19T23:33:56.905 INFO:teuthology.orchestra.run.trial077.stdout:/usr/bin/ceph: stderr
2026-02-19T23:33:56.744+0000 7fdeb6ffd640 1 -- 10.20.193.77:0/1412924490 <== mon.0 v2:10.20.193.77:3300/0 1 ==== mon_map magic: 0 ==== 205+0+0 (secure 0 0 0) 0x7fdea403c070 con 0x7fdeb810ab20
2026-02-19T23:33:56.905 INFO:teuthology.orchestra.run.trial077.stdout:/usr/bin/ceph: stderr
2026-02-19T23:33:56.745+0000 7fdeb6ffd640 1 -- 10.20.193.77:0/1412924490 <== mon.0 v2:10.20.193.77:3300/0 2 ==== config(28 keys) ==== 1114+0+0 (secure 0 0 0) 0x7fdea4037440 con 0x7fdeb810ab20
2026-02-19T23:33:56.905 INFO:teuthology.orchestra.run.trial077.stdout:/usr/bin/ceph: stderr
2026-02-19T23:33:56.745+0000 7fdeb6ffd640 1 -- 10.20.193.77:0/1412924490 <== mon.0 v2:10.20.193.77:3300/0 3 ==== mon_map magic: 0 ==== 205+0+0 (secure 0 0 0) 0x7fdea40355e0 con 0x7fdeb810ab20
2026-02-19T23:33:56.905 INFO:teuthology.orchestra.run.trial077.stdout:/usr/bin/ceph: stderr
2026-02-19T23:33:56.745+0000 7fdebe956640 1 -- 10.20.193.77:0/1412924490 >> [v2:10.20.193.77:3300/0,v1:10.20.193.77:6789/0] conn(0x7fdeb810ab20 msgr2=0x7fdeb810af20 secure :-1 s=STATE_CONNECTION_ESTABLISHED l=1).mark_down
2026-02-19T23:33:56.905 INFO:teuthology.orchestra.run.trial077.stdout:/usr/bin/ceph: stderr
2026-02-19T23:33:56.745+0000 7fdebe956640 1 --2- 10.20.193.77:0/1412924490 >> [v2:10.20.193.77:3300/0,v1:10.20.193.77:6789/0] conn(0x7fdeb810ab20 0x7fdeb810af20 secure :-1 s=READY pgs=16 cs=0 l=1 rev1=1 crypto rx=0x7fdea4009920 tx=0x7fdea402ef20 comp rx=0 tx=0).stop
2026-02-19T23:33:56.906 INFO:teuthology.orchestra.run.trial077.stdout:/usr/bin/ceph: stderr
2026-02-19T23:33:56.745+0000 7fdebe956640 1 -- 10.20.193.77:0/1412924490 shutdown_connections
2026-02-19T23:33:56.906 INFO:teuthology.orchestra.run.trial077.stdout:/usr/bin/ceph: stderr
2026-02-19T23:33:56.745+0000 7fdebe956640 1 --2- 10.20.193.77:0/1412924490 >> [v2:10.20.193.77:3300/0,v1:10.20.193.77:6789/0] conn(0x7fdeb810ab20 0x7fdeb810af20 unknown :-1 s=CLOSED pgs=16 cs=0 l=1 rev1=1 crypto rx=0 tx=0 comp rx=0 tx=0).stop
2026-02-19T23:33:56.906 INFO:teuthology.orchestra.run.trial077.stdout:/usr/bin/ceph: stderr
2026-02-19T23:33:56.745+0000 7fdebe956640 1 -- 10.20.193.77:0/1412924490 >> 10.20.193.77:0/1412924490 conn(0x7fdeb807dcf0 msgr2=0x7fdeb807e100 unknown :-1 s=STATE_NONE l=0).mark_down
2026-02-19T23:33:56.906 INFO:teuthology.orchestra.run.trial077.stdout:/usr/bin/ceph: stderr
2026-02-19T23:33:56.745+0000 7fdebe956640 1 -- 10.20.193.77:0/1412924490 shutdown_connections
2026-02-19T23:33:56.906 INFO:teuthology.orchestra.run.trial077.stdout:/usr/bin/ceph: stderr
2026-02-19T23:33:56.745+0000 7fdebe956640 1 -- 10.20.193.77:0/1412924490 wait complete.
2026-02-19T23:33:56.906 INFO:teuthology.orchestra.run.trial077.stdout:/usr/bin/ceph: stderr
2026-02-19T23:33:56.745+0000 7fdebe956640 1 Processor -- start
2026-02-19T23:33:56.906 INFO:teuthology.orchestra.run.trial077.stdout:/usr/bin/ceph: stderr
2026-02-19T23:33:56.745+0000 7fdebe956640 1 -- start start
2026-02-19T23:33:56.906 INFO:teuthology.orchestra.run.trial077.stdout:/usr/bin/ceph: stderr
2026-02-19T23:33:56.745+0000 7fdebe956640 1 --2- >> [v2:10.20.193.77:3300/0,v1:10.20.193.77:6789/0] conn(0x7fdeb810ab20 0x7fdeb81a06f0 unknown :-1 s=NONE pgs=0 cs=0 l=1 rev1=0 crypto rx=0 tx=0 comp rx=0 tx=0).connect
2026-02-19T23:33:56.906 INFO:teuthology.orchestra.run.trial077.stdout:/usr/bin/ceph: stderr
2026-02-19T23:33:56.745+0000 7fdebe956640 1 -- --> [v2:10.20.193.77:3300/0,v1:10.20.193.77:6789/0] -- mon_getmap magic: 0 -- 0x7fdeb810ed70 con 0x7fdeb810ab20
2026-02-19T23:33:56.906 INFO:teuthology.orchestra.run.trial077.stdout:/usr/bin/ceph: stderr
2026-02-19T23:33:56.745+0000 7fdeb7fff640 1 --2- >> [v2:10.20.193.77:3300/0,v1:10.20.193.77:6789/0] conn(0x7fdeb810ab20 0x7fdeb81a06f0 unknown :-1 s=BANNER_CONNECTING pgs=0 cs=0 l=1 rev1=0 crypto rx=0 tx=0 comp rx=0 tx=0)._handle_peer_banner_payload supported=3 required=0
2026-02-19T23:33:56.906 INFO:teuthology.orchestra.run.trial077.stdout:/usr/bin/ceph: stderr
2026-02-19T23:33:56.745+0000 7fdeb7fff640 1 --2- >> [v2:10.20.193.77:3300/0,v1:10.20.193.77:6789/0] conn(0x7fdeb810ab20 0x7fdeb81a06f0 unknown :-1 s=HELLO_CONNECTING pgs=0 cs=0 l=1 rev1=1 crypto rx=0 tx=0 comp rx=0 tx=0).handle_hello peer v2:10.20.193.77:3300/0 says I am v2:10.20.193.77:58386/0 (socket says 10.20.193.77:58386)
2026-02-19T23:33:56.906 INFO:teuthology.orchestra.run.trial077.stdout:/usr/bin/ceph: stderr
2026-02-19T23:33:56.745+0000 7fdeb7fff640 1 -- 10.20.193.77:0/2035062422 learned_addr learned my addr 10.20.193.77:0/2035062422 (peer_addr_for_me v2:10.20.193.77:0/0)
2026-02-19T23:33:56.907 INFO:teuthology.orchestra.run.trial077.stdout:/usr/bin/ceph: stderr
2026-02-19T23:33:56.746+0000 7fdeb7fff640 1 -- 10.20.193.77:0/2035062422 --> [v2:10.20.193.77:3300/0,v1:10.20.193.77:6789/0] -- mon_subscribe({config=0+,monmap=0+}) -- 0x7fdeb81a0c30 con 0x7fdeb810ab20
2026-02-19T23:33:56.907 INFO:teuthology.orchestra.run.trial077.stdout:/usr/bin/ceph: stderr
2026-02-19T23:33:56.746+0000 7fdeb7fff640 1 --2- 10.20.193.77:0/2035062422 >> [v2:10.20.193.77:3300/0,v1:10.20.193.77:6789/0] conn(0x7fdeb810ab20 0x7fdeb81a06f0 secure :-1 s=READY pgs=17 cs=0 l=1 rev1=1 crypto rx=0x7fdea4037fb0 tx=0x7fdea4037820 comp rx=0 tx=0).ready entity=mon.0 client_cookie=0 server_cookie=0 in_seq=0 out_seq=0
2026-02-19T23:33:56.907 INFO:teuthology.orchestra.run.trial077.stdout:/usr/bin/ceph: stderr
2026-02-19T23:33:56.746+0000 7fdeb57fa640 1 -- 10.20.193.77:0/2035062422 <== mon.0 v2:10.20.193.77:3300/0 1 ==== mon_map magic: 0 ==== 205+0+0 (secure 0 0 0) 0x7fdea4045070 con 0x7fdeb810ab20
2026-02-19T23:33:56.907 INFO:teuthology.orchestra.run.trial077.stdout:/usr/bin/ceph: stderr
2026-02-19T23:33:56.746+0000 7fdeb57fa640 1 -- 10.20.193.77:0/2035062422 <== mon.0 v2:10.20.193.77:3300/0 2 ==== config(28 keys) ==== 1114+0+0 (secure 0 0 0) 0x7fdea4040450 con 0x7fdeb810ab20
2026-02-19T23:33:56.907 INFO:teuthology.orchestra.run.trial077.stdout:/usr/bin/ceph: stderr
2026-02-19T23:33:56.746+0000 7fdebe956640 1 -- 10.20.193.77:0/2035062422 --> [v2:10.20.193.77:3300/0,v1:10.20.193.77:6789/0] -- mon_subscribe({mgrmap=0+}) -- 0x7fdeb81a0ec0 con 0x7fdeb810ab20
2026-02-19T23:33:56.907 INFO:teuthology.orchestra.run.trial077.stdout:/usr/bin/ceph: stderr
2026-02-19T23:33:56.746+0000 7fdeb57fa640 1 -- 10.20.193.77:0/2035062422 <== mon.0 v2:10.20.193.77:3300/0 3 ==== mon_map magic: 0 ==== 205+0+0 (secure 0 0 0) 0x7fdea403c070 con 0x7fdeb810ab20
2026-02-19T23:33:56.907 INFO:teuthology.orchestra.run.trial077.stdout:/usr/bin/ceph: stderr
2026-02-19T23:33:56.746+0000 7fdebe956640 1 -- 10.20.193.77:0/2035062422 --> [v2:10.20.193.77:3300/0,v1:10.20.193.77:6789/0] -- mon_subscribe({osdmap=0}) -- 0x7fdeb81a3bb0 con 0x7fdeb810ab20
2026-02-19T23:33:56.907 INFO:teuthology.orchestra.run.trial077.stdout:/usr/bin/ceph: stderr
2026-02-19T23:33:56.746+0000 7fdebe956640 1 -- 10.20.193.77:0/2035062422 --> [v2:10.20.193.77:3300/0,v1:10.20.193.77:6789/0] -- mon_command({"prefix": "get_command_descriptions"} v 0) -- 0x7fdeb810afa0 con 0x7fdeb810ab20
2026-02-19T23:33:56.907 INFO:teuthology.orchestra.run.trial077.stdout:/usr/bin/ceph: stderr
2026-02-19T23:33:56.746+0000 7fdeb57fa640 1 -- 10.20.193.77:0/2035062422 <== mon.0 v2:10.20.193.77:3300/0 4 ==== mgrmap(e 3) ==== 50130+0+0 (secure 0 0 0) 0x7fdea4040600 con 0x7fdeb810ab20
2026-02-19T23:33:56.907 INFO:teuthology.orchestra.run.trial077.stdout:/usr/bin/ceph: stderr
2026-02-19T23:33:56.747+0000 7fdeb57fa640 1 --2- 10.20.193.77:0/2035062422 >> [v2:10.20.193.77:6800/767240270,v1:10.20.193.77:6801/767240270] conn(0x7fde8c03da80 0x7fde8c03ff40 unknown :-1 s=NONE pgs=0 cs=0 l=1 rev1=0 crypto rx=0 tx=0 comp rx=0 tx=0).connect
2026-02-19T23:33:56.907 INFO:teuthology.orchestra.run.trial077.stdout:/usr/bin/ceph: stderr
2026-02-19T23:33:56.747+0000 7fdeb57fa640 1 -- 10.20.193.77:0/2035062422 <== mon.0 v2:10.20.193.77:3300/0 5 ==== osd_map(1..1 src has 1..1) ==== 725+0+0 (secure 0 0 0) 0x7fdea4076460 con 0x7fdeb810ab20
2026-02-19T23:33:56.907 INFO:teuthology.orchestra.run.trial077.stdout:/usr/bin/ceph: stderr
2026-02-19T23:33:56.747+0000 7fdeb77fe640 1 --2- 10.20.193.77:0/2035062422 >> [v2:10.20.193.77:6800/767240270,v1:10.20.193.77:6801/767240270] conn(0x7fde8c03da80 0x7fde8c03ff40 unknown :-1 s=BANNER_CONNECTING pgs=0 cs=0 l=1 rev1=0 crypto rx=0 tx=0 comp rx=0 tx=0)._handle_peer_banner_payload supported=3 required=0
2026-02-19T23:33:56.908 INFO:teuthology.orchestra.run.trial077.stdout:/usr/bin/ceph: stderr
2026-02-19T23:33:56.747+0000 7fdeb77fe640 1 --2- 10.20.193.77:0/2035062422 >> [v2:10.20.193.77:6800/767240270,v1:10.20.193.77:6801/767240270] conn(0x7fde8c03da80 0x7fde8c03ff40 secure :-1 s=READY pgs=6 cs=0 l=1 rev1=1 crypto rx=0x7fdea80099c0 tx=0x7fdea8006eb0 comp rx=0 tx=0).ready entity=mgr.14100 client_cookie=0 server_cookie=0 in_seq=0 out_seq=0
2026-02-19T23:33:56.908 INFO:teuthology.orchestra.run.trial077.stdout:/usr/bin/ceph: stderr
2026-02-19T23:33:56.749+0000 7fdeb57fa640 1 -- 10.20.193.77:0/2035062422 <== mon.0 v2:10.20.193.77:3300/0 6 ==== mon_command_ack([{"prefix": "get_command_descriptions"}]=0 v0) ==== 72+0+195034 (secure 0 0 0) 0x7fdea4033200 con 0x7fdeb810ab20
2026-02-19T23:33:56.908 INFO:teuthology.orchestra.run.trial077.stdout:/usr/bin/ceph: stderr
2026-02-19T23:33:56.866+0000 7fdebe956640 1 -- 10.20.193.77:0/2035062422 --> [v2:10.20.193.77:3300/0,v1:10.20.193.77:6789/0] -- mon_command({"prefix": "status", "format": "json-pretty"} v 0) -- 0x7fdeb81a4230 con 0x7fdeb810ab20
2026-02-19T23:33:56.908 INFO:teuthology.orchestra.run.trial077.stdout:/usr/bin/ceph: stderr
2026-02-19T23:33:56.866+0000 7fdeb57fa640 1 -- 10.20.193.77:0/2035062422 <== mon.0 v2:10.20.193.77:3300/0 7 ==== mon_command_ack([{"prefix": "status", "format": "json-pretty"}]=0 v0) ==== 79+0+1290 (secure 0 0 0) 0x7fdea4040a00 con 0x7fdeb810ab20
2026-02-19T23:33:56.908 INFO:teuthology.orchestra.run.trial077.stdout:/usr/bin/ceph: stderr
2026-02-19T23:33:56.867+0000 7fdebe956640 1 -- 10.20.193.77:0/2035062422 >> [v2:10.20.193.77:6800/767240270,v1:10.20.193.77:6801/767240270] conn(0x7fde8c03da80 msgr2=0x7fde8c03ff40 secure :-1 s=STATE_CONNECTION_ESTABLISHED l=1).mark_down
2026-02-19T23:33:56.908 INFO:teuthology.orchestra.run.trial077.stdout:/usr/bin/ceph: stderr
2026-02-19T23:33:56.867+0000 7fdebe956640 1 --2- 10.20.193.77:0/2035062422 >> [v2:10.20.193.77:6800/767240270,v1:10.20.193.77:6801/767240270] conn(0x7fde8c03da80 0x7fde8c03ff40 secure :-1 s=READY pgs=6 cs=0 l=1 rev1=1 crypto rx=0x7fdea80099c0 tx=0x7fdea8006eb0 comp rx=0 tx=0).stop
2026-02-19T23:33:56.908 INFO:teuthology.orchestra.run.trial077.stdout:/usr/bin/ceph: stderr
2026-02-19T23:33:56.867+0000 7fdebe956640 1 -- 10.20.193.77:0/2035062422 >> [v2:10.20.193.77:3300/0,v1:10.20.193.77:6789/0] conn(0x7fdeb810ab20 msgr2=0x7fdeb81a06f0 secure :-1 s=STATE_CONNECTION_ESTABLISHED l=1).mark_down
2026-02-19T23:33:56.908 INFO:teuthology.orchestra.run.trial077.stdout:/usr/bin/ceph: stderr
2026-02-19T23:33:56.867+0000 7fdebe956640 1 --2- 10.20.193.77:0/2035062422 >> [v2:10.20.193.77:3300/0,v1:10.20.193.77:6789/0] conn(0x7fdeb810ab20 0x7fdeb81a06f0 secure :-1 s=READY pgs=17 cs=0 l=1 rev1=1 crypto rx=0x7fdea4037fb0 tx=0x7fdea4037820 comp rx=0 tx=0).stop
2026-02-19T23:33:56.908 INFO:teuthology.orchestra.run.trial077.stdout:/usr/bin/ceph: stderr
2026-02-19T23:33:56.867+0000 7fdebe956640 1 -- 10.20.193.77:0/2035062422 shutdown_connections
2026-02-19T23:33:56.908 INFO:teuthology.orchestra.run.trial077.stdout:/usr/bin/ceph: stderr
2026-02-19T23:33:56.867+0000 7fdebe956640 1 --2- 10.20.193.77:0/2035062422 >> [v2:10.20.193.77:6800/767240270,v1:10.20.193.77:6801/767240270] conn(0x7fde8c03da80 0x7fde8c03ff40 unknown :-1 s=CLOSED pgs=6 cs=0 l=1 rev1=1 crypto rx=0 tx=0 comp rx=0 tx=0).stop
2026-02-19T23:33:56.908 INFO:teuthology.orchestra.run.trial077.stdout:/usr/bin/ceph: stderr
2026-02-19T23:33:56.867+0000 7fdebe956640 1 --2- 10.20.193.77:0/2035062422 >> [v2:10.20.193.77:3300/0,v1:10.20.193.77:6789/0] conn(0x7fdeb810ab20 0x7fdeb81a06f0 unknown :-1 s=CLOSED pgs=17 cs=0 l=1 rev1=1 crypto rx=0 tx=0 comp rx=0 tx=0).stop
2026-02-19T23:33:56.909 INFO:teuthology.orchestra.run.trial077.stdout:/usr/bin/ceph: stderr
2026-02-19T23:33:56.867+0000 7fdebe956640 1 -- 10.20.193.77:0/2035062422 >> 10.20.193.77:0/2035062422 conn(0x7fdeb807dcf0 msgr2=0x7fdeb8108720 unknown :-1 s=STATE_NONE l=0).mark_down
2026-02-19T23:33:56.909 INFO:teuthology.orchestra.run.trial077.stdout:/usr/bin/ceph: stderr
2026-02-19T23:33:56.867+0000 7fdebe956640 1 -- 10.20.193.77:0/2035062422 shutdown_connections
2026-02-19T23:33:56.909 INFO:teuthology.orchestra.run.trial077.stdout:/usr/bin/ceph: stderr
2026-02-19T23:33:56.867+0000 7fdebe956640 1 -- 10.20.193.77:0/2035062422 wait complete.
2026-02-19T23:33:56.909 INFO:teuthology.orchestra.run.trial077.stdout:mgr is available
2026-02-19T23:33:57.101 INFO:teuthology.orchestra.run.trial077.stdout:/usr/bin/ceph: stdout
2026-02-19T23:33:57.102 INFO:teuthology.orchestra.run.trial077.stdout:/usr/bin/ceph: stdout [global]
2026-02-19T23:33:57.102 INFO:teuthology.orchestra.run.trial077.stdout:/usr/bin/ceph: stdout fsid = 672381aa-0deb-11f1-8c8f-d404e6e7d460
2026-02-19T23:33:57.102 INFO:teuthology.orchestra.run.trial077.stdout:/usr/bin/ceph: stdout mon_cluster_log_file_level = debug
2026-02-19T23:33:57.102 INFO:teuthology.orchestra.run.trial077.stdout:/usr/bin/ceph: stdout mon_host = [v2:10.20.193.77:3300,v1:10.20.193.77:6789]
2026-02-19T23:33:57.102 INFO:teuthology.orchestra.run.trial077.stdout:/usr/bin/ceph: stdout mon_osd_allow_pg_remap = true
2026-02-19T23:33:57.102 INFO:teuthology.orchestra.run.trial077.stdout:/usr/bin/ceph: stdout mon_osd_allow_primary_affinity = true
2026-02-19T23:33:57.102 INFO:teuthology.orchestra.run.trial077.stdout:/usr/bin/ceph: stdout mon_warn_on_no_sortbitwise = false
2026-02-19T23:33:57.102 INFO:teuthology.orchestra.run.trial077.stdout:/usr/bin/ceph: stdout osd_crush_chooseleaf_type = 0
2026-02-19T23:33:57.102 INFO:teuthology.orchestra.run.trial077.stdout:/usr/bin/ceph: stdout
2026-02-19T23:33:57.102 INFO:teuthology.orchestra.run.trial077.stdout:/usr/bin/ceph: stdout [mgr]
2026-02-19T23:33:57.102 INFO:teuthology.orchestra.run.trial077.stdout:/usr/bin/ceph: stdout mgr/telemetry/nag = false
2026-02-19T23:33:57.103 INFO:teuthology.orchestra.run.trial077.stdout:/usr/bin/ceph: stdout
2026-02-19T23:33:57.103 INFO:teuthology.orchestra.run.trial077.stdout:/usr/bin/ceph: stdout [osd]
2026-02-19T23:33:57.103 INFO:teuthology.orchestra.run.trial077.stdout:/usr/bin/ceph: stdout mon_osd_backfillfull_ratio = 0.85
2026-02-19T23:33:57.103 INFO:teuthology.orchestra.run.trial077.stdout:/usr/bin/ceph: stdout mon_osd_full_ratio = 0.9
2026-02-19T23:33:57.103 INFO:teuthology.orchestra.run.trial077.stdout:/usr/bin/ceph: stdout mon_osd_nearfull_ratio = 0.8
2026-02-19T23:33:57.103 INFO:teuthology.orchestra.run.trial077.stdout:/usr/bin/ceph: stdout osd_map_max_advance = 10
2026-02-19T23:33:57.103 INFO:teuthology.orchestra.run.trial077.stdout:/usr/bin/ceph: stdout osd_sloppy_crc = true
2026-02-19T23:33:57.103 INFO:teuthology.orchestra.run.trial077.stdout:/usr/bin/ceph: stderr
2026-02-19T23:33:56.982+0000 7fabb493a640 1 Processor -- start
2026-02-19T23:33:57.103 INFO:teuthology.orchestra.run.trial077.stdout:/usr/bin/ceph: stderr
2026-02-19T23:33:56.982+0000 7fabb493a640 1 -- start start
2026-02-19T23:33:57.103 INFO:teuthology.orchestra.run.trial077.stdout:/usr/bin/ceph: stderr
2026-02-19T23:33:56.982+0000 7fabb493a640 1 --2- >> [v2:10.20.193.77:3300/0,v1:10.20.193.77:6789/0] conn(0x7fabb010aa40 0x7fabb010ae40 unknown :-1 s=NONE pgs=0 cs=0 l=0 rev1=0 crypto rx=0 tx=0 comp rx=0 tx=0).connect
2026-02-19T23:33:57.103 INFO:teuthology.orchestra.run.trial077.stdout:/usr/bin/ceph: stderr
2026-02-19T23:33:56.982+0000 7fabb493a640 1 -- --> [v2:10.20.193.77:3300/0,v1:10.20.193.77:6789/0] -- mon_getmap magic: 0 -- 0x7fabb010b410 con 0x7fabb010aa40
2026-02-19T23:33:57.103 INFO:teuthology.orchestra.run.trial077.stdout:/usr/bin/ceph: stderr
2026-02-19T23:33:56.982+0000 7fabaed76640 1 --2- >> [v2:10.20.193.77:3300/0,v1:10.20.193.77:6789/0] conn(0x7fabb010aa40 0x7fabb010ae40 unknown :-1 s=BANNER_CONNECTING pgs=0 cs=0 l=0 rev1=0 crypto rx=0 tx=0 comp rx=0 tx=0)._handle_peer_banner_payload supported=3 required=0
2026-02-19T23:33:57.104 INFO:teuthology.orchestra.run.trial077.stdout:/usr/bin/ceph: stderr
2026-02-19T23:33:56.982+0000 7fabaed76640 1 --2- >> [v2:10.20.193.77:3300/0,v1:10.20.193.77:6789/0] conn(0x7fabb010aa40 0x7fabb010ae40 unknown :-1 s=HELLO_CONNECTING pgs=0 cs=0 l=0 rev1=1 crypto rx=0 tx=0 comp rx=0 tx=0).handle_hello peer v2:10.20.193.77:3300/0 says I am v2:10.20.193.77:58400/0 (socket says 10.20.193.77:58400)
2026-02-19T23:33:57.104 INFO:teuthology.orchestra.run.trial077.stdout:/usr/bin/ceph: stderr
2026-02-19T23:33:56.982+0000 7fabaed76640 1 -- 10.20.193.77:0/2501371958 learned_addr learned my addr 10.20.193.77:0/2501371958 (peer_addr_for_me v2:10.20.193.77:0/0)
2026-02-19T23:33:57.104 INFO:teuthology.orchestra.run.trial077.stdout:/usr/bin/ceph: stderr
2026-02-19T23:33:56.982+0000 7fabaed76640 1 -- 10.20.193.77:0/2501371958 --> [v2:10.20.193.77:3300/0,v1:10.20.193.77:6789/0] -- mon_subscribe({config=0+,monmap=0+}) -- 0x7fabb010b800 con 0x7fabb010aa40
2026-02-19T23:33:57.104 INFO:teuthology.orchestra.run.trial077.stdout:/usr/bin/ceph: stderr
2026-02-19T23:33:56.983+0000 7fabaed76640 1 --2- 10.20.193.77:0/2501371958 >> [v2:10.20.193.77:3300/0,v1:10.20.193.77:6789/0] conn(0x7fabb010aa40 0x7fabb010ae40 secure :-1 s=READY pgs=18 cs=0 l=1 rev1=1 crypto rx=0x7faba4009920 tx=0x7faba402ef20 comp rx=0 tx=0).ready entity=mon.0 client_cookie=506c5b1eb1f44b68 server_cookie=0 in_seq=0 out_seq=0
2026-02-19T23:33:57.104 INFO:teuthology.orchestra.run.trial077.stdout:/usr/bin/ceph: stderr
2026-02-19T23:33:56.983+0000 7fabadd74640 1 -- 10.20.193.77:0/2501371958 <== mon.0 v2:10.20.193.77:3300/0 1 ==== mon_map magic: 0 ==== 205+0+0 (secure 0 0 0) 0x7faba403c070 con 0x7fabb010aa40
2026-02-19T23:33:57.104 INFO:teuthology.orchestra.run.trial077.stdout:/usr/bin/ceph: stderr
2026-02-19T23:33:56.983+0000 7fabadd74640 1 -- 10.20.193.77:0/2501371958 <== mon.0 v2:10.20.193.77:3300/0 2 ==== config(28 keys) ==== 1114+0+0 (secure 0 0 0) 0x7faba4037440 con 0x7fabb010aa40
2026-02-19T23:33:57.104 INFO:teuthology.orchestra.run.trial077.stdout:/usr/bin/ceph: stderr
2026-02-19T23:33:56.983+0000 7fabadd74640 1 -- 10.20.193.77:0/2501371958 <== mon.0 v2:10.20.193.77:3300/0 3 ==== mon_map magic: 0 ==== 205+0+0 (secure 0 0 0) 0x7faba40355e0 con 0x7fabb010aa40
2026-02-19T23:33:57.104 INFO:teuthology.orchestra.run.trial077.stdout:/usr/bin/ceph: stderr
2026-02-19T23:33:56.983+0000 7fabb493a640 1 -- 10.20.193.77:0/2501371958 >> [v2:10.20.193.77:3300/0,v1:10.20.193.77:6789/0] conn(0x7fabb010aa40 msgr2=0x7fabb010ae40 secure :-1 s=STATE_CONNECTION_ESTABLISHED l=1).mark_down
2026-02-19T23:33:57.104 INFO:teuthology.orchestra.run.trial077.stdout:/usr/bin/ceph: stderr
2026-02-19T23:33:56.983+0000 7fabb493a640 1 --2- 10.20.193.77:0/2501371958 >> [v2:10.20.193.77:3300/0,v1:10.20.193.77:6789/0] conn(0x7fabb010aa40 0x7fabb010ae40 secure :-1 s=READY pgs=18 cs=0 l=1 rev1=1 crypto rx=0x7faba4009920 tx=0x7faba402ef20 comp rx=0 tx=0).stop
2026-02-19T23:33:57.104 INFO:teuthology.orchestra.run.trial077.stdout:/usr/bin/ceph: stderr
2026-02-19T23:33:56.983+0000 7fabb493a640 1 -- 10.20.193.77:0/2501371958 shutdown_connections
2026-02-19T23:33:57.104 INFO:teuthology.orchestra.run.trial077.stdout:/usr/bin/ceph: stderr
2026-02-19T23:33:56.983+0000 7fabb493a640 1 --2- 10.20.193.77:0/2501371958 >> [v2:10.20.193.77:3300/0,v1:10.20.193.77:6789/0] conn(0x7fabb010aa40 0x7fabb010ae40 unknown :-1 s=CLOSED pgs=18 cs=0 l=1 rev1=1 crypto rx=0 tx=0 comp rx=0 tx=0).stop
2026-02-19T23:33:57.104 INFO:teuthology.orchestra.run.trial077.stdout:/usr/bin/ceph: stderr
2026-02-19T23:33:56.983+0000 7fabb493a640 1 -- 10.20.193.77:0/2501371958 >> 10.20.193.77:0/2501371958 conn(0x7fabb007db40 msgr2=0x7fabb007df50 unknown :-1 s=STATE_NONE l=0).mark_down
2026-02-19T23:33:57.105 INFO:teuthology.orchestra.run.trial077.stdout:/usr/bin/ceph: stderr
2026-02-19T23:33:56.983+0000 7fabb493a640 1 -- 10.20.193.77:0/2501371958 shutdown_connections
2026-02-19T23:33:57.105 INFO:teuthology.orchestra.run.trial077.stdout:/usr/bin/ceph: stderr
2026-02-19T23:33:56.983+0000 7fabb493a640 1 -- 10.20.193.77:0/2501371958 wait complete.
2026-02-19T23:33:57.105 INFO:teuthology.orchestra.run.trial077.stdout:/usr/bin/ceph: stderr
2026-02-19T23:33:56.983+0000 7fabb493a640 1 Processor -- start
2026-02-19T23:33:57.105 INFO:teuthology.orchestra.run.trial077.stdout:/usr/bin/ceph: stderr
2026-02-19T23:33:56.983+0000 7fabb493a640 1 -- start start
2026-02-19T23:33:57.105 INFO:teuthology.orchestra.run.trial077.stdout:/usr/bin/ceph: stderr
2026-02-19T23:33:56.984+0000 7fabb493a640 1 --2- >> [v2:10.20.193.77:3300/0,v1:10.20.193.77:6789/0] conn(0x7fabb010aa40 0x7fabb01a0540 unknown :-1 s=NONE pgs=0 cs=0 l=1 rev1=0 crypto rx=0 tx=0 comp rx=0 tx=0).connect
2026-02-19T23:33:57.105 INFO:teuthology.orchestra.run.trial077.stdout:/usr/bin/ceph: stderr
2026-02-19T23:33:56.984+0000 7fabb493a640 1 -- --> [v2:10.20.193.77:3300/0,v1:10.20.193.77:6789/0] -- mon_getmap magic: 0 -- 0x7fabb010ebb0 con 0x7fabb010aa40
2026-02-19T23:33:57.105 INFO:teuthology.orchestra.run.trial077.stdout:/usr/bin/ceph: stderr
2026-02-19T23:33:56.984+0000 7fabaed76640 1 --2- >> [v2:10.20.193.77:3300/0,v1:10.20.193.77:6789/0] conn(0x7fabb010aa40 0x7fabb01a0540 unknown :-1 s=BANNER_CONNECTING pgs=0 cs=0 l=1 rev1=0 crypto rx=0 tx=0 comp rx=0 tx=0)._handle_peer_banner_payload supported=3 required=0
2026-02-19T23:33:57.105 INFO:teuthology.orchestra.run.trial077.stdout:/usr/bin/ceph: stderr
2026-02-19T23:33:56.984+0000 7fabaed76640 1 --2- >> [v2:10.20.193.77:3300/0,v1:10.20.193.77:6789/0] conn(0x7fabb010aa40 0x7fabb01a0540 unknown :-1 s=HELLO_CONNECTING pgs=0 cs=0 l=1 rev1=1 crypto rx=0 tx=0 comp rx=0 tx=0).handle_hello peer v2:10.20.193.77:3300/0 says I am v2:10.20.193.77:58404/0 (socket says 10.20.193.77:58404)
2026-02-19T23:33:57.105 INFO:teuthology.orchestra.run.trial077.stdout:/usr/bin/ceph: stderr
2026-02-19T23:33:56.984+0000 7fabaed76640 1 -- 10.20.193.77:0/2888767642 learned_addr learned my addr 10.20.193.77:0/2888767642 (peer_addr_for_me v2:10.20.193.77:0/0)
2026-02-19T23:33:57.105 INFO:teuthology.orchestra.run.trial077.stdout:/usr/bin/ceph: stderr
2026-02-19T23:33:56.984+0000 7fabaed76640 1 -- 10.20.193.77:0/2888767642 --> [v2:10.20.193.77:3300/0,v1:10.20.193.77:6789/0] -- mon_subscribe({config=0+,monmap=0+}) -- 0x7fabb01a0a80 con 0x7fabb010aa40
2026-02-19T23:33:57.105 INFO:teuthology.orchestra.run.trial077.stdout:/usr/bin/ceph: stderr
2026-02-19T23:33:56.984+0000 7fabaed76640 1 --2- 10.20.193.77:0/2888767642 >> [v2:10.20.193.77:3300/0,v1:10.20.193.77:6789/0] conn(0x7fabb010aa40 0x7fabb01a0540 secure :-1 s=READY pgs=19 cs=0 l=1 rev1=1 crypto rx=0x7faba4006fd0 tx=0x7faba4037820 comp rx=0 tx=0).ready entity=mon.0 client_cookie=0 server_cookie=0 in_seq=0 out_seq=0
2026-02-19T23:33:57.105 INFO:teuthology.orchestra.run.trial077.stdout:/usr/bin/ceph: stderr
2026-02-19T23:33:56.984+0000 7fab8ffff640 1 -- 10.20.193.77:0/2888767642 <== mon.0 v2:10.20.193.77:3300/0 1 ==== mon_map magic: 0 ==== 205+0+0 (secure 0 0 0) 0x7faba4045070 con 0x7fabb010aa40
2026-02-19T23:33:57.106 INFO:teuthology.orchestra.run.trial077.stdout:/usr/bin/ceph: stderr
2026-02-19T23:33:56.984+0000 7fabb493a640 1 -- 10.20.193.77:0/2888767642 --> [v2:10.20.193.77:3300/0,v1:10.20.193.77:6789/0] -- mon_subscribe({mgrmap=0+}) -- 0x7fabb01a0d10 con 0x7fabb010aa40
2026-02-19T23:33:57.106 INFO:teuthology.orchestra.run.trial077.stdout:/usr/bin/ceph: stderr
2026-02-19T23:33:56.984+0000 7fab8ffff640 1 -- 10.20.193.77:0/2888767642 <== mon.0 v2:10.20.193.77:3300/0 2 ==== config(28 keys) ==== 1114+0+0 (secure 0 0 0) 0x7faba4040450 con 0x7fabb010aa40
2026-02-19T23:33:57.106 INFO:teuthology.orchestra.run.trial077.stdout:/usr/bin/ceph: stderr
2026-02-19T23:33:56.984+0000 7fab8ffff640 1 -- 10.20.193.77:0/2888767642 <== mon.0 v2:10.20.193.77:3300/0 3 ==== mon_map magic: 0 ==== 205+0+0 (secure 0 0 0) 0x7faba403c070 con 0x7fabb010aa40
2026-02-19T23:33:57.106 INFO:teuthology.orchestra.run.trial077.stdout:/usr/bin/ceph: stderr
2026-02-19T23:33:56.984+0000 7fabb493a640 1 -- 10.20.193.77:0/2888767642 --> [v2:10.20.193.77:3300/0,v1:10.20.193.77:6789/0] -- mon_subscribe({osdmap=0}) -- 0x7fabb01a3a00 con 0x7fabb010aa40
2026-02-19T23:33:57.106 INFO:teuthology.orchestra.run.trial077.stdout:/usr/bin/ceph: stderr
2026-02-19T23:33:56.984+0000 7fab8ffff640 1 -- 10.20.193.77:0/2888767642 <== mon.0 v2:10.20.193.77:3300/0 4 ==== mgrmap(e 4) ==== 50236+0+0 (secure 0 0 0) 0x7faba403e470 con 0x7fabb010aa40
2026-02-19T23:33:57.106 INFO:teuthology.orchestra.run.trial077.stdout:/usr/bin/ceph: stderr
2026-02-19T23:33:56.984+0000 7fabb493a640 1 -- 10.20.193.77:0/2888767642 --> [v2:10.20.193.77:3300/0,v1:10.20.193.77:6789/0] -- mon_command({"prefix": "get_command_descriptions"} v 0) -- 0x7fabb010ed30 con 0x7fabb010aa40
2026-02-19T23:33:57.106 INFO:teuthology.orchestra.run.trial077.stdout:/usr/bin/ceph: stderr
2026-02-19T23:33:56.985+0000 7fab8ffff640 1 --2- 10.20.193.77:0/2888767642 >> [v2:10.20.193.77:6800/767240270,v1:10.20.193.77:6801/767240270] conn(0x7fab8403db50 0x7fab84040010 unknown :-1 s=NONE pgs=0 cs=0 l=1 rev1=0 crypto rx=0 tx=0 comp rx=0 tx=0).connect
2026-02-19T23:33:57.106 INFO:teuthology.orchestra.run.trial077.stdout:/usr/bin/ceph: stderr
2026-02-19T23:33:56.985+0000 7fab8ffff640 1 -- 10.20.193.77:0/2888767642 <== mon.0 v2:10.20.193.77:3300/0 5 ==== osd_map(1..1 src has 1..1) ==== 725+0+0 (secure 0 0 0) 0x7faba4076780 con 0x7fabb010aa40
2026-02-19T23:33:57.106 INFO:teuthology.orchestra.run.trial077.stdout:/usr/bin/ceph: stderr
2026-02-19T23:33:56.985+0000 7fabae575640 1 --2- 10.20.193.77:0/2888767642 >> [v2:10.20.193.77:6800/767240270,v1:10.20.193.77:6801/767240270] conn(0x7fab8403db50 0x7fab84040010 unknown :-1 s=BANNER_CONNECTING pgs=0 cs=0 l=1 rev1=0 crypto rx=0 tx=0 comp rx=0 tx=0)._handle_peer_banner_payload supported=3 required=0
2026-02-19T23:33:57.106 INFO:teuthology.orchestra.run.trial077.stdout:/usr/bin/ceph: stderr
2026-02-19T23:33:56.985+0000 7fabae575640 1 --2- 10.20.193.77:0/2888767642 >> [v2:10.20.193.77:6800/767240270,v1:10.20.193.77:6801/767240270] conn(0x7fab8403db50 0x7fab84040010 secure :-1 s=READY pgs=7 cs=0 l=1 rev1=1 crypto rx=0x7fab980099c0 tx=0x7fab98006eb0 comp rx=0 tx=0).ready entity=mgr.14100 client_cookie=0 server_cookie=0 in_seq=0 out_seq=0
2026-02-19T23:33:57.106 INFO:teuthology.orchestra.run.trial077.stdout:/usr/bin/ceph: stderr
2026-02-19T23:33:56.988+0000 7fab8ffff640 1 -- 10.20.193.77:0/2888767642 <== mon.0 v2:10.20.193.77:3300/0 6 ==== mon_command_ack([{"prefix": "get_command_descriptions"}]=0 v0) ==== 72+0+195034 (secure 0 0 0) 0x7faba4040670 con 0x7fabb010aa40
2026-02-19T23:33:57.106 INFO:teuthology.orchestra.run.trial077.stdout:/usr/bin/ceph: stderr
2026-02-19T23:33:57.072+0000 7fabb493a640 1 -- 10.20.193.77:0/2888767642 --> [v2:10.20.193.77:3300/0,v1:10.20.193.77:6789/0] -- mon_command({"prefix": "config assimilate-conf"} v 0) -- 0x7fabb010aec0 con 0x7fabb010aa40
2026-02-19T23:33:57.107 INFO:teuthology.orchestra.run.trial077.stdout:/usr/bin/ceph: stderr
2026-02-19T23:33:57.073+0000 7fab8ffff640 1 -- 10.20.193.77:0/2888767642 <== mon.0 v2:10.20.193.77:3300/0 7 ==== mon_command_ack([{"prefix": "config assimilate-conf"}]=0 v3) ==== 70+0+465 (secure 0 0 0) 0x7fabb010aec0 con 0x7fabb010aa40
2026-02-19T23:33:57.107 INFO:teuthology.orchestra.run.trial077.stdout:/usr/bin/ceph: stderr
2026-02-19T23:33:57.074+0000 7fabb493a640 1 -- 10.20.193.77:0/2888767642 >> [v2:10.20.193.77:6800/767240270,v1:10.20.193.77:6801/767240270] conn(0x7fab8403db50 msgr2=0x7fab84040010 secure :-1 s=STATE_CONNECTION_ESTABLISHED l=1).mark_down
2026-02-19T23:33:57.107 INFO:teuthology.orchestra.run.trial077.stdout:/usr/bin/ceph: stderr
2026-02-19T23:33:57.074+0000 7fabb493a640 1 --2- 10.20.193.77:0/2888767642 >> [v2:10.20.193.77:6800/767240270,v1:10.20.193.77:6801/767240270] conn(0x7fab8403db50 0x7fab84040010 secure :-1 s=READY pgs=7 cs=0 l=1 rev1=1 crypto rx=0x7fab980099c0 tx=0x7fab98006eb0 comp rx=0 tx=0).stop
2026-02-19T23:33:57.107 INFO:teuthology.orchestra.run.trial077.stdout:/usr/bin/ceph: stderr
2026-02-19T23:33:57.074+0000 7fabb493a640 1 -- 10.20.193.77:0/2888767642 >> [v2:10.20.193.77:3300/0,v1:10.20.193.77:6789/0] conn(0x7fabb010aa40 msgr2=0x7fabb01a0540 secure :-1 s=STATE_CONNECTION_ESTABLISHED l=1).mark_down
2026-02-19T23:33:57.107 INFO:teuthology.orchestra.run.trial077.stdout:/usr/bin/ceph: stderr
2026-02-19T23:33:57.074+0000 7fabb493a640 1 --2- 10.20.193.77:0/2888767642 >> [v2:10.20.193.77:3300/0,v1:10.20.193.77:6789/0] conn(0x7fabb010aa40 0x7fabb01a0540 secure :-1 s=READY pgs=19 cs=0 l=1 rev1=1 crypto rx=0x7faba4006fd0 tx=0x7faba4037820 comp rx=0 tx=0).stop
2026-02-19T23:33:57.107 INFO:teuthology.orchestra.run.trial077.stdout:/usr/bin/ceph: stderr
2026-02-19T23:33:57.074+0000 7fabb493a640 1 -- 10.20.193.77:0/2888767642 shutdown_connections
2026-02-19T23:33:57.107 INFO:teuthology.orchestra.run.trial077.stdout:/usr/bin/ceph: stderr
2026-02-19T23:33:57.074+0000 7fabb493a640 1 --2- 10.20.193.77:0/2888767642 >> [v2:10.20.193.77:6800/767240270,v1:10.20.193.77:6801/767240270] conn(0x7fab8403db50 0x7fab84040010 unknown :-1 s=CLOSED pgs=7 cs=0 l=1 rev1=1 crypto rx=0 tx=0 comp rx=0 tx=0).stop
2026-02-19T23:33:57.107 INFO:teuthology.orchestra.run.trial077.stdout:/usr/bin/ceph: stderr
2026-02-19T23:33:57.074+0000 7fabb493a640 1 --2- 10.20.193.77:0/2888767642 >> [v2:10.20.193.77:3300/0,v1:10.20.193.77:6789/0] conn(0x7fabb010aa40 0x7fabb01a0540 unknown :-1 s=CLOSED pgs=19 cs=0 l=1 rev1=1 crypto rx=0 tx=0 comp rx=0 tx=0).stop
2026-02-19T23:33:57.107 INFO:teuthology.orchestra.run.trial077.stdout:/usr/bin/ceph: stderr
2026-02-19T23:33:57.074+0000 7fabb493a640 1 -- 10.20.193.77:0/2888767642 >> 10.20.193.77:0/2888767642 conn(0x7fabb007db40 msgr2=0x7fabb0108670 unknown :-1 s=STATE_NONE l=0).mark_down
2026-02-19T23:33:57.107 INFO:teuthology.orchestra.run.trial077.stdout:/usr/bin/ceph: stderr
2026-02-19T23:33:57.074+0000 7fabb493a640 1 -- 10.20.193.77:0/2888767642 shutdown_connections
2026-02-19T23:33:57.107 INFO:teuthology.orchestra.run.trial077.stdout:/usr/bin/ceph: stderr
2026-02-19T23:33:57.074+0000 7fabb493a640 1 -- 10.20.193.77:0/2888767642 wait complete.
2026-02-19T23:33:57.107 INFO:teuthology.orchestra.run.trial077.stdout:Enabling cephadm module...
2026-02-19T23:33:57.194 INFO:journalctl@ceph.mon.a.trial077.stdout:Feb 19 23:33:56 trial077 ceph-mon[40887]: mgrmap e3: x(active, since 1.00506s)
