2026-02-19T23:34:04.890+0000 7fea2d573640 1 -- 10.20.193.77:0/439992072 <== mon.0 v2:10.20.193.77:3300/0 2 ==== config(28 keys) ==== 1145+0+0 (secure 0 0 0) 0x7fea24037440 con 0x7fea30108540
2026-02-19T23:34:05.013 INFO:teuthology.orchestra.run.trial077.stdout:/usr/bin/ceph: stderr
2026-02-19T23:34:04.890+0000 7fea2d573640 1 -- 10.20.193.77:0/439992072 <== mon.0 v2:10.20.193.77:3300/0 3 ==== mon_map magic: 0 ==== 205+0+0 (secure 0 0 0) 0x7fea24035610 con 0x7fea30108540
2026-02-19T23:34:05.013 INFO:teuthology.orchestra.run.trial077.stdout:/usr/bin/ceph: stderr
2026-02-19T23:34:04.890+0000 7fea34c75640 1 -- 10.20.193.77:0/439992072 >> [v2:10.20.193.77:3300/0,v1:10.20.193.77:6789/0] conn(0x7fea30108540 msgr2=0x7fea30108940 secure :-1 s=STATE_CONNECTION_ESTABLISHED l=1).mark_down
2026-02-19T23:34:05.013 INFO:teuthology.orchestra.run.trial077.stdout:/usr/bin/ceph: stderr
2026-02-19T23:34:04.890+0000 7fea34c75640 1 --2- 10.20.193.77:0/439992072 >> [v2:10.20.193.77:3300/0,v1:10.20.193.77:6789/0] conn(0x7fea30108540 0x7fea30108940 secure :-1 s=READY pgs=51 cs=0 l=1 rev1=1 crypto rx=0x7fea24009920 tx=0x7fea2402ef20 comp rx=0 tx=0).stop
2026-02-19T23:34:05.013 INFO:teuthology.orchestra.run.trial077.stdout:/usr/bin/ceph: stderr
2026-02-19T23:34:04.890+0000 7fea34c75640 1 -- 10.20.193.77:0/439992072 shutdown_connections
2026-02-19T23:34:05.013 INFO:teuthology.orchestra.run.trial077.stdout:/usr/bin/ceph: stderr
2026-02-19T23:34:04.890+0000 7fea34c75640 1 --2- 10.20.193.77:0/439992072 >> [v2:10.20.193.77:3300/0,v1:10.20.193.77:6789/0] conn(0x7fea30108540 0x7fea30108940 unknown :-1 s=CLOSED pgs=51 cs=0 l=1 rev1=1 crypto rx=0 tx=0 comp rx=0 tx=0).stop
2026-02-19T23:34:05.014 INFO:teuthology.orchestra.run.trial077.stdout:/usr/bin/ceph: stderr
2026-02-19T23:34:04.890+0000 7fea34c75640 1 -- 10.20.193.77:0/439992072 >> 10.20.193.77:0/439992072 conn(0x7fea30103d10 msgr2=0x7fea30106130 unknown :-1 s=STATE_NONE l=0).mark_down
2026-02-19T23:34:05.014 INFO:teuthology.orchestra.run.trial077.stdout:/usr/bin/ceph: stderr
2026-02-19T23:34:04.890+0000 7fea34c75640 1 -- 10.20.193.77:0/439992072 shutdown_connections
2026-02-19T23:34:05.014 INFO:teuthology.orchestra.run.trial077.stdout:/usr/bin/ceph: stderr
2026-02-19T23:34:04.890+0000 7fea34c75640 1 -- 10.20.193.77:0/439992072 wait complete.
2026-02-19T23:34:05.014 INFO:teuthology.orchestra.run.trial077.stdout:/usr/bin/ceph: stderr
2026-02-19T23:34:04.891+0000 7fea34c75640 1 Processor -- start
2026-02-19T23:34:05.014 INFO:teuthology.orchestra.run.trial077.stdout:/usr/bin/ceph: stderr
2026-02-19T23:34:04.891+0000 7fea34c75640 1 -- start start
2026-02-19T23:34:05.014 INFO:teuthology.orchestra.run.trial077.stdout:/usr/bin/ceph: stderr
2026-02-19T23:34:04.891+0000 7fea34c75640 1 --2- >> [v2:10.20.193.77:3300/0,v1:10.20.193.77:6789/0] conn(0x7fea30108540 0x7fea301a06b0 unknown :-1 s=NONE pgs=0 cs=0 l=1 rev1=0 crypto rx=0 tx=0 comp rx=0 tx=0).connect
2026-02-19T23:34:05.014 INFO:teuthology.orchestra.run.trial077.stdout:/usr/bin/ceph: stderr
2026-02-19T23:34:04.891+0000 7fea34c75640 1 -- --> [v2:10.20.193.77:3300/0,v1:10.20.193.77:6789/0] -- mon_getmap magic: 0 -- 0x7fea3010caf0 con 0x7fea30108540
2026-02-19T23:34:05.014 INFO:teuthology.orchestra.run.trial077.stdout:/usr/bin/ceph: stderr
2026-02-19T23:34:04.891+0000 7fea2e575640 1 --2- >> [v2:10.20.193.77:3300/0,v1:10.20.193.77:6789/0] conn(0x7fea30108540 0x7fea301a06b0 unknown :-1 s=BANNER_CONNECTING pgs=0 cs=0 l=1 rev1=0 crypto rx=0 tx=0 comp rx=0 tx=0)._handle_peer_banner_payload supported=3 required=0
2026-02-19T23:34:05.014 INFO:teuthology.orchestra.run.trial077.stdout:/usr/bin/ceph: stderr
2026-02-19T23:34:04.891+0000 7fea2e575640 1 --2- >> [v2:10.20.193.77:3300/0,v1:10.20.193.77:6789/0] conn(0x7fea30108540 0x7fea301a06b0 unknown :-1 s=HELLO_CONNECTING pgs=0 cs=0 l=1 rev1=1 crypto rx=0 tx=0 comp rx=0 tx=0).handle_hello peer v2:10.20.193.77:3300/0 says I am v2:10.20.193.77:60882/0 (socket says 10.20.193.77:60882)
2026-02-19T23:34:05.014 INFO:teuthology.orchestra.run.trial077.stdout:/usr/bin/ceph: stderr
2026-02-19T23:34:04.891+0000 7fea2e575640 1 -- 10.20.193.77:0/3850842606 learned_addr learned my addr 10.20.193.77:0/3850842606 (peer_addr_for_me v2:10.20.193.77:0/0)
2026-02-19T23:34:05.014 INFO:teuthology.orchestra.run.trial077.stdout:/usr/bin/ceph: stderr
2026-02-19T23:34:04.891+0000 7fea2e575640 1 -- 10.20.193.77:0/3850842606 --> [v2:10.20.193.77:3300/0,v1:10.20.193.77:6789/0] -- mon_subscribe({config=0+,monmap=0+}) -- 0x7fea301a0bf0 con 0x7fea30108540
2026-02-19T23:34:05.014 INFO:teuthology.orchestra.run.trial077.stdout:/usr/bin/ceph: stderr
2026-02-19T23:34:04.891+0000 7fea2e575640 1 --2- 10.20.193.77:0/3850842606 >> [v2:10.20.193.77:3300/0,v1:10.20.193.77:6789/0] conn(0x7fea30108540 0x7fea301a06b0 secure :-1 s=READY pgs=52 cs=0 l=1 rev1=1 crypto rx=0x7fea24035b90 tx=0x7fea24035bc0 comp rx=0 tx=0).ready entity=mon.0 client_cookie=0 server_cookie=0 in_seq=0 out_seq=0
2026-02-19T23:34:05.015 INFO:teuthology.orchestra.run.trial077.stdout:/usr/bin/ceph: stderr
2026-02-19T23:34:04.891+0000 7fea177fe640 1 -- 10.20.193.77:0/3850842606 <== mon.0 v2:10.20.193.77:3300/0 1 ==== mon_map magic: 0 ==== 205+0+0 (secure 0 0 0) 0x7fea24044020 con 0x7fea30108540
2026-02-19T23:34:05.015 INFO:teuthology.orchestra.run.trial077.stdout:/usr/bin/ceph: stderr
2026-02-19T23:34:04.891+0000 7fea177fe640 1 -- 10.20.193.77:0/3850842606 <== mon.0 v2:10.20.193.77:3300/0 2 ==== config(28 keys) ==== 1145+0+0 (secure 0 0 0) 0x7fea24035e80 con 0x7fea30108540
2026-02-19T23:34:05.015 INFO:teuthology.orchestra.run.trial077.stdout:/usr/bin/ceph: stderr
2026-02-19T23:34:04.891+0000 7fea34c75640 1 -- 10.20.193.77:0/3850842606 --> [v2:10.20.193.77:3300/0,v1:10.20.193.77:6789/0] -- mon_subscribe({mgrmap=0+}) -- 0x7fea301a0e80 con 0x7fea30108540
2026-02-19T23:34:05.015 INFO:teuthology.orchestra.run.trial077.stdout:/usr/bin/ceph: stderr
2026-02-19T23:34:04.891+0000 7fea177fe640 1 -- 10.20.193.77:0/3850842606 <== mon.0 v2:10.20.193.77:3300/0 3 ==== mon_map magic: 0 ==== 205+0+0 (secure 0 0 0) 0x7fea2403c040 con 0x7fea30108540
2026-02-19T23:34:05.015 INFO:teuthology.orchestra.run.trial077.stdout:/usr/bin/ceph: stderr
2026-02-19T23:34:04.892+0000 7fea34c75640 1 -- 10.20.193.77:0/3850842606 --> [v2:10.20.193.77:3300/0,v1:10.20.193.77:6789/0] -- mon_subscribe({osdmap=0}) -- 0x7fea301a3b70 con 0x7fea30108540
2026-02-19T23:34:05.015 INFO:teuthology.orchestra.run.trial077.stdout:/usr/bin/ceph: stderr
2026-02-19T23:34:04.892+0000 7fea34c75640 1 -- 10.20.193.77:0/3850842606 --> [v2:10.20.193.77:3300/0,v1:10.20.193.77:6789/0] -- mon_command({"prefix": "get_command_descriptions"} v 0) -- 0x7fea301089c0 con 0x7fea30108540
2026-02-19T23:34:05.015 INFO:teuthology.orchestra.run.trial077.stdout:/usr/bin/ceph: stderr
2026-02-19T23:34:04.892+0000 7fea177fe640 1 -- 10.20.193.77:0/3850842606 <== mon.0 v2:10.20.193.77:3300/0 4 ==== mgrmap(e 8) ==== 50247+0+0 (secure 0 0 0) 0x7fea2403f050 con 0x7fea30108540
2026-02-19T23:34:05.015 INFO:teuthology.orchestra.run.trial077.stdout:/usr/bin/ceph: stderr
2026-02-19T23:34:04.892+0000 7fea177fe640 1 --2- 10.20.193.77:0/3850842606 >> [v2:10.20.193.77:6800/2538260304,v1:10.20.193.77:6801/2538260304] conn(0x7fea0803dbf0 0x7fea080400b0 unknown :-1 s=NONE pgs=0 cs=0 l=1 rev1=0 crypto rx=0 tx=0 comp rx=0 tx=0).connect
2026-02-19T23:34:05.015 INFO:teuthology.orchestra.run.trial077.stdout:/usr/bin/ceph: stderr
2026-02-19T23:34:04.892+0000 7fea177fe640 1 -- 10.20.193.77:0/3850842606 <== mon.0 v2:10.20.193.77:3300/0 5 ==== osd_map(2..2 src has 1..2) ==== 940+0+0 (secure 0 0 0) 0x7fea24076d10 con 0x7fea30108540
2026-02-19T23:34:05.016 INFO:teuthology.orchestra.run.trial077.stdout:/usr/bin/ceph: stderr
2026-02-19T23:34:04.892+0000 7fea2dd74640 1 --2- 10.20.193.77:0/3850842606 >> [v2:10.20.193.77:6800/2538260304,v1:10.20.193.77:6801/2538260304] conn(0x7fea0803dbf0 0x7fea080400b0 unknown :-1 s=BANNER_CONNECTING pgs=0 cs=0 l=1 rev1=0 crypto rx=0 tx=0 comp rx=0 tx=0)._handle_peer_banner_payload supported=3 required=0
2026-02-19T23:34:05.016 INFO:teuthology.orchestra.run.trial077.stdout:/usr/bin/ceph: stderr
2026-02-19T23:34:04.893+0000 7fea2dd74640 1 --2- 10.20.193.77:0/3850842606 >> [v2:10.20.193.77:6800/2538260304,v1:10.20.193.77:6801/2538260304] conn(0x7fea0803dbf0 0x7fea080400b0 secure :-1 s=READY pgs=15 cs=0 l=1 rev1=1 crypto rx=0x7fea180099c0 tx=0x7fea18006eb0 comp rx=0 tx=0).ready entity=mgr.14118 client_cookie=0 server_cookie=0 in_seq=0 out_seq=0
2026-02-19T23:34:05.016 INFO:teuthology.orchestra.run.trial077.stdout:/usr/bin/ceph: stderr
2026-02-19T23:34:04.895+0000 7fea177fe640 1 -- 10.20.193.77:0/3850842606 <== mon.0 v2:10.20.193.77:3300/0 6 ==== mon_command_ack([{"prefix": "get_command_descriptions"}]=0 v0) ==== 72+0+195034 (secure 0 0 0) 0x7fea2404e020 con 0x7fea30108540
2026-02-19T23:34:05.016 INFO:teuthology.orchestra.run.trial077.stdout:/usr/bin/ceph: stderr
2026-02-19T23:34:04.982+0000 7fea34c75640 1 -- 10.20.193.77:0/3850842606 --> [v2:10.20.193.77:3300/0,v1:10.20.193.77:6789/0] -- mon_command([{prefix=config set, name=mgr/dashboard/ssl_server_port}] v 0) -- 0x7fea301a4300 con 0x7fea30108540
2026-02-19T23:34:05.016 INFO:teuthology.orchestra.run.trial077.stdout:/usr/bin/ceph: stderr
2026-02-19T23:34:04.984+0000 7fea177fe640 1 -- 10.20.193.77:0/3850842606 <== mon.0 v2:10.20.193.77:3300/0 7 ==== mon_command_ack([{prefix=config set, name=mgr/dashboard/ssl_server_port}]=0 v8)=0 v8) ==== 130+0+0 (secure 0 0 0) 0x7fea2404e200 con 0x7fea30108540
2026-02-19T23:34:05.016 INFO:teuthology.orchestra.run.trial077.stdout:/usr/bin/ceph: stderr
2026-02-19T23:34:04.986+0000 7fea34c75640 1 -- 10.20.193.77:0/3850842606 >> [v2:10.20.193.77:6800/2538260304,v1:10.20.193.77:6801/2538260304] conn(0x7fea0803dbf0 msgr2=0x7fea080400b0 secure :-1 s=STATE_CONNECTION_ESTABLISHED l=1).mark_down
2026-02-19T23:34:05.016 INFO:teuthology.orchestra.run.trial077.stdout:/usr/bin/ceph: stderr
2026-02-19T23:34:04.986+0000 7fea34c75640 1 --2- 10.20.193.77:0/3850842606 >> [v2:10.20.193.77:6800/2538260304,v1:10.20.193.77:6801/2538260304] conn(0x7fea0803dbf0 0x7fea080400b0 secure :-1 s=READY pgs=15 cs=0 l=1 rev1=1 crypto rx=0x7fea180099c0 tx=0x7fea18006eb0 comp rx=0 tx=0).stop
2026-02-19T23:34:05.016 INFO:teuthology.orchestra.run.trial077.stdout:/usr/bin/ceph: stderr
2026-02-19T23:34:04.986+0000 7fea34c75640 1 -- 10.20.193.77:0/3850842606 >> [v2:10.20.193.77:3300/0,v1:10.20.193.77:6789/0] conn(0x7fea30108540 msgr2=0x7fea301a06b0 secure :-1 s=STATE_CONNECTION_ESTABLISHED l=1).mark_down
2026-02-19T23:34:05.016 INFO:teuthology.orchestra.run.trial077.stdout:/usr/bin/ceph: stderr
2026-02-19T23:34:04.986+0000 7fea34c75640 1 --2- 10.20.193.77:0/3850842606 >> [v2:10.20.193.77:3300/0,v1:10.20.193.77:6789/0] conn(0x7fea30108540 0x7fea301a06b0 secure :-1 s=READY pgs=52 cs=0 l=1 rev1=1 crypto rx=0x7fea24035b90 tx=0x7fea24035bc0 comp rx=0 tx=0).stop
2026-02-19T23:34:05.016 INFO:teuthology.orchestra.run.trial077.stdout:/usr/bin/ceph: stderr
2026-02-19T23:34:04.986+0000 7fea34c75640 1 -- 10.20.193.77:0/3850842606 shutdown_connections
2026-02-19T23:34:05.016 INFO:teuthology.orchestra.run.trial077.stdout:/usr/bin/ceph: stderr
2026-02-19T23:34:04.986+0000 7fea34c75640 1 --2- 10.20.193.77:0/3850842606 >> [v2:10.20.193.77:6800/2538260304,v1:10.20.193.77:6801/2538260304] conn(0x7fea0803dbf0 0x7fea080400b0 unknown :-1 s=CLOSED pgs=15 cs=0 l=1 rev1=1 crypto rx=0 tx=0 comp rx=0 tx=0).stop
2026-02-19T23:34:05.017 INFO:teuthology.orchestra.run.trial077.stdout:/usr/bin/ceph: stderr
2026-02-19T23:34:04.986+0000 7fea34c75640 1 --2- 10.20.193.77:0/3850842606 >> [v2:10.20.193.77:3300/0,v1:10.20.193.77:6789/0] conn(0x7fea30108540 0x7fea301a06b0 unknown :-1 s=CLOSED pgs=52 cs=0 l=1 rev1=1 crypto rx=0 tx=0 comp rx=0 tx=0).stop
2026-02-19T23:34:05.017 INFO:teuthology.orchestra.run.trial077.stdout:/usr/bin/ceph: stderr
2026-02-19T23:34:04.986+0000 7fea34c75640 1 -- 10.20.193.77:0/3850842606 >> 10.20.193.77:0/3850842606 conn(0x7fea30103d10 msgr2=0x7fea30104840 unknown :-1 s=STATE_NONE l=0).mark_down
2026-02-19T23:34:05.017 INFO:teuthology.orchestra.run.trial077.stdout:/usr/bin/ceph: stderr
2026-02-19T23:34:04.986+0000 7fea34c75640 1 -- 10.20.193.77:0/3850842606 shutdown_connections
2026-02-19T23:34:05.017 INFO:teuthology.orchestra.run.trial077.stdout:/usr/bin/ceph: stderr
2026-02-19T23:34:04.986+0000 7fea34c75640 1 -- 10.20.193.77:0/3850842606 wait complete.
2026-02-19T23:34:05.017 INFO:teuthology.orchestra.run.trial077.stdout:Enabling the dashboard module...
2026-02-19T23:34:05.101 INFO:journalctl@ceph.mon.a.trial077.stdout:Feb 19 23:34:04 trial077 ceph-mon[40887]: Deploying cephadm binary to trial077
2026-02-19T23:34:05.101 INFO:journalctl@ceph.mon.a.trial077.stdout:Feb 19 23:34:04 trial077 ceph-mon[40887]: from='mgr.14118 10.20.193.77:0/611309354' entity='mgr.x'
2026-02-19T23:34:05.101 INFO:journalctl@ceph.mon.a.trial077.stdout:Feb 19 23:34:04 trial077 ceph-mon[40887]: from='mgr.14118 10.20.193.77:0/611309354' entity='mgr.x' cmd=[{"prefix": "config dump", "format": "json"}]: dispatch
2026-02-19T23:34:05.101 INFO:journalctl@ceph.mon.a.trial077.stdout:Feb 19 23:34:04 trial077 ceph-mon[40887]: from='mgr.14118 10.20.193.77:0/611309354' entity='mgr.x'
2026-02-19T23:34:05.101 INFO:journalctl@ceph.mon.a.trial077.stdout:Feb 19 23:34:04 trial077 ceph-mon[40887]: from='mgr.14118 10.20.193.77:0/611309354' entity='mgr.x'
2026-02-19T23:34:05.101 INFO:journalctl@ceph.mon.a.trial077.stdout:Feb 19 23:34:04 trial077 ceph-mon[40887]: from='mgr.14118 10.20.193.77:0/611309354' entity='mgr.x'
2026-02-19T23:34:05.101 INFO:journalctl@ceph.mon.a.trial077.stdout:Feb 19 23:34:04 trial077 ceph-mon[40887]: from='mgr.14118 10.20.193.77:0/611309354' entity='mgr.x'
2026-02-19T23:34:05.102 INFO:journalctl@ceph.mon.a.trial077.stdout:Feb 19 23:34:04 trial077 ceph-mon[40887]: from='client.? 10.20.193.77:0/4172882646' entity='client.admin'
2026-02-19T23:34:06.134 INFO:teuthology.orchestra.run.trial077.stdout:/usr/bin/ceph: stderr
2026-02-19T23:34:05.111+0000 7fd311258640 1 Processor -- start
2026-02-19T23:34:06.135 INFO:teuthology.orchestra.run.trial077.stdout:/usr/bin/ceph: stderr
2026-02-19T23:34:05.111+0000 7fd311258640 1 -- start start
2026-02-19T23:34:06.135 INFO:teuthology.orchestra.run.trial077.stdout:/usr/bin/ceph: stderr
2026-02-19T23:34:05.111+0000 7fd311258640 1 --2- >> [v2:10.20.193.77:3300/0,v1:10.20.193.77:6789/0] conn(0x7fd30c10aa40 0x7fd30c10ae40 unknown :-1 s=NONE pgs=0 cs=0 l=0 rev1=0 crypto rx=0 tx=0 comp rx=0 tx=0).connect
2026-02-19T23:34:06.135 INFO:teuthology.orchestra.run.trial077.stdout:/usr/bin/ceph: stderr
2026-02-19T23:34:05.111+0000 7fd311258640 1 -- --> [v2:10.20.193.77:3300/0,v1:10.20.193.77:6789/0] -- mon_getmap magic: 0 -- 0x7fd30c10b410 con 0x7fd30c10aa40
2026-02-19T23:34:06.135 INFO:teuthology.orchestra.run.trial077.stdout:/usr/bin/ceph: stderr
2026-02-19T23:34:05.111+0000 7fd30bfff640 1 --2- >> [v2:10.20.193.77:3300/0,v1:10.20.193.77:6789/0] conn(0x7fd30c10aa40 0x7fd30c10ae40 unknown :-1 s=BANNER_CONNECTING pgs=0 cs=0 l=0 rev1=0 crypto rx=0 tx=0 comp rx=0 tx=0)._handle_peer_banner_payload supported=3 required=0
2026-02-19T23:34:06.135 INFO:teuthology.orchestra.run.trial077.stdout:/usr/bin/ceph: stderr
2026-02-19T23:34:05.111+0000 7fd30bfff640 1 --2- >> [v2:10.20.193.77:3300/0,v1:10.20.193.77:6789/0] conn(0x7fd30c10aa40 0x7fd30c10ae40 unknown :-1 s=HELLO_CONNECTING pgs=0 cs=0 l=0 rev1=1 crypto rx=0 tx=0 comp rx=0 tx=0).handle_hello peer v2:10.20.193.77:3300/0 says I am v2:10.20.193.77:60884/0 (socket says 10.20.193.77:60884)
2026-02-19T23:34:06.135 INFO:teuthology.orchestra.run.trial077.stdout:/usr/bin/ceph: stderr
2026-02-19T23:34:05.111+0000 7fd30bfff640 1 -- 10.20.193.77:0/2740461069 learned_addr learned my addr 10.20.193.77:0/2740461069 (peer_addr_for_me v2:10.20.193.77:0/0)
2026-02-19T23:34:06.135 INFO:teuthology.orchestra.run.trial077.stdout:/usr/bin/ceph: stderr
2026-02-19T23:34:05.111+0000 7fd30bfff640 1 -- 10.20.193.77:0/2740461069 --> [v2:10.20.193.77:3300/0,v1:10.20.193.77:6789/0] -- mon_subscribe({config=0+,monmap=0+}) -- 0x7fd30c10b800 con 0x7fd30c10aa40
2026-02-19T23:34:06.136 INFO:teuthology.orchestra.run.trial077.stdout:/usr/bin/ceph: stderr
2026-02-19T23:34:05.112+0000 7fd30bfff640 1 --2- 10.20.193.77:0/2740461069 >> [v2:10.20.193.77:3300/0,v1:10.20.193.77:6789/0] conn(0x7fd30c10aa40 0x7fd30c10ae40 secure :-1 s=READY pgs=53 cs=0 l=1 rev1=1 crypto rx=0x7fd2f8009920 tx=0x7fd2f802ef20 comp rx=0 tx=0).ready entity=mon.0 client_cookie=4c30a2a6e94bce06 server_cookie=0 in_seq=0 out_seq=0
2026-02-19T23:34:06.136 INFO:teuthology.orchestra.run.trial077.stdout:/usr/bin/ceph: stderr
2026-02-19T23:34:05.112+0000 7fd30affd640 1 -- 10.20.193.77:0/2740461069 <== mon.0 v2:10.20.193.77:3300/0 1 ==== mon_map magic: 0 ==== 205+0+0 (secure 0 0 0) 0x7fd2f803c070 con 0x7fd30c10aa40
2026-02-19T23:34:06.136 INFO:teuthology.orchestra.run.trial077.stdout:/usr/bin/ceph: stderr
2026-02-19T23:34:05.112+0000 7fd30affd640 1 -- 10.20.193.77:0/2740461069 <== mon.0 v2:10.20.193.77:3300/0 2 ==== config(28 keys) ==== 1145+0+0 (secure 0 0 0) 0x7fd2f8037440 con 0x7fd30c10aa40
2026-02-19T23:34:06.136 INFO:teuthology.orchestra.run.trial077.stdout:/usr/bin/ceph: stderr
2026-02-19T23:34:05.112+0000 7fd30affd640 1 -- 10.20.193.77:0/2740461069 <== mon.0 v2:10.20.193.77:3300/0 3 ==== mon_map magic: 0 ==== 205+0+0 (secure 0 0 0) 0x7fd2f8035610 con 0x7fd30c10aa40
2026-02-19T23:34:06.136 INFO:teuthology.orchestra.run.trial077.stdout:/usr/bin/ceph: stderr
2026-02-19T23:34:05.112+0000 7fd311258640 1 -- 10.20.193.77:0/2740461069 >> [v2:10.20.193.77:3300/0,v1:10.20.193.77:6789/0] conn(0x7fd30c10aa40 msgr2=0x7fd30c10ae40 secure :-1 s=STATE_CONNECTION_ESTABLISHED l=1).mark_down
2026-02-19T23:34:06.136 INFO:teuthology.orchestra.run.trial077.stdout:/usr/bin/ceph: stderr
2026-02-19T23:34:05.112+0000 7fd311258640 1 --2- 10.20.193.77:0/2740461069 >> [v2:10.20.193.77:3300/0,v1:10.20.193.77:6789/0] conn(0x7fd30c10aa40 0x7fd30c10ae40 secure :-1 s=READY pgs=53 cs=0 l=1 rev1=1 crypto rx=0x7fd2f8009920 tx=0x7fd2f802ef20 comp rx=0 tx=0).stop
2026-02-19T23:34:06.136 INFO:teuthology.orchestra.run.trial077.stdout:/usr/bin/ceph: stderr
2026-02-19T23:34:05.113+0000 7fd311258640 1 -- 10.20.193.77:0/2740461069 shutdown_connections
2026-02-19T23:34:06.136 INFO:teuthology.orchestra.run.trial077.stdout:/usr/bin/ceph: stderr
2026-02-19T23:34:05.113+0000 7fd311258640 1 --2- 10.20.193.77:0/2740461069 >> [v2:10.20.193.77:3300/0,v1:10.20.193.77:6789/0] conn(0x7fd30c10aa40 0x7fd30c10ae40 unknown :-1 s=CLOSED pgs=53 cs=0 l=1 rev1=1 crypto rx=0 tx=0 comp rx=0 tx=0).stop
2026-02-19T23:34:06.136 INFO:teuthology.orchestra.run.trial077.stdout:/usr/bin/ceph: stderr
2026-02-19T23:34:05.113+0000 7fd311258640 1 -- 10.20.193.77:0/2740461069 >> 10.20.193.77:0/2740461069 conn(0x7fd30c07daf0 msgr2=0x7fd30c07df20 unknown :-1 s=STATE_NONE l=0).mark_down
2026-02-19T23:34:06.136 INFO:teuthology.orchestra.run.trial077.stdout:/usr/bin/ceph: stderr
2026-02-19T23:34:05.113+0000 7fd311258640 1 -- 10.20.193.77:0/2740461069 shutdown_connections
2026-02-19T23:34:06.136 INFO:teuthology.orchestra.run.trial077.stdout:/usr/bin/ceph: stderr
2026-02-19T23:34:05.113+0000 7fd311258640 1 -- 10.20.193.77:0/2740461069 wait complete.
2026-02-19T23:34:06.137 INFO:teuthology.orchestra.run.trial077.stdout:/usr/bin/ceph: stderr
2026-02-19T23:34:05.113+0000 7fd311258640 1 Processor -- start
2026-02-19T23:34:06.137 INFO:teuthology.orchestra.run.trial077.stdout:/usr/bin/ceph: stderr
2026-02-19T23:34:05.113+0000 7fd311258640 1 -- start start
2026-02-19T23:34:06.137 INFO:teuthology.orchestra.run.trial077.stdout:/usr/bin/ceph: stderr
2026-02-19T23:34:05.113+0000 7fd311258640 1 --2- >> [v2:10.20.193.77:3300/0,v1:10.20.193.77:6789/0] conn(0x7fd30c10aa40 0x7fd30c1a04f0 unknown :-1 s=NONE pgs=0 cs=0 l=1 rev1=0 crypto rx=0 tx=0 comp rx=0 tx=0).connect
2026-02-19T23:34:06.137 INFO:teuthology.orchestra.run.trial077.stdout:/usr/bin/ceph: stderr
2026-02-19T23:34:05.113+0000 7fd311258640 1 -- --> [v2:10.20.193.77:3300/0,v1:10.20.193.77:6789/0] -- mon_getmap magic: 0 -- 0x7fd30c10ebb0 con 0x7fd30c10aa40
2026-02-19T23:34:06.137 INFO:teuthology.orchestra.run.trial077.stdout:/usr/bin/ceph: stderr
2026-02-19T23:34:05.113+0000 7fd30bfff640 1 --2- >> [v2:10.20.193.77:3300/0,v1:10.20.193.77:6789/0] conn(0x7fd30c10aa40 0x7fd30c1a04f0 unknown :-1 s=BANNER_CONNECTING pgs=0 cs=0 l=1 rev1=0 crypto rx=0 tx=0 comp rx=0 tx=0)._handle_peer_banner_payload supported=3 required=0
2026-02-19T23:34:06.137 INFO:teuthology.orchestra.run.trial077.stdout:/usr/bin/ceph: stderr
2026-02-19T23:34:05.113+0000 7fd30bfff640 1 --2- >> [v2:10.20.193.77:3300/0,v1:10.20.193.77:6789/0] conn(0x7fd30c10aa40 0x7fd30c1a04f0 unknown :-1 s=HELLO_CONNECTING pgs=0 cs=0 l=1 rev1=1 crypto rx=0 tx=0 comp rx=0 tx=0).handle_hello peer v2:10.20.193.77:3300/0 says I am v2:10.20.193.77:60894/0 (socket says 10.20.193.77:60894)
2026-02-19T23:34:06.137 INFO:teuthology.orchestra.run.trial077.stdout:/usr/bin/ceph: stderr
2026-02-19T23:34:05.113+0000 7fd30bfff640 1 -- 10.20.193.77:0/1440124766 learned_addr learned my addr 10.20.193.77:0/1440124766 (peer_addr_for_me v2:10.20.193.77:0/0)
2026-02-19T23:34:06.137 INFO:teuthology.orchestra.run.trial077.stdout:/usr/bin/ceph: stderr
2026-02-19T23:34:05.113+0000 7fd30bfff640 1 -- 10.20.193.77:0/1440124766 --> [v2:10.20.193.77:3300/0,v1:10.20.193.77:6789/0] -- mon_subscribe({config=0+,monmap=0+}) -- 0x7fd30c1a0a30 con 0x7fd30c10aa40
2026-02-19T23:34:06.137 INFO:teuthology.orchestra.run.trial077.stdout:/usr/bin/ceph: stderr
2026-02-19T23:34:05.113+0000 7fd30bfff640 1 --2- 10.20.193.77:0/1440124766 >> [v2:10.20.193.77:3300/0,v1:10.20.193.77:6789/0] conn(0x7fd30c10aa40 0x7fd30c1a04f0 secure :-1 s=READY pgs=54 cs=0 l=1 rev1=1 crypto rx=0x7fd2f8002410 tx=0x7fd2f8035b40 comp rx=0 tx=0).ready entity=mon.0 client_cookie=0 server_cookie=0 in_seq=0 out_seq=0
2026-02-19T23:34:06.137 INFO:teuthology.orchestra.run.trial077.stdout:/usr/bin/ceph: stderr
2026-02-19T23:34:05.113+0000 7fd3097fa640 1 -- 10.20.193.77:0/1440124766 <== mon.0 v2:10.20.193.77:3300/0 1 ==== mon_map magic: 0 ==== 205+0+0 (secure 0 0 0) 0x7fd2f8044020 con 0x7fd30c10aa40
2026-02-19T23:34:06.137 INFO:teuthology.orchestra.run.trial077.stdout:/usr/bin/ceph: stderr
2026-02-19T23:34:05.113+0000 7fd3097fa640 1 -- 10.20.193.77:0/1440124766 <== mon.0 v2:10.20.193.77:3300/0 2 ==== config(28 keys) ==== 1145+0+0 (secure 0 0 0) 0x7fd2f8035d50 con 0x7fd30c10aa40
2026-02-19T23:34:06.138 INFO:teuthology.orchestra.run.trial077.stdout:/usr/bin/ceph: stderr
2026-02-19T23:34:05.113+0000 7fd311258640 1 -- 10.20.193.77:0/1440124766 --> [v2:10.20.193.77:3300/0,v1:10.20.193.77:6789/0] -- mon_subscribe({mgrmap=0+}) -- 0x7fd30c1a0cc0 con 0x7fd30c10aa40
2026-02-19T23:34:06.138 INFO:teuthology.orchestra.run.trial077.stdout:/usr/bin/ceph: stderr
2026-02-19T23:34:05.113+0000 7fd3097fa640 1 -- 10.20.193.77:0/1440124766 <== mon.0 v2:10.20.193.77:3300/0 3 ==== mon_map magic: 0 ==== 205+0+0 (secure 0 0 0) 0x7fd2f803c040 con 0x7fd30c10aa40
2026-02-19T23:34:06.138 INFO:teuthology.orchestra.run.trial077.stdout:/usr/bin/ceph: stderr
2026-02-19T23:34:05.113+0000 7fd311258640 1 -- 10.20.193.77:0/1440124766 --> [v2:10.20.193.77:3300/0,v1:10.20.193.77:6789/0] -- mon_subscribe({osdmap=0}) -- 0x7fd30c1a39b0 con 0x7fd30c10aa40
2026-02-19T23:34:06.138 INFO:teuthology.orchestra.run.trial077.stdout:/usr/bin/ceph: stderr
2026-02-19T23:34:05.114+0000 7fd3097fa640 1 -- 10.20.193.77:0/1440124766 <== mon.0 v2:10.20.193.77:3300/0 4 ==== mgrmap(e 8) ==== 50247+0+0 (secure 0 0 0) 0x7fd2f803f050 con 0x7fd30c10aa40
2026-02-19T23:34:06.138 INFO:teuthology.orchestra.run.trial077.stdout:/usr/bin/ceph: stderr
2026-02-19T23:34:05.114+0000 7fd311258640 1 -- 10.20.193.77:0/1440124766 --> [v2:10.20.193.77:3300/0,v1:10.20.193.77:6789/0] -- mon_command({"prefix": "get_command_descriptions"} v 0) -- 0x7fd30c10ed30 con 0x7fd30c10aa40
2026-02-19T23:34:06.138 INFO:teuthology.orchestra.run.trial077.stdout:/usr/bin/ceph: stderr
2026-02-19T23:34:05.114+0000 7fd3097fa640 1 --2- 10.20.193.77:0/1440124766 >> [v2:10.20.193.77:6800/2538260304,v1:10.20.193.77:6801/2538260304] conn(0x7fd2e003dbf0 0x7fd2e00400b0 unknown :-1 s=NONE pgs=0 cs=0 l=1 rev1=0 crypto rx=0 tx=0 comp rx=0 tx=0).connect
2026-02-19T23:34:06.138 INFO:teuthology.orchestra.run.trial077.stdout:/usr/bin/ceph: stderr
2026-02-19T23:34:05.114+0000 7fd3097fa640 1 -- 10.20.193.77:0/1440124766 <== mon.0 v2:10.20.193.77:3300/0 5 ==== osd_map(2..2 src has 1..2) ==== 940+0+0 (secure 0 0 0) 0x7fd2f8076af0 con 0x7fd30c10aa40
2026-02-19T23:34:06.138 INFO:teuthology.orchestra.run.trial077.stdout:/usr/bin/ceph: stderr
2026-02-19T23:34:05.114+0000 7fd30b7fe640 1 --2- 10.20.193.77:0/1440124766 >> [v2:10.20.193.77:6800/2538260304,v1:10.20.193.77:6801/2538260304] conn(0x7fd2e003dbf0 0x7fd2e00400b0 unknown :-1 s=BANNER_CONNECTING pgs=0 cs=0 l=1 rev1=0 crypto rx=0 tx=0 comp rx=0 tx=0)._handle_peer_banner_payload supported=3 required=0
2026-02-19T23:34:06.138 INFO:teuthology.orchestra.run.trial077.stdout:/usr/bin/ceph: stderr
2026-02-19T23:34:05.114+0000 7fd30b7fe640 1 --2- 10.20.193.77:0/1440124766 >> [v2:10.20.193.77:6800/2538260304,v1:10.20.193.77:6801/2538260304] conn(0x7fd2e003dbf0 0x7fd2e00400b0 secure :-1 s=READY pgs=16 cs=0 l=1 rev1=1 crypto rx=0x7fd2fc0099c0 tx=0x7fd2fc006eb0 comp rx=0 tx=0).ready entity=mgr.14118 client_cookie=0 server_cookie=0 in_seq=0 out_seq=0
2026-02-19T23:34:06.138 INFO:teuthology.orchestra.run.trial077.stdout:/usr/bin/ceph: stderr
2026-02-19T23:34:05.117+0000 7fd3097fa640 1 -- 10.20.193.77:0/1440124766 <== mon.0 v2:10.20.193.77:3300/0 6 ==== mon_command_ack([{"prefix": "get_command_descriptions"}]=0 v0) ==== 72+0+195034 (secure 0 0 0) 0x7fd2f804e020 con 0x7fd30c10aa40
2026-02-19T23:34:06.138 INFO:teuthology.orchestra.run.trial077.stdout:/usr/bin/ceph: stderr
2026-02-19T23:34:05.227+0000 7fd311258640 1 -- 10.20.193.77:0/1440124766 --> [v2:10.20.193.77:3300/0,v1:10.20.193.77:6789/0] -- mon_command({"prefix": "mgr module enable", "module": "dashboard"} v 0) -- 0x7fd30c1a3b80 con 0x7fd30c10aa40
2026-02-19T23:34:06.138 INFO:teuthology.orchestra.run.trial077.stdout:/usr/bin/ceph: stderr
2026-02-19T23:34:06.102+0000 7fd3097fa640 1 -- 10.20.193.77:0/1440124766 <== mon.0 v2:10.20.193.77:3300/0 7 ==== mon_command_ack([{"prefix": "mgr module enable", "module": "dashboard"}]=0 v9) ==== 88+0+0 (secure 0 0 0) 0x7fd2f803e2f0 con 0x7fd30c10aa40
2026-02-19T23:34:06.139 INFO:teuthology.orchestra.run.trial077.stdout:/usr/bin/ceph: stderr
2026-02-19T23:34:06.103+0000 7fd3097fa640 1 -- 10.20.193.77:0/1440124766 <== mon.0 v2:10.20.193.77:3300/0 8 ==== mgrmap(e 9) ==== 50260+0+0 (secure 0 0 0) 0x7fd2f8049400 con 0x7fd30c10aa40
2026-02-19T23:34:06.139 INFO:teuthology.orchestra.run.trial077.stdout:/usr/bin/ceph: stderr
2026-02-19T23:34:06.107+0000 7fd311258640 1 -- 10.20.193.77:0/1440124766 >> [v2:10.20.193.77:6800/2538260304,v1:10.20.193.77:6801/2538260304] conn(0x7fd2e003dbf0 msgr2=0x7fd2e00400b0 secure :-1 s=STATE_CONNECTION_ESTABLISHED l=1).mark_down
2026-02-19T23:34:06.139 INFO:teuthology.orchestra.run.trial077.stdout:/usr/bin/ceph: stderr
2026-02-19T23:34:06.107+0000 7fd311258640 1 --2- 10.20.193.77:0/1440124766 >> [v2:10.20.193.77:6800/2538260304,v1:10.20.193.77:6801/2538260304] conn(0x7fd2e003dbf0 0x7fd2e00400b0 secure :-1 s=READY pgs=16 cs=0 l=1 rev1=1 crypto rx=0x7fd2fc0099c0 tx=0x7fd2fc006eb0 comp rx=0 tx=0).stop
2026-02-19T23:34:06.139 INFO:teuthology.orchestra.run.trial077.stdout:/usr/bin/ceph: stderr
2026-02-19T23:34:06.107+0000 7fd311258640 1 -- 10.20.193.77:0/1440124766 >> [v2:10.20.193.77:3300/0,v1:10.20.193.77:6789/0] conn(0x7fd30c10aa40 msgr2=0x7fd30c1a04f0 secure :-1 s=STATE_CONNECTION_ESTABLISHED l=1).mark_down
2026-02-19T23:34:06.139 INFO:teuthology.orchestra.run.trial077.stdout:/usr/bin/ceph: stderr
2026-02-19T23:34:06.107+0000 7fd311258640 1 --2- 10.20.193.77:0/1440124766 >> [v2:10.20.193.77:3300/0,v1:10.20.193.77:6789/0] conn(0x7fd30c10aa40 0x7fd30c1a04f0 secure :-1 s=READY pgs=54 cs=0 l=1 rev1=1 crypto rx=0x7fd2f8002410 tx=0x7fd2f8035b40 comp rx=0 tx=0).stop
2026-02-19T23:34:06.139 INFO:teuthology.orchestra.run.trial077.stdout:/usr/bin/ceph: stderr
2026-02-19T23:34:06.107+0000 7fd311258640 1 -- 10.20.193.77:0/1440124766 shutdown_connections
2026-02-19T23:34:06.139 INFO:teuthology.orchestra.run.trial077.stdout:/usr/bin/ceph: stderr
2026-02-19T23:34:06.107+0000 7fd311258640 1 --2- 10.20.193.77:0/1440124766 >> [v2:10.20.193.77:6800/2538260304,v1:10.20.193.77:6801/2538260304] conn(0x7fd2e003dbf0 0x7fd2e00400b0 unknown :-1 s=CLOSED pgs=16 cs=0 l=1 rev1=1 crypto rx=0 tx=0 comp rx=0 tx=0).stop
2026-02-19T23:34:06.139 INFO:teuthology.orchestra.run.trial077.stdout:/usr/bin/ceph: stderr
2026-02-19T23:34:06.107+0000 7fd311258640 1 --2- 10.20.193.77:0/1440124766 >> [v2:10.20.193.77:3300/0,v1:10.20.193.77:6789/0] conn(0x7fd30c10aa40 0x7fd30c1a04f0 unknown :-1 s=CLOSED pgs=54 cs=0 l=1 rev1=1 crypto rx=0 tx=0 comp rx=0 tx=0).stop
2026-02-19T23:34:06.139 INFO:teuthology.orchestra.run.trial077.stdout:/usr/bin/ceph: stderr
2026-02-19T23:34:06.107+0000 7fd311258640 1 -- 10.20.193.77:0/1440124766 >> 10.20.193.77:0/1440124766 conn(0x7fd30c07daf0 msgr2=0x7fd30c108620 unknown :-1 s=STATE_NONE l=0).mark_down
2026-02-19T23:34:06.139 INFO:teuthology.orchestra.run.trial077.stdout:/usr/bin/ceph: stderr
2026-02-19T23:34:06.107+0000 7fd311258640 1 -- 10.20.193.77:0/1440124766 shutdown_connections
2026-02-19T23:34:06.139 INFO:teuthology.orchestra.run.trial077.stdout:/usr/bin/ceph: stderr
2026-02-19T23:34:06.107+0000 7fd311258640 1 -- 10.20.193.77:0/1440124766 wait complete.
2026-02-19T23:34:06.244 INFO:journalctl@ceph.mon.a.trial077.stdout:Feb 19 23:34:05 trial077 ceph-mon[40887]: Added host trial077
2026-02-19T23:34:06.244 INFO:journalctl@ceph.mon.a.trial077.stdout:Feb 19 23:34:05 trial077 ceph-mon[40887]: from='client.14140 -' entity='client.admin' cmd=[{"prefix": "orch apply", "service_type": "mon", "unmanaged": true, "target": ["mon-mgr", ""]}]: dispatch
2026-02-19T23:34:06.244 INFO:journalctl@ceph.mon.a.trial077.stdout:Feb 19 23:34:05 trial077 ceph-mon[40887]: Saving service mon spec with placement count:5
2026-02-19T23:34:06.244 INFO:journalctl@ceph.mon.a.trial077.stdout:Feb 19 23:34:05 trial077 ceph-mon[40887]: from='client.14142 -' entity='client.admin' cmd=[{"prefix": "orch apply", "service_type": "mgr", "unmanaged": true, "target": ["mon-mgr", ""]}]: dispatch
2026-02-19T23:34:06.245 INFO:journalctl@ceph.mon.a.trial077.stdout:Feb 19 23:34:05 trial077 ceph-mon[40887]: Saving service mgr spec with placement count:2
2026-02-19T23:34:06.245 INFO:journalctl@ceph.mon.a.trial077.stdout:Feb 19 23:34:05 trial077 ceph-mon[40887]: from='client.? 10.20.193.77:0/3850842606' entity='client.admin'
2026-02-19T23:34:06.245 INFO:journalctl@ceph.mon.a.trial077.stdout:Feb 19 23:34:05 trial077 ceph-mon[40887]: from='mgr.14118 10.20.193.77:0/611309354' entity='mgr.x'
2026-02-19T23:34:06.245 INFO:journalctl@ceph.mon.a.trial077.stdout:Feb 19 23:34:05 trial077 ceph-mon[40887]: from='client.? 10.20.193.77:0/1440124766' entity='client.admin' cmd=[{"prefix": "mgr module enable", "module": "dashboard"}]: dispatch
2026-02-19T23:34:06.245 INFO:journalctl@ceph.mon.a.trial077.stdout:Feb 19 23:34:05 trial077 ceph-mon[40887]: from='mgr.14118 10.20.193.77:0/611309354' entity='mgr.x'
2026-02-19T23:34:06.245 INFO:journalctl@ceph.mgr.x.trial077.stdout:Feb 19 23:34:06 trial077 ceph-672381aa-0deb-11f1-8c8f-d404e6e7d460-mgr-x[41153]: ignoring --setuser ceph since I am not root
2026-02-19T23:34:06.245 INFO:journalctl@ceph.mgr.x.trial077.stdout:Feb 19 23:34:06 trial077 ceph-672381aa-0deb-11f1-8c8f-d404e6e7d460-mgr-x[41153]: ignoring --setgroup ceph since I am not root
2026-02-19T23:34:06.382 INFO:teuthology.orchestra.run.trial077.stdout:/usr/bin/ceph: stdout {
2026-02-19T23:34:06.382 INFO:teuthology.orchestra.run.trial077.stdout:/usr/bin/ceph: stdout "epoch": 9,
2026-02-19T23:34:06.382 INFO:teuthology.orchestra.run.trial077.stdout:/usr/bin/ceph: stdout "available": true,
2026-02-19T23:34:06.382 INFO:teuthology.orchestra.run.trial077.stdout:/usr/bin/ceph: stdout "active_name": "x",
2026-02-19T23:34:06.382 INFO:teuthology.orchestra.run.trial077.stdout:/usr/bin/ceph: stdout "num_standby": 0
2026-02-19T23:34:06.382 INFO:teuthology.orchestra.run.trial077.stdout:/usr/bin/ceph: stdout }
2026-02-19T23:34:06.383 INFO:teuthology.orchestra.run.trial077.stdout:/usr/bin/ceph: stderr
2026-02-19T23:34:06.241+0000 7fc1300ac640 1 Processor -- start
2026-02-19T23:34:06.383 INFO:teuthology.orchestra.run.trial077.stdout:/usr/bin/ceph: stderr
2026-02-19T23:34:06.241+0000 7fc1300ac640 1 -- start start
2026-02-19T23:34:06.383 INFO:teuthology.orchestra.run.trial077.stdout:/usr/bin/ceph: stderr
2026-02-19T23:34:06.241+0000 7fc1300ac640 1 --2- >> [v2:10.20.193.77:3300/0,v1:10.20.193.77:6789/0] conn(0x7fc12807eed0 0x7fc12807d330 unknown :-1 s=NONE pgs=0 cs=0 l=0 rev1=0 crypto rx=0 tx=0 comp rx=0 tx=0).connect
2026-02-19T23:34:06.383 INFO:teuthology.orchestra.run.trial077.stdout:/usr/bin/ceph: stderr
2026-02-19T23:34:06.241+0000 7fc1300ac640 1 -- --> [v2:10.20.193.77:3300/0,v1:10.20.193.77:6789/0] -- mon_getmap magic: 0 -- 0x7fc12807d870 con 0x7fc12807eed0
2026-02-19T23:34:06.383 INFO:teuthology.orchestra.run.trial077.stdout:/usr/bin/ceph: stderr
2026-02-19T23:34:06.242+0000 7fc12de21640 1 --2- >> [v2:10.20.193.77:3300/0,v1:10.20.193.77:6789/0] conn(0x7fc12807eed0 0x7fc12807d330 unknown :-1 s=BANNER_CONNECTING pgs=0 cs=0 l=0 rev1=0 crypto rx=0 tx=0 comp rx=0 tx=0)._handle_peer_banner_payload supported=3 required=0
2026-02-19T23:34:06.383 INFO:teuthology.orchestra.run.trial077.stdout:/usr/bin/ceph: stderr
2026-02-19T23:34:06.242+0000 7fc12de21640 1 --2- >> [v2:10.20.193.77:3300/0,v1:10.20.193.77:6789/0] conn(0x7fc12807eed0 0x7fc12807d330 unknown :-1 s=HELLO_CONNECTING pgs=0 cs=0 l=0 rev1=1 crypto rx=0 tx=0 comp rx=0 tx=0).handle_hello peer v2:10.20.193.77:3300/0 says I am v2:10.20.193.77:60920/0 (socket says 10.20.193.77:60920)
2026-02-19T23:34:06.383 INFO:teuthology.orchestra.run.trial077.stdout:/usr/bin/ceph: stderr
2026-02-19T23:34:06.242+0000 7fc12de21640 1 -- 10.20.193.77:0/1634899249 learned_addr learned my addr 10.20.193.77:0/1634899249 (peer_addr_for_me v2:10.20.193.77:0/0)
2026-02-19T23:34:06.383 INFO:teuthology.orchestra.run.trial077.stdout:/usr/bin/ceph: stderr
2026-02-19T23:34:06.242+0000 7fc12de21640 1 -- 10.20.193.77:0/1634899249 --> [v2:10.20.193.77:3300/0,v1:10.20.193.77:6789/0] -- mon_subscribe({config=0+,monmap=0+}) -- 0x7fc12807d9f0 con 0x7fc12807eed0
2026-02-19T23:34:06.383 INFO:teuthology.orchestra.run.trial077.stdout:/usr/bin/ceph: stderr
2026-02-19T23:34:06.242+0000 7fc12de21640 1 --2- 10.20.193.77:0/1634899249 >> [v2:10.20.193.77:3300/0,v1:10.20.193.77:6789/0] conn(0x7fc12807eed0 0x7fc12807d330 secure :-1 s=READY pgs=57 cs=0 l=1 rev1=1 crypto rx=0x7fc118009920 tx=0x7fc11802ef20 comp rx=0 tx=0).ready entity=mon.0 client_cookie=66f1a8d4eb417e69 server_cookie=0 in_seq=0 out_seq=0
2026-02-19T23:34:06.383 INFO:teuthology.orchestra.run.trial077.stdout:/usr/bin/ceph: stderr
2026-02-19T23:34:06.243+0000 7fc12ce1f640 1 -- 10.20.193.77:0/1634899249 <== mon.0 v2:10.20.193.77:3300/0 1 ==== mon_map magic: 0 ==== 205+0+0 (secure 0 0 0) 0x7fc11803c070 con 0x7fc12807eed0
2026-02-19T23:34:06.383 INFO:teuthology.orchestra.run.trial077.stdout:/usr/bin/ceph: stderr
2026-02-19T23:34:06.243+0000 7fc12ce1f640 1 -- 10.20.193.77:0/1634899249 <== mon.0 v2:10.20.193.77:3300/0 2 ==== config(28 keys) ==== 1145+0+0 (secure 0 0 0) 0x7fc118037440 con 0x7fc12807eed0
2026-02-19T23:34:06.384 INFO:teuthology.orchestra.run.trial077.stdout:/usr/bin/ceph: stderr
2026-02-19T23:34:06.243+0000 7fc12ce1f640 1 -- 10.20.193.77:0/1634899249 <== mon.0 v2:10.20.193.77:3300/0 3 ==== mon_map magic: 0 ==== 205+0+0 (secure 0 0 0) 0x7fc118035610 con 0x7fc12807eed0
2026-02-19T23:34:06.384 INFO:teuthology.orchestra.run.trial077.stdout:/usr/bin/ceph: stderr
2026-02-19T23:34:06.243+0000 7fc1300ac640 1 -- 10.20.193.77:0/1634899249 >> [v2:10.20.193.77:3300/0,v1:10.20.193.77:6789/0] conn(0x7fc12807eed0 msgr2=0x7fc12807d330 secure :-1 s=STATE_CONNECTION_ESTABLISHED l=1).mark_down
2026-02-19T23:34:06.384 INFO:teuthology.orchestra.run.trial077.stdout:/usr/bin/ceph: stderr
2026-02-19T23:34:06.243+0000 7fc1300ac640 1 --2- 10.20.193.77:0/1634899249 >> [v2:10.20.193.77:3300/0,v1:10.20.193.77:6789/0] conn(0x7fc12807eed0 0x7fc12807d330 secure :-1 s=READY pgs=57 cs=0 l=1 rev1=1 crypto rx=0x7fc118009920 tx=0x7fc11802ef20 comp rx=0 tx=0).stop
2026-02-19T23:34:06.384 INFO:teuthology.orchestra.run.trial077.stdout:/usr/bin/ceph: stderr
2026-02-19T23:34:06.243+0000 7fc1300ac640 1 -- 10.20.193.77:0/1634899249 shutdown_connections
2026-02-19T23:34:06.384 INFO:teuthology.orchestra.run.trial077.stdout:/usr/bin/ceph: stderr
2026-02-19T23:34:06.243+0000 7fc1300ac640 1 --2- 10.20.193.77:0/1634899249 >> [v2:10.20.193.77:3300/0,v1:10.20.193.77:6789/0] conn(0x7fc12807eed0 0x7fc12807d330 unknown :-1 s=CLOSED pgs=57 cs=0 l=1 rev1=1 crypto rx=0 tx=0 comp rx=0 tx=0).stop
2026-02-19T23:34:06.384 INFO:teuthology.orchestra.run.trial077.stdout:/usr/bin/ceph: stderr
2026-02-19T23:34:06.243+0000 7fc1300ac640 1 -- 10.20.193.77:0/1634899249 >> 10.20.193.77:0/1634899249 conn(0x7fc128103d10 msgr2=0x7fc128106130 unknown :-1 s=STATE_NONE l=0).mark_down
2026-02-19T23:34:06.384 INFO:teuthology.orchestra.run.trial077.stdout:/usr/bin/ceph: stderr
2026-02-19T23:34:06.243+0000 7fc1300ac640 1 -- 10.20.193.77:0/1634899249 shutdown_connections
2026-02-19T23:34:06.384 INFO:teuthology.orchestra.run.trial077.stdout:/usr/bin/ceph: stderr
2026-02-19T23:34:06.243+0000 7fc1300ac640 1 -- 10.20.193.77:0/1634899249 wait complete.
2026-02-19T23:34:06.384 INFO:teuthology.orchestra.run.trial077.stdout:/usr/bin/ceph: stderr
2026-02-19T23:34:06.243+0000 7fc1300ac640 1 Processor -- start
2026-02-19T23:34:06.384 INFO:teuthology.orchestra.run.trial077.stdout:/usr/bin/ceph: stderr
2026-02-19T23:34:06.243+0000 7fc1300ac640 1 -- start start
2026-02-19T23:34:06.384 INFO:teuthology.orchestra.run.trial077.stdout:/usr/bin/ceph: stderr
2026-02-19T23:34:06.243+0000 7fc1300ac640 1 --2- >> [v2:10.20.193.77:3300/0,v1:10.20.193.77:6789/0] conn(0x7fc12807eed0 0x7fc1281a0670 unknown :-1 s=NONE pgs=0 cs=0 l=1 rev1=0 crypto rx=0 tx=0 comp rx=0 tx=0).connect
2026-02-19T23:34:06.384 INFO:teuthology.orchestra.run.trial077.stdout:/usr/bin/ceph: stderr
2026-02-19T23:34:06.244+0000 7fc1300ac640 1 -- --> [v2:10.20.193.77:3300/0,v1:10.20.193.77:6789/0] -- mon_getmap magic: 0 -- 0x7fc12810ec00 con 0x7fc12807eed0
2026-02-19T23:34:06.385 INFO:teuthology.orchestra.run.trial077.stdout:/usr/bin/ceph: stderr
2026-02-19T23:34:06.244+0000 7fc12de21640 1 --2- >> [v2:10.20.193.77:3300/0,v1:10.20.193.77:6789/0] conn(0x7fc12807eed0 0x7fc1281a0670 unknown :-1 s=BANNER_CONNECTING pgs=0 cs=0 l=1 rev1=0 crypto rx=0 tx=0 comp rx=0 tx=0)._handle_peer_banner_payload supported=3 required=0
2026-02-19T23:34:06.385 INFO:teuthology.orchestra.run.trial077.stdout:/usr/bin/ceph: stderr
2026-02-19T23:34:06.244+0000 7fc12de21640 1 --2- >> [v2:10.20.193.77:3300/0,v1:10.20.193.77:6789/0] conn(0x7fc12807eed0 0x7fc1281a0670 unknown :-1 s=HELLO_CONNECTING pgs=0 cs=0 l=1 rev1=1 crypto rx=0 tx=0 comp rx=0 tx=0).handle_hello peer v2:10.20.193.77:3300/0 says I am v2:10.20.193.77:60934/0 (socket says 10.20.193.77:60934)
2026-02-19T23:34:06.385 INFO:teuthology.orchestra.run.trial077.stdout:/usr/bin/ceph: stderr
2026-02-19T23:34:06.244+0000 7fc12de21640 1 -- 10.20.193.77:0/1885960600 learned_addr learned my addr 10.20.193.77:0/1885960600 (peer_addr_for_me v2:10.20.193.77:0/0)
2026-02-19T23:34:06.385 INFO:teuthology.orchestra.run.trial077.stdout:/usr/bin/ceph: stderr
2026-02-19T23:34:06.244+0000 7fc12de21640 1 -- 10.20.193.77:0/1885960600 --> [v2:10.20.193.77:3300/0,v1:10.20.193.77:6789/0] -- mon_subscribe({config=0+,monmap=0+}) -- 0x7fc1281a0bb0 con 0x7fc12807eed0
2026-02-19T23:34:06.385 INFO:teuthology.orchestra.run.trial077.stdout:/usr/bin/ceph: stderr
2026-02-19T23:34:06.244+0000 7fc12de21640 1 --2- 10.20.193.77:0/1885960600 >> [v2:10.20.193.77:3300/0,v1:10.20.193.77:6789/0] conn(0x7fc12807eed0 0x7fc1281a0670 secure :-1 s=READY pgs=58 cs=0 l=1 rev1=1 crypto rx=0x7fc118002410 tx=0x7fc118035b40 comp rx=0 tx=0).ready entity=mon.0 client_cookie=0 server_cookie=0 in_seq=0 out_seq=0
2026-02-19T23:34:06.385 INFO:teuthology.orchestra.run.trial077.stdout:/usr/bin/ceph: stderr
2026-02-19T23:34:06.244+0000 7fc116ffd640 1 -- 10.20.193.77:0/1885960600 <== mon.0 v2:10.20.193.77:3300/0 1 ==== mon_map magic: 0 ==== 205+0+0 (secure 0 0 0) 0x7fc118044020 con 0x7fc12807eed0
2026-02-19T23:34:06.385 INFO:teuthology.orchestra.run.trial077.stdout:/usr/bin/ceph: stderr
2026-02-19T23:34:06.244+0000 7fc1300ac640 1 -- 10.20.193.77:0/1885960600 --> [v2:10.20.193.77:3300/0,v1:10.20.193.77:6789/0] -- mon_subscribe({mgrmap=0+}) -- 0x7fc1281a0e40 con 0x7fc12807eed0
2026-02-19T23:34:06.385 INFO:teuthology.orchestra.run.trial077.stdout:/usr/bin/ceph: stderr
2026-02-19T23:34:06.244+0000 7fc116ffd640 1 -- 10.20.193.77:0/1885960600 <== mon.0 v2:10.20.193.77:3300/0 2 ==== config(28 keys) ==== 1145+0+0 (secure 0 0 0) 0x7fc118035d50 con 0x7fc12807eed0
2026-02-19T23:34:06.385 INFO:teuthology.orchestra.run.trial077.stdout:/usr/bin/ceph: stderr
2026-02-19T23:34:06.244+0000 7fc116ffd640 1 -- 10.20.193.77:0/1885960600 <== mon.0 v2:10.20.193.77:3300/0 3 ==== mon_map magic: 0 ==== 205+0+0 (secure 0 0 0) 0x7fc11803c040 con 0x7fc12807eed0
2026-02-19T23:34:06.385 INFO:teuthology.orchestra.run.trial077.stdout:/usr/bin/ceph: stderr
2026-02-19T23:34:06.244+0000 7fc1300ac640 1 -- 10.20.193.77:0/1885960600 --> [v2:10.20.193.77:3300/0,v1:10.20.193.77:6789/0] -- mon_subscribe({osdmap=0}) -- 0x7fc1281a3b30 con 0x7fc12807eed0
2026-02-19T23:34:06.385 INFO:teuthology.orchestra.run.trial077.stdout:/usr/bin/ceph: stderr
2026-02-19T23:34:06.245+0000 7fc1300ac640 1 -- 10.20.193.77:0/1885960600 --> [v2:10.20.193.77:3300/0,v1:10.20.193.77:6789/0] -- mon_command({"prefix": "get_command_descriptions"} v 0) -- 0x7fc12807d3b0 con 0x7fc12807eed0
2026-02-19T23:34:06.385 INFO:teuthology.orchestra.run.trial077.stdout:/usr/bin/ceph: stderr
2026-02-19T23:34:06.245+0000 7fc116ffd640 1 -- 10.20.193.77:0/1885960600 <== mon.0 v2:10.20.193.77:3300/0 4 ==== mgrmap(e 9) ==== 50260+0+0 (secure 0 0 0) 0x7fc11803f050 con 0x7fc12807eed0
2026-02-19T23:34:06.385 INFO:teuthology.orchestra.run.trial077.stdout:/usr/bin/ceph: stderr
2026-02-19T23:34:06.245+0000 7fc116ffd640 1 --2- 10.20.193.77:0/1885960600 >> [v2:10.20.193.77:6800/2538260304,v1:10.20.193.77:6801/2538260304] conn(0x7fc10403dbf0 0x7fc1040400b0 unknown :-1 s=NONE pgs=0 cs=0 l=1 rev1=0 crypto rx=0 tx=0 comp rx=0 tx=0).connect
2026-02-19T23:34:06.386 INFO:teuthology.orchestra.run.trial077.stdout:/usr/bin/ceph: stderr
2026-02-19T23:34:06.245+0000 7fc12d620640 1 -- 10.20.193.77:0/1885960600 >> [v2:10.20.193.77:6800/2538260304,v1:10.20.193.77:6801/2538260304] conn(0x7fc10403dbf0 msgr2=0x7fc1040400b0 unknown :-1 s=STATE_CONNECTING_RE l=1).process reconnect failed to v2:10.20.193.77:6800/2538260304
2026-02-19T23:34:06.386 INFO:teuthology.orchestra.run.trial077.stdout:/usr/bin/ceph: stderr
2026-02-19T23:34:06.245+0000 7fc116ffd640 1 -- 10.20.193.77:0/1885960600 <== mon.0 v2:10.20.193.77:3300/0 5 ==== osd_map(2..2 src has 1..2) ==== 940+0+0 (secure 0 0 0) 0x7fc118076ba0 con 0x7fc12807eed0
2026-02-19T23:34:06.386 INFO:teuthology.orchestra.run.trial077.stdout:/usr/bin/ceph: stderr
2026-02-19T23:34:06.245+0000 7fc12d620640 1 --2- 10.20.193.77:0/1885960600 >> [v2:10.20.193.77:6800/2538260304,v1:10.20.193.77:6801/2538260304] conn(0x7fc10403dbf0 0x7fc1040400b0 unknown :-1 s=START_CONNECT pgs=0 cs=0 l=1 rev1=0 crypto rx=0 tx=0 comp rx=0 tx=0)._fault waiting 0.200000
2026-02-19T23:34:06.386 INFO:teuthology.orchestra.run.trial077.stdout:/usr/bin/ceph: stderr
2026-02-19T23:34:06.248+0000 7fc116ffd640 1 -- 10.20.193.77:0/1885960600 <== mon.0 v2:10.20.193.77:3300/0 6 ==== mon_command_ack([{"prefix": "get_command_descriptions"}]=0 v0) ==== 72+0+195034 (secure 0 0 0) 0x7fc11804e020 con 0x7fc12807eed0
2026-02-19T23:34:06.386 INFO:teuthology.orchestra.run.trial077.stdout:/usr/bin/ceph: stderr
2026-02-19T23:34:06.352+0000 7fc1300ac640 1 -- 10.20.193.77:0/1885960600 --> [v2:10.20.193.77:3300/0,v1:10.20.193.77:6789/0] -- mon_command({"prefix": "mgr stat"} v 0) -- 0x7fc1281a42c0 con 0x7fc12807eed0
2026-02-19T23:34:06.386 INFO:teuthology.orchestra.run.trial077.stdout:/usr/bin/ceph: stderr
2026-02-19T23:34:06.353+0000 7fc116ffd640 1 -- 10.20.193.77:0/1885960600 <== mon.0 v2:10.20.193.77:3300/0 7 ==== mon_command_ack([{"prefix": "mgr stat"}]=0 v9) ==== 56+0+88 (secure 0 0 0) 0x7fc11804e200 con 0x7fc12807eed0
2026-02-19T23:34:06.386 INFO:teuthology.orchestra.run.trial077.stdout:/usr/bin/ceph: stderr
2026-02-19T23:34:06.354+0000 7fc1300ac640 1 -- 10.20.193.77:0/1885960600 >> [v2:10.20.193.77:6800/2538260304,v1:10.20.193.77:6801/2538260304] conn(0x7fc10403dbf0 msgr2=0x7fc1040400b0 unknown :-1 s=STATE_CONNECTING l=1).mark_down
2026-02-19T23:34:06.386 INFO:teuthology.orchestra.run.trial077.stdout:/usr/bin/ceph: stderr
2026-02-19T23:34:06.354+0000 7fc1300ac640 1 --2- 10.20.193.77:0/1885960600 >> [v2:10.20.193.77:6800/2538260304,v1:10.20.193.77:6801/2538260304] conn(0x7fc10403dbf0 0x7fc1040400b0 unknown :-1 s=START_CONNECT pgs=0 cs=0 l=1 rev1=0 crypto rx=0 tx=0 comp rx=0 tx=0).stop
2026-02-19T23:34:06.386 INFO:teuthology.orchestra.run.trial077.stdout:/usr/bin/ceph: stderr
2026-02-19T23:34:06.354+0000 7fc1300ac640 1 -- 10.20.193.77:0/1885960600 >> [v2:10.20.193.77:3300/0,v1:10.20.193.77:6789/0] conn(0x7fc12807eed0 msgr2=0x7fc1281a0670 secure :-1 s=STATE_CONNECTION_ESTABLISHED l=1).mark_down
2026-02-19T23:34:06.386 INFO:teuthology.orchestra.run.trial077.stdout:/usr/bin/ceph: stderr
2026-02-19T23:34:06.354+0000 7fc1300ac640 1 --2- 10.20.193.77:0/1885960600 >> [v2:10.20.193.77:3300/0,v1:10.20.193.77:6789/0] conn(0x7fc12807eed0 0x7fc1281a0670 secure :-1 s=READY pgs=58 cs=0 l=1 rev1=1 crypto rx=0x7fc118002410 tx=0x7fc118035b40 comp rx=0 tx=0).stop
2026-02-19T23:34:06.386 INFO:teuthology.orchestra.run.trial077.stdout:/usr/bin/ceph: stderr
2026-02-19T23:34:06.354+0000 7fc1300ac640 1 -- 10.20.193.77:0/1885960600 shutdown_connections
2026-02-19T23:34:06.387 INFO:teuthology.orchestra.run.trial077.stdout:/usr/bin/ceph: stderr
2026-02-19T23:34:06.354+0000 7fc1300ac640 1 --2- 10.20.193.77:0/1885960600 >> [v2:10.20.193.77:6800/2538260304,v1:10.20.193.77:6801/2538260304] conn(0x7fc10403dbf0 0x7fc1040400b0 unknown :-1 s=CLOSED pgs=0 cs=0 l=1 rev1=0 crypto rx=0 tx=0 comp rx=0 tx=0).stop
2026-02-19T23:34:06.387 INFO:teuthology.orchestra.run.trial077.stdout:/usr/bin/ceph: stderr
2026-02-19T23:34:06.354+0000 7fc1300ac640 1 --2- 10.20.193.77:0/1885960600 >> [v2:10.20.193.77:3300/0,v1:10.20.193.77:6789/0] conn(0x7fc12807eed0 0x7fc1281a0670 unknown :-1 s=CLOSED pgs=58 cs=0 l=1 rev1=1 crypto rx=0 tx=0 comp rx=0 tx=0).stop
2026-02-19T23:34:06.387 INFO:teuthology.orchestra.run.trial077.stdout:/usr/bin/ceph: stderr
2026-02-19T23:34:06.354+0000 7fc1300ac640 1 -- 10.20.193.77:0/1885960600 >> 10.20.193.77:0/1885960600 conn(0x7fc128103d10 msgr2=0x7fc1281047c0 unknown :-1 s=STATE_NONE l=0).mark_down
2026-02-19T23:34:06.387 INFO:teuthology.orchestra.run.trial077.stdout:/usr/bin/ceph: stderr
2026-02-19T23:34:06.354+0000 7fc1300ac640 1 -- 10.20.193.77:0/1885960600 shutdown_connections
2026-02-19T23:34:06.387 INFO:teuthology.orchestra.run.trial077.stdout:/usr/bin/ceph: stderr
2026-02-19T23:34:06.354+0000 7fc1300ac640 1 -- 10.20.193.77:0/1885960600 wait complete.
2026-02-19T23:34:06.387 INFO:teuthology.orchestra.run.trial077.stdout:Waiting for the mgr to restart...
2026-02-19T23:34:06.387 INFO:teuthology.orchestra.run.trial077.stdout:Waiting for mgr epoch 9...
2026-02-19T23:34:06.771 INFO:journalctl@ceph.mgr.x.trial077.stdout:Feb 19 23:34:06 trial077 ceph-672381aa-0deb-11f1-8c8f-d404e6e7d460-mgr-x[41153]:
2026-02-19T23:34:06.517+0000 7f1566682140 -1 mgr[py] Module snap_schedule has missing NOTIFY_TYPES member
2026-02-19T23:34:06.772 INFO:journalctl@ceph.mgr.x.trial077.stdout:Feb 19 23:34:06 trial077 ceph-672381aa-0deb-11f1-8c8f-d404e6e7d460-mgr-x[41153]:
2026-02-19T23:34:06.662+0000 7f1566682140 -1 mgr[py] Module prometheus has missing NOTIFY_TYPES member
2026-02-19T23:34:06.772 INFO:journalctl@ceph.mgr.x.trial077.stdout:Feb 19 23:34:06 trial077 ceph-672381aa-0deb-11f1-8c8f-d404e6e7d460-mgr-x[41153]:
2026-02-19T23:34:06.696+0000 7f1566682140 -1 mgr[py] Module balancer has missing NOTIFY_TYPES member
2026-02-19T23:34:06.772 INFO:journalctl@ceph.mgr.x.trial077.stdout:Feb 19 23:34:06 trial077 ceph-672381aa-0deb-11f1-8c8f-d404e6e7d460-mgr-x[41153]:
2026-02-19T23:34:06.738+0000 7f1566682140 -1 mgr[py] Module rbd_support has missing NOTIFY_TYPES member
2026-02-19T23:34:06.772 INFO:journalctl@ceph.mgr.x.trial077.stdout:Feb 19 23:34:06 trial077 ceph-672381aa-0deb-11f1-8c8f-d404e6e7d460-mgr-x[41153]:
2026-02-19T23:34:06.769+0000 7f1566682140 -1 mgr[py] Module devicehealth has missing NOTIFY_TYPES member
2026-02-19T23:34:07.075 INFO:journalctl@ceph.mgr.x.trial077.stdout:Feb 19 23:34:06 trial077 ceph-672381aa-0deb-11f1-8c8f-d404e6e7d460-mgr-x[41153]:
2026-02-19T23:34:06.804+0000 7f1566682140 -1 mgr[py] Module alerts has missing NOTIFY_TYPES member
2026-02-19T23:34:07.076 INFO:journalctl@ceph.mgr.x.trial077.stdout:Feb 19 23:34:06 trial077 ceph-672381aa-0deb-11f1-8c8f-d404e6e7d460-mgr-x[41153]:
2026-02-19T23:34:06.869+0000 7f1566682140 -1 mgr[py] Module telemetry has missing NOTIFY_TYPES member
2026-02-19T23:34:07.076 INFO:journalctl@ceph.mgr.x.trial077.stdout:Feb 19 23:34:06 trial077 ceph-672381aa-0deb-11f1-8c8f-d404e6e7d460-mgr-x[41153]: /lib64/python3.9/site-packages/scipy/__init__.py:73: UserWarning: NumPy was imported from a Python sub-interpreter but NumPy does not properly support sub-interpreters. This will likely work for most users but might cause hard to track down issues or subtle bugs. A common user of the rare sub-interpreter feature is wsgi which also allows single-interpreter mode.
