2026-02-19T23:35:30.603+0000 7fec1b7fe640 1 -- 10.20.193.5:0/3606519844 <== mon.0 v2:10.20.193.5:3300/0 6 ==== mon_command_ack([{"prefix": "get_command_descriptions"}]=0 v0) ==== 72+0+195034 (secure 0 0 0) 0x7fec24033200 con 0x7fec3410a3b0
2026-02-19T23:35:30.790 INFO:teuthology.orchestra.run.trial005.stdout:/usr/bin/ceph: stderr
2026-02-19T23:35:30.699+0000 7fec3c2f5640 1 -- 10.20.193.5:0/3606519844 --> [v2:10.20.193.5:6800/3734511448,v1:10.20.193.5:6801/3734511448] -- mgr_command(tid 0: {"prefix": "orch set backend", "module_name": "cephadm", "target": ["mon-mgr", ""]}) -- 0x7fec3407f090 con 0x7fec1003dad0
2026-02-19T23:35:30.790 INFO:teuthology.orchestra.run.trial005.stdout:/usr/bin/ceph: stderr
2026-02-19T23:35:30.704+0000 7fec1b7fe640 1 -- 10.20.193.5:0/3606519844 <== mgr.14118 v2:10.20.193.5:6800/3734511448 1 ==== mgr_command_reply(tid 0: 0 ) ==== 8+0+0 (secure 0 0 0) 0x7fec3407f090 con 0x7fec1003dad0
2026-02-19T23:35:30.790 INFO:teuthology.orchestra.run.trial005.stdout:/usr/bin/ceph: stderr
2026-02-19T23:35:30.705+0000 7fec3c2f5640 1 -- 10.20.193.5:0/3606519844 >> [v2:10.20.193.5:6800/3734511448,v1:10.20.193.5:6801/3734511448] conn(0x7fec1003dad0 msgr2=0x7fec1003ff90 secure :-1 s=STATE_CONNECTION_ESTABLISHED l=1).mark_down
2026-02-19T23:35:30.790 INFO:teuthology.orchestra.run.trial005.stdout:/usr/bin/ceph: stderr
2026-02-19T23:35:30.705+0000 7fec3c2f5640 1 --2- 10.20.193.5:0/3606519844 >> [v2:10.20.193.5:6800/3734511448,v1:10.20.193.5:6801/3734511448] conn(0x7fec1003dad0 0x7fec1003ff90 secure :-1 s=READY pgs=7 cs=0 l=1 rev1=1 crypto rx=0x7fec280099c0 tx=0x7fec28006eb0 comp rx=0 tx=0).stop
2026-02-19T23:35:30.790 INFO:teuthology.orchestra.run.trial005.stdout:/usr/bin/ceph: stderr
2026-02-19T23:35:30.705+0000 7fec3c2f5640 1 -- 10.20.193.5:0/3606519844 >> [v2:10.20.193.5:3300/0,v1:10.20.193.5:6789/0] conn(0x7fec3410a3b0 msgr2=0x7fec34081c20 secure :-1 s=STATE_CONNECTION_ESTABLISHED l=1).mark_down
2026-02-19T23:35:30.790 INFO:teuthology.orchestra.run.trial005.stdout:/usr/bin/ceph: stderr
2026-02-19T23:35:30.705+0000 7fec3c2f5640 1 --2- 10.20.193.5:0/3606519844 >> [v2:10.20.193.5:3300/0,v1:10.20.193.5:6789/0] conn(0x7fec3410a3b0 0x7fec34081c20 secure :-1 s=READY pgs=36 cs=0 l=1 rev1=1 crypto rx=0x7fec24006fd0 tx=0x7fec24037bb0 comp rx=0 tx=0).stop
2026-02-19T23:35:30.790 INFO:teuthology.orchestra.run.trial005.stdout:/usr/bin/ceph: stderr
2026-02-19T23:35:30.705+0000 7fec3c2f5640 1 -- 10.20.193.5:0/3606519844 shutdown_connections
2026-02-19T23:35:30.790 INFO:teuthology.orchestra.run.trial005.stdout:/usr/bin/ceph: stderr
2026-02-19T23:35:30.706+0000 7fec3c2f5640 1 --2- 10.20.193.5:0/3606519844 >> [v2:10.20.193.5:6800/3734511448,v1:10.20.193.5:6801/3734511448] conn(0x7fec1003dad0 0x7fec1003ff90 unknown :-1 s=CLOSED pgs=7 cs=0 l=1 rev1=1 crypto rx=0 tx=0 comp rx=0 tx=0).stop
2026-02-19T23:35:30.790 INFO:teuthology.orchestra.run.trial005.stdout:/usr/bin/ceph: stderr
2026-02-19T23:35:30.706+0000 7fec3c2f5640 1 --2- 10.20.193.5:0/3606519844 >> [v2:10.20.193.5:3300/0,v1:10.20.193.5:6789/0] conn(0x7fec3410a3b0 0x7fec34081c20 unknown :-1 s=CLOSED pgs=36 cs=0 l=1 rev1=1 crypto rx=0 tx=0 comp rx=0 tx=0).stop
2026-02-19T23:35:30.790 INFO:teuthology.orchestra.run.trial005.stdout:/usr/bin/ceph: stderr
2026-02-19T23:35:30.706+0000 7fec3c2f5640 1 -- 10.20.193.5:0/3606519844 >> 10.20.193.5:0/3606519844 conn(0x7fec3407db70 msgr2=0x7fec34107ed0 unknown :-1 s=STATE_NONE l=0).mark_down
2026-02-19T23:35:30.790 INFO:teuthology.orchestra.run.trial005.stdout:/usr/bin/ceph: stderr
2026-02-19T23:35:30.706+0000 7fec3c2f5640 1 -- 10.20.193.5:0/3606519844 shutdown_connections
2026-02-19T23:35:30.790 INFO:teuthology.orchestra.run.trial005.stdout:/usr/bin/ceph: stderr
2026-02-19T23:35:30.706+0000 7fec3c2f5640 1 -- 10.20.193.5:0/3606519844 wait complete.
2026-02-19T23:35:30.852 INFO:journalctl@ceph.mon.a.trial005.stdout:Feb 19 23:35:30 trial005 ceph-mon[38558]: Found migration_current of "None". Setting to last migration.
2026-02-19T23:35:30.852 INFO:journalctl@ceph.mon.a.trial005.stdout:Feb 19 23:35:30 trial005 ceph-mon[38558]: from='mgr.14118 10.20.193.5:0/288359211' entity='mgr.x'
2026-02-19T23:35:30.852 INFO:journalctl@ceph.mon.a.trial005.stdout:Feb 19 23:35:30 trial005 ceph-mon[38558]: from='mgr.14118 10.20.193.5:0/288359211' entity='mgr.x'
2026-02-19T23:35:30.852 INFO:journalctl@ceph.mon.a.trial005.stdout:Feb 19 23:35:30 trial005 ceph-mon[38558]: mgrmap e6: x(active, since 1.00629s)
2026-02-19T23:35:30.853 INFO:journalctl@ceph.mon.a.trial005.stdout:Feb 19 23:35:30 trial005 ceph-mon[38558]: from='mgr.14118 10.20.193.5:0/288359211' entity='mgr.x' cmd=[{"prefix": "config dump", "format": "json"}]: dispatch
2026-02-19T23:35:30.853 INFO:journalctl@ceph.mon.a.trial005.stdout:Feb 19 23:35:30 trial005 ceph-mon[38558]: from='mgr.14118 10.20.193.5:0/288359211' entity='mgr.x'
2026-02-19T23:35:30.853 INFO:journalctl@ceph.mon.a.trial005.stdout:Feb 19 23:35:30 trial005 ceph-mon[38558]: from='mgr.14118 10.20.193.5:0/288359211' entity='mgr.x' cmd=[{"prefix": "config dump", "format": "json"}]: dispatch
2026-02-19T23:35:31.126 INFO:teuthology.orchestra.run.trial005.stdout:/usr/bin/ceph: stdout value unchanged
2026-02-19T23:35:31.126 INFO:teuthology.orchestra.run.trial005.stdout:/usr/bin/ceph: stderr
2026-02-19T23:35:30.944+0000 7f0bebfff640 1 Processor -- start
2026-02-19T23:35:31.126 INFO:teuthology.orchestra.run.trial005.stdout:/usr/bin/ceph: stderr
2026-02-19T23:35:30.944+0000 7f0bebfff640 1 -- start start
2026-02-19T23:35:31.126 INFO:teuthology.orchestra.run.trial005.stdout:/usr/bin/ceph: stderr
2026-02-19T23:35:30.944+0000 7f0bebfff640 1 --2- >> [v2:10.20.193.5:3300/0,v1:10.20.193.5:6789/0] conn(0x7f0bec10a180 0x7f0bec10a580 unknown :-1 s=NONE pgs=0 cs=0 l=0 rev1=0 crypto rx=0 tx=0 comp rx=0 tx=0).connect
2026-02-19T23:35:31.126 INFO:teuthology.orchestra.run.trial005.stdout:/usr/bin/ceph: stderr
2026-02-19T23:35:30.944+0000 7f0bebfff640 1 -- --> [v2:10.20.193.5:3300/0,v1:10.20.193.5:6789/0] -- mon_getmap magic: 0 -- 0x7f0bec10ab50 con 0x7f0bec10a180
2026-02-19T23:35:31.126 INFO:teuthology.orchestra.run.trial005.stdout:/usr/bin/ceph: stderr
2026-02-19T23:35:30.944+0000 7f0beaffd640 1 --2- >> [v2:10.20.193.5:3300/0,v1:10.20.193.5:6789/0] conn(0x7f0bec10a180 0x7f0bec10a580 unknown :-1 s=BANNER_CONNECTING pgs=0 cs=0 l=0 rev1=0 crypto rx=0 tx=0 comp rx=0 tx=0)._handle_peer_banner_payload supported=3 required=0
2026-02-19T23:35:31.126 INFO:teuthology.orchestra.run.trial005.stdout:/usr/bin/ceph: stderr
2026-02-19T23:35:30.944+0000 7f0beaffd640 1 --2- >> [v2:10.20.193.5:3300/0,v1:10.20.193.5:6789/0] conn(0x7f0bec10a180 0x7f0bec10a580 unknown :-1 s=HELLO_CONNECTING pgs=0 cs=0 l=0 rev1=1 crypto rx=0 tx=0 comp rx=0 tx=0).handle_hello peer v2:10.20.193.5:3300/0 says I am v2:10.20.193.5:48396/0 (socket says 10.20.193.5:48396)
2026-02-19T23:35:31.127 INFO:teuthology.orchestra.run.trial005.stdout:/usr/bin/ceph: stderr
2026-02-19T23:35:30.944+0000 7f0beaffd640 1 -- 10.20.193.5:0/4172192627 learned_addr learned my addr 10.20.193.5:0/4172192627 (peer_addr_for_me v2:10.20.193.5:0/0)
2026-02-19T23:35:31.127 INFO:teuthology.orchestra.run.trial005.stdout:/usr/bin/ceph: stderr
2026-02-19T23:35:30.945+0000 7f0beaffd640 1 -- 10.20.193.5:0/4172192627 --> [v2:10.20.193.5:3300/0,v1:10.20.193.5:6789/0] -- mon_subscribe({config=0+,monmap=0+}) -- 0x7f0bec10b380 con 0x7f0bec10a180
2026-02-19T23:35:31.127 INFO:teuthology.orchestra.run.trial005.stdout:/usr/bin/ceph: stderr
2026-02-19T23:35:30.945+0000 7f0beaffd640 1 --2- 10.20.193.5:0/4172192627 >> [v2:10.20.193.5:3300/0,v1:10.20.193.5:6789/0] conn(0x7f0bec10a180 0x7f0bec10a580 secure :-1 s=READY pgs=37 cs=0 l=1 rev1=1 crypto rx=0x7f0be0009920 tx=0x7f0be002ef20 comp rx=0 tx=0).ready entity=mon.0 client_cookie=863de163f83ba826 server_cookie=0 in_seq=0 out_seq=0
2026-02-19T23:35:31.127 INFO:teuthology.orchestra.run.trial005.stdout:/usr/bin/ceph: stderr
2026-02-19T23:35:30.946+0000 7f0be9ffb640 1 -- 10.20.193.5:0/4172192627 <== mon.0 v2:10.20.193.5:3300/0 1 ==== mon_map magic: 0 ==== 205+0+0 (secure 0 0 0) 0x7f0be003c070 con 0x7f0bec10a180
2026-02-19T23:35:31.127 INFO:teuthology.orchestra.run.trial005.stdout:/usr/bin/ceph: stderr
2026-02-19T23:35:30.946+0000 7f0be9ffb640 1 -- 10.20.193.5:0/4172192627 <== mon.0 v2:10.20.193.5:3300/0 2 ==== config(26 keys) ==== 1045+0+0 (secure 0 0 0) 0x7f0be0037440 con 0x7f0bec10a180
2026-02-19T23:35:31.127 INFO:teuthology.orchestra.run.trial005.stdout:/usr/bin/ceph: stderr
2026-02-19T23:35:30.946+0000 7f0be9ffb640 1 -- 10.20.193.5:0/4172192627 <== mon.0 v2:10.20.193.5:3300/0 3 ==== mon_map magic: 0 ==== 205+0+0 (secure 0 0 0) 0x7f0be00354b0 con 0x7f0bec10a180
2026-02-19T23:35:31.127 INFO:teuthology.orchestra.run.trial005.stdout:/usr/bin/ceph: stderr
2026-02-19T23:35:30.946+0000 7f0bebfff640 1 -- 10.20.193.5:0/4172192627 >> [v2:10.20.193.5:3300/0,v1:10.20.193.5:6789/0] conn(0x7f0bec10a180 msgr2=0x7f0bec10a580 secure :-1 s=STATE_CONNECTION_ESTABLISHED l=1).mark_down
2026-02-19T23:35:31.127 INFO:teuthology.orchestra.run.trial005.stdout:/usr/bin/ceph: stderr
2026-02-19T23:35:30.946+0000 7f0bebfff640 1 --2- 10.20.193.5:0/4172192627 >> [v2:10.20.193.5:3300/0,v1:10.20.193.5:6789/0] conn(0x7f0bec10a180 0x7f0bec10a580 secure :-1 s=READY pgs=37 cs=0 l=1 rev1=1 crypto rx=0x7f0be0009920 tx=0x7f0be002ef20 comp rx=0 tx=0).stop
2026-02-19T23:35:31.127 INFO:teuthology.orchestra.run.trial005.stdout:/usr/bin/ceph: stderr
2026-02-19T23:35:30.946+0000 7f0bebfff640 1 -- 10.20.193.5:0/4172192627 shutdown_connections
2026-02-19T23:35:31.127 INFO:teuthology.orchestra.run.trial005.stdout:/usr/bin/ceph: stderr
2026-02-19T23:35:30.946+0000 7f0bebfff640 1 --2- 10.20.193.5:0/4172192627 >> [v2:10.20.193.5:3300/0,v1:10.20.193.5:6789/0] conn(0x7f0bec10a180 0x7f0bec10a580 unknown :-1 s=CLOSED pgs=37 cs=0 l=1 rev1=1 crypto rx=0 tx=0 comp rx=0 tx=0).stop
2026-02-19T23:35:31.127 INFO:teuthology.orchestra.run.trial005.stdout:/usr/bin/ceph: stderr
2026-02-19T23:35:30.946+0000 7f0bebfff640 1 -- 10.20.193.5:0/4172192627 >> 10.20.193.5:0/4172192627 conn(0x7f0bec07d680 msgr2=0x7f0bec07da90 unknown :-1 s=STATE_NONE l=0).mark_down
2026-02-19T23:35:31.127 INFO:teuthology.orchestra.run.trial005.stdout:/usr/bin/ceph: stderr
2026-02-19T23:35:30.946+0000 7f0bebfff640 1 -- 10.20.193.5:0/4172192627 shutdown_connections
2026-02-19T23:35:31.128 INFO:teuthology.orchestra.run.trial005.stdout:/usr/bin/ceph: stderr
2026-02-19T23:35:30.946+0000 7f0bebfff640 1 -- 10.20.193.5:0/4172192627 wait complete.
2026-02-19T23:35:31.128 INFO:teuthology.orchestra.run.trial005.stdout:/usr/bin/ceph: stderr
2026-02-19T23:35:30.947+0000 7f0bebfff640 1 Processor -- start
2026-02-19T23:35:31.128 INFO:teuthology.orchestra.run.trial005.stdout:/usr/bin/ceph: stderr
2026-02-19T23:35:30.947+0000 7f0bebfff640 1 -- start start
2026-02-19T23:35:31.128 INFO:teuthology.orchestra.run.trial005.stdout:/usr/bin/ceph: stderr
2026-02-19T23:35:30.947+0000 7f0bebfff640 1 --2- >> [v2:10.20.193.5:3300/0,v1:10.20.193.5:6789/0] conn(0x7f0bec10a180 0x7f0bec1a0070 unknown :-1 s=NONE pgs=0 cs=0 l=1 rev1=0 crypto rx=0 tx=0 comp rx=0 tx=0).connect
2026-02-19T23:35:31.128 INFO:teuthology.orchestra.run.trial005.stdout:/usr/bin/ceph: stderr
2026-02-19T23:35:30.947+0000 7f0bebfff640 1 -- --> [v2:10.20.193.5:3300/0,v1:10.20.193.5:6789/0] -- mon_getmap magic: 0 -- 0x7f0bec10e5b0 con 0x7f0bec10a180
2026-02-19T23:35:31.128 INFO:teuthology.orchestra.run.trial005.stdout:/usr/bin/ceph: stderr
2026-02-19T23:35:30.947+0000 7f0beaffd640 1 --2- >> [v2:10.20.193.5:3300/0,v1:10.20.193.5:6789/0] conn(0x7f0bec10a180 0x7f0bec1a0070 unknown :-1 s=BANNER_CONNECTING pgs=0 cs=0 l=1 rev1=0 crypto rx=0 tx=0 comp rx=0 tx=0)._handle_peer_banner_payload supported=3 required=0
2026-02-19T23:35:31.128 INFO:teuthology.orchestra.run.trial005.stdout:/usr/bin/ceph: stderr
2026-02-19T23:35:30.947+0000 7f0beaffd640 1 --2- >> [v2:10.20.193.5:3300/0,v1:10.20.193.5:6789/0] conn(0x7f0bec10a180 0x7f0bec1a0070 unknown :-1 s=HELLO_CONNECTING pgs=0 cs=0 l=1 rev1=1 crypto rx=0 tx=0 comp rx=0 tx=0).handle_hello peer v2:10.20.193.5:3300/0 says I am v2:10.20.193.5:48406/0 (socket says 10.20.193.5:48406)
2026-02-19T23:35:31.128 INFO:teuthology.orchestra.run.trial005.stdout:/usr/bin/ceph: stderr
2026-02-19T23:35:30.947+0000 7f0beaffd640 1 -- 10.20.193.5:0/3972838864 learned_addr learned my addr 10.20.193.5:0/3972838864 (peer_addr_for_me v2:10.20.193.5:0/0)
2026-02-19T23:35:31.128 INFO:teuthology.orchestra.run.trial005.stdout:/usr/bin/ceph: stderr
2026-02-19T23:35:30.947+0000 7f0beaffd640 1 -- 10.20.193.5:0/3972838864 --> [v2:10.20.193.5:3300/0,v1:10.20.193.5:6789/0] -- mon_subscribe({config=0+,monmap=0+}) -- 0x7f0bec1a05b0 con 0x7f0bec10a180
2026-02-19T23:35:31.128 INFO:teuthology.orchestra.run.trial005.stdout:/usr/bin/ceph: stderr
2026-02-19T23:35:30.948+0000 7f0beaffd640 1 --2- 10.20.193.5:0/3972838864 >> [v2:10.20.193.5:3300/0,v1:10.20.193.5:6789/0] conn(0x7f0bec10a180 0x7f0bec1a0070 secure :-1 s=READY pgs=38 cs=0 l=1 rev1=1 crypto rx=0x7f0be0006fd0 tx=0x7f0be0037bb0 comp rx=0 tx=0).ready entity=mon.0 client_cookie=0 server_cookie=0 in_seq=0 out_seq=0
2026-02-19T23:35:31.128 INFO:teuthology.orchestra.run.trial005.stdout:/usr/bin/ceph: stderr
2026-02-19T23:35:30.948+0000 7f0bcbfff640 1 -- 10.20.193.5:0/3972838864 <== mon.0 v2:10.20.193.5:3300/0 1 ==== mon_map magic: 0 ==== 205+0+0 (secure 0 0 0) 0x7f0be0045070 con 0x7f0bec10a180
2026-02-19T23:35:31.129 INFO:teuthology.orchestra.run.trial005.stdout:/usr/bin/ceph: stderr
2026-02-19T23:35:30.948+0000 7f0bebfff640 1 -- 10.20.193.5:0/3972838864 --> [v2:10.20.193.5:3300/0,v1:10.20.193.5:6789/0] -- mon_subscribe({mgrmap=0+}) -- 0x7f0bec1a0840 con 0x7f0bec10a180
2026-02-19T23:35:31.129 INFO:teuthology.orchestra.run.trial005.stdout:/usr/bin/ceph: stderr
2026-02-19T23:35:30.948+0000 7f0bebfff640 1 -- 10.20.193.5:0/3972838864 --> [v2:10.20.193.5:3300/0,v1:10.20.193.5:6789/0] -- mon_subscribe({osdmap=0}) -- 0x7f0bec1a3530 con 0x7f0bec10a180
2026-02-19T23:35:31.129 INFO:teuthology.orchestra.run.trial005.stdout:/usr/bin/ceph: stderr
2026-02-19T23:35:30.948+0000 7f0bcbfff640 1 -- 10.20.193.5:0/3972838864 <== mon.0 v2:10.20.193.5:3300/0 2 ==== config(26 keys) ==== 1045+0+0 (secure 0 0 0) 0x7f0be0037440 con 0x7f0bec10a180
2026-02-19T23:35:31.129 INFO:teuthology.orchestra.run.trial005.stdout:/usr/bin/ceph: stderr
2026-02-19T23:35:30.948+0000 7f0bcbfff640 1 -- 10.20.193.5:0/3972838864 <== mon.0 v2:10.20.193.5:3300/0 3 ==== mon_map magic: 0 ==== 205+0+0 (secure 0 0 0) 0x7f0be0045070 con 0x7f0bec10a180
2026-02-19T23:35:31.129 INFO:teuthology.orchestra.run.trial005.stdout:/usr/bin/ceph: stderr
2026-02-19T23:35:30.948+0000 7f0bebfff640 1 -- 10.20.193.5:0/3972838864 --> [v2:10.20.193.5:3300/0,v1:10.20.193.5:6789/0] -- mon_command({"prefix": "get_command_descriptions"} v 0) -- 0x7f0bec10a600 con 0x7f0bec10a180
2026-02-19T23:35:31.129 INFO:teuthology.orchestra.run.trial005.stdout:/usr/bin/ceph: stderr
2026-02-19T23:35:30.950+0000 7f0bcbfff640 1 -- 10.20.193.5:0/3972838864 <== mon.0 v2:10.20.193.5:3300/0 4 ==== mgrmap(e 6) ==== 50141+0+0 (secure 0 0 0) 0x7f0be0035aa0 con 0x7f0bec10a180
2026-02-19T23:35:31.129 INFO:teuthology.orchestra.run.trial005.stdout:/usr/bin/ceph: stderr
2026-02-19T23:35:30.950+0000 7f0bcbfff640 1 --2- 10.20.193.5:0/3972838864 >> [v2:10.20.193.5:6800/3734511448,v1:10.20.193.5:6801/3734511448] conn(0x7f0bc003dd00 0x7f0bc00401c0 unknown :-1 s=NONE pgs=0 cs=0 l=1 rev1=0 crypto rx=0 tx=0 comp rx=0 tx=0).connect
2026-02-19T23:35:31.129 INFO:teuthology.orchestra.run.trial005.stdout:/usr/bin/ceph: stderr
2026-02-19T23:35:30.950+0000 7f0bcbfff640 1 -- 10.20.193.5:0/3972838864 <== mon.0 v2:10.20.193.5:3300/0 5 ==== osd_map(2..2 src has 1..2) ==== 940+0+0 (secure 0 0 0) 0x7f0be00769b0 con 0x7f0bec10a180
2026-02-19T23:35:31.129 INFO:teuthology.orchestra.run.trial005.stdout:/usr/bin/ceph: stderr
2026-02-19T23:35:30.950+0000 7f0bea7fc640 1 --2- 10.20.193.5:0/3972838864 >> [v2:10.20.193.5:6800/3734511448,v1:10.20.193.5:6801/3734511448] conn(0x7f0bc003dd00 0x7f0bc00401c0 unknown :-1 s=BANNER_CONNECTING pgs=0 cs=0 l=1 rev1=0 crypto rx=0 tx=0 comp rx=0 tx=0)._handle_peer_banner_payload supported=3 required=0
2026-02-19T23:35:31.129 INFO:teuthology.orchestra.run.trial005.stdout:/usr/bin/ceph: stderr
2026-02-19T23:35:30.951+0000 7f0bea7fc640 1 --2- 10.20.193.5:0/3972838864 >> [v2:10.20.193.5:6800/3734511448,v1:10.20.193.5:6801/3734511448] conn(0x7f0bc003dd00 0x7f0bc00401c0 secure :-1 s=READY pgs=8 cs=0 l=1 rev1=1 crypto rx=0x7f0bd40099c0 tx=0x7f0bd4006eb0 comp rx=0 tx=0).ready entity=mgr.14118 client_cookie=0 server_cookie=0 in_seq=0 out_seq=0
2026-02-19T23:35:31.129 INFO:teuthology.orchestra.run.trial005.stdout:/usr/bin/ceph: stderr
2026-02-19T23:35:30.951+0000 7f0bcbfff640 1 -- 10.20.193.5:0/3972838864 <== mon.0 v2:10.20.193.5:3300/0 6 ==== mon_command_ack([{"prefix": "get_command_descriptions"}]=0 v0) ==== 72+0+195034 (secure 0 0 0) 0x7f0be004f070 con 0x7f0bec10a180
2026-02-19T23:35:31.129 INFO:teuthology.orchestra.run.trial005.stdout:/usr/bin/ceph: stderr
2026-02-19T23:35:31.044+0000 7f0bebfff640 1 -- 10.20.193.5:0/3972838864 --> [v2:10.20.193.5:6800/3734511448,v1:10.20.193.5:6801/3734511448] -- mgr_command(tid 0: {"prefix": "cephadm set-user", "user": "root", "target": ["mon-mgr", ""]}) -- 0x7f0bec107dc0 con 0x7f0bc003dd00
2026-02-19T23:35:31.130 INFO:teuthology.orchestra.run.trial005.stdout:/usr/bin/ceph: stderr
2026-02-19T23:35:31.044+0000 7f0bcbfff640 1 -- 10.20.193.5:0/3972838864 <== mgr.14118 v2:10.20.193.5:6800/3734511448 1 ==== mgr_command_reply(tid 0: 0 ) ==== 8+0+16 (secure 0 0 0) 0x7f0bec107dc0 con 0x7f0bc003dd00
2026-02-19T23:35:31.130 INFO:teuthology.orchestra.run.trial005.stdout:/usr/bin/ceph: stderr
2026-02-19T23:35:31.045+0000 7f0bebfff640 1 -- 10.20.193.5:0/3972838864 >> [v2:10.20.193.5:6800/3734511448,v1:10.20.193.5:6801/3734511448] conn(0x7f0bc003dd00 msgr2=0x7f0bc00401c0 secure :-1 s=STATE_CONNECTION_ESTABLISHED l=1).mark_down
2026-02-19T23:35:31.130 INFO:teuthology.orchestra.run.trial005.stdout:/usr/bin/ceph: stderr
2026-02-19T23:35:31.045+0000 7f0bebfff640 1 --2- 10.20.193.5:0/3972838864 >> [v2:10.20.193.5:6800/3734511448,v1:10.20.193.5:6801/3734511448] conn(0x7f0bc003dd00 0x7f0bc00401c0 secure :-1 s=READY pgs=8 cs=0 l=1 rev1=1 crypto rx=0x7f0bd40099c0 tx=0x7f0bd4006eb0 comp rx=0 tx=0).stop
2026-02-19T23:35:31.130 INFO:teuthology.orchestra.run.trial005.stdout:/usr/bin/ceph: stderr
2026-02-19T23:35:31.045+0000 7f0bebfff640 1 -- 10.20.193.5:0/3972838864 >> [v2:10.20.193.5:3300/0,v1:10.20.193.5:6789/0] conn(0x7f0bec10a180 msgr2=0x7f0bec1a0070 secure :-1 s=STATE_CONNECTION_ESTABLISHED l=1).mark_down
2026-02-19T23:35:31.130 INFO:teuthology.orchestra.run.trial005.stdout:/usr/bin/ceph: stderr
2026-02-19T23:35:31.045+0000 7f0bebfff640 1 --2- 10.20.193.5:0/3972838864 >> [v2:10.20.193.5:3300/0,v1:10.20.193.5:6789/0] conn(0x7f0bec10a180 0x7f0bec1a0070 secure :-1 s=READY pgs=38 cs=0 l=1 rev1=1 crypto rx=0x7f0be0006fd0 tx=0x7f0be0037bb0 comp rx=0 tx=0).stop
2026-02-19T23:35:31.130 INFO:teuthology.orchestra.run.trial005.stdout:/usr/bin/ceph: stderr
2026-02-19T23:35:31.045+0000 7f0bebfff640 1 -- 10.20.193.5:0/3972838864 shutdown_connections
2026-02-19T23:35:31.130 INFO:teuthology.orchestra.run.trial005.stdout:/usr/bin/ceph: stderr
2026-02-19T23:35:31.045+0000 7f0bebfff640 1 --2- 10.20.193.5:0/3972838864 >> [v2:10.20.193.5:6800/3734511448,v1:10.20.193.5:6801/3734511448] conn(0x7f0bc003dd00 0x7f0bc00401c0 unknown :-1 s=CLOSED pgs=8 cs=0 l=1 rev1=1 crypto rx=0 tx=0 comp rx=0 tx=0).stop
2026-02-19T23:35:31.130 INFO:teuthology.orchestra.run.trial005.stdout:/usr/bin/ceph: stderr
2026-02-19T23:35:31.045+0000 7f0bebfff640 1 --2- 10.20.193.5:0/3972838864 >> [v2:10.20.193.5:3300/0,v1:10.20.193.5:6789/0] conn(0x7f0bec10a180 0x7f0bec1a0070 unknown :-1 s=CLOSED pgs=38 cs=0 l=1 rev1=1 crypto rx=0 tx=0 comp rx=0 tx=0).stop
2026-02-19T23:35:31.130 INFO:teuthology.orchestra.run.trial005.stdout:/usr/bin/ceph: stderr
2026-02-19T23:35:31.045+0000 7f0bebfff640 1 -- 10.20.193.5:0/3972838864 >> 10.20.193.5:0/3972838864 conn(0x7f0bec07d680 msgr2=0x7f0bec1076b0 unknown :-1 s=STATE_NONE l=0).mark_down
2026-02-19T23:35:31.130 INFO:teuthology.orchestra.run.trial005.stdout:/usr/bin/ceph: stderr
2026-02-19T23:35:31.045+0000 7f0bebfff640 1 -- 10.20.193.5:0/3972838864 shutdown_connections
2026-02-19T23:35:31.130 INFO:teuthology.orchestra.run.trial005.stdout:/usr/bin/ceph: stderr
2026-02-19T23:35:31.045+0000 7f0bebfff640 1 -- 10.20.193.5:0/3972838864 wait complete.
2026-02-19T23:35:31.130 INFO:teuthology.orchestra.run.trial005.stdout:Generating ssh key...
2026-02-19T23:35:31.516 INFO:teuthology.orchestra.run.trial005.stdout:/usr/bin/ceph: stderr
2026-02-19T23:35:31.301+0000 7f50bccbb640 1 Processor -- start
2026-02-19T23:35:31.516 INFO:teuthology.orchestra.run.trial005.stdout:/usr/bin/ceph: stderr
2026-02-19T23:35:31.301+0000 7f50bccbb640 1 -- start start
2026-02-19T23:35:31.516 INFO:teuthology.orchestra.run.trial005.stdout:/usr/bin/ceph: stderr
2026-02-19T23:35:31.302+0000 7f50bccbb640 1 --2- >> [v2:10.20.193.5:3300/0,v1:10.20.193.5:6789/0] conn(0x7f50b810a180 0x7f50b810a580 unknown :-1 s=NONE pgs=0 cs=0 l=0 rev1=0 crypto rx=0 tx=0 comp rx=0 tx=0).connect
2026-02-19T23:35:31.516 INFO:teuthology.orchestra.run.trial005.stdout:/usr/bin/ceph: stderr
2026-02-19T23:35:31.302+0000 7f50bccbb640 1 -- --> [v2:10.20.193.5:3300/0,v1:10.20.193.5:6789/0] -- mon_getmap magic: 0 -- 0x7f50b810ab50 con 0x7f50b810a180
2026-02-19T23:35:31.516 INFO:teuthology.orchestra.run.trial005.stdout:/usr/bin/ceph: stderr
2026-02-19T23:35:31.302+0000 7f50b77fe640 1 --2- >> [v2:10.20.193.5:3300/0,v1:10.20.193.5:6789/0] conn(0x7f50b810a180 0x7f50b810a580 unknown :-1 s=BANNER_CONNECTING pgs=0 cs=0 l=0 rev1=0 crypto rx=0 tx=0 comp rx=0 tx=0)._handle_peer_banner_payload supported=3 required=0
2026-02-19T23:35:31.516 INFO:teuthology.orchestra.run.trial005.stdout:/usr/bin/ceph: stderr
2026-02-19T23:35:31.302+0000 7f50b77fe640 1 --2- >> [v2:10.20.193.5:3300/0,v1:10.20.193.5:6789/0] conn(0x7f50b810a180 0x7f50b810a580 unknown :-1 s=HELLO_CONNECTING pgs=0 cs=0 l=0 rev1=1 crypto rx=0 tx=0 comp rx=0 tx=0).handle_hello peer v2:10.20.193.5:3300/0 says I am v2:10.20.193.5:48410/0 (socket says 10.20.193.5:48410)
2026-02-19T23:35:31.516 INFO:teuthology.orchestra.run.trial005.stdout:/usr/bin/ceph: stderr
2026-02-19T23:35:31.302+0000 7f50b77fe640 1 -- 10.20.193.5:0/3760799930 learned_addr learned my addr 10.20.193.5:0/3760799930 (peer_addr_for_me v2:10.20.193.5:0/0)
2026-02-19T23:35:31.517 INFO:teuthology.orchestra.run.trial005.stdout:/usr/bin/ceph: stderr
2026-02-19T23:35:31.302+0000 7f50b77fe640 1 -- 10.20.193.5:0/3760799930 --> [v2:10.20.193.5:3300/0,v1:10.20.193.5:6789/0] -- mon_subscribe({config=0+,monmap=0+}) -- 0x7f50b810b380 con 0x7f50b810a180
2026-02-19T23:35:31.517 INFO:teuthology.orchestra.run.trial005.stdout:/usr/bin/ceph: stderr
2026-02-19T23:35:31.303+0000 7f50b77fe640 1 --2- 10.20.193.5:0/3760799930 >> [v2:10.20.193.5:3300/0,v1:10.20.193.5:6789/0] conn(0x7f50b810a180 0x7f50b810a580 secure :-1 s=READY pgs=39 cs=0 l=1 rev1=1 crypto rx=0x7f50a4009920 tx=0x7f50a402ef20 comp rx=0 tx=0).ready entity=mon.0 client_cookie=fe49a4973086f144 server_cookie=0 in_seq=0 out_seq=0
2026-02-19T23:35:31.517 INFO:teuthology.orchestra.run.trial005.stdout:/usr/bin/ceph: stderr
2026-02-19T23:35:31.303+0000 7f50b67fc640 1 -- 10.20.193.5:0/3760799930 <== mon.0 v2:10.20.193.5:3300/0 1 ==== mon_map magic: 0 ==== 205+0+0 (secure 0 0 0) 0x7f50a403c070 con 0x7f50b810a180
2026-02-19T23:35:31.517 INFO:teuthology.orchestra.run.trial005.stdout:/usr/bin/ceph: stderr
2026-02-19T23:35:31.303+0000 7f50b67fc640 1 -- 10.20.193.5:0/3760799930 <== mon.0 v2:10.20.193.5:3300/0 2 ==== config(26 keys) ==== 1045+0+0 (secure 0 0 0) 0x7f50a4037440 con 0x7f50b810a180
2026-02-19T23:35:31.517 INFO:teuthology.orchestra.run.trial005.stdout:/usr/bin/ceph: stderr
2026-02-19T23:35:31.303+0000 7f50b67fc640 1 -- 10.20.193.5:0/3760799930 <== mon.0 v2:10.20.193.5:3300/0 3 ==== mon_map magic: 0 ==== 205+0+0 (secure 0 0 0) 0x7f50a40354b0 con 0x7f50b810a180
2026-02-19T23:35:31.517 INFO:teuthology.orchestra.run.trial005.stdout:/usr/bin/ceph: stderr
2026-02-19T23:35:31.303+0000 7f50bccbb640 1 -- 10.20.193.5:0/3760799930 >> [v2:10.20.193.5:3300/0,v1:10.20.193.5:6789/0] conn(0x7f50b810a180 msgr2=0x7f50b810a580 secure :-1 s=STATE_CONNECTION_ESTABLISHED l=1).mark_down
2026-02-19T23:35:31.517 INFO:teuthology.orchestra.run.trial005.stdout:/usr/bin/ceph: stderr
2026-02-19T23:35:31.303+0000 7f50bccbb640 1 --2- 10.20.193.5:0/3760799930 >> [v2:10.20.193.5:3300/0,v1:10.20.193.5:6789/0] conn(0x7f50b810a180 0x7f50b810a580 secure :-1 s=READY pgs=39 cs=0 l=1 rev1=1 crypto rx=0x7f50a4009920 tx=0x7f50a402ef20 comp rx=0 tx=0).stop
2026-02-19T23:35:31.517 INFO:teuthology.orchestra.run.trial005.stdout:/usr/bin/ceph: stderr
2026-02-19T23:35:31.304+0000 7f50bccbb640 1 -- 10.20.193.5:0/3760799930 shutdown_connections
2026-02-19T23:35:31.517 INFO:teuthology.orchestra.run.trial005.stdout:/usr/bin/ceph: stderr
2026-02-19T23:35:31.304+0000 7f50bccbb640 1 --2- 10.20.193.5:0/3760799930 >> [v2:10.20.193.5:3300/0,v1:10.20.193.5:6789/0] conn(0x7f50b810a180 0x7f50b810a580 unknown :-1 s=CLOSED pgs=39 cs=0 l=1 rev1=1 crypto rx=0 tx=0 comp rx=0 tx=0).stop
2026-02-19T23:35:31.517 INFO:teuthology.orchestra.run.trial005.stdout:/usr/bin/ceph: stderr
2026-02-19T23:35:31.304+0000 7f50bccbb640 1 -- 10.20.193.5:0/3760799930 >> 10.20.193.5:0/3760799930 conn(0x7f50b807d680 msgr2=0x7f50b807da90 unknown :-1 s=STATE_NONE l=0).mark_down
2026-02-19T23:35:31.517 INFO:teuthology.orchestra.run.trial005.stdout:/usr/bin/ceph: stderr
2026-02-19T23:35:31.304+0000 7f50bccbb640 1 -- 10.20.193.5:0/3760799930 shutdown_connections
2026-02-19T23:35:31.517 INFO:teuthology.orchestra.run.trial005.stdout:/usr/bin/ceph: stderr
2026-02-19T23:35:31.304+0000 7f50bccbb640 1 -- 10.20.193.5:0/3760799930 wait complete.
2026-02-19T23:35:31.518 INFO:teuthology.orchestra.run.trial005.stdout:/usr/bin/ceph: stderr
2026-02-19T23:35:31.304+0000 7f50bccbb640 1 Processor -- start
2026-02-19T23:35:31.518 INFO:teuthology.orchestra.run.trial005.stdout:/usr/bin/ceph: stderr
2026-02-19T23:35:31.305+0000 7f50bccbb640 1 -- start start
2026-02-19T23:35:31.518 INFO:teuthology.orchestra.run.trial005.stdout:/usr/bin/ceph: stderr
2026-02-19T23:35:31.305+0000 7f50bccbb640 1 --2- >> [v2:10.20.193.5:3300/0,v1:10.20.193.5:6789/0] conn(0x7f50b810a180 0x7f50b81a0070 unknown :-1 s=NONE pgs=0 cs=0 l=1 rev1=0 crypto rx=0 tx=0 comp rx=0 tx=0).connect
2026-02-19T23:35:31.518 INFO:teuthology.orchestra.run.trial005.stdout:/usr/bin/ceph: stderr
2026-02-19T23:35:31.305+0000 7f50bccbb640 1 -- --> [v2:10.20.193.5:3300/0,v1:10.20.193.5:6789/0] -- mon_getmap magic: 0 -- 0x7f50b810e5b0 con 0x7f50b810a180
2026-02-19T23:35:31.518 INFO:teuthology.orchestra.run.trial005.stdout:/usr/bin/ceph: stderr
2026-02-19T23:35:31.305+0000 7f50b77fe640 1 --2- >> [v2:10.20.193.5:3300/0,v1:10.20.193.5:6789/0] conn(0x7f50b810a180 0x7f50b81a0070 unknown :-1 s=BANNER_CONNECTING pgs=0 cs=0 l=1 rev1=0 crypto rx=0 tx=0 comp rx=0 tx=0)._handle_peer_banner_payload supported=3 required=0
2026-02-19T23:35:31.518 INFO:teuthology.orchestra.run.trial005.stdout:/usr/bin/ceph: stderr
2026-02-19T23:35:31.305+0000 7f50b77fe640 1 --2- >> [v2:10.20.193.5:3300/0,v1:10.20.193.5:6789/0] conn(0x7f50b810a180 0x7f50b81a0070 unknown :-1 s=HELLO_CONNECTING pgs=0 cs=0 l=1 rev1=1 crypto rx=0 tx=0 comp rx=0 tx=0).handle_hello peer v2:10.20.193.5:3300/0 says I am v2:10.20.193.5:48414/0 (socket says 10.20.193.5:48414)
2026-02-19T23:35:31.518 INFO:teuthology.orchestra.run.trial005.stdout:/usr/bin/ceph: stderr
2026-02-19T23:35:31.305+0000 7f50b77fe640 1 -- 10.20.193.5:0/1659516401 learned_addr learned my addr 10.20.193.5:0/1659516401 (peer_addr_for_me v2:10.20.193.5:0/0)
2026-02-19T23:35:31.518 INFO:teuthology.orchestra.run.trial005.stdout:/usr/bin/ceph: stderr
2026-02-19T23:35:31.305+0000 7f50b77fe640 1 -- 10.20.193.5:0/1659516401 --> [v2:10.20.193.5:3300/0,v1:10.20.193.5:6789/0] -- mon_subscribe({config=0+,monmap=0+}) -- 0x7f50b81a05b0 con 0x7f50b810a180
2026-02-19T23:35:31.518 INFO:teuthology.orchestra.run.trial005.stdout:/usr/bin/ceph: stderr
2026-02-19T23:35:31.305+0000 7f50b77fe640 1 --2- 10.20.193.5:0/1659516401 >> [v2:10.20.193.5:3300/0,v1:10.20.193.5:6789/0] conn(0x7f50b810a180 0x7f50b81a0070 secure :-1 s=READY pgs=40 cs=0 l=1 rev1=1 crypto rx=0x7f50a4006fd0 tx=0x7f50a4037bb0 comp rx=0 tx=0).ready entity=mon.0 client_cookie=0 server_cookie=0 in_seq=0 out_seq=0
2026-02-19T23:35:31.518 INFO:teuthology.orchestra.run.trial005.stdout:/usr/bin/ceph: stderr
2026-02-19T23:35:31.305+0000 7f50b4ff9640 1 -- 10.20.193.5:0/1659516401 <== mon.0 v2:10.20.193.5:3300/0 1 ==== mon_map magic: 0 ==== 205+0+0 (secure 0 0 0) 0x7f50a4045070 con 0x7f50b810a180
2026-02-19T23:35:31.518 INFO:teuthology.orchestra.run.trial005.stdout:/usr/bin/ceph: stderr
2026-02-19T23:35:31.305+0000 7f50b4ff9640 1 -- 10.20.193.5:0/1659516401 <== mon.0 v2:10.20.193.5:3300/0 2 ==== config(26 keys) ==== 1045+0+0 (secure 0 0 0) 0x7f50a4040450 con 0x7f50b810a180
2026-02-19T23:35:31.519 INFO:teuthology.orchestra.run.trial005.stdout:/usr/bin/ceph: stderr
2026-02-19T23:35:31.305+0000 7f50b4ff9640 1 -- 10.20.193.5:0/1659516401 <== mon.0 v2:10.20.193.5:3300/0 3 ==== mon_map magic: 0 ==== 205+0+0 (secure 0 0 0) 0x7f50a403c070 con 0x7f50b810a180
2026-02-19T23:35:31.519 INFO:teuthology.orchestra.run.trial005.stdout:/usr/bin/ceph: stderr
2026-02-19T23:35:31.305+0000 7f50bccbb640 1 -- 10.20.193.5:0/1659516401 --> [v2:10.20.193.5:3300/0,v1:10.20.193.5:6789/0] -- mon_subscribe({mgrmap=0+}) -- 0x7f50b81a0840 con 0x7f50b810a180
2026-02-19T23:35:31.519 INFO:teuthology.orchestra.run.trial005.stdout:/usr/bin/ceph: stderr
2026-02-19T23:35:31.306+0000 7f50bccbb640 1 -- 10.20.193.5:0/1659516401 --> [v2:10.20.193.5:3300/0,v1:10.20.193.5:6789/0] -- mon_subscribe({osdmap=0}) -- 0x7f50b81a3530 con 0x7f50b810a180
2026-02-19T23:35:31.519 INFO:teuthology.orchestra.run.trial005.stdout:/usr/bin/ceph: stderr
2026-02-19T23:35:31.306+0000 7f50bccbb640 1 -- 10.20.193.5:0/1659516401 --> [v2:10.20.193.5:3300/0,v1:10.20.193.5:6789/0] -- mon_command({"prefix": "get_command_descriptions"} v 0) -- 0x7f50b810a600 con 0x7f50b810a180
2026-02-19T23:35:31.519 INFO:teuthology.orchestra.run.trial005.stdout:/usr/bin/ceph: stderr
2026-02-19T23:35:31.306+0000 7f50b4ff9640 1 -- 10.20.193.5:0/1659516401 <== mon.0 v2:10.20.193.5:3300/0 4 ==== mgrmap(e 6) ==== 50141+0+0 (secure 0 0 0) 0x7f50a4040900 con 0x7f50b810a180
2026-02-19T23:35:31.519 INFO:teuthology.orchestra.run.trial005.stdout:/usr/bin/ceph: stderr
2026-02-19T23:35:31.307+0000 7f50b4ff9640 1 --2- 10.20.193.5:0/1659516401 >> [v2:10.20.193.5:6800/3734511448,v1:10.20.193.5:6801/3734511448] conn(0x7f508c03dad0 0x7f508c03ff90 unknown :-1 s=NONE pgs=0 cs=0 l=1 rev1=0 crypto rx=0 tx=0 comp rx=0 tx=0).connect
2026-02-19T23:35:31.519 INFO:teuthology.orchestra.run.trial005.stdout:/usr/bin/ceph: stderr
2026-02-19T23:35:31.307+0000 7f50b4ff9640 1 -- 10.20.193.5:0/1659516401 <== mon.0 v2:10.20.193.5:3300/0 5 ==== osd_map(2..2 src has 1..2) ==== 940+0+0 (secure 0 0 0) 0x7f50a4076530 con 0x7f50b810a180
2026-02-19T23:35:31.519 INFO:teuthology.orchestra.run.trial005.stdout:/usr/bin/ceph: stderr
2026-02-19T23:35:31.307+0000 7f50b6ffd640 1 --2- 10.20.193.5:0/1659516401 >> [v2:10.20.193.5:6800/3734511448,v1:10.20.193.5:6801/3734511448] conn(0x7f508c03dad0 0x7f508c03ff90 unknown :-1 s=BANNER_CONNECTING pgs=0 cs=0 l=1 rev1=0 crypto rx=0 tx=0 comp rx=0 tx=0)._handle_peer_banner_payload supported=3 required=0
2026-02-19T23:35:31.519 INFO:teuthology.orchestra.run.trial005.stdout:/usr/bin/ceph: stderr
2026-02-19T23:35:31.308+0000 7f50b6ffd640 1 --2- 10.20.193.5:0/1659516401 >> [v2:10.20.193.5:6800/3734511448,v1:10.20.193.5:6801/3734511448] conn(0x7f508c03dad0 0x7f508c03ff90 secure :-1 s=READY pgs=9 cs=0 l=1 rev1=1 crypto rx=0x7f50a80099c0 tx=0x7f50a8006eb0 comp rx=0 tx=0).ready entity=mgr.14118 client_cookie=0 server_cookie=0 in_seq=0 out_seq=0
2026-02-19T23:35:31.519 INFO:teuthology.orchestra.run.trial005.stdout:/usr/bin/ceph: stderr
2026-02-19T23:35:31.309+0000 7f50b4ff9640 1 -- 10.20.193.5:0/1659516401 <== mon.0 v2:10.20.193.5:3300/0 6 ==== mon_command_ack([{"prefix": "get_command_descriptions"}]=0 v0) ==== 72+0+195034 (secure 0 0 0) 0x7f50a40406b0 con 0x7f50b810a180
2026-02-19T23:35:31.520 INFO:teuthology.orchestra.run.trial005.stdout:/usr/bin/ceph: stderr
2026-02-19T23:35:31.400+0000 7f50bccbb640 1 -- 10.20.193.5:0/1659516401 --> [v2:10.20.193.5:6800/3734511448,v1:10.20.193.5:6801/3734511448] -- mgr_command(tid 0: {"prefix": "cephadm generate-key", "target": ["mon-mgr", ""]}) -- 0x7f50b8107dc0 con 0x7f508c03dad0
2026-02-19T23:35:31.520 INFO:teuthology.orchestra.run.trial005.stdout:/usr/bin/ceph: stderr
2026-02-19T23:35:31.434+0000 7f50b4ff9640 1 -- 10.20.193.5:0/1659516401 <== mgr.14118 v2:10.20.193.5:6800/3734511448 1 ==== mgr_command_reply(tid 0: 0 ) ==== 8+0+0 (secure 0 0 0) 0x7f50b8107dc0 con 0x7f508c03dad0
2026-02-19T23:35:31.520 INFO:teuthology.orchestra.run.trial005.stdout:/usr/bin/ceph: stderr
2026-02-19T23:35:31.436+0000 7f50bccbb640 1 -- 10.20.193.5:0/1659516401 >> [v2:10.20.193.5:6800/3734511448,v1:10.20.193.5:6801/3734511448] conn(0x7f508c03dad0 msgr2=0x7f508c03ff90 secure :-1 s=STATE_CONNECTION_ESTABLISHED l=1).mark_down
2026-02-19T23:35:31.520 INFO:teuthology.orchestra.run.trial005.stdout:/usr/bin/ceph: stderr
2026-02-19T23:35:31.436+0000 7f50bccbb640 1 --2- 10.20.193.5:0/1659516401 >> [v2:10.20.193.5:6800/3734511448,v1:10.20.193.5:6801/3734511448] conn(0x7f508c03dad0 0x7f508c03ff90 secure :-1 s=READY pgs=9 cs=0 l=1 rev1=1 crypto rx=0x7f50a80099c0 tx=0x7f50a8006eb0 comp rx=0 tx=0).stop
2026-02-19T23:35:31.520 INFO:teuthology.orchestra.run.trial005.stdout:/usr/bin/ceph: stderr
2026-02-19T23:35:31.436+0000 7f50bccbb640 1 -- 10.20.193.5:0/1659516401 >> [v2:10.20.193.5:3300/0,v1:10.20.193.5:6789/0] conn(0x7f50b810a180 msgr2=0x7f50b81a0070 secure :-1 s=STATE_CONNECTION_ESTABLISHED l=1).mark_down
2026-02-19T23:35:31.520 INFO:teuthology.orchestra.run.trial005.stdout:/usr/bin/ceph: stderr
2026-02-19T23:35:31.436+0000 7f50bccbb640 1 --2- 10.20.193.5:0/1659516401 >> [v2:10.20.193.5:3300/0,v1:10.20.193.5:6789/0] conn(0x7f50b810a180 0x7f50b81a0070 secure :-1 s=READY pgs=40 cs=0 l=1 rev1=1 crypto rx=0x7f50a4006fd0 tx=0x7f50a4037bb0 comp rx=0 tx=0).stop
2026-02-19T23:35:31.520 INFO:teuthology.orchestra.run.trial005.stdout:/usr/bin/ceph: stderr
2026-02-19T23:35:31.436+0000 7f50bccbb640 1 -- 10.20.193.5:0/1659516401 shutdown_connections
2026-02-19T23:35:31.520 INFO:teuthology.orchestra.run.trial005.stdout:/usr/bin/ceph: stderr
2026-02-19T23:35:31.436+0000 7f50bccbb640 1 --2- 10.20.193.5:0/1659516401 >> [v2:10.20.193.5:6800/3734511448,v1:10.20.193.5:6801/3734511448] conn(0x7f508c03dad0 0x7f508c03ff90 unknown :-1 s=CLOSED pgs=9 cs=0 l=1 rev1=1 crypto rx=0 tx=0 comp rx=0 tx=0).stop
2026-02-19T23:35:31.520 INFO:teuthology.orchestra.run.trial005.stdout:/usr/bin/ceph: stderr
2026-02-19T23:35:31.436+0000 7f50bccbb640 1 --2- 10.20.193.5:0/1659516401 >> [v2:10.20.193.5:3300/0,v1:10.20.193.5:6789/0] conn(0x7f50b810a180 0x7f50b81a0070 unknown :-1 s=CLOSED pgs=40 cs=0 l=1 rev1=1 crypto rx=0 tx=0 comp rx=0 tx=0).stop
2026-02-19T23:35:31.520 INFO:teuthology.orchestra.run.trial005.stdout:/usr/bin/ceph: stderr
2026-02-19T23:35:31.436+0000 7f50bccbb640 1 -- 10.20.193.5:0/1659516401 >> 10.20.193.5:0/1659516401 conn(0x7f50b807d680 msgr2=0x7f50b81076b0 unknown :-1 s=STATE_NONE l=0).mark_down
2026-02-19T23:35:31.520 INFO:teuthology.orchestra.run.trial005.stdout:/usr/bin/ceph: stderr
2026-02-19T23:35:31.436+0000 7f50bccbb640 1 -- 10.20.193.5:0/1659516401 shutdown_connections
2026-02-19T23:35:31.520 INFO:teuthology.orchestra.run.trial005.stdout:/usr/bin/ceph: stderr
2026-02-19T23:35:31.436+0000 7f50bccbb640 1 -- 10.20.193.5:0/1659516401 wait complete.
2026-02-19T23:35:31.677 INFO:journalctl@ceph.mgr.x.trial005.stdout:Feb 19 23:35:31 trial005 ceph-9bc9bd83-0deb-11f1-b0f7-d404e6e7d460-mgr-x[38797]: Generating public/private ed25519 key pair.
2026-02-19T23:35:31.677 INFO:journalctl@ceph.mgr.x.trial005.stdout:Feb 19 23:35:31 trial005 ceph-9bc9bd83-0deb-11f1-b0f7-d404e6e7d460-mgr-x[38797]: Your identification has been saved in /tmp/tmpbqdxsi2k/key
2026-02-19T23:35:31.677 INFO:journalctl@ceph.mgr.x.trial005.stdout:Feb 19 23:35:31 trial005 ceph-9bc9bd83-0deb-11f1-b0f7-d404e6e7d460-mgr-x[38797]: Your public key has been saved in /tmp/tmpbqdxsi2k/key.pub
2026-02-19T23:35:31.678 INFO:journalctl@ceph.mgr.x.trial005.stdout:Feb 19 23:35:31 trial005 ceph-9bc9bd83-0deb-11f1-b0f7-d404e6e7d460-mgr-x[38797]: The key fingerprint is:
2026-02-19T23:35:31.678 INFO:journalctl@ceph.mgr.x.trial005.stdout:Feb 19 23:35:31 trial005 ceph-9bc9bd83-0deb-11f1-b0f7-d404e6e7d460-mgr-x[38797]: SHA256:YLElLinJOviOgh3MIfifUTZ3nmI5bUimIOACdNbdypg ceph-9bc9bd83-0deb-11f1-b0f7-d404e6e7d460
2026-02-19T23:35:31.678 INFO:journalctl@ceph.mgr.x.trial005.stdout:Feb 19 23:35:31 trial005 ceph-9bc9bd83-0deb-11f1-b0f7-d404e6e7d460-mgr-x[38797]: The key's randomart image is:
2026-02-19T23:35:31.678 INFO:journalctl@ceph.mgr.x.trial005.stdout:Feb 19 23:35:31 trial005 ceph-9bc9bd83-0deb-11f1-b0f7-d404e6e7d460-mgr-x[38797]: +--[ED25519 256]--+
2026-02-19T23:35:31.678 INFO:journalctl@ceph.mgr.x.trial005.stdout:Feb 19 23:35:31 trial005 ceph-9bc9bd83-0deb-11f1-b0f7-d404e6e7d460-mgr-x[38797]: |.. o. + o |
2026-02-19T23:35:31.678 INFO:journalctl@ceph.mgr.x.trial005.stdout:Feb 19 23:35:31 trial005 ceph-9bc9bd83-0deb-11f1-b0f7-d404e6e7d460-mgr-x[38797]: |o.o. + * . |
2026-02-19T23:35:31.678 INFO:journalctl@ceph.mgr.x.trial005.stdout:Feb 19 23:35:31 trial005 ceph-9bc9bd83-0deb-11f1-b0f7-d404e6e7d460-mgr-x[38797]: |+.+ o O . |
2026-02-19T23:35:31.678 INFO:journalctl@ceph.mgr.x.trial005.stdout:Feb 19 23:35:31 trial005 ceph-9bc9bd83-0deb-11f1-b0f7-d404e6e7d460-mgr-x[38797]: |=oo..E+++ . |
2026-02-19T23:35:31.678 INFO:journalctl@ceph.mgr.x.trial005.stdout:Feb 19 23:35:31 trial005 ceph-9bc9bd83-0deb-11f1-b0f7-d404e6e7d460-mgr-x[38797]: |== o + *S* . |
2026-02-19T23:35:31.678 INFO:journalctl@ceph.mgr.x.trial005.stdout:Feb 19 23:35:31 trial005 ceph-9bc9bd83-0deb-11f1-b0f7-d404e6e7d460-mgr-x[38797]: | o= . . * = |
2026-02-19T23:35:31.678 INFO:journalctl@ceph.mgr.x.trial005.stdout:Feb 19 23:35:31 trial005 ceph-9bc9bd83-0deb-11f1-b0f7-d404e6e7d460-mgr-x[38797]: |...o o . + |
2026-02-19T23:35:31.679 INFO:journalctl@ceph.mgr.x.trial005.stdout:Feb 19 23:35:31 trial005 ceph-9bc9bd83-0deb-11f1-b0f7-d404e6e7d460-mgr-x[38797]: |oo. o |
2026-02-19T23:35:31.679 INFO:journalctl@ceph.mgr.x.trial005.stdout:Feb 19 23:35:31 trial005 ceph-9bc9bd83-0deb-11f1-b0f7-d404e6e7d460-mgr-x[38797]: |o . |
2026-02-19T23:35:31.679 INFO:journalctl@ceph.mgr.x.trial005.stdout:Feb 19 23:35:31 trial005 ceph-9bc9bd83-0deb-11f1-b0f7-d404e6e7d460-mgr-x[38797]: +----[SHA256]-----+
2026-02-19T23:35:31.857 INFO:teuthology.orchestra.run.trial005.stdout:/usr/bin/ceph: stdout ssh-ed25519 AAAAC3NzaC1lZDI1NTE5AAAAIIZdfb/mtP2HZX011dA5Xva+OYCx2kg5ToVzeG/+ipiG ceph-9bc9bd83-0deb-11f1-b0f7-d404e6e7d460
2026-02-19T23:35:31.857 INFO:teuthology.orchestra.run.trial005.stdout:/usr/bin/ceph: stderr
2026-02-19T23:35:31.674+0000 7f024fb65640 1 Processor -- start
2026-02-19T23:35:31.857 INFO:teuthology.orchestra.run.trial005.stdout:/usr/bin/ceph: stderr
2026-02-19T23:35:31.674+0000 7f024fb65640 1 -- start start
2026-02-19T23:35:31.858 INFO:teuthology.orchestra.run.trial005.stdout:/usr/bin/ceph: stderr
2026-02-19T23:35:31.674+0000 7f024fb65640 1 --2- >> [v2:10.20.193.5:3300/0,v1:10.20.193.5:6789/0] conn(0x7f024806f6c0 0x7f024806db70 unknown :-1 s=NONE pgs=0 cs=0 l=0 rev1=0 crypto rx=0 tx=0 comp rx=0 tx=0).connect
2026-02-19T23:35:31.858 INFO:teuthology.orchestra.run.trial005.stdout:/usr/bin/ceph: stderr
2026-02-19T23:35:31.674+0000 7f024fb65640 1 -- --> [v2:10.20.193.5:3300/0,v1:10.20.193.5:6789/0] -- mon_getmap magic: 0 -- 0x7f024806e0b0 con 0x7f024806f6c0
2026-02-19T23:35:31.858 INFO:teuthology.orchestra.run.trial005.stdout:/usr/bin/ceph: stderr
2026-02-19T23:35:31.675+0000 7f024d8da640 1 --2- >> [v2:10.20.193.5:3300/0,v1:10.20.193.5:6789/0] conn(0x7f024806f6c0 0x7f024806db70 unknown :-1 s=BANNER_CONNECTING pgs=0 cs=0 l=0 rev1=0 crypto rx=0 tx=0 comp rx=0 tx=0)._handle_peer_banner_payload supported=3 required=0
2026-02-19T23:35:31.858 INFO:teuthology.orchestra.run.trial005.stdout:/usr/bin/ceph: stderr
2026-02-19T23:35:31.675+0000 7f024d8da640 1 --2- >> [v2:10.20.193.5:3300/0,v1:10.20.193.5:6789/0] conn(0x7f024806f6c0 0x7f024806db70 unknown :-1 s=HELLO_CONNECTING pgs=0 cs=0 l=0 rev1=1 crypto rx=0 tx=0 comp rx=0 tx=0).handle_hello peer v2:10.20.193.5:3300/0 says I am v2:10.20.193.5:48422/0 (socket says 10.20.193.5:48422)
2026-02-19T23:35:31.858 INFO:teuthology.orchestra.run.trial005.stdout:/usr/bin/ceph: stderr
2026-02-19T23:35:31.675+0000 7f024d8da640 1 -- 10.20.193.5:0/1827208317 learned_addr learned my addr 10.20.193.5:0/1827208317 (peer_addr_for_me v2:10.20.193.5:0/0)
2026-02-19T23:35:31.858 INFO:teuthology.orchestra.run.trial005.stdout:/usr/bin/ceph: stderr
2026-02-19T23:35:31.675+0000 7f024d8da640 1 -- 10.20.193.5:0/1827208317 --> [v2:10.20.193.5:3300/0,v1:10.20.193.5:6789/0] -- mon_subscribe({config=0+,monmap=0+}) -- 0x7f024806e230 con 0x7f024806f6c0
2026-02-19T23:35:31.858 INFO:teuthology.orchestra.run.trial005.stdout:/usr/bin/ceph: stderr
2026-02-19T23:35:31.676+0000 7f024d8da640 1 --2- 10.20.193.5:0/1827208317 >> [v2:10.20.193.5:3300/0,v1:10.20.193.5:6789/0] conn(0x7f024806f6c0 0x7f024806db70 secure :-1 s=READY pgs=41 cs=0 l=1 rev1=1 crypto rx=0x7f0238009920 tx=0x7f023802ef20 comp rx=0 tx=0).ready entity=mon.0 client_cookie=1c34d4622ff42a8f server_cookie=0 in_seq=0 out_seq=0
2026-02-19T23:35:31.858 INFO:teuthology.orchestra.run.trial005.stdout:/usr/bin/ceph: stderr
2026-02-19T23:35:31.676+0000 7f024c8d8640 1 -- 10.20.193.5:0/1827208317 <== mon.0 v2:10.20.193.5:3300/0 1 ==== mon_map magic: 0 ==== 205+0+0 (secure 0 0 0) 0x7f023803c070 con 0x7f024806f6c0
2026-02-19T23:35:31.858 INFO:teuthology.orchestra.run.trial005.stdout:/usr/bin/ceph: stderr
2026-02-19T23:35:31.676+0000 7f024c8d8640 1 -- 10.20.193.5:0/1827208317 <== mon.0 v2:10.20.193.5:3300/0 2 ==== config(26 keys) ==== 1045+0+0 (secure 0 0 0) 0x7f0238037440 con 0x7f024806f6c0
2026-02-19T23:35:31.858 INFO:teuthology.orchestra.run.trial005.stdout:/usr/bin/ceph: stderr
2026-02-19T23:35:31.676+0000 7f024c8d8640 1 -- 10.20.193.5:0/1827208317 <== mon.0 v2:10.20.193.5:3300/0 3 ==== mon_map magic: 0 ==== 205+0+0 (secure 0 0 0) 0x7f02380354b0 con 0x7f024806f6c0
2026-02-19T23:35:31.858 INFO:teuthology.orchestra.run.trial005.stdout:/usr/bin/ceph: stderr
2026-02-19T23:35:31.676+0000 7f024fb65640 1 -- 10.20.193.5:0/1827208317 >> [v2:10.20.193.5:3300/0,v1:10.20.193.5:6789/0] conn(0x7f024806f6c0 msgr2=0x7f024806db70 secure :-1 s=STATE_CONNECTION_ESTABLISHED l=1).mark_down
2026-02-19T23:35:31.859 INFO:teuthology.orchestra.run.trial005.stdout:/usr/bin/ceph: stderr
2026-02-19T23:35:31.676+0000 7f024fb65640 1 --2- 10.20.193.5:0/1827208317 >> [v2:10.20.193.5:3300/0,v1:10.20.193.5:6789/0] conn(0x7f024806f6c0 0x7f024806db70 secure :-1 s=READY pgs=41 cs=0 l=1 rev1=1 crypto rx=0x7f0238009920 tx=0x7f023802ef20 comp rx=0 tx=0).stop
2026-02-19T23:35:31.859 INFO:teuthology.orchestra.run.trial005.stdout:/usr/bin/ceph: stderr
2026-02-19T23:35:31.676+0000 7f024fb65640 1 -- 10.20.193.5:0/1827208317 shutdown_connections
2026-02-19T23:35:31.859 INFO:teuthology.orchestra.run.trial005.stdout:/usr/bin/ceph: stderr
2026-02-19T23:35:31.676+0000 7f024fb65640 1 --2- 10.20.193.5:0/1827208317 >> [v2:10.20.193.5:3300/0,v1:10.20.193.5:6789/0] conn(0x7f024806f6c0 0x7f024806db70 unknown :-1 s=CLOSED pgs=41 cs=0 l=1 rev1=1 crypto rx=0 tx=0 comp rx=0 tx=0).stop
2026-02-19T23:35:31.859 INFO:teuthology.orchestra.run.trial005.stdout:/usr/bin/ceph: stderr
2026-02-19T23:35:31.676+0000 7f024fb65640 1 -- 10.20.193.5:0/1827208317 >> 10.20.193.5:0/1827208317 conn(0x7f0248071600 msgr2=0x7f0248073a60 unknown :-1 s=STATE_NONE l=0).mark_down
2026-02-19T23:35:31.859 INFO:teuthology.orchestra.run.trial005.stdout:/usr/bin/ceph: stderr
2026-02-19T23:35:31.676+0000 7f024fb65640 1 -- 10.20.193.5:0/1827208317 shutdown_connections
2026-02-19T23:35:31.859 INFO:teuthology.orchestra.run.trial005.stdout:/usr/bin/ceph: stderr
2026-02-19T23:35:31.676+0000 7f024fb65640 1 -- 10.20.193.5:0/1827208317 wait complete.
2026-02-19T23:35:31.859 INFO:teuthology.orchestra.run.trial005.stdout:/usr/bin/ceph: stderr
2026-02-19T23:35:31.677+0000 7f024fb65640 1 Processor -- start
2026-02-19T23:35:31.859 INFO:teuthology.orchestra.run.trial005.stdout:/usr/bin/ceph: stderr
2026-02-19T23:35:31.677+0000 7f024fb65640 1 -- start start
2026-02-19T23:35:31.859 INFO:teuthology.orchestra.run.trial005.stdout:/usr/bin/ceph: stderr
2026-02-19T23:35:31.677+0000 7f024fb65640 1 --2- >> [v2:10.20.193.5:3300/0,v1:10.20.193.5:6789/0] conn(0x7f024806f6c0 0x7f02481ad100 unknown :-1 s=NONE pgs=0 cs=0 l=1 rev1=0 crypto rx=0 tx=0 comp rx=0 tx=0).connect
2026-02-19T23:35:31.859 INFO:teuthology.orchestra.run.trial005.stdout:/usr/bin/ceph: stderr
2026-02-19T23:35:31.677+0000 7f024fb65640 1 -- --> [v2:10.20.193.5:3300/0,v1:10.20.193.5:6789/0] -- mon_getmap magic: 0 -- 0x7f0248112ac0 con 0x7f024806f6c0
2026-02-19T23:35:31.859 INFO:teuthology.orchestra.run.trial005.stdout:/usr/bin/ceph: stderr
2026-02-19T23:35:31.678+0000 7f024d8da640 1 --2- >> [v2:10.20.193.5:3300/0,v1:10.20.193.5:6789/0] conn(0x7f024806f6c0 0x7f02481ad100 unknown :-1 s=BANNER_CONNECTING pgs=0 cs=0 l=1 rev1=0 crypto rx=0 tx=0 comp rx=0 tx=0)._handle_peer_banner_payload supported=3 required=0
2026-02-19T23:35:31.859 INFO:teuthology.orchestra.run.trial005.stdout:/usr/bin/ceph: stderr
2026-02-19T23:35:31.678+0000 7f024d8da640 1 --2- >> [v2:10.20.193.5:3300/0,v1:10.20.193.5:6789/0] conn(0x7f024806f6c0 0x7f02481ad100 unknown :-1 s=HELLO_CONNECTING pgs=0 cs=0 l=1 rev1=1 crypto rx=0 tx=0 comp rx=0 tx=0).handle_hello peer v2:10.20.193.5:3300/0 says I am v2:10.20.193.5:48436/0 (socket says 10.20.193.5:48436)
2026-02-19T23:35:31.860 INFO:teuthology.orchestra.run.trial005.stdout:/usr/bin/ceph: stderr
2026-02-19T23:35:31.678+0000 7f024d8da640 1 -- 10.20.193.5:0/3806566948 learned_addr learned my addr 10.20.193.5:0/3806566948 (peer_addr_for_me v2:10.20.193.5:0/0)
2026-02-19T23:35:31.860 INFO:teuthology.orchestra.run.trial005.stdout:/usr/bin/ceph: stderr
2026-02-19T23:35:31.678+0000 7f024d8da640 1 -- 10.20.193.5:0/3806566948 --> [v2:10.20.193.5:3300/0,v1:10.20.193.5:6789/0] -- mon_subscribe({config=0+,monmap=0+}) -- 0x7f02481ad640 con 0x7f024806f6c0
2026-02-19T23:35:31.860 INFO:teuthology.orchestra.run.trial005.stdout:/usr/bin/ceph: stderr
2026-02-19T23:35:31.678+0000 7f024d8da640 1 --2- 10.20.193.5:0/3806566948 >> [v2:10.20.193.5:3300/0,v1:10.20.193.5:6789/0] conn(0x7f024806f6c0 0x7f02481ad100 secure :-1 s=READY pgs=42 cs=0 l=1 rev1=1 crypto rx=0x7f0238009a50 tx=0x7f0238037b90 comp rx=0 tx=0).ready entity=mon.0 client_cookie=0 server_cookie=0 in_seq=0 out_seq=0
2026-02-19T23:35:31.860 INFO:teuthology.orchestra.run.trial005.stdout:/usr/bin/ceph: stderr
2026-02-19T23:35:31.678+0000 7f0236ffd640 1 -- 10.20.193.5:0/3806566948 <== mon.0 v2:10.20.193.5:3300/0 1 ==== mon_map magic: 0 ==== 205+0+0 (secure 0 0 0) 0x7f0238045070 con 0x7f024806f6c0
2026-02-19T23:35:31.860 INFO:teuthology.orchestra.run.trial005.stdout:/usr/bin/ceph: stderr
2026-02-19T23:35:31.678+0000 7f0236ffd640 1 -- 10.20.193.5:0/3806566948 <== mon.0 v2:10.20.193.5:3300/0 2 ==== config(26 keys) ==== 1045+0+0 (secure 0 0 0) 0x7f0238040450 con 0x7f024806f6c0
2026-02-19T23:35:31.860 INFO:teuthology.orchestra.run.trial005.stdout:/usr/bin/ceph: stderr
2026-02-19T23:35:31.678+0000 7f024fb65640 1 -- 10.20.193.5:0/3806566948 --> [v2:10.20.193.5:3300/0,v1:10.20.193.5:6789/0] -- mon_subscribe({mgrmap=0+}) -- 0x7f02481ad8d0 con 0x7f024806f6c0
2026-02-19T23:35:31.860 INFO:teuthology.orchestra.run.trial005.stdout:/usr/bin/ceph: stderr
2026-02-19T23:35:31.678+0000 7f024fb65640 1 -- 10.20.193.5:0/3806566948 --> [v2:10.20.193.5:3300/0,v1:10.20.193.5:6789/0] -- mon_subscribe({osdmap=0}) -- 0x7f02481b05c0 con 0x7f024806f6c0
2026-02-19T23:35:31.860 INFO:teuthology.orchestra.run.trial005.stdout:/usr/bin/ceph: stderr
2026-02-19T23:35:31.678+0000 7f0236ffd640 1 -- 10.20.193.5:0/3806566948 <== mon.0 v2:10.20.193.5:3300/0 3 ==== mon_map magic: 0 ==== 205+0+0 (secure 0 0 0) 0x7f023803c070 con 0x7f024806f6c0
2026-02-19T23:35:31.860 INFO:teuthology.orchestra.run.trial005.stdout:/usr/bin/ceph: stderr
2026-02-19T23:35:31.679+0000 7f024fb65640 1 -- 10.20.193.5:0/3806566948 --> [v2:10.20.193.5:3300/0,v1:10.20.193.5:6789/0] -- mon_command({"prefix": "get_command_descriptions"} v 0) -- 0x7f024806dbf0 con 0x7f024806f6c0
2026-02-19T23:35:31.860 INFO:teuthology.orchestra.run.trial005.stdout:/usr/bin/ceph: stderr
2026-02-19T23:35:31.679+0000 7f0236ffd640 1 -- 10.20.193.5:0/3806566948 <== mon.0 v2:10.20.193.5:3300/0 4 ==== mgrmap(e 6) ==== 50141+0+0 (secure 0 0 0) 0x7f0238035aa0 con 0x7f024806f6c0
2026-02-19T23:35:31.860 INFO:teuthology.orchestra.run.trial005.stdout:/usr/bin/ceph: stderr
2026-02-19T23:35:31.680+0000 7f0236ffd640 1 --2- 10.20.193.5:0/3806566948 >> [v2:10.20.193.5:6800/3734511448,v1:10.20.193.5:6801/3734511448] conn(0x7f022403db20 0x7f022403ffe0 unknown :-1 s=NONE pgs=0 cs=0 l=1 rev1=0 crypto rx=0 tx=0 comp rx=0 tx=0).connect
2026-02-19T23:35:31.860 INFO:teuthology.orchestra.run.trial005.stdout:/usr/bin/ceph: stderr
2026-02-19T23:35:31.680+0000 7f0236ffd640 1 -- 10.20.193.5:0/3806566948 <== mon.0 v2:10.20.193.5:3300/0 5 ==== osd_map(2..2 src has 1..2) ==== 940+0+0 (secure 0 0 0) 0x7f02380764e0 con 0x7f024806f6c0
2026-02-19T23:35:31.861 INFO:teuthology.orchestra.run.trial005.stdout:/usr/bin/ceph: stderr
2026-02-19T23:35:31.680+0000 7f024d0d9640 1 --2- 10.20.193.5:0/3806566948 >> [v2:10.20.193.5:6800/3734511448,v1:10.20.193.5:6801/3734511448] conn(0x7f022403db20 0x7f022403ffe0 unknown :-1 s=BANNER_CONNECTING pgs=0 cs=0 l=1 rev1=0 crypto rx=0 tx=0 comp rx=0 tx=0)._handle_peer_banner_payload supported=3 required=0
2026-02-19T23:35:31.861 INFO:teuthology.orchestra.run.trial005.stdout:/usr/bin/ceph: stderr
