2026-02-19T23:35:34.760+0000 7fabbe7fc640 1 --2- 10.20.193.5:0/785174643 >> [v2:10.20.193.5:6800/3734511448,v1:10.20.193.5:6801/3734511448] conn(0x7fabac03dfd0 0x7fabac040490 unknown :-1 s=NONE pgs=0 cs=0 l=1 rev1=0 crypto rx=0 tx=0 comp rx=0 tx=0).connect
2026-02-19T23:35:34.995 INFO:teuthology.orchestra.run.trial005.stdout:/usr/bin/ceph: stderr
2026-02-19T23:35:34.761+0000 7fabbe7fc640 1 -- 10.20.193.5:0/785174643 <== mon.0 v2:10.20.193.5:3300/0 5 ==== osd_map(2..2 src has 1..2) ==== 940+0+0 (secure 0 0 0) 0x7fabc0076c20 con 0x7fabd010f070
2026-02-19T23:35:34.995 INFO:teuthology.orchestra.run.trial005.stdout:/usr/bin/ceph: stderr
2026-02-19T23:35:34.761+0000 7fabd4fc1640 1 --2- 10.20.193.5:0/785174643 >> [v2:10.20.193.5:6800/3734511448,v1:10.20.193.5:6801/3734511448] conn(0x7fabac03dfd0 0x7fabac040490 unknown :-1 s=BANNER_CONNECTING pgs=0 cs=0 l=1 rev1=0 crypto rx=0 tx=0 comp rx=0 tx=0)._handle_peer_banner_payload supported=3 required=0
2026-02-19T23:35:34.996 INFO:teuthology.orchestra.run.trial005.stdout:/usr/bin/ceph: stderr
2026-02-19T23:35:34.761+0000 7fabd4fc1640 1 --2- 10.20.193.5:0/785174643 >> [v2:10.20.193.5:6800/3734511448,v1:10.20.193.5:6801/3734511448] conn(0x7fabac03dfd0 0x7fabac040490 secure :-1 s=READY pgs=13 cs=0 l=1 rev1=1 crypto rx=0x7fabc40099c0 tx=0x7fabc4006eb0 comp rx=0 tx=0).ready entity=mgr.14118 client_cookie=0 server_cookie=0 in_seq=0 out_seq=0
2026-02-19T23:35:34.996 INFO:teuthology.orchestra.run.trial005.stdout:/usr/bin/ceph: stderr
2026-02-19T23:35:34.762+0000 7fabbe7fc640 1 -- 10.20.193.5:0/785174643 <== mon.0 v2:10.20.193.5:3300/0 6 ==== mon_command_ack([{"prefix": "get_command_descriptions"}]=0 v0) ==== 72+0+195034 (secure 0 0 0) 0x7fabc0076e20 con 0x7fabd010f070
2026-02-19T23:35:34.996 INFO:teuthology.orchestra.run.trial005.stdout:/usr/bin/ceph: stderr
2026-02-19T23:35:34.858+0000 7fabbe7fc640 1 -- 10.20.193.5:0/785174643 <== mon.0 v2:10.20.193.5:3300/0 7 ==== config(26 keys) ==== 1076+0+0 (secure 0 0 0) 0x7fabc0040a30 con 0x7fabd010f070
2026-02-19T23:35:34.996 INFO:teuthology.orchestra.run.trial005.stdout:/usr/bin/ceph: stderr
2026-02-19T23:35:34.860+0000 7fabd67c4640 1 -- 10.20.193.5:0/785174643 --> [v2:10.20.193.5:6800/3734511448,v1:10.20.193.5:6801/3734511448] -- mgr_command(tid 0: {"prefix": "orch apply", "service_type": "mgr", "unmanaged": true, "target": ["mon-mgr", ""]}) -- 0x7fabd007fad0 con 0x7fabac03dfd0
2026-02-19T23:35:34.996 INFO:teuthology.orchestra.run.trial005.stdout:/usr/bin/ceph: stderr
2026-02-19T23:35:34.866+0000 7fabbe7fc640 1 -- 10.20.193.5:0/785174643 <== mgr.14118 v2:10.20.193.5:6800/3734511448 1 ==== mgr_command_reply(tid 0: 0 ) ==== 8+0+24 (secure 0 0 0) 0x7fabd007fad0 con 0x7fabac03dfd0
2026-02-19T23:35:34.996 INFO:teuthology.orchestra.run.trial005.stdout:/usr/bin/ceph: stderr
2026-02-19T23:35:34.867+0000 7fabd67c4640 1 -- 10.20.193.5:0/785174643 >> [v2:10.20.193.5:6800/3734511448,v1:10.20.193.5:6801/3734511448] conn(0x7fabac03dfd0 msgr2=0x7fabac040490 secure :-1 s=STATE_CONNECTION_ESTABLISHED l=1).mark_down
2026-02-19T23:35:34.996 INFO:teuthology.orchestra.run.trial005.stdout:/usr/bin/ceph: stderr
2026-02-19T23:35:34.867+0000 7fabd67c4640 1 --2- 10.20.193.5:0/785174643 >> [v2:10.20.193.5:6800/3734511448,v1:10.20.193.5:6801/3734511448] conn(0x7fabac03dfd0 0x7fabac040490 secure :-1 s=READY pgs=13 cs=0 l=1 rev1=1 crypto rx=0x7fabc40099c0 tx=0x7fabc4006eb0 comp rx=0 tx=0).stop
2026-02-19T23:35:34.996 INFO:teuthology.orchestra.run.trial005.stdout:/usr/bin/ceph: stderr
2026-02-19T23:35:34.867+0000 7fabd67c4640 1 -- 10.20.193.5:0/785174643 >> [v2:10.20.193.5:3300/0,v1:10.20.193.5:6789/0] conn(0x7fabd010f070 msgr2=0x7fabd01a44d0 secure :-1 s=STATE_CONNECTION_ESTABLISHED l=1).mark_down
2026-02-19T23:35:34.996 INFO:teuthology.orchestra.run.trial005.stdout:/usr/bin/ceph: stderr
2026-02-19T23:35:34.867+0000 7fabd67c4640 1 --2- 10.20.193.5:0/785174643 >> [v2:10.20.193.5:3300/0,v1:10.20.193.5:6789/0] conn(0x7fabd010f070 0x7fabd01a44d0 secure :-1 s=READY pgs=48 cs=0 l=1 rev1=1 crypto rx=0x7fabc0009a50 tx=0x7fabc0037b90 comp rx=0 tx=0).stop
2026-02-19T23:35:34.996 INFO:teuthology.orchestra.run.trial005.stdout:/usr/bin/ceph: stderr
2026-02-19T23:35:34.867+0000 7fabd67c4640 1 -- 10.20.193.5:0/785174643 shutdown_connections
2026-02-19T23:35:34.996 INFO:teuthology.orchestra.run.trial005.stdout:/usr/bin/ceph: stderr
2026-02-19T23:35:34.868+0000 7fabd67c4640 1 --2- 10.20.193.5:0/785174643 >> [v2:10.20.193.5:6800/3734511448,v1:10.20.193.5:6801/3734511448] conn(0x7fabac03dfd0 0x7fabac040490 unknown :-1 s=CLOSED pgs=13 cs=0 l=1 rev1=1 crypto rx=0 tx=0 comp rx=0 tx=0).stop
2026-02-19T23:35:34.996 INFO:teuthology.orchestra.run.trial005.stdout:/usr/bin/ceph: stderr
2026-02-19T23:35:34.868+0000 7fabd67c4640 1 --2- 10.20.193.5:0/785174643 >> [v2:10.20.193.5:3300/0,v1:10.20.193.5:6789/0] conn(0x7fabd010f070 0x7fabd01a44d0 unknown :-1 s=CLOSED pgs=48 cs=0 l=1 rev1=1 crypto rx=0 tx=0 comp rx=0 tx=0).stop
2026-02-19T23:35:34.997 INFO:teuthology.orchestra.run.trial005.stdout:/usr/bin/ceph: stderr
2026-02-19T23:35:34.868+0000 7fabd67c4640 1 -- 10.20.193.5:0/785174643 >> 10.20.193.5:0/785174643 conn(0x7fabd007d860 msgr2=0x7fabd007f3c0 unknown :-1 s=STATE_NONE l=0).mark_down
2026-02-19T23:35:34.997 INFO:teuthology.orchestra.run.trial005.stdout:/usr/bin/ceph: stderr
2026-02-19T23:35:34.868+0000 7fabd67c4640 1 -- 10.20.193.5:0/785174643 shutdown_connections
2026-02-19T23:35:34.997 INFO:teuthology.orchestra.run.trial005.stdout:/usr/bin/ceph: stderr
2026-02-19T23:35:34.868+0000 7fabd67c4640 1 -- 10.20.193.5:0/785174643 wait complete.
2026-02-19T23:35:35.368 INFO:teuthology.orchestra.run.trial005.stdout:/usr/bin/ceph: stderr
2026-02-19T23:35:35.168+0000 7f6a1c826640 1 Processor -- start
2026-02-19T23:35:35.368 INFO:teuthology.orchestra.run.trial005.stdout:/usr/bin/ceph: stderr
2026-02-19T23:35:35.168+0000 7f6a1c826640 1 -- start start
2026-02-19T23:35:35.368 INFO:teuthology.orchestra.run.trial005.stdout:/usr/bin/ceph: stderr
2026-02-19T23:35:35.168+0000 7f6a1c826640 1 --2- >> [v2:10.20.193.5:3300/0,v1:10.20.193.5:6789/0] conn(0x7f6a1810a180 0x7f6a1810a580 unknown :-1 s=NONE pgs=0 cs=0 l=0 rev1=0 crypto rx=0 tx=0 comp rx=0 tx=0).connect
2026-02-19T23:35:35.369 INFO:teuthology.orchestra.run.trial005.stdout:/usr/bin/ceph: stderr
2026-02-19T23:35:35.168+0000 7f6a1c826640 1 -- --> [v2:10.20.193.5:3300/0,v1:10.20.193.5:6789/0] -- mon_getmap magic: 0 -- 0x7f6a1810ab50 con 0x7f6a1810a180
2026-02-19T23:35:35.369 INFO:teuthology.orchestra.run.trial005.stdout:/usr/bin/ceph: stderr
2026-02-19T23:35:35.168+0000 7f6a16d76640 1 --2- >> [v2:10.20.193.5:3300/0,v1:10.20.193.5:6789/0] conn(0x7f6a1810a180 0x7f6a1810a580 unknown :-1 s=BANNER_CONNECTING pgs=0 cs=0 l=0 rev1=0 crypto rx=0 tx=0 comp rx=0 tx=0)._handle_peer_banner_payload supported=3 required=0
2026-02-19T23:35:35.369 INFO:teuthology.orchestra.run.trial005.stdout:/usr/bin/ceph: stderr
2026-02-19T23:35:35.168+0000 7f6a16d76640 1 --2- >> [v2:10.20.193.5:3300/0,v1:10.20.193.5:6789/0] conn(0x7f6a1810a180 0x7f6a1810a580 unknown :-1 s=HELLO_CONNECTING pgs=0 cs=0 l=0 rev1=1 crypto rx=0 tx=0 comp rx=0 tx=0).handle_hello peer v2:10.20.193.5:3300/0 says I am v2:10.20.193.5:48482/0 (socket says 10.20.193.5:48482)
2026-02-19T23:35:35.369 INFO:teuthology.orchestra.run.trial005.stdout:/usr/bin/ceph: stderr
2026-02-19T23:35:35.168+0000 7f6a16d76640 1 -- 10.20.193.5:0/2171137132 learned_addr learned my addr 10.20.193.5:0/2171137132 (peer_addr_for_me v2:10.20.193.5:0/0)
2026-02-19T23:35:35.369 INFO:teuthology.orchestra.run.trial005.stdout:/usr/bin/ceph: stderr
2026-02-19T23:35:35.169+0000 7f6a16d76640 1 -- 10.20.193.5:0/2171137132 --> [v2:10.20.193.5:3300/0,v1:10.20.193.5:6789/0] -- mon_subscribe({config=0+,monmap=0+}) -- 0x7f6a1810b380 con 0x7f6a1810a180
2026-02-19T23:35:35.369 INFO:teuthology.orchestra.run.trial005.stdout:/usr/bin/ceph: stderr
2026-02-19T23:35:35.169+0000 7f6a16d76640 1 --2- 10.20.193.5:0/2171137132 >> [v2:10.20.193.5:3300/0,v1:10.20.193.5:6789/0] conn(0x7f6a1810a180 0x7f6a1810a580 secure :-1 s=READY pgs=49 cs=0 l=1 rev1=1 crypto rx=0x7f6a0c009920 tx=0x7f6a0c02ef20 comp rx=0 tx=0).ready entity=mon.0 client_cookie=494b49c5b684b55e server_cookie=0 in_seq=0 out_seq=0
2026-02-19T23:35:35.369 INFO:teuthology.orchestra.run.trial005.stdout:/usr/bin/ceph: stderr
2026-02-19T23:35:35.170+0000 7f6a15d74640 1 -- 10.20.193.5:0/2171137132 <== mon.0 v2:10.20.193.5:3300/0 1 ==== mon_map magic: 0 ==== 205+0+0 (secure 0 0 0) 0x7f6a0c03c070 con 0x7f6a1810a180
2026-02-19T23:35:35.369 INFO:teuthology.orchestra.run.trial005.stdout:/usr/bin/ceph: stderr
2026-02-19T23:35:35.170+0000 7f6a15d74640 1 -- 10.20.193.5:0/2171137132 <== mon.0 v2:10.20.193.5:3300/0 2 ==== config(26 keys) ==== 1076+0+0 (secure 0 0 0) 0x7f6a0c037440 con 0x7f6a1810a180
2026-02-19T23:35:35.369 INFO:teuthology.orchestra.run.trial005.stdout:/usr/bin/ceph: stderr
2026-02-19T23:35:35.170+0000 7f6a15d74640 1 -- 10.20.193.5:0/2171137132 <== mon.0 v2:10.20.193.5:3300/0 3 ==== mon_map magic: 0 ==== 205+0+0 (secure 0 0 0) 0x7f6a0c0354d0 con 0x7f6a1810a180
2026-02-19T23:35:35.369 INFO:teuthology.orchestra.run.trial005.stdout:/usr/bin/ceph: stderr
2026-02-19T23:35:35.170+0000 7f6a1c826640 1 -- 10.20.193.5:0/2171137132 >> [v2:10.20.193.5:3300/0,v1:10.20.193.5:6789/0] conn(0x7f6a1810a180 msgr2=0x7f6a1810a580 secure :-1 s=STATE_CONNECTION_ESTABLISHED l=1).mark_down
2026-02-19T23:35:35.369 INFO:teuthology.orchestra.run.trial005.stdout:/usr/bin/ceph: stderr
2026-02-19T23:35:35.170+0000 7f6a1c826640 1 --2- 10.20.193.5:0/2171137132 >> [v2:10.20.193.5:3300/0,v1:10.20.193.5:6789/0] conn(0x7f6a1810a180 0x7f6a1810a580 secure :-1 s=READY pgs=49 cs=0 l=1 rev1=1 crypto rx=0x7f6a0c009920 tx=0x7f6a0c02ef20 comp rx=0 tx=0).stop
2026-02-19T23:35:35.369 INFO:teuthology.orchestra.run.trial005.stdout:/usr/bin/ceph: stderr
2026-02-19T23:35:35.170+0000 7f6a1c826640 1 -- 10.20.193.5:0/2171137132 shutdown_connections
2026-02-19T23:35:35.369 INFO:teuthology.orchestra.run.trial005.stdout:/usr/bin/ceph: stderr
2026-02-19T23:35:35.170+0000 7f6a1c826640 1 --2- 10.20.193.5:0/2171137132 >> [v2:10.20.193.5:3300/0,v1:10.20.193.5:6789/0] conn(0x7f6a1810a180 0x7f6a1810a580 unknown :-1 s=CLOSED pgs=49 cs=0 l=1 rev1=1 crypto rx=0 tx=0 comp rx=0 tx=0).stop
2026-02-19T23:35:35.369 INFO:teuthology.orchestra.run.trial005.stdout:/usr/bin/ceph: stderr
2026-02-19T23:35:35.170+0000 7f6a1c826640 1 -- 10.20.193.5:0/2171137132 >> 10.20.193.5:0/2171137132 conn(0x7f6a1807d680 msgr2=0x7f6a1807da90 unknown :-1 s=STATE_NONE l=0).mark_down
2026-02-19T23:35:35.369 INFO:teuthology.orchestra.run.trial005.stdout:/usr/bin/ceph: stderr
2026-02-19T23:35:35.170+0000 7f6a1c826640 1 -- 10.20.193.5:0/2171137132 shutdown_connections
2026-02-19T23:35:35.369 INFO:teuthology.orchestra.run.trial005.stdout:/usr/bin/ceph: stderr
2026-02-19T23:35:35.170+0000 7f6a1c826640 1 -- 10.20.193.5:0/2171137132 wait complete.
2026-02-19T23:35:35.369 INFO:teuthology.orchestra.run.trial005.stdout:/usr/bin/ceph: stderr
2026-02-19T23:35:35.171+0000 7f6a1c826640 1 Processor -- start
2026-02-19T23:35:35.370 INFO:teuthology.orchestra.run.trial005.stdout:/usr/bin/ceph: stderr
2026-02-19T23:35:35.171+0000 7f6a1c826640 1 -- start start
2026-02-19T23:35:35.370 INFO:teuthology.orchestra.run.trial005.stdout:/usr/bin/ceph: stderr
2026-02-19T23:35:35.171+0000 7f6a1c826640 1 --2- >> [v2:10.20.193.5:3300/0,v1:10.20.193.5:6789/0] conn(0x7f6a1810a180 0x7f6a181a4570 unknown :-1 s=NONE pgs=0 cs=0 l=1 rev1=0 crypto rx=0 tx=0 comp rx=0 tx=0).connect
2026-02-19T23:35:35.370 INFO:teuthology.orchestra.run.trial005.stdout:/usr/bin/ceph: stderr
2026-02-19T23:35:35.171+0000 7f6a1c826640 1 -- --> [v2:10.20.193.5:3300/0,v1:10.20.193.5:6789/0] -- mon_getmap magic: 0 -- 0x7f6a1810e730 con 0x7f6a1810a180
2026-02-19T23:35:35.370 INFO:teuthology.orchestra.run.trial005.stdout:/usr/bin/ceph: stderr
2026-02-19T23:35:35.171+0000 7f6a16d76640 1 --2- >> [v2:10.20.193.5:3300/0,v1:10.20.193.5:6789/0] conn(0x7f6a1810a180 0x7f6a181a4570 unknown :-1 s=BANNER_CONNECTING pgs=0 cs=0 l=1 rev1=0 crypto rx=0 tx=0 comp rx=0 tx=0)._handle_peer_banner_payload supported=3 required=0
2026-02-19T23:35:35.370 INFO:teuthology.orchestra.run.trial005.stdout:/usr/bin/ceph: stderr
2026-02-19T23:35:35.171+0000 7f6a16d76640 1 --2- >> [v2:10.20.193.5:3300/0,v1:10.20.193.5:6789/0] conn(0x7f6a1810a180 0x7f6a181a4570 unknown :-1 s=HELLO_CONNECTING pgs=0 cs=0 l=1 rev1=1 crypto rx=0 tx=0 comp rx=0 tx=0).handle_hello peer v2:10.20.193.5:3300/0 says I am v2:10.20.193.5:48490/0 (socket says 10.20.193.5:48490)
2026-02-19T23:35:35.370 INFO:teuthology.orchestra.run.trial005.stdout:/usr/bin/ceph: stderr
2026-02-19T23:35:35.171+0000 7f6a16d76640 1 -- 10.20.193.5:0/3528851962 learned_addr learned my addr 10.20.193.5:0/3528851962 (peer_addr_for_me v2:10.20.193.5:0/0)
2026-02-19T23:35:35.370 INFO:teuthology.orchestra.run.trial005.stdout:/usr/bin/ceph: stderr
2026-02-19T23:35:35.172+0000 7f6a16d76640 1 -- 10.20.193.5:0/3528851962 --> [v2:10.20.193.5:3300/0,v1:10.20.193.5:6789/0] -- mon_subscribe({config=0+,monmap=0+}) -- 0x7f6a181a4ab0 con 0x7f6a1810a180
2026-02-19T23:35:35.370 INFO:teuthology.orchestra.run.trial005.stdout:/usr/bin/ceph: stderr
2026-02-19T23:35:35.172+0000 7f6a16d76640 1 --2- 10.20.193.5:0/3528851962 >> [v2:10.20.193.5:3300/0,v1:10.20.193.5:6789/0] conn(0x7f6a1810a180 0x7f6a181a4570 secure :-1 s=READY pgs=50 cs=0 l=1 rev1=1 crypto rx=0x7f6a0c039000 tx=0x7f6a0c037820 comp rx=0 tx=0).ready entity=mon.0 client_cookie=0 server_cookie=0 in_seq=0 out_seq=0
2026-02-19T23:35:35.370 INFO:teuthology.orchestra.run.trial005.stdout:/usr/bin/ceph: stderr
2026-02-19T23:35:35.172+0000 7f69f7fff640 1 -- 10.20.193.5:0/3528851962 <== mon.0 v2:10.20.193.5:3300/0 1 ==== mon_map magic: 0 ==== 205+0+0 (secure 0 0 0) 0x7f6a0c047070 con 0x7f6a1810a180
2026-02-19T23:35:35.370 INFO:teuthology.orchestra.run.trial005.stdout:/usr/bin/ceph: stderr
2026-02-19T23:35:35.172+0000 7f6a1c826640 1 -- 10.20.193.5:0/3528851962 --> [v2:10.20.193.5:3300/0,v1:10.20.193.5:6789/0] -- mon_subscribe({mgrmap=0+}) -- 0x7f6a181a4d40 con 0x7f6a1810a180
2026-02-19T23:35:35.370 INFO:teuthology.orchestra.run.trial005.stdout:/usr/bin/ceph: stderr
2026-02-19T23:35:35.172+0000 7f6a1c826640 1 -- 10.20.193.5:0/3528851962 --> [v2:10.20.193.5:3300/0,v1:10.20.193.5:6789/0] -- mon_subscribe({osdmap=0}) -- 0x7f6a181a7a30 con 0x7f6a1810a180
2026-02-19T23:35:35.370 INFO:teuthology.orchestra.run.trial005.stdout:/usr/bin/ceph: stderr
2026-02-19T23:35:35.172+0000 7f69f7fff640 1 -- 10.20.193.5:0/3528851962 <== mon.0 v2:10.20.193.5:3300/0 2 ==== config(26 keys) ==== 1076+0+0 (secure 0 0 0) 0x7f6a0c035da0 con 0x7f6a1810a180
2026-02-19T23:35:35.370 INFO:teuthology.orchestra.run.trial005.stdout:/usr/bin/ceph: stderr
2026-02-19T23:35:35.172+0000 7f69f7fff640 1 -- 10.20.193.5:0/3528851962 <== mon.0 v2:10.20.193.5:3300/0 3 ==== mon_map magic: 0 ==== 205+0+0 (secure 0 0 0) 0x7f6a0c03c070 con 0x7f6a1810a180
2026-02-19T23:35:35.370 INFO:teuthology.orchestra.run.trial005.stdout:/usr/bin/ceph: stderr
2026-02-19T23:35:35.172+0000 7f6a1c826640 1 -- 10.20.193.5:0/3528851962 --> [v2:10.20.193.5:3300/0,v1:10.20.193.5:6789/0] -- mon_command({"prefix": "get_command_descriptions"} v 0) -- 0x7f6a1810e8b0 con 0x7f6a1810a180
2026-02-19T23:35:35.370 INFO:teuthology.orchestra.run.trial005.stdout:/usr/bin/ceph: stderr
2026-02-19T23:35:35.173+0000 7f69f7fff640 1 -- 10.20.193.5:0/3528851962 <== mon.0 v2:10.20.193.5:3300/0 4 ==== mgrmap(e 7) ==== 50247+0+0 (secure 0 0 0) 0x7f6a0c0425b0 con 0x7f6a1810a180
2026-02-19T23:35:35.370 INFO:teuthology.orchestra.run.trial005.stdout:/usr/bin/ceph: stderr
2026-02-19T23:35:35.173+0000 7f69f7fff640 1 --2- 10.20.193.5:0/3528851962 >> [v2:10.20.193.5:6800/3734511448,v1:10.20.193.5:6801/3734511448] conn(0x7f69ec03dbf0 0x7f69ec0400b0 unknown :-1 s=NONE pgs=0 cs=0 l=1 rev1=0 crypto rx=0 tx=0 comp rx=0 tx=0).connect
2026-02-19T23:35:35.370 INFO:teuthology.orchestra.run.trial005.stdout:/usr/bin/ceph: stderr
2026-02-19T23:35:35.173+0000 7f69f7fff640 1 -- 10.20.193.5:0/3528851962 <== mon.0 v2:10.20.193.5:3300/0 5 ==== osd_map(2..2 src has 1..2) ==== 940+0+0 (secure 0 0 0) 0x7f6a0c076660 con 0x7f6a1810a180
2026-02-19T23:35:35.370 INFO:teuthology.orchestra.run.trial005.stdout:/usr/bin/ceph: stderr
2026-02-19T23:35:35.173+0000 7f6a16575640 1 --2- 10.20.193.5:0/3528851962 >> [v2:10.20.193.5:6800/3734511448,v1:10.20.193.5:6801/3734511448] conn(0x7f69ec03dbf0 0x7f69ec0400b0 unknown :-1 s=BANNER_CONNECTING pgs=0 cs=0 l=1 rev1=0 crypto rx=0 tx=0 comp rx=0 tx=0)._handle_peer_banner_payload supported=3 required=0
2026-02-19T23:35:35.371 INFO:teuthology.orchestra.run.trial005.stdout:/usr/bin/ceph: stderr
2026-02-19T23:35:35.174+0000 7f6a16575640 1 --2- 10.20.193.5:0/3528851962 >> [v2:10.20.193.5:6800/3734511448,v1:10.20.193.5:6801/3734511448] conn(0x7f69ec03dbf0 0x7f69ec0400b0 secure :-1 s=READY pgs=14 cs=0 l=1 rev1=1 crypto rx=0x7f6a000099c0 tx=0x7f6a00006eb0 comp rx=0 tx=0).ready entity=mgr.14118 client_cookie=0 server_cookie=0 in_seq=0 out_seq=0
2026-02-19T23:35:35.371 INFO:teuthology.orchestra.run.trial005.stdout:/usr/bin/ceph: stderr
2026-02-19T23:35:35.176+0000 7f69f7fff640 1 -- 10.20.193.5:0/3528851962 <== mon.0 v2:10.20.193.5:3300/0 6 ==== mon_command_ack([{"prefix": "get_command_descriptions"}]=0 v0) ==== 72+0+195034 (secure 0 0 0) 0x7f6a0c03d270 con 0x7f6a1810a180
2026-02-19T23:35:35.371 INFO:teuthology.orchestra.run.trial005.stdout:/usr/bin/ceph: stderr
2026-02-19T23:35:35.267+0000 7f6a1c826640 1 -- 10.20.193.5:0/3528851962 --> [v2:10.20.193.5:3300/0,v1:10.20.193.5:6789/0] -- mon_command([{prefix=config set, name=mgr/cephadm/container_init}] v 0) -- 0x7f6a1810a600 con 0x7f6a1810a180
2026-02-19T23:35:35.371 INFO:teuthology.orchestra.run.trial005.stdout:/usr/bin/ceph: stderr
2026-02-19T23:35:35.269+0000 7f69f7fff640 1 -- 10.20.193.5:0/3528851962 <== mon.0 v2:10.20.193.5:3300/0 7 ==== mon_command_ack([{prefix=config set, name=mgr/cephadm/container_init}]=0 v7)=0 v7) ==== 142+0+0 (secure 0 0 0) 0x7f6a0c0763c0 con 0x7f6a1810a180
2026-02-19T23:35:35.371 INFO:teuthology.orchestra.run.trial005.stdout:/usr/bin/ceph: stderr
2026-02-19T23:35:35.271+0000 7f6a1c826640 1 -- 10.20.193.5:0/3528851962 >> [v2:10.20.193.5:6800/3734511448,v1:10.20.193.5:6801/3734511448] conn(0x7f69ec03dbf0 msgr2=0x7f69ec0400b0 secure :-1 s=STATE_CONNECTION_ESTABLISHED l=1).mark_down
2026-02-19T23:35:35.371 INFO:teuthology.orchestra.run.trial005.stdout:/usr/bin/ceph: stderr
2026-02-19T23:35:35.271+0000 7f6a1c826640 1 --2- 10.20.193.5:0/3528851962 >> [v2:10.20.193.5:6800/3734511448,v1:10.20.193.5:6801/3734511448] conn(0x7f69ec03dbf0 0x7f69ec0400b0 secure :-1 s=READY pgs=14 cs=0 l=1 rev1=1 crypto rx=0x7f6a000099c0 tx=0x7f6a00006eb0 comp rx=0 tx=0).stop
2026-02-19T23:35:35.371 INFO:teuthology.orchestra.run.trial005.stdout:/usr/bin/ceph: stderr
2026-02-19T23:35:35.271+0000 7f6a1c826640 1 -- 10.20.193.5:0/3528851962 >> [v2:10.20.193.5:3300/0,v1:10.20.193.5:6789/0] conn(0x7f6a1810a180 msgr2=0x7f6a181a4570 secure :-1 s=STATE_CONNECTION_ESTABLISHED l=1).mark_down
2026-02-19T23:35:35.371 INFO:teuthology.orchestra.run.trial005.stdout:/usr/bin/ceph: stderr
2026-02-19T23:35:35.271+0000 7f6a1c826640 1 --2- 10.20.193.5:0/3528851962 >> [v2:10.20.193.5:3300/0,v1:10.20.193.5:6789/0] conn(0x7f6a1810a180 0x7f6a181a4570 secure :-1 s=READY pgs=50 cs=0 l=1 rev1=1 crypto rx=0x7f6a0c039000 tx=0x7f6a0c037820 comp rx=0 tx=0).stop
2026-02-19T23:35:35.371 INFO:teuthology.orchestra.run.trial005.stdout:/usr/bin/ceph: stderr
2026-02-19T23:35:35.272+0000 7f6a1c826640 1 -- 10.20.193.5:0/3528851962 shutdown_connections
2026-02-19T23:35:35.371 INFO:teuthology.orchestra.run.trial005.stdout:/usr/bin/ceph: stderr
2026-02-19T23:35:35.272+0000 7f6a1c826640 1 --2- 10.20.193.5:0/3528851962 >> [v2:10.20.193.5:6800/3734511448,v1:10.20.193.5:6801/3734511448] conn(0x7f69ec03dbf0 0x7f69ec0400b0 unknown :-1 s=CLOSED pgs=14 cs=0 l=1 rev1=1 crypto rx=0 tx=0 comp rx=0 tx=0).stop
2026-02-19T23:35:35.371 INFO:teuthology.orchestra.run.trial005.stdout:/usr/bin/ceph: stderr
2026-02-19T23:35:35.272+0000 7f6a1c826640 1 --2- 10.20.193.5:0/3528851962 >> [v2:10.20.193.5:3300/0,v1:10.20.193.5:6789/0] conn(0x7f6a1810a180 0x7f6a181a4570 unknown :-1 s=CLOSED pgs=50 cs=0 l=1 rev1=1 crypto rx=0 tx=0 comp rx=0 tx=0).stop
2026-02-19T23:35:35.371 INFO:teuthology.orchestra.run.trial005.stdout:/usr/bin/ceph: stderr
2026-02-19T23:35:35.272+0000 7f6a1c826640 1 -- 10.20.193.5:0/3528851962 >> 10.20.193.5:0/3528851962 conn(0x7f6a1807d680 msgr2=0x7f6a18107660 unknown :-1 s=STATE_NONE l=0).mark_down
2026-02-19T23:35:35.371 INFO:teuthology.orchestra.run.trial005.stdout:/usr/bin/ceph: stderr
2026-02-19T23:35:35.274+0000 7f6a1c826640 1 -- 10.20.193.5:0/3528851962 shutdown_connections
2026-02-19T23:35:35.371 INFO:teuthology.orchestra.run.trial005.stdout:/usr/bin/ceph: stderr
2026-02-19T23:35:35.274+0000 7f6a1c826640 1 -- 10.20.193.5:0/3528851962 wait complete.
2026-02-19T23:35:35.729 INFO:teuthology.orchestra.run.trial005.stdout:/usr/bin/ceph: stderr
2026-02-19T23:35:35.545+0000 7f9febfff640 1 Processor -- start
2026-02-19T23:35:35.729 INFO:teuthology.orchestra.run.trial005.stdout:/usr/bin/ceph: stderr
2026-02-19T23:35:35.546+0000 7f9febfff640 1 -- start start
2026-02-19T23:35:35.730 INFO:teuthology.orchestra.run.trial005.stdout:/usr/bin/ceph: stderr
2026-02-19T23:35:35.546+0000 7f9febfff640 1 --2- >> [v2:10.20.193.5:3300/0,v1:10.20.193.5:6789/0] conn(0x7f9fec10a1b0 0x7f9fec10a5b0 unknown :-1 s=NONE pgs=0 cs=0 l=0 rev1=0 crypto rx=0 tx=0 comp rx=0 tx=0).connect
2026-02-19T23:35:35.730 INFO:teuthology.orchestra.run.trial005.stdout:/usr/bin/ceph: stderr
2026-02-19T23:35:35.546+0000 7f9febfff640 1 -- --> [v2:10.20.193.5:3300/0,v1:10.20.193.5:6789/0] -- mon_getmap magic: 0 -- 0x7f9fec10ab80 con 0x7f9fec10a1b0
2026-02-19T23:35:35.730 INFO:teuthology.orchestra.run.trial005.stdout:/usr/bin/ceph: stderr
2026-02-19T23:35:35.546+0000 7f9feaffd640 1 --2- >> [v2:10.20.193.5:3300/0,v1:10.20.193.5:6789/0] conn(0x7f9fec10a1b0 0x7f9fec10a5b0 unknown :-1 s=BANNER_CONNECTING pgs=0 cs=0 l=0 rev1=0 crypto rx=0 tx=0 comp rx=0 tx=0)._handle_peer_banner_payload supported=3 required=0
2026-02-19T23:35:35.730 INFO:teuthology.orchestra.run.trial005.stdout:/usr/bin/ceph: stderr
2026-02-19T23:35:35.546+0000 7f9feaffd640 1 --2- >> [v2:10.20.193.5:3300/0,v1:10.20.193.5:6789/0] conn(0x7f9fec10a1b0 0x7f9fec10a5b0 unknown :-1 s=HELLO_CONNECTING pgs=0 cs=0 l=0 rev1=1 crypto rx=0 tx=0 comp rx=0 tx=0).handle_hello peer v2:10.20.193.5:3300/0 says I am v2:10.20.193.5:48506/0 (socket says 10.20.193.5:48506)
2026-02-19T23:35:35.730 INFO:teuthology.orchestra.run.trial005.stdout:/usr/bin/ceph: stderr
2026-02-19T23:35:35.546+0000 7f9feaffd640 1 -- 10.20.193.5:0/788240309 learned_addr learned my addr 10.20.193.5:0/788240309 (peer_addr_for_me v2:10.20.193.5:0/0)
2026-02-19T23:35:35.730 INFO:teuthology.orchestra.run.trial005.stdout:/usr/bin/ceph: stderr
2026-02-19T23:35:35.547+0000 7f9feaffd640 1 -- 10.20.193.5:0/788240309 --> [v2:10.20.193.5:3300/0,v1:10.20.193.5:6789/0] -- mon_subscribe({config=0+,monmap=0+}) -- 0x7f9fec10b360 con 0x7f9fec10a1b0
2026-02-19T23:35:35.730 INFO:teuthology.orchestra.run.trial005.stdout:/usr/bin/ceph: stderr
2026-02-19T23:35:35.547+0000 7f9feaffd640 1 --2- 10.20.193.5:0/788240309 >> [v2:10.20.193.5:3300/0,v1:10.20.193.5:6789/0] conn(0x7f9fec10a1b0 0x7f9fec10a5b0 secure :-1 s=READY pgs=51 cs=0 l=1 rev1=1 crypto rx=0x7f9fe0009920 tx=0x7f9fe002ef20 comp rx=0 tx=0).ready entity=mon.0 client_cookie=80fa97db04274626 server_cookie=0 in_seq=0 out_seq=0
2026-02-19T23:35:35.730 INFO:teuthology.orchestra.run.trial005.stdout:/usr/bin/ceph: stderr
2026-02-19T23:35:35.547+0000 7f9fe9ffb640 1 -- 10.20.193.5:0/788240309 <== mon.0 v2:10.20.193.5:3300/0 1 ==== mon_map magic: 0 ==== 205+0+0 (secure 0 0 0) 0x7f9fe003c070 con 0x7f9fec10a1b0
2026-02-19T23:35:35.730 INFO:teuthology.orchestra.run.trial005.stdout:/usr/bin/ceph: stderr
2026-02-19T23:35:35.547+0000 7f9fe9ffb640 1 -- 10.20.193.5:0/788240309 <== mon.0 v2:10.20.193.5:3300/0 2 ==== config(26 keys) ==== 1076+0+0 (secure 0 0 0) 0x7f9fe0037440 con 0x7f9fec10a1b0
2026-02-19T23:35:35.730 INFO:teuthology.orchestra.run.trial005.stdout:/usr/bin/ceph: stderr
2026-02-19T23:35:35.547+0000 7f9fe9ffb640 1 -- 10.20.193.5:0/788240309 <== mon.0 v2:10.20.193.5:3300/0 3 ==== mon_map magic: 0 ==== 205+0+0 (secure 0 0 0) 0x7f9fe00354d0 con 0x7f9fec10a1b0
2026-02-19T23:35:35.730 INFO:teuthology.orchestra.run.trial005.stdout:/usr/bin/ceph: stderr
2026-02-19T23:35:35.548+0000 7f9febfff640 1 -- 10.20.193.5:0/788240309 >> [v2:10.20.193.5:3300/0,v1:10.20.193.5:6789/0] conn(0x7f9fec10a1b0 msgr2=0x7f9fec10a5b0 secure :-1 s=STATE_CONNECTION_ESTABLISHED l=1).mark_down
2026-02-19T23:35:35.730 INFO:teuthology.orchestra.run.trial005.stdout:/usr/bin/ceph: stderr
2026-02-19T23:35:35.548+0000 7f9febfff640 1 --2- 10.20.193.5:0/788240309 >> [v2:10.20.193.5:3300/0,v1:10.20.193.5:6789/0] conn(0x7f9fec10a1b0 0x7f9fec10a5b0 secure :-1 s=READY pgs=51 cs=0 l=1 rev1=1 crypto rx=0x7f9fe0009920 tx=0x7f9fe002ef20 comp rx=0 tx=0).stop
2026-02-19T23:35:35.730 INFO:teuthology.orchestra.run.trial005.stdout:/usr/bin/ceph: stderr
2026-02-19T23:35:35.548+0000 7f9febfff640 1 -- 10.20.193.5:0/788240309 shutdown_connections
2026-02-19T23:35:35.730 INFO:teuthology.orchestra.run.trial005.stdout:/usr/bin/ceph: stderr
2026-02-19T23:35:35.548+0000 7f9febfff640 1 --2- 10.20.193.5:0/788240309 >> [v2:10.20.193.5:3300/0,v1:10.20.193.5:6789/0] conn(0x7f9fec10a1b0 0x7f9fec10a5b0 unknown :-1 s=CLOSED pgs=51 cs=0 l=1 rev1=1 crypto rx=0 tx=0 comp rx=0 tx=0).stop
2026-02-19T23:35:35.730 INFO:teuthology.orchestra.run.trial005.stdout:/usr/bin/ceph: stderr
2026-02-19T23:35:35.548+0000 7f9febfff640 1 -- 10.20.193.5:0/788240309 >> 10.20.193.5:0/788240309 conn(0x7f9fec07d830 msgr2=0x7f9fec07dc40 unknown :-1 s=STATE_NONE l=0).mark_down
2026-02-19T23:35:35.731 INFO:teuthology.orchestra.run.trial005.stdout:/usr/bin/ceph: stderr
2026-02-19T23:35:35.548+0000 7f9febfff640 1 -- 10.20.193.5:0/788240309 shutdown_connections
2026-02-19T23:35:35.731 INFO:teuthology.orchestra.run.trial005.stdout:/usr/bin/ceph: stderr
2026-02-19T23:35:35.548+0000 7f9febfff640 1 -- 10.20.193.5:0/788240309 wait complete.
2026-02-19T23:35:35.731 INFO:teuthology.orchestra.run.trial005.stdout:/usr/bin/ceph: stderr
2026-02-19T23:35:35.549+0000 7f9febfff640 1 Processor -- start
2026-02-19T23:35:35.731 INFO:teuthology.orchestra.run.trial005.stdout:/usr/bin/ceph: stderr
2026-02-19T23:35:35.549+0000 7f9febfff640 1 -- start start
2026-02-19T23:35:35.731 INFO:teuthology.orchestra.run.trial005.stdout:/usr/bin/ceph: stderr
2026-02-19T23:35:35.549+0000 7f9febfff640 1 --2- >> [v2:10.20.193.5:3300/0,v1:10.20.193.5:6789/0] conn(0x7f9fec10a1b0 0x7f9fec081c20 unknown :-1 s=NONE pgs=0 cs=0 l=1 rev1=0 crypto rx=0 tx=0 comp rx=0 tx=0).connect
2026-02-19T23:35:35.731 INFO:teuthology.orchestra.run.trial005.stdout:/usr/bin/ceph: stderr
2026-02-19T23:35:35.549+0000 7f9febfff640 1 -- --> [v2:10.20.193.5:3300/0,v1:10.20.193.5:6789/0] -- mon_getmap magic: 0 -- 0x7f9fec10e710 con 0x7f9fec10a1b0
2026-02-19T23:35:35.731 INFO:teuthology.orchestra.run.trial005.stdout:/usr/bin/ceph: stderr
2026-02-19T23:35:35.550+0000 7f9feaffd640 1 --2- >> [v2:10.20.193.5:3300/0,v1:10.20.193.5:6789/0] conn(0x7f9fec10a1b0 0x7f9fec081c20 unknown :-1 s=BANNER_CONNECTING pgs=0 cs=0 l=1 rev1=0 crypto rx=0 tx=0 comp rx=0 tx=0)._handle_peer_banner_payload supported=3 required=0
2026-02-19T23:35:35.731 INFO:teuthology.orchestra.run.trial005.stdout:/usr/bin/ceph: stderr
2026-02-19T23:35:35.550+0000 7f9feaffd640 1 --2- >> [v2:10.20.193.5:3300/0,v1:10.20.193.5:6789/0] conn(0x7f9fec10a1b0 0x7f9fec081c20 unknown :-1 s=HELLO_CONNECTING pgs=0 cs=0 l=1 rev1=1 crypto rx=0 tx=0 comp rx=0 tx=0).handle_hello peer v2:10.20.193.5:3300/0 says I am v2:10.20.193.5:48518/0 (socket says 10.20.193.5:48518)
2026-02-19T23:35:35.731 INFO:teuthology.orchestra.run.trial005.stdout:/usr/bin/ceph: stderr
2026-02-19T23:35:35.550+0000 7f9feaffd640 1 -- 10.20.193.5:0/2920191846 learned_addr learned my addr 10.20.193.5:0/2920191846 (peer_addr_for_me v2:10.20.193.5:0/0)
2026-02-19T23:35:35.731 INFO:teuthology.orchestra.run.trial005.stdout:/usr/bin/ceph: stderr
2026-02-19T23:35:35.551+0000 7f9feaffd640 1 -- 10.20.193.5:0/2920191846 --> [v2:10.20.193.5:3300/0,v1:10.20.193.5:6789/0] -- mon_subscribe({config=0+,monmap=0+}) -- 0x7f9fec082160 con 0x7f9fec10a1b0
2026-02-19T23:35:35.731 INFO:teuthology.orchestra.run.trial005.stdout:/usr/bin/ceph: stderr
2026-02-19T23:35:35.551+0000 7f9feaffd640 1 --2- 10.20.193.5:0/2920191846 >> [v2:10.20.193.5:3300/0,v1:10.20.193.5:6789/0] conn(0x7f9fec10a1b0 0x7f9fec081c20 secure :-1 s=READY pgs=52 cs=0 l=1 rev1=1 crypto rx=0x7f9fe0009a50 tx=0x7f9fe0037820 comp rx=0 tx=0).ready entity=mon.0 client_cookie=0 server_cookie=0 in_seq=0 out_seq=0
2026-02-19T23:35:35.731 INFO:teuthology.orchestra.run.trial005.stdout:/usr/bin/ceph: stderr
2026-02-19T23:35:35.551+0000 7f9ff093f640 1 -- 10.20.193.5:0/2920191846 <== mon.0 v2:10.20.193.5:3300/0 1 ==== mon_map magic: 0 ==== 205+0+0 (secure 0 0 0) 0x7f9fe0047070 con 0x7f9fec10a1b0
2026-02-19T23:35:35.731 INFO:teuthology.orchestra.run.trial005.stdout:/usr/bin/ceph: stderr
2026-02-19T23:35:35.551+0000 7f9ff093f640 1 -- 10.20.193.5:0/2920191846 <== mon.0 v2:10.20.193.5:3300/0 2 ==== config(26 keys) ==== 1076+0+0 (secure 0 0 0) 0x7f9fe0035da0 con 0x7f9fec10a1b0
2026-02-19T23:35:35.731 INFO:teuthology.orchestra.run.trial005.stdout:/usr/bin/ceph: stderr
2026-02-19T23:35:35.551+0000 7f9ff093f640 1 -- 10.20.193.5:0/2920191846 <== mon.0 v2:10.20.193.5:3300/0 3 ==== mon_map magic: 0 ==== 205+0+0 (secure 0 0 0) 0x7f9fe003c070 con 0x7f9fec10a1b0
2026-02-19T23:35:35.731 INFO:teuthology.orchestra.run.trial005.stdout:/usr/bin/ceph: stderr
2026-02-19T23:35:35.551+0000 7f9febfff640 1 -- 10.20.193.5:0/2920191846 --> [v2:10.20.193.5:3300/0,v1:10.20.193.5:6789/0] -- mon_subscribe({mgrmap=0+}) -- 0x7f9fec0823f0 con 0x7f9fec10a1b0
2026-02-19T23:35:35.731 INFO:teuthology.orchestra.run.trial005.stdout:/usr/bin/ceph: stderr
2026-02-19T23:35:35.551+0000 7f9febfff640 1 -- 10.20.193.5:0/2920191846 --> [v2:10.20.193.5:3300/0,v1:10.20.193.5:6789/0] -- mon_subscribe({osdmap=0}) -- 0x7f9fec07e760 con 0x7f9fec10a1b0
2026-02-19T23:35:35.731 INFO:teuthology.orchestra.run.trial005.stdout:/usr/bin/ceph: stderr
2026-02-19T23:35:35.552+0000 7f9febfff640 1 -- 10.20.193.5:0/2920191846 --> [v2:10.20.193.5:3300/0,v1:10.20.193.5:6789/0] -- mon_command({"prefix": "get_command_descriptions"} v 0) -- 0x7f9fec10a630 con 0x7f9fec10a1b0
2026-02-19T23:35:35.732 INFO:teuthology.orchestra.run.trial005.stdout:/usr/bin/ceph: stderr
2026-02-19T23:35:35.552+0000 7f9ff093f640 1 -- 10.20.193.5:0/2920191846 <== mon.0 v2:10.20.193.5:3300/0 4 ==== mgrmap(e 7) ==== 50247+0+0 (secure 0 0 0) 0x7f9fe00426a0 con 0x7f9fec10a1b0
2026-02-19T23:35:35.732 INFO:teuthology.orchestra.run.trial005.stdout:/usr/bin/ceph: stderr
2026-02-19T23:35:35.553+0000 7f9ff093f640 1 --2- 10.20.193.5:0/2920191846 >> [v2:10.20.193.5:6800/3734511448,v1:10.20.193.5:6801/3734511448] conn(0x7f9fc003dbf0 0x7f9fc00400b0 unknown :-1 s=NONE pgs=0 cs=0 l=1 rev1=0 crypto rx=0 tx=0 comp rx=0 tx=0).connect
2026-02-19T23:35:35.732 INFO:teuthology.orchestra.run.trial005.stdout:/usr/bin/ceph: stderr
2026-02-19T23:35:35.553+0000 7f9ff093f640 1 -- 10.20.193.5:0/2920191846 <== mon.0 v2:10.20.193.5:3300/0 5 ==== osd_map(2..2 src has 1..2) ==== 940+0+0 (secure 0 0 0) 0x7f9fe0076c70 con 0x7f9fec10a1b0
2026-02-19T23:35:35.732 INFO:teuthology.orchestra.run.trial005.stdout:/usr/bin/ceph: stderr
2026-02-19T23:35:35.553+0000 7f9fea7fc640 1 --2- 10.20.193.5:0/2920191846 >> [v2:10.20.193.5:6800/3734511448,v1:10.20.193.5:6801/3734511448] conn(0x7f9fc003dbf0 0x7f9fc00400b0 unknown :-1 s=BANNER_CONNECTING pgs=0 cs=0 l=1 rev1=0 crypto rx=0 tx=0 comp rx=0 tx=0)._handle_peer_banner_payload supported=3 required=0
2026-02-19T23:35:35.732 INFO:teuthology.orchestra.run.trial005.stdout:/usr/bin/ceph: stderr
2026-02-19T23:35:35.553+0000 7f9fea7fc640 1 --2- 10.20.193.5:0/2920191846 >> [v2:10.20.193.5:6800/3734511448,v1:10.20.193.5:6801/3734511448] conn(0x7f9fc003dbf0 0x7f9fc00400b0 secure :-1 s=READY pgs=15 cs=0 l=1 rev1=1 crypto rx=0x7f9fd40099c0 tx=0x7f9fd4006eb0 comp rx=0 tx=0).ready entity=mgr.14118 client_cookie=0 server_cookie=0 in_seq=0 out_seq=0
2026-02-19T23:35:35.732 INFO:teuthology.orchestra.run.trial005.stdout:/usr/bin/ceph: stderr
2026-02-19T23:35:35.555+0000 7f9ff093f640 1 -- 10.20.193.5:0/2920191846 <== mon.0 v2:10.20.193.5:3300/0 6 ==== mon_command_ack([{"prefix": "get_command_descriptions"}]=0 v0) ==== 72+0+195034 (secure 0 0 0) 0x7f9fe003c210 con 0x7f9fec10a1b0
2026-02-19T23:35:35.732 INFO:teuthology.orchestra.run.trial005.stdout:/usr/bin/ceph: stderr
2026-02-19T23:35:35.646+0000 7f9febfff640 1 -- 10.20.193.5:0/2920191846 --> [v2:10.20.193.5:3300/0,v1:10.20.193.5:6789/0] -- mon_command([{prefix=config set, name=mgr/dashboard/ssl_server_port}] v 0) -- 0x7f9fec07ea50 con 0x7f9fec10a1b0
2026-02-19T23:35:35.732 INFO:teuthology.orchestra.run.trial005.stdout:/usr/bin/ceph: stderr
2026-02-19T23:35:35.648+0000 7f9ff093f640 1 -- 10.20.193.5:0/2920191846 <== mon.0 v2:10.20.193.5:3300/0 7 ==== mon_command_ack([{prefix=config set, name=mgr/dashboard/ssl_server_port}]=0 v8)=0 v8) ==== 130+0+0 (secure 0 0 0) 0x7f9fe00765c0 con 0x7f9fec10a1b0
2026-02-19T23:35:35.732 INFO:teuthology.orchestra.run.trial005.stdout:/usr/bin/ceph: stderr
2026-02-19T23:35:35.650+0000 7f9febfff640 1 -- 10.20.193.5:0/2920191846 >> [v2:10.20.193.5:6800/3734511448,v1:10.20.193.5:6801/3734511448] conn(0x7f9fc003dbf0 msgr2=0x7f9fc00400b0 secure :-1 s=STATE_CONNECTION_ESTABLISHED l=1).mark_down
2026-02-19T23:35:35.732 INFO:teuthology.orchestra.run.trial005.stdout:/usr/bin/ceph: stderr
2026-02-19T23:35:35.650+0000 7f9febfff640 1 --2- 10.20.193.5:0/2920191846 >> [v2:10.20.193.5:6800/3734511448,v1:10.20.193.5:6801/3734511448] conn(0x7f9fc003dbf0 0x7f9fc00400b0 secure :-1 s=READY pgs=15 cs=0 l=1 rev1=1 crypto rx=0x7f9fd40099c0 tx=0x7f9fd4006eb0 comp rx=0 tx=0).stop
2026-02-19T23:35:35.732 INFO:teuthology.orchestra.run.trial005.stdout:/usr/bin/ceph: stderr
2026-02-19T23:35:35.650+0000 7f9febfff640 1 -- 10.20.193.5:0/2920191846 >> [v2:10.20.193.5:3300/0,v1:10.20.193.5:6789/0] conn(0x7f9fec10a1b0 msgr2=0x7f9fec081c20 secure :-1 s=STATE_CONNECTION_ESTABLISHED l=1).mark_down
2026-02-19T23:35:35.732 INFO:teuthology.orchestra.run.trial005.stdout:/usr/bin/ceph: stderr
2026-02-19T23:35:35.650+0000 7f9febfff640 1 --2- 10.20.193.5:0/2920191846 >> [v2:10.20.193.5:3300/0,v1:10.20.193.5:6789/0] conn(0x7f9fec10a1b0 0x7f9fec081c20 secure :-1 s=READY pgs=52 cs=0 l=1 rev1=1 crypto rx=0x7f9fe0009a50 tx=0x7f9fe0037820 comp rx=0 tx=0).stop
2026-02-19T23:35:35.732 INFO:teuthology.orchestra.run.trial005.stdout:/usr/bin/ceph: stderr
2026-02-19T23:35:35.650+0000 7f9febfff640 1 -- 10.20.193.5:0/2920191846 shutdown_connections
2026-02-19T23:35:35.732 INFO:teuthology.orchestra.run.trial005.stdout:/usr/bin/ceph: stderr
2026-02-19T23:35:35.650+0000 7f9febfff640 1 --2- 10.20.193.5:0/2920191846 >> [v2:10.20.193.5:6800/3734511448,v1:10.20.193.5:6801/3734511448] conn(0x7f9fc003dbf0 0x7f9fc00400b0 unknown :-1 s=CLOSED pgs=15 cs=0 l=1 rev1=1 crypto rx=0 tx=0 comp rx=0 tx=0).stop
2026-02-19T23:35:35.732 INFO:teuthology.orchestra.run.trial005.stdout:/usr/bin/ceph: stderr
2026-02-19T23:35:35.650+0000 7f9febfff640 1 --2- 10.20.193.5:0/2920191846 >> [v2:10.20.193.5:3300/0,v1:10.20.193.5:6789/0] conn(0x7f9fec10a1b0 0x7f9fec081c20 unknown :-1 s=CLOSED pgs=52 cs=0 l=1 rev1=1 crypto rx=0 tx=0 comp rx=0 tx=0).stop
2026-02-19T23:35:35.732 INFO:teuthology.orchestra.run.trial005.stdout:/usr/bin/ceph: stderr
2026-02-19T23:35:35.650+0000 7f9febfff640 1 -- 10.20.193.5:0/2920191846 >> 10.20.193.5:0/2920191846 conn(0x7f9fec07d830 msgr2=0x7f9fec107660 unknown :-1 s=STATE_NONE l=0).mark_down
2026-02-19T23:35:35.733 INFO:teuthology.orchestra.run.trial005.stdout:/usr/bin/ceph: stderr
2026-02-19T23:35:35.650+0000 7f9febfff640 1 -- 10.20.193.5:0/2920191846 shutdown_connections
2026-02-19T23:35:35.733 INFO:teuthology.orchestra.run.trial005.stdout:/usr/bin/ceph: stderr
2026-02-19T23:35:35.650+0000 7f9febfff640 1 -- 10.20.193.5:0/2920191846 wait complete.
2026-02-19T23:35:35.733 INFO:teuthology.orchestra.run.trial005.stdout:Enabling the dashboard module...
2026-02-19T23:35:35.956 INFO:journalctl@ceph.mon.a.trial005.stdout:Feb 19 23:35:35 trial005 ceph-mon[38558]: Added host trial005
2026-02-19T23:35:35.956 INFO:journalctl@ceph.mon.a.trial005.stdout:Feb 19 23:35:35 trial005 ceph-mon[38558]: from='client.14140 -' entity='client.admin' cmd=[{"prefix": "orch apply", "service_type": "mon", "unmanaged": true, "target": ["mon-mgr", ""]}]: dispatch
2026-02-19T23:35:35.956 INFO:journalctl@ceph.mon.a.trial005.stdout:Feb 19 23:35:35 trial005 ceph-mon[38558]: Saving service mon spec with placement count:5
2026-02-19T23:35:35.956 INFO:journalctl@ceph.mon.a.trial005.stdout:Feb 19 23:35:35 trial005 ceph-mon[38558]: from='mgr.14118 10.20.193.5:0/288359211' entity='mgr.x'
2026-02-19T23:35:35.956 INFO:journalctl@ceph.mon.a.trial005.stdout:Feb 19 23:35:35 trial005 ceph-mon[38558]: from='mgr.14118 10.20.193.5:0/288359211' entity='mgr.x'
2026-02-19T23:35:35.956 INFO:journalctl@ceph.mon.a.trial005.stdout:Feb 19 23:35:35 trial005 ceph-mon[38558]: from='mgr.14118 10.20.193.5:0/288359211' entity='mgr.x'
2026-02-19T23:35:35.956 INFO:journalctl@ceph.mon.a.trial005.stdout:Feb 19 23:35:35 trial005 ceph-mon[38558]: from='client.? 10.20.193.5:0/3528851962' entity='client.admin'
2026-02-19T23:35:35.956 INFO:journalctl@ceph.mon.a.trial005.stdout:Feb 19 23:35:35 trial005 ceph-mon[38558]: from='client.? 10.20.193.5:0/2920191846' entity='client.admin'
2026-02-19T23:35:36.891 INFO:teuthology.orchestra.run.trial005.stdout:/usr/bin/ceph: stderr
2026-02-19T23:35:35.896+0000 7f56e55f0640 1 Processor -- start
2026-02-19T23:35:36.892 INFO:teuthology.orchestra.run.trial005.stdout:/usr/bin/ceph: stderr
2026-02-19T23:35:35.897+0000 7f56e55f0640 1 -- start start
2026-02-19T23:35:36.892 INFO:teuthology.orchestra.run.trial005.stdout:/usr/bin/ceph: stderr
2026-02-19T23:35:35.897+0000 7f56e55f0640 1 --2- >> [v2:10.20.193.5:3300/0,v1:10.20.193.5:6789/0] conn(0x7f56e0073680 0x7f56e0073a80 unknown :-1 s=NONE pgs=0 cs=0 l=0 rev1=0 crypto rx=0 tx=0 comp rx=0 tx=0).connect
2026-02-19T23:35:36.892 INFO:teuthology.orchestra.run.trial005.stdout:/usr/bin/ceph: stderr
2026-02-19T23:35:35.897+0000 7f56e55f0640 1 -- --> [v2:10.20.193.5:3300/0,v1:10.20.193.5:6789/0] -- mon_getmap magic: 0 -- 0x7f56e0073fc0 con 0x7f56e0073680
2026-02-19T23:35:36.892 INFO:teuthology.orchestra.run.trial005.stdout:/usr/bin/ceph: stderr
2026-02-19T23:35:35.897+0000 7f56deffd640 1 --2- >> [v2:10.20.193.5:3300/0,v1:10.20.193.5:6789/0] conn(0x7f56e0073680 0x7f56e0073a80 unknown :-1 s=BANNER_CONNECTING pgs=0 cs=0 l=0 rev1=0 crypto rx=0 tx=0 comp rx=0 tx=0)._handle_peer_banner_payload supported=3 required=0
2026-02-19T23:35:36.892 INFO:teuthology.orchestra.run.trial005.stdout:/usr/bin/ceph: stderr
2026-02-19T23:35:35.897+0000 7f56deffd640 1 --2- >> [v2:10.20.193.5:3300/0,v1:10.20.193.5:6789/0] conn(0x7f56e0073680 0x7f56e0073a80 unknown :-1 s=HELLO_CONNECTING pgs=0 cs=0 l=0 rev1=1 crypto rx=0 tx=0 comp rx=0 tx=0).handle_hello peer v2:10.20.193.5:3300/0 says I am v2:10.20.193.5:48532/0 (socket says 10.20.193.5:48532)
2026-02-19T23:35:36.892 INFO:teuthology.orchestra.run.trial005.stdout:/usr/bin/ceph: stderr
2026-02-19T23:35:35.897+0000 7f56deffd640 1 -- 10.20.193.5:0/4164398786 learned_addr learned my addr 10.20.193.5:0/4164398786 (peer_addr_for_me v2:10.20.193.5:0/0)
2026-02-19T23:35:36.892 INFO:teuthology.orchestra.run.trial005.stdout:/usr/bin/ceph: stderr
2026-02-19T23:35:35.898+0000 7f56deffd640 1 -- 10.20.193.5:0/4164398786 --> [v2:10.20.193.5:3300/0,v1:10.20.193.5:6789/0] -- mon_subscribe({config=0+,monmap=0+}) -- 0x7f56e0074140 con 0x7f56e0073680
2026-02-19T23:35:36.892 INFO:teuthology.orchestra.run.trial005.stdout:/usr/bin/ceph: stderr
2026-02-19T23:35:35.898+0000 7f56deffd640 1 --2- 10.20.193.5:0/4164398786 >> [v2:10.20.193.5:3300/0,v1:10.20.193.5:6789/0] conn(0x7f56e0073680 0x7f56e0073a80 secure :-1 s=READY pgs=53 cs=0 l=1 rev1=1 crypto rx=0x7f56d4009920 tx=0x7f56d402ef20 comp rx=0 tx=0).ready entity=mon.0 client_cookie=3c4c1e80619d53cb server_cookie=0 in_seq=0 out_seq=0
2026-02-19T23:35:36.892 INFO:teuthology.orchestra.run.trial005.stdout:/usr/bin/ceph: stderr
2026-02-19T23:35:35.899+0000 7f56ddffb640 1 -- 10.20.193.5:0/4164398786 <== mon.0 v2:10.20.193.5:3300/0 1 ==== mon_map magic: 0 ==== 205+0+0 (secure 0 0 0) 0x7f56d403c070 con 0x7f56e0073680
2026-02-19T23:35:36.892 INFO:teuthology.orchestra.run.trial005.stdout:/usr/bin/ceph: stderr
2026-02-19T23:35:35.899+0000 7f56ddffb640 1 -- 10.20.193.5:0/4164398786 <== mon.0 v2:10.20.193.5:3300/0 2 ==== config(26 keys) ==== 1076+0+0 (secure 0 0 0) 0x7f56d4037440 con 0x7f56e0073680
2026-02-19T23:35:36.892 INFO:teuthology.orchestra.run.trial005.stdout:/usr/bin/ceph: stderr
2026-02-19T23:35:35.899+0000 7f56ddffb640 1 -- 10.20.193.5:0/4164398786 <== mon.0 v2:10.20.193.5:3300/0 3 ==== mon_map magic: 0 ==== 205+0+0 (secure 0 0 0) 0x7f56d40354d0 con 0x7f56e0073680
2026-02-19T23:35:36.893 INFO:teuthology.orchestra.run.trial005.stdout:/usr/bin/ceph: stderr
2026-02-19T23:35:35.899+0000 7f56e55f0640 1 -- 10.20.193.5:0/4164398786 >> [v2:10.20.193.5:3300/0,v1:10.20.193.5:6789/0] conn(0x7f56e0073680 msgr2=0x7f56e0073a80 secure :-1 s=STATE_CONNECTION_ESTABLISHED l=1).mark_down
2026-02-19T23:35:36.893 INFO:teuthology.orchestra.run.trial005.stdout:/usr/bin/ceph: stderr
2026-02-19T23:35:35.899+0000 7f56e55f0640 1 --2- 10.20.193.5:0/4164398786 >> [v2:10.20.193.5:3300/0,v1:10.20.193.5:6789/0] conn(0x7f56e0073680 0x7f56e0073a80 secure :-1 s=READY pgs=53 cs=0 l=1 rev1=1 crypto rx=0x7f56d4009920 tx=0x7f56d402ef20 comp rx=0 tx=0).stop
2026-02-19T23:35:36.893 INFO:teuthology.orchestra.run.trial005.stdout:/usr/bin/ceph: stderr
2026-02-19T23:35:35.899+0000 7f56e55f0640 1 -- 10.20.193.5:0/4164398786 shutdown_connections
2026-02-19T23:35:36.893 INFO:teuthology.orchestra.run.trial005.stdout:/usr/bin/ceph: stderr
2026-02-19T23:35:35.899+0000 7f56e55f0640 1 --2- 10.20.193.5:0/4164398786 >> [v2:10.20.193.5:3300/0,v1:10.20.193.5:6789/0] conn(0x7f56e0073680 0x7f56e0073a80 unknown :-1 s=CLOSED pgs=53 cs=0 l=1 rev1=1 crypto rx=0 tx=0 comp rx=0 tx=0).stop
2026-02-19T23:35:36.893 INFO:teuthology.orchestra.run.trial005.stdout:/usr/bin/ceph: stderr
2026-02-19T23:35:35.899+0000 7f56e55f0640 1 -- 10.20.193.5:0/4164398786 >> 10.20.193.5:0/4164398786 conn(0x7f56e006f590 msgr2=0x7f56e00719b0 unknown :-1 s=STATE_NONE l=0).mark_down
2026-02-19T23:35:36.893 INFO:teuthology.orchestra.run.trial005.stdout:/usr/bin/ceph: stderr
2026-02-19T23:35:35.899+0000 7f56e55f0640 1 -- 10.20.193.5:0/4164398786 shutdown_connections
2026-02-19T23:35:36.893 INFO:teuthology.orchestra.run.trial005.stdout:/usr/bin/ceph: stderr
2026-02-19T23:35:35.899+0000 7f56e55f0640 1 -- 10.20.193.5:0/4164398786 wait complete.
2026-02-19T23:35:36.893 INFO:teuthology.orchestra.run.trial005.stdout:/usr/bin/ceph: stderr
2026-02-19T23:35:35.900+0000 7f56e55f0640 1 Processor -- start
2026-02-19T23:35:36.893 INFO:teuthology.orchestra.run.trial005.stdout:/usr/bin/ceph: stderr
2026-02-19T23:35:35.900+0000 7f56e55f0640 1 -- start start
2026-02-19T23:35:36.893 INFO:teuthology.orchestra.run.trial005.stdout:/usr/bin/ceph: stderr
2026-02-19T23:35:35.900+0000 7f56e55f0640 1 --2- >> [v2:10.20.193.5:3300/0,v1:10.20.193.5:6789/0] conn(0x7f56e0073680 0x7f56e01ad120 unknown :-1 s=NONE pgs=0 cs=0 l=1 rev1=0 crypto rx=0 tx=0 comp rx=0 tx=0).connect
2026-02-19T23:35:36.893 INFO:teuthology.orchestra.run.trial005.stdout:/usr/bin/ceph: stderr
2026-02-19T23:35:35.900+0000 7f56e55f0640 1 -- --> [v2:10.20.193.5:3300/0,v1:10.20.193.5:6789/0] -- mon_getmap magic: 0 -- 0x7f56e0112bb0 con 0x7f56e0073680
2026-02-19T23:35:36.894 INFO:teuthology.orchestra.run.trial005.stdout:/usr/bin/ceph: stderr
2026-02-19T23:35:35.900+0000 7f56deffd640 1 --2- >> [v2:10.20.193.5:3300/0,v1:10.20.193.5:6789/0] conn(0x7f56e0073680 0x7f56e01ad120 unknown :-1 s=BANNER_CONNECTING pgs=0 cs=0 l=1 rev1=0 crypto rx=0 tx=0 comp rx=0 tx=0)._handle_peer_banner_payload supported=3 required=0
2026-02-19T23:35:36.894 INFO:teuthology.orchestra.run.trial005.stdout:/usr/bin/ceph: stderr
2026-02-19T23:35:35.900+0000 7f56deffd640 1 --2- >> [v2:10.20.193.5:3300/0,v1:10.20.193.5:6789/0] conn(0x7f56e0073680 0x7f56e01ad120 unknown :-1 s=HELLO_CONNECTING pgs=0 cs=0 l=1 rev1=1 crypto rx=0 tx=0 comp rx=0 tx=0).handle_hello peer v2:10.20.193.5:3300/0 says I am v2:10.20.193.5:48548/0 (socket says 10.20.193.5:48548)
2026-02-19T23:35:36.894 INFO:teuthology.orchestra.run.trial005.stdout:/usr/bin/ceph: stderr
2026-02-19T23:35:35.900+0000 7f56deffd640 1 -- 10.20.193.5:0/2956808746 learned_addr learned my addr 10.20.193.5:0/2956808746 (peer_addr_for_me v2:10.20.193.5:0/0)
2026-02-19T23:35:36.894 INFO:teuthology.orchestra.run.trial005.stdout:/usr/bin/ceph: stderr
2026-02-19T23:35:35.900+0000 7f56deffd640 1 -- 10.20.193.5:0/2956808746 --> [v2:10.20.193.5:3300/0,v1:10.20.193.5:6789/0] -- mon_subscribe({config=0+,monmap=0+}) -- 0x7f56e01ad660 con 0x7f56e0073680
2026-02-19T23:35:36.894 INFO:teuthology.orchestra.run.trial005.stdout:/usr/bin/ceph: stderr
2026-02-19T23:35:35.901+0000 7f56deffd640 1 --2- 10.20.193.5:0/2956808746 >> [v2:10.20.193.5:3300/0,v1:10.20.193.5:6789/0] conn(0x7f56e0073680 0x7f56e01ad120 secure :-1 s=READY pgs=54 cs=0 l=1 rev1=1 crypto rx=0x7f56d4039000 tx=0x7f56d4037820 comp rx=0 tx=0).ready entity=mon.0 client_cookie=0 server_cookie=0 in_seq=0 out_seq=0
2026-02-19T23:35:36.894 INFO:teuthology.orchestra.run.trial005.stdout:/usr/bin/ceph: stderr
2026-02-19T23:35:35.901+0000 7f56bffff640 1 -- 10.20.193.5:0/2956808746 <== mon.0 v2:10.20.193.5:3300/0 1 ==== mon_map magic: 0 ==== 205+0+0 (secure 0 0 0) 0x7f56d4047070 con 0x7f56e0073680
2026-02-19T23:35:36.894 INFO:teuthology.orchestra.run.trial005.stdout:/usr/bin/ceph: stderr
2026-02-19T23:35:35.901+0000 7f56bffff640 1 -- 10.20.193.5:0/2956808746 <== mon.0 v2:10.20.193.5:3300/0 2 ==== config(26 keys) ==== 1076+0+0 (secure 0 0 0) 0x7f56d4035da0 con 0x7f56e0073680
2026-02-19T23:35:36.894 INFO:teuthology.orchestra.run.trial005.stdout:/usr/bin/ceph: stderr
2026-02-19T23:35:35.901+0000 7f56bffff640 1 -- 10.20.193.5:0/2956808746 <== mon.0 v2:10.20.193.5:3300/0 3 ==== mon_map magic: 0 ==== 205+0+0 (secure 0 0 0) 0x7f56d403c070 con 0x7f56e0073680
2026-02-19T23:35:36.894 INFO:teuthology.orchestra.run.trial005.stdout:/usr/bin/ceph: stderr
2026-02-19T23:35:35.901+0000 7f56e55f0640 1 -- 10.20.193.5:0/2956808746 --> [v2:10.20.193.5:3300/0,v1:10.20.193.5:6789/0] -- mon_subscribe({mgrmap=0+}) -- 0x7f56e01ad8f0 con 0x7f56e0073680
2026-02-19T23:35:36.894 INFO:teuthology.orchestra.run.trial005.stdout:/usr/bin/ceph: stderr
2026-02-19T23:35:35.901+0000 7f56e55f0640 1 -- 10.20.193.5:0/2956808746 --> [v2:10.20.193.5:3300/0,v1:10.20.193.5:6789/0] -- mon_subscribe({osdmap=0}) -- 0x7f56e01b05e0 con 0x7f56e0073680
2026-02-19T23:35:36.894 INFO:teuthology.orchestra.run.trial005.stdout:/usr/bin/ceph: stderr
2026-02-19T23:35:35.901+0000 7f56e55f0640 1 -- 10.20.193.5:0/2956808746 --> [v2:10.20.193.5:3300/0,v1:10.20.193.5:6789/0] -- mon_command({"prefix": "get_command_descriptions"} v 0) -- 0x7f56e0073b00 con 0x7f56e0073680
2026-02-19T23:35:36.894 INFO:teuthology.orchestra.run.trial005.stdout:/usr/bin/ceph: stderr
2026-02-19T23:35:35.902+0000 7f56bffff640 1 -- 10.20.193.5:0/2956808746 <== mon.0 v2:10.20.193.5:3300/0 4 ==== mgrmap(e 7) ==== 50247+0+0 (secure 0 0 0) 0x7f56d40425d0 con 0x7f56e0073680
2026-02-19T23:35:36.894 INFO:teuthology.orchestra.run.trial005.stdout:/usr/bin/ceph: stderr
2026-02-19T23:35:35.902+0000 7f56bffff640 1 --2- 10.20.193.5:0/2956808746 >> [v2:10.20.193.5:6800/3734511448,v1:10.20.193.5:6801/3734511448] conn(0x7f56b403dbf0 0x7f56b40400b0 unknown :-1 s=NONE pgs=0 cs=0 l=1 rev1=0 crypto rx=0 tx=0 comp rx=0 tx=0).connect
2026-02-19T23:35:36.895 INFO:teuthology.orchestra.run.trial005.stdout:/usr/bin/ceph: stderr
2026-02-19T23:35:35.902+0000 7f56bffff640 1 -- 10.20.193.5:0/2956808746 <== mon.0 v2:10.20.193.5:3300/0 5 ==== osd_map(2..2 src has 1..2) ==== 940+0+0 (secure 0 0 0) 0x7f56d4076950 con 0x7f56e0073680
2026-02-19T23:35:36.895 INFO:teuthology.orchestra.run.trial005.stdout:/usr/bin/ceph: stderr
2026-02-19T23:35:35.902+0000 7f56de7fc640 1 --2- 10.20.193.5:0/2956808746 >> [v2:10.20.193.5:6800/3734511448,v1:10.20.193.5:6801/3734511448] conn(0x7f56b403dbf0 0x7f56b40400b0 unknown :-1 s=BANNER_CONNECTING pgs=0 cs=0 l=1 rev1=0 crypto rx=0 tx=0 comp rx=0 tx=0)._handle_peer_banner_payload supported=3 required=0
2026-02-19T23:35:36.895 INFO:teuthology.orchestra.run.trial005.stdout:/usr/bin/ceph: stderr
2026-02-19T23:35:35.903+0000 7f56de7fc640 1 --2- 10.20.193.5:0/2956808746 >> [v2:10.20.193.5:6800/3734511448,v1:10.20.193.5:6801/3734511448] conn(0x7f56b403dbf0 0x7f56b40400b0 secure :-1 s=READY pgs=16 cs=0 l=1 rev1=1 crypto rx=0x7f56c80099c0 tx=0x7f56c8006eb0 comp rx=0 tx=0).ready entity=mgr.14118 client_cookie=0 server_cookie=0 in_seq=0 out_seq=0
2026-02-19T23:35:36.895 INFO:teuthology.orchestra.run.trial005.stdout:/usr/bin/ceph: stderr
2026-02-19T23:35:35.905+0000 7f56bffff640 1 -- 10.20.193.5:0/2956808746 <== mon.0 v2:10.20.193.5:3300/0 6 ==== mon_command_ack([{"prefix": "get_command_descriptions"}]=0 v0) ==== 72+0+195034 (secure 0 0 0) 0x7f56d404a360 con 0x7f56e0073680
2026-02-19T23:35:36.895 INFO:teuthology.orchestra.run.trial005.stdout:/usr/bin/ceph: stderr
2026-02-19T23:35:36.021+0000 7f56e55f0640 1 -- 10.20.193.5:0/2956808746 --> [v2:10.20.193.5:3300/0,v1:10.20.193.5:6789/0] -- mon_command({"prefix": "mgr module enable", "module": "dashboard"} v 0) -- 0x7f56e01b0b60 con 0x7f56e0073680
2026-02-19T23:35:36.895 INFO:teuthology.orchestra.run.trial005.stdout:/usr/bin/ceph: stderr
2026-02-19T23:35:36.806+0000 7f56bffff640 1 -- 10.20.193.5:0/2956808746 <== mon.0 v2:10.20.193.5:3300/0 7 ==== mon_command_ack([{"prefix": "mgr module enable", "module": "dashboard"}]=0 v8) ==== 88+0+0 (secure 0 0 0) 0x7f56d4045120 con 0x7f56e0073680
