2026-02-19T23:35:31.680+0000 7f024d0d9640 1 --2- 10.20.193.5:0/3806566948 >> [v2:10.20.193.5:6800/3734511448,v1:10.20.193.5:6801/3734511448] conn(0x7f022403db20 0x7f022403ffe0 secure :-1 s=READY pgs=10 cs=0 l=1 rev1=1 crypto rx=0x7f023c0099c0 tx=0x7f023c006eb0 comp rx=0 tx=0).ready entity=mgr.14118 client_cookie=0 server_cookie=0 in_seq=0 out_seq=0
2026-02-19T23:35:31.861 INFO:teuthology.orchestra.run.trial005.stdout:/usr/bin/ceph: stderr
2026-02-19T23:35:31.682+0000 7f0236ffd640 1 -- 10.20.193.5:0/3806566948 <== mon.0 v2:10.20.193.5:3300/0 6 ==== mon_command_ack([{"prefix": "get_command_descriptions"}]=0 v0) ==== 72+0+195034 (secure 0 0 0) 0x7f0238035dc0 con 0x7f024806f6c0
2026-02-19T23:35:31.861 INFO:teuthology.orchestra.run.trial005.stdout:/usr/bin/ceph: stderr
2026-02-19T23:35:31.723+0000 7f0236ffd640 1 -- 10.20.193.5:0/3806566948 <== mon.0 v2:10.20.193.5:3300/0 7 ==== mgrmap(e 7) ==== 50247+0+0 (secure 0 0 0) 0x7f023803fc80 con 0x7f024806f6c0
2026-02-19T23:35:31.861 INFO:teuthology.orchestra.run.trial005.stdout:/usr/bin/ceph: stderr
2026-02-19T23:35:31.773+0000 7f024fb65640 1 -- 10.20.193.5:0/3806566948 --> [v2:10.20.193.5:6800/3734511448,v1:10.20.193.5:6801/3734511448] -- mgr_command(tid 0: {"prefix": "cephadm get-pub-key", "target": ["mon-mgr", ""]}) -- 0x7f02481a6740 con 0x7f022403db20
2026-02-19T23:35:31.861 INFO:teuthology.orchestra.run.trial005.stdout:/usr/bin/ceph: stderr
2026-02-19T23:35:31.774+0000 7f0236ffd640 1 -- 10.20.193.5:0/3806566948 <== mgr.14118 v2:10.20.193.5:6800/3734511448 1 ==== mgr_command_reply(tid 0: 0 ) ==== 8+0+123 (secure 0 0 0) 0x7f02481a6740 con 0x7f022403db20
2026-02-19T23:35:31.861 INFO:teuthology.orchestra.run.trial005.stdout:/usr/bin/ceph: stderr
2026-02-19T23:35:31.775+0000 7f024fb65640 1 -- 10.20.193.5:0/3806566948 >> [v2:10.20.193.5:6800/3734511448,v1:10.20.193.5:6801/3734511448] conn(0x7f022403db20 msgr2=0x7f022403ffe0 secure :-1 s=STATE_CONNECTION_ESTABLISHED l=1).mark_down
2026-02-19T23:35:31.861 INFO:teuthology.orchestra.run.trial005.stdout:/usr/bin/ceph: stderr
2026-02-19T23:35:31.775+0000 7f024fb65640 1 --2- 10.20.193.5:0/3806566948 >> [v2:10.20.193.5:6800/3734511448,v1:10.20.193.5:6801/3734511448] conn(0x7f022403db20 0x7f022403ffe0 secure :-1 s=READY pgs=10 cs=0 l=1 rev1=1 crypto rx=0x7f023c0099c0 tx=0x7f023c006eb0 comp rx=0 tx=0).stop
2026-02-19T23:35:31.861 INFO:teuthology.orchestra.run.trial005.stdout:/usr/bin/ceph: stderr
2026-02-19T23:35:31.775+0000 7f024fb65640 1 -- 10.20.193.5:0/3806566948 >> [v2:10.20.193.5:3300/0,v1:10.20.193.5:6789/0] conn(0x7f024806f6c0 msgr2=0x7f02481ad100 secure :-1 s=STATE_CONNECTION_ESTABLISHED l=1).mark_down
2026-02-19T23:35:31.861 INFO:teuthology.orchestra.run.trial005.stdout:/usr/bin/ceph: stderr
2026-02-19T23:35:31.775+0000 7f024fb65640 1 --2- 10.20.193.5:0/3806566948 >> [v2:10.20.193.5:3300/0,v1:10.20.193.5:6789/0] conn(0x7f024806f6c0 0x7f02481ad100 secure :-1 s=READY pgs=42 cs=0 l=1 rev1=1 crypto rx=0x7f0238009a50 tx=0x7f0238037b90 comp rx=0 tx=0).stop
2026-02-19T23:35:31.861 INFO:teuthology.orchestra.run.trial005.stdout:/usr/bin/ceph: stderr
2026-02-19T23:35:31.775+0000 7f024fb65640 1 -- 10.20.193.5:0/3806566948 shutdown_connections
2026-02-19T23:35:31.862 INFO:teuthology.orchestra.run.trial005.stdout:/usr/bin/ceph: stderr
2026-02-19T23:35:31.775+0000 7f024fb65640 1 --2- 10.20.193.5:0/3806566948 >> [v2:10.20.193.5:6800/3734511448,v1:10.20.193.5:6801/3734511448] conn(0x7f022403db20 0x7f022403ffe0 unknown :-1 s=CLOSED pgs=10 cs=0 l=1 rev1=1 crypto rx=0 tx=0 comp rx=0 tx=0).stop
2026-02-19T23:35:31.862 INFO:teuthology.orchestra.run.trial005.stdout:/usr/bin/ceph: stderr
2026-02-19T23:35:31.775+0000 7f024fb65640 1 --2- 10.20.193.5:0/3806566948 >> [v2:10.20.193.5:3300/0,v1:10.20.193.5:6789/0] conn(0x7f024806f6c0 0x7f02481ad100 unknown :-1 s=CLOSED pgs=42 cs=0 l=1 rev1=1 crypto rx=0 tx=0 comp rx=0 tx=0).stop
2026-02-19T23:35:31.862 INFO:teuthology.orchestra.run.trial005.stdout:/usr/bin/ceph: stderr
2026-02-19T23:35:31.775+0000 7f024fb65640 1 -- 10.20.193.5:0/3806566948 >> 10.20.193.5:0/3806566948 conn(0x7f0248071600 msgr2=0x7f0248072300 unknown :-1 s=STATE_NONE l=0).mark_down
2026-02-19T23:35:31.862 INFO:teuthology.orchestra.run.trial005.stdout:/usr/bin/ceph: stderr
2026-02-19T23:35:31.775+0000 7f024fb65640 1 -- 10.20.193.5:0/3806566948 shutdown_connections
2026-02-19T23:35:31.862 INFO:teuthology.orchestra.run.trial005.stdout:/usr/bin/ceph: stderr
2026-02-19T23:35:31.775+0000 7f024fb65640 1 -- 10.20.193.5:0/3806566948 wait complete.
2026-02-19T23:35:31.862 INFO:teuthology.orchestra.run.trial005.stdout:Wrote public SSH key to /home/ubuntu/cephtest/ceph.pub
2026-02-19T23:35:31.862 INFO:teuthology.orchestra.run.trial005.stdout:Adding key to root@localhost authorized_keys...
2026-02-19T23:35:31.862 INFO:teuthology.orchestra.run.trial005.stdout:Adding host trial005...
2026-02-19T23:35:31.930 INFO:journalctl@ceph.mon.a.trial005.stdout:Feb 19 23:35:31 trial005 ceph-mon[38558]: [19/Feb/2026:23:35:30] ENGINE Bus STARTING
2026-02-19T23:35:31.930 INFO:journalctl@ceph.mon.a.trial005.stdout:Feb 19 23:35:31 trial005 ceph-mon[38558]: from='client.14122 -' entity='client.admin' cmd=[{"prefix": "get_command_descriptions"}]: dispatch
2026-02-19T23:35:31.930 INFO:journalctl@ceph.mon.a.trial005.stdout:Feb 19 23:35:31 trial005 ceph-mon[38558]: from='client.14122 -' entity='client.admin' cmd=[{"prefix": "mgr_status"}]: dispatch
2026-02-19T23:35:31.930 INFO:journalctl@ceph.mon.a.trial005.stdout:Feb 19 23:35:31 trial005 ceph-mon[38558]: [19/Feb/2026:23:35:30] ENGINE Serving on https://10.20.193.5:7150
2026-02-19T23:35:31.930 INFO:journalctl@ceph.mon.a.trial005.stdout:Feb 19 23:35:31 trial005 ceph-mon[38558]: [19/Feb/2026:23:35:30] ENGINE Client ('10.20.193.5', 51474) lost — peer dropped the TLS connection suddenly, during handshake: (6, 'TLS/SSL connection has been closed (EOF) (_ssl.c:1147)')
2026-02-19T23:35:31.931 INFO:journalctl@ceph.mon.a.trial005.stdout:Feb 19 23:35:31 trial005 ceph-mon[38558]: [19/Feb/2026:23:35:30] ENGINE Serving on http://10.20.193.5:8765
2026-02-19T23:35:31.931 INFO:journalctl@ceph.mon.a.trial005.stdout:Feb 19 23:35:31 trial005 ceph-mon[38558]: [19/Feb/2026:23:35:30] ENGINE Bus STARTED
2026-02-19T23:35:31.931 INFO:journalctl@ceph.mon.a.trial005.stdout:Feb 19 23:35:31 trial005 ceph-mon[38558]: from='client.14130 -' entity='client.admin' cmd=[{"prefix": "orch set backend", "module_name": "cephadm", "target": ["mon-mgr", ""]}]: dispatch
2026-02-19T23:35:31.931 INFO:journalctl@ceph.mon.a.trial005.stdout:Feb 19 23:35:31 trial005 ceph-mon[38558]: from='mgr.14118 10.20.193.5:0/288359211' entity='mgr.x'
2026-02-19T23:35:31.931 INFO:journalctl@ceph.mon.a.trial005.stdout:Feb 19 23:35:31 trial005 ceph-mon[38558]: from='mgr.14118 10.20.193.5:0/288359211' entity='mgr.x'
2026-02-19T23:35:33.058 INFO:journalctl@ceph.mon.a.trial005.stdout:Feb 19 23:35:32 trial005 ceph-mon[38558]: from='client.14132 -' entity='client.admin' cmd=[{"prefix": "cephadm set-user", "user": "root", "target": ["mon-mgr", ""]}]: dispatch
2026-02-19T23:35:33.058 INFO:journalctl@ceph.mon.a.trial005.stdout:Feb 19 23:35:32 trial005 ceph-mon[38558]: from='client.14134 -' entity='client.admin' cmd=[{"prefix": "cephadm generate-key", "target": ["mon-mgr", ""]}]: dispatch
2026-02-19T23:35:33.058 INFO:journalctl@ceph.mon.a.trial005.stdout:Feb 19 23:35:32 trial005 ceph-mon[38558]: Generating ssh key...
2026-02-19T23:35:33.058 INFO:journalctl@ceph.mon.a.trial005.stdout:Feb 19 23:35:32 trial005 ceph-mon[38558]: mgrmap e7: x(active, since 2s)
2026-02-19T23:35:33.956 INFO:journalctl@ceph.mon.a.trial005.stdout:Feb 19 23:35:33 trial005 ceph-mon[38558]: from='client.14136 -' entity='client.admin' cmd=[{"prefix": "cephadm get-pub-key", "target": ["mon-mgr", ""]}]: dispatch
2026-02-19T23:35:33.956 INFO:journalctl@ceph.mon.a.trial005.stdout:Feb 19 23:35:33 trial005 ceph-mon[38558]: from='client.14138 -' entity='client.admin' cmd=[{"prefix": "orch host add", "hostname": "trial005", "addr": "10.20.193.5", "target": ["mon-mgr", ""]}]: dispatch
2026-02-19T23:35:34.230 INFO:teuthology.orchestra.run.trial005.stdout:/usr/bin/ceph: stdout Added host 'trial005' with addr '10.20.193.5'
2026-02-19T23:35:34.230 INFO:teuthology.orchestra.run.trial005.stdout:/usr/bin/ceph: stderr
2026-02-19T23:35:32.013+0000 7f18d118b640 1 Processor -- start
2026-02-19T23:35:34.230 INFO:teuthology.orchestra.run.trial005.stdout:/usr/bin/ceph: stderr
2026-02-19T23:35:32.013+0000 7f18d118b640 1 -- start start
2026-02-19T23:35:34.231 INFO:teuthology.orchestra.run.trial005.stdout:/usr/bin/ceph: stderr
2026-02-19T23:35:32.013+0000 7f18d118b640 1 --2- >> [v2:10.20.193.5:3300/0,v1:10.20.193.5:6789/0] conn(0x7f18cc10a180 0x7f18cc10a580 unknown :-1 s=NONE pgs=0 cs=0 l=0 rev1=0 crypto rx=0 tx=0 comp rx=0 tx=0).connect
2026-02-19T23:35:34.231 INFO:teuthology.orchestra.run.trial005.stdout:/usr/bin/ceph: stderr
2026-02-19T23:35:32.013+0000 7f18d118b640 1 -- --> [v2:10.20.193.5:3300/0,v1:10.20.193.5:6789/0] -- mon_getmap magic: 0 -- 0x7f18cc10ab50 con 0x7f18cc10a180
2026-02-19T23:35:34.231 INFO:teuthology.orchestra.run.trial005.stdout:/usr/bin/ceph: stderr
2026-02-19T23:35:32.014+0000 7f18cbfff640 1 --2- >> [v2:10.20.193.5:3300/0,v1:10.20.193.5:6789/0] conn(0x7f18cc10a180 0x7f18cc10a580 unknown :-1 s=BANNER_CONNECTING pgs=0 cs=0 l=0 rev1=0 crypto rx=0 tx=0 comp rx=0 tx=0)._handle_peer_banner_payload supported=3 required=0
2026-02-19T23:35:34.231 INFO:teuthology.orchestra.run.trial005.stdout:/usr/bin/ceph: stderr
2026-02-19T23:35:32.014+0000 7f18cbfff640 1 --2- >> [v2:10.20.193.5:3300/0,v1:10.20.193.5:6789/0] conn(0x7f18cc10a180 0x7f18cc10a580 unknown :-1 s=HELLO_CONNECTING pgs=0 cs=0 l=0 rev1=1 crypto rx=0 tx=0 comp rx=0 tx=0).handle_hello peer v2:10.20.193.5:3300/0 says I am v2:10.20.193.5:48440/0 (socket says 10.20.193.5:48440)
2026-02-19T23:35:34.231 INFO:teuthology.orchestra.run.trial005.stdout:/usr/bin/ceph: stderr
2026-02-19T23:35:32.014+0000 7f18cbfff640 1 -- 10.20.193.5:0/1303775942 learned_addr learned my addr 10.20.193.5:0/1303775942 (peer_addr_for_me v2:10.20.193.5:0/0)
2026-02-19T23:35:34.231 INFO:teuthology.orchestra.run.trial005.stdout:/usr/bin/ceph: stderr
2026-02-19T23:35:32.014+0000 7f18cbfff640 1 -- 10.20.193.5:0/1303775942 --> [v2:10.20.193.5:3300/0,v1:10.20.193.5:6789/0] -- mon_subscribe({config=0+,monmap=0+}) -- 0x7f18cc10b380 con 0x7f18cc10a180
2026-02-19T23:35:34.231 INFO:teuthology.orchestra.run.trial005.stdout:/usr/bin/ceph: stderr
2026-02-19T23:35:32.015+0000 7f18cbfff640 1 --2- 10.20.193.5:0/1303775942 >> [v2:10.20.193.5:3300/0,v1:10.20.193.5:6789/0] conn(0x7f18cc10a180 0x7f18cc10a580 secure :-1 s=READY pgs=43 cs=0 l=1 rev1=1 crypto rx=0x7f18b8009920 tx=0x7f18b802ef20 comp rx=0 tx=0).ready entity=mon.0 client_cookie=51f98cf865474404 server_cookie=0 in_seq=0 out_seq=0
2026-02-19T23:35:34.231 INFO:teuthology.orchestra.run.trial005.stdout:/usr/bin/ceph: stderr
2026-02-19T23:35:32.015+0000 7f18caffd640 1 -- 10.20.193.5:0/1303775942 <== mon.0 v2:10.20.193.5:3300/0 1 ==== mon_map magic: 0 ==== 205+0+0 (secure 0 0 0) 0x7f18b803c070 con 0x7f18cc10a180
2026-02-19T23:35:34.231 INFO:teuthology.orchestra.run.trial005.stdout:/usr/bin/ceph: stderr
2026-02-19T23:35:32.015+0000 7f18caffd640 1 -- 10.20.193.5:0/1303775942 <== mon.0 v2:10.20.193.5:3300/0 2 ==== config(26 keys) ==== 1045+0+0 (secure 0 0 0) 0x7f18b8037440 con 0x7f18cc10a180
2026-02-19T23:35:34.231 INFO:teuthology.orchestra.run.trial005.stdout:/usr/bin/ceph: stderr
2026-02-19T23:35:32.015+0000 7f18caffd640 1 -- 10.20.193.5:0/1303775942 <== mon.0 v2:10.20.193.5:3300/0 3 ==== mon_map magic: 0 ==== 205+0+0 (secure 0 0 0) 0x7f18b80354b0 con 0x7f18cc10a180
2026-02-19T23:35:34.232 INFO:teuthology.orchestra.run.trial005.stdout:/usr/bin/ceph: stderr
2026-02-19T23:35:32.015+0000 7f18d118b640 1 -- 10.20.193.5:0/1303775942 >> [v2:10.20.193.5:3300/0,v1:10.20.193.5:6789/0] conn(0x7f18cc10a180 msgr2=0x7f18cc10a580 secure :-1 s=STATE_CONNECTION_ESTABLISHED l=1).mark_down
2026-02-19T23:35:34.232 INFO:teuthology.orchestra.run.trial005.stdout:/usr/bin/ceph: stderr
2026-02-19T23:35:32.015+0000 7f18d118b640 1 --2- 10.20.193.5:0/1303775942 >> [v2:10.20.193.5:3300/0,v1:10.20.193.5:6789/0] conn(0x7f18cc10a180 0x7f18cc10a580 secure :-1 s=READY pgs=43 cs=0 l=1 rev1=1 crypto rx=0x7f18b8009920 tx=0x7f18b802ef20 comp rx=0 tx=0).stop
2026-02-19T23:35:34.232 INFO:teuthology.orchestra.run.trial005.stdout:/usr/bin/ceph: stderr
2026-02-19T23:35:32.015+0000 7f18d118b640 1 -- 10.20.193.5:0/1303775942 shutdown_connections
2026-02-19T23:35:34.232 INFO:teuthology.orchestra.run.trial005.stdout:/usr/bin/ceph: stderr
2026-02-19T23:35:32.015+0000 7f18d118b640 1 --2- 10.20.193.5:0/1303775942 >> [v2:10.20.193.5:3300/0,v1:10.20.193.5:6789/0] conn(0x7f18cc10a180 0x7f18cc10a580 unknown :-1 s=CLOSED pgs=43 cs=0 l=1 rev1=1 crypto rx=0 tx=0 comp rx=0 tx=0).stop
2026-02-19T23:35:34.232 INFO:teuthology.orchestra.run.trial005.stdout:/usr/bin/ceph: stderr
2026-02-19T23:35:32.015+0000 7f18d118b640 1 -- 10.20.193.5:0/1303775942 >> 10.20.193.5:0/1303775942 conn(0x7f18cc07d680 msgr2=0x7f18cc07da90 unknown :-1 s=STATE_NONE l=0).mark_down
2026-02-19T23:35:34.232 INFO:teuthology.orchestra.run.trial005.stdout:/usr/bin/ceph: stderr
2026-02-19T23:35:32.015+0000 7f18d118b640 1 -- 10.20.193.5:0/1303775942 shutdown_connections
2026-02-19T23:35:34.232 INFO:teuthology.orchestra.run.trial005.stdout:/usr/bin/ceph: stderr
2026-02-19T23:35:32.015+0000 7f18d118b640 1 -- 10.20.193.5:0/1303775942 wait complete.
2026-02-19T23:35:34.232 INFO:teuthology.orchestra.run.trial005.stdout:/usr/bin/ceph: stderr
2026-02-19T23:35:32.016+0000 7f18d118b640 1 Processor -- start
2026-02-19T23:35:34.232 INFO:teuthology.orchestra.run.trial005.stdout:/usr/bin/ceph: stderr
2026-02-19T23:35:32.016+0000 7f18d118b640 1 -- start start
2026-02-19T23:35:34.232 INFO:teuthology.orchestra.run.trial005.stdout:/usr/bin/ceph: stderr
2026-02-19T23:35:32.017+0000 7f18d118b640 1 --2- >> [v2:10.20.193.5:3300/0,v1:10.20.193.5:6789/0] conn(0x7f18cc10a180 0x7f18cc1a0070 unknown :-1 s=NONE pgs=0 cs=0 l=1 rev1=0 crypto rx=0 tx=0 comp rx=0 tx=0).connect
2026-02-19T23:35:34.232 INFO:teuthology.orchestra.run.trial005.stdout:/usr/bin/ceph: stderr
2026-02-19T23:35:32.017+0000 7f18d118b640 1 -- --> [v2:10.20.193.5:3300/0,v1:10.20.193.5:6789/0] -- mon_getmap magic: 0 -- 0x7f18cc10e5b0 con 0x7f18cc10a180
2026-02-19T23:35:34.232 INFO:teuthology.orchestra.run.trial005.stdout:/usr/bin/ceph: stderr
2026-02-19T23:35:32.017+0000 7f18cbfff640 1 --2- >> [v2:10.20.193.5:3300/0,v1:10.20.193.5:6789/0] conn(0x7f18cc10a180 0x7f18cc1a0070 unknown :-1 s=BANNER_CONNECTING pgs=0 cs=0 l=1 rev1=0 crypto rx=0 tx=0 comp rx=0 tx=0)._handle_peer_banner_payload supported=3 required=0
2026-02-19T23:35:34.233 INFO:teuthology.orchestra.run.trial005.stdout:/usr/bin/ceph: stderr
2026-02-19T23:35:32.017+0000 7f18cbfff640 1 --2- >> [v2:10.20.193.5:3300/0,v1:10.20.193.5:6789/0] conn(0x7f18cc10a180 0x7f18cc1a0070 unknown :-1 s=HELLO_CONNECTING pgs=0 cs=0 l=1 rev1=1 crypto rx=0 tx=0 comp rx=0 tx=0).handle_hello peer v2:10.20.193.5:3300/0 says I am v2:10.20.193.5:48444/0 (socket says 10.20.193.5:48444)
2026-02-19T23:35:34.233 INFO:teuthology.orchestra.run.trial005.stdout:/usr/bin/ceph: stderr
2026-02-19T23:35:32.017+0000 7f18cbfff640 1 -- 10.20.193.5:0/362902694 learned_addr learned my addr 10.20.193.5:0/362902694 (peer_addr_for_me v2:10.20.193.5:0/0)
2026-02-19T23:35:34.233 INFO:teuthology.orchestra.run.trial005.stdout:/usr/bin/ceph: stderr
2026-02-19T23:35:32.017+0000 7f18cbfff640 1 -- 10.20.193.5:0/362902694 --> [v2:10.20.193.5:3300/0,v1:10.20.193.5:6789/0] -- mon_subscribe({config=0+,monmap=0+}) -- 0x7f18cc1a05b0 con 0x7f18cc10a180
2026-02-19T23:35:34.233 INFO:teuthology.orchestra.run.trial005.stdout:/usr/bin/ceph: stderr
2026-02-19T23:35:32.017+0000 7f18cbfff640 1 --2- 10.20.193.5:0/362902694 >> [v2:10.20.193.5:3300/0,v1:10.20.193.5:6789/0] conn(0x7f18cc10a180 0x7f18cc1a0070 secure :-1 s=READY pgs=44 cs=0 l=1 rev1=1 crypto rx=0x7f18b8006fd0 tx=0x7f18b8037bb0 comp rx=0 tx=0).ready entity=mon.0 client_cookie=0 server_cookie=0 in_seq=0 out_seq=0
2026-02-19T23:35:34.233 INFO:teuthology.orchestra.run.trial005.stdout:/usr/bin/ceph: stderr
2026-02-19T23:35:32.017+0000 7f18c97fa640 1 -- 10.20.193.5:0/362902694 <== mon.0 v2:10.20.193.5:3300/0 1 ==== mon_map magic: 0 ==== 205+0+0 (secure 0 0 0) 0x7f18b8045070 con 0x7f18cc10a180
2026-02-19T23:35:34.233 INFO:teuthology.orchestra.run.trial005.stdout:/usr/bin/ceph: stderr
2026-02-19T23:35:32.017+0000 7f18c97fa640 1 -- 10.20.193.5:0/362902694 <== mon.0 v2:10.20.193.5:3300/0 2 ==== config(26 keys) ==== 1045+0+0 (secure 0 0 0) 0x7f18b8040450 con 0x7f18cc10a180
2026-02-19T23:35:34.233 INFO:teuthology.orchestra.run.trial005.stdout:/usr/bin/ceph: stderr
2026-02-19T23:35:32.017+0000 7f18c97fa640 1 -- 10.20.193.5:0/362902694 <== mon.0 v2:10.20.193.5:3300/0 3 ==== mon_map magic: 0 ==== 205+0+0 (secure 0 0 0) 0x7f18b803c070 con 0x7f18cc10a180
2026-02-19T23:35:34.233 INFO:teuthology.orchestra.run.trial005.stdout:/usr/bin/ceph: stderr
2026-02-19T23:35:32.017+0000 7f18d118b640 1 -- 10.20.193.5:0/362902694 --> [v2:10.20.193.5:3300/0,v1:10.20.193.5:6789/0] -- mon_subscribe({mgrmap=0+}) -- 0x7f18cc1a0840 con 0x7f18cc10a180
2026-02-19T23:35:34.233 INFO:teuthology.orchestra.run.trial005.stdout:/usr/bin/ceph: stderr
2026-02-19T23:35:32.017+0000 7f18d118b640 1 -- 10.20.193.5:0/362902694 --> [v2:10.20.193.5:3300/0,v1:10.20.193.5:6789/0] -- mon_subscribe({osdmap=0}) -- 0x7f18cc1a3530 con 0x7f18cc10a180
2026-02-19T23:35:34.233 INFO:teuthology.orchestra.run.trial005.stdout:/usr/bin/ceph: stderr
2026-02-19T23:35:32.018+0000 7f189effd640 1 -- 10.20.193.5:0/362902694 --> [v2:10.20.193.5:3300/0,v1:10.20.193.5:6789/0] -- mon_command({"prefix": "get_command_descriptions"} v 0) -- 0x7f18cc10a600 con 0x7f18cc10a180
2026-02-19T23:35:34.233 INFO:teuthology.orchestra.run.trial005.stdout:/usr/bin/ceph: stderr
2026-02-19T23:35:32.019+0000 7f18c97fa640 1 -- 10.20.193.5:0/362902694 <== mon.0 v2:10.20.193.5:3300/0 4 ==== mgrmap(e 7) ==== 50247+0+0 (secure 0 0 0) 0x7f18b8040900 con 0x7f18cc10a180
2026-02-19T23:35:34.233 INFO:teuthology.orchestra.run.trial005.stdout:/usr/bin/ceph: stderr
2026-02-19T23:35:32.019+0000 7f18c97fa640 1 --2- 10.20.193.5:0/362902694 >> [v2:10.20.193.5:6800/3734511448,v1:10.20.193.5:6801/3734511448] conn(0x7f18a003dba0 0x7f18a0040060 unknown :-1 s=NONE pgs=0 cs=0 l=1 rev1=0 crypto rx=0 tx=0 comp rx=0 tx=0).connect
2026-02-19T23:35:34.233 INFO:teuthology.orchestra.run.trial005.stdout:/usr/bin/ceph: stderr
2026-02-19T23:35:32.019+0000 7f18c97fa640 1 -- 10.20.193.5:0/362902694 <== mon.0 v2:10.20.193.5:3300/0 5 ==== osd_map(2..2 src has 1..2) ==== 940+0+0 (secure 0 0 0) 0x7f18b8077230 con 0x7f18cc10a180
2026-02-19T23:35:34.234 INFO:teuthology.orchestra.run.trial005.stdout:/usr/bin/ceph: stderr
2026-02-19T23:35:32.019+0000 7f18cb7fe640 1 --2- 10.20.193.5:0/362902694 >> [v2:10.20.193.5:6800/3734511448,v1:10.20.193.5:6801/3734511448] conn(0x7f18a003dba0 0x7f18a0040060 unknown :-1 s=BANNER_CONNECTING pgs=0 cs=0 l=1 rev1=0 crypto rx=0 tx=0 comp rx=0 tx=0)._handle_peer_banner_payload supported=3 required=0
2026-02-19T23:35:34.234 INFO:teuthology.orchestra.run.trial005.stdout:/usr/bin/ceph: stderr
2026-02-19T23:35:32.020+0000 7f18cb7fe640 1 --2- 10.20.193.5:0/362902694 >> [v2:10.20.193.5:6800/3734511448,v1:10.20.193.5:6801/3734511448] conn(0x7f18a003dba0 0x7f18a0040060 secure :-1 s=READY pgs=11 cs=0 l=1 rev1=1 crypto rx=0x7f18bc0099c0 tx=0x7f18bc006eb0 comp rx=0 tx=0).ready entity=mgr.14118 client_cookie=0 server_cookie=0 in_seq=0 out_seq=0
2026-02-19T23:35:34.234 INFO:teuthology.orchestra.run.trial005.stdout:/usr/bin/ceph: stderr
2026-02-19T23:35:32.021+0000 7f18c97fa640 1 -- 10.20.193.5:0/362902694 <== mon.0 v2:10.20.193.5:3300/0 6 ==== mon_command_ack([{"prefix": "get_command_descriptions"}]=0 v0) ==== 72+0+195034 (secure 0 0 0) 0x7f18b804f030 con 0x7f18cc10a180
2026-02-19T23:35:34.234 INFO:teuthology.orchestra.run.trial005.stdout:/usr/bin/ceph: stderr
2026-02-19T23:35:32.114+0000 7f189effd640 1 -- 10.20.193.5:0/362902694 --> [v2:10.20.193.5:6800/3734511448,v1:10.20.193.5:6801/3734511448] -- mgr_command(tid 0: {"prefix": "orch host add", "hostname": "trial005", "addr": "10.20.193.5", "target": ["mon-mgr", ""]}) -- 0x7f18cc063a10 con 0x7f18a003dba0
2026-02-19T23:35:34.234 INFO:teuthology.orchestra.run.trial005.stdout:/usr/bin/ceph: stderr
2026-02-19T23:35:34.104+0000 7f18c97fa640 1 -- 10.20.193.5:0/362902694 <== mgr.14118 v2:10.20.193.5:6800/3734511448 1 ==== mgr_command_reply(tid 0: 0 ) ==== 8+0+46 (secure 0 0 0) 0x7f18cc063a10 con 0x7f18a003dba0
2026-02-19T23:35:34.234 INFO:teuthology.orchestra.run.trial005.stdout:/usr/bin/ceph: stderr
2026-02-19T23:35:34.107+0000 7f189effd640 1 -- 10.20.193.5:0/362902694 >> [v2:10.20.193.5:6800/3734511448,v1:10.20.193.5:6801/3734511448] conn(0x7f18a003dba0 msgr2=0x7f18a0040060 secure :-1 s=STATE_CONNECTION_ESTABLISHED l=1).mark_down
2026-02-19T23:35:34.234 INFO:teuthology.orchestra.run.trial005.stdout:/usr/bin/ceph: stderr
2026-02-19T23:35:34.107+0000 7f189effd640 1 --2- 10.20.193.5:0/362902694 >> [v2:10.20.193.5:6800/3734511448,v1:10.20.193.5:6801/3734511448] conn(0x7f18a003dba0 0x7f18a0040060 secure :-1 s=READY pgs=11 cs=0 l=1 rev1=1 crypto rx=0x7f18bc0099c0 tx=0x7f18bc006eb0 comp rx=0 tx=0).stop
2026-02-19T23:35:34.234 INFO:teuthology.orchestra.run.trial005.stdout:/usr/bin/ceph: stderr
2026-02-19T23:35:34.107+0000 7f189effd640 1 -- 10.20.193.5:0/362902694 >> [v2:10.20.193.5:3300/0,v1:10.20.193.5:6789/0] conn(0x7f18cc10a180 msgr2=0x7f18cc1a0070 secure :-1 s=STATE_CONNECTION_ESTABLISHED l=1).mark_down
2026-02-19T23:35:34.234 INFO:teuthology.orchestra.run.trial005.stdout:/usr/bin/ceph: stderr
2026-02-19T23:35:34.107+0000 7f189effd640 1 --2- 10.20.193.5:0/362902694 >> [v2:10.20.193.5:3300/0,v1:10.20.193.5:6789/0] conn(0x7f18cc10a180 0x7f18cc1a0070 secure :-1 s=READY pgs=44 cs=0 l=1 rev1=1 crypto rx=0x7f18b8006fd0 tx=0x7f18b8037bb0 comp rx=0 tx=0).stop
2026-02-19T23:35:34.234 INFO:teuthology.orchestra.run.trial005.stdout:/usr/bin/ceph: stderr
2026-02-19T23:35:34.107+0000 7f189effd640 1 -- 10.20.193.5:0/362902694 shutdown_connections
2026-02-19T23:35:34.234 INFO:teuthology.orchestra.run.trial005.stdout:/usr/bin/ceph: stderr
2026-02-19T23:35:34.107+0000 7f189effd640 1 --2- 10.20.193.5:0/362902694 >> [v2:10.20.193.5:6800/3734511448,v1:10.20.193.5:6801/3734511448] conn(0x7f18a003dba0 0x7f18a0040060 unknown :-1 s=CLOSED pgs=11 cs=0 l=1 rev1=1 crypto rx=0 tx=0 comp rx=0 tx=0).stop
2026-02-19T23:35:34.235 INFO:teuthology.orchestra.run.trial005.stdout:/usr/bin/ceph: stderr
2026-02-19T23:35:34.107+0000 7f189effd640 1 --2- 10.20.193.5:0/362902694 >> [v2:10.20.193.5:3300/0,v1:10.20.193.5:6789/0] conn(0x7f18cc10a180 0x7f18cc1a0070 unknown :-1 s=CLOSED pgs=44 cs=0 l=1 rev1=1 crypto rx=0 tx=0 comp rx=0 tx=0).stop
2026-02-19T23:35:34.235 INFO:teuthology.orchestra.run.trial005.stdout:/usr/bin/ceph: stderr
2026-02-19T23:35:34.107+0000 7f189effd640 1 -- 10.20.193.5:0/362902694 >> 10.20.193.5:0/362902694 conn(0x7f18cc07d680 msgr2=0x7f18cc1076b0 unknown :-1 s=STATE_NONE l=0).mark_down
2026-02-19T23:35:34.235 INFO:teuthology.orchestra.run.trial005.stdout:/usr/bin/ceph: stderr
2026-02-19T23:35:34.107+0000 7f189effd640 1 -- 10.20.193.5:0/362902694 shutdown_connections
2026-02-19T23:35:34.235 INFO:teuthology.orchestra.run.trial005.stdout:/usr/bin/ceph: stderr
2026-02-19T23:35:34.107+0000 7f189effd640 1 -- 10.20.193.5:0/362902694 wait complete.
2026-02-19T23:35:34.235 INFO:teuthology.orchestra.run.trial005.stdout:Deploying unmanaged mon service...
2026-02-19T23:35:34.585 INFO:teuthology.orchestra.run.trial005.stdout:/usr/bin/ceph: stdout Scheduled mon update...
2026-02-19T23:35:34.585 INFO:teuthology.orchestra.run.trial005.stdout:/usr/bin/ceph: stderr
2026-02-19T23:35:34.397+0000 7fd4f4f3b640 1 Processor -- start
2026-02-19T23:35:34.585 INFO:teuthology.orchestra.run.trial005.stdout:/usr/bin/ceph: stderr
2026-02-19T23:35:34.397+0000 7fd4f4f3b640 1 -- start start
2026-02-19T23:35:34.585 INFO:teuthology.orchestra.run.trial005.stdout:/usr/bin/ceph: stderr
2026-02-19T23:35:34.397+0000 7fd4f4f3b640 1 --2- >> [v2:10.20.193.5:3300/0,v1:10.20.193.5:6789/0] conn(0x7fd4f006c840 0x7fd4f006cc40 unknown :-1 s=NONE pgs=0 cs=0 l=0 rev1=0 crypto rx=0 tx=0 comp rx=0 tx=0).connect
2026-02-19T23:35:34.585 INFO:teuthology.orchestra.run.trial005.stdout:/usr/bin/ceph: stderr
2026-02-19T23:35:34.397+0000 7fd4f4f3b640 1 -- --> [v2:10.20.193.5:3300/0,v1:10.20.193.5:6789/0] -- mon_getmap magic: 0 -- 0x7fd4f0074fd0 con 0x7fd4f006c840
2026-02-19T23:35:34.585 INFO:teuthology.orchestra.run.trial005.stdout:/usr/bin/ceph: stderr
2026-02-19T23:35:34.398+0000 7fd4ee575640 1 --2- >> [v2:10.20.193.5:3300/0,v1:10.20.193.5:6789/0] conn(0x7fd4f006c840 0x7fd4f006cc40 unknown :-1 s=BANNER_CONNECTING pgs=0 cs=0 l=0 rev1=0 crypto rx=0 tx=0 comp rx=0 tx=0)._handle_peer_banner_payload supported=3 required=0
2026-02-19T23:35:34.585 INFO:teuthology.orchestra.run.trial005.stdout:/usr/bin/ceph: stderr
2026-02-19T23:35:34.398+0000 7fd4ee575640 1 --2- >> [v2:10.20.193.5:3300/0,v1:10.20.193.5:6789/0] conn(0x7fd4f006c840 0x7fd4f006cc40 unknown :-1 s=HELLO_CONNECTING pgs=0 cs=0 l=0 rev1=1 crypto rx=0 tx=0 comp rx=0 tx=0).handle_hello peer v2:10.20.193.5:3300/0 says I am v2:10.20.193.5:48454/0 (socket says 10.20.193.5:48454)
2026-02-19T23:35:34.586 INFO:teuthology.orchestra.run.trial005.stdout:/usr/bin/ceph: stderr
2026-02-19T23:35:34.398+0000 7fd4ee575640 1 -- 10.20.193.5:0/2782786626 learned_addr learned my addr 10.20.193.5:0/2782786626 (peer_addr_for_me v2:10.20.193.5:0/0)
2026-02-19T23:35:34.586 INFO:teuthology.orchestra.run.trial005.stdout:/usr/bin/ceph: stderr
2026-02-19T23:35:34.398+0000 7fd4ee575640 1 -- 10.20.193.5:0/2782786626 --> [v2:10.20.193.5:3300/0,v1:10.20.193.5:6789/0] -- mon_subscribe({config=0+,monmap=0+}) -- 0x7fd4f006d180 con 0x7fd4f006c840
2026-02-19T23:35:34.586 INFO:teuthology.orchestra.run.trial005.stdout:/usr/bin/ceph: stderr
2026-02-19T23:35:34.399+0000 7fd4ee575640 1 --2- 10.20.193.5:0/2782786626 >> [v2:10.20.193.5:3300/0,v1:10.20.193.5:6789/0] conn(0x7fd4f006c840 0x7fd4f006cc40 secure :-1 s=READY pgs=45 cs=0 l=1 rev1=1 crypto rx=0x7fd4e4009920 tx=0x7fd4e402ef20 comp rx=0 tx=0).ready entity=mon.0 client_cookie=90a4a77a914e78d2 server_cookie=0 in_seq=0 out_seq=0
2026-02-19T23:35:34.586 INFO:teuthology.orchestra.run.trial005.stdout:/usr/bin/ceph: stderr
2026-02-19T23:35:34.399+0000 7fd4ed573640 1 -- 10.20.193.5:0/2782786626 <== mon.0 v2:10.20.193.5:3300/0 1 ==== mon_map magic: 0 ==== 205+0+0 (secure 0 0 0) 0x7fd4e403c070 con 0x7fd4f006c840
2026-02-19T23:35:34.586 INFO:teuthology.orchestra.run.trial005.stdout:/usr/bin/ceph: stderr
2026-02-19T23:35:34.399+0000 7fd4ed573640 1 -- 10.20.193.5:0/2782786626 <== mon.0 v2:10.20.193.5:3300/0 2 ==== config(26 keys) ==== 1045+0+0 (secure 0 0 0) 0x7fd4e4037440 con 0x7fd4f006c840
2026-02-19T23:35:34.586 INFO:teuthology.orchestra.run.trial005.stdout:/usr/bin/ceph: stderr
2026-02-19T23:35:34.399+0000 7fd4ed573640 1 -- 10.20.193.5:0/2782786626 <== mon.0 v2:10.20.193.5:3300/0 3 ==== mon_map magic: 0 ==== 205+0+0 (secure 0 0 0) 0x7fd4e403c070 con 0x7fd4f006c840
2026-02-19T23:35:34.586 INFO:teuthology.orchestra.run.trial005.stdout:/usr/bin/ceph: stderr
2026-02-19T23:35:34.399+0000 7fd4f4f3b640 1 -- 10.20.193.5:0/2782786626 >> [v2:10.20.193.5:3300/0,v1:10.20.193.5:6789/0] conn(0x7fd4f006c840 msgr2=0x7fd4f006cc40 secure :-1 s=STATE_CONNECTION_ESTABLISHED l=1).mark_down
2026-02-19T23:35:34.586 INFO:teuthology.orchestra.run.trial005.stdout:/usr/bin/ceph: stderr
2026-02-19T23:35:34.399+0000 7fd4f4f3b640 1 --2- 10.20.193.5:0/2782786626 >> [v2:10.20.193.5:3300/0,v1:10.20.193.5:6789/0] conn(0x7fd4f006c840 0x7fd4f006cc40 secure :-1 s=READY pgs=45 cs=0 l=1 rev1=1 crypto rx=0x7fd4e4009920 tx=0x7fd4e402ef20 comp rx=0 tx=0).stop
2026-02-19T23:35:34.586 INFO:teuthology.orchestra.run.trial005.stdout:/usr/bin/ceph: stderr
2026-02-19T23:35:34.399+0000 7fd4f4f3b640 1 -- 10.20.193.5:0/2782786626 shutdown_connections
2026-02-19T23:35:34.586 INFO:teuthology.orchestra.run.trial005.stdout:/usr/bin/ceph: stderr
2026-02-19T23:35:34.399+0000 7fd4f4f3b640 1 --2- 10.20.193.5:0/2782786626 >> [v2:10.20.193.5:3300/0,v1:10.20.193.5:6789/0] conn(0x7fd4f006c840 0x7fd4f006cc40 unknown :-1 s=CLOSED pgs=45 cs=0 l=1 rev1=1 crypto rx=0 tx=0 comp rx=0 tx=0).stop
2026-02-19T23:35:34.586 INFO:teuthology.orchestra.run.trial005.stdout:/usr/bin/ceph: stderr
2026-02-19T23:35:34.399+0000 7fd4f4f3b640 1 -- 10.20.193.5:0/2782786626 >> 10.20.193.5:0/2782786626 conn(0x7fd4f00702a0 msgr2=0x7fd4f0072700 unknown :-1 s=STATE_NONE l=0).mark_down
2026-02-19T23:35:34.587 INFO:teuthology.orchestra.run.trial005.stdout:/usr/bin/ceph: stderr
2026-02-19T23:35:34.399+0000 7fd4f4f3b640 1 -- 10.20.193.5:0/2782786626 shutdown_connections
2026-02-19T23:35:34.587 INFO:teuthology.orchestra.run.trial005.stdout:/usr/bin/ceph: stderr
2026-02-19T23:35:34.399+0000 7fd4f4f3b640 1 -- 10.20.193.5:0/2782786626 wait complete.
2026-02-19T23:35:34.587 INFO:teuthology.orchestra.run.trial005.stdout:/usr/bin/ceph: stderr
2026-02-19T23:35:34.400+0000 7fd4f4f3b640 1 Processor -- start
2026-02-19T23:35:34.587 INFO:teuthology.orchestra.run.trial005.stdout:/usr/bin/ceph: stderr
2026-02-19T23:35:34.400+0000 7fd4f4f3b640 1 -- start start
2026-02-19T23:35:34.587 INFO:teuthology.orchestra.run.trial005.stdout:/usr/bin/ceph: stderr
2026-02-19T23:35:34.400+0000 7fd4f4f3b640 1 --2- >> [v2:10.20.193.5:3300/0,v1:10.20.193.5:6789/0] conn(0x7fd4f006c840 0x7fd4f01ace90 unknown :-1 s=NONE pgs=0 cs=0 l=1 rev1=0 crypto rx=0 tx=0 comp rx=0 tx=0).connect
2026-02-19T23:35:34.587 INFO:teuthology.orchestra.run.trial005.stdout:/usr/bin/ceph: stderr
2026-02-19T23:35:34.400+0000 7fd4f4f3b640 1 -- --> [v2:10.20.193.5:3300/0,v1:10.20.193.5:6789/0] -- mon_getmap magic: 0 -- 0x7fd4f0112960 con 0x7fd4f006c840
2026-02-19T23:35:34.587 INFO:teuthology.orchestra.run.trial005.stdout:/usr/bin/ceph: stderr
2026-02-19T23:35:34.401+0000 7fd4ee575640 1 --2- >> [v2:10.20.193.5:3300/0,v1:10.20.193.5:6789/0] conn(0x7fd4f006c840 0x7fd4f01ace90 unknown :-1 s=BANNER_CONNECTING pgs=0 cs=0 l=1 rev1=0 crypto rx=0 tx=0 comp rx=0 tx=0)._handle_peer_banner_payload supported=3 required=0
2026-02-19T23:35:34.587 INFO:teuthology.orchestra.run.trial005.stdout:/usr/bin/ceph: stderr
2026-02-19T23:35:34.401+0000 7fd4ee575640 1 --2- >> [v2:10.20.193.5:3300/0,v1:10.20.193.5:6789/0] conn(0x7fd4f006c840 0x7fd4f01ace90 unknown :-1 s=HELLO_CONNECTING pgs=0 cs=0 l=1 rev1=1 crypto rx=0 tx=0 comp rx=0 tx=0).handle_hello peer v2:10.20.193.5:3300/0 says I am v2:10.20.193.5:48460/0 (socket says 10.20.193.5:48460)
2026-02-19T23:35:34.587 INFO:teuthology.orchestra.run.trial005.stdout:/usr/bin/ceph: stderr
2026-02-19T23:35:34.401+0000 7fd4ee575640 1 -- 10.20.193.5:0/1824334980 learned_addr learned my addr 10.20.193.5:0/1824334980 (peer_addr_for_me v2:10.20.193.5:0/0)
2026-02-19T23:35:34.587 INFO:teuthology.orchestra.run.trial005.stdout:/usr/bin/ceph: stderr
2026-02-19T23:35:34.401+0000 7fd4ee575640 1 -- 10.20.193.5:0/1824334980 --> [v2:10.20.193.5:3300/0,v1:10.20.193.5:6789/0] -- mon_subscribe({config=0+,monmap=0+}) -- 0x7fd4f01ad3d0 con 0x7fd4f006c840
2026-02-19T23:35:34.587 INFO:teuthology.orchestra.run.trial005.stdout:/usr/bin/ceph: stderr
2026-02-19T23:35:34.401+0000 7fd4ee575640 1 --2- 10.20.193.5:0/1824334980 >> [v2:10.20.193.5:3300/0,v1:10.20.193.5:6789/0] conn(0x7fd4f006c840 0x7fd4f01ace90 secure :-1 s=READY pgs=46 cs=0 l=1 rev1=1 crypto rx=0x7fd4e4006fd0 tx=0x7fd4e4035a60 comp rx=0 tx=0).ready entity=mon.0 client_cookie=0 server_cookie=0 in_seq=0 out_seq=0
2026-02-19T23:35:34.587 INFO:teuthology.orchestra.run.trial005.stdout:/usr/bin/ceph: stderr
2026-02-19T23:35:34.401+0000 7fd4d77fe640 1 -- 10.20.193.5:0/1824334980 <== mon.0 v2:10.20.193.5:3300/0 1 ==== mon_map magic: 0 ==== 205+0+0 (secure 0 0 0) 0x7fd4e403c070 con 0x7fd4f006c840
2026-02-19T23:35:34.588 INFO:teuthology.orchestra.run.trial005.stdout:/usr/bin/ceph: stderr
2026-02-19T23:35:34.401+0000 7fd4d77fe640 1 -- 10.20.193.5:0/1824334980 <== mon.0 v2:10.20.193.5:3300/0 2 ==== config(26 keys) ==== 1045+0+0 (secure 0 0 0) 0x7fd4e4044070 con 0x7fd4f006c840
2026-02-19T23:35:34.588 INFO:teuthology.orchestra.run.trial005.stdout:/usr/bin/ceph: stderr
2026-02-19T23:35:34.401+0000 7fd4d77fe640 1 -- 10.20.193.5:0/1824334980 <== mon.0 v2:10.20.193.5:3300/0 3 ==== mon_map magic: 0 ==== 205+0+0 (secure 0 0 0) 0x7fd4e403fb80 con 0x7fd4f006c840
2026-02-19T23:35:34.588 INFO:teuthology.orchestra.run.trial005.stdout:/usr/bin/ceph: stderr
2026-02-19T23:35:34.401+0000 7fd4f4f3b640 1 -- 10.20.193.5:0/1824334980 --> [v2:10.20.193.5:3300/0,v1:10.20.193.5:6789/0] -- mon_subscribe({mgrmap=0+}) -- 0x7fd4f01ad660 con 0x7fd4f006c840
2026-02-19T23:35:34.588 INFO:teuthology.orchestra.run.trial005.stdout:/usr/bin/ceph: stderr
2026-02-19T23:35:34.401+0000 7fd4f4f3b640 1 -- 10.20.193.5:0/1824334980 --> [v2:10.20.193.5:3300/0,v1:10.20.193.5:6789/0] -- mon_subscribe({osdmap=0}) -- 0x7fd4f01b0350 con 0x7fd4f006c840
2026-02-19T23:35:34.588 INFO:teuthology.orchestra.run.trial005.stdout:/usr/bin/ceph: stderr
2026-02-19T23:35:34.402+0000 7fd4f4f3b640 1 -- 10.20.193.5:0/1824334980 --> [v2:10.20.193.5:3300/0,v1:10.20.193.5:6789/0] -- mon_command({"prefix": "get_command_descriptions"} v 0) -- 0x7fd4f006ccc0 con 0x7fd4f006c840
2026-02-19T23:35:34.588 INFO:teuthology.orchestra.run.trial005.stdout:/usr/bin/ceph: stderr
2026-02-19T23:35:34.402+0000 7fd4d77fe640 1 -- 10.20.193.5:0/1824334980 <== mon.0 v2:10.20.193.5:3300/0 4 ==== mgrmap(e 7) ==== 50247+0+0 (secure 0 0 0) 0x7fd4e402fae0 con 0x7fd4f006c840
2026-02-19T23:35:34.588 INFO:teuthology.orchestra.run.trial005.stdout:/usr/bin/ceph: stderr
2026-02-19T23:35:34.403+0000 7fd4d77fe640 1 --2- 10.20.193.5:0/1824334980 >> [v2:10.20.193.5:6800/3734511448,v1:10.20.193.5:6801/3734511448] conn(0x7fd4c803dbf0 0x7fd4c80400b0 unknown :-1 s=NONE pgs=0 cs=0 l=1 rev1=0 crypto rx=0 tx=0 comp rx=0 tx=0).connect
2026-02-19T23:35:34.588 INFO:teuthology.orchestra.run.trial005.stdout:/usr/bin/ceph: stderr
2026-02-19T23:35:34.403+0000 7fd4d77fe640 1 -- 10.20.193.5:0/1824334980 <== mon.0 v2:10.20.193.5:3300/0 5 ==== osd_map(2..2 src has 1..2) ==== 940+0+0 (secure 0 0 0) 0x7fd4e4076ac0 con 0x7fd4f006c840
2026-02-19T23:35:34.588 INFO:teuthology.orchestra.run.trial005.stdout:/usr/bin/ceph: stderr
2026-02-19T23:35:34.403+0000 7fd4edd74640 1 --2- 10.20.193.5:0/1824334980 >> [v2:10.20.193.5:6800/3734511448,v1:10.20.193.5:6801/3734511448] conn(0x7fd4c803dbf0 0x7fd4c80400b0 unknown :-1 s=BANNER_CONNECTING pgs=0 cs=0 l=1 rev1=0 crypto rx=0 tx=0 comp rx=0 tx=0)._handle_peer_banner_payload supported=3 required=0
2026-02-19T23:35:34.588 INFO:teuthology.orchestra.run.trial005.stdout:/usr/bin/ceph: stderr
2026-02-19T23:35:34.403+0000 7fd4edd74640 1 --2- 10.20.193.5:0/1824334980 >> [v2:10.20.193.5:6800/3734511448,v1:10.20.193.5:6801/3734511448] conn(0x7fd4c803dbf0 0x7fd4c80400b0 secure :-1 s=READY pgs=12 cs=0 l=1 rev1=1 crypto rx=0x7fd4d80099c0 tx=0x7fd4d8006eb0 comp rx=0 tx=0).ready entity=mgr.14118 client_cookie=0 server_cookie=0 in_seq=0 out_seq=0
2026-02-19T23:35:34.589 INFO:teuthology.orchestra.run.trial005.stdout:/usr/bin/ceph: stderr
2026-02-19T23:35:34.406+0000 7fd4d77fe640 1 -- 10.20.193.5:0/1824334980 <== mon.0 v2:10.20.193.5:3300/0 6 ==== mon_command_ack([{"prefix": "get_command_descriptions"}]=0 v0) ==== 72+0+195034 (secure 0 0 0) 0x7fd4e4048de0 con 0x7fd4f006c840
2026-02-19T23:35:34.589 INFO:teuthology.orchestra.run.trial005.stdout:/usr/bin/ceph: stderr
2026-02-19T23:35:34.501+0000 7fd4f4f3b640 1 -- 10.20.193.5:0/1824334980 --> [v2:10.20.193.5:6800/3734511448,v1:10.20.193.5:6801/3734511448] -- mgr_command(tid 0: {"prefix": "orch apply", "service_type": "mon", "unmanaged": true, "target": ["mon-mgr", ""]}) -- 0x7fd4f0116060 con 0x7fd4c803dbf0
2026-02-19T23:35:34.589 INFO:teuthology.orchestra.run.trial005.stdout:/usr/bin/ceph: stderr
2026-02-19T23:35:34.506+0000 7fd4d77fe640 1 -- 10.20.193.5:0/1824334980 <== mgr.14118 v2:10.20.193.5:6800/3734511448 1 ==== mgr_command_reply(tid 0: 0 ) ==== 8+0+24 (secure 0 0 0) 0x7fd4f0116060 con 0x7fd4c803dbf0
2026-02-19T23:35:34.589 INFO:teuthology.orchestra.run.trial005.stdout:/usr/bin/ceph: stderr
2026-02-19T23:35:34.506+0000 7fd4f4f3b640 1 -- 10.20.193.5:0/1824334980 >> [v2:10.20.193.5:6800/3734511448,v1:10.20.193.5:6801/3734511448] conn(0x7fd4c803dbf0 msgr2=0x7fd4c80400b0 secure :-1 s=STATE_CONNECTION_ESTABLISHED l=1).mark_down
2026-02-19T23:35:34.589 INFO:teuthology.orchestra.run.trial005.stdout:/usr/bin/ceph: stderr
2026-02-19T23:35:34.506+0000 7fd4f4f3b640 1 --2- 10.20.193.5:0/1824334980 >> [v2:10.20.193.5:6800/3734511448,v1:10.20.193.5:6801/3734511448] conn(0x7fd4c803dbf0 0x7fd4c80400b0 secure :-1 s=READY pgs=12 cs=0 l=1 rev1=1 crypto rx=0x7fd4d80099c0 tx=0x7fd4d8006eb0 comp rx=0 tx=0).stop
2026-02-19T23:35:34.589 INFO:teuthology.orchestra.run.trial005.stdout:/usr/bin/ceph: stderr
2026-02-19T23:35:34.506+0000 7fd4f4f3b640 1 -- 10.20.193.5:0/1824334980 >> [v2:10.20.193.5:3300/0,v1:10.20.193.5:6789/0] conn(0x7fd4f006c840 msgr2=0x7fd4f01ace90 secure :-1 s=STATE_CONNECTION_ESTABLISHED l=1).mark_down
2026-02-19T23:35:34.589 INFO:teuthology.orchestra.run.trial005.stdout:/usr/bin/ceph: stderr
2026-02-19T23:35:34.506+0000 7fd4f4f3b640 1 --2- 10.20.193.5:0/1824334980 >> [v2:10.20.193.5:3300/0,v1:10.20.193.5:6789/0] conn(0x7fd4f006c840 0x7fd4f01ace90 secure :-1 s=READY pgs=46 cs=0 l=1 rev1=1 crypto rx=0x7fd4e4006fd0 tx=0x7fd4e4035a60 comp rx=0 tx=0).stop
2026-02-19T23:35:34.589 INFO:teuthology.orchestra.run.trial005.stdout:/usr/bin/ceph: stderr
2026-02-19T23:35:34.506+0000 7fd4f4f3b640 1 -- 10.20.193.5:0/1824334980 shutdown_connections
2026-02-19T23:35:34.589 INFO:teuthology.orchestra.run.trial005.stdout:/usr/bin/ceph: stderr
2026-02-19T23:35:34.506+0000 7fd4f4f3b640 1 --2- 10.20.193.5:0/1824334980 >> [v2:10.20.193.5:6800/3734511448,v1:10.20.193.5:6801/3734511448] conn(0x7fd4c803dbf0 0x7fd4c80400b0 unknown :-1 s=CLOSED pgs=12 cs=0 l=1 rev1=1 crypto rx=0 tx=0 comp rx=0 tx=0).stop
2026-02-19T23:35:34.589 INFO:teuthology.orchestra.run.trial005.stdout:/usr/bin/ceph: stderr
2026-02-19T23:35:34.506+0000 7fd4f4f3b640 1 --2- 10.20.193.5:0/1824334980 >> [v2:10.20.193.5:3300/0,v1:10.20.193.5:6789/0] conn(0x7fd4f006c840 0x7fd4f01ace90 unknown :-1 s=CLOSED pgs=46 cs=0 l=1 rev1=1 crypto rx=0 tx=0 comp rx=0 tx=0).stop
2026-02-19T23:35:34.589 INFO:teuthology.orchestra.run.trial005.stdout:/usr/bin/ceph: stderr
2026-02-19T23:35:34.506+0000 7fd4f4f3b640 1 -- 10.20.193.5:0/1824334980 >> 10.20.193.5:0/1824334980 conn(0x7fd4f00702a0 msgr2=0x7fd4f0071e40 unknown :-1 s=STATE_NONE l=0).mark_down
2026-02-19T23:35:34.589 INFO:teuthology.orchestra.run.trial005.stdout:/usr/bin/ceph: stderr
2026-02-19T23:35:34.507+0000 7fd4f4f3b640 1 -- 10.20.193.5:0/1824334980 shutdown_connections
2026-02-19T23:35:34.590 INFO:teuthology.orchestra.run.trial005.stdout:/usr/bin/ceph: stderr
2026-02-19T23:35:34.507+0000 7fd4f4f3b640 1 -- 10.20.193.5:0/1824334980 wait complete.
2026-02-19T23:35:34.590 INFO:teuthology.orchestra.run.trial005.stdout:Deploying unmanaged mgr service...
2026-02-19T23:35:34.879 INFO:journalctl@ceph.mon.a.trial005.stdout:Feb 19 23:35:34 trial005 ceph-mon[38558]: Deploying cephadm binary to trial005
2026-02-19T23:35:34.879 INFO:journalctl@ceph.mon.a.trial005.stdout:Feb 19 23:35:34 trial005 ceph-mon[38558]: from='mgr.14118 10.20.193.5:0/288359211' entity='mgr.x'
2026-02-19T23:35:34.879 INFO:journalctl@ceph.mon.a.trial005.stdout:Feb 19 23:35:34 trial005 ceph-mon[38558]: from='mgr.14118 10.20.193.5:0/288359211' entity='mgr.x' cmd=[{"prefix": "config dump", "format": "json"}]: dispatch
2026-02-19T23:35:34.879 INFO:journalctl@ceph.mon.a.trial005.stdout:Feb 19 23:35:34 trial005 ceph-mon[38558]: from='mgr.14118 10.20.193.5:0/288359211' entity='mgr.x'
2026-02-19T23:35:34.992 INFO:teuthology.orchestra.run.trial005.stdout:/usr/bin/ceph: stdout Scheduled mgr update...
2026-02-19T23:35:34.992 INFO:teuthology.orchestra.run.trial005.stdout:/usr/bin/ceph: stderr
2026-02-19T23:35:34.755+0000 7fabd67c4640 1 Processor -- start
2026-02-19T23:35:34.992 INFO:teuthology.orchestra.run.trial005.stdout:/usr/bin/ceph: stderr
2026-02-19T23:35:34.755+0000 7fabd67c4640 1 -- start start
2026-02-19T23:35:34.992 INFO:teuthology.orchestra.run.trial005.stdout:/usr/bin/ceph: stderr
2026-02-19T23:35:34.755+0000 7fabd67c4640 1 --2- >> [v2:10.20.193.5:3300/0,v1:10.20.193.5:6789/0] conn(0x7fabd010f070 0x7fabd0111460 unknown :-1 s=NONE pgs=0 cs=0 l=0 rev1=0 crypto rx=0 tx=0 comp rx=0 tx=0).connect
2026-02-19T23:35:34.993 INFO:teuthology.orchestra.run.trial005.stdout:/usr/bin/ceph: stderr
2026-02-19T23:35:34.755+0000 7fabd67c4640 1 -- --> [v2:10.20.193.5:3300/0,v1:10.20.193.5:6789/0] -- mon_getmap magic: 0 -- 0x7fabd00826c0 con 0x7fabd010f070
2026-02-19T23:35:34.993 INFO:teuthology.orchestra.run.trial005.stdout:/usr/bin/ceph: stderr
2026-02-19T23:35:34.756+0000 7fabd57c2640 1 --2- >> [v2:10.20.193.5:3300/0,v1:10.20.193.5:6789/0] conn(0x7fabd010f070 0x7fabd0111460 unknown :-1 s=BANNER_CONNECTING pgs=0 cs=0 l=0 rev1=0 crypto rx=0 tx=0 comp rx=0 tx=0)._handle_peer_banner_payload supported=3 required=0
2026-02-19T23:35:34.993 INFO:teuthology.orchestra.run.trial005.stdout:/usr/bin/ceph: stderr
2026-02-19T23:35:34.756+0000 7fabd57c2640 1 --2- >> [v2:10.20.193.5:3300/0,v1:10.20.193.5:6789/0] conn(0x7fabd010f070 0x7fabd0111460 unknown :-1 s=HELLO_CONNECTING pgs=0 cs=0 l=0 rev1=1 crypto rx=0 tx=0 comp rx=0 tx=0).handle_hello peer v2:10.20.193.5:3300/0 says I am v2:10.20.193.5:48466/0 (socket says 10.20.193.5:48466)
2026-02-19T23:35:34.993 INFO:teuthology.orchestra.run.trial005.stdout:/usr/bin/ceph: stderr
2026-02-19T23:35:34.756+0000 7fabd57c2640 1 -- 10.20.193.5:0/3471794495 learned_addr learned my addr 10.20.193.5:0/3471794495 (peer_addr_for_me v2:10.20.193.5:0/0)
2026-02-19T23:35:34.993 INFO:teuthology.orchestra.run.trial005.stdout:/usr/bin/ceph: stderr
2026-02-19T23:35:34.756+0000 7fabd57c2640 1 -- 10.20.193.5:0/3471794495 --> [v2:10.20.193.5:3300/0,v1:10.20.193.5:6789/0] -- mon_subscribe({config=0+,monmap=0+}) -- 0x7fabd01119a0 con 0x7fabd010f070
2026-02-19T23:35:34.993 INFO:teuthology.orchestra.run.trial005.stdout:/usr/bin/ceph: stderr
2026-02-19T23:35:34.756+0000 7fabd57c2640 1 --2- 10.20.193.5:0/3471794495 >> [v2:10.20.193.5:3300/0,v1:10.20.193.5:6789/0] conn(0x7fabd010f070 0x7fabd0111460 secure :-1 s=READY pgs=47 cs=0 l=1 rev1=1 crypto rx=0x7fabc0009920 tx=0x7fabc002ef20 comp rx=0 tx=0).ready entity=mon.0 client_cookie=e873f797893bd8de server_cookie=0 in_seq=0 out_seq=0
2026-02-19T23:35:34.993 INFO:teuthology.orchestra.run.trial005.stdout:/usr/bin/ceph: stderr
2026-02-19T23:35:34.757+0000 7fabbffff640 1 -- 10.20.193.5:0/3471794495 <== mon.0 v2:10.20.193.5:3300/0 1 ==== mon_map magic: 0 ==== 205+0+0 (secure 0 0 0) 0x7fabc003c070 con 0x7fabd010f070
2026-02-19T23:35:34.993 INFO:teuthology.orchestra.run.trial005.stdout:/usr/bin/ceph: stderr
2026-02-19T23:35:34.757+0000 7fabbffff640 1 -- 10.20.193.5:0/3471794495 <== mon.0 v2:10.20.193.5:3300/0 2 ==== config(26 keys) ==== 1045+0+0 (secure 0 0 0) 0x7fabc0037440 con 0x7fabd010f070
2026-02-19T23:35:34.993 INFO:teuthology.orchestra.run.trial005.stdout:/usr/bin/ceph: stderr
2026-02-19T23:35:34.757+0000 7fabbffff640 1 -- 10.20.193.5:0/3471794495 <== mon.0 v2:10.20.193.5:3300/0 3 ==== mon_map magic: 0 ==== 205+0+0 (secure 0 0 0) 0x7fabc00354b0 con 0x7fabd010f070
2026-02-19T23:35:34.993 INFO:teuthology.orchestra.run.trial005.stdout:/usr/bin/ceph: stderr
2026-02-19T23:35:34.757+0000 7fabd67c4640 1 -- 10.20.193.5:0/3471794495 >> [v2:10.20.193.5:3300/0,v1:10.20.193.5:6789/0] conn(0x7fabd010f070 msgr2=0x7fabd0111460 secure :-1 s=STATE_CONNECTION_ESTABLISHED l=1).mark_down
2026-02-19T23:35:34.994 INFO:teuthology.orchestra.run.trial005.stdout:/usr/bin/ceph: stderr
2026-02-19T23:35:34.757+0000 7fabd67c4640 1 --2- 10.20.193.5:0/3471794495 >> [v2:10.20.193.5:3300/0,v1:10.20.193.5:6789/0] conn(0x7fabd010f070 0x7fabd0111460 secure :-1 s=READY pgs=47 cs=0 l=1 rev1=1 crypto rx=0x7fabc0009920 tx=0x7fabc002ef20 comp rx=0 tx=0).stop
2026-02-19T23:35:34.994 INFO:teuthology.orchestra.run.trial005.stdout:/usr/bin/ceph: stderr
2026-02-19T23:35:34.757+0000 7fabd67c4640 1 -- 10.20.193.5:0/3471794495 shutdown_connections
2026-02-19T23:35:34.994 INFO:teuthology.orchestra.run.trial005.stdout:/usr/bin/ceph: stderr
2026-02-19T23:35:34.757+0000 7fabd67c4640 1 --2- 10.20.193.5:0/3471794495 >> [v2:10.20.193.5:3300/0,v1:10.20.193.5:6789/0] conn(0x7fabd010f070 0x7fabd0111460 unknown :-1 s=CLOSED pgs=47 cs=0 l=1 rev1=1 crypto rx=0 tx=0 comp rx=0 tx=0).stop
2026-02-19T23:35:34.994 INFO:teuthology.orchestra.run.trial005.stdout:/usr/bin/ceph: stderr
2026-02-19T23:35:34.757+0000 7fabd67c4640 1 -- 10.20.193.5:0/3471794495 >> 10.20.193.5:0/3471794495 conn(0x7fabd007d860 msgr2=0x7fabd007fc80 unknown :-1 s=STATE_NONE l=0).mark_down
2026-02-19T23:35:34.994 INFO:teuthology.orchestra.run.trial005.stdout:/usr/bin/ceph: stderr
2026-02-19T23:35:34.757+0000 7fabd67c4640 1 -- 10.20.193.5:0/3471794495 shutdown_connections
2026-02-19T23:35:34.994 INFO:teuthology.orchestra.run.trial005.stdout:/usr/bin/ceph: stderr
2026-02-19T23:35:34.757+0000 7fabd67c4640 1 -- 10.20.193.5:0/3471794495 wait complete.
2026-02-19T23:35:34.994 INFO:teuthology.orchestra.run.trial005.stdout:/usr/bin/ceph: stderr
2026-02-19T23:35:34.758+0000 7fabd67c4640 1 Processor -- start
2026-02-19T23:35:34.994 INFO:teuthology.orchestra.run.trial005.stdout:/usr/bin/ceph: stderr
2026-02-19T23:35:34.758+0000 7fabd67c4640 1 -- start start
2026-02-19T23:35:34.994 INFO:teuthology.orchestra.run.trial005.stdout:/usr/bin/ceph: stderr
2026-02-19T23:35:34.758+0000 7fabd67c4640 1 --2- >> [v2:10.20.193.5:3300/0,v1:10.20.193.5:6789/0] conn(0x7fabd010f070 0x7fabd01a44d0 unknown :-1 s=NONE pgs=0 cs=0 l=1 rev1=0 crypto rx=0 tx=0 comp rx=0 tx=0).connect
2026-02-19T23:35:34.994 INFO:teuthology.orchestra.run.trial005.stdout:/usr/bin/ceph: stderr
2026-02-19T23:35:34.758+0000 7fabd67c4640 1 -- --> [v2:10.20.193.5:3300/0,v1:10.20.193.5:6789/0] -- mon_getmap magic: 0 -- 0x7fabd01128e0 con 0x7fabd010f070
2026-02-19T23:35:34.994 INFO:teuthology.orchestra.run.trial005.stdout:/usr/bin/ceph: stderr
2026-02-19T23:35:34.758+0000 7fabd57c2640 1 --2- >> [v2:10.20.193.5:3300/0,v1:10.20.193.5:6789/0] conn(0x7fabd010f070 0x7fabd01a44d0 unknown :-1 s=BANNER_CONNECTING pgs=0 cs=0 l=1 rev1=0 crypto rx=0 tx=0 comp rx=0 tx=0)._handle_peer_banner_payload supported=3 required=0
2026-02-19T23:35:34.994 INFO:teuthology.orchestra.run.trial005.stdout:/usr/bin/ceph: stderr
2026-02-19T23:35:34.758+0000 7fabd57c2640 1 --2- >> [v2:10.20.193.5:3300/0,v1:10.20.193.5:6789/0] conn(0x7fabd010f070 0x7fabd01a44d0 unknown :-1 s=HELLO_CONNECTING pgs=0 cs=0 l=1 rev1=1 crypto rx=0 tx=0 comp rx=0 tx=0).handle_hello peer v2:10.20.193.5:3300/0 says I am v2:10.20.193.5:48472/0 (socket says 10.20.193.5:48472)
2026-02-19T23:35:34.995 INFO:teuthology.orchestra.run.trial005.stdout:/usr/bin/ceph: stderr
2026-02-19T23:35:34.758+0000 7fabd57c2640 1 -- 10.20.193.5:0/785174643 learned_addr learned my addr 10.20.193.5:0/785174643 (peer_addr_for_me v2:10.20.193.5:0/0)
2026-02-19T23:35:34.995 INFO:teuthology.orchestra.run.trial005.stdout:/usr/bin/ceph: stderr
2026-02-19T23:35:34.759+0000 7fabd57c2640 1 -- 10.20.193.5:0/785174643 --> [v2:10.20.193.5:3300/0,v1:10.20.193.5:6789/0] -- mon_subscribe({config=0+,monmap=0+}) -- 0x7fabd01a4a10 con 0x7fabd010f070
2026-02-19T23:35:34.995 INFO:teuthology.orchestra.run.trial005.stdout:/usr/bin/ceph: stderr
2026-02-19T23:35:34.759+0000 7fabd57c2640 1 --2- 10.20.193.5:0/785174643 >> [v2:10.20.193.5:3300/0,v1:10.20.193.5:6789/0] conn(0x7fabd010f070 0x7fabd01a44d0 secure :-1 s=READY pgs=48 cs=0 l=1 rev1=1 crypto rx=0x7fabc0009a50 tx=0x7fabc0037b90 comp rx=0 tx=0).ready entity=mon.0 client_cookie=0 server_cookie=0 in_seq=0 out_seq=0
2026-02-19T23:35:34.995 INFO:teuthology.orchestra.run.trial005.stdout:/usr/bin/ceph: stderr
2026-02-19T23:35:34.759+0000 7fabbe7fc640 1 -- 10.20.193.5:0/785174643 <== mon.0 v2:10.20.193.5:3300/0 1 ==== mon_map magic: 0 ==== 205+0+0 (secure 0 0 0) 0x7fabc0045070 con 0x7fabd010f070
2026-02-19T23:35:34.995 INFO:teuthology.orchestra.run.trial005.stdout:/usr/bin/ceph: stderr
2026-02-19T23:35:34.759+0000 7fabd67c4640 1 -- 10.20.193.5:0/785174643 --> [v2:10.20.193.5:3300/0,v1:10.20.193.5:6789/0] -- mon_subscribe({mgrmap=0+}) -- 0x7fabd01a4ca0 con 0x7fabd010f070
2026-02-19T23:35:34.995 INFO:teuthology.orchestra.run.trial005.stdout:/usr/bin/ceph: stderr
2026-02-19T23:35:34.759+0000 7fabbe7fc640 1 -- 10.20.193.5:0/785174643 <== mon.0 v2:10.20.193.5:3300/0 2 ==== config(26 keys) ==== 1045+0+0 (secure 0 0 0) 0x7fabc0040450 con 0x7fabd010f070
2026-02-19T23:35:34.995 INFO:teuthology.orchestra.run.trial005.stdout:/usr/bin/ceph: stderr
2026-02-19T23:35:34.759+0000 7fabbe7fc640 1 -- 10.20.193.5:0/785174643 <== mon.0 v2:10.20.193.5:3300/0 3 ==== mon_map magic: 0 ==== 205+0+0 (secure 0 0 0) 0x7fabc0045070 con 0x7fabd010f070
2026-02-19T23:35:34.995 INFO:teuthology.orchestra.run.trial005.stdout:/usr/bin/ceph: stderr
2026-02-19T23:35:34.759+0000 7fabd67c4640 1 -- 10.20.193.5:0/785174643 --> [v2:10.20.193.5:3300/0,v1:10.20.193.5:6789/0] -- mon_subscribe({osdmap=0}) -- 0x7fabd01a7990 con 0x7fabd010f070
2026-02-19T23:35:34.995 INFO:teuthology.orchestra.run.trial005.stdout:/usr/bin/ceph: stderr
2026-02-19T23:35:34.759+0000 7fabd67c4640 1 -- 10.20.193.5:0/785174643 --> [v2:10.20.193.5:3300/0,v1:10.20.193.5:6789/0] -- mon_command({"prefix": "get_command_descriptions"} v 0) -- 0x7fabd010f4d0 con 0x7fabd010f070
2026-02-19T23:35:34.995 INFO:teuthology.orchestra.run.trial005.stdout:/usr/bin/ceph: stderr
2026-02-19T23:35:34.760+0000 7fabbe7fc640 1 -- 10.20.193.5:0/785174643 <== mon.0 v2:10.20.193.5:3300/0 4 ==== mgrmap(e 7) ==== 50247+0+0 (secure 0 0 0) 0x7fabc0035aa0 con 0x7fabd010f070
2026-02-19T23:35:34.995 INFO:teuthology.orchestra.run.trial005.stdout:/usr/bin/ceph: stderr
