2026-02-19T23:36:26.943 INFO:teuthology.orchestra.run.trial059.stdout:/usr/bin/ceph: stderr
2026-02-19T23:36:26.815+0000 7fe4e46f0640 1 Processor -- start
2026-02-19T23:36:26.944 INFO:teuthology.orchestra.run.trial059.stdout:/usr/bin/ceph: stderr
2026-02-19T23:36:26.815+0000 7fe4e46f0640 1 -- start start
2026-02-19T23:36:26.944 INFO:teuthology.orchestra.run.trial059.stdout:/usr/bin/ceph: stderr
2026-02-19T23:36:26.815+0000 7fe4e46f0640 1 --2- >> [v2:10.20.193.59:3300/0,v1:10.20.193.59:6789/0] conn(0x7fe4dc10aa80 0x7fe4dc10ae80 unknown :-1 s=NONE pgs=0 cs=0 l=0 rev1=0 crypto rx=0 tx=0 comp rx=0 tx=0).connect
2026-02-19T23:36:26.944 INFO:teuthology.orchestra.run.trial059.stdout:/usr/bin/ceph: stderr
2026-02-19T23:36:26.815+0000 7fe4e46f0640 1 -- --> [v2:10.20.193.59:3300/0,v1:10.20.193.59:6789/0] -- mon_getmap magic: 0 -- 0x7fe4dc10b450 con 0x7fe4dc10aa80
2026-02-19T23:36:26.944 INFO:teuthology.orchestra.run.trial059.stdout:/usr/bin/ceph: stderr
2026-02-19T23:36:26.815+0000 7fe4e2465640 1 --2- >> [v2:10.20.193.59:3300/0,v1:10.20.193.59:6789/0] conn(0x7fe4dc10aa80 0x7fe4dc10ae80 unknown :-1 s=BANNER_CONNECTING pgs=0 cs=0 l=0 rev1=0 crypto rx=0 tx=0 comp rx=0 tx=0)._handle_peer_banner_payload supported=3 required=0
2026-02-19T23:36:26.944 INFO:teuthology.orchestra.run.trial059.stdout:/usr/bin/ceph: stderr
2026-02-19T23:36:26.815+0000 7fe4e2465640 1 --2- >> [v2:10.20.193.59:3300/0,v1:10.20.193.59:6789/0] conn(0x7fe4dc10aa80 0x7fe4dc10ae80 unknown :-1 s=HELLO_CONNECTING pgs=0 cs=0 l=0 rev1=1 crypto rx=0 tx=0 comp rx=0 tx=0).handle_hello peer v2:10.20.193.59:3300/0 says I am v2:10.20.193.59:53040/0 (socket says 10.20.193.59:53040)
2026-02-19T23:36:26.944 INFO:teuthology.orchestra.run.trial059.stdout:/usr/bin/ceph: stderr
2026-02-19T23:36:26.815+0000 7fe4e2465640 1 -- 10.20.193.59:0/3867780051 learned_addr learned my addr 10.20.193.59:0/3867780051 (peer_addr_for_me v2:10.20.193.59:0/0)
2026-02-19T23:36:26.944 INFO:teuthology.orchestra.run.trial059.stdout:/usr/bin/ceph: stderr
2026-02-19T23:36:26.815+0000 7fe4e2465640 1 -- 10.20.193.59:0/3867780051 --> [v2:10.20.193.59:3300/0,v1:10.20.193.59:6789/0] -- mon_subscribe({config=0+,monmap=0+}) -- 0x7fe4dc10b6f0 con 0x7fe4dc10aa80
2026-02-19T23:36:26.944 INFO:teuthology.orchestra.run.trial059.stdout:/usr/bin/ceph: stderr
2026-02-19T23:36:26.816+0000 7fe4e2465640 1 --2- 10.20.193.59:0/3867780051 >> [v2:10.20.193.59:3300/0,v1:10.20.193.59:6789/0] conn(0x7fe4dc10aa80 0x7fe4dc10ae80 secure :-1 s=READY pgs=45 cs=0 l=1 rev1=1 crypto rx=0x7fe4cc009920 tx=0x7fe4cc02ef20 comp rx=0 tx=0).ready entity=mon.0 client_cookie=a4432cd55b5eaa40 server_cookie=0 in_seq=0 out_seq=0
2026-02-19T23:36:26.944 INFO:teuthology.orchestra.run.trial059.stdout:/usr/bin/ceph: stderr
2026-02-19T23:36:26.816+0000 7fe4e1463640 1 -- 10.20.193.59:0/3867780051 <== mon.0 v2:10.20.193.59:3300/0 1 ==== mon_map magic: 0 ==== 205+0+0 (secure 0 0 0) 0x7fe4cc03c070 con 0x7fe4dc10aa80
2026-02-19T23:36:26.944 INFO:teuthology.orchestra.run.trial059.stdout:/usr/bin/ceph: stderr
2026-02-19T23:36:26.816+0000 7fe4e1463640 1 -- 10.20.193.59:0/3867780051 <== mon.0 v2:10.20.193.59:3300/0 2 ==== config(26 keys) ==== 1045+0+0 (secure 0 0 0) 0x7fe4cc037440 con 0x7fe4dc10aa80
2026-02-19T23:36:26.945 INFO:teuthology.orchestra.run.trial059.stdout:/usr/bin/ceph: stderr
2026-02-19T23:36:26.816+0000 7fe4e1463640 1 -- 10.20.193.59:0/3867780051 <== mon.0 v2:10.20.193.59:3300/0 3 ==== mon_map magic: 0 ==== 205+0+0 (secure 0 0 0) 0x7fe4cc0354b0 con 0x7fe4dc10aa80
2026-02-19T23:36:26.945 INFO:teuthology.orchestra.run.trial059.stdout:/usr/bin/ceph: stderr
2026-02-19T23:36:26.816+0000 7fe4e46f0640 1 -- 10.20.193.59:0/3867780051 >> [v2:10.20.193.59:3300/0,v1:10.20.193.59:6789/0] conn(0x7fe4dc10aa80 msgr2=0x7fe4dc10ae80 secure :-1 s=STATE_CONNECTION_ESTABLISHED l=1).mark_down
2026-02-19T23:36:26.945 INFO:teuthology.orchestra.run.trial059.stdout:/usr/bin/ceph: stderr
2026-02-19T23:36:26.816+0000 7fe4e46f0640 1 --2- 10.20.193.59:0/3867780051 >> [v2:10.20.193.59:3300/0,v1:10.20.193.59:6789/0] conn(0x7fe4dc10aa80 0x7fe4dc10ae80 secure :-1 s=READY pgs=45 cs=0 l=1 rev1=1 crypto rx=0x7fe4cc009920 tx=0x7fe4cc02ef20 comp rx=0 tx=0).stop
2026-02-19T23:36:26.945 INFO:teuthology.orchestra.run.trial059.stdout:/usr/bin/ceph: stderr
2026-02-19T23:36:26.816+0000 7fe4e46f0640 1 -- 10.20.193.59:0/3867780051 shutdown_connections
2026-02-19T23:36:26.945 INFO:teuthology.orchestra.run.trial059.stdout:/usr/bin/ceph: stderr
2026-02-19T23:36:26.816+0000 7fe4e46f0640 1 --2- 10.20.193.59:0/3867780051 >> [v2:10.20.193.59:3300/0,v1:10.20.193.59:6789/0] conn(0x7fe4dc10aa80 0x7fe4dc10ae80 unknown :-1 s=CLOSED pgs=45 cs=0 l=1 rev1=1 crypto rx=0 tx=0 comp rx=0 tx=0).stop
2026-02-19T23:36:26.945 INFO:teuthology.orchestra.run.trial059.stdout:/usr/bin/ceph: stderr
2026-02-19T23:36:26.816+0000 7fe4e46f0640 1 -- 10.20.193.59:0/3867780051 >> 10.20.193.59:0/3867780051 conn(0x7fe4dc07dad0 msgr2=0x7fe4dc07dee0 unknown :-1 s=STATE_NONE l=0).mark_down
2026-02-19T23:36:26.945 INFO:teuthology.orchestra.run.trial059.stdout:/usr/bin/ceph: stderr
2026-02-19T23:36:26.816+0000 7fe4e46f0640 1 -- 10.20.193.59:0/3867780051 shutdown_connections
2026-02-19T23:36:26.945 INFO:teuthology.orchestra.run.trial059.stdout:/usr/bin/ceph: stderr
2026-02-19T23:36:26.816+0000 7fe4e46f0640 1 -- 10.20.193.59:0/3867780051 wait complete.
2026-02-19T23:36:26.945 INFO:teuthology.orchestra.run.trial059.stdout:/usr/bin/ceph: stderr
2026-02-19T23:36:26.817+0000 7fe4e46f0640 1 Processor -- start
2026-02-19T23:36:26.945 INFO:teuthology.orchestra.run.trial059.stdout:/usr/bin/ceph: stderr
2026-02-19T23:36:26.817+0000 7fe4e46f0640 1 -- start start
2026-02-19T23:36:26.945 INFO:teuthology.orchestra.run.trial059.stdout:/usr/bin/ceph: stderr
2026-02-19T23:36:26.817+0000 7fe4e46f0640 1 --2- >> [v2:10.20.193.59:3300/0,v1:10.20.193.59:6789/0] conn(0x7fe4dc10aa80 0x7fe4dc1a03b0 unknown :-1 s=NONE pgs=0 cs=0 l=1 rev1=0 crypto rx=0 tx=0 comp rx=0 tx=0).connect
2026-02-19T23:36:26.945 INFO:teuthology.orchestra.run.trial059.stdout:/usr/bin/ceph: stderr
2026-02-19T23:36:26.817+0000 7fe4e46f0640 1 -- --> [v2:10.20.193.59:3300/0,v1:10.20.193.59:6789/0] -- mon_getmap magic: 0 -- 0x7fe4dc10e920 con 0x7fe4dc10aa80
2026-02-19T23:36:26.946 INFO:teuthology.orchestra.run.trial059.stdout:/usr/bin/ceph: stderr
2026-02-19T23:36:26.817+0000 7fe4e2465640 1 --2- >> [v2:10.20.193.59:3300/0,v1:10.20.193.59:6789/0] conn(0x7fe4dc10aa80 0x7fe4dc1a03b0 unknown :-1 s=BANNER_CONNECTING pgs=0 cs=0 l=1 rev1=0 crypto rx=0 tx=0 comp rx=0 tx=0)._handle_peer_banner_payload supported=3 required=0
2026-02-19T23:36:26.946 INFO:teuthology.orchestra.run.trial059.stdout:/usr/bin/ceph: stderr
2026-02-19T23:36:26.817+0000 7fe4e2465640 1 --2- >> [v2:10.20.193.59:3300/0,v1:10.20.193.59:6789/0] conn(0x7fe4dc10aa80 0x7fe4dc1a03b0 unknown :-1 s=HELLO_CONNECTING pgs=0 cs=0 l=1 rev1=1 crypto rx=0 tx=0 comp rx=0 tx=0).handle_hello peer v2:10.20.193.59:3300/0 says I am v2:10.20.193.59:53042/0 (socket says 10.20.193.59:53042)
2026-02-19T23:36:26.946 INFO:teuthology.orchestra.run.trial059.stdout:/usr/bin/ceph: stderr
2026-02-19T23:36:26.817+0000 7fe4e2465640 1 -- 10.20.193.59:0/2751564822 learned_addr learned my addr 10.20.193.59:0/2751564822 (peer_addr_for_me v2:10.20.193.59:0/0)
2026-02-19T23:36:26.946 INFO:teuthology.orchestra.run.trial059.stdout:/usr/bin/ceph: stderr
2026-02-19T23:36:26.817+0000 7fe4e2465640 1 -- 10.20.193.59:0/2751564822 --> [v2:10.20.193.59:3300/0,v1:10.20.193.59:6789/0] -- mon_subscribe({config=0+,monmap=0+}) -- 0x7fe4dc1a08f0 con 0x7fe4dc10aa80
2026-02-19T23:36:26.946 INFO:teuthology.orchestra.run.trial059.stdout:/usr/bin/ceph: stderr
2026-02-19T23:36:26.817+0000 7fe4e2465640 1 --2- 10.20.193.59:0/2751564822 >> [v2:10.20.193.59:3300/0,v1:10.20.193.59:6789/0] conn(0x7fe4dc10aa80 0x7fe4dc1a03b0 secure :-1 s=READY pgs=46 cs=0 l=1 rev1=1 crypto rx=0x7fe4cc037cd0 tx=0x7fe4cc037b90 comp rx=0 tx=0).ready entity=mon.0 client_cookie=0 server_cookie=0 in_seq=0 out_seq=0
2026-02-19T23:36:26.946 INFO:teuthology.orchestra.run.trial059.stdout:/usr/bin/ceph: stderr
2026-02-19T23:36:26.817+0000 7fe4c37fe640 1 -- 10.20.193.59:0/2751564822 <== mon.0 v2:10.20.193.59:3300/0 1 ==== mon_map magic: 0 ==== 205+0+0 (secure 0 0 0) 0x7fe4cc045070 con 0x7fe4dc10aa80
2026-02-19T23:36:26.946 INFO:teuthology.orchestra.run.trial059.stdout:/usr/bin/ceph: stderr
2026-02-19T23:36:26.817+0000 7fe4c37fe640 1 -- 10.20.193.59:0/2751564822 <== mon.0 v2:10.20.193.59:3300/0 2 ==== config(26 keys) ==== 1045+0+0 (secure 0 0 0) 0x7fe4cc040450 con 0x7fe4dc10aa80
2026-02-19T23:36:26.946 INFO:teuthology.orchestra.run.trial059.stdout:/usr/bin/ceph: stderr
2026-02-19T23:36:26.817+0000 7fe4e46f0640 1 -- 10.20.193.59:0/2751564822 --> [v2:10.20.193.59:3300/0,v1:10.20.193.59:6789/0] -- mon_subscribe({mgrmap=0+}) -- 0x7fe4dc1a0b80 con 0x7fe4dc10aa80
2026-02-19T23:36:26.946 INFO:teuthology.orchestra.run.trial059.stdout:/usr/bin/ceph: stderr
2026-02-19T23:36:26.817+0000 7fe4c37fe640 1 -- 10.20.193.59:0/2751564822 <== mon.0 v2:10.20.193.59:3300/0 3 ==== mon_map magic: 0 ==== 205+0+0 (secure 0 0 0) 0x7fe4cc03c070 con 0x7fe4dc10aa80
2026-02-19T23:36:26.946 INFO:teuthology.orchestra.run.trial059.stdout:/usr/bin/ceph: stderr
2026-02-19T23:36:26.817+0000 7fe4e46f0640 1 -- 10.20.193.59:0/2751564822 --> [v2:10.20.193.59:3300/0,v1:10.20.193.59:6789/0] -- mon_subscribe({osdmap=0}) -- 0x7fe4dc1a3870 con 0x7fe4dc10aa80
2026-02-19T23:36:26.946 INFO:teuthology.orchestra.run.trial059.stdout:/usr/bin/ceph: stderr
2026-02-19T23:36:26.818+0000 7fe4e46f0640 1 -- 10.20.193.59:0/2751564822 --> [v2:10.20.193.59:3300/0,v1:10.20.193.59:6789/0] -- mon_command({"prefix": "get_command_descriptions"} v 0) -- 0x7fe4dc10af00 con 0x7fe4dc10aa80
2026-02-19T23:36:26.946 INFO:teuthology.orchestra.run.trial059.stdout:/usr/bin/ceph: stderr
2026-02-19T23:36:26.818+0000 7fe4c37fe640 1 -- 10.20.193.59:0/2751564822 <== mon.0 v2:10.20.193.59:3300/0 4 ==== mgrmap(e 8) ==== 50247+0+0 (secure 0 0 0) 0x7fe4cc040920 con 0x7fe4dc10aa80
2026-02-19T23:36:26.947 INFO:teuthology.orchestra.run.trial059.stdout:/usr/bin/ceph: stderr
2026-02-19T23:36:26.818+0000 7fe4c37fe640 1 --2- 10.20.193.59:0/2751564822 >> [v2:10.20.193.59:6800/3370206693,v1:10.20.193.59:6801/3370206693] conn(0x7fe4b803dbf0 0x7fe4b80400b0 unknown :-1 s=NONE pgs=0 cs=0 l=1 rev1=0 crypto rx=0 tx=0 comp rx=0 tx=0).connect
2026-02-19T23:36:26.947 INFO:teuthology.orchestra.run.trial059.stdout:/usr/bin/ceph: stderr
2026-02-19T23:36:26.818+0000 7fe4c37fe640 1 -- 10.20.193.59:0/2751564822 <== mon.0 v2:10.20.193.59:3300/0 5 ==== osd_map(2..2 src has 1..2) ==== 940+0+0 (secure 0 0 0) 0x7fe4cc076650 con 0x7fe4dc10aa80
2026-02-19T23:36:26.947 INFO:teuthology.orchestra.run.trial059.stdout:/usr/bin/ceph: stderr
2026-02-19T23:36:26.818+0000 7fe4e1c64640 1 --2- 10.20.193.59:0/2751564822 >> [v2:10.20.193.59:6800/3370206693,v1:10.20.193.59:6801/3370206693] conn(0x7fe4b803dbf0 0x7fe4b80400b0 unknown :-1 s=BANNER_CONNECTING pgs=0 cs=0 l=1 rev1=0 crypto rx=0 tx=0 comp rx=0 tx=0)._handle_peer_banner_payload supported=3 required=0
2026-02-19T23:36:26.947 INFO:teuthology.orchestra.run.trial059.stdout:/usr/bin/ceph: stderr
2026-02-19T23:36:26.819+0000 7fe4e1c64640 1 --2- 10.20.193.59:0/2751564822 >> [v2:10.20.193.59:6800/3370206693,v1:10.20.193.59:6801/3370206693] conn(0x7fe4b803dbf0 0x7fe4b80400b0 secure :-1 s=READY pgs=12 cs=0 l=1 rev1=1 crypto rx=0x7fe4d00099c0 tx=0x7fe4d0006eb0 comp rx=0 tx=0).ready entity=mgr.14118 client_cookie=0 server_cookie=0 in_seq=0 out_seq=0
2026-02-19T23:36:26.947 INFO:teuthology.orchestra.run.trial059.stdout:/usr/bin/ceph: stderr
2026-02-19T23:36:26.821+0000 7fe4c37fe640 1 -- 10.20.193.59:0/2751564822 <== mon.0 v2:10.20.193.59:3300/0 6 ==== mon_command_ack([{"prefix": "get_command_descriptions"}]=0 v0) ==== 72+0+195034 (secure 0 0 0) 0x7fe4cc033200 con 0x7fe4dc10aa80
2026-02-19T23:36:26.947 INFO:teuthology.orchestra.run.trial059.stdout:/usr/bin/ceph: stderr
2026-02-19T23:36:26.911+0000 7fe4e46f0640 1 -- 10.20.193.59:0/2751564822 --> [v2:10.20.193.59:6800/3370206693,v1:10.20.193.59:6801/3370206693] -- mgr_command(tid 0: {"prefix": "orch apply", "service_type": "mon", "unmanaged": true, "target": ["mon-mgr", ""]}) -- 0x7fe4dc108de0 con 0x7fe4b803dbf0
2026-02-19T23:36:26.947 INFO:teuthology.orchestra.run.trial059.stdout:/usr/bin/ceph: stderr
2026-02-19T23:36:26.915+0000 7fe4c37fe640 1 -- 10.20.193.59:0/2751564822 <== mgr.14118 v2:10.20.193.59:6800/3370206693 1 ==== mgr_command_reply(tid 0: 0 ) ==== 8+0+24 (secure 0 0 0) 0x7fe4dc108de0 con 0x7fe4b803dbf0
2026-02-19T23:36:26.947 INFO:teuthology.orchestra.run.trial059.stdout:/usr/bin/ceph: stderr
2026-02-19T23:36:26.915+0000 7fe4e46f0640 1 -- 10.20.193.59:0/2751564822 >> [v2:10.20.193.59:6800/3370206693,v1:10.20.193.59:6801/3370206693] conn(0x7fe4b803dbf0 msgr2=0x7fe4b80400b0 secure :-1 s=STATE_CONNECTION_ESTABLISHED l=1).mark_down
2026-02-19T23:36:26.947 INFO:teuthology.orchestra.run.trial059.stdout:/usr/bin/ceph: stderr
2026-02-19T23:36:26.915+0000 7fe4e46f0640 1 --2- 10.20.193.59:0/2751564822 >> [v2:10.20.193.59:6800/3370206693,v1:10.20.193.59:6801/3370206693] conn(0x7fe4b803dbf0 0x7fe4b80400b0 secure :-1 s=READY pgs=12 cs=0 l=1 rev1=1 crypto rx=0x7fe4d00099c0 tx=0x7fe4d0006eb0 comp rx=0 tx=0).stop
2026-02-19T23:36:26.947 INFO:teuthology.orchestra.run.trial059.stdout:/usr/bin/ceph: stderr
2026-02-19T23:36:26.915+0000 7fe4e46f0640 1 -- 10.20.193.59:0/2751564822 >> [v2:10.20.193.59:3300/0,v1:10.20.193.59:6789/0] conn(0x7fe4dc10aa80 msgr2=0x7fe4dc1a03b0 secure :-1 s=STATE_CONNECTION_ESTABLISHED l=1).mark_down
2026-02-19T23:36:26.948 INFO:teuthology.orchestra.run.trial059.stdout:/usr/bin/ceph: stderr
2026-02-19T23:36:26.915+0000 7fe4e46f0640 1 --2- 10.20.193.59:0/2751564822 >> [v2:10.20.193.59:3300/0,v1:10.20.193.59:6789/0] conn(0x7fe4dc10aa80 0x7fe4dc1a03b0 secure :-1 s=READY pgs=46 cs=0 l=1 rev1=1 crypto rx=0x7fe4cc037cd0 tx=0x7fe4cc037b90 comp rx=0 tx=0).stop
2026-02-19T23:36:26.948 INFO:teuthology.orchestra.run.trial059.stdout:/usr/bin/ceph: stderr
2026-02-19T23:36:26.916+0000 7fe4e46f0640 1 -- 10.20.193.59:0/2751564822 shutdown_connections
2026-02-19T23:36:26.948 INFO:teuthology.orchestra.run.trial059.stdout:/usr/bin/ceph: stderr
2026-02-19T23:36:26.916+0000 7fe4e46f0640 1 --2- 10.20.193.59:0/2751564822 >> [v2:10.20.193.59:6800/3370206693,v1:10.20.193.59:6801/3370206693] conn(0x7fe4b803dbf0 0x7fe4b80400b0 unknown :-1 s=CLOSED pgs=12 cs=0 l=1 rev1=1 crypto rx=0 tx=0 comp rx=0 tx=0).stop
2026-02-19T23:36:26.948 INFO:teuthology.orchestra.run.trial059.stdout:/usr/bin/ceph: stderr
2026-02-19T23:36:26.916+0000 7fe4e46f0640 1 --2- 10.20.193.59:0/2751564822 >> [v2:10.20.193.59:3300/0,v1:10.20.193.59:6789/0] conn(0x7fe4dc10aa80 0x7fe4dc1a03b0 unknown :-1 s=CLOSED pgs=46 cs=0 l=1 rev1=1 crypto rx=0 tx=0 comp rx=0 tx=0).stop
2026-02-19T23:36:26.948 INFO:teuthology.orchestra.run.trial059.stdout:/usr/bin/ceph: stderr
2026-02-19T23:36:26.916+0000 7fe4e46f0640 1 -- 10.20.193.59:0/2751564822 >> 10.20.193.59:0/2751564822 conn(0x7fe4dc07dad0 msgr2=0x7fe4dc1086d0 unknown :-1 s=STATE_NONE l=0).mark_down
2026-02-19T23:36:26.948 INFO:teuthology.orchestra.run.trial059.stdout:/usr/bin/ceph: stderr
2026-02-19T23:36:26.916+0000 7fe4e46f0640 1 -- 10.20.193.59:0/2751564822 shutdown_connections
2026-02-19T23:36:26.948 INFO:teuthology.orchestra.run.trial059.stdout:/usr/bin/ceph: stderr
2026-02-19T23:36:26.916+0000 7fe4e46f0640 1 -- 10.20.193.59:0/2751564822 wait complete.
2026-02-19T23:36:26.948 INFO:teuthology.orchestra.run.trial059.stdout:Deploying unmanaged mgr service...
2026-02-19T23:36:27.159 INFO:teuthology.orchestra.run.trial059.stdout:/usr/bin/ceph: stdout Scheduled mgr update...
2026-02-19T23:36:27.159 INFO:teuthology.orchestra.run.trial059.stdout:/usr/bin/ceph: stderr
2026-02-19T23:36:27.029+0000 7f756a2e6640 1 Processor -- start
2026-02-19T23:36:27.160 INFO:teuthology.orchestra.run.trial059.stdout:/usr/bin/ceph: stderr
2026-02-19T23:36:27.029+0000 7f756a2e6640 1 -- start start
2026-02-19T23:36:27.160 INFO:teuthology.orchestra.run.trial059.stdout:/usr/bin/ceph: stderr
2026-02-19T23:36:27.029+0000 7f756a2e6640 1 --2- >> [v2:10.20.193.59:3300/0,v1:10.20.193.59:6789/0] conn(0x7f756410aa80 0x7f756410ae80 unknown :-1 s=NONE pgs=0 cs=0 l=0 rev1=0 crypto rx=0 tx=0 comp rx=0 tx=0).connect
2026-02-19T23:36:27.160 INFO:teuthology.orchestra.run.trial059.stdout:/usr/bin/ceph: stderr
2026-02-19T23:36:27.029+0000 7f756a2e6640 1 -- --> [v2:10.20.193.59:3300/0,v1:10.20.193.59:6789/0] -- mon_getmap magic: 0 -- 0x7f756410b450 con 0x7f756410aa80
2026-02-19T23:36:27.160 INFO:teuthology.orchestra.run.trial059.stdout:/usr/bin/ceph: stderr
2026-02-19T23:36:27.029+0000 7f7563fff640 1 --2- >> [v2:10.20.193.59:3300/0,v1:10.20.193.59:6789/0] conn(0x7f756410aa80 0x7f756410ae80 unknown :-1 s=BANNER_CONNECTING pgs=0 cs=0 l=0 rev1=0 crypto rx=0 tx=0 comp rx=0 tx=0)._handle_peer_banner_payload supported=3 required=0
2026-02-19T23:36:27.160 INFO:teuthology.orchestra.run.trial059.stdout:/usr/bin/ceph: stderr
2026-02-19T23:36:27.029+0000 7f7563fff640 1 --2- >> [v2:10.20.193.59:3300/0,v1:10.20.193.59:6789/0] conn(0x7f756410aa80 0x7f756410ae80 unknown :-1 s=HELLO_CONNECTING pgs=0 cs=0 l=0 rev1=1 crypto rx=0 tx=0 comp rx=0 tx=0).handle_hello peer v2:10.20.193.59:3300/0 says I am v2:10.20.193.59:53056/0 (socket says 10.20.193.59:53056)
2026-02-19T23:36:27.160 INFO:teuthology.orchestra.run.trial059.stdout:/usr/bin/ceph: stderr
2026-02-19T23:36:27.029+0000 7f7563fff640 1 -- 10.20.193.59:0/907275812 learned_addr learned my addr 10.20.193.59:0/907275812 (peer_addr_for_me v2:10.20.193.59:0/0)
2026-02-19T23:36:27.160 INFO:teuthology.orchestra.run.trial059.stdout:/usr/bin/ceph: stderr
2026-02-19T23:36:27.030+0000 7f7563fff640 1 -- 10.20.193.59:0/907275812 --> [v2:10.20.193.59:3300/0,v1:10.20.193.59:6789/0] -- mon_subscribe({config=0+,monmap=0+}) -- 0x7f756410b6f0 con 0x7f756410aa80
2026-02-19T23:36:27.160 INFO:teuthology.orchestra.run.trial059.stdout:/usr/bin/ceph: stderr
2026-02-19T23:36:27.030+0000 7f7563fff640 1 --2- 10.20.193.59:0/907275812 >> [v2:10.20.193.59:3300/0,v1:10.20.193.59:6789/0] conn(0x7f756410aa80 0x7f756410ae80 secure :-1 s=READY pgs=47 cs=0 l=1 rev1=1 crypto rx=0x7f7550009920 tx=0x7f755002ef20 comp rx=0 tx=0).ready entity=mon.0 client_cookie=36d9476b0a5b217d server_cookie=0 in_seq=0 out_seq=0
2026-02-19T23:36:27.160 INFO:teuthology.orchestra.run.trial059.stdout:/usr/bin/ceph: stderr
2026-02-19T23:36:27.030+0000 7f7562ffd640 1 -- 10.20.193.59:0/907275812 <== mon.0 v2:10.20.193.59:3300/0 1 ==== mon_map magic: 0 ==== 205+0+0 (secure 0 0 0) 0x7f755003c070 con 0x7f756410aa80
2026-02-19T23:36:27.160 INFO:teuthology.orchestra.run.trial059.stdout:/usr/bin/ceph: stderr
2026-02-19T23:36:27.030+0000 7f7562ffd640 1 -- 10.20.193.59:0/907275812 <== mon.0 v2:10.20.193.59:3300/0 2 ==== config(26 keys) ==== 1045+0+0 (secure 0 0 0) 0x7f7550037440 con 0x7f756410aa80
2026-02-19T23:36:27.161 INFO:teuthology.orchestra.run.trial059.stdout:/usr/bin/ceph: stderr
2026-02-19T23:36:27.030+0000 7f7562ffd640 1 -- 10.20.193.59:0/907275812 <== mon.0 v2:10.20.193.59:3300/0 3 ==== mon_map magic: 0 ==== 205+0+0 (secure 0 0 0) 0x7f75500354b0 con 0x7f756410aa80
2026-02-19T23:36:27.161 INFO:teuthology.orchestra.run.trial059.stdout:/usr/bin/ceph: stderr
2026-02-19T23:36:27.030+0000 7f756a2e6640 1 -- 10.20.193.59:0/907275812 >> [v2:10.20.193.59:3300/0,v1:10.20.193.59:6789/0] conn(0x7f756410aa80 msgr2=0x7f756410ae80 secure :-1 s=STATE_CONNECTION_ESTABLISHED l=1).mark_down
2026-02-19T23:36:27.161 INFO:teuthology.orchestra.run.trial059.stdout:/usr/bin/ceph: stderr
2026-02-19T23:36:27.030+0000 7f756a2e6640 1 --2- 10.20.193.59:0/907275812 >> [v2:10.20.193.59:3300/0,v1:10.20.193.59:6789/0] conn(0x7f756410aa80 0x7f756410ae80 secure :-1 s=READY pgs=47 cs=0 l=1 rev1=1 crypto rx=0x7f7550009920 tx=0x7f755002ef20 comp rx=0 tx=0).stop
2026-02-19T23:36:27.161 INFO:teuthology.orchestra.run.trial059.stdout:/usr/bin/ceph: stderr
2026-02-19T23:36:27.030+0000 7f756a2e6640 1 -- 10.20.193.59:0/907275812 shutdown_connections
2026-02-19T23:36:27.161 INFO:teuthology.orchestra.run.trial059.stdout:/usr/bin/ceph: stderr
2026-02-19T23:36:27.030+0000 7f756a2e6640 1 --2- 10.20.193.59:0/907275812 >> [v2:10.20.193.59:3300/0,v1:10.20.193.59:6789/0] conn(0x7f756410aa80 0x7f756410ae80 unknown :-1 s=CLOSED pgs=47 cs=0 l=1 rev1=1 crypto rx=0 tx=0 comp rx=0 tx=0).stop
2026-02-19T23:36:27.161 INFO:teuthology.orchestra.run.trial059.stdout:/usr/bin/ceph: stderr
2026-02-19T23:36:27.030+0000 7f756a2e6640 1 -- 10.20.193.59:0/907275812 >> 10.20.193.59:0/907275812 conn(0x7f756407dad0 msgr2=0x7f756407dee0 unknown :-1 s=STATE_NONE l=0).mark_down
2026-02-19T23:36:27.161 INFO:teuthology.orchestra.run.trial059.stdout:/usr/bin/ceph: stderr
2026-02-19T23:36:27.031+0000 7f756a2e6640 1 -- 10.20.193.59:0/907275812 shutdown_connections
2026-02-19T23:36:27.161 INFO:teuthology.orchestra.run.trial059.stdout:/usr/bin/ceph: stderr
2026-02-19T23:36:27.031+0000 7f756a2e6640 1 -- 10.20.193.59:0/907275812 wait complete.
2026-02-19T23:36:27.161 INFO:teuthology.orchestra.run.trial059.stdout:/usr/bin/ceph: stderr
2026-02-19T23:36:27.031+0000 7f756a2e6640 1 Processor -- start
2026-02-19T23:36:27.161 INFO:teuthology.orchestra.run.trial059.stdout:/usr/bin/ceph: stderr
2026-02-19T23:36:27.031+0000 7f756a2e6640 1 -- start start
2026-02-19T23:36:27.161 INFO:teuthology.orchestra.run.trial059.stdout:/usr/bin/ceph: stderr
2026-02-19T23:36:27.031+0000 7f756a2e6640 1 --2- >> [v2:10.20.193.59:3300/0,v1:10.20.193.59:6789/0] conn(0x7f756410aa80 0x7f75641a03b0 unknown :-1 s=NONE pgs=0 cs=0 l=1 rev1=0 crypto rx=0 tx=0 comp rx=0 tx=0).connect
2026-02-19T23:36:27.161 INFO:teuthology.orchestra.run.trial059.stdout:/usr/bin/ceph: stderr
2026-02-19T23:36:27.031+0000 7f756a2e6640 1 -- --> [v2:10.20.193.59:3300/0,v1:10.20.193.59:6789/0] -- mon_getmap magic: 0 -- 0x7f756410e920 con 0x7f756410aa80
2026-02-19T23:36:27.162 INFO:teuthology.orchestra.run.trial059.stdout:/usr/bin/ceph: stderr
2026-02-19T23:36:27.031+0000 7f7563fff640 1 --2- >> [v2:10.20.193.59:3300/0,v1:10.20.193.59:6789/0] conn(0x7f756410aa80 0x7f75641a03b0 unknown :-1 s=BANNER_CONNECTING pgs=0 cs=0 l=1 rev1=0 crypto rx=0 tx=0 comp rx=0 tx=0)._handle_peer_banner_payload supported=3 required=0
2026-02-19T23:36:27.162 INFO:teuthology.orchestra.run.trial059.stdout:/usr/bin/ceph: stderr
2026-02-19T23:36:27.031+0000 7f7563fff640 1 --2- >> [v2:10.20.193.59:3300/0,v1:10.20.193.59:6789/0] conn(0x7f756410aa80 0x7f75641a03b0 unknown :-1 s=HELLO_CONNECTING pgs=0 cs=0 l=1 rev1=1 crypto rx=0 tx=0 comp rx=0 tx=0).handle_hello peer v2:10.20.193.59:3300/0 says I am v2:10.20.193.59:53062/0 (socket says 10.20.193.59:53062)
2026-02-19T23:36:27.162 INFO:teuthology.orchestra.run.trial059.stdout:/usr/bin/ceph: stderr
2026-02-19T23:36:27.031+0000 7f7563fff640 1 -- 10.20.193.59:0/3725475570 learned_addr learned my addr 10.20.193.59:0/3725475570 (peer_addr_for_me v2:10.20.193.59:0/0)
2026-02-19T23:36:27.162 INFO:teuthology.orchestra.run.trial059.stdout:/usr/bin/ceph: stderr
2026-02-19T23:36:27.031+0000 7f7563fff640 1 -- 10.20.193.59:0/3725475570 --> [v2:10.20.193.59:3300/0,v1:10.20.193.59:6789/0] -- mon_subscribe({config=0+,monmap=0+}) -- 0x7f75641a08f0 con 0x7f756410aa80
2026-02-19T23:36:27.162 INFO:teuthology.orchestra.run.trial059.stdout:/usr/bin/ceph: stderr
2026-02-19T23:36:27.031+0000 7f7563fff640 1 --2- 10.20.193.59:0/3725475570 >> [v2:10.20.193.59:3300/0,v1:10.20.193.59:6789/0] conn(0x7f756410aa80 0x7f75641a03b0 secure :-1 s=READY pgs=48 cs=0 l=1 rev1=1 crypto rx=0x7f7550037cd0 tx=0x7f7550037b90 comp rx=0 tx=0).ready entity=mon.0 client_cookie=0 server_cookie=0 in_seq=0 out_seq=0
2026-02-19T23:36:27.162 INFO:teuthology.orchestra.run.trial059.stdout:/usr/bin/ceph: stderr
2026-02-19T23:36:27.031+0000 7f75617fa640 1 -- 10.20.193.59:0/3725475570 <== mon.0 v2:10.20.193.59:3300/0 1 ==== mon_map magic: 0 ==== 205+0+0 (secure 0 0 0) 0x7f7550045070 con 0x7f756410aa80
2026-02-19T23:36:27.162 INFO:teuthology.orchestra.run.trial059.stdout:/usr/bin/ceph: stderr
2026-02-19T23:36:27.032+0000 7f75617fa640 1 -- 10.20.193.59:0/3725475570 <== mon.0 v2:10.20.193.59:3300/0 2 ==== config(26 keys) ==== 1045+0+0 (secure 0 0 0) 0x7f7550040450 con 0x7f756410aa80
2026-02-19T23:36:27.162 INFO:teuthology.orchestra.run.trial059.stdout:/usr/bin/ceph: stderr
2026-02-19T23:36:27.032+0000 7f756a2e6640 1 -- 10.20.193.59:0/3725475570 --> [v2:10.20.193.59:3300/0,v1:10.20.193.59:6789/0] -- mon_subscribe({mgrmap=0+}) -- 0x7f75641a0b80 con 0x7f756410aa80
2026-02-19T23:36:27.162 INFO:teuthology.orchestra.run.trial059.stdout:/usr/bin/ceph: stderr
2026-02-19T23:36:27.032+0000 7f75617fa640 1 -- 10.20.193.59:0/3725475570 <== mon.0 v2:10.20.193.59:3300/0 3 ==== mon_map magic: 0 ==== 205+0+0 (secure 0 0 0) 0x7f755003c070 con 0x7f756410aa80
2026-02-19T23:36:27.162 INFO:teuthology.orchestra.run.trial059.stdout:/usr/bin/ceph: stderr
2026-02-19T23:36:27.032+0000 7f756a2e6640 1 -- 10.20.193.59:0/3725475570 --> [v2:10.20.193.59:3300/0,v1:10.20.193.59:6789/0] -- mon_subscribe({osdmap=0}) -- 0x7f75641a3870 con 0x7f756410aa80
2026-02-19T23:36:27.162 INFO:teuthology.orchestra.run.trial059.stdout:/usr/bin/ceph: stderr
2026-02-19T23:36:27.032+0000 7f756a2e6640 1 -- 10.20.193.59:0/3725475570 --> [v2:10.20.193.59:3300/0,v1:10.20.193.59:6789/0] -- mon_command({"prefix": "get_command_descriptions"} v 0) -- 0x7f756410af00 con 0x7f756410aa80
2026-02-19T23:36:27.162 INFO:teuthology.orchestra.run.trial059.stdout:/usr/bin/ceph: stderr
2026-02-19T23:36:27.032+0000 7f75617fa640 1 -- 10.20.193.59:0/3725475570 <== mon.0 v2:10.20.193.59:3300/0 4 ==== mgrmap(e 8) ==== 50247+0+0 (secure 0 0 0) 0x7f7550040920 con 0x7f756410aa80
2026-02-19T23:36:27.163 INFO:teuthology.orchestra.run.trial059.stdout:/usr/bin/ceph: stderr
2026-02-19T23:36:27.032+0000 7f75617fa640 1 --2- 10.20.193.59:0/3725475570 >> [v2:10.20.193.59:6800/3370206693,v1:10.20.193.59:6801/3370206693] conn(0x7f753803dba0 0x7f7538040060 unknown :-1 s=NONE pgs=0 cs=0 l=1 rev1=0 crypto rx=0 tx=0 comp rx=0 tx=0).connect
2026-02-19T23:36:27.163 INFO:teuthology.orchestra.run.trial059.stdout:/usr/bin/ceph: stderr
2026-02-19T23:36:27.032+0000 7f75617fa640 1 -- 10.20.193.59:0/3725475570 <== mon.0 v2:10.20.193.59:3300/0 5 ==== osd_map(2..2 src has 1..2) ==== 940+0+0 (secure 0 0 0) 0x7f7550076600 con 0x7f756410aa80
2026-02-19T23:36:27.163 INFO:teuthology.orchestra.run.trial059.stdout:/usr/bin/ceph: stderr
2026-02-19T23:36:27.032+0000 7f75637fe640 1 --2- 10.20.193.59:0/3725475570 >> [v2:10.20.193.59:6800/3370206693,v1:10.20.193.59:6801/3370206693] conn(0x7f753803dba0 0x7f7538040060 unknown :-1 s=BANNER_CONNECTING pgs=0 cs=0 l=1 rev1=0 crypto rx=0 tx=0 comp rx=0 tx=0)._handle_peer_banner_payload supported=3 required=0
2026-02-19T23:36:27.163 INFO:teuthology.orchestra.run.trial059.stdout:/usr/bin/ceph: stderr
2026-02-19T23:36:27.033+0000 7f75637fe640 1 --2- 10.20.193.59:0/3725475570 >> [v2:10.20.193.59:6800/3370206693,v1:10.20.193.59:6801/3370206693] conn(0x7f753803dba0 0x7f7538040060 secure :-1 s=READY pgs=13 cs=0 l=1 rev1=1 crypto rx=0x7f75540099c0 tx=0x7f7554006eb0 comp rx=0 tx=0).ready entity=mgr.14118 client_cookie=0 server_cookie=0 in_seq=0 out_seq=0
2026-02-19T23:36:27.163 INFO:teuthology.orchestra.run.trial059.stdout:/usr/bin/ceph: stderr
2026-02-19T23:36:27.035+0000 7f75617fa640 1 -- 10.20.193.59:0/3725475570 <== mon.0 v2:10.20.193.59:3300/0 6 ==== mon_command_ack([{"prefix": "get_command_descriptions"}]=0 v0) ==== 72+0+195034 (secure 0 0 0) 0x7f7550033200 con 0x7f756410aa80
2026-02-19T23:36:27.163 INFO:teuthology.orchestra.run.trial059.stdout:/usr/bin/ceph: stderr
2026-02-19T23:36:27.126+0000 7f756a2e6640 1 -- 10.20.193.59:0/3725475570 --> [v2:10.20.193.59:6800/3370206693,v1:10.20.193.59:6801/3370206693] -- mgr_command(tid 0: {"prefix": "orch apply", "service_type": "mgr", "unmanaged": true, "target": ["mon-mgr", ""]}) -- 0x7f7564108de0 con 0x7f753803dba0
2026-02-19T23:36:27.163 INFO:teuthology.orchestra.run.trial059.stdout:/usr/bin/ceph: stderr
2026-02-19T23:36:27.130+0000 7f75617fa640 1 -- 10.20.193.59:0/3725475570 <== mgr.14118 v2:10.20.193.59:6800/3370206693 1 ==== mgr_command_reply(tid 0: 0 ) ==== 8+0+24 (secure 0 0 0) 0x7f7564108de0 con 0x7f753803dba0
2026-02-19T23:36:27.163 INFO:teuthology.orchestra.run.trial059.stdout:/usr/bin/ceph: stderr
2026-02-19T23:36:27.131+0000 7f756a2e6640 1 -- 10.20.193.59:0/3725475570 >> [v2:10.20.193.59:6800/3370206693,v1:10.20.193.59:6801/3370206693] conn(0x7f753803dba0 msgr2=0x7f7538040060 secure :-1 s=STATE_CONNECTION_ESTABLISHED l=1).mark_down
2026-02-19T23:36:27.163 INFO:teuthology.orchestra.run.trial059.stdout:/usr/bin/ceph: stderr
2026-02-19T23:36:27.131+0000 7f756a2e6640 1 --2- 10.20.193.59:0/3725475570 >> [v2:10.20.193.59:6800/3370206693,v1:10.20.193.59:6801/3370206693] conn(0x7f753803dba0 0x7f7538040060 secure :-1 s=READY pgs=13 cs=0 l=1 rev1=1 crypto rx=0x7f75540099c0 tx=0x7f7554006eb0 comp rx=0 tx=0).stop
2026-02-19T23:36:27.163 INFO:teuthology.orchestra.run.trial059.stdout:/usr/bin/ceph: stderr
2026-02-19T23:36:27.131+0000 7f756a2e6640 1 -- 10.20.193.59:0/3725475570 >> [v2:10.20.193.59:3300/0,v1:10.20.193.59:6789/0] conn(0x7f756410aa80 msgr2=0x7f75641a03b0 secure :-1 s=STATE_CONNECTION_ESTABLISHED l=1).mark_down
2026-02-19T23:36:27.163 INFO:teuthology.orchestra.run.trial059.stdout:/usr/bin/ceph: stderr
2026-02-19T23:36:27.131+0000 7f756a2e6640 1 --2- 10.20.193.59:0/3725475570 >> [v2:10.20.193.59:3300/0,v1:10.20.193.59:6789/0] conn(0x7f756410aa80 0x7f75641a03b0 secure :-1 s=READY pgs=48 cs=0 l=1 rev1=1 crypto rx=0x7f7550037cd0 tx=0x7f7550037b90 comp rx=0 tx=0).stop
2026-02-19T23:36:27.164 INFO:teuthology.orchestra.run.trial059.stdout:/usr/bin/ceph: stderr
2026-02-19T23:36:27.132+0000 7f756a2e6640 1 -- 10.20.193.59:0/3725475570 shutdown_connections
2026-02-19T23:36:27.164 INFO:teuthology.orchestra.run.trial059.stdout:/usr/bin/ceph: stderr
2026-02-19T23:36:27.132+0000 7f756a2e6640 1 --2- 10.20.193.59:0/3725475570 >> [v2:10.20.193.59:6800/3370206693,v1:10.20.193.59:6801/3370206693] conn(0x7f753803dba0 0x7f7538040060 unknown :-1 s=CLOSED pgs=13 cs=0 l=1 rev1=1 crypto rx=0 tx=0 comp rx=0 tx=0).stop
2026-02-19T23:36:27.164 INFO:teuthology.orchestra.run.trial059.stdout:/usr/bin/ceph: stderr
2026-02-19T23:36:27.132+0000 7f756a2e6640 1 --2- 10.20.193.59:0/3725475570 >> [v2:10.20.193.59:3300/0,v1:10.20.193.59:6789/0] conn(0x7f756410aa80 0x7f75641a03b0 unknown :-1 s=CLOSED pgs=48 cs=0 l=1 rev1=1 crypto rx=0 tx=0 comp rx=0 tx=0).stop
2026-02-19T23:36:27.164 INFO:teuthology.orchestra.run.trial059.stdout:/usr/bin/ceph: stderr
2026-02-19T23:36:27.132+0000 7f756a2e6640 1 -- 10.20.193.59:0/3725475570 >> 10.20.193.59:0/3725475570 conn(0x7f756407dad0 msgr2=0x7f75641086d0 unknown :-1 s=STATE_NONE l=0).mark_down
2026-02-19T23:36:27.164 INFO:teuthology.orchestra.run.trial059.stdout:/usr/bin/ceph: stderr
2026-02-19T23:36:27.132+0000 7f756a2e6640 1 -- 10.20.193.59:0/3725475570 shutdown_connections
2026-02-19T23:36:27.164 INFO:teuthology.orchestra.run.trial059.stdout:/usr/bin/ceph: stderr
2026-02-19T23:36:27.132+0000 7f756a2e6640 1 -- 10.20.193.59:0/3725475570 wait complete.
2026-02-19T23:36:27.378 INFO:teuthology.orchestra.run.trial059.stdout:/usr/bin/ceph: stderr
2026-02-19T23:36:27.254+0000 7f7fa1081640 1 Processor -- start
2026-02-19T23:36:27.378 INFO:teuthology.orchestra.run.trial059.stdout:/usr/bin/ceph: stderr
2026-02-19T23:36:27.254+0000 7f7fa1081640 1 -- start start
2026-02-19T23:36:27.378 INFO:teuthology.orchestra.run.trial059.stdout:/usr/bin/ceph: stderr
2026-02-19T23:36:27.254+0000 7f7fa1081640 1 --2- >> [v2:10.20.193.59:3300/0,v1:10.20.193.59:6789/0] conn(0x7f7f9c10aa80 0x7f7f9c10ae80 unknown :-1 s=NONE pgs=0 cs=0 l=0 rev1=0 crypto rx=0 tx=0 comp rx=0 tx=0).connect
2026-02-19T23:36:27.378 INFO:teuthology.orchestra.run.trial059.stdout:/usr/bin/ceph: stderr
2026-02-19T23:36:27.254+0000 7f7fa1081640 1 -- --> [v2:10.20.193.59:3300/0,v1:10.20.193.59:6789/0] -- mon_getmap magic: 0 -- 0x7f7f9c10b450 con 0x7f7f9c10aa80
2026-02-19T23:36:27.378 INFO:teuthology.orchestra.run.trial059.stdout:/usr/bin/ceph: stderr
2026-02-19T23:36:27.254+0000 7f7f9ad76640 1 --2- >> [v2:10.20.193.59:3300/0,v1:10.20.193.59:6789/0] conn(0x7f7f9c10aa80 0x7f7f9c10ae80 unknown :-1 s=BANNER_CONNECTING pgs=0 cs=0 l=0 rev1=0 crypto rx=0 tx=0 comp rx=0 tx=0)._handle_peer_banner_payload supported=3 required=0
2026-02-19T23:36:27.379 INFO:teuthology.orchestra.run.trial059.stdout:/usr/bin/ceph: stderr
2026-02-19T23:36:27.254+0000 7f7f9ad76640 1 --2- >> [v2:10.20.193.59:3300/0,v1:10.20.193.59:6789/0] conn(0x7f7f9c10aa80 0x7f7f9c10ae80 unknown :-1 s=HELLO_CONNECTING pgs=0 cs=0 l=0 rev1=1 crypto rx=0 tx=0 comp rx=0 tx=0).handle_hello peer v2:10.20.193.59:3300/0 says I am v2:10.20.193.59:53078/0 (socket says 10.20.193.59:53078)
2026-02-19T23:36:27.379 INFO:teuthology.orchestra.run.trial059.stdout:/usr/bin/ceph: stderr
2026-02-19T23:36:27.254+0000 7f7f9ad76640 1 -- 10.20.193.59:0/3730043386 learned_addr learned my addr 10.20.193.59:0/3730043386 (peer_addr_for_me v2:10.20.193.59:0/0)
2026-02-19T23:36:27.379 INFO:teuthology.orchestra.run.trial059.stdout:/usr/bin/ceph: stderr
2026-02-19T23:36:27.254+0000 7f7f9ad76640 1 -- 10.20.193.59:0/3730043386 --> [v2:10.20.193.59:3300/0,v1:10.20.193.59:6789/0] -- mon_subscribe({config=0+,monmap=0+}) -- 0x7f7f9c10b6f0 con 0x7f7f9c10aa80
2026-02-19T23:36:27.379 INFO:teuthology.orchestra.run.trial059.stdout:/usr/bin/ceph: stderr
2026-02-19T23:36:27.255+0000 7f7f9ad76640 1 --2- 10.20.193.59:0/3730043386 >> [v2:10.20.193.59:3300/0,v1:10.20.193.59:6789/0] conn(0x7f7f9c10aa80 0x7f7f9c10ae80 secure :-1 s=READY pgs=49 cs=0 l=1 rev1=1 crypto rx=0x7f7f90009920 tx=0x7f7f9002ef20 comp rx=0 tx=0).ready entity=mon.0 client_cookie=cc29eaf6775d70aa server_cookie=0 in_seq=0 out_seq=0
2026-02-19T23:36:27.379 INFO:teuthology.orchestra.run.trial059.stdout:/usr/bin/ceph: stderr
2026-02-19T23:36:27.255+0000 7f7f99d74640 1 -- 10.20.193.59:0/3730043386 <== mon.0 v2:10.20.193.59:3300/0 1 ==== mon_map magic: 0 ==== 205+0+0 (secure 0 0 0) 0x7f7f9003c070 con 0x7f7f9c10aa80
2026-02-19T23:36:27.379 INFO:teuthology.orchestra.run.trial059.stdout:/usr/bin/ceph: stderr
2026-02-19T23:36:27.255+0000 7f7f99d74640 1 -- 10.20.193.59:0/3730043386 <== mon.0 v2:10.20.193.59:3300/0 2 ==== config(26 keys) ==== 1076+0+0 (secure 0 0 0) 0x7f7f90037440 con 0x7f7f9c10aa80
2026-02-19T23:36:27.379 INFO:teuthology.orchestra.run.trial059.stdout:/usr/bin/ceph: stderr
2026-02-19T23:36:27.255+0000 7f7f99d74640 1 -- 10.20.193.59:0/3730043386 <== mon.0 v2:10.20.193.59:3300/0 3 ==== mon_map magic: 0 ==== 205+0+0 (secure 0 0 0) 0x7f7f900354d0 con 0x7f7f9c10aa80
2026-02-19T23:36:27.380 INFO:teuthology.orchestra.run.trial059.stdout:/usr/bin/ceph: stderr
2026-02-19T23:36:27.255+0000 7f7fa1081640 1 -- 10.20.193.59:0/3730043386 >> [v2:10.20.193.59:3300/0,v1:10.20.193.59:6789/0] conn(0x7f7f9c10aa80 msgr2=0x7f7f9c10ae80 secure :-1 s=STATE_CONNECTION_ESTABLISHED l=1).mark_down
2026-02-19T23:36:27.380 INFO:teuthology.orchestra.run.trial059.stdout:/usr/bin/ceph: stderr
2026-02-19T23:36:27.255+0000 7f7fa1081640 1 --2- 10.20.193.59:0/3730043386 >> [v2:10.20.193.59:3300/0,v1:10.20.193.59:6789/0] conn(0x7f7f9c10aa80 0x7f7f9c10ae80 secure :-1 s=READY pgs=49 cs=0 l=1 rev1=1 crypto rx=0x7f7f90009920 tx=0x7f7f9002ef20 comp rx=0 tx=0).stop
2026-02-19T23:36:27.380 INFO:teuthology.orchestra.run.trial059.stdout:/usr/bin/ceph: stderr
2026-02-19T23:36:27.255+0000 7f7fa1081640 1 -- 10.20.193.59:0/3730043386 shutdown_connections
2026-02-19T23:36:27.380 INFO:teuthology.orchestra.run.trial059.stdout:/usr/bin/ceph: stderr
2026-02-19T23:36:27.255+0000 7f7fa1081640 1 --2- 10.20.193.59:0/3730043386 >> [v2:10.20.193.59:3300/0,v1:10.20.193.59:6789/0] conn(0x7f7f9c10aa80 0x7f7f9c10ae80 unknown :-1 s=CLOSED pgs=49 cs=0 l=1 rev1=1 crypto rx=0 tx=0 comp rx=0 tx=0).stop
2026-02-19T23:36:27.380 INFO:teuthology.orchestra.run.trial059.stdout:/usr/bin/ceph: stderr
2026-02-19T23:36:27.255+0000 7f7fa1081640 1 -- 10.20.193.59:0/3730043386 >> 10.20.193.59:0/3730043386 conn(0x7f7f9c07dad0 msgr2=0x7f7f9c07dee0 unknown :-1 s=STATE_NONE l=0).mark_down
2026-02-19T23:36:27.380 INFO:teuthology.orchestra.run.trial059.stdout:/usr/bin/ceph: stderr
2026-02-19T23:36:27.255+0000 7f7fa1081640 1 -- 10.20.193.59:0/3730043386 shutdown_connections
2026-02-19T23:36:27.380 INFO:teuthology.orchestra.run.trial059.stdout:/usr/bin/ceph: stderr
2026-02-19T23:36:27.255+0000 7f7fa1081640 1 -- 10.20.193.59:0/3730043386 wait complete.
2026-02-19T23:36:27.380 INFO:teuthology.orchestra.run.trial059.stdout:/usr/bin/ceph: stderr
2026-02-19T23:36:27.256+0000 7f7fa1081640 1 Processor -- start
2026-02-19T23:36:27.381 INFO:teuthology.orchestra.run.trial059.stdout:/usr/bin/ceph: stderr
2026-02-19T23:36:27.256+0000 7f7fa1081640 1 -- start start
2026-02-19T23:36:27.381 INFO:teuthology.orchestra.run.trial059.stdout:/usr/bin/ceph: stderr
2026-02-19T23:36:27.256+0000 7f7fa1081640 1 --2- >> [v2:10.20.193.59:3300/0,v1:10.20.193.59:6789/0] conn(0x7f7f9c10aa80 0x7f7f9c1a0380 unknown :-1 s=NONE pgs=0 cs=0 l=1 rev1=0 crypto rx=0 tx=0 comp rx=0 tx=0).connect
2026-02-19T23:36:27.381 INFO:teuthology.orchestra.run.trial059.stdout:/usr/bin/ceph: stderr
2026-02-19T23:36:27.256+0000 7f7fa1081640 1 -- --> [v2:10.20.193.59:3300/0,v1:10.20.193.59:6789/0] -- mon_getmap magic: 0 -- 0x7f7f9c10e920 con 0x7f7f9c10aa80
2026-02-19T23:36:27.381 INFO:teuthology.orchestra.run.trial059.stdout:/usr/bin/ceph: stderr
2026-02-19T23:36:27.256+0000 7f7f9ad76640 1 --2- >> [v2:10.20.193.59:3300/0,v1:10.20.193.59:6789/0] conn(0x7f7f9c10aa80 0x7f7f9c1a0380 unknown :-1 s=BANNER_CONNECTING pgs=0 cs=0 l=1 rev1=0 crypto rx=0 tx=0 comp rx=0 tx=0)._handle_peer_banner_payload supported=3 required=0
2026-02-19T23:36:27.381 INFO:teuthology.orchestra.run.trial059.stdout:/usr/bin/ceph: stderr
2026-02-19T23:36:27.256+0000 7f7f9ad76640 1 --2- >> [v2:10.20.193.59:3300/0,v1:10.20.193.59:6789/0] conn(0x7f7f9c10aa80 0x7f7f9c1a0380 unknown :-1 s=HELLO_CONNECTING pgs=0 cs=0 l=1 rev1=1 crypto rx=0 tx=0 comp rx=0 tx=0).handle_hello peer v2:10.20.193.59:3300/0 says I am v2:10.20.193.59:53088/0 (socket says 10.20.193.59:53088)
2026-02-19T23:36:27.381 INFO:teuthology.orchestra.run.trial059.stdout:/usr/bin/ceph: stderr
2026-02-19T23:36:27.256+0000 7f7f9ad76640 1 -- 10.20.193.59:0/2557106365 learned_addr learned my addr 10.20.193.59:0/2557106365 (peer_addr_for_me v2:10.20.193.59:0/0)
2026-02-19T23:36:27.381 INFO:teuthology.orchestra.run.trial059.stdout:/usr/bin/ceph: stderr
2026-02-19T23:36:27.256+0000 7f7f9ad76640 1 -- 10.20.193.59:0/2557106365 --> [v2:10.20.193.59:3300/0,v1:10.20.193.59:6789/0] -- mon_subscribe({config=0+,monmap=0+}) -- 0x7f7f9c1a08c0 con 0x7f7f9c10aa80
2026-02-19T23:36:27.382 INFO:teuthology.orchestra.run.trial059.stdout:/usr/bin/ceph: stderr
2026-02-19T23:36:27.256+0000 7f7f9ad76640 1 --2- 10.20.193.59:0/2557106365 >> [v2:10.20.193.59:3300/0,v1:10.20.193.59:6789/0] conn(0x7f7f9c10aa80 0x7f7f9c1a0380 secure :-1 s=READY pgs=50 cs=0 l=1 rev1=1 crypto rx=0x7f7f90009a50 tx=0x7f7f90037820 comp rx=0 tx=0).ready entity=mon.0 client_cookie=0 server_cookie=0 in_seq=0 out_seq=0
2026-02-19T23:36:27.382 INFO:teuthology.orchestra.run.trial059.stdout:/usr/bin/ceph: stderr
2026-02-19T23:36:27.256+0000 7f7f7bfff640 1 -- 10.20.193.59:0/2557106365 <== mon.0 v2:10.20.193.59:3300/0 1 ==== mon_map magic: 0 ==== 205+0+0 (secure 0 0 0) 0x7f7f90047070 con 0x7f7f9c10aa80
2026-02-19T23:36:27.382 INFO:teuthology.orchestra.run.trial059.stdout:/usr/bin/ceph: stderr
2026-02-19T23:36:27.256+0000 7f7f7bfff640 1 -- 10.20.193.59:0/2557106365 <== mon.0 v2:10.20.193.59:3300/0 2 ==== config(26 keys) ==== 1076+0+0 (secure 0 0 0) 0x7f7f90035da0 con 0x7f7f9c10aa80
2026-02-19T23:36:27.382 INFO:teuthology.orchestra.run.trial059.stdout:/usr/bin/ceph: stderr
2026-02-19T23:36:27.256+0000 7f7fa1081640 1 -- 10.20.193.59:0/2557106365 --> [v2:10.20.193.59:3300/0,v1:10.20.193.59:6789/0] -- mon_subscribe({mgrmap=0+}) -- 0x7f7f9c1a0b50 con 0x7f7f9c10aa80
2026-02-19T23:36:27.382 INFO:teuthology.orchestra.run.trial059.stdout:/usr/bin/ceph: stderr
2026-02-19T23:36:27.256+0000 7f7f7bfff640 1 -- 10.20.193.59:0/2557106365 <== mon.0 v2:10.20.193.59:3300/0 3 ==== mon_map magic: 0 ==== 205+0+0 (secure 0 0 0) 0x7f7f9003c070 con 0x7f7f9c10aa80
2026-02-19T23:36:27.382 INFO:teuthology.orchestra.run.trial059.stdout:/usr/bin/ceph: stderr
2026-02-19T23:36:27.256+0000 7f7fa1081640 1 -- 10.20.193.59:0/2557106365 --> [v2:10.20.193.59:3300/0,v1:10.20.193.59:6789/0] -- mon_subscribe({osdmap=0}) -- 0x7f7f9c1a3840 con 0x7f7f9c10aa80
2026-02-19T23:36:27.382 INFO:teuthology.orchestra.run.trial059.stdout:/usr/bin/ceph: stderr
2026-02-19T23:36:27.257+0000 7f7fa1081640 1 -- 10.20.193.59:0/2557106365 --> [v2:10.20.193.59:3300/0,v1:10.20.193.59:6789/0] -- mon_command({"prefix": "get_command_descriptions"} v 0) -- 0x7f7f9c10af00 con 0x7f7f9c10aa80
2026-02-19T23:36:27.382 INFO:teuthology.orchestra.run.trial059.stdout:/usr/bin/ceph: stderr
2026-02-19T23:36:27.257+0000 7f7f7bfff640 1 -- 10.20.193.59:0/2557106365 <== mon.0 v2:10.20.193.59:3300/0 4 ==== mgrmap(e 8) ==== 50247+0+0 (secure 0 0 0) 0x7f7f9004c440 con 0x7f7f9c10aa80
2026-02-19T23:36:27.382 INFO:teuthology.orchestra.run.trial059.stdout:/usr/bin/ceph: stderr
2026-02-19T23:36:27.257+0000 7f7f7bfff640 1 --2- 10.20.193.59:0/2557106365 >> [v2:10.20.193.59:6800/3370206693,v1:10.20.193.59:6801/3370206693] conn(0x7f7f7003dbf0 0x7f7f700400b0 unknown :-1 s=NONE pgs=0 cs=0 l=1 rev1=0 crypto rx=0 tx=0 comp rx=0 tx=0).connect
2026-02-19T23:36:27.382 INFO:teuthology.orchestra.run.trial059.stdout:/usr/bin/ceph: stderr
2026-02-19T23:36:27.257+0000 7f7f7bfff640 1 -- 10.20.193.59:0/2557106365 <== mon.0 v2:10.20.193.59:3300/0 5 ==== osd_map(2..2 src has 1..2) ==== 940+0+0 (secure 0 0 0) 0x7f7f90076d20 con 0x7f7f9c10aa80
2026-02-19T23:36:27.382 INFO:teuthology.orchestra.run.trial059.stdout:/usr/bin/ceph: stderr
2026-02-19T23:36:27.257+0000 7f7f9a575640 1 --2- 10.20.193.59:0/2557106365 >> [v2:10.20.193.59:6800/3370206693,v1:10.20.193.59:6801/3370206693] conn(0x7f7f7003dbf0 0x7f7f700400b0 unknown :-1 s=BANNER_CONNECTING pgs=0 cs=0 l=1 rev1=0 crypto rx=0 tx=0 comp rx=0 tx=0)._handle_peer_banner_payload supported=3 required=0
2026-02-19T23:36:27.383 INFO:teuthology.orchestra.run.trial059.stdout:/usr/bin/ceph: stderr
2026-02-19T23:36:27.258+0000 7f7f9a575640 1 --2- 10.20.193.59:0/2557106365 >> [v2:10.20.193.59:6800/3370206693,v1:10.20.193.59:6801/3370206693] conn(0x7f7f7003dbf0 0x7f7f700400b0 secure :-1 s=READY pgs=14 cs=0 l=1 rev1=1 crypto rx=0x7f7f840099c0 tx=0x7f7f84006eb0 comp rx=0 tx=0).ready entity=mgr.14118 client_cookie=0 server_cookie=0 in_seq=0 out_seq=0
2026-02-19T23:36:27.383 INFO:teuthology.orchestra.run.trial059.stdout:/usr/bin/ceph: stderr
2026-02-19T23:36:27.260+0000 7f7f7bfff640 1 -- 10.20.193.59:0/2557106365 <== mon.0 v2:10.20.193.59:3300/0 6 ==== mon_command_ack([{"prefix": "get_command_descriptions"}]=0 v0) ==== 72+0+195034 (secure 0 0 0) 0x7f7f9003c210 con 0x7f7f9c10aa80
2026-02-19T23:36:27.383 INFO:teuthology.orchestra.run.trial059.stdout:/usr/bin/ceph: stderr
2026-02-19T23:36:27.345+0000 7f7fa1081640 1 -- 10.20.193.59:0/2557106365 --> [v2:10.20.193.59:3300/0,v1:10.20.193.59:6789/0] -- mon_command([{prefix=config set, name=mgr/cephadm/container_init}] v 0) -- 0x7f7f9c1a3ee0 con 0x7f7f9c10aa80
2026-02-19T23:36:27.383 INFO:teuthology.orchestra.run.trial059.stdout:/usr/bin/ceph: stderr
2026-02-19T23:36:27.347+0000 7f7f7bfff640 1 -- 10.20.193.59:0/2557106365 <== mon.0 v2:10.20.193.59:3300/0 7 ==== mon_command_ack([{prefix=config set, name=mgr/cephadm/container_init}]=0 v7)=0 v7) ==== 142+0+0 (secure 0 0 0) 0x7f7f90040c60 con 0x7f7f9c10aa80
2026-02-19T23:36:27.383 INFO:teuthology.orchestra.run.trial059.stdout:/usr/bin/ceph: stderr
2026-02-19T23:36:27.349+0000 7f7fa1081640 1 -- 10.20.193.59:0/2557106365 >> [v2:10.20.193.59:6800/3370206693,v1:10.20.193.59:6801/3370206693] conn(0x7f7f7003dbf0 msgr2=0x7f7f700400b0 secure :-1 s=STATE_CONNECTION_ESTABLISHED l=1).mark_down
2026-02-19T23:36:27.383 INFO:teuthology.orchestra.run.trial059.stdout:/usr/bin/ceph: stderr
2026-02-19T23:36:27.349+0000 7f7fa1081640 1 --2- 10.20.193.59:0/2557106365 >> [v2:10.20.193.59:6800/3370206693,v1:10.20.193.59:6801/3370206693] conn(0x7f7f7003dbf0 0x7f7f700400b0 secure :-1 s=READY pgs=14 cs=0 l=1 rev1=1 crypto rx=0x7f7f840099c0 tx=0x7f7f84006eb0 comp rx=0 tx=0).stop
2026-02-19T23:36:27.383 INFO:teuthology.orchestra.run.trial059.stdout:/usr/bin/ceph: stderr
2026-02-19T23:36:27.349+0000 7f7fa1081640 1 -- 10.20.193.59:0/2557106365 >> [v2:10.20.193.59:3300/0,v1:10.20.193.59:6789/0] conn(0x7f7f9c10aa80 msgr2=0x7f7f9c1a0380 secure :-1 s=STATE_CONNECTION_ESTABLISHED l=1).mark_down
2026-02-19T23:36:27.383 INFO:teuthology.orchestra.run.trial059.stdout:/usr/bin/ceph: stderr
2026-02-19T23:36:27.349+0000 7f7fa1081640 1 --2- 10.20.193.59:0/2557106365 >> [v2:10.20.193.59:3300/0,v1:10.20.193.59:6789/0] conn(0x7f7f9c10aa80 0x7f7f9c1a0380 secure :-1 s=READY pgs=50 cs=0 l=1 rev1=1 crypto rx=0x7f7f90009a50 tx=0x7f7f90037820 comp rx=0 tx=0).stop
2026-02-19T23:36:27.383 INFO:teuthology.orchestra.run.trial059.stdout:/usr/bin/ceph: stderr
2026-02-19T23:36:27.349+0000 7f7fa1081640 1 -- 10.20.193.59:0/2557106365 shutdown_connections
2026-02-19T23:36:27.383 INFO:teuthology.orchestra.run.trial059.stdout:/usr/bin/ceph: stderr
2026-02-19T23:36:27.349+0000 7f7fa1081640 1 --2- 10.20.193.59:0/2557106365 >> [v2:10.20.193.59:6800/3370206693,v1:10.20.193.59:6801/3370206693] conn(0x7f7f7003dbf0 0x7f7f700400b0 unknown :-1 s=CLOSED pgs=14 cs=0 l=1 rev1=1 crypto rx=0 tx=0 comp rx=0 tx=0).stop
2026-02-19T23:36:27.383 INFO:teuthology.orchestra.run.trial059.stdout:/usr/bin/ceph: stderr
2026-02-19T23:36:27.349+0000 7f7fa1081640 1 --2- 10.20.193.59:0/2557106365 >> [v2:10.20.193.59:3300/0,v1:10.20.193.59:6789/0] conn(0x7f7f9c10aa80 0x7f7f9c1a0380 unknown :-1 s=CLOSED pgs=50 cs=0 l=1 rev1=1 crypto rx=0 tx=0 comp rx=0 tx=0).stop
2026-02-19T23:36:27.383 INFO:teuthology.orchestra.run.trial059.stdout:/usr/bin/ceph: stderr
2026-02-19T23:36:27.349+0000 7f7fa1081640 1 -- 10.20.193.59:0/2557106365 >> 10.20.193.59:0/2557106365 conn(0x7f7f9c07dad0 msgr2=0x7f7f9c108620 unknown :-1 s=STATE_NONE l=0).mark_down
2026-02-19T23:36:27.384 INFO:teuthology.orchestra.run.trial059.stdout:/usr/bin/ceph: stderr
2026-02-19T23:36:27.349+0000 7f7fa1081640 1 -- 10.20.193.59:0/2557106365 shutdown_connections
2026-02-19T23:36:27.384 INFO:teuthology.orchestra.run.trial059.stdout:/usr/bin/ceph: stderr
2026-02-19T23:36:27.349+0000 7f7fa1081640 1 -- 10.20.193.59:0/2557106365 wait complete.
2026-02-19T23:36:27.600 INFO:teuthology.orchestra.run.trial059.stdout:/usr/bin/ceph: stderr
2026-02-19T23:36:27.476+0000 7fa253c09640 1 Processor -- start
2026-02-19T23:36:27.601 INFO:teuthology.orchestra.run.trial059.stdout:/usr/bin/ceph: stderr
2026-02-19T23:36:27.476+0000 7fa253c09640 1 -- start start
2026-02-19T23:36:27.601 INFO:teuthology.orchestra.run.trial059.stdout:/usr/bin/ceph: stderr
2026-02-19T23:36:27.476+0000 7fa253c09640 1 --2- >> [v2:10.20.193.59:3300/0,v1:10.20.193.59:6789/0] conn(0x7fa24c10a9d0 0x7fa24c10add0 unknown :-1 s=NONE pgs=0 cs=0 l=0 rev1=0 crypto rx=0 tx=0 comp rx=0 tx=0).connect
2026-02-19T23:36:27.601 INFO:teuthology.orchestra.run.trial059.stdout:/usr/bin/ceph: stderr
2026-02-19T23:36:27.476+0000 7fa253c09640 1 -- --> [v2:10.20.193.59:3300/0,v1:10.20.193.59:6789/0] -- mon_getmap magic: 0 -- 0x7fa24c10b3a0 con 0x7fa24c10a9d0
2026-02-19T23:36:27.601 INFO:teuthology.orchestra.run.trial059.stdout:/usr/bin/ceph: stderr
2026-02-19T23:36:27.477+0000 7fa25197e640 1 --2- >> [v2:10.20.193.59:3300/0,v1:10.20.193.59:6789/0] conn(0x7fa24c10a9d0 0x7fa24c10add0 unknown :-1 s=BANNER_CONNECTING pgs=0 cs=0 l=0 rev1=0 crypto rx=0 tx=0 comp rx=0 tx=0)._handle_peer_banner_payload supported=3 required=0
2026-02-19T23:36:27.601 INFO:teuthology.orchestra.run.trial059.stdout:/usr/bin/ceph: stderr
2026-02-19T23:36:27.477+0000 7fa25197e640 1 --2- >> [v2:10.20.193.59:3300/0,v1:10.20.193.59:6789/0] conn(0x7fa24c10a9d0 0x7fa24c10add0 unknown :-1 s=HELLO_CONNECTING pgs=0 cs=0 l=0 rev1=1 crypto rx=0 tx=0 comp rx=0 tx=0).handle_hello peer v2:10.20.193.59:3300/0 says I am v2:10.20.193.59:53094/0 (socket says 10.20.193.59:53094)
2026-02-19T23:36:27.601 INFO:teuthology.orchestra.run.trial059.stdout:/usr/bin/ceph: stderr
2026-02-19T23:36:27.477+0000 7fa25197e640 1 -- 10.20.193.59:0/1419535445 learned_addr learned my addr 10.20.193.59:0/1419535445 (peer_addr_for_me v2:10.20.193.59:0/0)
2026-02-19T23:36:27.601 INFO:teuthology.orchestra.run.trial059.stdout:/usr/bin/ceph: stderr
2026-02-19T23:36:27.477+0000 7fa25197e640 1 -- 10.20.193.59:0/1419535445 --> [v2:10.20.193.59:3300/0,v1:10.20.193.59:6789/0] -- mon_subscribe({config=0+,monmap=0+}) -- 0x7fa24c10b750 con 0x7fa24c10a9d0
2026-02-19T23:36:27.601 INFO:teuthology.orchestra.run.trial059.stdout:/usr/bin/ceph: stderr
2026-02-19T23:36:27.477+0000 7fa25197e640 1 --2- 10.20.193.59:0/1419535445 >> [v2:10.20.193.59:3300/0,v1:10.20.193.59:6789/0] conn(0x7fa24c10a9d0 0x7fa24c10add0 secure :-1 s=READY pgs=51 cs=0 l=1 rev1=1 crypto rx=0x7fa23c009920 tx=0x7fa23c02ef20 comp rx=0 tx=0).ready entity=mon.0 client_cookie=1265282a14cb6ea9 server_cookie=0 in_seq=0 out_seq=0
2026-02-19T23:36:27.602 INFO:teuthology.orchestra.run.trial059.stdout:/usr/bin/ceph: stderr
2026-02-19T23:36:27.477+0000 7fa25097c640 1 -- 10.20.193.59:0/1419535445 <== mon.0 v2:10.20.193.59:3300/0 1 ==== mon_map magic: 0 ==== 205+0+0 (secure 0 0 0) 0x7fa23c03c070 con 0x7fa24c10a9d0
2026-02-19T23:36:27.602 INFO:teuthology.orchestra.run.trial059.stdout:/usr/bin/ceph: stderr
2026-02-19T23:36:27.477+0000 7fa25097c640 1 -- 10.20.193.59:0/1419535445 <== mon.0 v2:10.20.193.59:3300/0 2 ==== config(26 keys) ==== 1076+0+0 (secure 0 0 0) 0x7fa23c037440 con 0x7fa24c10a9d0
2026-02-19T23:36:27.602 INFO:teuthology.orchestra.run.trial059.stdout:/usr/bin/ceph: stderr
2026-02-19T23:36:27.477+0000 7fa25097c640 1 -- 10.20.193.59:0/1419535445 <== mon.0 v2:10.20.193.59:3300/0 3 ==== mon_map magic: 0 ==== 205+0+0 (secure 0 0 0) 0x7fa23c0354d0 con 0x7fa24c10a9d0
2026-02-19T23:36:27.602 INFO:teuthology.orchestra.run.trial059.stdout:/usr/bin/ceph: stderr
