2026-02-19T23:51:09.282 INFO:teuthology.orchestra.run.trial057.stdout:/usr/bin/ceph: stderr
2026-02-19T23:51:08.373+0000 7efe6072c640 1 -- 10.20.193.57:0/4053643029 --> [v2:10.20.193.57:3300/0,v1:10.20.193.57:6789/0] -- mon_command({"prefix": "get_command_descriptions"} v 0) -- 0x7efe58107a80 con 0x7efe58107600
2026-02-19T23:51:09.282 INFO:teuthology.orchestra.run.trial057.stdout:/usr/bin/ceph: stderr
2026-02-19T23:51:08.373+0000 7efe3f7fe640 1 -- 10.20.193.57:0/4053643029 <== mon.0 v2:10.20.193.57:3300/0 4 ==== mgrmap(e 8) ==== 50261+0+0 (secure 0 0 0) 0x7efe48035b40 con 0x7efe58107600
2026-02-19T23:51:09.282 INFO:teuthology.orchestra.run.trial057.stdout:/usr/bin/ceph: stderr
2026-02-19T23:51:08.373+0000 7efe3f7fe640 1 --2- 10.20.193.57:0/4053643029 >> [v2:10.20.193.57:6800/1583209240,v1:10.20.193.57:6801/1583209240] conn(0x7efe3403dba0 0x7efe34040060 unknown :-1 s=NONE pgs=0 cs=0 l=1 rev1=0 crypto rx=0 tx=0 comp rx=0 tx=0).connect
2026-02-19T23:51:09.282 INFO:teuthology.orchestra.run.trial057.stdout:/usr/bin/ceph: stderr
2026-02-19T23:51:08.373+0000 7efe3f7fe640 1 -- 10.20.193.57:0/4053643029 <== mon.0 v2:10.20.193.57:3300/0 5 ==== osd_map(2..2 src has 1..2) ==== 940+0+0 (secure 0 0 0) 0x7efe48076360 con 0x7efe58107600
2026-02-19T23:51:09.282 INFO:teuthology.orchestra.run.trial057.stdout:/usr/bin/ceph: stderr
2026-02-19T23:51:08.373+0000 7efe5dca0640 1 --2- 10.20.193.57:0/4053643029 >> [v2:10.20.193.57:6800/1583209240,v1:10.20.193.57:6801/1583209240] conn(0x7efe3403dba0 0x7efe34040060 unknown :-1 s=BANNER_CONNECTING pgs=0 cs=0 l=1 rev1=0 crypto rx=0 tx=0 comp rx=0 tx=0)._handle_peer_banner_payload supported=3 required=0
2026-02-19T23:51:09.282 INFO:teuthology.orchestra.run.trial057.stdout:/usr/bin/ceph: stderr
2026-02-19T23:51:08.373+0000 7efe5dca0640 1 --2- 10.20.193.57:0/4053643029 >> [v2:10.20.193.57:6800/1583209240,v1:10.20.193.57:6801/1583209240] conn(0x7efe3403dba0 0x7efe34040060 secure :-1 s=READY pgs=22 cs=0 l=1 rev1=1 crypto rx=0x7efe4c0099c0 tx=0x7efe4c006eb0 comp rx=0 tx=0).ready entity=mgr.14118 client_cookie=0 server_cookie=0 in_seq=0 out_seq=0
2026-02-19T23:51:09.282 INFO:teuthology.orchestra.run.trial057.stdout:/usr/bin/ceph: stderr
2026-02-19T23:51:08.376+0000 7efe3f7fe640 1 -- 10.20.193.57:0/4053643029 <== mon.0 v2:10.20.193.57:3300/0 6 ==== mon_command_ack([{"prefix": "get_command_descriptions"}]=0 v0) ==== 72+0+195034 (secure 0 0 0) 0x7efe4804bde0 con 0x7efe58107600
2026-02-19T23:51:09.282 INFO:teuthology.orchestra.run.trial057.stdout:/usr/bin/ceph: stderr
2026-02-19T23:51:08.480+0000 7efe6072c640 1 -- 10.20.193.57:0/4053643029 --> [v2:10.20.193.57:3300/0,v1:10.20.193.57:6789/0] -- mon_command({"prefix": "mgr module enable", "module": "dashboard"} v 0) -- 0x7efe581a3360 con 0x7efe58107600
2026-02-19T23:51:09.283 INFO:teuthology.orchestra.run.trial057.stdout:/usr/bin/ceph: stderr
2026-02-19T23:51:09.247+0000 7efe3f7fe640 1 -- 10.20.193.57:0/4053643029 <== mon.0 v2:10.20.193.57:3300/0 7 ==== mon_command_ack([{"prefix": "mgr module enable", "module": "dashboard"}]=0 v9) ==== 88+0+0 (secure 0 0 0) 0x7efe480760c0 con 0x7efe58107600
2026-02-19T23:51:09.283 INFO:teuthology.orchestra.run.trial057.stdout:/usr/bin/ceph: stderr
2026-02-19T23:51:09.248+0000 7efe6072c640 1 -- 10.20.193.57:0/4053643029 >> [v2:10.20.193.57:6800/1583209240,v1:10.20.193.57:6801/1583209240] conn(0x7efe3403dba0 msgr2=0x7efe34040060 secure :-1 s=STATE_CONNECTION_ESTABLISHED l=1).mark_down
2026-02-19T23:51:09.283 INFO:teuthology.orchestra.run.trial057.stdout:/usr/bin/ceph: stderr
2026-02-19T23:51:09.248+0000 7efe6072c640 1 --2- 10.20.193.57:0/4053643029 >> [v2:10.20.193.57:6800/1583209240,v1:10.20.193.57:6801/1583209240] conn(0x7efe3403dba0 0x7efe34040060 secure :-1 s=READY pgs=22 cs=0 l=1 rev1=1 crypto rx=0x7efe4c0099c0 tx=0x7efe4c006eb0 comp rx=0 tx=0).stop
2026-02-19T23:51:09.283 INFO:teuthology.orchestra.run.trial057.stdout:/usr/bin/ceph: stderr
2026-02-19T23:51:09.248+0000 7efe6072c640 1 -- 10.20.193.57:0/4053643029 >> [v2:10.20.193.57:3300/0,v1:10.20.193.57:6789/0] conn(0x7efe58107600 msgr2=0x7efe5819f740 secure :-1 s=STATE_CONNECTION_ESTABLISHED l=1).mark_down
2026-02-19T23:51:09.283 INFO:teuthology.orchestra.run.trial057.stdout:/usr/bin/ceph: stderr
2026-02-19T23:51:09.248+0000 7efe3f7fe640 1 -- 10.20.193.57:0/4053643029 <== mon.0 v2:10.20.193.57:3300/0 8 ==== mgrmap(e 9) ==== 50274+0+0 (secure 0 0 0) 0x7efe480435e0 con 0x7efe58107600
2026-02-19T23:51:09.283 INFO:teuthology.orchestra.run.trial057.stdout:/usr/bin/ceph: stderr
2026-02-19T23:51:09.248+0000 7efe6072c640 1 --2- 10.20.193.57:0/4053643029 >> [v2:10.20.193.57:3300/0,v1:10.20.193.57:6789/0] conn(0x7efe58107600 0x7efe5819f740 secure :-1 s=READY pgs=66 cs=0 l=1 rev1=1 crypto rx=0x7efe480091b0 tx=0x7efe48037a50 comp rx=0 tx=0).stop
2026-02-19T23:51:09.283 INFO:teuthology.orchestra.run.trial057.stdout:/usr/bin/ceph: stderr
2026-02-19T23:51:09.248+0000 7efe6072c640 1 -- 10.20.193.57:0/4053643029 shutdown_connections
2026-02-19T23:51:09.283 INFO:teuthology.orchestra.run.trial057.stdout:/usr/bin/ceph: stderr
2026-02-19T23:51:09.248+0000 7efe6072c640 1 --2- 10.20.193.57:0/4053643029 >> [v2:10.20.193.57:6800/1583209240,v1:10.20.193.57:6801/1583209240] conn(0x7efe3403dba0 0x7efe34040060 unknown :-1 s=CLOSED pgs=22 cs=0 l=1 rev1=1 crypto rx=0 tx=0 comp rx=0 tx=0).stop
2026-02-19T23:51:09.283 INFO:teuthology.orchestra.run.trial057.stdout:/usr/bin/ceph: stderr
2026-02-19T23:51:09.248+0000 7efe6072c640 1 --2- 10.20.193.57:0/4053643029 >> [v2:10.20.193.57:3300/0,v1:10.20.193.57:6789/0] conn(0x7efe58107600 0x7efe5819f740 unknown :-1 s=CLOSED pgs=66 cs=0 l=1 rev1=1 crypto rx=0 tx=0 comp rx=0 tx=0).stop
2026-02-19T23:51:09.283 INFO:teuthology.orchestra.run.trial057.stdout:/usr/bin/ceph: stderr
2026-02-19T23:51:09.248+0000 7efe6072c640 1 -- 10.20.193.57:0/4053643029 >> 10.20.193.57:0/4053643029 conn(0x7efe58102dd0 msgr2=0x7efe58103920 unknown :-1 s=STATE_NONE l=0).mark_down
2026-02-19T23:51:09.283 INFO:teuthology.orchestra.run.trial057.stdout:/usr/bin/ceph: stderr
2026-02-19T23:51:09.249+0000 7efe6072c640 1 -- 10.20.193.57:0/4053643029 shutdown_connections
2026-02-19T23:51:09.283 INFO:teuthology.orchestra.run.trial057.stdout:/usr/bin/ceph: stderr
2026-02-19T23:51:09.249+0000 7efe6072c640 1 -- 10.20.193.57:0/4053643029 wait complete.
2026-02-19T23:51:09.506 INFO:teuthology.orchestra.run.trial057.stdout:/usr/bin/ceph: stdout {
2026-02-19T23:51:09.506 INFO:teuthology.orchestra.run.trial057.stdout:/usr/bin/ceph: stdout "epoch": 9,
2026-02-19T23:51:09.506 INFO:teuthology.orchestra.run.trial057.stdout:/usr/bin/ceph: stdout "available": true,
2026-02-19T23:51:09.506 INFO:teuthology.orchestra.run.trial057.stdout:/usr/bin/ceph: stdout "active_name": "trial057.bajolw",
2026-02-19T23:51:09.506 INFO:teuthology.orchestra.run.trial057.stdout:/usr/bin/ceph: stdout "num_standby": 0
2026-02-19T23:51:09.506 INFO:teuthology.orchestra.run.trial057.stdout:/usr/bin/ceph: stdout }
2026-02-19T23:51:09.506 INFO:teuthology.orchestra.run.trial057.stdout:/usr/bin/ceph: stderr
2026-02-19T23:51:09.368+0000 7f56bcf6e640 1 Processor -- start
2026-02-19T23:51:09.506 INFO:teuthology.orchestra.run.trial057.stdout:/usr/bin/ceph: stderr
2026-02-19T23:51:09.368+0000 7f56bcf6e640 1 -- start start
2026-02-19T23:51:09.506 INFO:teuthology.orchestra.run.trial057.stdout:/usr/bin/ceph: stderr
2026-02-19T23:51:09.368+0000 7f56bcf6e640 1 --2- >> [v2:10.20.193.57:3300/0,v1:10.20.193.57:6789/0] conn(0x7f56b8109880 0x7f56b8109c80 unknown :-1 s=NONE pgs=0 cs=0 l=0 rev1=0 crypto rx=0 tx=0 comp rx=0 tx=0).connect
2026-02-19T23:51:09.506 INFO:teuthology.orchestra.run.trial057.stdout:/usr/bin/ceph: stderr
2026-02-19T23:51:09.368+0000 7f56bcf6e640 1 -- --> [v2:10.20.193.57:3300/0,v1:10.20.193.57:6789/0] -- mon_getmap magic: 0 -- 0x7f56b810a250 con 0x7f56b8109880
2026-02-19T23:51:09.506 INFO:teuthology.orchestra.run.trial057.stdout:/usr/bin/ceph: stderr
2026-02-19T23:51:09.368+0000 7f56b6575640 1 --2- >> [v2:10.20.193.57:3300/0,v1:10.20.193.57:6789/0] conn(0x7f56b8109880 0x7f56b8109c80 unknown :-1 s=BANNER_CONNECTING pgs=0 cs=0 l=0 rev1=0 crypto rx=0 tx=0 comp rx=0 tx=0)._handle_peer_banner_payload supported=3 required=0
2026-02-19T23:51:09.506 INFO:teuthology.orchestra.run.trial057.stdout:/usr/bin/ceph: stderr
2026-02-19T23:51:09.368+0000 7f56b6575640 1 --2- >> [v2:10.20.193.57:3300/0,v1:10.20.193.57:6789/0] conn(0x7f56b8109880 0x7f56b8109c80 unknown :-1 s=HELLO_CONNECTING pgs=0 cs=0 l=0 rev1=1 crypto rx=0 tx=0 comp rx=0 tx=0).handle_hello peer v2:10.20.193.57:3300/0 says I am v2:10.20.193.57:47544/0 (socket says 10.20.193.57:47544)
2026-02-19T23:51:09.506 INFO:teuthology.orchestra.run.trial057.stdout:/usr/bin/ceph: stderr
2026-02-19T23:51:09.368+0000 7f56b6575640 1 -- 10.20.193.57:0/3461754159 learned_addr learned my addr 10.20.193.57:0/3461754159 (peer_addr_for_me v2:10.20.193.57:0/0)
2026-02-19T23:51:09.506 INFO:teuthology.orchestra.run.trial057.stdout:/usr/bin/ceph: stderr
2026-02-19T23:51:09.368+0000 7f56b6575640 1 -- 10.20.193.57:0/3461754159 --> [v2:10.20.193.57:3300/0,v1:10.20.193.57:6789/0] -- mon_subscribe({config=0+,monmap=0+}) -- 0x7f56b810aa80 con 0x7f56b8109880
2026-02-19T23:51:09.506 INFO:teuthology.orchestra.run.trial057.stdout:/usr/bin/ceph: stderr
2026-02-19T23:51:09.369+0000 7f56b6575640 1 --2- 10.20.193.57:0/3461754159 >> [v2:10.20.193.57:3300/0,v1:10.20.193.57:6789/0] conn(0x7f56b8109880 0x7f56b8109c80 secure :-1 s=READY pgs=69 cs=0 l=1 rev1=1 crypto rx=0x7f56ac009920 tx=0x7f56ac02ef20 comp rx=0 tx=0).ready entity=mon.0 client_cookie=9bd8f29d90df6714 server_cookie=0 in_seq=0 out_seq=0
2026-02-19T23:51:09.506 INFO:teuthology.orchestra.run.trial057.stdout:/usr/bin/ceph: stderr
2026-02-19T23:51:09.369+0000 7f56b5573640 1 -- 10.20.193.57:0/3461754159 <== mon.0 v2:10.20.193.57:3300/0 1 ==== mon_map magic: 0 ==== 226+0+0 (secure 0 0 0) 0x7f56ac03c070 con 0x7f56b8109880
2026-02-19T23:51:09.506 INFO:teuthology.orchestra.run.trial057.stdout:/usr/bin/ceph: stderr
2026-02-19T23:51:09.369+0000 7f56b5573640 1 -- 10.20.193.57:0/3461754159 <== mon.0 v2:10.20.193.57:3300/0 2 ==== config(25 keys) ==== 1038+0+0 (secure 0 0 0) 0x7f56ac02fe20 con 0x7f56b8109880
2026-02-19T23:51:09.506 INFO:teuthology.orchestra.run.trial057.stdout:/usr/bin/ceph: stderr
2026-02-19T23:51:09.369+0000 7f56b5573640 1 -- 10.20.193.57:0/3461754159 <== mon.0 v2:10.20.193.57:3300/0 3 ==== mon_map magic: 0 ==== 226+0+0 (secure 0 0 0) 0x7f56ac035340 con 0x7f56b8109880
2026-02-19T23:51:09.506 INFO:teuthology.orchestra.run.trial057.stdout:/usr/bin/ceph: stderr
2026-02-19T23:51:09.369+0000 7f56bcf6e640 1 -- 10.20.193.57:0/3461754159 >> [v2:10.20.193.57:3300/0,v1:10.20.193.57:6789/0] conn(0x7f56b8109880 msgr2=0x7f56b8109c80 secure :-1 s=STATE_CONNECTION_ESTABLISHED l=1).mark_down
2026-02-19T23:51:09.506 INFO:teuthology.orchestra.run.trial057.stdout:/usr/bin/ceph: stderr
2026-02-19T23:51:09.369+0000 7f56bcf6e640 1 --2- 10.20.193.57:0/3461754159 >> [v2:10.20.193.57:3300/0,v1:10.20.193.57:6789/0] conn(0x7f56b8109880 0x7f56b8109c80 secure :-1 s=READY pgs=69 cs=0 l=1 rev1=1 crypto rx=0x7f56ac009920 tx=0x7f56ac02ef20 comp rx=0 tx=0).stop
2026-02-19T23:51:09.506 INFO:teuthology.orchestra.run.trial057.stdout:/usr/bin/ceph: stderr
2026-02-19T23:51:09.369+0000 7f56bcf6e640 1 -- 10.20.193.57:0/3461754159 shutdown_connections
2026-02-19T23:51:09.506 INFO:teuthology.orchestra.run.trial057.stdout:/usr/bin/ceph: stderr
2026-02-19T23:51:09.369+0000 7f56bcf6e640 1 --2- 10.20.193.57:0/3461754159 >> [v2:10.20.193.57:3300/0,v1:10.20.193.57:6789/0] conn(0x7f56b8109880 0x7f56b8109c80 unknown :-1 s=CLOSED pgs=69 cs=0 l=1 rev1=1 crypto rx=0 tx=0 comp rx=0 tx=0).stop
2026-02-19T23:51:09.506 INFO:teuthology.orchestra.run.trial057.stdout:/usr/bin/ceph: stderr
2026-02-19T23:51:09.369+0000 7f56bcf6e640 1 -- 10.20.193.57:0/3461754159 >> 10.20.193.57:0/3461754159 conn(0x7f56b807cf00 msgr2=0x7f56b807d310 unknown :-1 s=STATE_NONE l=0).mark_down
2026-02-19T23:51:09.506 INFO:teuthology.orchestra.run.trial057.stdout:/usr/bin/ceph: stderr
2026-02-19T23:51:09.369+0000 7f56bcf6e640 1 -- 10.20.193.57:0/3461754159 shutdown_connections
2026-02-19T23:51:09.506 INFO:teuthology.orchestra.run.trial057.stdout:/usr/bin/ceph: stderr
2026-02-19T23:51:09.369+0000 7f56bcf6e640 1 -- 10.20.193.57:0/3461754159 wait complete.
2026-02-19T23:51:09.506 INFO:teuthology.orchestra.run.trial057.stdout:/usr/bin/ceph: stderr
2026-02-19T23:51:09.369+0000 7f56bcf6e640 1 Processor -- start
2026-02-19T23:51:09.506 INFO:teuthology.orchestra.run.trial057.stdout:/usr/bin/ceph: stderr
2026-02-19T23:51:09.369+0000 7f56bcf6e640 1 -- start start
2026-02-19T23:51:09.506 INFO:teuthology.orchestra.run.trial057.stdout:/usr/bin/ceph: stderr
2026-02-19T23:51:09.369+0000 7f56bcf6e640 1 --2- >> [v2:10.20.193.57:3300/0,v1:10.20.193.57:6789/0] conn(0x7f56b8109880 0x7f56b819f770 unknown :-1 s=NONE pgs=0 cs=0 l=1 rev1=0 crypto rx=0 tx=0 comp rx=0 tx=0).connect
2026-02-19T23:51:09.506 INFO:teuthology.orchestra.run.trial057.stdout:/usr/bin/ceph: stderr
2026-02-19T23:51:09.369+0000 7f56bcf6e640 1 -- --> [v2:10.20.193.57:3300/0,v1:10.20.193.57:6789/0] -- mon_getmap magic: 0 -- 0x7f56b810dcb0 con 0x7f56b8109880
2026-02-19T23:51:09.506 INFO:teuthology.orchestra.run.trial057.stdout:/usr/bin/ceph: stderr
2026-02-19T23:51:09.370+0000 7f56b6575640 1 --2- >> [v2:10.20.193.57:3300/0,v1:10.20.193.57:6789/0] conn(0x7f56b8109880 0x7f56b819f770 unknown :-1 s=BANNER_CONNECTING pgs=0 cs=0 l=1 rev1=0 crypto rx=0 tx=0 comp rx=0 tx=0)._handle_peer_banner_payload supported=3 required=0
2026-02-19T23:51:09.506 INFO:teuthology.orchestra.run.trial057.stdout:/usr/bin/ceph: stderr
2026-02-19T23:51:09.370+0000 7f56b6575640 1 --2- >> [v2:10.20.193.57:3300/0,v1:10.20.193.57:6789/0] conn(0x7f56b8109880 0x7f56b819f770 unknown :-1 s=HELLO_CONNECTING pgs=0 cs=0 l=1 rev1=1 crypto rx=0 tx=0 comp rx=0 tx=0).handle_hello peer v2:10.20.193.57:3300/0 says I am v2:10.20.193.57:47554/0 (socket says 10.20.193.57:47554)
2026-02-19T23:51:09.506 INFO:teuthology.orchestra.run.trial057.stdout:/usr/bin/ceph: stderr
2026-02-19T23:51:09.370+0000 7f56b6575640 1 -- 10.20.193.57:0/199107762 learned_addr learned my addr 10.20.193.57:0/199107762 (peer_addr_for_me v2:10.20.193.57:0/0)
2026-02-19T23:51:09.506 INFO:teuthology.orchestra.run.trial057.stdout:/usr/bin/ceph: stderr
2026-02-19T23:51:09.370+0000 7f56b6575640 1 -- 10.20.193.57:0/199107762 --> [v2:10.20.193.57:3300/0,v1:10.20.193.57:6789/0] -- mon_subscribe({config=0+,monmap=0+}) -- 0x7f56b819fcb0 con 0x7f56b8109880
2026-02-19T23:51:09.506 INFO:teuthology.orchestra.run.trial057.stdout:/usr/bin/ceph: stderr
2026-02-19T23:51:09.370+0000 7f56b6575640 1 --2- 10.20.193.57:0/199107762 >> [v2:10.20.193.57:3300/0,v1:10.20.193.57:6789/0] conn(0x7f56b8109880 0x7f56b819f770 secure :-1 s=READY pgs=70 cs=0 l=1 rev1=1 crypto rx=0x7f56ac002410 tx=0x7f56ac0379e0 comp rx=0 tx=0).ready entity=mon.0 client_cookie=0 server_cookie=0 in_seq=0 out_seq=0
2026-02-19T23:51:09.506 INFO:teuthology.orchestra.run.trial057.stdout:/usr/bin/ceph: stderr
2026-02-19T23:51:09.370+0000 7f569f7fe640 1 -- 10.20.193.57:0/199107762 <== mon.0 v2:10.20.193.57:3300/0 1 ==== mon_map magic: 0 ==== 226+0+0 (secure 0 0 0) 0x7f56ac0358d0 con 0x7f56b8109880
2026-02-19T23:51:09.506 INFO:teuthology.orchestra.run.trial057.stdout:/usr/bin/ceph: stderr
2026-02-19T23:51:09.370+0000 7f569f7fe640 1 -- 10.20.193.57:0/199107762 <== mon.0 v2:10.20.193.57:3300/0 2 ==== config(25 keys) ==== 1038+0+0 (secure 0 0 0) 0x7f56ac043430 con 0x7f56b8109880
2026-02-19T23:51:09.506 INFO:teuthology.orchestra.run.trial057.stdout:/usr/bin/ceph: stderr
2026-02-19T23:51:09.370+0000 7f56bcf6e640 1 -- 10.20.193.57:0/199107762 --> [v2:10.20.193.57:3300/0,v1:10.20.193.57:6789/0] -- mon_subscribe({mgrmap=0+}) -- 0x7f56b819ff40 con 0x7f56b8109880
2026-02-19T23:51:09.507 INFO:teuthology.orchestra.run.trial057.stdout:/usr/bin/ceph: stderr
2026-02-19T23:51:09.370+0000 7f569f7fe640 1 -- 10.20.193.57:0/199107762 <== mon.0 v2:10.20.193.57:3300/0 3 ==== mon_map magic: 0 ==== 226+0+0 (secure 0 0 0) 0x7f56ac0423e0 con 0x7f56b8109880
2026-02-19T23:51:09.507 INFO:teuthology.orchestra.run.trial057.stdout:/usr/bin/ceph: stderr
2026-02-19T23:51:09.370+0000 7f56bcf6e640 1 -- 10.20.193.57:0/199107762 --> [v2:10.20.193.57:3300/0,v1:10.20.193.57:6789/0] -- mon_subscribe({osdmap=0}) -- 0x7f56b81a2c30 con 0x7f56b8109880
2026-02-19T23:51:09.507 INFO:teuthology.orchestra.run.trial057.stdout:/usr/bin/ceph: stderr
2026-02-19T23:51:09.370+0000 7f56bcf6e640 1 -- 10.20.193.57:0/199107762 --> [v2:10.20.193.57:3300/0,v1:10.20.193.57:6789/0] -- mon_command({"prefix": "get_command_descriptions"} v 0) -- 0x7f56b81a0420 con 0x7f56b8109880
2026-02-19T23:51:09.507 INFO:teuthology.orchestra.run.trial057.stdout:/usr/bin/ceph: stderr
2026-02-19T23:51:09.371+0000 7f569f7fe640 1 -- 10.20.193.57:0/199107762 <== mon.0 v2:10.20.193.57:3300/0 4 ==== mgrmap(e 9) ==== 50274+0+0 (secure 0 0 0) 0x7f56ac042610 con 0x7f56b8109880
2026-02-19T23:51:09.507 INFO:teuthology.orchestra.run.trial057.stdout:/usr/bin/ceph: stderr
2026-02-19T23:51:09.371+0000 7f569f7fe640 1 --2- 10.20.193.57:0/199107762 >> [v2:10.20.193.57:6800/1583209240,v1:10.20.193.57:6801/1583209240] conn(0x7f569003dbf0 0x7f56900400b0 unknown :-1 s=NONE pgs=0 cs=0 l=1 rev1=0 crypto rx=0 tx=0 comp rx=0 tx=0).connect
2026-02-19T23:51:09.507 INFO:teuthology.orchestra.run.trial057.stdout:/usr/bin/ceph: stderr
2026-02-19T23:51:09.371+0000 7f569f7fe640 1 -- 10.20.193.57:0/199107762 <== mon.0 v2:10.20.193.57:3300/0 5 ==== osd_map(2..2 src has 1..2) ==== 940+0+0 (secure 0 0 0) 0x7f56ac0763d0 con 0x7f56b8109880
2026-02-19T23:51:09.507 INFO:teuthology.orchestra.run.trial057.stdout:/usr/bin/ceph: stderr
2026-02-19T23:51:09.371+0000 7f56b5d74640 1 -- 10.20.193.57:0/199107762 >> [v2:10.20.193.57:6800/1583209240,v1:10.20.193.57:6801/1583209240] conn(0x7f569003dbf0 msgr2=0x7f56900400b0 unknown :-1 s=STATE_CONNECTING_RE l=1).process reconnect failed to v2:10.20.193.57:6800/1583209240
2026-02-19T23:51:09.507 INFO:teuthology.orchestra.run.trial057.stdout:/usr/bin/ceph: stderr
2026-02-19T23:51:09.371+0000 7f56b5d74640 1 --2- 10.20.193.57:0/199107762 >> [v2:10.20.193.57:6800/1583209240,v1:10.20.193.57:6801/1583209240] conn(0x7f569003dbf0 0x7f56900400b0 unknown :-1 s=START_CONNECT pgs=0 cs=0 l=1 rev1=0 crypto rx=0 tx=0 comp rx=0 tx=0)._fault waiting 0.200000
2026-02-19T23:51:09.507 INFO:teuthology.orchestra.run.trial057.stdout:/usr/bin/ceph: stderr
2026-02-19T23:51:09.373+0000 7f569f7fe640 1 -- 10.20.193.57:0/199107762 <== mon.0 v2:10.20.193.57:3300/0 6 ==== mon_command_ack([{"prefix": "get_command_descriptions"}]=0 v0) ==== 72+0+195034 (secure 0 0 0) 0x7f56b81a0420 con 0x7f56b8109880
2026-02-19T23:51:09.507 INFO:teuthology.orchestra.run.trial057.stdout:/usr/bin/ceph: stderr
2026-02-19T23:51:09.477+0000 7f56bcf6e640 1 -- 10.20.193.57:0/199107762 --> [v2:10.20.193.57:3300/0,v1:10.20.193.57:6789/0] -- mon_command({"prefix": "mgr stat"} v 0) -- 0x7f56b81a3370 con 0x7f56b8109880
2026-02-19T23:51:09.507 INFO:teuthology.orchestra.run.trial057.stdout:/usr/bin/ceph: stderr
2026-02-19T23:51:09.478+0000 7f569f7fe640 1 -- 10.20.193.57:0/199107762 <== mon.0 v2:10.20.193.57:3300/0 7 ==== mon_command_ack([{"prefix": "mgr stat"}]=0 v9) ==== 56+0+102 (secure 0 0 0) 0x7f56ac033200 con 0x7f56b8109880
2026-02-19T23:51:09.507 INFO:teuthology.orchestra.run.trial057.stdout:/usr/bin/ceph: stderr
2026-02-19T23:51:09.479+0000 7f56bcf6e640 1 -- 10.20.193.57:0/199107762 >> [v2:10.20.193.57:6800/1583209240,v1:10.20.193.57:6801/1583209240] conn(0x7f569003dbf0 msgr2=0x7f56900400b0 unknown :-1 s=STATE_CONNECTING l=1).mark_down
2026-02-19T23:51:09.507 INFO:teuthology.orchestra.run.trial057.stdout:/usr/bin/ceph: stderr
2026-02-19T23:51:09.479+0000 7f56bcf6e640 1 --2- 10.20.193.57:0/199107762 >> [v2:10.20.193.57:6800/1583209240,v1:10.20.193.57:6801/1583209240] conn(0x7f569003dbf0 0x7f56900400b0 unknown :-1 s=START_CONNECT pgs=0 cs=0 l=1 rev1=0 crypto rx=0 tx=0 comp rx=0 tx=0).stop
2026-02-19T23:51:09.507 INFO:teuthology.orchestra.run.trial057.stdout:/usr/bin/ceph: stderr
2026-02-19T23:51:09.479+0000 7f56bcf6e640 1 -- 10.20.193.57:0/199107762 >> [v2:10.20.193.57:3300/0,v1:10.20.193.57:6789/0] conn(0x7f56b8109880 msgr2=0x7f56b819f770 secure :-1 s=STATE_CONNECTION_ESTABLISHED l=1).mark_down
2026-02-19T23:51:09.507 INFO:teuthology.orchestra.run.trial057.stdout:/usr/bin/ceph: stderr
2026-02-19T23:51:09.479+0000 7f56bcf6e640 1 --2- 10.20.193.57:0/199107762 >> [v2:10.20.193.57:3300/0,v1:10.20.193.57:6789/0] conn(0x7f56b8109880 0x7f56b819f770 secure :-1 s=READY pgs=70 cs=0 l=1 rev1=1 crypto rx=0x7f56ac002410 tx=0x7f56ac0379e0 comp rx=0 tx=0).stop
2026-02-19T23:51:09.507 INFO:teuthology.orchestra.run.trial057.stdout:/usr/bin/ceph: stderr
2026-02-19T23:51:09.479+0000 7f56bcf6e640 1 -- 10.20.193.57:0/199107762 shutdown_connections
2026-02-19T23:51:09.507 INFO:teuthology.orchestra.run.trial057.stdout:/usr/bin/ceph: stderr
2026-02-19T23:51:09.479+0000 7f56bcf6e640 1 --2- 10.20.193.57:0/199107762 >> [v2:10.20.193.57:6800/1583209240,v1:10.20.193.57:6801/1583209240] conn(0x7f569003dbf0 0x7f56900400b0 unknown :-1 s=CLOSED pgs=0 cs=0 l=1 rev1=0 crypto rx=0 tx=0 comp rx=0 tx=0).stop
2026-02-19T23:51:09.507 INFO:teuthology.orchestra.run.trial057.stdout:/usr/bin/ceph: stderr
2026-02-19T23:51:09.479+0000 7f56bcf6e640 1 --2- 10.20.193.57:0/199107762 >> [v2:10.20.193.57:3300/0,v1:10.20.193.57:6789/0] conn(0x7f56b8109880 0x7f56b819f770 unknown :-1 s=CLOSED pgs=70 cs=0 l=1 rev1=1 crypto rx=0 tx=0 comp rx=0 tx=0).stop
2026-02-19T23:51:09.507 INFO:teuthology.orchestra.run.trial057.stdout:/usr/bin/ceph: stderr
2026-02-19T23:51:09.479+0000 7f56bcf6e640 1 -- 10.20.193.57:0/199107762 >> 10.20.193.57:0/199107762 conn(0x7f56b807cf00 msgr2=0x7f56b8107010 unknown :-1 s=STATE_NONE l=0).mark_down
2026-02-19T23:51:09.507 INFO:teuthology.orchestra.run.trial057.stdout:/usr/bin/ceph: stderr
2026-02-19T23:51:09.479+0000 7f56bcf6e640 1 -- 10.20.193.57:0/199107762 shutdown_connections
2026-02-19T23:51:09.507 INFO:teuthology.orchestra.run.trial057.stdout:/usr/bin/ceph: stderr
2026-02-19T23:51:09.479+0000 7f56bcf6e640 1 -- 10.20.193.57:0/199107762 wait complete.
2026-02-19T23:51:09.507 INFO:teuthology.orchestra.run.trial057.stdout:Waiting for the mgr to restart...
2026-02-19T23:51:09.507 INFO:teuthology.orchestra.run.trial057.stdout:Waiting for mgr epoch 9...
2026-02-19T23:51:10.365 INFO:journalctl@ceph.mon.trial057.trial057.stdout:Feb 19 23:51:10 trial057 ceph-mon[38134]: from='client.? 10.20.193.57:0/4053643029' entity='client.admin' cmd='[{"prefix": "mgr module enable", "module": "dashboard"}]': finished
2026-02-19T23:51:10.365 INFO:journalctl@ceph.mon.trial057.trial057.stdout:Feb 19 23:51:10 trial057 ceph-mon[38134]: mgrmap e9: trial057.bajolw(active, since 6s)
2026-02-19T23:51:10.365 INFO:journalctl@ceph.mon.trial057.trial057.stdout:Feb 19 23:51:10 trial057 ceph-mon[38134]: from='client.? 10.20.193.57:0/199107762' entity='client.admin' cmd=[{"prefix": "mgr stat"}]: dispatch
2026-02-19T23:51:12.219 INFO:journalctl@ceph.mon.trial057.trial057.stdout:Feb 19 23:51:12 trial057 ceph-mon[38134]: Active manager daemon trial057.bajolw restarted
2026-02-19T23:51:12.220 INFO:journalctl@ceph.mon.trial057.trial057.stdout:Feb 19 23:51:12 trial057 ceph-mon[38134]: Activating manager daemon trial057.bajolw
2026-02-19T23:51:12.220 INFO:journalctl@ceph.mon.trial057.trial057.stdout:Feb 19 23:51:12 trial057 ceph-mon[38134]: osdmap e3: 0 total, 0 up, 0 in
2026-02-19T23:51:12.220 INFO:journalctl@ceph.mon.trial057.trial057.stdout:Feb 19 23:51:12 trial057 ceph-mon[38134]: mgrmap e10: trial057.bajolw(active, starting, since 0.00276511s)
2026-02-19T23:51:12.220 INFO:journalctl@ceph.mon.trial057.trial057.stdout:Feb 19 23:51:12 trial057 ceph-mon[38134]: from='mgr.14162 10.20.193.57:0/1648532536' entity='mgr.trial057.bajolw' cmd=[{"prefix": "mon metadata", "id": "trial057"}]: dispatch
2026-02-19T23:51:12.220 INFO:journalctl@ceph.mon.trial057.trial057.stdout:Feb 19 23:51:12 trial057 ceph-mon[38134]: from='mgr.14162 10.20.193.57:0/1648532536' entity='mgr.trial057.bajolw' cmd=[{"prefix": "mgr metadata", "who": "trial057.bajolw", "id": "trial057.bajolw"}]: dispatch
2026-02-19T23:51:12.220 INFO:journalctl@ceph.mon.trial057.trial057.stdout:Feb 19 23:51:12 trial057 ceph-mon[38134]: from='mgr.14162 10.20.193.57:0/1648532536' entity='mgr.trial057.bajolw' cmd=[{"prefix": "mds metadata"}]: dispatch
2026-02-19T23:51:12.220 INFO:journalctl@ceph.mon.trial057.trial057.stdout:Feb 19 23:51:12 trial057 ceph-mon[38134]: from='mgr.14162 10.20.193.57:0/1648532536' entity='mgr.trial057.bajolw' cmd=[{"prefix": "osd metadata"}]: dispatch
2026-02-19T23:51:12.220 INFO:journalctl@ceph.mon.trial057.trial057.stdout:Feb 19 23:51:12 trial057 ceph-mon[38134]: from='mgr.14162 10.20.193.57:0/1648532536' entity='mgr.trial057.bajolw' cmd=[{"prefix": "mon metadata"}]: dispatch
2026-02-19T23:51:12.220 INFO:journalctl@ceph.mon.trial057.trial057.stdout:Feb 19 23:51:12 trial057 ceph-mon[38134]: Manager daemon trial057.bajolw is now available
2026-02-19T23:51:12.220 INFO:journalctl@ceph.mon.trial057.trial057.stdout:Feb 19 23:51:12 trial057 ceph-mon[38134]: from='mgr.14162 10.20.193.57:0/1648532536' entity='mgr.trial057.bajolw' cmd=[{"prefix": "config dump", "format": "json"}]: dispatch
2026-02-19T23:51:12.220 INFO:journalctl@ceph.mon.trial057.trial057.stdout:Feb 19 23:51:12 trial057 ceph-mon[38134]: from='mgr.14162 10.20.193.57:0/1648532536' entity='mgr.trial057.bajolw' cmd=[{"prefix":"config rm","who":"mgr","name":"mgr/rbd_support/trial057.bajolw/mirror_snapshot_schedule"}]: dispatch
2026-02-19T23:51:12.221 INFO:journalctl@ceph.mon.trial057.trial057.stdout:Feb 19 23:51:12 trial057 ceph-mon[38134]: from='mgr.14162 10.20.193.57:0/1648532536' entity='mgr.trial057.bajolw' cmd=[{"prefix":"config rm","who":"mgr","name":"mgr/rbd_support/trial057.bajolw/trash_purge_schedule"}]: dispatch
2026-02-19T23:51:13.162 INFO:teuthology.orchestra.run.trial057.stdout:/usr/bin/ceph: stdout {
2026-02-19T23:51:13.162 INFO:teuthology.orchestra.run.trial057.stdout:/usr/bin/ceph: stdout "mgrmap_epoch": 11,
2026-02-19T23:51:13.162 INFO:teuthology.orchestra.run.trial057.stdout:/usr/bin/ceph: stdout "initialized": true
2026-02-19T23:51:13.162 INFO:teuthology.orchestra.run.trial057.stdout:/usr/bin/ceph: stdout }
2026-02-19T23:51:13.162 INFO:teuthology.orchestra.run.trial057.stdout:/usr/bin/ceph: stderr
2026-02-19T23:51:09.603+0000 7f0d36e97640 1 Processor -- start
2026-02-19T23:51:13.162 INFO:teuthology.orchestra.run.trial057.stdout:/usr/bin/ceph: stderr
2026-02-19T23:51:09.604+0000 7f0d36e97640 1 -- start start
2026-02-19T23:51:13.162 INFO:teuthology.orchestra.run.trial057.stdout:/usr/bin/ceph: stderr
2026-02-19T23:51:09.604+0000 7f0d36e97640 1 --2- >> [v2:10.20.193.57:3300/0,v1:10.20.193.57:6789/0] conn(0x7f0d30109880 0x7f0d30109c80 unknown :-1 s=NONE pgs=0 cs=0 l=0 rev1=0 crypto rx=0 tx=0 comp rx=0 tx=0).connect
2026-02-19T23:51:13.162 INFO:teuthology.orchestra.run.trial057.stdout:/usr/bin/ceph: stderr
2026-02-19T23:51:09.604+0000 7f0d36e97640 1 -- --> [v2:10.20.193.57:3300/0,v1:10.20.193.57:6789/0] -- mon_getmap magic: 0 -- 0x7f0d3010a250 con 0x7f0d30109880
2026-02-19T23:51:13.162 INFO:teuthology.orchestra.run.trial057.stdout:/usr/bin/ceph: stderr
2026-02-19T23:51:09.604+0000 7f0d34c0c640 1 --2- >> [v2:10.20.193.57:3300/0,v1:10.20.193.57:6789/0] conn(0x7f0d30109880 0x7f0d30109c80 unknown :-1 s=BANNER_CONNECTING pgs=0 cs=0 l=0 rev1=0 crypto rx=0 tx=0 comp rx=0 tx=0)._handle_peer_banner_payload supported=3 required=0
2026-02-19T23:51:13.162 INFO:teuthology.orchestra.run.trial057.stdout:/usr/bin/ceph: stderr
2026-02-19T23:51:09.604+0000 7f0d34c0c640 1 --2- >> [v2:10.20.193.57:3300/0,v1:10.20.193.57:6789/0] conn(0x7f0d30109880 0x7f0d30109c80 unknown :-1 s=HELLO_CONNECTING pgs=0 cs=0 l=0 rev1=1 crypto rx=0 tx=0 comp rx=0 tx=0).handle_hello peer v2:10.20.193.57:3300/0 says I am v2:10.20.193.57:47566/0 (socket says 10.20.193.57:47566)
2026-02-19T23:51:13.162 INFO:teuthology.orchestra.run.trial057.stdout:/usr/bin/ceph: stderr
2026-02-19T23:51:09.604+0000 7f0d34c0c640 1 -- 10.20.193.57:0/3759353255 learned_addr learned my addr 10.20.193.57:0/3759353255 (peer_addr_for_me v2:10.20.193.57:0/0)
2026-02-19T23:51:13.162 INFO:teuthology.orchestra.run.trial057.stdout:/usr/bin/ceph: stderr
2026-02-19T23:51:09.604+0000 7f0d34c0c640 1 -- 10.20.193.57:0/3759353255 --> [v2:10.20.193.57:3300/0,v1:10.20.193.57:6789/0] -- mon_subscribe({config=0+,monmap=0+}) -- 0x7f0d3010aa80 con 0x7f0d30109880
2026-02-19T23:51:13.162 INFO:teuthology.orchestra.run.trial057.stdout:/usr/bin/ceph: stderr
2026-02-19T23:51:09.604+0000 7f0d34c0c640 1 --2- 10.20.193.57:0/3759353255 >> [v2:10.20.193.57:3300/0,v1:10.20.193.57:6789/0] conn(0x7f0d30109880 0x7f0d30109c80 secure :-1 s=READY pgs=71 cs=0 l=1 rev1=1 crypto rx=0x7f0d20009920 tx=0x7f0d2002ef20 comp rx=0 tx=0).ready entity=mon.0 client_cookie=9cfb105a59f3763a server_cookie=0 in_seq=0 out_seq=0
2026-02-19T23:51:13.162 INFO:teuthology.orchestra.run.trial057.stdout:/usr/bin/ceph: stderr
2026-02-19T23:51:09.604+0000 7f0d277fe640 1 -- 10.20.193.57:0/3759353255 <== mon.0 v2:10.20.193.57:3300/0 1 ==== mon_map magic: 0 ==== 226+0+0 (secure 0 0 0) 0x7f0d2003c070 con 0x7f0d30109880
2026-02-19T23:51:13.162 INFO:teuthology.orchestra.run.trial057.stdout:/usr/bin/ceph: stderr
2026-02-19T23:51:09.605+0000 7f0d277fe640 1 -- 10.20.193.57:0/3759353255 <== mon.0 v2:10.20.193.57:3300/0 2 ==== config(25 keys) ==== 1038+0+0 (secure 0 0 0) 0x7f0d2002fe20 con 0x7f0d30109880
2026-02-19T23:51:13.162 INFO:teuthology.orchestra.run.trial057.stdout:/usr/bin/ceph: stderr
2026-02-19T23:51:09.605+0000 7f0d277fe640 1 -- 10.20.193.57:0/3759353255 <== mon.0 v2:10.20.193.57:3300/0 3 ==== mon_map magic: 0 ==== 226+0+0 (secure 0 0 0) 0x7f0d20035340 con 0x7f0d30109880
2026-02-19T23:51:13.162 INFO:teuthology.orchestra.run.trial057.stdout:/usr/bin/ceph: stderr
2026-02-19T23:51:09.605+0000 7f0d36e97640 1 -- 10.20.193.57:0/3759353255 >> [v2:10.20.193.57:3300/0,v1:10.20.193.57:6789/0] conn(0x7f0d30109880 msgr2=0x7f0d30109c80 secure :-1 s=STATE_CONNECTION_ESTABLISHED l=1).mark_down
2026-02-19T23:51:13.162 INFO:teuthology.orchestra.run.trial057.stdout:/usr/bin/ceph: stderr
2026-02-19T23:51:09.605+0000 7f0d36e97640 1 --2- 10.20.193.57:0/3759353255 >> [v2:10.20.193.57:3300/0,v1:10.20.193.57:6789/0] conn(0x7f0d30109880 0x7f0d30109c80 secure :-1 s=READY pgs=71 cs=0 l=1 rev1=1 crypto rx=0x7f0d20009920 tx=0x7f0d2002ef20 comp rx=0 tx=0).stop
2026-02-19T23:51:13.162 INFO:teuthology.orchestra.run.trial057.stdout:/usr/bin/ceph: stderr
2026-02-19T23:51:09.605+0000 7f0d36e97640 1 -- 10.20.193.57:0/3759353255 shutdown_connections
2026-02-19T23:51:13.162 INFO:teuthology.orchestra.run.trial057.stdout:/usr/bin/ceph: stderr
2026-02-19T23:51:09.605+0000 7f0d36e97640 1 --2- 10.20.193.57:0/3759353255 >> [v2:10.20.193.57:3300/0,v1:10.20.193.57:6789/0] conn(0x7f0d30109880 0x7f0d30109c80 unknown :-1 s=CLOSED pgs=71 cs=0 l=1 rev1=1 crypto rx=0 tx=0 comp rx=0 tx=0).stop
2026-02-19T23:51:13.162 INFO:teuthology.orchestra.run.trial057.stdout:/usr/bin/ceph: stderr
2026-02-19T23:51:09.605+0000 7f0d36e97640 1 -- 10.20.193.57:0/3759353255 >> 10.20.193.57:0/3759353255 conn(0x7f0d3007cf00 msgr2=0x7f0d3007d310 unknown :-1 s=STATE_NONE l=0).mark_down
2026-02-19T23:51:13.162 INFO:teuthology.orchestra.run.trial057.stdout:/usr/bin/ceph: stderr
2026-02-19T23:51:09.605+0000 7f0d36e97640 1 -- 10.20.193.57:0/3759353255 shutdown_connections
2026-02-19T23:51:13.163 INFO:teuthology.orchestra.run.trial057.stdout:/usr/bin/ceph: stderr
2026-02-19T23:51:09.605+0000 7f0d36e97640 1 -- 10.20.193.57:0/3759353255 wait complete.
2026-02-19T23:51:13.163 INFO:teuthology.orchestra.run.trial057.stdout:/usr/bin/ceph: stderr
2026-02-19T23:51:09.605+0000 7f0d36e97640 1 Processor -- start
2026-02-19T23:51:13.163 INFO:teuthology.orchestra.run.trial057.stdout:/usr/bin/ceph: stderr
2026-02-19T23:51:09.605+0000 7f0d36e97640 1 -- start start
2026-02-19T23:51:13.163 INFO:teuthology.orchestra.run.trial057.stdout:/usr/bin/ceph: stderr
2026-02-19T23:51:09.605+0000 7f0d36e97640 1 --2- >> [v2:10.20.193.57:3300/0,v1:10.20.193.57:6789/0] conn(0x7f0d30109880 0x7f0d3019f770 unknown :-1 s=NONE pgs=0 cs=0 l=1 rev1=0 crypto rx=0 tx=0 comp rx=0 tx=0).connect
2026-02-19T23:51:13.163 INFO:teuthology.orchestra.run.trial057.stdout:/usr/bin/ceph: stderr
2026-02-19T23:51:09.605+0000 7f0d36e97640 1 -- --> [v2:10.20.193.57:3300/0,v1:10.20.193.57:6789/0] -- mon_getmap magic: 0 -- 0x7f0d3010dcb0 con 0x7f0d30109880
2026-02-19T23:51:13.163 INFO:teuthology.orchestra.run.trial057.stdout:/usr/bin/ceph: stderr
2026-02-19T23:51:09.605+0000 7f0d34c0c640 1 --2- >> [v2:10.20.193.57:3300/0,v1:10.20.193.57:6789/0] conn(0x7f0d30109880 0x7f0d3019f770 unknown :-1 s=BANNER_CONNECTING pgs=0 cs=0 l=1 rev1=0 crypto rx=0 tx=0 comp rx=0 tx=0)._handle_peer_banner_payload supported=3 required=0
2026-02-19T23:51:13.163 INFO:teuthology.orchestra.run.trial057.stdout:/usr/bin/ceph: stderr
2026-02-19T23:51:09.605+0000 7f0d34c0c640 1 --2- >> [v2:10.20.193.57:3300/0,v1:10.20.193.57:6789/0] conn(0x7f0d30109880 0x7f0d3019f770 unknown :-1 s=HELLO_CONNECTING pgs=0 cs=0 l=1 rev1=1 crypto rx=0 tx=0 comp rx=0 tx=0).handle_hello peer v2:10.20.193.57:3300/0 says I am v2:10.20.193.57:47574/0 (socket says 10.20.193.57:47574)
2026-02-19T23:51:13.163 INFO:teuthology.orchestra.run.trial057.stdout:/usr/bin/ceph: stderr
2026-02-19T23:51:09.605+0000 7f0d34c0c640 1 -- 10.20.193.57:0/2625096774 learned_addr learned my addr 10.20.193.57:0/2625096774 (peer_addr_for_me v2:10.20.193.57:0/0)
2026-02-19T23:51:13.163 INFO:teuthology.orchestra.run.trial057.stdout:/usr/bin/ceph: stderr
2026-02-19T23:51:09.605+0000 7f0d34c0c640 1 -- 10.20.193.57:0/2625096774 --> [v2:10.20.193.57:3300/0,v1:10.20.193.57:6789/0] -- mon_subscribe({config=0+,monmap=0+}) -- 0x7f0d3019fcb0 con 0x7f0d30109880
2026-02-19T23:51:13.163 INFO:teuthology.orchestra.run.trial057.stdout:/usr/bin/ceph: stderr
2026-02-19T23:51:09.606+0000 7f0d34c0c640 1 --2- 10.20.193.57:0/2625096774 >> [v2:10.20.193.57:3300/0,v1:10.20.193.57:6789/0] conn(0x7f0d30109880 0x7f0d3019f770 secure :-1 s=READY pgs=72 cs=0 l=1 rev1=1 crypto rx=0x7f0d20002410 tx=0x7f0d200379e0 comp rx=0 tx=0).ready entity=mon.0 client_cookie=0 server_cookie=0 in_seq=0 out_seq=0
2026-02-19T23:51:13.163 INFO:teuthology.orchestra.run.trial057.stdout:/usr/bin/ceph: stderr
2026-02-19T23:51:09.606+0000 7f0d25ffb640 1 -- 10.20.193.57:0/2625096774 <== mon.0 v2:10.20.193.57:3300/0 1 ==== mon_map magic: 0 ==== 226+0+0 (secure 0 0 0) 0x7f0d200358d0 con 0x7f0d30109880
2026-02-19T23:51:13.163 INFO:teuthology.orchestra.run.trial057.stdout:/usr/bin/ceph: stderr
2026-02-19T23:51:09.606+0000 7f0d36e97640 1 -- 10.20.193.57:0/2625096774 --> [v2:10.20.193.57:3300/0,v1:10.20.193.57:6789/0] -- mon_subscribe({mgrmap=0+}) -- 0x7f0d3019ff40 con 0x7f0d30109880
2026-02-19T23:51:13.163 INFO:teuthology.orchestra.run.trial057.stdout:/usr/bin/ceph: stderr
2026-02-19T23:51:09.606+0000 7f0d25ffb640 1 -- 10.20.193.57:0/2625096774 <== mon.0 v2:10.20.193.57:3300/0 2 ==== config(25 keys) ==== 1038+0+0 (secure 0 0 0) 0x7f0d20043430 con 0x7f0d30109880
2026-02-19T23:51:13.163 INFO:teuthology.orchestra.run.trial057.stdout:/usr/bin/ceph: stderr
2026-02-19T23:51:09.606+0000 7f0d25ffb640 1 -- 10.20.193.57:0/2625096774 <== mon.0 v2:10.20.193.57:3300/0 3 ==== mon_map magic: 0 ==== 226+0+0 (secure 0 0 0) 0x7f0d200423e0 con 0x7f0d30109880
2026-02-19T23:51:13.163 INFO:teuthology.orchestra.run.trial057.stdout:/usr/bin/ceph: stderr
2026-02-19T23:51:09.606+0000 7f0d36e97640 1 -- 10.20.193.57:0/2625096774 --> [v2:10.20.193.57:3300/0,v1:10.20.193.57:6789/0] -- mon_subscribe({osdmap=0}) -- 0x7f0d301a2c30 con 0x7f0d30109880
2026-02-19T23:51:13.163 INFO:teuthology.orchestra.run.trial057.stdout:/usr/bin/ceph: stderr
2026-02-19T23:51:09.606+0000 7f0d25ffb640 1 -- 10.20.193.57:0/2625096774 <== mon.0 v2:10.20.193.57:3300/0 4 ==== mgrmap(e 9) ==== 50274+0+0 (secure 0 0 0) 0x7f0d20043990 con 0x7f0d30109880
2026-02-19T23:51:13.163 INFO:teuthology.orchestra.run.trial057.stdout:/usr/bin/ceph: stderr
2026-02-19T23:51:09.606+0000 7f0d25ffb640 1 --2- 10.20.193.57:0/2625096774 >> [v2:10.20.193.57:6800/1583209240,v1:10.20.193.57:6801/1583209240] conn(0x7f0d0c03dbf0 0x7f0d0c0400b0 unknown :-1 s=NONE pgs=0 cs=0 l=1 rev1=0 crypto rx=0 tx=0 comp rx=0 tx=0).connect
2026-02-19T23:51:13.163 INFO:teuthology.orchestra.run.trial057.stdout:/usr/bin/ceph: stderr
2026-02-19T23:51:09.606+0000 7f0d25ffb640 1 -- 10.20.193.57:0/2625096774 --> [v2:10.20.193.57:6800/1583209240,v1:10.20.193.57:6801/1583209240] -- command(tid 0: {"prefix": "get_command_descriptions"}) -- 0x7f0d0c0407c0 con 0x7f0d0c03dbf0
2026-02-19T23:51:13.163 INFO:teuthology.orchestra.run.trial057.stdout:/usr/bin/ceph: stderr
2026-02-19T23:51:09.607+0000 7f0d27fff640 1 -- 10.20.193.57:0/2625096774 >> [v2:10.20.193.57:6800/1583209240,v1:10.20.193.57:6801/1583209240] conn(0x7f0d0c03dbf0 msgr2=0x7f0d0c0400b0 unknown :-1 s=STATE_CONNECTING_RE l=1).process reconnect failed to v2:10.20.193.57:6800/1583209240
2026-02-19T23:51:13.163 INFO:teuthology.orchestra.run.trial057.stdout:/usr/bin/ceph: stderr
2026-02-19T23:51:09.607+0000 7f0d25ffb640 1 -- 10.20.193.57:0/2625096774 <== mon.0 v2:10.20.193.57:3300/0 5 ==== osd_map(2..2 src has 1..2) ==== 940+0+0 (secure 0 0 0) 0x7f0d200763a0 con 0x7f0d30109880
2026-02-19T23:51:13.163 INFO:teuthology.orchestra.run.trial057.stdout:/usr/bin/ceph: stderr
2026-02-19T23:51:09.607+0000 7f0d27fff640 1 --2- 10.20.193.57:0/2625096774 >> [v2:10.20.193.57:6800/1583209240,v1:10.20.193.57:6801/1583209240] conn(0x7f0d0c03dbf0 0x7f0d0c0400b0 unknown :-1 s=START_CONNECT pgs=0 cs=0 l=1 rev1=0 crypto rx=0 tx=0 comp rx=0 tx=0)._fault waiting 0.200000
2026-02-19T23:51:13.163 INFO:teuthology.orchestra.run.trial057.stdout:/usr/bin/ceph: stderr
2026-02-19T23:51:09.808+0000 7f0d27fff640 1 -- 10.20.193.57:0/2625096774 >> [v2:10.20.193.57:6800/1583209240,v1:10.20.193.57:6801/1583209240] conn(0x7f0d0c03dbf0 msgr2=0x7f0d0c0400b0 unknown :-1 s=STATE_CONNECTING_RE l=1).process reconnect failed to v2:10.20.193.57:6800/1583209240
2026-02-19T23:51:13.163 INFO:teuthology.orchestra.run.trial057.stdout:/usr/bin/ceph: stderr
2026-02-19T23:51:09.808+0000 7f0d27fff640 1 --2- 10.20.193.57:0/2625096774 >> [v2:10.20.193.57:6800/1583209240,v1:10.20.193.57:6801/1583209240] conn(0x7f0d0c03dbf0 0x7f0d0c0400b0 unknown :-1 s=START_CONNECT pgs=0 cs=0 l=1 rev1=0 crypto rx=0 tx=0 comp rx=0 tx=0)._fault waiting 0.400000
2026-02-19T23:51:13.163 INFO:teuthology.orchestra.run.trial057.stdout:/usr/bin/ceph: stderr
2026-02-19T23:51:10.209+0000 7f0d27fff640 1 -- 10.20.193.57:0/2625096774 >> [v2:10.20.193.57:6800/1583209240,v1:10.20.193.57:6801/1583209240] conn(0x7f0d0c03dbf0 msgr2=0x7f0d0c0400b0 unknown :-1 s=STATE_CONNECTING_RE l=1).process reconnect failed to v2:10.20.193.57:6800/1583209240
2026-02-19T23:51:13.163 INFO:teuthology.orchestra.run.trial057.stdout:/usr/bin/ceph: stderr
2026-02-19T23:51:10.209+0000 7f0d27fff640 1 --2- 10.20.193.57:0/2625096774 >> [v2:10.20.193.57:6800/1583209240,v1:10.20.193.57:6801/1583209240] conn(0x7f0d0c03dbf0 0x7f0d0c0400b0 unknown :-1 s=START_CONNECT pgs=0 cs=0 l=1 rev1=0 crypto rx=0 tx=0 comp rx=0 tx=0)._fault waiting 0.800000
2026-02-19T23:51:13.163 INFO:teuthology.orchestra.run.trial057.stdout:/usr/bin/ceph: stderr
2026-02-19T23:51:11.010+0000 7f0d27fff640 1 -- 10.20.193.57:0/2625096774 >> [v2:10.20.193.57:6800/1583209240,v1:10.20.193.57:6801/1583209240] conn(0x7f0d0c03dbf0 msgr2=0x7f0d0c0400b0 unknown :-1 s=STATE_CONNECTING_RE l=1).process reconnect failed to v2:10.20.193.57:6800/1583209240
2026-02-19T23:51:13.163 INFO:teuthology.orchestra.run.trial057.stdout:/usr/bin/ceph: stderr
2026-02-19T23:51:11.010+0000 7f0d27fff640 1 --2- 10.20.193.57:0/2625096774 >> [v2:10.20.193.57:6800/1583209240,v1:10.20.193.57:6801/1583209240] conn(0x7f0d0c03dbf0 0x7f0d0c0400b0 unknown :-1 s=START_CONNECT pgs=0 cs=0 l=1 rev1=0 crypto rx=0 tx=0 comp rx=0 tx=0)._fault waiting 1.600000
2026-02-19T23:51:13.163 INFO:teuthology.orchestra.run.trial057.stdout:/usr/bin/ceph: stderr
2026-02-19T23:51:11.959+0000 7f0d25ffb640 1 -- 10.20.193.57:0/2625096774 <== mon.0 v2:10.20.193.57:3300/0 6 ==== mgrmap(e 10) ==== 50041+0+0 (secure 0 0 0) 0x7f0d200751a0 con 0x7f0d30109880
2026-02-19T23:51:13.163 INFO:teuthology.orchestra.run.trial057.stdout:/usr/bin/ceph: stderr
2026-02-19T23:51:11.959+0000 7f0d25ffb640 1 -- 10.20.193.57:0/2625096774 >> [v2:10.20.193.57:6800/1583209240,v1:10.20.193.57:6801/1583209240] conn(0x7f0d0c03dbf0 msgr2=0x7f0d0c0400b0 unknown :-1 s=STATE_CONNECTING l=1).mark_down
2026-02-19T23:51:13.163 INFO:teuthology.orchestra.run.trial057.stdout:/usr/bin/ceph: stderr
2026-02-19T23:51:11.959+0000 7f0d25ffb640 1 --2- 10.20.193.57:0/2625096774 >> [v2:10.20.193.57:6800/1583209240,v1:10.20.193.57:6801/1583209240] conn(0x7f0d0c03dbf0 0x7f0d0c0400b0 unknown :-1 s=START_CONNECT pgs=0 cs=0 l=1 rev1=0 crypto rx=0 tx=0 comp rx=0 tx=0).stop
2026-02-19T23:51:13.163 INFO:teuthology.orchestra.run.trial057.stdout:/usr/bin/ceph: stderr
2026-02-19T23:51:12.960+0000 7f0d25ffb640 1 -- 10.20.193.57:0/2625096774 <== mon.0 v2:10.20.193.57:3300/0 7 ==== mgrmap(e 11) ==== 50168+0+0 (secure 0 0 0) 0x7f0d20035a70 con 0x7f0d30109880
2026-02-19T23:51:13.163 INFO:teuthology.orchestra.run.trial057.stdout:/usr/bin/ceph: stderr
2026-02-19T23:51:12.960+0000 7f0d25ffb640 1 --2- 10.20.193.57:0/2625096774 >> [v2:10.20.193.57:6800/628549223,v1:10.20.193.57:6801/628549223] conn(0x7f0d0c0416d0 0x7f0d0c043ac0 unknown :-1 s=NONE pgs=0 cs=0 l=1 rev1=0 crypto rx=0 tx=0 comp rx=0 tx=0).connect
2026-02-19T23:51:13.163 INFO:teuthology.orchestra.run.trial057.stdout:/usr/bin/ceph: stderr
2026-02-19T23:51:12.960+0000 7f0d25ffb640 1 -- 10.20.193.57:0/2625096774 --> [v2:10.20.193.57:6800/628549223,v1:10.20.193.57:6801/628549223] -- command(tid 0: {"prefix": "get_command_descriptions"}) -- 0x7f0d2003dec0 con 0x7f0d0c0416d0
2026-02-19T23:51:13.163 INFO:teuthology.orchestra.run.trial057.stdout:/usr/bin/ceph: stderr
2026-02-19T23:51:12.961+0000 7f0d27fff640 1 --2- 10.20.193.57:0/2625096774 >> [v2:10.20.193.57:6800/628549223,v1:10.20.193.57:6801/628549223] conn(0x7f0d0c0416d0 0x7f0d0c043ac0 unknown :-1 s=BANNER_CONNECTING pgs=0 cs=0 l=1 rev1=0 crypto rx=0 tx=0 comp rx=0 tx=0)._handle_peer_banner_payload supported=3 required=0
2026-02-19T23:51:13.163 INFO:teuthology.orchestra.run.trial057.stdout:/usr/bin/ceph: stderr
2026-02-19T23:51:12.961+0000 7f0d27fff640 1 --2- 10.20.193.57:0/2625096774 >> [v2:10.20.193.57:6800/628549223,v1:10.20.193.57:6801/628549223] conn(0x7f0d0c0416d0 0x7f0d0c043ac0 secure :-1 s=READY pgs=1 cs=0 l=1 rev1=1 crypto rx=0x7f0d18003a80 tx=0x7f0d18009290 comp rx=0 tx=0).ready entity=mgr.14162 client_cookie=0 server_cookie=0 in_seq=0 out_seq=0
2026-02-19T23:51:13.163 INFO:teuthology.orchestra.run.trial057.stdout:/usr/bin/ceph: stderr
2026-02-19T23:51:12.961+0000 7f0d25ffb640 1 -- 10.20.193.57:0/2625096774 <== mgr.14162 v2:10.20.193.57:6800/628549223 1 ==== command_reply(tid 0: 0 ) ==== 8+0+8901 (secure 0 0 0) 0x7f0d2003dec0 con 0x7f0d0c0416d0
2026-02-19T23:51:13.163 INFO:teuthology.orchestra.run.trial057.stdout:/usr/bin/ceph: stderr
2026-02-19T23:51:12.965+0000 7f0d36e97640 1 -- 10.20.193.57:0/2625096774 --> [v2:10.20.193.57:6800/628549223,v1:10.20.193.57:6801/628549223] -- command(tid 1: {"prefix": "mgr_status"}) -- 0x7f0d30109d00 con 0x7f0d0c0416d0
2026-02-19T23:51:13.163 INFO:teuthology.orchestra.run.trial057.stdout:/usr/bin/ceph: stderr
2026-02-19T23:51:12.965+0000 7f0d25ffb640 1 -- 10.20.193.57:0/2625096774 <== mgr.14162 v2:10.20.193.57:6800/628549223 2 ==== command_reply(tid 1: 0 ) ==== 8+0+52 (secure 0 0 0) 0x7f0d30109d00 con 0x7f0d0c0416d0
2026-02-19T23:51:13.163 INFO:teuthology.orchestra.run.trial057.stdout:/usr/bin/ceph: stderr
2026-02-19T23:51:12.965+0000 7f0d36e97640 1 -- 10.20.193.57:0/2625096774 >> [v2:10.20.193.57:6800/628549223,v1:10.20.193.57:6801/628549223] conn(0x7f0d0c0416d0 msgr2=0x7f0d0c043ac0 secure :-1 s=STATE_CONNECTION_ESTABLISHED l=1).mark_down
2026-02-19T23:51:13.163 INFO:teuthology.orchestra.run.trial057.stdout:/usr/bin/ceph: stderr
2026-02-19T23:51:12.965+0000 7f0d36e97640 1 --2- 10.20.193.57:0/2625096774 >> [v2:10.20.193.57:6800/628549223,v1:10.20.193.57:6801/628549223] conn(0x7f0d0c0416d0 0x7f0d0c043ac0 secure :-1 s=READY pgs=1 cs=0 l=1 rev1=1 crypto rx=0x7f0d18003a80 tx=0x7f0d18009290 comp rx=0 tx=0).stop
2026-02-19T23:51:13.164 INFO:teuthology.orchestra.run.trial057.stdout:/usr/bin/ceph: stderr
2026-02-19T23:51:12.965+0000 7f0d36e97640 1 -- 10.20.193.57:0/2625096774 >> [v2:10.20.193.57:3300/0,v1:10.20.193.57:6789/0] conn(0x7f0d30109880 msgr2=0x7f0d3019f770 secure :-1 s=STATE_CONNECTION_ESTABLISHED l=1).mark_down
2026-02-19T23:51:13.164 INFO:teuthology.orchestra.run.trial057.stdout:/usr/bin/ceph: stderr
2026-02-19T23:51:12.965+0000 7f0d36e97640 1 --2- 10.20.193.57:0/2625096774 >> [v2:10.20.193.57:3300/0,v1:10.20.193.57:6789/0] conn(0x7f0d30109880 0x7f0d3019f770 secure :-1 s=READY pgs=72 cs=0 l=1 rev1=1 crypto rx=0x7f0d20002410 tx=0x7f0d200379e0 comp rx=0 tx=0).stop
2026-02-19T23:51:13.164 INFO:teuthology.orchestra.run.trial057.stdout:/usr/bin/ceph: stderr
2026-02-19T23:51:12.965+0000 7f0d36e97640 1 -- 10.20.193.57:0/2625096774 shutdown_connections
2026-02-19T23:51:13.164 INFO:teuthology.orchestra.run.trial057.stdout:/usr/bin/ceph: stderr
2026-02-19T23:51:12.965+0000 7f0d36e97640 1 --2- 10.20.193.57:0/2625096774 >> [v2:10.20.193.57:6800/628549223,v1:10.20.193.57:6801/628549223] conn(0x7f0d0c0416d0 0x7f0d0c043ac0 unknown :-1 s=CLOSED pgs=1 cs=0 l=1 rev1=1 crypto rx=0 tx=0 comp rx=0 tx=0).stop
2026-02-19T23:51:13.164 INFO:teuthology.orchestra.run.trial057.stdout:/usr/bin/ceph: stderr
2026-02-19T23:51:12.965+0000 7f0d36e97640 1 --2- 10.20.193.57:0/2625096774 >> [v2:10.20.193.57:6800/1583209240,v1:10.20.193.57:6801/1583209240] conn(0x7f0d0c03dbf0 0x7f0d0c0400b0 unknown :-1 s=CLOSED pgs=0 cs=0 l=1 rev1=0 crypto rx=0 tx=0 comp rx=0 tx=0).stop
2026-02-19T23:51:13.164 INFO:teuthology.orchestra.run.trial057.stdout:/usr/bin/ceph: stderr
2026-02-19T23:51:12.965+0000 7f0d36e97640 1 --2- 10.20.193.57:0/2625096774 >> [v2:10.20.193.57:3300/0,v1:10.20.193.57:6789/0] conn(0x7f0d30109880 0x7f0d3019f770 unknown :-1 s=CLOSED pgs=72 cs=0 l=1 rev1=1 crypto rx=0 tx=0 comp rx=0 tx=0).stop
2026-02-19T23:51:13.164 INFO:teuthology.orchestra.run.trial057.stdout:/usr/bin/ceph: stderr
2026-02-19T23:51:12.965+0000 7f0d36e97640 1 -- 10.20.193.57:0/2625096774 >> 10.20.193.57:0/2625096774 conn(0x7f0d3007cf00 msgr2=0x7f0d30107040 unknown :-1 s=STATE_NONE l=0).mark_down
2026-02-19T23:51:13.164 INFO:teuthology.orchestra.run.trial057.stdout:/usr/bin/ceph: stderr
2026-02-19T23:51:12.965+0000 7f0d36e97640 1 -- 10.20.193.57:0/2625096774 shutdown_connections
2026-02-19T23:51:13.164 INFO:teuthology.orchestra.run.trial057.stdout:/usr/bin/ceph: stderr
2026-02-19T23:51:12.965+0000 7f0d36e97640 1 -- 10.20.193.57:0/2625096774 wait complete.
2026-02-19T23:51:13.164 INFO:teuthology.orchestra.run.trial057.stdout:mgr epoch 9 is available
2026-02-19T23:51:13.164 INFO:teuthology.orchestra.run.trial057.stdout:Generating a dashboard self-signed certificate...
2026-02-19T23:51:13.583 INFO:journalctl@ceph.mon.trial057.trial057.stdout:Feb 19 23:51:13 trial057 ceph-mon[38134]: from='mgr.14162 10.20.193.57:0/1648532536' entity='mgr.trial057.bajolw'
2026-02-19T23:51:13.583 INFO:journalctl@ceph.mon.trial057.trial057.stdout:Feb 19 23:51:13 trial057 ceph-mon[38134]: from='mgr.14162 10.20.193.57:0/1648532536' entity='mgr.trial057.bajolw'
2026-02-19T23:51:13.583 INFO:journalctl@ceph.mon.trial057.trial057.stdout:Feb 19 23:51:13 trial057 ceph-mon[38134]: [19/Feb/2026:23:51:12] ENGINE Bus STARTING
2026-02-19T23:51:13.583 INFO:journalctl@ceph.mon.trial057.trial057.stdout:Feb 19 23:51:13 trial057 ceph-mon[38134]: from='client.14166 -' entity='client.admin' cmd=[{"prefix": "get_command_descriptions"}]: dispatch
2026-02-19T23:51:13.583 INFO:journalctl@ceph.mon.trial057.trial057.stdout:Feb 19 23:51:13 trial057 ceph-mon[38134]: mgrmap e11: trial057.bajolw(active, since 1.00468s)
2026-02-19T23:51:13.583 INFO:journalctl@ceph.mon.trial057.trial057.stdout:Feb 19 23:51:13 trial057 ceph-mon[38134]: from='client.14166 -' entity='client.admin' cmd=[{"prefix": "mgr_status"}]: dispatch
2026-02-19T23:51:13.583 INFO:journalctl@ceph.mon.trial057.trial057.stdout:Feb 19 23:51:13 trial057 ceph-mon[38134]: [19/Feb/2026:23:51:13] ENGINE Serving on http://10.20.193.57:8765
2026-02-19T23:51:13.583 INFO:journalctl@ceph.mon.trial057.trial057.stdout:Feb 19 23:51:13 trial057 ceph-mon[38134]: [19/Feb/2026:23:51:13] ENGINE Serving on https://10.20.193.57:7150
2026-02-19T23:51:13.583 INFO:journalctl@ceph.mon.trial057.trial057.stdout:Feb 19 23:51:13 trial057 ceph-mon[38134]: [19/Feb/2026:23:51:13] ENGINE Bus STARTED
2026-02-19T23:51:13.583 INFO:journalctl@ceph.mon.trial057.trial057.stdout:Feb 19 23:51:13 trial057 ceph-mon[38134]: [19/Feb/2026:23:51:13] ENGINE Client ('10.20.193.57', 39186) lost — peer dropped the TLS connection suddenly, during handshake: (6, 'TLS/SSL connection has been closed (EOF) (_ssl.c:1147)')
2026-02-19T23:51:13.806 INFO:teuthology.orchestra.run.trial057.stdout:/usr/bin/ceph: stdout Self-signed certificate created
2026-02-19T23:51:13.806 INFO:teuthology.orchestra.run.trial057.stdout:/usr/bin/ceph: stderr
2026-02-19T23:51:13.625+0000 7fe3b5246640 1 Processor -- start
2026-02-19T23:51:13.806 INFO:teuthology.orchestra.run.trial057.stdout:/usr/bin/ceph: stderr
2026-02-19T23:51:13.625+0000 7fe3b5246640 1 -- start start
2026-02-19T23:51:13.806 INFO:teuthology.orchestra.run.trial057.stdout:/usr/bin/ceph: stderr
2026-02-19T23:51:13.625+0000 7fe3b5246640 1 --2- >> [v2:10.20.193.57:3300/0,v1:10.20.193.57:6789/0] conn(0x7fe3b0109880 0x7fe3b0109c80 unknown :-1 s=NONE pgs=0 cs=0 l=0 rev1=0 crypto rx=0 tx=0 comp rx=0 tx=0).connect
2026-02-19T23:51:13.806 INFO:teuthology.orchestra.run.trial057.stdout:/usr/bin/ceph: stderr
2026-02-19T23:51:13.625+0000 7fe3b5246640 1 -- --> [v2:10.20.193.57:3300/0,v1:10.20.193.57:6789/0] -- mon_getmap magic: 0 -- 0x7fe3b010a250 con 0x7fe3b0109880
