2026-02-19T23:51:04.364 INFO:teuthology.orchestra.run.trial057.stdout:/usr/bin/ceph: stderr
2026-02-19T23:51:04.245+0000 7f1d3b7fe640 1 -- 10.20.193.57:0/207303353 <== mon.0 v2:10.20.193.57:3300/0 1 ==== mon_map magic: 0 ==== 226+0+0 (secure 0 0 0) 0x7f1d44035c10 con 0x7f1d54109880
2026-02-19T23:51:04.364 INFO:teuthology.orchestra.run.trial057.stdout:/usr/bin/ceph: stderr
2026-02-19T23:51:04.245+0000 7f1d5c5da640 1 -- 10.20.193.57:0/207303353 --> [v2:10.20.193.57:3300/0,v1:10.20.193.57:6789/0] -- mon_subscribe({mgrmap=0+}) -- 0x7f1d5419ff00 con 0x7f1d54109880
2026-02-19T23:51:04.364 INFO:teuthology.orchestra.run.trial057.stdout:/usr/bin/ceph: stderr
2026-02-19T23:51:04.245+0000 7f1d3b7fe640 1 -- 10.20.193.57:0/207303353 <== mon.0 v2:10.20.193.57:3300/0 2 ==== config(25 keys) ==== 1007+0+0 (secure 0 0 0) 0x7f1d44035db0 con 0x7f1d54109880
2026-02-19T23:51:04.364 INFO:teuthology.orchestra.run.trial057.stdout:/usr/bin/ceph: stderr
2026-02-19T23:51:04.245+0000 7f1d3b7fe640 1 -- 10.20.193.57:0/207303353 <== mon.0 v2:10.20.193.57:3300/0 3 ==== mon_map magic: 0 ==== 226+0+0 (secure 0 0 0) 0x7f1d440413a0 con 0x7f1d54109880
2026-02-19T23:51:04.364 INFO:teuthology.orchestra.run.trial057.stdout:/usr/bin/ceph: stderr
2026-02-19T23:51:04.245+0000 7f1d5c5da640 1 -- 10.20.193.57:0/207303353 --> [v2:10.20.193.57:3300/0,v1:10.20.193.57:6789/0] -- mon_subscribe({osdmap=0}) -- 0x7f1d541a2bf0 con 0x7f1d54109880
2026-02-19T23:51:04.364 INFO:teuthology.orchestra.run.trial057.stdout:/usr/bin/ceph: stderr
2026-02-19T23:51:04.245+0000 7f1d3b7fe640 1 -- 10.20.193.57:0/207303353 <== mon.0 v2:10.20.193.57:3300/0 4 ==== mgrmap(e 7) ==== 50155+0+0 (secure 0 0 0) 0x7f1d440423f0 con 0x7f1d54109880
2026-02-19T23:51:04.364 INFO:teuthology.orchestra.run.trial057.stdout:/usr/bin/ceph: stderr
2026-02-19T23:51:04.245+0000 7f1d5c5da640 1 -- 10.20.193.57:0/207303353 --> [v2:10.20.193.57:3300/0,v1:10.20.193.57:6789/0] -- mon_command({"prefix": "get_command_descriptions"} v 0) -- 0x7f1d54109d00 con 0x7f1d54109880
2026-02-19T23:51:04.364 INFO:teuthology.orchestra.run.trial057.stdout:/usr/bin/ceph: stderr
2026-02-19T23:51:04.245+0000 7f1d3b7fe640 1 --2- 10.20.193.57:0/207303353 >> [v2:10.20.193.57:6800/1583209240,v1:10.20.193.57:6801/1583209240] conn(0x7f1d3003dad0 0x7f1d3003ff90 unknown :-1 s=NONE pgs=0 cs=0 l=1 rev1=0 crypto rx=0 tx=0 comp rx=0 tx=0).connect
2026-02-19T23:51:04.364 INFO:teuthology.orchestra.run.trial057.stdout:/usr/bin/ceph: stderr
2026-02-19T23:51:04.245+0000 7f1d3b7fe640 1 -- 10.20.193.57:0/207303353 <== mon.0 v2:10.20.193.57:3300/0 5 ==== osd_map(2..2 src has 1..2) ==== 940+0+0 (secure 0 0 0) 0x7f1d44076570 con 0x7f1d54109880
2026-02-19T23:51:04.365 INFO:teuthology.orchestra.run.trial057.stdout:/usr/bin/ceph: stderr
2026-02-19T23:51:04.245+0000 7f1d59b4e640 1 --2- 10.20.193.57:0/207303353 >> [v2:10.20.193.57:6800/1583209240,v1:10.20.193.57:6801/1583209240] conn(0x7f1d3003dad0 0x7f1d3003ff90 unknown :-1 s=BANNER_CONNECTING pgs=0 cs=0 l=1 rev1=0 crypto rx=0 tx=0 comp rx=0 tx=0)._handle_peer_banner_payload supported=3 required=0
2026-02-19T23:51:04.365 INFO:teuthology.orchestra.run.trial057.stdout:/usr/bin/ceph: stderr
2026-02-19T23:51:04.246+0000 7f1d59b4e640 1 --2- 10.20.193.57:0/207303353 >> [v2:10.20.193.57:6800/1583209240,v1:10.20.193.57:6801/1583209240] conn(0x7f1d3003dad0 0x7f1d3003ff90 secure :-1 s=READY pgs=10 cs=0 l=1 rev1=1 crypto rx=0x7f1d480099c0 tx=0x7f1d48006eb0 comp rx=0 tx=0).ready entity=mgr.14118 client_cookie=0 server_cookie=0 in_seq=0 out_seq=0
2026-02-19T23:51:04.365 INFO:teuthology.orchestra.run.trial057.stdout:/usr/bin/ceph: stderr
2026-02-19T23:51:04.248+0000 7f1d3b7fe640 1 -- 10.20.193.57:0/207303353 <== mon.0 v2:10.20.193.57:3300/0 6 ==== mon_command_ack([{"prefix": "get_command_descriptions"}]=0 v0) ==== 72+0+195034 (secure 0 0 0) 0x7f1d44036e50 con 0x7f1d54109880
2026-02-19T23:51:04.365 INFO:teuthology.orchestra.run.trial057.stdout:/usr/bin/ceph: stderr
2026-02-19T23:51:04.333+0000 7f1d5c5da640 1 -- 10.20.193.57:0/207303353 --> [v2:10.20.193.57:6800/1583209240,v1:10.20.193.57:6801/1583209240] -- mgr_command(tid 0: {"prefix": "cephadm get-pub-key", "target": ["mon-mgr", ""]}) -- 0x7f1d541077a0 con 0x7f1d3003dad0
2026-02-19T23:51:04.365 INFO:teuthology.orchestra.run.trial057.stdout:/usr/bin/ceph: stderr
2026-02-19T23:51:04.333+0000 7f1d3b7fe640 1 -- 10.20.193.57:0/207303353 <== mgr.14118 v2:10.20.193.57:6800/1583209240 1 ==== mgr_command_reply(tid 0: 0 ) ==== 8+0+123 (secure 0 0 0) 0x7f1d541077a0 con 0x7f1d3003dad0
2026-02-19T23:51:04.365 INFO:teuthology.orchestra.run.trial057.stdout:/usr/bin/ceph: stderr
2026-02-19T23:51:04.334+0000 7f1d5c5da640 1 -- 10.20.193.57:0/207303353 >> [v2:10.20.193.57:6800/1583209240,v1:10.20.193.57:6801/1583209240] conn(0x7f1d3003dad0 msgr2=0x7f1d3003ff90 secure :-1 s=STATE_CONNECTION_ESTABLISHED l=1).mark_down
2026-02-19T23:51:04.365 INFO:teuthology.orchestra.run.trial057.stdout:/usr/bin/ceph: stderr
2026-02-19T23:51:04.334+0000 7f1d5c5da640 1 --2- 10.20.193.57:0/207303353 >> [v2:10.20.193.57:6800/1583209240,v1:10.20.193.57:6801/1583209240] conn(0x7f1d3003dad0 0x7f1d3003ff90 secure :-1 s=READY pgs=10 cs=0 l=1 rev1=1 crypto rx=0x7f1d480099c0 tx=0x7f1d48006eb0 comp rx=0 tx=0).stop
2026-02-19T23:51:04.365 INFO:teuthology.orchestra.run.trial057.stdout:/usr/bin/ceph: stderr
2026-02-19T23:51:04.334+0000 7f1d5c5da640 1 -- 10.20.193.57:0/207303353 >> [v2:10.20.193.57:3300/0,v1:10.20.193.57:6789/0] conn(0x7f1d54109880 msgr2=0x7f1d5419f730 secure :-1 s=STATE_CONNECTION_ESTABLISHED l=1).mark_down
2026-02-19T23:51:04.365 INFO:teuthology.orchestra.run.trial057.stdout:/usr/bin/ceph: stderr
2026-02-19T23:51:04.334+0000 7f1d5c5da640 1 --2- 10.20.193.57:0/207303353 >> [v2:10.20.193.57:3300/0,v1:10.20.193.57:6789/0] conn(0x7f1d54109880 0x7f1d5419f730 secure :-1 s=READY pgs=42 cs=0 l=1 rev1=1 crypto rx=0x7f1d44037b20 tx=0x7f1d440358c0 comp rx=0 tx=0).stop
2026-02-19T23:51:04.365 INFO:teuthology.orchestra.run.trial057.stdout:/usr/bin/ceph: stderr
2026-02-19T23:51:04.334+0000 7f1d5c5da640 1 -- 10.20.193.57:0/207303353 shutdown_connections
2026-02-19T23:51:04.365 INFO:teuthology.orchestra.run.trial057.stdout:/usr/bin/ceph: stderr
2026-02-19T23:51:04.334+0000 7f1d5c5da640 1 --2- 10.20.193.57:0/207303353 >> [v2:10.20.193.57:6800/1583209240,v1:10.20.193.57:6801/1583209240] conn(0x7f1d3003dad0 0x7f1d3003ff90 unknown :-1 s=CLOSED pgs=10 cs=0 l=1 rev1=1 crypto rx=0 tx=0 comp rx=0 tx=0).stop
2026-02-19T23:51:04.366 INFO:teuthology.orchestra.run.trial057.stdout:/usr/bin/ceph: stderr
2026-02-19T23:51:04.334+0000 7f1d5c5da640 1 --2- 10.20.193.57:0/207303353 >> [v2:10.20.193.57:3300/0,v1:10.20.193.57:6789/0] conn(0x7f1d54109880 0x7f1d5419f730 unknown :-1 s=CLOSED pgs=42 cs=0 l=1 rev1=1 crypto rx=0 tx=0 comp rx=0 tx=0).stop
2026-02-19T23:51:04.366 INFO:teuthology.orchestra.run.trial057.stdout:/usr/bin/ceph: stderr
2026-02-19T23:51:04.334+0000 7f1d5c5da640 1 -- 10.20.193.57:0/207303353 >> 10.20.193.57:0/207303353 conn(0x7f1d5407ce10 msgr2=0x7f1d54107090 unknown :-1 s=STATE_NONE l=0).mark_down
2026-02-19T23:51:04.366 INFO:teuthology.orchestra.run.trial057.stdout:/usr/bin/ceph: stderr
2026-02-19T23:51:04.334+0000 7f1d5c5da640 1 -- 10.20.193.57:0/207303353 shutdown_connections
2026-02-19T23:51:04.366 INFO:teuthology.orchestra.run.trial057.stdout:/usr/bin/ceph: stderr
2026-02-19T23:51:04.334+0000 7f1d5c5da640 1 -- 10.20.193.57:0/207303353 wait complete.
2026-02-19T23:51:04.366 INFO:teuthology.orchestra.run.trial057.stdout:Wrote public SSH key to /home/ubuntu/cephtest/ceph.pub
2026-02-19T23:51:04.366 INFO:teuthology.orchestra.run.trial057.stdout:Adding key to root@localhost authorized_keys...
2026-02-19T23:51:04.366 INFO:teuthology.orchestra.run.trial057.stdout:Adding host trial057...
2026-02-19T23:51:04.839 INFO:journalctl@ceph.mon.trial057.trial057.stdout:Feb 19 23:51:04 trial057 ceph-mon[38134]: from='client.14122 -' entity='client.admin' cmd=[{"prefix": "get_command_descriptions"}]: dispatch
2026-02-19T23:51:04.839 INFO:journalctl@ceph.mon.trial057.trial057.stdout:Feb 19 23:51:04 trial057 ceph-mon[38134]: from='client.14122 -' entity='client.admin' cmd=[{"prefix": "mgr_status"}]: dispatch
2026-02-19T23:51:04.839 INFO:journalctl@ceph.mon.trial057.trial057.stdout:Feb 19 23:51:04 trial057 ceph-mon[38134]: from='client.14130 -' entity='client.admin' cmd=[{"prefix": "orch set backend", "module_name": "cephadm", "target": ["mon-mgr", ""]}]: dispatch
2026-02-19T23:51:04.839 INFO:journalctl@ceph.mon.trial057.trial057.stdout:Feb 19 23:51:04 trial057 ceph-mon[38134]: from='mgr.14118 10.20.193.57:0/2241813291' entity='mgr.trial057.bajolw'
2026-02-19T23:51:04.839 INFO:journalctl@ceph.mon.trial057.trial057.stdout:Feb 19 23:51:04 trial057 ceph-mon[38134]: from='mgr.14118 10.20.193.57:0/2241813291' entity='mgr.trial057.bajolw' cmd=[{"prefix": "config dump", "format": "json"}]: dispatch
2026-02-19T23:51:04.839 INFO:journalctl@ceph.mon.trial057.trial057.stdout:Feb 19 23:51:04 trial057 ceph-mon[38134]: from='mgr.14118 10.20.193.57:0/2241813291' entity='mgr.trial057.bajolw'
2026-02-19T23:51:04.839 INFO:journalctl@ceph.mon.trial057.trial057.stdout:Feb 19 23:51:04 trial057 ceph-mon[38134]: from='mgr.14118 10.20.193.57:0/2241813291' entity='mgr.trial057.bajolw'
2026-02-19T23:51:04.839 INFO:journalctl@ceph.mon.trial057.trial057.stdout:Feb 19 23:51:04 trial057 ceph-mon[38134]: from='mgr.14118 10.20.193.57:0/2241813291' entity='mgr.trial057.bajolw' cmd=[{"prefix": "config dump", "format": "json"}]: dispatch
2026-02-19T23:51:05.965 INFO:journalctl@ceph.mon.trial057.trial057.stdout:Feb 19 23:51:05 trial057 ceph-mon[38134]: from='client.14132 -' entity='client.admin' cmd=[{"prefix": "cephadm set-user", "user": "root", "target": ["mon-mgr", ""]}]: dispatch
2026-02-19T23:51:05.966 INFO:journalctl@ceph.mon.trial057.trial057.stdout:Feb 19 23:51:05 trial057 ceph-mon[38134]: [19/Feb/2026:23:51:04] ENGINE Bus STARTING
2026-02-19T23:51:05.966 INFO:journalctl@ceph.mon.trial057.trial057.stdout:Feb 19 23:51:05 trial057 ceph-mon[38134]: from='client.14134 -' entity='client.admin' cmd=[{"prefix": "cephadm generate-key", "target": ["mon-mgr", ""]}]: dispatch
2026-02-19T23:51:05.966 INFO:journalctl@ceph.mon.trial057.trial057.stdout:Feb 19 23:51:05 trial057 ceph-mon[38134]: Generating ssh key...
2026-02-19T23:51:05.966 INFO:journalctl@ceph.mon.trial057.trial057.stdout:Feb 19 23:51:05 trial057 ceph-mon[38134]: [19/Feb/2026:23:51:04] ENGINE Serving on http://10.20.193.57:8765
2026-02-19T23:51:05.966 INFO:journalctl@ceph.mon.trial057.trial057.stdout:Feb 19 23:51:05 trial057 ceph-mon[38134]: [19/Feb/2026:23:51:04] ENGINE Serving on https://10.20.193.57:7150
2026-02-19T23:51:05.966 INFO:journalctl@ceph.mon.trial057.trial057.stdout:Feb 19 23:51:05 trial057 ceph-mon[38134]: [19/Feb/2026:23:51:04] ENGINE Bus STARTED
2026-02-19T23:51:05.966 INFO:journalctl@ceph.mon.trial057.trial057.stdout:Feb 19 23:51:05 trial057 ceph-mon[38134]: [19/Feb/2026:23:51:04] ENGINE Client ('10.20.193.57', 46614) lost — peer dropped the TLS connection suddenly, during handshake: (6, 'TLS/SSL connection has been closed (EOF) (_ssl.c:1147)')
2026-02-19T23:51:05.966 INFO:journalctl@ceph.mon.trial057.trial057.stdout:Feb 19 23:51:05 trial057 ceph-mon[38134]: from='client.14136 -' entity='client.admin' cmd=[{"prefix": "cephadm get-pub-key", "target": ["mon-mgr", ""]}]: dispatch
2026-02-19T23:51:05.966 INFO:journalctl@ceph.mon.trial057.trial057.stdout:Feb 19 23:51:05 trial057 ceph-mon[38134]: from='client.14138 -' entity='client.admin' cmd=[{"prefix": "orch host add", "hostname": "trial057", "addr": "10.20.193.57", "target": ["mon-mgr", ""]}]: dispatch
2026-02-19T23:51:05.966 INFO:journalctl@ceph.mon.trial057.trial057.stdout:Feb 19 23:51:05 trial057 ceph-mon[38134]: mgrmap e8: trial057.bajolw(active, since 2s)
2026-02-19T23:51:06.009 INFO:teuthology.orchestra.run.trial057.stdout:/usr/bin/ceph: stdout Added host 'trial057' with addr '10.20.193.57'
2026-02-19T23:51:06.009 INFO:teuthology.orchestra.run.trial057.stdout:/usr/bin/ceph: stderr
2026-02-19T23:51:04.446+0000 7f2cb230c640 1 Processor -- start
2026-02-19T23:51:06.009 INFO:teuthology.orchestra.run.trial057.stdout:/usr/bin/ceph: stderr
2026-02-19T23:51:04.446+0000 7f2cb230c640 1 -- start start
2026-02-19T23:51:06.009 INFO:teuthology.orchestra.run.trial057.stdout:/usr/bin/ceph: stderr
2026-02-19T23:51:04.446+0000 7f2cb230c640 1 --2- >> [v2:10.20.193.57:3300/0,v1:10.20.193.57:6789/0] conn(0x7f2cac109880 0x7f2cac109c80 unknown :-1 s=NONE pgs=0 cs=0 l=0 rev1=0 crypto rx=0 tx=0 comp rx=0 tx=0).connect
2026-02-19T23:51:06.009 INFO:teuthology.orchestra.run.trial057.stdout:/usr/bin/ceph: stderr
2026-02-19T23:51:04.447+0000 7f2cb230c640 1 -- --> [v2:10.20.193.57:3300/0,v1:10.20.193.57:6789/0] -- mon_getmap magic: 0 -- 0x7f2cac10a250 con 0x7f2cac109880
2026-02-19T23:51:06.009 INFO:teuthology.orchestra.run.trial057.stdout:/usr/bin/ceph: stderr
2026-02-19T23:51:04.447+0000 7f2cabfff640 1 --2- >> [v2:10.20.193.57:3300/0,v1:10.20.193.57:6789/0] conn(0x7f2cac109880 0x7f2cac109c80 unknown :-1 s=BANNER_CONNECTING pgs=0 cs=0 l=0 rev1=0 crypto rx=0 tx=0 comp rx=0 tx=0)._handle_peer_banner_payload supported=3 required=0
2026-02-19T23:51:06.009 INFO:teuthology.orchestra.run.trial057.stdout:/usr/bin/ceph: stderr
2026-02-19T23:51:04.447+0000 7f2cabfff640 1 --2- >> [v2:10.20.193.57:3300/0,v1:10.20.193.57:6789/0] conn(0x7f2cac109880 0x7f2cac109c80 unknown :-1 s=HELLO_CONNECTING pgs=0 cs=0 l=0 rev1=1 crypto rx=0 tx=0 comp rx=0 tx=0).handle_hello peer v2:10.20.193.57:3300/0 says I am v2:10.20.193.57:43982/0 (socket says 10.20.193.57:43982)
2026-02-19T23:51:06.009 INFO:teuthology.orchestra.run.trial057.stdout:/usr/bin/ceph: stderr
2026-02-19T23:51:04.447+0000 7f2cabfff640 1 -- 10.20.193.57:0/347799628 learned_addr learned my addr 10.20.193.57:0/347799628 (peer_addr_for_me v2:10.20.193.57:0/0)
2026-02-19T23:51:06.009 INFO:teuthology.orchestra.run.trial057.stdout:/usr/bin/ceph: stderr
2026-02-19T23:51:04.447+0000 7f2cabfff640 1 -- 10.20.193.57:0/347799628 --> [v2:10.20.193.57:3300/0,v1:10.20.193.57:6789/0] -- mon_subscribe({config=0+,monmap=0+}) -- 0x7f2cac10aa80 con 0x7f2cac109880
2026-02-19T23:51:06.009 INFO:teuthology.orchestra.run.trial057.stdout:/usr/bin/ceph: stderr
2026-02-19T23:51:04.447+0000 7f2cabfff640 1 --2- 10.20.193.57:0/347799628 >> [v2:10.20.193.57:3300/0,v1:10.20.193.57:6789/0] conn(0x7f2cac109880 0x7f2cac109c80 secure :-1 s=READY pgs=43 cs=0 l=1 rev1=1 crypto rx=0x7f2c98009920 tx=0x7f2c9802ef20 comp rx=0 tx=0).ready entity=mon.0 client_cookie=6123882542f1f594 server_cookie=0 in_seq=0 out_seq=0
2026-02-19T23:51:06.009 INFO:teuthology.orchestra.run.trial057.stdout:/usr/bin/ceph: stderr
2026-02-19T23:51:04.447+0000 7f2caaffd640 1 -- 10.20.193.57:0/347799628 <== mon.0 v2:10.20.193.57:3300/0 1 ==== mon_map magic: 0 ==== 226+0+0 (secure 0 0 0) 0x7f2c9803c070 con 0x7f2cac109880
2026-02-19T23:51:06.009 INFO:teuthology.orchestra.run.trial057.stdout:/usr/bin/ceph: stderr
2026-02-19T23:51:04.447+0000 7f2caaffd640 1 -- 10.20.193.57:0/347799628 <== mon.0 v2:10.20.193.57:3300/0 2 ==== config(25 keys) ==== 1007+0+0 (secure 0 0 0) 0x7f2c9802fe00 con 0x7f2cac109880
2026-02-19T23:51:06.009 INFO:teuthology.orchestra.run.trial057.stdout:/usr/bin/ceph: stderr
2026-02-19T23:51:04.447+0000 7f2caaffd640 1 -- 10.20.193.57:0/347799628 <== mon.0 v2:10.20.193.57:3300/0 3 ==== mon_map magic: 0 ==== 226+0+0 (secure 0 0 0) 0x7f2c98035340 con 0x7f2cac109880
2026-02-19T23:51:06.010 INFO:teuthology.orchestra.run.trial057.stdout:/usr/bin/ceph: stderr
2026-02-19T23:51:04.448+0000 7f2cb230c640 1 -- 10.20.193.57:0/347799628 >> [v2:10.20.193.57:3300/0,v1:10.20.193.57:6789/0] conn(0x7f2cac109880 msgr2=0x7f2cac109c80 secure :-1 s=STATE_CONNECTION_ESTABLISHED l=1).mark_down
2026-02-19T23:51:06.010 INFO:teuthology.orchestra.run.trial057.stdout:/usr/bin/ceph: stderr
2026-02-19T23:51:04.448+0000 7f2cb230c640 1 --2- 10.20.193.57:0/347799628 >> [v2:10.20.193.57:3300/0,v1:10.20.193.57:6789/0] conn(0x7f2cac109880 0x7f2cac109c80 secure :-1 s=READY pgs=43 cs=0 l=1 rev1=1 crypto rx=0x7f2c98009920 tx=0x7f2c9802ef20 comp rx=0 tx=0).stop
2026-02-19T23:51:06.010 INFO:teuthology.orchestra.run.trial057.stdout:/usr/bin/ceph: stderr
2026-02-19T23:51:04.448+0000 7f2cb230c640 1 -- 10.20.193.57:0/347799628 shutdown_connections
2026-02-19T23:51:06.010 INFO:teuthology.orchestra.run.trial057.stdout:/usr/bin/ceph: stderr
2026-02-19T23:51:04.448+0000 7f2cb230c640 1 --2- 10.20.193.57:0/347799628 >> [v2:10.20.193.57:3300/0,v1:10.20.193.57:6789/0] conn(0x7f2cac109880 0x7f2cac109c80 unknown :-1 s=CLOSED pgs=43 cs=0 l=1 rev1=1 crypto rx=0 tx=0 comp rx=0 tx=0).stop
2026-02-19T23:51:06.010 INFO:teuthology.orchestra.run.trial057.stdout:/usr/bin/ceph: stderr
2026-02-19T23:51:04.448+0000 7f2cb230c640 1 -- 10.20.193.57:0/347799628 >> 10.20.193.57:0/347799628 conn(0x7f2cac07ce10 msgr2=0x7f2cac07d220 unknown :-1 s=STATE_NONE l=0).mark_down
2026-02-19T23:51:06.010 INFO:teuthology.orchestra.run.trial057.stdout:/usr/bin/ceph: stderr
2026-02-19T23:51:04.448+0000 7f2cb230c640 1 -- 10.20.193.57:0/347799628 shutdown_connections
2026-02-19T23:51:06.010 INFO:teuthology.orchestra.run.trial057.stdout:/usr/bin/ceph: stderr
2026-02-19T23:51:04.448+0000 7f2cb230c640 1 -- 10.20.193.57:0/347799628 wait complete.
2026-02-19T23:51:06.010 INFO:teuthology.orchestra.run.trial057.stdout:/usr/bin/ceph: stderr
2026-02-19T23:51:04.448+0000 7f2cb230c640 1 Processor -- start
2026-02-19T23:51:06.010 INFO:teuthology.orchestra.run.trial057.stdout:/usr/bin/ceph: stderr
2026-02-19T23:51:04.448+0000 7f2cb230c640 1 -- start start
2026-02-19T23:51:06.010 INFO:teuthology.orchestra.run.trial057.stdout:/usr/bin/ceph: stderr
2026-02-19T23:51:04.448+0000 7f2cb230c640 1 --2- >> [v2:10.20.193.57:3300/0,v1:10.20.193.57:6789/0] conn(0x7f2cac109880 0x7f2cac19f730 unknown :-1 s=NONE pgs=0 cs=0 l=1 rev1=0 crypto rx=0 tx=0 comp rx=0 tx=0).connect
2026-02-19T23:51:06.010 INFO:teuthology.orchestra.run.trial057.stdout:/usr/bin/ceph: stderr
2026-02-19T23:51:04.448+0000 7f2cb230c640 1 -- --> [v2:10.20.193.57:3300/0,v1:10.20.193.57:6789/0] -- mon_getmap magic: 0 -- 0x7f2cac10dcb0 con 0x7f2cac109880
2026-02-19T23:51:06.010 INFO:teuthology.orchestra.run.trial057.stdout:/usr/bin/ceph: stderr
2026-02-19T23:51:04.448+0000 7f2cabfff640 1 --2- >> [v2:10.20.193.57:3300/0,v1:10.20.193.57:6789/0] conn(0x7f2cac109880 0x7f2cac19f730 unknown :-1 s=BANNER_CONNECTING pgs=0 cs=0 l=1 rev1=0 crypto rx=0 tx=0 comp rx=0 tx=0)._handle_peer_banner_payload supported=3 required=0
2026-02-19T23:51:06.010 INFO:teuthology.orchestra.run.trial057.stdout:/usr/bin/ceph: stderr
2026-02-19T23:51:04.448+0000 7f2cabfff640 1 --2- >> [v2:10.20.193.57:3300/0,v1:10.20.193.57:6789/0] conn(0x7f2cac109880 0x7f2cac19f730 unknown :-1 s=HELLO_CONNECTING pgs=0 cs=0 l=1 rev1=1 crypto rx=0 tx=0 comp rx=0 tx=0).handle_hello peer v2:10.20.193.57:3300/0 says I am v2:10.20.193.57:43998/0 (socket says 10.20.193.57:43998)
2026-02-19T23:51:06.010 INFO:teuthology.orchestra.run.trial057.stdout:/usr/bin/ceph: stderr
2026-02-19T23:51:04.448+0000 7f2cabfff640 1 -- 10.20.193.57:0/421392326 learned_addr learned my addr 10.20.193.57:0/421392326 (peer_addr_for_me v2:10.20.193.57:0/0)
2026-02-19T23:51:06.010 INFO:teuthology.orchestra.run.trial057.stdout:/usr/bin/ceph: stderr
2026-02-19T23:51:04.449+0000 7f2cabfff640 1 -- 10.20.193.57:0/421392326 --> [v2:10.20.193.57:3300/0,v1:10.20.193.57:6789/0] -- mon_subscribe({config=0+,monmap=0+}) -- 0x7f2cac19fc70 con 0x7f2cac109880
2026-02-19T23:51:06.010 INFO:teuthology.orchestra.run.trial057.stdout:/usr/bin/ceph: stderr
2026-02-19T23:51:04.449+0000 7f2cabfff640 1 --2- 10.20.193.57:0/421392326 >> [v2:10.20.193.57:3300/0,v1:10.20.193.57:6789/0] conn(0x7f2cac109880 0x7f2cac19f730 secure :-1 s=READY pgs=44 cs=0 l=1 rev1=1 crypto rx=0x7f2c98037b20 tx=0x7f2c980358c0 comp rx=0 tx=0).ready entity=mon.0 client_cookie=0 server_cookie=0 in_seq=0 out_seq=0
2026-02-19T23:51:06.010 INFO:teuthology.orchestra.run.trial057.stdout:/usr/bin/ceph: stderr
2026-02-19T23:51:04.449+0000 7f2ca97fa640 1 -- 10.20.193.57:0/421392326 <== mon.0 v2:10.20.193.57:3300/0 1 ==== mon_map magic: 0 ==== 226+0+0 (secure 0 0 0) 0x7f2c98035c10 con 0x7f2cac109880
2026-02-19T23:51:06.010 INFO:teuthology.orchestra.run.trial057.stdout:/usr/bin/ceph: stderr
2026-02-19T23:51:04.449+0000 7f2ca97fa640 1 -- 10.20.193.57:0/421392326 <== mon.0 v2:10.20.193.57:3300/0 2 ==== config(25 keys) ==== 1007+0+0 (secure 0 0 0) 0x7f2c98035db0 con 0x7f2cac109880
2026-02-19T23:51:06.010 INFO:teuthology.orchestra.run.trial057.stdout:/usr/bin/ceph: stderr
2026-02-19T23:51:04.449+0000 7f2cb230c640 1 -- 10.20.193.57:0/421392326 --> [v2:10.20.193.57:3300/0,v1:10.20.193.57:6789/0] -- mon_subscribe({mgrmap=0+}) -- 0x7f2cac19ff00 con 0x7f2cac109880
2026-02-19T23:51:06.010 INFO:teuthology.orchestra.run.trial057.stdout:/usr/bin/ceph: stderr
2026-02-19T23:51:04.449+0000 7f2ca97fa640 1 -- 10.20.193.57:0/421392326 <== mon.0 v2:10.20.193.57:3300/0 3 ==== mon_map magic: 0 ==== 226+0+0 (secure 0 0 0) 0x7f2c980413a0 con 0x7f2cac109880
2026-02-19T23:51:06.010 INFO:teuthology.orchestra.run.trial057.stdout:/usr/bin/ceph: stderr
2026-02-19T23:51:04.449+0000 7f2cb230c640 1 -- 10.20.193.57:0/421392326 --> [v2:10.20.193.57:3300/0,v1:10.20.193.57:6789/0] -- mon_subscribe({osdmap=0}) -- 0x7f2cac1a2bf0 con 0x7f2cac109880
2026-02-19T23:51:06.010 INFO:teuthology.orchestra.run.trial057.stdout:/usr/bin/ceph: stderr
2026-02-19T23:51:04.449+0000 7f2cb230c640 1 -- 10.20.193.57:0/421392326 --> [v2:10.20.193.57:3300/0,v1:10.20.193.57:6789/0] -- mon_command({"prefix": "get_command_descriptions"} v 0) -- 0x7f2cac109d00 con 0x7f2cac109880
2026-02-19T23:51:06.010 INFO:teuthology.orchestra.run.trial057.stdout:/usr/bin/ceph: stderr
2026-02-19T23:51:04.449+0000 7f2ca97fa640 1 -- 10.20.193.57:0/421392326 <== mon.0 v2:10.20.193.57:3300/0 4 ==== mgrmap(e 7) ==== 50155+0+0 (secure 0 0 0) 0x7f2c980423f0 con 0x7f2cac109880
2026-02-19T23:51:06.010 INFO:teuthology.orchestra.run.trial057.stdout:/usr/bin/ceph: stderr
2026-02-19T23:51:04.450+0000 7f2ca97fa640 1 --2- 10.20.193.57:0/421392326 >> [v2:10.20.193.57:6800/1583209240,v1:10.20.193.57:6801/1583209240] conn(0x7f2c8003da80 0x7f2c8003ff40 unknown :-1 s=NONE pgs=0 cs=0 l=1 rev1=0 crypto rx=0 tx=0 comp rx=0 tx=0).connect
2026-02-19T23:51:06.010 INFO:teuthology.orchestra.run.trial057.stdout:/usr/bin/ceph: stderr
2026-02-19T23:51:04.450+0000 7f2ca97fa640 1 -- 10.20.193.57:0/421392326 <== mon.0 v2:10.20.193.57:3300/0 5 ==== osd_map(2..2 src has 1..2) ==== 940+0+0 (secure 0 0 0) 0x7f2c98076570 con 0x7f2cac109880
2026-02-19T23:51:06.010 INFO:teuthology.orchestra.run.trial057.stdout:/usr/bin/ceph: stderr
2026-02-19T23:51:04.450+0000 7f2cab7fe640 1 --2- 10.20.193.57:0/421392326 >> [v2:10.20.193.57:6800/1583209240,v1:10.20.193.57:6801/1583209240] conn(0x7f2c8003da80 0x7f2c8003ff40 unknown :-1 s=BANNER_CONNECTING pgs=0 cs=0 l=1 rev1=0 crypto rx=0 tx=0 comp rx=0 tx=0)._handle_peer_banner_payload supported=3 required=0
2026-02-19T23:51:06.010 INFO:teuthology.orchestra.run.trial057.stdout:/usr/bin/ceph: stderr
2026-02-19T23:51:04.450+0000 7f2cab7fe640 1 --2- 10.20.193.57:0/421392326 >> [v2:10.20.193.57:6800/1583209240,v1:10.20.193.57:6801/1583209240] conn(0x7f2c8003da80 0x7f2c8003ff40 secure :-1 s=READY pgs=11 cs=0 l=1 rev1=1 crypto rx=0x7f2c9c0099c0 tx=0x7f2c9c006eb0 comp rx=0 tx=0).ready entity=mgr.14118 client_cookie=0 server_cookie=0 in_seq=0 out_seq=0
2026-02-19T23:51:06.010 INFO:teuthology.orchestra.run.trial057.stdout:/usr/bin/ceph: stderr
2026-02-19T23:51:04.452+0000 7f2ca97fa640 1 -- 10.20.193.57:0/421392326 <== mon.0 v2:10.20.193.57:3300/0 6 ==== mon_command_ack([{"prefix": "get_command_descriptions"}]=0 v0) ==== 72+0+195034 (secure 0 0 0) 0x7f2c98042710 con 0x7f2cac109880
2026-02-19T23:51:06.010 INFO:teuthology.orchestra.run.trial057.stdout:/usr/bin/ceph: stderr
2026-02-19T23:51:04.539+0000 7f2cb230c640 1 -- 10.20.193.57:0/421392326 --> [v2:10.20.193.57:6800/1583209240,v1:10.20.193.57:6801/1583209240] -- mgr_command(tid 0: {"prefix": "orch host add", "hostname": "trial057", "addr": "10.20.193.57", "target": ["mon-mgr", ""]}) -- 0x7f2cac1077a0 con 0x7f2c8003da80
2026-02-19T23:51:06.010 INFO:teuthology.orchestra.run.trial057.stdout:/usr/bin/ceph: stderr
2026-02-19T23:51:05.127+0000 7f2ca97fa640 1 -- 10.20.193.57:0/421392326 <== mon.0 v2:10.20.193.57:3300/0 7 ==== mgrmap(e 8) ==== 50261+0+0 (secure 0 0 0) 0x7f2c9804abe0 con 0x7f2cac109880
2026-02-19T23:51:06.010 INFO:teuthology.orchestra.run.trial057.stdout:/usr/bin/ceph: stderr
2026-02-19T23:51:05.962+0000 7f2ca97fa640 1 -- 10.20.193.57:0/421392326 <== mgr.14118 v2:10.20.193.57:6800/1583209240 1 ==== mgr_command_reply(tid 0: 0 ) ==== 8+0+47 (secure 0 0 0) 0x7f2cac1077a0 con 0x7f2c8003da80
2026-02-19T23:51:06.010 INFO:teuthology.orchestra.run.trial057.stdout:/usr/bin/ceph: stderr
2026-02-19T23:51:05.965+0000 7f2cb230c640 1 -- 10.20.193.57:0/421392326 >> [v2:10.20.193.57:6800/1583209240,v1:10.20.193.57:6801/1583209240] conn(0x7f2c8003da80 msgr2=0x7f2c8003ff40 secure :-1 s=STATE_CONNECTION_ESTABLISHED l=1).mark_down
2026-02-19T23:51:06.010 INFO:teuthology.orchestra.run.trial057.stdout:/usr/bin/ceph: stderr
2026-02-19T23:51:05.965+0000 7f2cb230c640 1 --2- 10.20.193.57:0/421392326 >> [v2:10.20.193.57:6800/1583209240,v1:10.20.193.57:6801/1583209240] conn(0x7f2c8003da80 0x7f2c8003ff40 secure :-1 s=READY pgs=11 cs=0 l=1 rev1=1 crypto rx=0x7f2c9c0099c0 tx=0x7f2c9c006eb0 comp rx=0 tx=0).stop
2026-02-19T23:51:06.010 INFO:teuthology.orchestra.run.trial057.stdout:/usr/bin/ceph: stderr
2026-02-19T23:51:05.965+0000 7f2cb230c640 1 -- 10.20.193.57:0/421392326 >> [v2:10.20.193.57:3300/0,v1:10.20.193.57:6789/0] conn(0x7f2cac109880 msgr2=0x7f2cac19f730 secure :-1 s=STATE_CONNECTION_ESTABLISHED l=1).mark_down
2026-02-19T23:51:06.010 INFO:teuthology.orchestra.run.trial057.stdout:/usr/bin/ceph: stderr
2026-02-19T23:51:05.965+0000 7f2cb230c640 1 --2- 10.20.193.57:0/421392326 >> [v2:10.20.193.57:3300/0,v1:10.20.193.57:6789/0] conn(0x7f2cac109880 0x7f2cac19f730 secure :-1 s=READY pgs=44 cs=0 l=1 rev1=1 crypto rx=0x7f2c98037b20 tx=0x7f2c980358c0 comp rx=0 tx=0).stop
2026-02-19T23:51:06.010 INFO:teuthology.orchestra.run.trial057.stdout:/usr/bin/ceph: stderr
2026-02-19T23:51:05.965+0000 7f2cb230c640 1 -- 10.20.193.57:0/421392326 shutdown_connections
2026-02-19T23:51:06.010 INFO:teuthology.orchestra.run.trial057.stdout:/usr/bin/ceph: stderr
2026-02-19T23:51:05.965+0000 7f2cb230c640 1 --2- 10.20.193.57:0/421392326 >> [v2:10.20.193.57:6800/1583209240,v1:10.20.193.57:6801/1583209240] conn(0x7f2c8003da80 0x7f2c8003ff40 unknown :-1 s=CLOSED pgs=11 cs=0 l=1 rev1=1 crypto rx=0 tx=0 comp rx=0 tx=0).stop
2026-02-19T23:51:06.010 INFO:teuthology.orchestra.run.trial057.stdout:/usr/bin/ceph: stderr
2026-02-19T23:51:05.965+0000 7f2cb230c640 1 --2- 10.20.193.57:0/421392326 >> [v2:10.20.193.57:3300/0,v1:10.20.193.57:6789/0] conn(0x7f2cac109880 0x7f2cac19f730 unknown :-1 s=CLOSED pgs=44 cs=0 l=1 rev1=1 crypto rx=0 tx=0 comp rx=0 tx=0).stop
2026-02-19T23:51:06.010 INFO:teuthology.orchestra.run.trial057.stdout:/usr/bin/ceph: stderr
2026-02-19T23:51:05.965+0000 7f2cb230c640 1 -- 10.20.193.57:0/421392326 >> 10.20.193.57:0/421392326 conn(0x7f2cac07ce10 msgr2=0x7f2cac107090 unknown :-1 s=STATE_NONE l=0).mark_down
2026-02-19T23:51:06.010 INFO:teuthology.orchestra.run.trial057.stdout:/usr/bin/ceph: stderr
2026-02-19T23:51:05.965+0000 7f2cb230c640 1 -- 10.20.193.57:0/421392326 shutdown_connections
2026-02-19T23:51:06.010 INFO:teuthology.orchestra.run.trial057.stdout:/usr/bin/ceph: stderr
2026-02-19T23:51:05.965+0000 7f2cb230c640 1 -- 10.20.193.57:0/421392326 wait complete.
2026-02-19T23:51:06.010 INFO:teuthology.orchestra.run.trial057.stdout:Deploying mon service with default placement...
2026-02-19T23:51:06.236 INFO:teuthology.orchestra.run.trial057.stdout:/usr/bin/ceph: stdout Scheduled mon update...
2026-02-19T23:51:06.237 INFO:teuthology.orchestra.run.trial057.stdout:/usr/bin/ceph: stderr
2026-02-19T23:51:06.111+0000 7f512ee5b640 1 Processor -- start
2026-02-19T23:51:06.237 INFO:teuthology.orchestra.run.trial057.stdout:/usr/bin/ceph: stderr
2026-02-19T23:51:06.111+0000 7f512ee5b640 1 -- start start
2026-02-19T23:51:06.237 INFO:teuthology.orchestra.run.trial057.stdout:/usr/bin/ceph: stderr
2026-02-19T23:51:06.111+0000 7f512ee5b640 1 --2- >> [v2:10.20.193.57:3300/0,v1:10.20.193.57:6789/0] conn(0x7f5128109880 0x7f5128109c80 unknown :-1 s=NONE pgs=0 cs=0 l=0 rev1=0 crypto rx=0 tx=0 comp rx=0 tx=0).connect
2026-02-19T23:51:06.237 INFO:teuthology.orchestra.run.trial057.stdout:/usr/bin/ceph: stderr
2026-02-19T23:51:06.111+0000 7f512ee5b640 1 -- --> [v2:10.20.193.57:3300/0,v1:10.20.193.57:6789/0] -- mon_getmap magic: 0 -- 0x7f512810a250 con 0x7f5128109880
2026-02-19T23:51:06.237 INFO:teuthology.orchestra.run.trial057.stdout:/usr/bin/ceph: stderr
2026-02-19T23:51:06.111+0000 7f512cbd0640 1 --2- >> [v2:10.20.193.57:3300/0,v1:10.20.193.57:6789/0] conn(0x7f5128109880 0x7f5128109c80 unknown :-1 s=BANNER_CONNECTING pgs=0 cs=0 l=0 rev1=0 crypto rx=0 tx=0 comp rx=0 tx=0)._handle_peer_banner_payload supported=3 required=0
2026-02-19T23:51:06.237 INFO:teuthology.orchestra.run.trial057.stdout:/usr/bin/ceph: stderr
2026-02-19T23:51:06.111+0000 7f512cbd0640 1 --2- >> [v2:10.20.193.57:3300/0,v1:10.20.193.57:6789/0] conn(0x7f5128109880 0x7f5128109c80 unknown :-1 s=HELLO_CONNECTING pgs=0 cs=0 l=0 rev1=1 crypto rx=0 tx=0 comp rx=0 tx=0).handle_hello peer v2:10.20.193.57:3300/0 says I am v2:10.20.193.57:47356/0 (socket says 10.20.193.57:47356)
2026-02-19T23:51:06.237 INFO:teuthology.orchestra.run.trial057.stdout:/usr/bin/ceph: stderr
2026-02-19T23:51:06.111+0000 7f512cbd0640 1 -- 10.20.193.57:0/4055593700 learned_addr learned my addr 10.20.193.57:0/4055593700 (peer_addr_for_me v2:10.20.193.57:0/0)
2026-02-19T23:51:06.237 INFO:teuthology.orchestra.run.trial057.stdout:/usr/bin/ceph: stderr
2026-02-19T23:51:06.112+0000 7f512cbd0640 1 -- 10.20.193.57:0/4055593700 --> [v2:10.20.193.57:3300/0,v1:10.20.193.57:6789/0] -- mon_subscribe({config=0+,monmap=0+}) -- 0x7f512810aa80 con 0x7f5128109880
2026-02-19T23:51:06.237 INFO:teuthology.orchestra.run.trial057.stdout:/usr/bin/ceph: stderr
2026-02-19T23:51:06.112+0000 7f512cbd0640 1 --2- 10.20.193.57:0/4055593700 >> [v2:10.20.193.57:3300/0,v1:10.20.193.57:6789/0] conn(0x7f5128109880 0x7f5128109c80 secure :-1 s=READY pgs=45 cs=0 l=1 rev1=1 crypto rx=0x7f5118009920 tx=0x7f511802ef20 comp rx=0 tx=0).ready entity=mon.0 client_cookie=1c805e53ed609f2b server_cookie=0 in_seq=0 out_seq=0
2026-02-19T23:51:06.238 INFO:teuthology.orchestra.run.trial057.stdout:/usr/bin/ceph: stderr
2026-02-19T23:51:06.112+0000 7f511f7fe640 1 -- 10.20.193.57:0/4055593700 <== mon.0 v2:10.20.193.57:3300/0 1 ==== mon_map magic: 0 ==== 226+0+0 (secure 0 0 0) 0x7f511803c070 con 0x7f5128109880
2026-02-19T23:51:06.238 INFO:teuthology.orchestra.run.trial057.stdout:/usr/bin/ceph: stderr
2026-02-19T23:51:06.112+0000 7f511f7fe640 1 -- 10.20.193.57:0/4055593700 <== mon.0 v2:10.20.193.57:3300/0 2 ==== config(25 keys) ==== 1007+0+0 (secure 0 0 0) 0x7f511802fe00 con 0x7f5128109880
2026-02-19T23:51:06.238 INFO:teuthology.orchestra.run.trial057.stdout:/usr/bin/ceph: stderr
2026-02-19T23:51:06.112+0000 7f511f7fe640 1 -- 10.20.193.57:0/4055593700 <== mon.0 v2:10.20.193.57:3300/0 3 ==== mon_map magic: 0 ==== 226+0+0 (secure 0 0 0) 0x7f5118035340 con 0x7f5128109880
2026-02-19T23:51:06.238 INFO:teuthology.orchestra.run.trial057.stdout:/usr/bin/ceph: stderr
2026-02-19T23:51:06.113+0000 7f512ee5b640 1 -- 10.20.193.57:0/4055593700 >> [v2:10.20.193.57:3300/0,v1:10.20.193.57:6789/0] conn(0x7f5128109880 msgr2=0x7f5128109c80 secure :-1 s=STATE_CONNECTION_ESTABLISHED l=1).mark_down
2026-02-19T23:51:06.238 INFO:teuthology.orchestra.run.trial057.stdout:/usr/bin/ceph: stderr
2026-02-19T23:51:06.113+0000 7f512ee5b640 1 --2- 10.20.193.57:0/4055593700 >> [v2:10.20.193.57:3300/0,v1:10.20.193.57:6789/0] conn(0x7f5128109880 0x7f5128109c80 secure :-1 s=READY pgs=45 cs=0 l=1 rev1=1 crypto rx=0x7f5118009920 tx=0x7f511802ef20 comp rx=0 tx=0).stop
2026-02-19T23:51:06.238 INFO:teuthology.orchestra.run.trial057.stdout:/usr/bin/ceph: stderr
2026-02-19T23:51:06.113+0000 7f512ee5b640 1 -- 10.20.193.57:0/4055593700 shutdown_connections
2026-02-19T23:51:06.238 INFO:teuthology.orchestra.run.trial057.stdout:/usr/bin/ceph: stderr
2026-02-19T23:51:06.113+0000 7f512ee5b640 1 --2- 10.20.193.57:0/4055593700 >> [v2:10.20.193.57:3300/0,v1:10.20.193.57:6789/0] conn(0x7f5128109880 0x7f5128109c80 unknown :-1 s=CLOSED pgs=45 cs=0 l=1 rev1=1 crypto rx=0 tx=0 comp rx=0 tx=0).stop
2026-02-19T23:51:06.238 INFO:teuthology.orchestra.run.trial057.stdout:/usr/bin/ceph: stderr
2026-02-19T23:51:06.113+0000 7f512ee5b640 1 -- 10.20.193.57:0/4055593700 >> 10.20.193.57:0/4055593700 conn(0x7f512807ce10 msgr2=0x7f512807d220 unknown :-1 s=STATE_NONE l=0).mark_down
2026-02-19T23:51:06.238 INFO:teuthology.orchestra.run.trial057.stdout:/usr/bin/ceph: stderr
2026-02-19T23:51:06.113+0000 7f512ee5b640 1 -- 10.20.193.57:0/4055593700 shutdown_connections
2026-02-19T23:51:06.238 INFO:teuthology.orchestra.run.trial057.stdout:/usr/bin/ceph: stderr
2026-02-19T23:51:06.113+0000 7f512ee5b640 1 -- 10.20.193.57:0/4055593700 wait complete.
2026-02-19T23:51:06.238 INFO:teuthology.orchestra.run.trial057.stdout:/usr/bin/ceph: stderr
2026-02-19T23:51:06.113+0000 7f512ee5b640 1 Processor -- start
2026-02-19T23:51:06.238 INFO:teuthology.orchestra.run.trial057.stdout:/usr/bin/ceph: stderr
2026-02-19T23:51:06.113+0000 7f512ee5b640 1 -- start start
2026-02-19T23:51:06.239 INFO:teuthology.orchestra.run.trial057.stdout:/usr/bin/ceph: stderr
2026-02-19T23:51:06.113+0000 7f512ee5b640 1 --2- >> [v2:10.20.193.57:3300/0,v1:10.20.193.57:6789/0] conn(0x7f5128109880 0x7f512819f730 unknown :-1 s=NONE pgs=0 cs=0 l=1 rev1=0 crypto rx=0 tx=0 comp rx=0 tx=0).connect
2026-02-19T23:51:06.239 INFO:teuthology.orchestra.run.trial057.stdout:/usr/bin/ceph: stderr
2026-02-19T23:51:06.113+0000 7f512ee5b640 1 -- --> [v2:10.20.193.57:3300/0,v1:10.20.193.57:6789/0] -- mon_getmap magic: 0 -- 0x7f512810dcb0 con 0x7f5128109880
2026-02-19T23:51:06.239 INFO:teuthology.orchestra.run.trial057.stdout:/usr/bin/ceph: stderr
2026-02-19T23:51:06.113+0000 7f512cbd0640 1 --2- >> [v2:10.20.193.57:3300/0,v1:10.20.193.57:6789/0] conn(0x7f5128109880 0x7f512819f730 unknown :-1 s=BANNER_CONNECTING pgs=0 cs=0 l=1 rev1=0 crypto rx=0 tx=0 comp rx=0 tx=0)._handle_peer_banner_payload supported=3 required=0
2026-02-19T23:51:06.239 INFO:teuthology.orchestra.run.trial057.stdout:/usr/bin/ceph: stderr
2026-02-19T23:51:06.113+0000 7f512cbd0640 1 --2- >> [v2:10.20.193.57:3300/0,v1:10.20.193.57:6789/0] conn(0x7f5128109880 0x7f512819f730 unknown :-1 s=HELLO_CONNECTING pgs=0 cs=0 l=1 rev1=1 crypto rx=0 tx=0 comp rx=0 tx=0).handle_hello peer v2:10.20.193.57:3300/0 says I am v2:10.20.193.57:47368/0 (socket says 10.20.193.57:47368)
2026-02-19T23:51:06.239 INFO:teuthology.orchestra.run.trial057.stdout:/usr/bin/ceph: stderr
2026-02-19T23:51:06.113+0000 7f512cbd0640 1 -- 10.20.193.57:0/100002087 learned_addr learned my addr 10.20.193.57:0/100002087 (peer_addr_for_me v2:10.20.193.57:0/0)
2026-02-19T23:51:06.239 INFO:teuthology.orchestra.run.trial057.stdout:/usr/bin/ceph: stderr
2026-02-19T23:51:06.113+0000 7f512cbd0640 1 -- 10.20.193.57:0/100002087 --> [v2:10.20.193.57:3300/0,v1:10.20.193.57:6789/0] -- mon_subscribe({config=0+,monmap=0+}) -- 0x7f512819fc70 con 0x7f5128109880
2026-02-19T23:51:06.239 INFO:teuthology.orchestra.run.trial057.stdout:/usr/bin/ceph: stderr
2026-02-19T23:51:06.113+0000 7f512cbd0640 1 --2- 10.20.193.57:0/100002087 >> [v2:10.20.193.57:3300/0,v1:10.20.193.57:6789/0] conn(0x7f5128109880 0x7f512819f730 secure :-1 s=READY pgs=46 cs=0 l=1 rev1=1 crypto rx=0x7f5118037b20 tx=0x7f51180358c0 comp rx=0 tx=0).ready entity=mon.0 client_cookie=0 server_cookie=0 in_seq=0 out_seq=0
2026-02-19T23:51:06.239 INFO:teuthology.orchestra.run.trial057.stdout:/usr/bin/ceph: stderr
2026-02-19T23:51:06.113+0000 7f511dffb640 1 -- 10.20.193.57:0/100002087 <== mon.0 v2:10.20.193.57:3300/0 1 ==== mon_map magic: 0 ==== 226+0+0 (secure 0 0 0) 0x7f5118035c10 con 0x7f5128109880
2026-02-19T23:51:06.239 INFO:teuthology.orchestra.run.trial057.stdout:/usr/bin/ceph: stderr
2026-02-19T23:51:06.114+0000 7f511dffb640 1 -- 10.20.193.57:0/100002087 <== mon.0 v2:10.20.193.57:3300/0 2 ==== config(25 keys) ==== 1007+0+0 (secure 0 0 0) 0x7f5118035db0 con 0x7f5128109880
2026-02-19T23:51:06.239 INFO:teuthology.orchestra.run.trial057.stdout:/usr/bin/ceph: stderr
2026-02-19T23:51:06.114+0000 7f512ee5b640 1 -- 10.20.193.57:0/100002087 --> [v2:10.20.193.57:3300/0,v1:10.20.193.57:6789/0] -- mon_subscribe({mgrmap=0+}) -- 0x7f512819ff00 con 0x7f5128109880
2026-02-19T23:51:06.239 INFO:teuthology.orchestra.run.trial057.stdout:/usr/bin/ceph: stderr
2026-02-19T23:51:06.114+0000 7f511dffb640 1 -- 10.20.193.57:0/100002087 <== mon.0 v2:10.20.193.57:3300/0 3 ==== mon_map magic: 0 ==== 226+0+0 (secure 0 0 0) 0x7f51180413a0 con 0x7f5128109880
2026-02-19T23:51:06.239 INFO:teuthology.orchestra.run.trial057.stdout:/usr/bin/ceph: stderr
2026-02-19T23:51:06.114+0000 7f512ee5b640 1 -- 10.20.193.57:0/100002087 --> [v2:10.20.193.57:3300/0,v1:10.20.193.57:6789/0] -- mon_subscribe({osdmap=0}) -- 0x7f51281a2bf0 con 0x7f5128109880
2026-02-19T23:51:06.240 INFO:teuthology.orchestra.run.trial057.stdout:/usr/bin/ceph: stderr
2026-02-19T23:51:06.114+0000 7f512ee5b640 1 -- 10.20.193.57:0/100002087 --> [v2:10.20.193.57:3300/0,v1:10.20.193.57:6789/0] -- mon_command({"prefix": "get_command_descriptions"} v 0) -- 0x7f5128109d00 con 0x7f5128109880
2026-02-19T23:51:06.240 INFO:teuthology.orchestra.run.trial057.stdout:/usr/bin/ceph: stderr
2026-02-19T23:51:06.114+0000 7f511dffb640 1 -- 10.20.193.57:0/100002087 <== mon.0 v2:10.20.193.57:3300/0 4 ==== mgrmap(e 8) ==== 50261+0+0 (secure 0 0 0) 0x7f51180423f0 con 0x7f5128109880
2026-02-19T23:51:06.240 INFO:teuthology.orchestra.run.trial057.stdout:/usr/bin/ceph: stderr
2026-02-19T23:51:06.114+0000 7f511dffb640 1 --2- 10.20.193.57:0/100002087 >> [v2:10.20.193.57:6800/1583209240,v1:10.20.193.57:6801/1583209240] conn(0x7f510403dbf0 0x7f51040400b0 unknown :-1 s=NONE pgs=0 cs=0 l=1 rev1=0 crypto rx=0 tx=0 comp rx=0 tx=0).connect
2026-02-19T23:51:06.240 INFO:teuthology.orchestra.run.trial057.stdout:/usr/bin/ceph: stderr
2026-02-19T23:51:06.114+0000 7f511dffb640 1 -- 10.20.193.57:0/100002087 <== mon.0 v2:10.20.193.57:3300/0 5 ==== osd_map(2..2 src has 1..2) ==== 940+0+0 (secure 0 0 0) 0x7f51180767b0 con 0x7f5128109880
2026-02-19T23:51:06.240 INFO:teuthology.orchestra.run.trial057.stdout:/usr/bin/ceph: stderr
2026-02-19T23:51:06.114+0000 7f511ffff640 1 --2- 10.20.193.57:0/100002087 >> [v2:10.20.193.57:6800/1583209240,v1:10.20.193.57:6801/1583209240] conn(0x7f510403dbf0 0x7f51040400b0 unknown :-1 s=BANNER_CONNECTING pgs=0 cs=0 l=1 rev1=0 crypto rx=0 tx=0 comp rx=0 tx=0)._handle_peer_banner_payload supported=3 required=0
2026-02-19T23:51:06.240 INFO:teuthology.orchestra.run.trial057.stdout:/usr/bin/ceph: stderr
2026-02-19T23:51:06.115+0000 7f511ffff640 1 --2- 10.20.193.57:0/100002087 >> [v2:10.20.193.57:6800/1583209240,v1:10.20.193.57:6801/1583209240] conn(0x7f510403dbf0 0x7f51040400b0 secure :-1 s=READY pgs=12 cs=0 l=1 rev1=1 crypto rx=0x7f51100099c0 tx=0x7f5110006eb0 comp rx=0 tx=0).ready entity=mgr.14118 client_cookie=0 server_cookie=0 in_seq=0 out_seq=0
2026-02-19T23:51:06.240 INFO:teuthology.orchestra.run.trial057.stdout:/usr/bin/ceph: stderr
2026-02-19T23:51:06.117+0000 7f511dffb640 1 -- 10.20.193.57:0/100002087 <== mon.0 v2:10.20.193.57:3300/0 6 ==== mon_command_ack([{"prefix": "get_command_descriptions"}]=0 v0) ==== 72+0+195034 (secure 0 0 0) 0x7f5118076100 con 0x7f5128109880
2026-02-19T23:51:06.240 INFO:teuthology.orchestra.run.trial057.stdout:/usr/bin/ceph: stderr
2026-02-19T23:51:06.206+0000 7f512ee5b640 1 -- 10.20.193.57:0/100002087 --> [v2:10.20.193.57:6800/1583209240,v1:10.20.193.57:6801/1583209240] -- mgr_command(tid 0: {"prefix": "orch apply", "service_type": "mon", "target": ["mon-mgr", ""]}) -- 0x7f51281077a0 con 0x7f510403dbf0
2026-02-19T23:51:06.241 INFO:teuthology.orchestra.run.trial057.stdout:/usr/bin/ceph: stderr
2026-02-19T23:51:06.209+0000 7f511dffb640 1 -- 10.20.193.57:0/100002087 <== mgr.14118 v2:10.20.193.57:6800/1583209240 1 ==== mgr_command_reply(tid 0: 0 ) ==== 8+0+24 (secure 0 0 0) 0x7f51281077a0 con 0x7f510403dbf0
2026-02-19T23:51:06.241 INFO:teuthology.orchestra.run.trial057.stdout:/usr/bin/ceph: stderr
2026-02-19T23:51:06.210+0000 7f512ee5b640 1 -- 10.20.193.57:0/100002087 >> [v2:10.20.193.57:6800/1583209240,v1:10.20.193.57:6801/1583209240] conn(0x7f510403dbf0 msgr2=0x7f51040400b0 secure :-1 s=STATE_CONNECTION_ESTABLISHED l=1).mark_down
2026-02-19T23:51:06.241 INFO:teuthology.orchestra.run.trial057.stdout:/usr/bin/ceph: stderr
2026-02-19T23:51:06.210+0000 7f512ee5b640 1 --2- 10.20.193.57:0/100002087 >> [v2:10.20.193.57:6800/1583209240,v1:10.20.193.57:6801/1583209240] conn(0x7f510403dbf0 0x7f51040400b0 secure :-1 s=READY pgs=12 cs=0 l=1 rev1=1 crypto rx=0x7f51100099c0 tx=0x7f5110006eb0 comp rx=0 tx=0).stop
2026-02-19T23:51:06.241 INFO:teuthology.orchestra.run.trial057.stdout:/usr/bin/ceph: stderr
2026-02-19T23:51:06.210+0000 7f512ee5b640 1 -- 10.20.193.57:0/100002087 >> [v2:10.20.193.57:3300/0,v1:10.20.193.57:6789/0] conn(0x7f5128109880 msgr2=0x7f512819f730 secure :-1 s=STATE_CONNECTION_ESTABLISHED l=1).mark_down
2026-02-19T23:51:06.241 INFO:teuthology.orchestra.run.trial057.stdout:/usr/bin/ceph: stderr
2026-02-19T23:51:06.210+0000 7f512ee5b640 1 --2- 10.20.193.57:0/100002087 >> [v2:10.20.193.57:3300/0,v1:10.20.193.57:6789/0] conn(0x7f5128109880 0x7f512819f730 secure :-1 s=READY pgs=46 cs=0 l=1 rev1=1 crypto rx=0x7f5118037b20 tx=0x7f51180358c0 comp rx=0 tx=0).stop
2026-02-19T23:51:06.241 INFO:teuthology.orchestra.run.trial057.stdout:/usr/bin/ceph: stderr
2026-02-19T23:51:06.210+0000 7f512ee5b640 1 -- 10.20.193.57:0/100002087 shutdown_connections
2026-02-19T23:51:06.241 INFO:teuthology.orchestra.run.trial057.stdout:/usr/bin/ceph: stderr
2026-02-19T23:51:06.210+0000 7f512ee5b640 1 --2- 10.20.193.57:0/100002087 >> [v2:10.20.193.57:6800/1583209240,v1:10.20.193.57:6801/1583209240] conn(0x7f510403dbf0 0x7f51040400b0 unknown :-1 s=CLOSED pgs=12 cs=0 l=1 rev1=1 crypto rx=0 tx=0 comp rx=0 tx=0).stop
2026-02-19T23:51:06.241 INFO:teuthology.orchestra.run.trial057.stdout:/usr/bin/ceph: stderr
2026-02-19T23:51:06.210+0000 7f512ee5b640 1 --2- 10.20.193.57:0/100002087 >> [v2:10.20.193.57:3300/0,v1:10.20.193.57:6789/0] conn(0x7f5128109880 0x7f512819f730 unknown :-1 s=CLOSED pgs=46 cs=0 l=1 rev1=1 crypto rx=0 tx=0 comp rx=0 tx=0).stop
2026-02-19T23:51:06.241 INFO:teuthology.orchestra.run.trial057.stdout:/usr/bin/ceph: stderr
2026-02-19T23:51:06.210+0000 7f512ee5b640 1 -- 10.20.193.57:0/100002087 >> 10.20.193.57:0/100002087 conn(0x7f512807ce10 msgr2=0x7f5128107090 unknown :-1 s=STATE_NONE l=0).mark_down
2026-02-19T23:51:06.241 INFO:teuthology.orchestra.run.trial057.stdout:/usr/bin/ceph: stderr
2026-02-19T23:51:06.210+0000 7f512ee5b640 1 -- 10.20.193.57:0/100002087 shutdown_connections
2026-02-19T23:51:06.241 INFO:teuthology.orchestra.run.trial057.stdout:/usr/bin/ceph: stderr
2026-02-19T23:51:06.210+0000 7f512ee5b640 1 -- 10.20.193.57:0/100002087 wait complete.
2026-02-19T23:51:06.241 INFO:teuthology.orchestra.run.trial057.stdout:Deploying mgr service with default placement...
2026-02-19T23:51:06.453 INFO:teuthology.orchestra.run.trial057.stdout:/usr/bin/ceph: stdout Scheduled mgr update...
2026-02-19T23:51:06.453 INFO:teuthology.orchestra.run.trial057.stdout:/usr/bin/ceph: stderr
2026-02-19T23:51:06.327+0000 7f610e353640 1 Processor -- start
2026-02-19T23:51:06.453 INFO:teuthology.orchestra.run.trial057.stdout:/usr/bin/ceph: stderr
2026-02-19T23:51:06.328+0000 7f610e353640 1 -- start start
2026-02-19T23:51:06.454 INFO:teuthology.orchestra.run.trial057.stdout:/usr/bin/ceph: stderr
2026-02-19T23:51:06.328+0000 7f610e353640 1 --2- >> [v2:10.20.193.57:3300/0,v1:10.20.193.57:6789/0] conn(0x7f6108109880 0x7f6108109c80 unknown :-1 s=NONE pgs=0 cs=0 l=0 rev1=0 crypto rx=0 tx=0 comp rx=0 tx=0).connect
2026-02-19T23:51:06.454 INFO:teuthology.orchestra.run.trial057.stdout:/usr/bin/ceph: stderr
2026-02-19T23:51:06.328+0000 7f610e353640 1 -- --> [v2:10.20.193.57:3300/0,v1:10.20.193.57:6789/0] -- mon_getmap magic: 0 -- 0x7f610810a250 con 0x7f6108109880
2026-02-19T23:51:06.454 INFO:teuthology.orchestra.run.trial057.stdout:/usr/bin/ceph: stderr
2026-02-19T23:51:06.328+0000 7f6107fff640 1 --2- >> [v2:10.20.193.57:3300/0,v1:10.20.193.57:6789/0] conn(0x7f6108109880 0x7f6108109c80 unknown :-1 s=BANNER_CONNECTING pgs=0 cs=0 l=0 rev1=0 crypto rx=0 tx=0 comp rx=0 tx=0)._handle_peer_banner_payload supported=3 required=0
2026-02-19T23:51:06.454 INFO:teuthology.orchestra.run.trial057.stdout:/usr/bin/ceph: stderr
2026-02-19T23:51:06.328+0000 7f6107fff640 1 --2- >> [v2:10.20.193.57:3300/0,v1:10.20.193.57:6789/0] conn(0x7f6108109880 0x7f6108109c80 unknown :-1 s=HELLO_CONNECTING pgs=0 cs=0 l=0 rev1=1 crypto rx=0 tx=0 comp rx=0 tx=0).handle_hello peer v2:10.20.193.57:3300/0 says I am v2:10.20.193.57:47376/0 (socket says 10.20.193.57:47376)
2026-02-19T23:51:06.454 INFO:teuthology.orchestra.run.trial057.stdout:/usr/bin/ceph: stderr
2026-02-19T23:51:06.328+0000 7f6107fff640 1 -- 10.20.193.57:0/1067323669 learned_addr learned my addr 10.20.193.57:0/1067323669 (peer_addr_for_me v2:10.20.193.57:0/0)
2026-02-19T23:51:06.454 INFO:teuthology.orchestra.run.trial057.stdout:/usr/bin/ceph: stderr
2026-02-19T23:51:06.328+0000 7f6107fff640 1 -- 10.20.193.57:0/1067323669 --> [v2:10.20.193.57:3300/0,v1:10.20.193.57:6789/0] -- mon_subscribe({config=0+,monmap=0+}) -- 0x7f610810aa80 con 0x7f6108109880
2026-02-19T23:51:06.454 INFO:teuthology.orchestra.run.trial057.stdout:/usr/bin/ceph: stderr
2026-02-19T23:51:06.328+0000 7f6107fff640 1 --2- 10.20.193.57:0/1067323669 >> [v2:10.20.193.57:3300/0,v1:10.20.193.57:6789/0] conn(0x7f6108109880 0x7f6108109c80 secure :-1 s=READY pgs=47 cs=0 l=1 rev1=1 crypto rx=0x7f60f4009920 tx=0x7f60f402ef20 comp rx=0 tx=0).ready entity=mon.0 client_cookie=a8142191e30223cd server_cookie=0 in_seq=0 out_seq=0
2026-02-19T23:51:06.454 INFO:teuthology.orchestra.run.trial057.stdout:/usr/bin/ceph: stderr
2026-02-19T23:51:06.329+0000 7f6106ffd640 1 -- 10.20.193.57:0/1067323669 <== mon.0 v2:10.20.193.57:3300/0 1 ==== mon_map magic: 0 ==== 226+0+0 (secure 0 0 0) 0x7f60f403c070 con 0x7f6108109880
2026-02-19T23:51:06.454 INFO:teuthology.orchestra.run.trial057.stdout:/usr/bin/ceph: stderr
2026-02-19T23:51:06.329+0000 7f6106ffd640 1 -- 10.20.193.57:0/1067323669 <== mon.0 v2:10.20.193.57:3300/0 2 ==== config(25 keys) ==== 1007+0+0 (secure 0 0 0) 0x7f60f402fe00 con 0x7f6108109880
2026-02-19T23:51:06.454 INFO:teuthology.orchestra.run.trial057.stdout:/usr/bin/ceph: stderr
2026-02-19T23:51:06.329+0000 7f6106ffd640 1 -- 10.20.193.57:0/1067323669 <== mon.0 v2:10.20.193.57:3300/0 3 ==== mon_map magic: 0 ==== 226+0+0 (secure 0 0 0) 0x7f60f4035340 con 0x7f6108109880
2026-02-19T23:51:06.454 INFO:teuthology.orchestra.run.trial057.stdout:/usr/bin/ceph: stderr
2026-02-19T23:51:06.329+0000 7f610e353640 1 -- 10.20.193.57:0/1067323669 >> [v2:10.20.193.57:3300/0,v1:10.20.193.57:6789/0] conn(0x7f6108109880 msgr2=0x7f6108109c80 secure :-1 s=STATE_CONNECTION_ESTABLISHED l=1).mark_down
2026-02-19T23:51:06.454 INFO:teuthology.orchestra.run.trial057.stdout:/usr/bin/ceph: stderr
2026-02-19T23:51:06.329+0000 7f610e353640 1 --2- 10.20.193.57:0/1067323669 >> [v2:10.20.193.57:3300/0,v1:10.20.193.57:6789/0] conn(0x7f6108109880 0x7f6108109c80 secure :-1 s=READY pgs=47 cs=0 l=1 rev1=1 crypto rx=0x7f60f4009920 tx=0x7f60f402ef20 comp rx=0 tx=0).stop
2026-02-19T23:51:06.454 INFO:teuthology.orchestra.run.trial057.stdout:/usr/bin/ceph: stderr
2026-02-19T23:51:06.329+0000 7f610e353640 1 -- 10.20.193.57:0/1067323669 shutdown_connections
2026-02-19T23:51:06.454 INFO:teuthology.orchestra.run.trial057.stdout:/usr/bin/ceph: stderr
2026-02-19T23:51:06.329+0000 7f610e353640 1 --2- 10.20.193.57:0/1067323669 >> [v2:10.20.193.57:3300/0,v1:10.20.193.57:6789/0] conn(0x7f6108109880 0x7f6108109c80 unknown :-1 s=CLOSED pgs=47 cs=0 l=1 rev1=1 crypto rx=0 tx=0 comp rx=0 tx=0).stop
2026-02-19T23:51:06.454 INFO:teuthology.orchestra.run.trial057.stdout:/usr/bin/ceph: stderr
2026-02-19T23:51:06.329+0000 7f610e353640 1 -- 10.20.193.57:0/1067323669 >> 10.20.193.57:0/1067323669 conn(0x7f610807ce10 msgr2=0x7f610807d220 unknown :-1 s=STATE_NONE l=0).mark_down
2026-02-19T23:51:06.454 INFO:teuthology.orchestra.run.trial057.stdout:/usr/bin/ceph: stderr
2026-02-19T23:51:06.329+0000 7f610e353640 1 -- 10.20.193.57:0/1067323669 shutdown_connections
2026-02-19T23:51:06.454 INFO:teuthology.orchestra.run.trial057.stdout:/usr/bin/ceph: stderr
2026-02-19T23:51:06.329+0000 7f610e353640 1 -- 10.20.193.57:0/1067323669 wait complete.
2026-02-19T23:51:06.455 INFO:teuthology.orchestra.run.trial057.stdout:/usr/bin/ceph: stderr
2026-02-19T23:51:06.329+0000 7f610e353640 1 Processor -- start
2026-02-19T23:51:06.455 INFO:teuthology.orchestra.run.trial057.stdout:/usr/bin/ceph: stderr
2026-02-19T23:51:06.329+0000 7f610e353640 1 -- start start
2026-02-19T23:51:06.455 INFO:teuthology.orchestra.run.trial057.stdout:/usr/bin/ceph: stderr
2026-02-19T23:51:06.329+0000 7f610e353640 1 --2- >> [v2:10.20.193.57:3300/0,v1:10.20.193.57:6789/0] conn(0x7f6108109880 0x7f610819f730 unknown :-1 s=NONE pgs=0 cs=0 l=1 rev1=0 crypto rx=0 tx=0 comp rx=0 tx=0).connect
2026-02-19T23:51:06.455 INFO:teuthology.orchestra.run.trial057.stdout:/usr/bin/ceph: stderr
2026-02-19T23:51:06.329+0000 7f610e353640 1 -- --> [v2:10.20.193.57:3300/0,v1:10.20.193.57:6789/0] -- mon_getmap magic: 0 -- 0x7f610810dcb0 con 0x7f6108109880
2026-02-19T23:51:06.455 INFO:teuthology.orchestra.run.trial057.stdout:/usr/bin/ceph: stderr
2026-02-19T23:51:06.329+0000 7f6107fff640 1 --2- >> [v2:10.20.193.57:3300/0,v1:10.20.193.57:6789/0] conn(0x7f6108109880 0x7f610819f730 unknown :-1 s=BANNER_CONNECTING pgs=0 cs=0 l=1 rev1=0 crypto rx=0 tx=0 comp rx=0 tx=0)._handle_peer_banner_payload supported=3 required=0
