2026-02-19T23:51:03.584+0000 7fb1fcbae640 1 -- 10.20.193.57:0/2736343154 wait complete.
2026-02-19T23:51:03.710 INFO:teuthology.orchestra.run.trial057.stdout:/usr/bin/ceph: stderr
2026-02-19T23:51:03.585+0000 7fb1fcbae640 1 Processor -- start
2026-02-19T23:51:03.710 INFO:teuthology.orchestra.run.trial057.stdout:/usr/bin/ceph: stderr
2026-02-19T23:51:03.585+0000 7fb1fcbae640 1 -- start start
2026-02-19T23:51:03.710 INFO:teuthology.orchestra.run.trial057.stdout:/usr/bin/ceph: stderr
2026-02-19T23:51:03.585+0000 7fb1fcbae640 1 --2- >> [v2:10.20.193.57:3300/0,v1:10.20.193.57:6789/0] conn(0x7fb1f81124c0 0x7fb1f81a8150 unknown :-1 s=NONE pgs=0 cs=0 l=1 rev1=0 crypto rx=0 tx=0 comp rx=0 tx=0).connect
2026-02-19T23:51:03.711 INFO:teuthology.orchestra.run.trial057.stdout:/usr/bin/ceph: stderr
2026-02-19T23:51:03.585+0000 7fb1fcbae640 1 -- --> [v2:10.20.193.57:3300/0,v1:10.20.193.57:6789/0] -- mon_getmap magic: 0 -- 0x7fb1f8113010 con 0x7fb1f81124c0
2026-02-19T23:51:03.711 INFO:teuthology.orchestra.run.trial057.stdout:/usr/bin/ceph: stderr
2026-02-19T23:51:03.585+0000 7fb1f6575640 1 --2- >> [v2:10.20.193.57:3300/0,v1:10.20.193.57:6789/0] conn(0x7fb1f81124c0 0x7fb1f81a8150 unknown :-1 s=BANNER_CONNECTING pgs=0 cs=0 l=1 rev1=0 crypto rx=0 tx=0 comp rx=0 tx=0)._handle_peer_banner_payload supported=3 required=0
2026-02-19T23:51:03.711 INFO:teuthology.orchestra.run.trial057.stdout:/usr/bin/ceph: stderr
2026-02-19T23:51:03.585+0000 7fb1f6575640 1 --2- >> [v2:10.20.193.57:3300/0,v1:10.20.193.57:6789/0] conn(0x7fb1f81124c0 0x7fb1f81a8150 unknown :-1 s=HELLO_CONNECTING pgs=0 cs=0 l=1 rev1=1 crypto rx=0 tx=0 comp rx=0 tx=0).handle_hello peer v2:10.20.193.57:3300/0 says I am v2:10.20.193.57:43914/0 (socket says 10.20.193.57:43914)
2026-02-19T23:51:03.711 INFO:teuthology.orchestra.run.trial057.stdout:/usr/bin/ceph: stderr
2026-02-19T23:51:03.585+0000 7fb1f6575640 1 -- 10.20.193.57:0/483411829 learned_addr learned my addr 10.20.193.57:0/483411829 (peer_addr_for_me v2:10.20.193.57:0/0)
2026-02-19T23:51:03.711 INFO:teuthology.orchestra.run.trial057.stdout:/usr/bin/ceph: stderr
2026-02-19T23:51:03.585+0000 7fb1f6575640 1 -- 10.20.193.57:0/483411829 --> [v2:10.20.193.57:3300/0,v1:10.20.193.57:6789/0] -- mon_subscribe({config=0+,monmap=0+}) -- 0x7fb1f81a8690 con 0x7fb1f81124c0
2026-02-19T23:51:03.711 INFO:teuthology.orchestra.run.trial057.stdout:/usr/bin/ceph: stderr
2026-02-19T23:51:03.585+0000 7fb1f6575640 1 --2- 10.20.193.57:0/483411829 >> [v2:10.20.193.57:3300/0,v1:10.20.193.57:6789/0] conn(0x7fb1f81124c0 0x7fb1f81a8150 secure :-1 s=READY pgs=36 cs=0 l=1 rev1=1 crypto rx=0x7fb1ec037c30 tx=0x7fb1ec035640 comp rx=0 tx=0).ready entity=mon.0 client_cookie=0 server_cookie=0 in_seq=0 out_seq=0
2026-02-19T23:51:03.711 INFO:teuthology.orchestra.run.trial057.stdout:/usr/bin/ceph: stderr
2026-02-19T23:51:03.585+0000 7fb1df7fe640 1 -- 10.20.193.57:0/483411829 <== mon.0 v2:10.20.193.57:3300/0 1 ==== mon_map magic: 0 ==== 226+0+0 (secure 0 0 0) 0x7fb1ec035ad0 con 0x7fb1f81124c0
2026-02-19T23:51:03.711 INFO:teuthology.orchestra.run.trial057.stdout:/usr/bin/ceph: stderr
2026-02-19T23:51:03.585+0000 7fb1fcbae640 1 -- 10.20.193.57:0/483411829 --> [v2:10.20.193.57:3300/0,v1:10.20.193.57:6789/0] -- mon_subscribe({mgrmap=0+}) -- 0x7fb1f81a8920 con 0x7fb1f81124c0
2026-02-19T23:51:03.711 INFO:teuthology.orchestra.run.trial057.stdout:/usr/bin/ceph: stderr
2026-02-19T23:51:03.585+0000 7fb1df7fe640 1 -- 10.20.193.57:0/483411829 <== mon.0 v2:10.20.193.57:3300/0 2 ==== config(25 keys) ==== 1007+0+0 (secure 0 0 0) 0x7fb1ec035c70 con 0x7fb1f81124c0
2026-02-19T23:51:03.711 INFO:teuthology.orchestra.run.trial057.stdout:/usr/bin/ceph: stderr
2026-02-19T23:51:03.585+0000 7fb1df7fe640 1 -- 10.20.193.57:0/483411829 <== mon.0 v2:10.20.193.57:3300/0 3 ==== mon_map magic: 0 ==== 226+0+0 (secure 0 0 0) 0x7fb1ec0363a0 con 0x7fb1f81124c0
2026-02-19T23:51:03.711 INFO:teuthology.orchestra.run.trial057.stdout:/usr/bin/ceph: stderr
2026-02-19T23:51:03.585+0000 7fb1fcbae640 1 -- 10.20.193.57:0/483411829 --> [v2:10.20.193.57:3300/0,v1:10.20.193.57:6789/0] -- mon_subscribe({osdmap=0}) -- 0x7fb1f81ab610 con 0x7fb1f81124c0
2026-02-19T23:51:03.711 INFO:teuthology.orchestra.run.trial057.stdout:/usr/bin/ceph: stderr
2026-02-19T23:51:03.586+0000 7fb1fcbae640 1 -- 10.20.193.57:0/483411829 --> [v2:10.20.193.57:3300/0,v1:10.20.193.57:6789/0] -- mon_command({"prefix": "get_command_descriptions"} v 0) -- 0x7fb1f8112940 con 0x7fb1f81124c0
2026-02-19T23:51:03.712 INFO:teuthology.orchestra.run.trial057.stdout:/usr/bin/ceph: stderr
2026-02-19T23:51:03.586+0000 7fb1df7fe640 1 -- 10.20.193.57:0/483411829 <== mon.0 v2:10.20.193.57:3300/0 4 ==== mgrmap(e 7) ==== 50155+0+0 (secure 0 0 0) 0x7fb1ec041880 con 0x7fb1f81124c0
2026-02-19T23:51:03.712 INFO:teuthology.orchestra.run.trial057.stdout:/usr/bin/ceph: stderr
2026-02-19T23:51:03.586+0000 7fb1df7fe640 1 --2- 10.20.193.57:0/483411829 >> [v2:10.20.193.57:6800/1583209240,v1:10.20.193.57:6801/1583209240] conn(0x7fb1d003dad0 0x7fb1d003ff90 unknown :-1 s=NONE pgs=0 cs=0 l=1 rev1=0 crypto rx=0 tx=0 comp rx=0 tx=0).connect
2026-02-19T23:51:03.712 INFO:teuthology.orchestra.run.trial057.stdout:/usr/bin/ceph: stderr
2026-02-19T23:51:03.586+0000 7fb1df7fe640 1 -- 10.20.193.57:0/483411829 <== mon.0 v2:10.20.193.57:3300/0 5 ==== osd_map(2..2 src has 1..2) ==== 940+0+0 (secure 0 0 0) 0x7fb1ec076390 con 0x7fb1f81124c0
2026-02-19T23:51:03.712 INFO:teuthology.orchestra.run.trial057.stdout:/usr/bin/ceph: stderr
2026-02-19T23:51:03.586+0000 7fb1f5d74640 1 --2- 10.20.193.57:0/483411829 >> [v2:10.20.193.57:6800/1583209240,v1:10.20.193.57:6801/1583209240] conn(0x7fb1d003dad0 0x7fb1d003ff90 unknown :-1 s=BANNER_CONNECTING pgs=0 cs=0 l=1 rev1=0 crypto rx=0 tx=0 comp rx=0 tx=0)._handle_peer_banner_payload supported=3 required=0
2026-02-19T23:51:03.712 INFO:teuthology.orchestra.run.trial057.stdout:/usr/bin/ceph: stderr
2026-02-19T23:51:03.586+0000 7fb1f5d74640 1 --2- 10.20.193.57:0/483411829 >> [v2:10.20.193.57:6800/1583209240,v1:10.20.193.57:6801/1583209240] conn(0x7fb1d003dad0 0x7fb1d003ff90 secure :-1 s=READY pgs=7 cs=0 l=1 rev1=1 crypto rx=0x7fb1e00099c0 tx=0x7fb1e0006eb0 comp rx=0 tx=0).ready entity=mgr.14118 client_cookie=0 server_cookie=0 in_seq=0 out_seq=0
2026-02-19T23:51:03.712 INFO:teuthology.orchestra.run.trial057.stdout:/usr/bin/ceph: stderr
2026-02-19T23:51:03.588+0000 7fb1df7fe640 1 -- 10.20.193.57:0/483411829 <== mon.0 v2:10.20.193.57:3300/0 6 ==== mon_command_ack([{"prefix": "get_command_descriptions"}]=0 v0) ==== 72+0+195034 (secure 0 0 0) 0x7fb1ec03e200 con 0x7fb1f81124c0
2026-02-19T23:51:03.712 INFO:teuthology.orchestra.run.trial057.stdout:/usr/bin/ceph: stderr
2026-02-19T23:51:03.678+0000 7fb1fcbae640 1 -- 10.20.193.57:0/483411829 --> [v2:10.20.193.57:6800/1583209240,v1:10.20.193.57:6801/1583209240] -- mgr_command(tid 0: {"prefix": "orch set backend", "module_name": "cephadm", "target": ["mon-mgr", ""]}) -- 0x7fb1f81109e0 con 0x7fb1d003dad0
2026-02-19T23:51:03.712 INFO:teuthology.orchestra.run.trial057.stdout:/usr/bin/ceph: stderr
2026-02-19T23:51:03.682+0000 7fb1df7fe640 1 -- 10.20.193.57:0/483411829 <== mgr.14118 v2:10.20.193.57:6800/1583209240 1 ==== mgr_command_reply(tid 0: 0 ) ==== 8+0+0 (secure 0 0 0) 0x7fb1f81109e0 con 0x7fb1d003dad0
2026-02-19T23:51:03.712 INFO:teuthology.orchestra.run.trial057.stdout:/usr/bin/ceph: stderr
2026-02-19T23:51:03.682+0000 7fb1fcbae640 1 -- 10.20.193.57:0/483411829 >> [v2:10.20.193.57:6800/1583209240,v1:10.20.193.57:6801/1583209240] conn(0x7fb1d003dad0 msgr2=0x7fb1d003ff90 secure :-1 s=STATE_CONNECTION_ESTABLISHED l=1).mark_down
2026-02-19T23:51:03.712 INFO:teuthology.orchestra.run.trial057.stdout:/usr/bin/ceph: stderr
2026-02-19T23:51:03.682+0000 7fb1fcbae640 1 --2- 10.20.193.57:0/483411829 >> [v2:10.20.193.57:6800/1583209240,v1:10.20.193.57:6801/1583209240] conn(0x7fb1d003dad0 0x7fb1d003ff90 secure :-1 s=READY pgs=7 cs=0 l=1 rev1=1 crypto rx=0x7fb1e00099c0 tx=0x7fb1e0006eb0 comp rx=0 tx=0).stop
2026-02-19T23:51:03.712 INFO:teuthology.orchestra.run.trial057.stdout:/usr/bin/ceph: stderr
2026-02-19T23:51:03.683+0000 7fb1fcbae640 1 -- 10.20.193.57:0/483411829 >> [v2:10.20.193.57:3300/0,v1:10.20.193.57:6789/0] conn(0x7fb1f81124c0 msgr2=0x7fb1f81a8150 secure :-1 s=STATE_CONNECTION_ESTABLISHED l=1).mark_down
2026-02-19T23:51:03.712 INFO:teuthology.orchestra.run.trial057.stdout:/usr/bin/ceph: stderr
2026-02-19T23:51:03.683+0000 7fb1fcbae640 1 --2- 10.20.193.57:0/483411829 >> [v2:10.20.193.57:3300/0,v1:10.20.193.57:6789/0] conn(0x7fb1f81124c0 0x7fb1f81a8150 secure :-1 s=READY pgs=36 cs=0 l=1 rev1=1 crypto rx=0x7fb1ec037c30 tx=0x7fb1ec035640 comp rx=0 tx=0).stop
2026-02-19T23:51:03.713 INFO:teuthology.orchestra.run.trial057.stdout:/usr/bin/ceph: stderr
2026-02-19T23:51:03.683+0000 7fb1fcbae640 1 -- 10.20.193.57:0/483411829 shutdown_connections
2026-02-19T23:51:03.713 INFO:teuthology.orchestra.run.trial057.stdout:/usr/bin/ceph: stderr
2026-02-19T23:51:03.683+0000 7fb1fcbae640 1 --2- 10.20.193.57:0/483411829 >> [v2:10.20.193.57:6800/1583209240,v1:10.20.193.57:6801/1583209240] conn(0x7fb1d003dad0 0x7fb1d003ff90 unknown :-1 s=CLOSED pgs=7 cs=0 l=1 rev1=1 crypto rx=0 tx=0 comp rx=0 tx=0).stop
2026-02-19T23:51:03.713 INFO:teuthology.orchestra.run.trial057.stdout:/usr/bin/ceph: stderr
2026-02-19T23:51:03.683+0000 7fb1fcbae640 1 --2- 10.20.193.57:0/483411829 >> [v2:10.20.193.57:3300/0,v1:10.20.193.57:6789/0] conn(0x7fb1f81124c0 0x7fb1f81a8150 unknown :-1 s=CLOSED pgs=36 cs=0 l=1 rev1=1 crypto rx=0 tx=0 comp rx=0 tx=0).stop
2026-02-19T23:51:03.713 INFO:teuthology.orchestra.run.trial057.stdout:/usr/bin/ceph: stderr
2026-02-19T23:51:03.683+0000 7fb1fcbae640 1 -- 10.20.193.57:0/483411829 >> 10.20.193.57:0/483411829 conn(0x7fb1f806efa0 msgr2=0x7fb1f81102d0 unknown :-1 s=STATE_NONE l=0).mark_down
2026-02-19T23:51:03.713 INFO:teuthology.orchestra.run.trial057.stdout:/usr/bin/ceph: stderr
2026-02-19T23:51:03.683+0000 7fb1fcbae640 1 -- 10.20.193.57:0/483411829 shutdown_connections
2026-02-19T23:51:03.713 INFO:teuthology.orchestra.run.trial057.stdout:/usr/bin/ceph: stderr
2026-02-19T23:51:03.683+0000 7fb1fcbae640 1 -- 10.20.193.57:0/483411829 wait complete.
2026-02-19T23:51:03.713 INFO:journalctl@ceph.mon.trial057.trial057.stdout:Feb 19 23:51:03 trial057 ceph-mon[38134]: Found migration_current of "None". Setting to last migration.
2026-02-19T23:51:03.713 INFO:journalctl@ceph.mon.trial057.trial057.stdout:Feb 19 23:51:03 trial057 ceph-mon[38134]: from='mgr.14118 10.20.193.57:0/2241813291' entity='mgr.trial057.bajolw'
2026-02-19T23:51:03.713 INFO:journalctl@ceph.mon.trial057.trial057.stdout:Feb 19 23:51:03 trial057 ceph-mon[38134]: from='mgr.14118 10.20.193.57:0/2241813291' entity='mgr.trial057.bajolw'
2026-02-19T23:51:03.714 INFO:journalctl@ceph.mon.trial057.trial057.stdout:Feb 19 23:51:03 trial057 ceph-mon[38134]: mgrmap e7: trial057.bajolw(active, since 1.0033s)
2026-02-19T23:51:03.916 INFO:teuthology.orchestra.run.trial057.stdout:/usr/bin/ceph: stdout value unchanged
2026-02-19T23:51:03.916 INFO:teuthology.orchestra.run.trial057.stdout:/usr/bin/ceph: stderr
2026-02-19T23:51:03.802+0000 7f290ee28640 1 Processor -- start
2026-02-19T23:51:03.916 INFO:teuthology.orchestra.run.trial057.stdout:/usr/bin/ceph: stderr
2026-02-19T23:51:03.802+0000 7f290ee28640 1 -- start start
2026-02-19T23:51:03.916 INFO:teuthology.orchestra.run.trial057.stdout:/usr/bin/ceph: stderr
2026-02-19T23:51:03.802+0000 7f290ee28640 1 --2- >> [v2:10.20.193.57:3300/0,v1:10.20.193.57:6789/0] conn(0x7f2908109880 0x7f2908109c80 unknown :-1 s=NONE pgs=0 cs=0 l=0 rev1=0 crypto rx=0 tx=0 comp rx=0 tx=0).connect
2026-02-19T23:51:03.916 INFO:teuthology.orchestra.run.trial057.stdout:/usr/bin/ceph: stderr
2026-02-19T23:51:03.802+0000 7f290ee28640 1 -- --> [v2:10.20.193.57:3300/0,v1:10.20.193.57:6789/0] -- mon_getmap magic: 0 -- 0x7f290810a250 con 0x7f2908109880
2026-02-19T23:51:03.916 INFO:teuthology.orchestra.run.trial057.stdout:/usr/bin/ceph: stderr
2026-02-19T23:51:03.802+0000 7f290cb9d640 1 --2- >> [v2:10.20.193.57:3300/0,v1:10.20.193.57:6789/0] conn(0x7f2908109880 0x7f2908109c80 unknown :-1 s=BANNER_CONNECTING pgs=0 cs=0 l=0 rev1=0 crypto rx=0 tx=0 comp rx=0 tx=0)._handle_peer_banner_payload supported=3 required=0
2026-02-19T23:51:03.916 INFO:teuthology.orchestra.run.trial057.stdout:/usr/bin/ceph: stderr
2026-02-19T23:51:03.802+0000 7f290cb9d640 1 --2- >> [v2:10.20.193.57:3300/0,v1:10.20.193.57:6789/0] conn(0x7f2908109880 0x7f2908109c80 unknown :-1 s=HELLO_CONNECTING pgs=0 cs=0 l=0 rev1=1 crypto rx=0 tx=0 comp rx=0 tx=0).handle_hello peer v2:10.20.193.57:3300/0 says I am v2:10.20.193.57:43928/0 (socket says 10.20.193.57:43928)
2026-02-19T23:51:03.916 INFO:teuthology.orchestra.run.trial057.stdout:/usr/bin/ceph: stderr
2026-02-19T23:51:03.802+0000 7f290cb9d640 1 -- 10.20.193.57:0/2549382886 learned_addr learned my addr 10.20.193.57:0/2549382886 (peer_addr_for_me v2:10.20.193.57:0/0)
2026-02-19T23:51:03.916 INFO:teuthology.orchestra.run.trial057.stdout:/usr/bin/ceph: stderr
2026-02-19T23:51:03.802+0000 7f290cb9d640 1 -- 10.20.193.57:0/2549382886 --> [v2:10.20.193.57:3300/0,v1:10.20.193.57:6789/0] -- mon_subscribe({config=0+,monmap=0+}) -- 0x7f290810aa80 con 0x7f2908109880
2026-02-19T23:51:03.916 INFO:teuthology.orchestra.run.trial057.stdout:/usr/bin/ceph: stderr
2026-02-19T23:51:03.803+0000 7f290cb9d640 1 --2- 10.20.193.57:0/2549382886 >> [v2:10.20.193.57:3300/0,v1:10.20.193.57:6789/0] conn(0x7f2908109880 0x7f2908109c80 secure :-1 s=READY pgs=37 cs=0 l=1 rev1=1 crypto rx=0x7f28f8009920 tx=0x7f28f802ef20 comp rx=0 tx=0).ready entity=mon.0 client_cookie=c959827e81a9d317 server_cookie=0 in_seq=0 out_seq=0
2026-02-19T23:51:03.916 INFO:teuthology.orchestra.run.trial057.stdout:/usr/bin/ceph: stderr
2026-02-19T23:51:03.803+0000 7f28ff7fe640 1 -- 10.20.193.57:0/2549382886 <== mon.0 v2:10.20.193.57:3300/0 1 ==== mon_map magic: 0 ==== 226+0+0 (secure 0 0 0) 0x7f28f803c070 con 0x7f2908109880
2026-02-19T23:51:03.916 INFO:teuthology.orchestra.run.trial057.stdout:/usr/bin/ceph: stderr
2026-02-19T23:51:03.803+0000 7f28ff7fe640 1 -- 10.20.193.57:0/2549382886 <== mon.0 v2:10.20.193.57:3300/0 2 ==== config(25 keys) ==== 1007+0+0 (secure 0 0 0) 0x7f28f802fe00 con 0x7f2908109880
2026-02-19T23:51:03.916 INFO:teuthology.orchestra.run.trial057.stdout:/usr/bin/ceph: stderr
2026-02-19T23:51:03.803+0000 7f28ff7fe640 1 -- 10.20.193.57:0/2549382886 <== mon.0 v2:10.20.193.57:3300/0 3 ==== mon_map magic: 0 ==== 226+0+0 (secure 0 0 0) 0x7f28f8035340 con 0x7f2908109880
2026-02-19T23:51:03.916 INFO:teuthology.orchestra.run.trial057.stdout:/usr/bin/ceph: stderr
2026-02-19T23:51:03.803+0000 7f290ee28640 1 -- 10.20.193.57:0/2549382886 >> [v2:10.20.193.57:3300/0,v1:10.20.193.57:6789/0] conn(0x7f2908109880 msgr2=0x7f2908109c80 secure :-1 s=STATE_CONNECTION_ESTABLISHED l=1).mark_down
2026-02-19T23:51:03.916 INFO:teuthology.orchestra.run.trial057.stdout:/usr/bin/ceph: stderr
2026-02-19T23:51:03.803+0000 7f290ee28640 1 --2- 10.20.193.57:0/2549382886 >> [v2:10.20.193.57:3300/0,v1:10.20.193.57:6789/0] conn(0x7f2908109880 0x7f2908109c80 secure :-1 s=READY pgs=37 cs=0 l=1 rev1=1 crypto rx=0x7f28f8009920 tx=0x7f28f802ef20 comp rx=0 tx=0).stop
2026-02-19T23:51:03.916 INFO:teuthology.orchestra.run.trial057.stdout:/usr/bin/ceph: stderr
2026-02-19T23:51:03.803+0000 7f290ee28640 1 -- 10.20.193.57:0/2549382886 shutdown_connections
2026-02-19T23:51:03.916 INFO:teuthology.orchestra.run.trial057.stdout:/usr/bin/ceph: stderr
2026-02-19T23:51:03.803+0000 7f290ee28640 1 --2- 10.20.193.57:0/2549382886 >> [v2:10.20.193.57:3300/0,v1:10.20.193.57:6789/0] conn(0x7f2908109880 0x7f2908109c80 unknown :-1 s=CLOSED pgs=37 cs=0 l=1 rev1=1 crypto rx=0 tx=0 comp rx=0 tx=0).stop
2026-02-19T23:51:03.916 INFO:teuthology.orchestra.run.trial057.stdout:/usr/bin/ceph: stderr
2026-02-19T23:51:03.803+0000 7f290ee28640 1 -- 10.20.193.57:0/2549382886 >> 10.20.193.57:0/2549382886 conn(0x7f290807cf00 msgr2=0x7f290807d310 unknown :-1 s=STATE_NONE l=0).mark_down
2026-02-19T23:51:03.917 INFO:teuthology.orchestra.run.trial057.stdout:/usr/bin/ceph: stderr
2026-02-19T23:51:03.803+0000 7f290ee28640 1 -- 10.20.193.57:0/2549382886 shutdown_connections
2026-02-19T23:51:03.917 INFO:teuthology.orchestra.run.trial057.stdout:/usr/bin/ceph: stderr
2026-02-19T23:51:03.803+0000 7f290ee28640 1 -- 10.20.193.57:0/2549382886 wait complete.
2026-02-19T23:51:03.917 INFO:teuthology.orchestra.run.trial057.stdout:/usr/bin/ceph: stderr
2026-02-19T23:51:03.803+0000 7f290ee28640 1 Processor -- start
2026-02-19T23:51:03.917 INFO:teuthology.orchestra.run.trial057.stdout:/usr/bin/ceph: stderr
2026-02-19T23:51:03.803+0000 7f290ee28640 1 -- start start
2026-02-19T23:51:03.917 INFO:teuthology.orchestra.run.trial057.stdout:/usr/bin/ceph: stderr
2026-02-19T23:51:03.803+0000 7f290ee28640 1 --2- >> [v2:10.20.193.57:3300/0,v1:10.20.193.57:6789/0] conn(0x7f2908109880 0x7f290819f790 unknown :-1 s=NONE pgs=0 cs=0 l=1 rev1=0 crypto rx=0 tx=0 comp rx=0 tx=0).connect
2026-02-19T23:51:03.917 INFO:teuthology.orchestra.run.trial057.stdout:/usr/bin/ceph: stderr
2026-02-19T23:51:03.803+0000 7f290ee28640 1 -- --> [v2:10.20.193.57:3300/0,v1:10.20.193.57:6789/0] -- mon_getmap magic: 0 -- 0x7f290810dcb0 con 0x7f2908109880
2026-02-19T23:51:03.917 INFO:teuthology.orchestra.run.trial057.stdout:/usr/bin/ceph: stderr
2026-02-19T23:51:03.804+0000 7f290cb9d640 1 --2- >> [v2:10.20.193.57:3300/0,v1:10.20.193.57:6789/0] conn(0x7f2908109880 0x7f290819f790 unknown :-1 s=BANNER_CONNECTING pgs=0 cs=0 l=1 rev1=0 crypto rx=0 tx=0 comp rx=0 tx=0)._handle_peer_banner_payload supported=3 required=0
2026-02-19T23:51:03.917 INFO:teuthology.orchestra.run.trial057.stdout:/usr/bin/ceph: stderr
2026-02-19T23:51:03.804+0000 7f290cb9d640 1 --2- >> [v2:10.20.193.57:3300/0,v1:10.20.193.57:6789/0] conn(0x7f2908109880 0x7f290819f790 unknown :-1 s=HELLO_CONNECTING pgs=0 cs=0 l=1 rev1=1 crypto rx=0 tx=0 comp rx=0 tx=0).handle_hello peer v2:10.20.193.57:3300/0 says I am v2:10.20.193.57:43938/0 (socket says 10.20.193.57:43938)
2026-02-19T23:51:03.917 INFO:teuthology.orchestra.run.trial057.stdout:/usr/bin/ceph: stderr
2026-02-19T23:51:03.804+0000 7f290cb9d640 1 -- 10.20.193.57:0/850530560 learned_addr learned my addr 10.20.193.57:0/850530560 (peer_addr_for_me v2:10.20.193.57:0/0)
2026-02-19T23:51:03.917 INFO:teuthology.orchestra.run.trial057.stdout:/usr/bin/ceph: stderr
2026-02-19T23:51:03.804+0000 7f290cb9d640 1 -- 10.20.193.57:0/850530560 --> [v2:10.20.193.57:3300/0,v1:10.20.193.57:6789/0] -- mon_subscribe({config=0+,monmap=0+}) -- 0x7f290819fcd0 con 0x7f2908109880
2026-02-19T23:51:03.917 INFO:teuthology.orchestra.run.trial057.stdout:/usr/bin/ceph: stderr
2026-02-19T23:51:03.804+0000 7f290cb9d640 1 --2- 10.20.193.57:0/850530560 >> [v2:10.20.193.57:3300/0,v1:10.20.193.57:6789/0] conn(0x7f2908109880 0x7f290819f790 secure :-1 s=READY pgs=38 cs=0 l=1 rev1=1 crypto rx=0x7f28f8037b20 tx=0x7f28f80358c0 comp rx=0 tx=0).ready entity=mon.0 client_cookie=0 server_cookie=0 in_seq=0 out_seq=0
2026-02-19T23:51:03.917 INFO:teuthology.orchestra.run.trial057.stdout:/usr/bin/ceph: stderr
2026-02-19T23:51:03.804+0000 7f28fdffb640 1 -- 10.20.193.57:0/850530560 <== mon.0 v2:10.20.193.57:3300/0 1 ==== mon_map magic: 0 ==== 226+0+0 (secure 0 0 0) 0x7f28f8035c10 con 0x7f2908109880
2026-02-19T23:51:03.917 INFO:teuthology.orchestra.run.trial057.stdout:/usr/bin/ceph: stderr
2026-02-19T23:51:03.804+0000 7f28fdffb640 1 -- 10.20.193.57:0/850530560 <== mon.0 v2:10.20.193.57:3300/0 2 ==== config(25 keys) ==== 1007+0+0 (secure 0 0 0) 0x7f28f8035db0 con 0x7f2908109880
2026-02-19T23:51:03.917 INFO:teuthology.orchestra.run.trial057.stdout:/usr/bin/ceph: stderr
2026-02-19T23:51:03.804+0000 7f28fdffb640 1 -- 10.20.193.57:0/850530560 <== mon.0 v2:10.20.193.57:3300/0 3 ==== mon_map magic: 0 ==== 226+0+0 (secure 0 0 0) 0x7f28f80413a0 con 0x7f2908109880
2026-02-19T23:51:03.917 INFO:teuthology.orchestra.run.trial057.stdout:/usr/bin/ceph: stderr
2026-02-19T23:51:03.804+0000 7f290ee28640 1 -- 10.20.193.57:0/850530560 --> [v2:10.20.193.57:3300/0,v1:10.20.193.57:6789/0] -- mon_subscribe({mgrmap=0+}) -- 0x7f290819ff60 con 0x7f2908109880
2026-02-19T23:51:03.917 INFO:teuthology.orchestra.run.trial057.stdout:/usr/bin/ceph: stderr
2026-02-19T23:51:03.804+0000 7f290ee28640 1 -- 10.20.193.57:0/850530560 --> [v2:10.20.193.57:3300/0,v1:10.20.193.57:6789/0] -- mon_subscribe({osdmap=0}) -- 0x7f29081a2c50 con 0x7f2908109880
2026-02-19T23:51:03.917 INFO:teuthology.orchestra.run.trial057.stdout:/usr/bin/ceph: stderr
2026-02-19T23:51:03.804+0000 7f290ee28640 1 -- 10.20.193.57:0/850530560 --> [v2:10.20.193.57:3300/0,v1:10.20.193.57:6789/0] -- mon_command({"prefix": "get_command_descriptions"} v 0) -- 0x7f2908109d00 con 0x7f2908109880
2026-02-19T23:51:03.917 INFO:teuthology.orchestra.run.trial057.stdout:/usr/bin/ceph: stderr
2026-02-19T23:51:03.805+0000 7f28fdffb640 1 -- 10.20.193.57:0/850530560 <== mon.0 v2:10.20.193.57:3300/0 4 ==== mgrmap(e 7) ==== 50155+0+0 (secure 0 0 0) 0x7f28f80423f0 con 0x7f2908109880
2026-02-19T23:51:03.917 INFO:teuthology.orchestra.run.trial057.stdout:/usr/bin/ceph: stderr
2026-02-19T23:51:03.805+0000 7f28fdffb640 1 --2- 10.20.193.57:0/850530560 >> [v2:10.20.193.57:6800/1583209240,v1:10.20.193.57:6801/1583209240] conn(0x7f28e403dad0 0x7f28e403ff90 unknown :-1 s=NONE pgs=0 cs=0 l=1 rev1=0 crypto rx=0 tx=0 comp rx=0 tx=0).connect
2026-02-19T23:51:03.917 INFO:teuthology.orchestra.run.trial057.stdout:/usr/bin/ceph: stderr
2026-02-19T23:51:03.805+0000 7f28fdffb640 1 -- 10.20.193.57:0/850530560 <== mon.0 v2:10.20.193.57:3300/0 5 ==== osd_map(2..2 src has 1..2) ==== 940+0+0 (secure 0 0 0) 0x7f28f8076540 con 0x7f2908109880
2026-02-19T23:51:03.917 INFO:teuthology.orchestra.run.trial057.stdout:/usr/bin/ceph: stderr
2026-02-19T23:51:03.805+0000 7f28fffff640 1 --2- 10.20.193.57:0/850530560 >> [v2:10.20.193.57:6800/1583209240,v1:10.20.193.57:6801/1583209240] conn(0x7f28e403dad0 0x7f28e403ff90 unknown :-1 s=BANNER_CONNECTING pgs=0 cs=0 l=1 rev1=0 crypto rx=0 tx=0 comp rx=0 tx=0)._handle_peer_banner_payload supported=3 required=0
2026-02-19T23:51:03.917 INFO:teuthology.orchestra.run.trial057.stdout:/usr/bin/ceph: stderr
2026-02-19T23:51:03.805+0000 7f28fffff640 1 --2- 10.20.193.57:0/850530560 >> [v2:10.20.193.57:6800/1583209240,v1:10.20.193.57:6801/1583209240] conn(0x7f28e403dad0 0x7f28e403ff90 secure :-1 s=READY pgs=8 cs=0 l=1 rev1=1 crypto rx=0x7f28f00099c0 tx=0x7f28f0006eb0 comp rx=0 tx=0).ready entity=mgr.14118 client_cookie=0 server_cookie=0 in_seq=0 out_seq=0
2026-02-19T23:51:03.917 INFO:teuthology.orchestra.run.trial057.stdout:/usr/bin/ceph: stderr
2026-02-19T23:51:03.807+0000 7f28fdffb640 1 -- 10.20.193.57:0/850530560 <== mon.0 v2:10.20.193.57:3300/0 6 ==== mon_command_ack([{"prefix": "get_command_descriptions"}]=0 v0) ==== 72+0+195034 (secure 0 0 0) 0x7f28f8041600 con 0x7f2908109880
2026-02-19T23:51:03.917 INFO:teuthology.orchestra.run.trial057.stdout:/usr/bin/ceph: stderr
2026-02-19T23:51:03.893+0000 7f290ee28640 1 -- 10.20.193.57:0/850530560 --> [v2:10.20.193.57:6800/1583209240,v1:10.20.193.57:6801/1583209240] -- mgr_command(tid 0: {"prefix": "cephadm set-user", "user": "root", "target": ["mon-mgr", ""]}) -- 0x7f29081077b0 con 0x7f28e403dad0
2026-02-19T23:51:03.917 INFO:teuthology.orchestra.run.trial057.stdout:/usr/bin/ceph: stderr
2026-02-19T23:51:03.893+0000 7f28fdffb640 1 -- 10.20.193.57:0/850530560 <== mgr.14118 v2:10.20.193.57:6800/1583209240 1 ==== mgr_command_reply(tid 0: 0 ) ==== 8+0+16 (secure 0 0 0) 0x7f29081077b0 con 0x7f28e403dad0
2026-02-19T23:51:03.917 INFO:teuthology.orchestra.run.trial057.stdout:/usr/bin/ceph: stderr
2026-02-19T23:51:03.894+0000 7f290ee28640 1 -- 10.20.193.57:0/850530560 >> [v2:10.20.193.57:6800/1583209240,v1:10.20.193.57:6801/1583209240] conn(0x7f28e403dad0 msgr2=0x7f28e403ff90 secure :-1 s=STATE_CONNECTION_ESTABLISHED l=1).mark_down
2026-02-19T23:51:03.918 INFO:teuthology.orchestra.run.trial057.stdout:/usr/bin/ceph: stderr
2026-02-19T23:51:03.894+0000 7f290ee28640 1 --2- 10.20.193.57:0/850530560 >> [v2:10.20.193.57:6800/1583209240,v1:10.20.193.57:6801/1583209240] conn(0x7f28e403dad0 0x7f28e403ff90 secure :-1 s=READY pgs=8 cs=0 l=1 rev1=1 crypto rx=0x7f28f00099c0 tx=0x7f28f0006eb0 comp rx=0 tx=0).stop
2026-02-19T23:51:03.918 INFO:teuthology.orchestra.run.trial057.stdout:/usr/bin/ceph: stderr
2026-02-19T23:51:03.894+0000 7f290ee28640 1 -- 10.20.193.57:0/850530560 >> [v2:10.20.193.57:3300/0,v1:10.20.193.57:6789/0] conn(0x7f2908109880 msgr2=0x7f290819f790 secure :-1 s=STATE_CONNECTION_ESTABLISHED l=1).mark_down
2026-02-19T23:51:03.918 INFO:teuthology.orchestra.run.trial057.stdout:/usr/bin/ceph: stderr
2026-02-19T23:51:03.894+0000 7f290ee28640 1 --2- 10.20.193.57:0/850530560 >> [v2:10.20.193.57:3300/0,v1:10.20.193.57:6789/0] conn(0x7f2908109880 0x7f290819f790 secure :-1 s=READY pgs=38 cs=0 l=1 rev1=1 crypto rx=0x7f28f8037b20 tx=0x7f28f80358c0 comp rx=0 tx=0).stop
2026-02-19T23:51:03.918 INFO:teuthology.orchestra.run.trial057.stdout:/usr/bin/ceph: stderr
2026-02-19T23:51:03.894+0000 7f290ee28640 1 -- 10.20.193.57:0/850530560 shutdown_connections
2026-02-19T23:51:03.918 INFO:teuthology.orchestra.run.trial057.stdout:/usr/bin/ceph: stderr
2026-02-19T23:51:03.894+0000 7f290ee28640 1 --2- 10.20.193.57:0/850530560 >> [v2:10.20.193.57:6800/1583209240,v1:10.20.193.57:6801/1583209240] conn(0x7f28e403dad0 0x7f28e403ff90 unknown :-1 s=CLOSED pgs=8 cs=0 l=1 rev1=1 crypto rx=0 tx=0 comp rx=0 tx=0).stop
2026-02-19T23:51:03.918 INFO:teuthology.orchestra.run.trial057.stdout:/usr/bin/ceph: stderr
2026-02-19T23:51:03.894+0000 7f290ee28640 1 --2- 10.20.193.57:0/850530560 >> [v2:10.20.193.57:3300/0,v1:10.20.193.57:6789/0] conn(0x7f2908109880 0x7f290819f790 unknown :-1 s=CLOSED pgs=38 cs=0 l=1 rev1=1 crypto rx=0 tx=0 comp rx=0 tx=0).stop
2026-02-19T23:51:03.918 INFO:teuthology.orchestra.run.trial057.stdout:/usr/bin/ceph: stderr
2026-02-19T23:51:03.894+0000 7f290ee28640 1 -- 10.20.193.57:0/850530560 >> 10.20.193.57:0/850530560 conn(0x7f290807cf00 msgr2=0x7f29081070a0 unknown :-1 s=STATE_NONE l=0).mark_down
2026-02-19T23:51:03.918 INFO:teuthology.orchestra.run.trial057.stdout:/usr/bin/ceph: stderr
2026-02-19T23:51:03.894+0000 7f290ee28640 1 -- 10.20.193.57:0/850530560 shutdown_connections
2026-02-19T23:51:03.918 INFO:teuthology.orchestra.run.trial057.stdout:/usr/bin/ceph: stderr
2026-02-19T23:51:03.894+0000 7f290ee28640 1 -- 10.20.193.57:0/850530560 wait complete.
2026-02-19T23:51:03.918 INFO:teuthology.orchestra.run.trial057.stdout:Generating ssh key...
2026-02-19T23:51:04.154 INFO:teuthology.orchestra.run.trial057.stdout:/usr/bin/ceph: stderr
2026-02-19T23:51:04.014+0000 7f7f09da2640 1 Processor -- start
2026-02-19T23:51:04.155 INFO:teuthology.orchestra.run.trial057.stdout:/usr/bin/ceph: stderr
2026-02-19T23:51:04.014+0000 7f7f09da2640 1 -- start start
2026-02-19T23:51:04.155 INFO:teuthology.orchestra.run.trial057.stdout:/usr/bin/ceph: stderr
2026-02-19T23:51:04.014+0000 7f7f09da2640 1 --2- >> [v2:10.20.193.57:3300/0,v1:10.20.193.57:6789/0] conn(0x7f7f04107600 0x7f7f04107a00 unknown :-1 s=NONE pgs=0 cs=0 l=0 rev1=0 crypto rx=0 tx=0 comp rx=0 tx=0).connect
2026-02-19T23:51:04.155 INFO:teuthology.orchestra.run.trial057.stdout:/usr/bin/ceph: stderr
2026-02-19T23:51:04.014+0000 7f7f09da2640 1 -- --> [v2:10.20.193.57:3300/0,v1:10.20.193.57:6789/0] -- mon_getmap magic: 0 -- 0x7f7f04107fd0 con 0x7f7f04107600
2026-02-19T23:51:04.155 INFO:teuthology.orchestra.run.trial057.stdout:/usr/bin/ceph: stderr
2026-02-19T23:51:04.014+0000 7f7f037fe640 1 --2- >> [v2:10.20.193.57:3300/0,v1:10.20.193.57:6789/0] conn(0x7f7f04107600 0x7f7f04107a00 unknown :-1 s=BANNER_CONNECTING pgs=0 cs=0 l=0 rev1=0 crypto rx=0 tx=0 comp rx=0 tx=0)._handle_peer_banner_payload supported=3 required=0
2026-02-19T23:51:04.155 INFO:teuthology.orchestra.run.trial057.stdout:/usr/bin/ceph: stderr
2026-02-19T23:51:04.014+0000 7f7f037fe640 1 --2- >> [v2:10.20.193.57:3300/0,v1:10.20.193.57:6789/0] conn(0x7f7f04107600 0x7f7f04107a00 unknown :-1 s=HELLO_CONNECTING pgs=0 cs=0 l=0 rev1=1 crypto rx=0 tx=0 comp rx=0 tx=0).handle_hello peer v2:10.20.193.57:3300/0 says I am v2:10.20.193.57:43944/0 (socket says 10.20.193.57:43944)
2026-02-19T23:51:04.155 INFO:teuthology.orchestra.run.trial057.stdout:/usr/bin/ceph: stderr
2026-02-19T23:51:04.014+0000 7f7f037fe640 1 -- 10.20.193.57:0/3190801187 learned_addr learned my addr 10.20.193.57:0/3190801187 (peer_addr_for_me v2:10.20.193.57:0/0)
2026-02-19T23:51:04.155 INFO:teuthology.orchestra.run.trial057.stdout:/usr/bin/ceph: stderr
2026-02-19T23:51:04.014+0000 7f7f037fe640 1 -- 10.20.193.57:0/3190801187 --> [v2:10.20.193.57:3300/0,v1:10.20.193.57:6789/0] -- mon_subscribe({config=0+,monmap=0+}) -- 0x7f7f04108800 con 0x7f7f04107600
2026-02-19T23:51:04.155 INFO:teuthology.orchestra.run.trial057.stdout:/usr/bin/ceph: stderr
2026-02-19T23:51:04.015+0000 7f7f037fe640 1 --2- 10.20.193.57:0/3190801187 >> [v2:10.20.193.57:3300/0,v1:10.20.193.57:6789/0] conn(0x7f7f04107600 0x7f7f04107a00 secure :-1 s=READY pgs=39 cs=0 l=1 rev1=1 crypto rx=0x7f7ef0009920 tx=0x7f7ef002ef20 comp rx=0 tx=0).ready entity=mon.0 client_cookie=71dd0ec788781935 server_cookie=0 in_seq=0 out_seq=0
2026-02-19T23:51:04.155 INFO:teuthology.orchestra.run.trial057.stdout:/usr/bin/ceph: stderr
2026-02-19T23:51:04.015+0000 7f7f027fc640 1 -- 10.20.193.57:0/3190801187 <== mon.0 v2:10.20.193.57:3300/0 1 ==== mon_map magic: 0 ==== 226+0+0 (secure 0 0 0) 0x7f7ef003c070 con 0x7f7f04107600
2026-02-19T23:51:04.155 INFO:teuthology.orchestra.run.trial057.stdout:/usr/bin/ceph: stderr
2026-02-19T23:51:04.015+0000 7f7f027fc640 1 -- 10.20.193.57:0/3190801187 <== mon.0 v2:10.20.193.57:3300/0 2 ==== config(25 keys) ==== 1007+0+0 (secure 0 0 0) 0x7f7ef002fe00 con 0x7f7f04107600
2026-02-19T23:51:04.155 INFO:teuthology.orchestra.run.trial057.stdout:/usr/bin/ceph: stderr
2026-02-19T23:51:04.015+0000 7f7f027fc640 1 -- 10.20.193.57:0/3190801187 <== mon.0 v2:10.20.193.57:3300/0 3 ==== mon_map magic: 0 ==== 226+0+0 (secure 0 0 0) 0x7f7ef0035340 con 0x7f7f04107600
2026-02-19T23:51:04.156 INFO:teuthology.orchestra.run.trial057.stdout:/usr/bin/ceph: stderr
2026-02-19T23:51:04.015+0000 7f7f09da2640 1 -- 10.20.193.57:0/3190801187 >> [v2:10.20.193.57:3300/0,v1:10.20.193.57:6789/0] conn(0x7f7f04107600 msgr2=0x7f7f04107a00 secure :-1 s=STATE_CONNECTION_ESTABLISHED l=1).mark_down
2026-02-19T23:51:04.156 INFO:teuthology.orchestra.run.trial057.stdout:/usr/bin/ceph: stderr
2026-02-19T23:51:04.015+0000 7f7f09da2640 1 --2- 10.20.193.57:0/3190801187 >> [v2:10.20.193.57:3300/0,v1:10.20.193.57:6789/0] conn(0x7f7f04107600 0x7f7f04107a00 secure :-1 s=READY pgs=39 cs=0 l=1 rev1=1 crypto rx=0x7f7ef0009920 tx=0x7f7ef002ef20 comp rx=0 tx=0).stop
2026-02-19T23:51:04.156 INFO:teuthology.orchestra.run.trial057.stdout:/usr/bin/ceph: stderr
2026-02-19T23:51:04.015+0000 7f7f09da2640 1 -- 10.20.193.57:0/3190801187 shutdown_connections
2026-02-19T23:51:04.156 INFO:teuthology.orchestra.run.trial057.stdout:/usr/bin/ceph: stderr
2026-02-19T23:51:04.015+0000 7f7f09da2640 1 --2- 10.20.193.57:0/3190801187 >> [v2:10.20.193.57:3300/0,v1:10.20.193.57:6789/0] conn(0x7f7f04107600 0x7f7f04107a00 unknown :-1 s=CLOSED pgs=39 cs=0 l=1 rev1=1 crypto rx=0 tx=0 comp rx=0 tx=0).stop
2026-02-19T23:51:04.156 INFO:teuthology.orchestra.run.trial057.stdout:/usr/bin/ceph: stderr
2026-02-19T23:51:04.015+0000 7f7f09da2640 1 -- 10.20.193.57:0/3190801187 >> 10.20.193.57:0/3190801187 conn(0x7f7f04102dd0 msgr2=0x7f7f041051f0 unknown :-1 s=STATE_NONE l=0).mark_down
2026-02-19T23:51:04.156 INFO:teuthology.orchestra.run.trial057.stdout:/usr/bin/ceph: stderr
2026-02-19T23:51:04.015+0000 7f7f09da2640 1 -- 10.20.193.57:0/3190801187 shutdown_connections
2026-02-19T23:51:04.156 INFO:teuthology.orchestra.run.trial057.stdout:/usr/bin/ceph: stderr
2026-02-19T23:51:04.015+0000 7f7f09da2640 1 -- 10.20.193.57:0/3190801187 wait complete.
2026-02-19T23:51:04.156 INFO:teuthology.orchestra.run.trial057.stdout:/usr/bin/ceph: stderr
2026-02-19T23:51:04.016+0000 7f7f09da2640 1 Processor -- start
2026-02-19T23:51:04.156 INFO:teuthology.orchestra.run.trial057.stdout:/usr/bin/ceph: stderr
2026-02-19T23:51:04.016+0000 7f7f09da2640 1 -- start start
2026-02-19T23:51:04.156 INFO:teuthology.orchestra.run.trial057.stdout:/usr/bin/ceph: stderr
2026-02-19T23:51:04.016+0000 7f7f09da2640 1 --2- >> [v2:10.20.193.57:3300/0,v1:10.20.193.57:6789/0] conn(0x7f7f04107600 0x7f7f0419f760 unknown :-1 s=NONE pgs=0 cs=0 l=1 rev1=0 crypto rx=0 tx=0 comp rx=0 tx=0).connect
2026-02-19T23:51:04.156 INFO:teuthology.orchestra.run.trial057.stdout:/usr/bin/ceph: stderr
2026-02-19T23:51:04.016+0000 7f7f09da2640 1 -- --> [v2:10.20.193.57:3300/0,v1:10.20.193.57:6789/0] -- mon_getmap magic: 0 -- 0x7f7f0410ba30 con 0x7f7f04107600
2026-02-19T23:51:04.157 INFO:teuthology.orchestra.run.trial057.stdout:/usr/bin/ceph: stderr
2026-02-19T23:51:04.016+0000 7f7f037fe640 1 --2- >> [v2:10.20.193.57:3300/0,v1:10.20.193.57:6789/0] conn(0x7f7f04107600 0x7f7f0419f760 unknown :-1 s=BANNER_CONNECTING pgs=0 cs=0 l=1 rev1=0 crypto rx=0 tx=0 comp rx=0 tx=0)._handle_peer_banner_payload supported=3 required=0
2026-02-19T23:51:04.157 INFO:teuthology.orchestra.run.trial057.stdout:/usr/bin/ceph: stderr
2026-02-19T23:51:04.016+0000 7f7f037fe640 1 --2- >> [v2:10.20.193.57:3300/0,v1:10.20.193.57:6789/0] conn(0x7f7f04107600 0x7f7f0419f760 unknown :-1 s=HELLO_CONNECTING pgs=0 cs=0 l=1 rev1=1 crypto rx=0 tx=0 comp rx=0 tx=0).handle_hello peer v2:10.20.193.57:3300/0 says I am v2:10.20.193.57:43952/0 (socket says 10.20.193.57:43952)
2026-02-19T23:51:04.157 INFO:teuthology.orchestra.run.trial057.stdout:/usr/bin/ceph: stderr
2026-02-19T23:51:04.016+0000 7f7f037fe640 1 -- 10.20.193.57:0/4120133981 learned_addr learned my addr 10.20.193.57:0/4120133981 (peer_addr_for_me v2:10.20.193.57:0/0)
2026-02-19T23:51:04.157 INFO:teuthology.orchestra.run.trial057.stdout:/usr/bin/ceph: stderr
2026-02-19T23:51:04.016+0000 7f7f037fe640 1 -- 10.20.193.57:0/4120133981 --> [v2:10.20.193.57:3300/0,v1:10.20.193.57:6789/0] -- mon_subscribe({config=0+,monmap=0+}) -- 0x7f7f0419fca0 con 0x7f7f04107600
2026-02-19T23:51:04.157 INFO:teuthology.orchestra.run.trial057.stdout:/usr/bin/ceph: stderr
2026-02-19T23:51:04.016+0000 7f7f037fe640 1 --2- 10.20.193.57:0/4120133981 >> [v2:10.20.193.57:3300/0,v1:10.20.193.57:6789/0] conn(0x7f7f04107600 0x7f7f0419f760 secure :-1 s=READY pgs=40 cs=0 l=1 rev1=1 crypto rx=0x7f7ef0037b20 tx=0x7f7ef00358c0 comp rx=0 tx=0).ready entity=mon.0 client_cookie=0 server_cookie=0 in_seq=0 out_seq=0
2026-02-19T23:51:04.157 INFO:teuthology.orchestra.run.trial057.stdout:/usr/bin/ceph: stderr
2026-02-19T23:51:04.016+0000 7f7f00ff9640 1 -- 10.20.193.57:0/4120133981 <== mon.0 v2:10.20.193.57:3300/0 1 ==== mon_map magic: 0 ==== 226+0+0 (secure 0 0 0) 0x7f7ef0035c10 con 0x7f7f04107600
2026-02-19T23:51:04.157 INFO:teuthology.orchestra.run.trial057.stdout:/usr/bin/ceph: stderr
2026-02-19T23:51:04.016+0000 7f7f09da2640 1 -- 10.20.193.57:0/4120133981 --> [v2:10.20.193.57:3300/0,v1:10.20.193.57:6789/0] -- mon_subscribe({mgrmap=0+}) -- 0x7f7f0419ff30 con 0x7f7f04107600
2026-02-19T23:51:04.157 INFO:teuthology.orchestra.run.trial057.stdout:/usr/bin/ceph: stderr
2026-02-19T23:51:04.016+0000 7f7f00ff9640 1 -- 10.20.193.57:0/4120133981 <== mon.0 v2:10.20.193.57:3300/0 2 ==== config(25 keys) ==== 1007+0+0 (secure 0 0 0) 0x7f7ef0035db0 con 0x7f7f04107600
2026-02-19T23:51:04.157 INFO:teuthology.orchestra.run.trial057.stdout:/usr/bin/ceph: stderr
2026-02-19T23:51:04.016+0000 7f7f00ff9640 1 -- 10.20.193.57:0/4120133981 <== mon.0 v2:10.20.193.57:3300/0 3 ==== mon_map magic: 0 ==== 226+0+0 (secure 0 0 0) 0x7f7ef00413a0 con 0x7f7f04107600
2026-02-19T23:51:04.157 INFO:teuthology.orchestra.run.trial057.stdout:/usr/bin/ceph: stderr
2026-02-19T23:51:04.016+0000 7f7f09da2640 1 -- 10.20.193.57:0/4120133981 --> [v2:10.20.193.57:3300/0,v1:10.20.193.57:6789/0] -- mon_subscribe({osdmap=0}) -- 0x7f7f041a2c20 con 0x7f7f04107600
2026-02-19T23:51:04.157 INFO:teuthology.orchestra.run.trial057.stdout:/usr/bin/ceph: stderr
2026-02-19T23:51:04.017+0000 7f7f00ff9640 1 -- 10.20.193.57:0/4120133981 <== mon.0 v2:10.20.193.57:3300/0 4 ==== mgrmap(e 7) ==== 50155+0+0 (secure 0 0 0) 0x7f7ef00423f0 con 0x7f7f04107600
2026-02-19T23:51:04.157 INFO:teuthology.orchestra.run.trial057.stdout:/usr/bin/ceph: stderr
2026-02-19T23:51:04.017+0000 7f7f09da2640 1 -- 10.20.193.57:0/4120133981 --> [v2:10.20.193.57:3300/0,v1:10.20.193.57:6789/0] -- mon_command({"prefix": "get_command_descriptions"} v 0) -- 0x7f7f04107a80 con 0x7f7f04107600
2026-02-19T23:51:04.157 INFO:teuthology.orchestra.run.trial057.stdout:/usr/bin/ceph: stderr
2026-02-19T23:51:04.017+0000 7f7f00ff9640 1 --2- 10.20.193.57:0/4120133981 >> [v2:10.20.193.57:6800/1583209240,v1:10.20.193.57:6801/1583209240] conn(0x7f7ed803da80 0x7f7ed803ff40 unknown :-1 s=NONE pgs=0 cs=0 l=1 rev1=0 crypto rx=0 tx=0 comp rx=0 tx=0).connect
2026-02-19T23:51:04.158 INFO:teuthology.orchestra.run.trial057.stdout:/usr/bin/ceph: stderr
2026-02-19T23:51:04.017+0000 7f7f00ff9640 1 -- 10.20.193.57:0/4120133981 <== mon.0 v2:10.20.193.57:3300/0 5 ==== osd_map(2..2 src has 1..2) ==== 940+0+0 (secure 0 0 0) 0x7f7ef00765f0 con 0x7f7f04107600
2026-02-19T23:51:04.158 INFO:teuthology.orchestra.run.trial057.stdout:/usr/bin/ceph: stderr
2026-02-19T23:51:04.017+0000 7f7f02ffd640 1 --2- 10.20.193.57:0/4120133981 >> [v2:10.20.193.57:6800/1583209240,v1:10.20.193.57:6801/1583209240] conn(0x7f7ed803da80 0x7f7ed803ff40 unknown :-1 s=BANNER_CONNECTING pgs=0 cs=0 l=1 rev1=0 crypto rx=0 tx=0 comp rx=0 tx=0)._handle_peer_banner_payload supported=3 required=0
2026-02-19T23:51:04.158 INFO:teuthology.orchestra.run.trial057.stdout:/usr/bin/ceph: stderr
2026-02-19T23:51:04.017+0000 7f7f02ffd640 1 --2- 10.20.193.57:0/4120133981 >> [v2:10.20.193.57:6800/1583209240,v1:10.20.193.57:6801/1583209240] conn(0x7f7ed803da80 0x7f7ed803ff40 secure :-1 s=READY pgs=9 cs=0 l=1 rev1=1 crypto rx=0x7f7ef40099c0 tx=0x7f7ef4006eb0 comp rx=0 tx=0).ready entity=mgr.14118 client_cookie=0 server_cookie=0 in_seq=0 out_seq=0
2026-02-19T23:51:04.158 INFO:teuthology.orchestra.run.trial057.stdout:/usr/bin/ceph: stderr
2026-02-19T23:51:04.019+0000 7f7f00ff9640 1 -- 10.20.193.57:0/4120133981 <== mon.0 v2:10.20.193.57:3300/0 6 ==== mon_command_ack([{"prefix": "get_command_descriptions"}]=0 v0) ==== 72+0+195034 (secure 0 0 0) 0x7f7ef003e200 con 0x7f7f04107600
2026-02-19T23:51:04.158 INFO:teuthology.orchestra.run.trial057.stdout:/usr/bin/ceph: stderr
2026-02-19T23:51:04.105+0000 7f7f09da2640 1 -- 10.20.193.57:0/4120133981 --> [v2:10.20.193.57:6800/1583209240,v1:10.20.193.57:6801/1583209240] -- mgr_command(tid 0: {"prefix": "cephadm generate-key", "target": ["mon-mgr", ""]}) -- 0x7f7f04104050 con 0x7f7ed803da80
2026-02-19T23:51:04.158 INFO:teuthology.orchestra.run.trial057.stdout:/usr/bin/ceph: stderr
2026-02-19T23:51:04.126+0000 7f7f00ff9640 1 -- 10.20.193.57:0/4120133981 <== mgr.14118 v2:10.20.193.57:6800/1583209240 1 ==== mgr_command_reply(tid 0: 0 ) ==== 8+0+0 (secure 0 0 0) 0x7f7f04104050 con 0x7f7ed803da80
2026-02-19T23:51:04.158 INFO:teuthology.orchestra.run.trial057.stdout:/usr/bin/ceph: stderr
2026-02-19T23:51:04.128+0000 7f7f09da2640 1 -- 10.20.193.57:0/4120133981 >> [v2:10.20.193.57:6800/1583209240,v1:10.20.193.57:6801/1583209240] conn(0x7f7ed803da80 msgr2=0x7f7ed803ff40 secure :-1 s=STATE_CONNECTION_ESTABLISHED l=1).mark_down
2026-02-19T23:51:04.158 INFO:teuthology.orchestra.run.trial057.stdout:/usr/bin/ceph: stderr
2026-02-19T23:51:04.128+0000 7f7f09da2640 1 --2- 10.20.193.57:0/4120133981 >> [v2:10.20.193.57:6800/1583209240,v1:10.20.193.57:6801/1583209240] conn(0x7f7ed803da80 0x7f7ed803ff40 secure :-1 s=READY pgs=9 cs=0 l=1 rev1=1 crypto rx=0x7f7ef40099c0 tx=0x7f7ef4006eb0 comp rx=0 tx=0).stop
2026-02-19T23:51:04.158 INFO:teuthology.orchestra.run.trial057.stdout:/usr/bin/ceph: stderr
2026-02-19T23:51:04.128+0000 7f7f09da2640 1 -- 10.20.193.57:0/4120133981 >> [v2:10.20.193.57:3300/0,v1:10.20.193.57:6789/0] conn(0x7f7f04107600 msgr2=0x7f7f0419f760 secure :-1 s=STATE_CONNECTION_ESTABLISHED l=1).mark_down
2026-02-19T23:51:04.158 INFO:teuthology.orchestra.run.trial057.stdout:/usr/bin/ceph: stderr
2026-02-19T23:51:04.128+0000 7f7f09da2640 1 --2- 10.20.193.57:0/4120133981 >> [v2:10.20.193.57:3300/0,v1:10.20.193.57:6789/0] conn(0x7f7f04107600 0x7f7f0419f760 secure :-1 s=READY pgs=40 cs=0 l=1 rev1=1 crypto rx=0x7f7ef0037b20 tx=0x7f7ef00358c0 comp rx=0 tx=0).stop
2026-02-19T23:51:04.158 INFO:teuthology.orchestra.run.trial057.stdout:/usr/bin/ceph: stderr
2026-02-19T23:51:04.128+0000 7f7f09da2640 1 -- 10.20.193.57:0/4120133981 shutdown_connections
2026-02-19T23:51:04.159 INFO:teuthology.orchestra.run.trial057.stdout:/usr/bin/ceph: stderr
2026-02-19T23:51:04.128+0000 7f7f09da2640 1 --2- 10.20.193.57:0/4120133981 >> [v2:10.20.193.57:6800/1583209240,v1:10.20.193.57:6801/1583209240] conn(0x7f7ed803da80 0x7f7ed803ff40 unknown :-1 s=CLOSED pgs=9 cs=0 l=1 rev1=1 crypto rx=0 tx=0 comp rx=0 tx=0).stop
2026-02-19T23:51:04.159 INFO:teuthology.orchestra.run.trial057.stdout:/usr/bin/ceph: stderr
2026-02-19T23:51:04.128+0000 7f7f09da2640 1 --2- 10.20.193.57:0/4120133981 >> [v2:10.20.193.57:3300/0,v1:10.20.193.57:6789/0] conn(0x7f7f04107600 0x7f7f0419f760 unknown :-1 s=CLOSED pgs=40 cs=0 l=1 rev1=1 crypto rx=0 tx=0 comp rx=0 tx=0).stop
2026-02-19T23:51:04.159 INFO:teuthology.orchestra.run.trial057.stdout:/usr/bin/ceph: stderr
2026-02-19T23:51:04.128+0000 7f7f09da2640 1 -- 10.20.193.57:0/4120133981 >> 10.20.193.57:0/4120133981 conn(0x7f7f04102dd0 msgr2=0x7f7f04103940 unknown :-1 s=STATE_NONE l=0).mark_down
2026-02-19T23:51:04.159 INFO:teuthology.orchestra.run.trial057.stdout:/usr/bin/ceph: stderr
2026-02-19T23:51:04.128+0000 7f7f09da2640 1 -- 10.20.193.57:0/4120133981 shutdown_connections
2026-02-19T23:51:04.159 INFO:teuthology.orchestra.run.trial057.stdout:/usr/bin/ceph: stderr
2026-02-19T23:51:04.128+0000 7f7f09da2640 1 -- 10.20.193.57:0/4120133981 wait complete.
2026-02-19T23:51:04.361 INFO:teuthology.orchestra.run.trial057.stdout:/usr/bin/ceph: stdout ssh-ed25519 AAAAC3NzaC1lZDI1NTE5AAAAIDg6WTYSKG66DHyuqABeAJRUsajxqFa3qCCHGxsj8md/ ceph-cb877430-0ded-11f1-ac9f-d404e6e7d460
2026-02-19T23:51:04.361 INFO:teuthology.orchestra.run.trial057.stdout:/usr/bin/ceph: stderr
2026-02-19T23:51:04.242+0000 7f1d5c5da640 1 Processor -- start
2026-02-19T23:51:04.361 INFO:teuthology.orchestra.run.trial057.stdout:/usr/bin/ceph: stderr
2026-02-19T23:51:04.242+0000 7f1d5c5da640 1 -- start start
2026-02-19T23:51:04.361 INFO:teuthology.orchestra.run.trial057.stdout:/usr/bin/ceph: stderr
2026-02-19T23:51:04.242+0000 7f1d5c5da640 1 --2- >> [v2:10.20.193.57:3300/0,v1:10.20.193.57:6789/0] conn(0x7f1d54109880 0x7f1d54109c80 unknown :-1 s=NONE pgs=0 cs=0 l=0 rev1=0 crypto rx=0 tx=0 comp rx=0 tx=0).connect
2026-02-19T23:51:04.361 INFO:teuthology.orchestra.run.trial057.stdout:/usr/bin/ceph: stderr
2026-02-19T23:51:04.243+0000 7f1d5c5da640 1 -- --> [v2:10.20.193.57:3300/0,v1:10.20.193.57:6789/0] -- mon_getmap magic: 0 -- 0x7f1d5410a250 con 0x7f1d54109880
2026-02-19T23:51:04.362 INFO:teuthology.orchestra.run.trial057.stdout:/usr/bin/ceph: stderr
2026-02-19T23:51:04.243+0000 7f1d5a34f640 1 --2- >> [v2:10.20.193.57:3300/0,v1:10.20.193.57:6789/0] conn(0x7f1d54109880 0x7f1d54109c80 unknown :-1 s=BANNER_CONNECTING pgs=0 cs=0 l=0 rev1=0 crypto rx=0 tx=0 comp rx=0 tx=0)._handle_peer_banner_payload supported=3 required=0
2026-02-19T23:51:04.362 INFO:teuthology.orchestra.run.trial057.stdout:/usr/bin/ceph: stderr
2026-02-19T23:51:04.243+0000 7f1d5a34f640 1 --2- >> [v2:10.20.193.57:3300/0,v1:10.20.193.57:6789/0] conn(0x7f1d54109880 0x7f1d54109c80 unknown :-1 s=HELLO_CONNECTING pgs=0 cs=0 l=0 rev1=1 crypto rx=0 tx=0 comp rx=0 tx=0).handle_hello peer v2:10.20.193.57:3300/0 says I am v2:10.20.193.57:43960/0 (socket says 10.20.193.57:43960)
2026-02-19T23:51:04.362 INFO:teuthology.orchestra.run.trial057.stdout:/usr/bin/ceph: stderr
2026-02-19T23:51:04.243+0000 7f1d5a34f640 1 -- 10.20.193.57:0/4061590230 learned_addr learned my addr 10.20.193.57:0/4061590230 (peer_addr_for_me v2:10.20.193.57:0/0)
2026-02-19T23:51:04.362 INFO:teuthology.orchestra.run.trial057.stdout:/usr/bin/ceph: stderr
2026-02-19T23:51:04.243+0000 7f1d5a34f640 1 -- 10.20.193.57:0/4061590230 --> [v2:10.20.193.57:3300/0,v1:10.20.193.57:6789/0] -- mon_subscribe({config=0+,monmap=0+}) -- 0x7f1d5410aa80 con 0x7f1d54109880
2026-02-19T23:51:04.362 INFO:teuthology.orchestra.run.trial057.stdout:/usr/bin/ceph: stderr
2026-02-19T23:51:04.243+0000 7f1d5a34f640 1 --2- 10.20.193.57:0/4061590230 >> [v2:10.20.193.57:3300/0,v1:10.20.193.57:6789/0] conn(0x7f1d54109880 0x7f1d54109c80 secure :-1 s=READY pgs=41 cs=0 l=1 rev1=1 crypto rx=0x7f1d44009920 tx=0x7f1d4402ef20 comp rx=0 tx=0).ready entity=mon.0 client_cookie=bd1e7f18c5dd5768 server_cookie=0 in_seq=0 out_seq=0
2026-02-19T23:51:04.362 INFO:teuthology.orchestra.run.trial057.stdout:/usr/bin/ceph: stderr
2026-02-19T23:51:04.243+0000 7f1d5934d640 1 -- 10.20.193.57:0/4061590230 <== mon.0 v2:10.20.193.57:3300/0 1 ==== mon_map magic: 0 ==== 226+0+0 (secure 0 0 0) 0x7f1d4403c070 con 0x7f1d54109880
2026-02-19T23:51:04.362 INFO:teuthology.orchestra.run.trial057.stdout:/usr/bin/ceph: stderr
2026-02-19T23:51:04.243+0000 7f1d5934d640 1 -- 10.20.193.57:0/4061590230 <== mon.0 v2:10.20.193.57:3300/0 2 ==== config(25 keys) ==== 1007+0+0 (secure 0 0 0) 0x7f1d4402fe00 con 0x7f1d54109880
2026-02-19T23:51:04.362 INFO:teuthology.orchestra.run.trial057.stdout:/usr/bin/ceph: stderr
2026-02-19T23:51:04.243+0000 7f1d5934d640 1 -- 10.20.193.57:0/4061590230 <== mon.0 v2:10.20.193.57:3300/0 3 ==== mon_map magic: 0 ==== 226+0+0 (secure 0 0 0) 0x7f1d44035340 con 0x7f1d54109880
2026-02-19T23:51:04.362 INFO:teuthology.orchestra.run.trial057.stdout:/usr/bin/ceph: stderr
2026-02-19T23:51:04.244+0000 7f1d5c5da640 1 -- 10.20.193.57:0/4061590230 >> [v2:10.20.193.57:3300/0,v1:10.20.193.57:6789/0] conn(0x7f1d54109880 msgr2=0x7f1d54109c80 secure :-1 s=STATE_CONNECTION_ESTABLISHED l=1).mark_down
2026-02-19T23:51:04.362 INFO:teuthology.orchestra.run.trial057.stdout:/usr/bin/ceph: stderr
2026-02-19T23:51:04.244+0000 7f1d5c5da640 1 --2- 10.20.193.57:0/4061590230 >> [v2:10.20.193.57:3300/0,v1:10.20.193.57:6789/0] conn(0x7f1d54109880 0x7f1d54109c80 secure :-1 s=READY pgs=41 cs=0 l=1 rev1=1 crypto rx=0x7f1d44009920 tx=0x7f1d4402ef20 comp rx=0 tx=0).stop
2026-02-19T23:51:04.362 INFO:teuthology.orchestra.run.trial057.stdout:/usr/bin/ceph: stderr
2026-02-19T23:51:04.244+0000 7f1d5c5da640 1 -- 10.20.193.57:0/4061590230 shutdown_connections
2026-02-19T23:51:04.363 INFO:teuthology.orchestra.run.trial057.stdout:/usr/bin/ceph: stderr
2026-02-19T23:51:04.244+0000 7f1d5c5da640 1 --2- 10.20.193.57:0/4061590230 >> [v2:10.20.193.57:3300/0,v1:10.20.193.57:6789/0] conn(0x7f1d54109880 0x7f1d54109c80 unknown :-1 s=CLOSED pgs=41 cs=0 l=1 rev1=1 crypto rx=0 tx=0 comp rx=0 tx=0).stop
2026-02-19T23:51:04.363 INFO:teuthology.orchestra.run.trial057.stdout:/usr/bin/ceph: stderr
2026-02-19T23:51:04.244+0000 7f1d5c5da640 1 -- 10.20.193.57:0/4061590230 >> 10.20.193.57:0/4061590230 conn(0x7f1d5407ce10 msgr2=0x7f1d5407d220 unknown :-1 s=STATE_NONE l=0).mark_down
2026-02-19T23:51:04.363 INFO:teuthology.orchestra.run.trial057.stdout:/usr/bin/ceph: stderr
2026-02-19T23:51:04.244+0000 7f1d5c5da640 1 -- 10.20.193.57:0/4061590230 shutdown_connections
2026-02-19T23:51:04.363 INFO:teuthology.orchestra.run.trial057.stdout:/usr/bin/ceph: stderr
2026-02-19T23:51:04.244+0000 7f1d5c5da640 1 -- 10.20.193.57:0/4061590230 wait complete.
2026-02-19T23:51:04.363 INFO:teuthology.orchestra.run.trial057.stdout:/usr/bin/ceph: stderr
2026-02-19T23:51:04.244+0000 7f1d5c5da640 1 Processor -- start
2026-02-19T23:51:04.363 INFO:teuthology.orchestra.run.trial057.stdout:/usr/bin/ceph: stderr
2026-02-19T23:51:04.244+0000 7f1d5c5da640 1 -- start start
2026-02-19T23:51:04.363 INFO:teuthology.orchestra.run.trial057.stdout:/usr/bin/ceph: stderr
2026-02-19T23:51:04.244+0000 7f1d5c5da640 1 --2- >> [v2:10.20.193.57:3300/0,v1:10.20.193.57:6789/0] conn(0x7f1d54109880 0x7f1d5419f730 unknown :-1 s=NONE pgs=0 cs=0 l=1 rev1=0 crypto rx=0 tx=0 comp rx=0 tx=0).connect
2026-02-19T23:51:04.363 INFO:teuthology.orchestra.run.trial057.stdout:/usr/bin/ceph: stderr
2026-02-19T23:51:04.244+0000 7f1d5c5da640 1 -- --> [v2:10.20.193.57:3300/0,v1:10.20.193.57:6789/0] -- mon_getmap magic: 0 -- 0x7f1d5410dcb0 con 0x7f1d54109880
2026-02-19T23:51:04.363 INFO:teuthology.orchestra.run.trial057.stdout:/usr/bin/ceph: stderr
2026-02-19T23:51:04.244+0000 7f1d5a34f640 1 --2- >> [v2:10.20.193.57:3300/0,v1:10.20.193.57:6789/0] conn(0x7f1d54109880 0x7f1d5419f730 unknown :-1 s=BANNER_CONNECTING pgs=0 cs=0 l=1 rev1=0 crypto rx=0 tx=0 comp rx=0 tx=0)._handle_peer_banner_payload supported=3 required=0
2026-02-19T23:51:04.363 INFO:teuthology.orchestra.run.trial057.stdout:/usr/bin/ceph: stderr
2026-02-19T23:51:04.244+0000 7f1d5a34f640 1 --2- >> [v2:10.20.193.57:3300/0,v1:10.20.193.57:6789/0] conn(0x7f1d54109880 0x7f1d5419f730 unknown :-1 s=HELLO_CONNECTING pgs=0 cs=0 l=1 rev1=1 crypto rx=0 tx=0 comp rx=0 tx=0).handle_hello peer v2:10.20.193.57:3300/0 says I am v2:10.20.193.57:43966/0 (socket says 10.20.193.57:43966)
2026-02-19T23:51:04.363 INFO:teuthology.orchestra.run.trial057.stdout:/usr/bin/ceph: stderr
2026-02-19T23:51:04.244+0000 7f1d5a34f640 1 -- 10.20.193.57:0/207303353 learned_addr learned my addr 10.20.193.57:0/207303353 (peer_addr_for_me v2:10.20.193.57:0/0)
2026-02-19T23:51:04.363 INFO:teuthology.orchestra.run.trial057.stdout:/usr/bin/ceph: stderr
2026-02-19T23:51:04.244+0000 7f1d5a34f640 1 -- 10.20.193.57:0/207303353 --> [v2:10.20.193.57:3300/0,v1:10.20.193.57:6789/0] -- mon_subscribe({config=0+,monmap=0+}) -- 0x7f1d5419fc70 con 0x7f1d54109880
2026-02-19T23:51:04.364 INFO:teuthology.orchestra.run.trial057.stdout:/usr/bin/ceph: stderr
2026-02-19T23:51:04.244+0000 7f1d5a34f640 1 --2- 10.20.193.57:0/207303353 >> [v2:10.20.193.57:3300/0,v1:10.20.193.57:6789/0] conn(0x7f1d54109880 0x7f1d5419f730 secure :-1 s=READY pgs=42 cs=0 l=1 rev1=1 crypto rx=0x7f1d44037b20 tx=0x7f1d440358c0 comp rx=0 tx=0).ready entity=mon.0 client_cookie=0 server_cookie=0 in_seq=0 out_seq=0
