2026-02-19T23:51:13.806 INFO:teuthology.orchestra.run.trial057.stdout:/usr/bin/ceph: stderr
2026-02-19T23:51:13.625+0000 7fe3aed76640 1 --2- >> [v2:10.20.193.57:3300/0,v1:10.20.193.57:6789/0] conn(0x7fe3b0109880 0x7fe3b0109c80 unknown :-1 s=BANNER_CONNECTING pgs=0 cs=0 l=0 rev1=0 crypto rx=0 tx=0 comp rx=0 tx=0)._handle_peer_banner_payload supported=3 required=0
2026-02-19T23:51:13.806 INFO:teuthology.orchestra.run.trial057.stdout:/usr/bin/ceph: stderr
2026-02-19T23:51:13.625+0000 7fe3aed76640 1 --2- >> [v2:10.20.193.57:3300/0,v1:10.20.193.57:6789/0] conn(0x7fe3b0109880 0x7fe3b0109c80 unknown :-1 s=HELLO_CONNECTING pgs=0 cs=0 l=0 rev1=1 crypto rx=0 tx=0 comp rx=0 tx=0).handle_hello peer v2:10.20.193.57:3300/0 says I am v2:10.20.193.57:47662/0 (socket says 10.20.193.57:47662)
2026-02-19T23:51:13.806 INFO:teuthology.orchestra.run.trial057.stdout:/usr/bin/ceph: stderr
2026-02-19T23:51:13.625+0000 7fe3aed76640 1 -- 10.20.193.57:0/601696068 learned_addr learned my addr 10.20.193.57:0/601696068 (peer_addr_for_me v2:10.20.193.57:0/0)
2026-02-19T23:51:13.806 INFO:teuthology.orchestra.run.trial057.stdout:/usr/bin/ceph: stderr
2026-02-19T23:51:13.625+0000 7fe3aed76640 1 -- 10.20.193.57:0/601696068 --> [v2:10.20.193.57:3300/0,v1:10.20.193.57:6789/0] -- mon_subscribe({config=0+,monmap=0+}) -- 0x7fe3b010aa80 con 0x7fe3b0109880
2026-02-19T23:51:13.806 INFO:teuthology.orchestra.run.trial057.stdout:/usr/bin/ceph: stderr
2026-02-19T23:51:13.626+0000 7fe3aed76640 1 --2- 10.20.193.57:0/601696068 >> [v2:10.20.193.57:3300/0,v1:10.20.193.57:6789/0] conn(0x7fe3b0109880 0x7fe3b0109c80 secure :-1 s=READY pgs=80 cs=0 l=1 rev1=1 crypto rx=0x7fe3a4009920 tx=0x7fe3a402ef20 comp rx=0 tx=0).ready entity=mon.0 client_cookie=64bf96dfa997aab1 server_cookie=0 in_seq=0 out_seq=0
2026-02-19T23:51:13.806 INFO:teuthology.orchestra.run.trial057.stdout:/usr/bin/ceph: stderr
2026-02-19T23:51:13.626+0000 7fe3add74640 1 -- 10.20.193.57:0/601696068 <== mon.0 v2:10.20.193.57:3300/0 1 ==== mon_map magic: 0 ==== 226+0+0 (secure 0 0 0) 0x7fe3a403c070 con 0x7fe3b0109880
2026-02-19T23:51:13.806 INFO:teuthology.orchestra.run.trial057.stdout:/usr/bin/ceph: stderr
2026-02-19T23:51:13.626+0000 7fe3add74640 1 -- 10.20.193.57:0/601696068 <== mon.0 v2:10.20.193.57:3300/0 2 ==== config(25 keys) ==== 1038+0+0 (secure 0 0 0) 0x7fe3a402fe20 con 0x7fe3b0109880
2026-02-19T23:51:13.806 INFO:teuthology.orchestra.run.trial057.stdout:/usr/bin/ceph: stderr
2026-02-19T23:51:13.626+0000 7fe3add74640 1 -- 10.20.193.57:0/601696068 <== mon.0 v2:10.20.193.57:3300/0 3 ==== mon_map magic: 0 ==== 226+0+0 (secure 0 0 0) 0x7fe3a4035340 con 0x7fe3b0109880
2026-02-19T23:51:13.806 INFO:teuthology.orchestra.run.trial057.stdout:/usr/bin/ceph: stderr
2026-02-19T23:51:13.626+0000 7fe3b5246640 1 -- 10.20.193.57:0/601696068 >> [v2:10.20.193.57:3300/0,v1:10.20.193.57:6789/0] conn(0x7fe3b0109880 msgr2=0x7fe3b0109c80 secure :-1 s=STATE_CONNECTION_ESTABLISHED l=1).mark_down
2026-02-19T23:51:13.806 INFO:teuthology.orchestra.run.trial057.stdout:/usr/bin/ceph: stderr
2026-02-19T23:51:13.626+0000 7fe3b5246640 1 --2- 10.20.193.57:0/601696068 >> [v2:10.20.193.57:3300/0,v1:10.20.193.57:6789/0] conn(0x7fe3b0109880 0x7fe3b0109c80 secure :-1 s=READY pgs=80 cs=0 l=1 rev1=1 crypto rx=0x7fe3a4009920 tx=0x7fe3a402ef20 comp rx=0 tx=0).stop
2026-02-19T23:51:13.807 INFO:teuthology.orchestra.run.trial057.stdout:/usr/bin/ceph: stderr
2026-02-19T23:51:13.626+0000 7fe3b5246640 1 -- 10.20.193.57:0/601696068 shutdown_connections
2026-02-19T23:51:13.807 INFO:teuthology.orchestra.run.trial057.stdout:/usr/bin/ceph: stderr
2026-02-19T23:51:13.626+0000 7fe3b5246640 1 --2- 10.20.193.57:0/601696068 >> [v2:10.20.193.57:3300/0,v1:10.20.193.57:6789/0] conn(0x7fe3b0109880 0x7fe3b0109c80 unknown :-1 s=CLOSED pgs=80 cs=0 l=1 rev1=1 crypto rx=0 tx=0 comp rx=0 tx=0).stop
2026-02-19T23:51:13.807 INFO:teuthology.orchestra.run.trial057.stdout:/usr/bin/ceph: stderr
2026-02-19T23:51:13.626+0000 7fe3b5246640 1 -- 10.20.193.57:0/601696068 >> 10.20.193.57:0/601696068 conn(0x7fe3b007cf00 msgr2=0x7fe3b007d310 unknown :-1 s=STATE_NONE l=0).mark_down
2026-02-19T23:51:13.807 INFO:teuthology.orchestra.run.trial057.stdout:/usr/bin/ceph: stderr
2026-02-19T23:51:13.626+0000 7fe3b5246640 1 -- 10.20.193.57:0/601696068 shutdown_connections
2026-02-19T23:51:13.807 INFO:teuthology.orchestra.run.trial057.stdout:/usr/bin/ceph: stderr
2026-02-19T23:51:13.626+0000 7fe3b5246640 1 -- 10.20.193.57:0/601696068 wait complete.
2026-02-19T23:51:13.807 INFO:teuthology.orchestra.run.trial057.stdout:/usr/bin/ceph: stderr
2026-02-19T23:51:13.627+0000 7fe3b5246640 1 Processor -- start
2026-02-19T23:51:13.807 INFO:teuthology.orchestra.run.trial057.stdout:/usr/bin/ceph: stderr
2026-02-19T23:51:13.627+0000 7fe3b5246640 1 -- start start
2026-02-19T23:51:13.807 INFO:teuthology.orchestra.run.trial057.stdout:/usr/bin/ceph: stderr
2026-02-19T23:51:13.627+0000 7fe3b5246640 1 --2- >> [v2:10.20.193.57:3300/0,v1:10.20.193.57:6789/0] conn(0x7fe3b0109880 0x7fe3b019f770 unknown :-1 s=NONE pgs=0 cs=0 l=1 rev1=0 crypto rx=0 tx=0 comp rx=0 tx=0).connect
2026-02-19T23:51:13.807 INFO:teuthology.orchestra.run.trial057.stdout:/usr/bin/ceph: stderr
2026-02-19T23:51:13.627+0000 7fe3b5246640 1 -- --> [v2:10.20.193.57:3300/0,v1:10.20.193.57:6789/0] -- mon_getmap magic: 0 -- 0x7fe3b010dcb0 con 0x7fe3b0109880
2026-02-19T23:51:13.807 INFO:teuthology.orchestra.run.trial057.stdout:/usr/bin/ceph: stderr
2026-02-19T23:51:13.627+0000 7fe3aed76640 1 --2- >> [v2:10.20.193.57:3300/0,v1:10.20.193.57:6789/0] conn(0x7fe3b0109880 0x7fe3b019f770 unknown :-1 s=BANNER_CONNECTING pgs=0 cs=0 l=1 rev1=0 crypto rx=0 tx=0 comp rx=0 tx=0)._handle_peer_banner_payload supported=3 required=0
2026-02-19T23:51:13.807 INFO:teuthology.orchestra.run.trial057.stdout:/usr/bin/ceph: stderr
2026-02-19T23:51:13.627+0000 7fe3aed76640 1 --2- >> [v2:10.20.193.57:3300/0,v1:10.20.193.57:6789/0] conn(0x7fe3b0109880 0x7fe3b019f770 unknown :-1 s=HELLO_CONNECTING pgs=0 cs=0 l=1 rev1=1 crypto rx=0 tx=0 comp rx=0 tx=0).handle_hello peer v2:10.20.193.57:3300/0 says I am v2:10.20.193.57:47674/0 (socket says 10.20.193.57:47674)
2026-02-19T23:51:13.807 INFO:teuthology.orchestra.run.trial057.stdout:/usr/bin/ceph: stderr
2026-02-19T23:51:13.627+0000 7fe3aed76640 1 -- 10.20.193.57:0/3797978174 learned_addr learned my addr 10.20.193.57:0/3797978174 (peer_addr_for_me v2:10.20.193.57:0/0)
2026-02-19T23:51:13.807 INFO:teuthology.orchestra.run.trial057.stdout:/usr/bin/ceph: stderr
2026-02-19T23:51:13.627+0000 7fe3aed76640 1 -- 10.20.193.57:0/3797978174 --> [v2:10.20.193.57:3300/0,v1:10.20.193.57:6789/0] -- mon_subscribe({config=0+,monmap=0+}) -- 0x7fe3b019fcb0 con 0x7fe3b0109880
2026-02-19T23:51:13.807 INFO:teuthology.orchestra.run.trial057.stdout:/usr/bin/ceph: stderr
2026-02-19T23:51:13.627+0000 7fe3aed76640 1 --2- 10.20.193.57:0/3797978174 >> [v2:10.20.193.57:3300/0,v1:10.20.193.57:6789/0] conn(0x7fe3b0109880 0x7fe3b019f770 secure :-1 s=READY pgs=81 cs=0 l=1 rev1=1 crypto rx=0x7fe3a4002410 tx=0x7fe3a40379e0 comp rx=0 tx=0).ready entity=mon.0 client_cookie=0 server_cookie=0 in_seq=0 out_seq=0
2026-02-19T23:51:13.807 INFO:teuthology.orchestra.run.trial057.stdout:/usr/bin/ceph: stderr
2026-02-19T23:51:13.627+0000 7fe38ffff640 1 -- 10.20.193.57:0/3797978174 <== mon.0 v2:10.20.193.57:3300/0 1 ==== mon_map magic: 0 ==== 226+0+0 (secure 0 0 0) 0x7fe3a40358d0 con 0x7fe3b0109880
2026-02-19T23:51:13.807 INFO:teuthology.orchestra.run.trial057.stdout:/usr/bin/ceph: stderr
2026-02-19T23:51:13.627+0000 7fe38ffff640 1 -- 10.20.193.57:0/3797978174 <== mon.0 v2:10.20.193.57:3300/0 2 ==== config(25 keys) ==== 1038+0+0 (secure 0 0 0) 0x7fe3a4043430 con 0x7fe3b0109880
2026-02-19T23:51:13.807 INFO:teuthology.orchestra.run.trial057.stdout:/usr/bin/ceph: stderr
2026-02-19T23:51:13.627+0000 7fe38ffff640 1 -- 10.20.193.57:0/3797978174 <== mon.0 v2:10.20.193.57:3300/0 3 ==== mon_map magic: 0 ==== 226+0+0 (secure 0 0 0) 0x7fe3a40423e0 con 0x7fe3b0109880
2026-02-19T23:51:13.807 INFO:teuthology.orchestra.run.trial057.stdout:/usr/bin/ceph: stderr
2026-02-19T23:51:13.627+0000 7fe3b5246640 1 -- 10.20.193.57:0/3797978174 --> [v2:10.20.193.57:3300/0,v1:10.20.193.57:6789/0] -- mon_subscribe({mgrmap=0+}) -- 0x7fe3b019ff40 con 0x7fe3b0109880
2026-02-19T23:51:13.807 INFO:teuthology.orchestra.run.trial057.stdout:/usr/bin/ceph: stderr
2026-02-19T23:51:13.627+0000 7fe3b5246640 1 -- 10.20.193.57:0/3797978174 --> [v2:10.20.193.57:3300/0,v1:10.20.193.57:6789/0] -- mon_subscribe({osdmap=0}) -- 0x7fe3b01a2c30 con 0x7fe3b0109880
2026-02-19T23:51:13.807 INFO:teuthology.orchestra.run.trial057.stdout:/usr/bin/ceph: stderr
2026-02-19T23:51:13.628+0000 7fe3b5246640 1 -- 10.20.193.57:0/3797978174 --> [v2:10.20.193.57:3300/0,v1:10.20.193.57:6789/0] -- mon_command({"prefix": "get_command_descriptions"} v 0) -- 0x7fe3b0109d00 con 0x7fe3b0109880
2026-02-19T23:51:13.807 INFO:teuthology.orchestra.run.trial057.stdout:/usr/bin/ceph: stderr
2026-02-19T23:51:13.628+0000 7fe38ffff640 1 -- 10.20.193.57:0/3797978174 <== mon.0 v2:10.20.193.57:3300/0 4 ==== mgrmap(e 11) ==== 50168+0+0 (secure 0 0 0) 0x7fe3a4042580 con 0x7fe3b0109880
2026-02-19T23:51:13.807 INFO:teuthology.orchestra.run.trial057.stdout:/usr/bin/ceph: stderr
2026-02-19T23:51:13.628+0000 7fe38ffff640 1 --2- 10.20.193.57:0/3797978174 >> [v2:10.20.193.57:6800/628549223,v1:10.20.193.57:6801/628549223] conn(0x7fe38003db20 0x7fe38003ffe0 unknown :-1 s=NONE pgs=0 cs=0 l=1 rev1=0 crypto rx=0 tx=0 comp rx=0 tx=0).connect
2026-02-19T23:51:13.807 INFO:teuthology.orchestra.run.trial057.stdout:/usr/bin/ceph: stderr
2026-02-19T23:51:13.628+0000 7fe38ffff640 1 -- 10.20.193.57:0/3797978174 <== mon.0 v2:10.20.193.57:3300/0 5 ==== osd_map(3..3 src has 1..3) ==== 1155+0+0 (secure 0 0 0) 0x7fe3a4076900 con 0x7fe3b0109880
2026-02-19T23:51:13.807 INFO:teuthology.orchestra.run.trial057.stdout:/usr/bin/ceph: stderr
2026-02-19T23:51:13.628+0000 7fe3ae575640 1 --2- 10.20.193.57:0/3797978174 >> [v2:10.20.193.57:6800/628549223,v1:10.20.193.57:6801/628549223] conn(0x7fe38003db20 0x7fe38003ffe0 unknown :-1 s=BANNER_CONNECTING pgs=0 cs=0 l=1 rev1=0 crypto rx=0 tx=0 comp rx=0 tx=0)._handle_peer_banner_payload supported=3 required=0
2026-02-19T23:51:13.807 INFO:teuthology.orchestra.run.trial057.stdout:/usr/bin/ceph: stderr
2026-02-19T23:51:13.628+0000 7fe3ae575640 1 --2- 10.20.193.57:0/3797978174 >> [v2:10.20.193.57:6800/628549223,v1:10.20.193.57:6801/628549223] conn(0x7fe38003db20 0x7fe38003ffe0 secure :-1 s=READY pgs=7 cs=0 l=1 rev1=1 crypto rx=0x7fe3980099c0 tx=0x7fe398006eb0 comp rx=0 tx=0).ready entity=mgr.14162 client_cookie=0 server_cookie=0 in_seq=0 out_seq=0
2026-02-19T23:51:13.807 INFO:teuthology.orchestra.run.trial057.stdout:/usr/bin/ceph: stderr
2026-02-19T23:51:13.630+0000 7fe38ffff640 1 -- 10.20.193.57:0/3797978174 <== mon.0 v2:10.20.193.57:3300/0 6 ==== mon_command_ack([{"prefix": "get_command_descriptions"}]=0 v0) ==== 72+0+195034 (secure 0 0 0) 0x7fe3a4043ae0 con 0x7fe3b0109880
2026-02-19T23:51:13.807 INFO:teuthology.orchestra.run.trial057.stdout:/usr/bin/ceph: stderr
2026-02-19T23:51:13.714+0000 7fe3b5246640 1 -- 10.20.193.57:0/3797978174 --> [v2:10.20.193.57:6800/628549223,v1:10.20.193.57:6801/628549223] -- mgr_command(tid 0: {"prefix": "dashboard create-self-signed-cert", "target": ["mon-mgr", ""]}) -- 0x7fe3b0107720 con 0x7fe38003db20
2026-02-19T23:51:13.807 INFO:teuthology.orchestra.run.trial057.stdout:/usr/bin/ceph: stderr
2026-02-19T23:51:13.766+0000 7fe38ffff640 1 -- 10.20.193.57:0/3797978174 <== mgr.14162 v2:10.20.193.57:6800/628549223 1 ==== mgr_command_reply(tid 0: 0 ) ==== 8+0+32 (secure 0 0 0) 0x7fe3b0107720 con 0x7fe38003db20
2026-02-19T23:51:13.807 INFO:teuthology.orchestra.run.trial057.stdout:/usr/bin/ceph: stderr
2026-02-19T23:51:13.768+0000 7fe3b5246640 1 -- 10.20.193.57:0/3797978174 >> [v2:10.20.193.57:6800/628549223,v1:10.20.193.57:6801/628549223] conn(0x7fe38003db20 msgr2=0x7fe38003ffe0 secure :-1 s=STATE_CONNECTION_ESTABLISHED l=1).mark_down
2026-02-19T23:51:13.807 INFO:teuthology.orchestra.run.trial057.stdout:/usr/bin/ceph: stderr
2026-02-19T23:51:13.768+0000 7fe3b5246640 1 --2- 10.20.193.57:0/3797978174 >> [v2:10.20.193.57:6800/628549223,v1:10.20.193.57:6801/628549223] conn(0x7fe38003db20 0x7fe38003ffe0 secure :-1 s=READY pgs=7 cs=0 l=1 rev1=1 crypto rx=0x7fe3980099c0 tx=0x7fe398006eb0 comp rx=0 tx=0).stop
2026-02-19T23:51:13.807 INFO:teuthology.orchestra.run.trial057.stdout:/usr/bin/ceph: stderr
2026-02-19T23:51:13.768+0000 7fe3b5246640 1 -- 10.20.193.57:0/3797978174 >> [v2:10.20.193.57:3300/0,v1:10.20.193.57:6789/0] conn(0x7fe3b0109880 msgr2=0x7fe3b019f770 secure :-1 s=STATE_CONNECTION_ESTABLISHED l=1).mark_down
2026-02-19T23:51:13.807 INFO:teuthology.orchestra.run.trial057.stdout:/usr/bin/ceph: stderr
2026-02-19T23:51:13.768+0000 7fe3b5246640 1 --2- 10.20.193.57:0/3797978174 >> [v2:10.20.193.57:3300/0,v1:10.20.193.57:6789/0] conn(0x7fe3b0109880 0x7fe3b019f770 secure :-1 s=READY pgs=81 cs=0 l=1 rev1=1 crypto rx=0x7fe3a4002410 tx=0x7fe3a40379e0 comp rx=0 tx=0).stop
2026-02-19T23:51:13.807 INFO:teuthology.orchestra.run.trial057.stdout:/usr/bin/ceph: stderr
2026-02-19T23:51:13.768+0000 7fe3b5246640 1 -- 10.20.193.57:0/3797978174 shutdown_connections
2026-02-19T23:51:13.807 INFO:teuthology.orchestra.run.trial057.stdout:/usr/bin/ceph: stderr
2026-02-19T23:51:13.768+0000 7fe3b5246640 1 --2- 10.20.193.57:0/3797978174 >> [v2:10.20.193.57:6800/628549223,v1:10.20.193.57:6801/628549223] conn(0x7fe38003db20 0x7fe38003ffe0 unknown :-1 s=CLOSED pgs=7 cs=0 l=1 rev1=1 crypto rx=0 tx=0 comp rx=0 tx=0).stop
2026-02-19T23:51:13.807 INFO:teuthology.orchestra.run.trial057.stdout:/usr/bin/ceph: stderr
2026-02-19T23:51:13.768+0000 7fe3b5246640 1 --2- 10.20.193.57:0/3797978174 >> [v2:10.20.193.57:3300/0,v1:10.20.193.57:6789/0] conn(0x7fe3b0109880 0x7fe3b019f770 unknown :-1 s=CLOSED pgs=81 cs=0 l=1 rev1=1 crypto rx=0 tx=0 comp rx=0 tx=0).stop
2026-02-19T23:51:13.807 INFO:teuthology.orchestra.run.trial057.stdout:/usr/bin/ceph: stderr
2026-02-19T23:51:13.768+0000 7fe3b5246640 1 -- 10.20.193.57:0/3797978174 >> 10.20.193.57:0/3797978174 conn(0x7fe3b007cf00 msgr2=0x7fe3b0107010 unknown :-1 s=STATE_NONE l=0).mark_down
2026-02-19T23:51:13.807 INFO:teuthology.orchestra.run.trial057.stdout:/usr/bin/ceph: stderr
2026-02-19T23:51:13.768+0000 7fe3b5246640 1 -- 10.20.193.57:0/3797978174 shutdown_connections
2026-02-19T23:51:13.807 INFO:teuthology.orchestra.run.trial057.stdout:/usr/bin/ceph: stderr
2026-02-19T23:51:13.768+0000 7fe3b5246640 1 -- 10.20.193.57:0/3797978174 wait complete.
2026-02-19T23:51:13.808 INFO:teuthology.orchestra.run.trial057.stdout:Creating initial admin user...
2026-02-19T23:51:14.169 INFO:teuthology.orchestra.run.trial057.stdout:/usr/bin/ceph: stdout {"username": "admin", "password": "$2b$12$Rg20gXwI0IhP8cYCvsR5VO0lHC3UAFbJiU6q6JVFRdQcUlsXo5kM6", "roles": ["administrator"], "name": null, "email": null, "lastUpdate": 1771545074, "enabled": true, "pwdExpirationDate": null, "pwdUpdateRequired": true}
2026-02-19T23:51:14.169 INFO:teuthology.orchestra.run.trial057.stdout:/usr/bin/ceph: stderr
2026-02-19T23:51:13.903+0000 7f5e5351b640 1 Processor -- start
2026-02-19T23:51:14.169 INFO:teuthology.orchestra.run.trial057.stdout:/usr/bin/ceph: stderr
2026-02-19T23:51:13.903+0000 7f5e5351b640 1 -- start start
2026-02-19T23:51:14.169 INFO:teuthology.orchestra.run.trial057.stdout:/usr/bin/ceph: stderr
2026-02-19T23:51:13.903+0000 7f5e5351b640 1 --2- >> [v2:10.20.193.57:3300/0,v1:10.20.193.57:6789/0] conn(0x7f5e4c107600 0x7f5e4c107a00 unknown :-1 s=NONE pgs=0 cs=0 l=0 rev1=0 crypto rx=0 tx=0 comp rx=0 tx=0).connect
2026-02-19T23:51:14.169 INFO:teuthology.orchestra.run.trial057.stdout:/usr/bin/ceph: stderr
2026-02-19T23:51:13.903+0000 7f5e5351b640 1 -- --> [v2:10.20.193.57:3300/0,v1:10.20.193.57:6789/0] -- mon_getmap magic: 0 -- 0x7f5e4c107fd0 con 0x7f5e4c107600
2026-02-19T23:51:14.170 INFO:teuthology.orchestra.run.trial057.stdout:/usr/bin/ceph: stderr
2026-02-19T23:51:13.904+0000 7f5e51290640 1 --2- >> [v2:10.20.193.57:3300/0,v1:10.20.193.57:6789/0] conn(0x7f5e4c107600 0x7f5e4c107a00 unknown :-1 s=BANNER_CONNECTING pgs=0 cs=0 l=0 rev1=0 crypto rx=0 tx=0 comp rx=0 tx=0)._handle_peer_banner_payload supported=3 required=0
2026-02-19T23:51:14.170 INFO:teuthology.orchestra.run.trial057.stdout:/usr/bin/ceph: stderr
2026-02-19T23:51:13.904+0000 7f5e51290640 1 --2- >> [v2:10.20.193.57:3300/0,v1:10.20.193.57:6789/0] conn(0x7f5e4c107600 0x7f5e4c107a00 unknown :-1 s=HELLO_CONNECTING pgs=0 cs=0 l=0 rev1=1 crypto rx=0 tx=0 comp rx=0 tx=0).handle_hello peer v2:10.20.193.57:3300/0 says I am v2:10.20.193.57:47690/0 (socket says 10.20.193.57:47690)
2026-02-19T23:51:14.170 INFO:teuthology.orchestra.run.trial057.stdout:/usr/bin/ceph: stderr
2026-02-19T23:51:13.904+0000 7f5e51290640 1 -- 10.20.193.57:0/1683009672 learned_addr learned my addr 10.20.193.57:0/1683009672 (peer_addr_for_me v2:10.20.193.57:0/0)
2026-02-19T23:51:14.170 INFO:teuthology.orchestra.run.trial057.stdout:/usr/bin/ceph: stderr
2026-02-19T23:51:13.904+0000 7f5e51290640 1 -- 10.20.193.57:0/1683009672 --> [v2:10.20.193.57:3300/0,v1:10.20.193.57:6789/0] -- mon_subscribe({config=0+,monmap=0+}) -- 0x7f5e4c108800 con 0x7f5e4c107600
2026-02-19T23:51:14.170 INFO:teuthology.orchestra.run.trial057.stdout:/usr/bin/ceph: stderr
2026-02-19T23:51:13.904+0000 7f5e51290640 1 --2- 10.20.193.57:0/1683009672 >> [v2:10.20.193.57:3300/0,v1:10.20.193.57:6789/0] conn(0x7f5e4c107600 0x7f5e4c107a00 secure :-1 s=READY pgs=82 cs=0 l=1 rev1=1 crypto rx=0x7f5e3c009920 tx=0x7f5e3c02ef20 comp rx=0 tx=0).ready entity=mon.0 client_cookie=8b20ac83efbbc469 server_cookie=0 in_seq=0 out_seq=0
2026-02-19T23:51:14.170 INFO:teuthology.orchestra.run.trial057.stdout:/usr/bin/ceph: stderr
2026-02-19T23:51:13.904+0000 7f5e3bfff640 1 -- 10.20.193.57:0/1683009672 <== mon.0 v2:10.20.193.57:3300/0 1 ==== mon_map magic: 0 ==== 226+0+0 (secure 0 0 0) 0x7f5e3c03c070 con 0x7f5e4c107600
2026-02-19T23:51:14.170 INFO:teuthology.orchestra.run.trial057.stdout:/usr/bin/ceph: stderr
2026-02-19T23:51:13.904+0000 7f5e3bfff640 1 -- 10.20.193.57:0/1683009672 <== mon.0 v2:10.20.193.57:3300/0 2 ==== config(25 keys) ==== 1038+0+0 (secure 0 0 0) 0x7f5e3c02fe20 con 0x7f5e4c107600
2026-02-19T23:51:14.170 INFO:teuthology.orchestra.run.trial057.stdout:/usr/bin/ceph: stderr
2026-02-19T23:51:13.904+0000 7f5e3bfff640 1 -- 10.20.193.57:0/1683009672 <== mon.0 v2:10.20.193.57:3300/0 3 ==== mon_map magic: 0 ==== 226+0+0 (secure 0 0 0) 0x7f5e3c035340 con 0x7f5e4c107600
2026-02-19T23:51:14.170 INFO:teuthology.orchestra.run.trial057.stdout:/usr/bin/ceph: stderr
2026-02-19T23:51:13.905+0000 7f5e5351b640 1 -- 10.20.193.57:0/1683009672 >> [v2:10.20.193.57:3300/0,v1:10.20.193.57:6789/0] conn(0x7f5e4c107600 msgr2=0x7f5e4c107a00 secure :-1 s=STATE_CONNECTION_ESTABLISHED l=1).mark_down
2026-02-19T23:51:14.170 INFO:teuthology.orchestra.run.trial057.stdout:/usr/bin/ceph: stderr
2026-02-19T23:51:13.905+0000 7f5e5351b640 1 --2- 10.20.193.57:0/1683009672 >> [v2:10.20.193.57:3300/0,v1:10.20.193.57:6789/0] conn(0x7f5e4c107600 0x7f5e4c107a00 secure :-1 s=READY pgs=82 cs=0 l=1 rev1=1 crypto rx=0x7f5e3c009920 tx=0x7f5e3c02ef20 comp rx=0 tx=0).stop
2026-02-19T23:51:14.170 INFO:teuthology.orchestra.run.trial057.stdout:/usr/bin/ceph: stderr
2026-02-19T23:51:13.905+0000 7f5e5351b640 1 -- 10.20.193.57:0/1683009672 shutdown_connections
2026-02-19T23:51:14.171 INFO:teuthology.orchestra.run.trial057.stdout:/usr/bin/ceph: stderr
2026-02-19T23:51:13.905+0000 7f5e5351b640 1 --2- 10.20.193.57:0/1683009672 >> [v2:10.20.193.57:3300/0,v1:10.20.193.57:6789/0] conn(0x7f5e4c107600 0x7f5e4c107a00 unknown :-1 s=CLOSED pgs=82 cs=0 l=1 rev1=1 crypto rx=0 tx=0 comp rx=0 tx=0).stop
2026-02-19T23:51:14.171 INFO:teuthology.orchestra.run.trial057.stdout:/usr/bin/ceph: stderr
2026-02-19T23:51:13.905+0000 7f5e5351b640 1 -- 10.20.193.57:0/1683009672 >> 10.20.193.57:0/1683009672 conn(0x7f5e4c102dd0 msgr2=0x7f5e4c1051f0 unknown :-1 s=STATE_NONE l=0).mark_down
2026-02-19T23:51:14.171 INFO:teuthology.orchestra.run.trial057.stdout:/usr/bin/ceph: stderr
2026-02-19T23:51:13.905+0000 7f5e5351b640 1 -- 10.20.193.57:0/1683009672 shutdown_connections
2026-02-19T23:51:14.171 INFO:teuthology.orchestra.run.trial057.stdout:/usr/bin/ceph: stderr
2026-02-19T23:51:13.905+0000 7f5e5351b640 1 -- 10.20.193.57:0/1683009672 wait complete.
2026-02-19T23:51:14.171 INFO:teuthology.orchestra.run.trial057.stdout:/usr/bin/ceph: stderr
2026-02-19T23:51:13.905+0000 7f5e5351b640 1 Processor -- start
2026-02-19T23:51:14.171 INFO:teuthology.orchestra.run.trial057.stdout:/usr/bin/ceph: stderr
2026-02-19T23:51:13.905+0000 7f5e5351b640 1 -- start start
2026-02-19T23:51:14.171 INFO:teuthology.orchestra.run.trial057.stdout:/usr/bin/ceph: stderr
2026-02-19T23:51:13.905+0000 7f5e5351b640 1 --2- >> [v2:10.20.193.57:3300/0,v1:10.20.193.57:6789/0] conn(0x7f5e4c107600 0x7f5e4c19d490 unknown :-1 s=NONE pgs=0 cs=0 l=1 rev1=0 crypto rx=0 tx=0 comp rx=0 tx=0).connect
2026-02-19T23:51:14.171 INFO:teuthology.orchestra.run.trial057.stdout:/usr/bin/ceph: stderr
2026-02-19T23:51:13.905+0000 7f5e5351b640 1 -- --> [v2:10.20.193.57:3300/0,v1:10.20.193.57:6789/0] -- mon_getmap magic: 0 -- 0x7f5e4c10ba30 con 0x7f5e4c107600
2026-02-19T23:51:14.171 INFO:teuthology.orchestra.run.trial057.stdout:/usr/bin/ceph: stderr
2026-02-19T23:51:13.905+0000 7f5e51290640 1 --2- >> [v2:10.20.193.57:3300/0,v1:10.20.193.57:6789/0] conn(0x7f5e4c107600 0x7f5e4c19d490 unknown :-1 s=BANNER_CONNECTING pgs=0 cs=0 l=1 rev1=0 crypto rx=0 tx=0 comp rx=0 tx=0)._handle_peer_banner_payload supported=3 required=0
2026-02-19T23:51:14.171 INFO:teuthology.orchestra.run.trial057.stdout:/usr/bin/ceph: stderr
2026-02-19T23:51:13.905+0000 7f5e51290640 1 --2- >> [v2:10.20.193.57:3300/0,v1:10.20.193.57:6789/0] conn(0x7f5e4c107600 0x7f5e4c19d490 unknown :-1 s=HELLO_CONNECTING pgs=0 cs=0 l=1 rev1=1 crypto rx=0 tx=0 comp rx=0 tx=0).handle_hello peer v2:10.20.193.57:3300/0 says I am v2:10.20.193.57:47704/0 (socket says 10.20.193.57:47704)
2026-02-19T23:51:14.171 INFO:teuthology.orchestra.run.trial057.stdout:/usr/bin/ceph: stderr
2026-02-19T23:51:13.905+0000 7f5e51290640 1 -- 10.20.193.57:0/434009082 learned_addr learned my addr 10.20.193.57:0/434009082 (peer_addr_for_me v2:10.20.193.57:0/0)
2026-02-19T23:51:14.172 INFO:teuthology.orchestra.run.trial057.stdout:/usr/bin/ceph: stderr
2026-02-19T23:51:13.905+0000 7f5e51290640 1 -- 10.20.193.57:0/434009082 --> [v2:10.20.193.57:3300/0,v1:10.20.193.57:6789/0] -- mon_subscribe({config=0+,monmap=0+}) -- 0x7f5e4c19d9d0 con 0x7f5e4c107600
2026-02-19T23:51:14.172 INFO:teuthology.orchestra.run.trial057.stdout:/usr/bin/ceph: stderr
2026-02-19T23:51:13.905+0000 7f5e51290640 1 --2- 10.20.193.57:0/434009082 >> [v2:10.20.193.57:3300/0,v1:10.20.193.57:6789/0] conn(0x7f5e4c107600 0x7f5e4c19d490 secure :-1 s=READY pgs=83 cs=0 l=1 rev1=1 crypto rx=0x7f5e3c002410 tx=0x7f5e3c0379e0 comp rx=0 tx=0).ready entity=mon.0 client_cookie=0 server_cookie=0 in_seq=0 out_seq=0
2026-02-19T23:51:14.172 INFO:teuthology.orchestra.run.trial057.stdout:/usr/bin/ceph: stderr
2026-02-19T23:51:13.906+0000 7f5e3a7fc640 1 -- 10.20.193.57:0/434009082 <== mon.0 v2:10.20.193.57:3300/0 1 ==== mon_map magic: 0 ==== 226+0+0 (secure 0 0 0) 0x7f5e3c0358d0 con 0x7f5e4c107600
2026-02-19T23:51:14.172 INFO:teuthology.orchestra.run.trial057.stdout:/usr/bin/ceph: stderr
2026-02-19T23:51:13.906+0000 7f5e3a7fc640 1 -- 10.20.193.57:0/434009082 <== mon.0 v2:10.20.193.57:3300/0 2 ==== config(25 keys) ==== 1038+0+0 (secure 0 0 0) 0x7f5e3c043430 con 0x7f5e4c107600
2026-02-19T23:51:14.172 INFO:teuthology.orchestra.run.trial057.stdout:/usr/bin/ceph: stderr
2026-02-19T23:51:13.906+0000 7f5e5351b640 1 -- 10.20.193.57:0/434009082 --> [v2:10.20.193.57:3300/0,v1:10.20.193.57:6789/0] -- mon_subscribe({mgrmap=0+}) -- 0x7f5e4c19dc60 con 0x7f5e4c107600
2026-02-19T23:51:14.172 INFO:teuthology.orchestra.run.trial057.stdout:/usr/bin/ceph: stderr
2026-02-19T23:51:13.906+0000 7f5e3a7fc640 1 -- 10.20.193.57:0/434009082 <== mon.0 v2:10.20.193.57:3300/0 3 ==== mon_map magic: 0 ==== 226+0+0 (secure 0 0 0) 0x7f5e3c0423e0 con 0x7f5e4c107600
2026-02-19T23:51:14.172 INFO:teuthology.orchestra.run.trial057.stdout:/usr/bin/ceph: stderr
2026-02-19T23:51:13.906+0000 7f5e5351b640 1 -- 10.20.193.57:0/434009082 --> [v2:10.20.193.57:3300/0,v1:10.20.193.57:6789/0] -- mon_subscribe({osdmap=0}) -- 0x7f5e4c1a0950 con 0x7f5e4c107600
2026-02-19T23:51:14.172 INFO:teuthology.orchestra.run.trial057.stdout:/usr/bin/ceph: stderr
2026-02-19T23:51:13.906+0000 7f5e5351b640 1 -- 10.20.193.57:0/434009082 --> [v2:10.20.193.57:3300/0,v1:10.20.193.57:6789/0] -- mon_command({"prefix": "get_command_descriptions"} v 0) -- 0x7f5e4c107a80 con 0x7f5e4c107600
2026-02-19T23:51:14.172 INFO:teuthology.orchestra.run.trial057.stdout:/usr/bin/ceph: stderr
2026-02-19T23:51:13.906+0000 7f5e3a7fc640 1 -- 10.20.193.57:0/434009082 <== mon.0 v2:10.20.193.57:3300/0 4 ==== mgrmap(e 11) ==== 50168+0+0 (secure 0 0 0) 0x7f5e3c043990 con 0x7f5e4c107600
2026-02-19T23:51:14.172 INFO:teuthology.orchestra.run.trial057.stdout:/usr/bin/ceph: stderr
2026-02-19T23:51:13.906+0000 7f5e3a7fc640 1 --2- 10.20.193.57:0/434009082 >> [v2:10.20.193.57:6800/628549223,v1:10.20.193.57:6801/628549223] conn(0x7f5e2803db20 0x7f5e2803ffe0 unknown :-1 s=NONE pgs=0 cs=0 l=1 rev1=0 crypto rx=0 tx=0 comp rx=0 tx=0).connect
2026-02-19T23:51:14.172 INFO:teuthology.orchestra.run.trial057.stdout:/usr/bin/ceph: stderr
2026-02-19T23:51:13.906+0000 7f5e3a7fc640 1 -- 10.20.193.57:0/434009082 <== mon.0 v2:10.20.193.57:3300/0 5 ==== osd_map(3..3 src has 1..3) ==== 1155+0+0 (secure 0 0 0) 0x7f5e3c0765c0 con 0x7f5e4c107600
2026-02-19T23:51:14.172 INFO:teuthology.orchestra.run.trial057.stdout:/usr/bin/ceph: stderr
2026-02-19T23:51:13.906+0000 7f5e50a8f640 1 --2- 10.20.193.57:0/434009082 >> [v2:10.20.193.57:6800/628549223,v1:10.20.193.57:6801/628549223] conn(0x7f5e2803db20 0x7f5e2803ffe0 unknown :-1 s=BANNER_CONNECTING pgs=0 cs=0 l=1 rev1=0 crypto rx=0 tx=0 comp rx=0 tx=0)._handle_peer_banner_payload supported=3 required=0
2026-02-19T23:51:14.173 INFO:teuthology.orchestra.run.trial057.stdout:/usr/bin/ceph: stderr
2026-02-19T23:51:13.907+0000 7f5e50a8f640 1 --2- 10.20.193.57:0/434009082 >> [v2:10.20.193.57:6800/628549223,v1:10.20.193.57:6801/628549223] conn(0x7f5e2803db20 0x7f5e2803ffe0 secure :-1 s=READY pgs=8 cs=0 l=1 rev1=1 crypto rx=0x7f5e400099c0 tx=0x7f5e40006eb0 comp rx=0 tx=0).ready entity=mgr.14162 client_cookie=0 server_cookie=0 in_seq=0 out_seq=0
2026-02-19T23:51:14.173 INFO:teuthology.orchestra.run.trial057.stdout:/usr/bin/ceph: stderr
2026-02-19T23:51:13.908+0000 7f5e3a7fc640 1 -- 10.20.193.57:0/434009082 <== mon.0 v2:10.20.193.57:3300/0 6 ==== mon_command_ack([{"prefix": "get_command_descriptions"}]=0 v0) ==== 72+0+195034 (secure 0 0 0) 0x7f5e3c033200 con 0x7f5e4c107600
2026-02-19T23:51:14.173 INFO:teuthology.orchestra.run.trial057.stdout:/usr/bin/ceph: stderr
2026-02-19T23:51:13.998+0000 7f5e5351b640 1 -- 10.20.193.57:0/434009082 --> [v2:10.20.193.57:6800/628549223,v1:10.20.193.57:6801/628549223] -- mgr_command(tid 0: {"prefix": "dashboard ac-user-create", "username": "admin", "rolename": "administrator", "force_password": true, "pwd_update_required": true, "target": ["mon-mgr", ""]}) -- 0x7f5e4c104050 con 0x7f5e2803db20
2026-02-19T23:51:14.173 INFO:teuthology.orchestra.run.trial057.stdout:/usr/bin/ceph: stderr
2026-02-19T23:51:14.140+0000 7f5e3a7fc640 1 -- 10.20.193.57:0/434009082 <== mgr.14162 v2:10.20.193.57:6800/628549223 1 ==== mgr_command_reply(tid 0: 0 ) ==== 8+0+252 (secure 0 0 0) 0x7f5e4c104050 con 0x7f5e2803db20
2026-02-19T23:51:14.173 INFO:teuthology.orchestra.run.trial057.stdout:/usr/bin/ceph: stderr
2026-02-19T23:51:14.141+0000 7f5e5351b640 1 -- 10.20.193.57:0/434009082 >> [v2:10.20.193.57:6800/628549223,v1:10.20.193.57:6801/628549223] conn(0x7f5e2803db20 msgr2=0x7f5e2803ffe0 secure :-1 s=STATE_CONNECTION_ESTABLISHED l=1).mark_down
2026-02-19T23:51:14.173 INFO:teuthology.orchestra.run.trial057.stdout:/usr/bin/ceph: stderr
2026-02-19T23:51:14.141+0000 7f5e5351b640 1 --2- 10.20.193.57:0/434009082 >> [v2:10.20.193.57:6800/628549223,v1:10.20.193.57:6801/628549223] conn(0x7f5e2803db20 0x7f5e2803ffe0 secure :-1 s=READY pgs=8 cs=0 l=1 rev1=1 crypto rx=0x7f5e400099c0 tx=0x7f5e40006eb0 comp rx=0 tx=0).stop
2026-02-19T23:51:14.173 INFO:teuthology.orchestra.run.trial057.stdout:/usr/bin/ceph: stderr
2026-02-19T23:51:14.141+0000 7f5e5351b640 1 -- 10.20.193.57:0/434009082 >> [v2:10.20.193.57:3300/0,v1:10.20.193.57:6789/0] conn(0x7f5e4c107600 msgr2=0x7f5e4c19d490 secure :-1 s=STATE_CONNECTION_ESTABLISHED l=1).mark_down
2026-02-19T23:51:14.173 INFO:teuthology.orchestra.run.trial057.stdout:/usr/bin/ceph: stderr
2026-02-19T23:51:14.141+0000 7f5e5351b640 1 --2- 10.20.193.57:0/434009082 >> [v2:10.20.193.57:3300/0,v1:10.20.193.57:6789/0] conn(0x7f5e4c107600 0x7f5e4c19d490 secure :-1 s=READY pgs=83 cs=0 l=1 rev1=1 crypto rx=0x7f5e3c002410 tx=0x7f5e3c0379e0 comp rx=0 tx=0).stop
2026-02-19T23:51:14.173 INFO:teuthology.orchestra.run.trial057.stdout:/usr/bin/ceph: stderr
2026-02-19T23:51:14.141+0000 7f5e5351b640 1 -- 10.20.193.57:0/434009082 shutdown_connections
2026-02-19T23:51:14.173 INFO:teuthology.orchestra.run.trial057.stdout:/usr/bin/ceph: stderr
2026-02-19T23:51:14.141+0000 7f5e5351b640 1 --2- 10.20.193.57:0/434009082 >> [v2:10.20.193.57:6800/628549223,v1:10.20.193.57:6801/628549223] conn(0x7f5e2803db20 0x7f5e2803ffe0 unknown :-1 s=CLOSED pgs=8 cs=0 l=1 rev1=1 crypto rx=0 tx=0 comp rx=0 tx=0).stop
2026-02-19T23:51:14.173 INFO:teuthology.orchestra.run.trial057.stdout:/usr/bin/ceph: stderr
2026-02-19T23:51:14.141+0000 7f5e5351b640 1 --2- 10.20.193.57:0/434009082 >> [v2:10.20.193.57:3300/0,v1:10.20.193.57:6789/0] conn(0x7f5e4c107600 0x7f5e4c19d490 unknown :-1 s=CLOSED pgs=83 cs=0 l=1 rev1=1 crypto rx=0 tx=0 comp rx=0 tx=0).stop
2026-02-19T23:51:14.173 INFO:teuthology.orchestra.run.trial057.stdout:/usr/bin/ceph: stderr
2026-02-19T23:51:14.141+0000 7f5e5351b640 1 -- 10.20.193.57:0/434009082 >> 10.20.193.57:0/434009082 conn(0x7f5e4c102dd0 msgr2=0x7f5e4c103940 unknown :-1 s=STATE_NONE l=0).mark_down
2026-02-19T23:51:14.174 INFO:teuthology.orchestra.run.trial057.stdout:/usr/bin/ceph: stderr
2026-02-19T23:51:14.141+0000 7f5e5351b640 1 -- 10.20.193.57:0/434009082 shutdown_connections
2026-02-19T23:51:14.174 INFO:teuthology.orchestra.run.trial057.stdout:/usr/bin/ceph: stderr
2026-02-19T23:51:14.141+0000 7f5e5351b640 1 -- 10.20.193.57:0/434009082 wait complete.
2026-02-19T23:51:14.174 INFO:teuthology.orchestra.run.trial057.stdout:Fetching dashboard port number...
2026-02-19T23:51:14.374 INFO:teuthology.orchestra.run.trial057.stdout:/usr/bin/ceph: stdout 8443
2026-02-19T23:51:14.375 INFO:teuthology.orchestra.run.trial057.stdout:/usr/bin/ceph: stderr
2026-02-19T23:51:14.258+0000 7f9dd9ce1640 1 Processor -- start
2026-02-19T23:51:14.375 INFO:teuthology.orchestra.run.trial057.stdout:/usr/bin/ceph: stderr
2026-02-19T23:51:14.258+0000 7f9dd9ce1640 1 -- start start
2026-02-19T23:51:14.375 INFO:teuthology.orchestra.run.trial057.stdout:/usr/bin/ceph: stderr
2026-02-19T23:51:14.258+0000 7f9dd9ce1640 1 --2- >> [v2:10.20.193.57:3300/0,v1:10.20.193.57:6789/0] conn(0x7f9dd4109690 0x7f9dd4109a90 unknown :-1 s=NONE pgs=0 cs=0 l=0 rev1=0 crypto rx=0 tx=0 comp rx=0 tx=0).connect
2026-02-19T23:51:14.375 INFO:teuthology.orchestra.run.trial057.stdout:/usr/bin/ceph: stderr
2026-02-19T23:51:14.258+0000 7f9dd9ce1640 1 -- --> [v2:10.20.193.57:3300/0,v1:10.20.193.57:6789/0] -- mon_getmap magic: 0 -- 0x7f9dd410a060 con 0x7f9dd4109690
2026-02-19T23:51:14.375 INFO:teuthology.orchestra.run.trial057.stdout:/usr/bin/ceph: stderr
2026-02-19T23:51:14.258+0000 7f9dd8cdf640 1 --2- >> [v2:10.20.193.57:3300/0,v1:10.20.193.57:6789/0] conn(0x7f9dd4109690 0x7f9dd4109a90 unknown :-1 s=BANNER_CONNECTING pgs=0 cs=0 l=0 rev1=0 crypto rx=0 tx=0 comp rx=0 tx=0)._handle_peer_banner_payload supported=3 required=0
2026-02-19T23:51:14.375 INFO:teuthology.orchestra.run.trial057.stdout:/usr/bin/ceph: stderr
2026-02-19T23:51:14.258+0000 7f9dd8cdf640 1 --2- >> [v2:10.20.193.57:3300/0,v1:10.20.193.57:6789/0] conn(0x7f9dd4109690 0x7f9dd4109a90 unknown :-1 s=HELLO_CONNECTING pgs=0 cs=0 l=0 rev1=1 crypto rx=0 tx=0 comp rx=0 tx=0).handle_hello peer v2:10.20.193.57:3300/0 says I am v2:10.20.193.57:47708/0 (socket says 10.20.193.57:47708)
2026-02-19T23:51:14.375 INFO:teuthology.orchestra.run.trial057.stdout:/usr/bin/ceph: stderr
2026-02-19T23:51:14.258+0000 7f9dd8cdf640 1 -- 10.20.193.57:0/957359840 learned_addr learned my addr 10.20.193.57:0/957359840 (peer_addr_for_me v2:10.20.193.57:0/0)
2026-02-19T23:51:14.375 INFO:teuthology.orchestra.run.trial057.stdout:/usr/bin/ceph: stderr
2026-02-19T23:51:14.258+0000 7f9dd8cdf640 1 -- 10.20.193.57:0/957359840 --> [v2:10.20.193.57:3300/0,v1:10.20.193.57:6789/0] -- mon_subscribe({config=0+,monmap=0+}) -- 0x7f9dd410a890 con 0x7f9dd4109690
2026-02-19T23:51:14.375 INFO:teuthology.orchestra.run.trial057.stdout:/usr/bin/ceph: stderr
2026-02-19T23:51:14.259+0000 7f9dd8cdf640 1 --2- 10.20.193.57:0/957359840 >> [v2:10.20.193.57:3300/0,v1:10.20.193.57:6789/0] conn(0x7f9dd4109690 0x7f9dd4109a90 secure :-1 s=READY pgs=84 cs=0 l=1 rev1=1 crypto rx=0x7f9dc4009920 tx=0x7f9dc402ef20 comp rx=0 tx=0).ready entity=mon.0 client_cookie=66c09f95455911b6 server_cookie=0 in_seq=0 out_seq=0
2026-02-19T23:51:14.376 INFO:teuthology.orchestra.run.trial057.stdout:/usr/bin/ceph: stderr
2026-02-19T23:51:14.259+0000 7f9dcb7fe640 1 -- 10.20.193.57:0/957359840 <== mon.0 v2:10.20.193.57:3300/0 1 ==== mon_map magic: 0 ==== 226+0+0 (secure 0 0 0) 0x7f9dc403c070 con 0x7f9dd4109690
2026-02-19T23:51:14.376 INFO:teuthology.orchestra.run.trial057.stdout:/usr/bin/ceph: stderr
2026-02-19T23:51:14.259+0000 7f9dcb7fe640 1 -- 10.20.193.57:0/957359840 <== mon.0 v2:10.20.193.57:3300/0 2 ==== config(25 keys) ==== 1038+0+0 (secure 0 0 0) 0x7f9dc402fe20 con 0x7f9dd4109690
2026-02-19T23:51:14.376 INFO:teuthology.orchestra.run.trial057.stdout:/usr/bin/ceph: stderr
2026-02-19T23:51:14.259+0000 7f9dcb7fe640 1 -- 10.20.193.57:0/957359840 <== mon.0 v2:10.20.193.57:3300/0 3 ==== mon_map magic: 0 ==== 226+0+0 (secure 0 0 0) 0x7f9dc4035340 con 0x7f9dd4109690
2026-02-19T23:51:14.376 INFO:teuthology.orchestra.run.trial057.stdout:/usr/bin/ceph: stderr
2026-02-19T23:51:14.259+0000 7f9dd9ce1640 1 -- 10.20.193.57:0/957359840 >> [v2:10.20.193.57:3300/0,v1:10.20.193.57:6789/0] conn(0x7f9dd4109690 msgr2=0x7f9dd4109a90 secure :-1 s=STATE_CONNECTION_ESTABLISHED l=1).mark_down
2026-02-19T23:51:14.376 INFO:teuthology.orchestra.run.trial057.stdout:/usr/bin/ceph: stderr
2026-02-19T23:51:14.259+0000 7f9dd9ce1640 1 --2- 10.20.193.57:0/957359840 >> [v2:10.20.193.57:3300/0,v1:10.20.193.57:6789/0] conn(0x7f9dd4109690 0x7f9dd4109a90 secure :-1 s=READY pgs=84 cs=0 l=1 rev1=1 crypto rx=0x7f9dc4009920 tx=0x7f9dc402ef20 comp rx=0 tx=0).stop
2026-02-19T23:51:14.376 INFO:teuthology.orchestra.run.trial057.stdout:/usr/bin/ceph: stderr
2026-02-19T23:51:14.259+0000 7f9dd9ce1640 1 -- 10.20.193.57:0/957359840 shutdown_connections
2026-02-19T23:51:14.376 INFO:teuthology.orchestra.run.trial057.stdout:/usr/bin/ceph: stderr
2026-02-19T23:51:14.259+0000 7f9dd9ce1640 1 --2- 10.20.193.57:0/957359840 >> [v2:10.20.193.57:3300/0,v1:10.20.193.57:6789/0] conn(0x7f9dd4109690 0x7f9dd4109a90 unknown :-1 s=CLOSED pgs=84 cs=0 l=1 rev1=1 crypto rx=0 tx=0 comp rx=0 tx=0).stop
2026-02-19T23:51:14.376 INFO:teuthology.orchestra.run.trial057.stdout:/usr/bin/ceph: stderr
2026-02-19T23:51:14.259+0000 7f9dd9ce1640 1 -- 10.20.193.57:0/957359840 >> 10.20.193.57:0/957359840 conn(0x7f9dd407cc40 msgr2=0x7f9dd407d050 unknown :-1 s=STATE_NONE l=0).mark_down
2026-02-19T23:51:14.376 INFO:teuthology.orchestra.run.trial057.stdout:/usr/bin/ceph: stderr
2026-02-19T23:51:14.260+0000 7f9dd9ce1640 1 -- 10.20.193.57:0/957359840 shutdown_connections
2026-02-19T23:51:14.376 INFO:teuthology.orchestra.run.trial057.stdout:/usr/bin/ceph: stderr
2026-02-19T23:51:14.260+0000 7f9dd9ce1640 1 -- 10.20.193.57:0/957359840 wait complete.
2026-02-19T23:51:14.376 INFO:teuthology.orchestra.run.trial057.stdout:/usr/bin/ceph: stderr
2026-02-19T23:51:14.260+0000 7f9dd9ce1640 1 Processor -- start
2026-02-19T23:51:14.377 INFO:teuthology.orchestra.run.trial057.stdout:/usr/bin/ceph: stderr
2026-02-19T23:51:14.260+0000 7f9dd9ce1640 1 -- start start
2026-02-19T23:51:14.377 INFO:teuthology.orchestra.run.trial057.stdout:/usr/bin/ceph: stderr
2026-02-19T23:51:14.260+0000 7f9dd9ce1640 1 --2- >> [v2:10.20.193.57:3300/0,v1:10.20.193.57:6789/0] conn(0x7f9dd4109690 0x7f9dd419f570 unknown :-1 s=NONE pgs=0 cs=0 l=1 rev1=0 crypto rx=0 tx=0 comp rx=0 tx=0).connect
2026-02-19T23:51:14.377 INFO:teuthology.orchestra.run.trial057.stdout:/usr/bin/ceph: stderr
2026-02-19T23:51:14.260+0000 7f9dd9ce1640 1 -- --> [v2:10.20.193.57:3300/0,v1:10.20.193.57:6789/0] -- mon_getmap magic: 0 -- 0x7f9dd410dac0 con 0x7f9dd4109690
2026-02-19T23:51:14.377 INFO:teuthology.orchestra.run.trial057.stdout:/usr/bin/ceph: stderr
2026-02-19T23:51:14.260+0000 7f9dd8cdf640 1 --2- >> [v2:10.20.193.57:3300/0,v1:10.20.193.57:6789/0] conn(0x7f9dd4109690 0x7f9dd419f570 unknown :-1 s=BANNER_CONNECTING pgs=0 cs=0 l=1 rev1=0 crypto rx=0 tx=0 comp rx=0 tx=0)._handle_peer_banner_payload supported=3 required=0
2026-02-19T23:51:14.377 INFO:teuthology.orchestra.run.trial057.stdout:/usr/bin/ceph: stderr
2026-02-19T23:51:14.260+0000 7f9dd8cdf640 1 --2- >> [v2:10.20.193.57:3300/0,v1:10.20.193.57:6789/0] conn(0x7f9dd4109690 0x7f9dd419f570 unknown :-1 s=HELLO_CONNECTING pgs=0 cs=0 l=1 rev1=1 crypto rx=0 tx=0 comp rx=0 tx=0).handle_hello peer v2:10.20.193.57:3300/0 says I am v2:10.20.193.57:47710/0 (socket says 10.20.193.57:47710)
2026-02-19T23:51:14.377 INFO:teuthology.orchestra.run.trial057.stdout:/usr/bin/ceph: stderr
2026-02-19T23:51:14.260+0000 7f9dd8cdf640 1 -- 10.20.193.57:0/2250835420 learned_addr learned my addr 10.20.193.57:0/2250835420 (peer_addr_for_me v2:10.20.193.57:0/0)
2026-02-19T23:51:14.377 INFO:teuthology.orchestra.run.trial057.stdout:/usr/bin/ceph: stderr
2026-02-19T23:51:14.260+0000 7f9dd8cdf640 1 -- 10.20.193.57:0/2250835420 --> [v2:10.20.193.57:3300/0,v1:10.20.193.57:6789/0] -- mon_subscribe({config=0+,monmap=0+}) -- 0x7f9dd419fab0 con 0x7f9dd4109690
2026-02-19T23:51:14.377 INFO:teuthology.orchestra.run.trial057.stdout:/usr/bin/ceph: stderr
2026-02-19T23:51:14.260+0000 7f9dd8cdf640 1 --2- 10.20.193.57:0/2250835420 >> [v2:10.20.193.57:3300/0,v1:10.20.193.57:6789/0] conn(0x7f9dd4109690 0x7f9dd419f570 secure :-1 s=READY pgs=85 cs=0 l=1 rev1=1 crypto rx=0x7f9dc40091b0 tx=0x7f9dc4037a50 comp rx=0 tx=0).ready entity=mon.0 client_cookie=0 server_cookie=0 in_seq=0 out_seq=0
2026-02-19T23:51:14.377 INFO:teuthology.orchestra.run.trial057.stdout:/usr/bin/ceph: stderr
2026-02-19T23:51:14.260+0000 7f9dc9ffb640 1 -- 10.20.193.57:0/2250835420 <== mon.0 v2:10.20.193.57:3300/0 1 ==== mon_map magic: 0 ==== 226+0+0 (secure 0 0 0) 0x7f9dc40359a0 con 0x7f9dd4109690
2026-02-19T23:51:14.377 INFO:teuthology.orchestra.run.trial057.stdout:/usr/bin/ceph: stderr
2026-02-19T23:51:14.260+0000 7f9dc9ffb640 1 -- 10.20.193.57:0/2250835420 <== mon.0 v2:10.20.193.57:3300/0 2 ==== config(25 keys) ==== 1038+0+0 (secure 0 0 0) 0x7f9dc4043430 con 0x7f9dd4109690
2026-02-19T23:51:14.377 INFO:teuthology.orchestra.run.trial057.stdout:/usr/bin/ceph: stderr
2026-02-19T23:51:14.261+0000 7f9dd9ce1640 1 -- 10.20.193.57:0/2250835420 --> [v2:10.20.193.57:3300/0,v1:10.20.193.57:6789/0] -- mon_subscribe({mgrmap=0+}) -- 0x7f9dd419fd40 con 0x7f9dd4109690
2026-02-19T23:51:14.377 INFO:teuthology.orchestra.run.trial057.stdout:/usr/bin/ceph: stderr
2026-02-19T23:51:14.261+0000 7f9dc9ffb640 1 -- 10.20.193.57:0/2250835420 <== mon.0 v2:10.20.193.57:3300/0 3 ==== mon_map magic: 0 ==== 226+0+0 (secure 0 0 0) 0x7f9dc4042590 con 0x7f9dd4109690
2026-02-19T23:51:14.377 INFO:teuthology.orchestra.run.trial057.stdout:/usr/bin/ceph: stderr
2026-02-19T23:51:14.261+0000 7f9dd9ce1640 1 -- 10.20.193.57:0/2250835420 --> [v2:10.20.193.57:3300/0,v1:10.20.193.57:6789/0] -- mon_subscribe({osdmap=0}) -- 0x7f9dd41a2a30 con 0x7f9dd4109690
2026-02-19T23:51:14.377 INFO:teuthology.orchestra.run.trial057.stdout:/usr/bin/ceph: stderr
2026-02-19T23:51:14.261+0000 7f9dd9ce1640 1 -- 10.20.193.57:0/2250835420 --> [v2:10.20.193.57:3300/0,v1:10.20.193.57:6789/0] -- mon_command({"prefix": "get_command_descriptions"} v 0) -- 0x7f9dd4109b10 con 0x7f9dd4109690
2026-02-19T23:51:14.377 INFO:teuthology.orchestra.run.trial057.stdout:/usr/bin/ceph: stderr
2026-02-19T23:51:14.261+0000 7f9dc9ffb640 1 -- 10.20.193.57:0/2250835420 <== mon.0 v2:10.20.193.57:3300/0 4 ==== mgrmap(e 11) ==== 50168+0+0 (secure 0 0 0) 0x7f9dc4042840 con 0x7f9dd4109690
2026-02-19T23:51:14.377 INFO:teuthology.orchestra.run.trial057.stdout:/usr/bin/ceph: stderr
2026-02-19T23:51:14.261+0000 7f9dc9ffb640 1 --2- 10.20.193.57:0/2250835420 >> [v2:10.20.193.57:6800/628549223,v1:10.20.193.57:6801/628549223] conn(0x7f9db003db20 0x7f9db003ffe0 unknown :-1 s=NONE pgs=0 cs=0 l=1 rev1=0 crypto rx=0 tx=0 comp rx=0 tx=0).connect
2026-02-19T23:51:14.377 INFO:teuthology.orchestra.run.trial057.stdout:/usr/bin/ceph: stderr
2026-02-19T23:51:14.261+0000 7f9dc9ffb640 1 -- 10.20.193.57:0/2250835420 <== mon.0 v2:10.20.193.57:3300/0 5 ==== osd_map(3..3 src has 1..3) ==== 1155+0+0 (secure 0 0 0) 0x7f9dc4076600 con 0x7f9dd4109690
2026-02-19T23:51:14.377 INFO:teuthology.orchestra.run.trial057.stdout:/usr/bin/ceph: stderr
2026-02-19T23:51:14.261+0000 7f9dcbfff640 1 --2- 10.20.193.57:0/2250835420 >> [v2:10.20.193.57:6800/628549223,v1:10.20.193.57:6801/628549223] conn(0x7f9db003db20 0x7f9db003ffe0 unknown :-1 s=BANNER_CONNECTING pgs=0 cs=0 l=1 rev1=0 crypto rx=0 tx=0 comp rx=0 tx=0)._handle_peer_banner_payload supported=3 required=0
2026-02-19T23:51:14.378 INFO:teuthology.orchestra.run.trial057.stdout:/usr/bin/ceph: stderr
2026-02-19T23:51:14.262+0000 7f9dcbfff640 1 --2- 10.20.193.57:0/2250835420 >> [v2:10.20.193.57:6800/628549223,v1:10.20.193.57:6801/628549223] conn(0x7f9db003db20 0x7f9db003ffe0 secure :-1 s=READY pgs=9 cs=0 l=1 rev1=1 crypto rx=0x7f9dbc0099c0 tx=0x7f9dbc006eb0 comp rx=0 tx=0).ready entity=mgr.14162 client_cookie=0 server_cookie=0 in_seq=0 out_seq=0
2026-02-19T23:51:14.378 INFO:teuthology.orchestra.run.trial057.stdout:/usr/bin/ceph: stderr
2026-02-19T23:51:14.264+0000 7f9dc9ffb640 1 -- 10.20.193.57:0/2250835420 <== mon.0 v2:10.20.193.57:3300/0 6 ==== mon_command_ack([{"prefix": "get_command_descriptions"}]=0 v0) ==== 72+0+195034 (secure 0 0 0) 0x7f9dc4033200 con 0x7f9dd4109690
2026-02-19T23:51:14.378 INFO:teuthology.orchestra.run.trial057.stdout:/usr/bin/ceph: stderr
2026-02-19T23:51:14.346+0000 7f9dd9ce1640 1 -- 10.20.193.57:0/2250835420 --> [v2:10.20.193.57:3300/0,v1:10.20.193.57:6789/0] -- mon_command({"prefix": "config get", "who": "mgr", "key": "mgr/dashboard/ssl_server_port"} v 0) -- 0x7f9dd41a0220 con 0x7f9dd4109690
2026-02-19T23:51:14.378 INFO:teuthology.orchestra.run.trial057.stdout:/usr/bin/ceph: stderr
2026-02-19T23:51:14.347+0000 7f9dc9ffb640 1 -- 10.20.193.57:0/2250835420 <== mon.0 v2:10.20.193.57:3300/0 7 ==== mon_command_ack([{"prefix": "config get", "who": "mgr", "key": "mgr/dashboard/ssl_server_port"}]=0 v8) ==== 112+0+5 (secure 0 0 0) 0x7f9dd41a0220 con 0x7f9dd4109690
2026-02-19T23:51:14.378 INFO:teuthology.orchestra.run.trial057.stdout:/usr/bin/ceph: stderr
2026-02-19T23:51:14.347+0000 7f9dd9ce1640 1 -- 10.20.193.57:0/2250835420 >> [v2:10.20.193.57:6800/628549223,v1:10.20.193.57:6801/628549223] conn(0x7f9db003db20 msgr2=0x7f9db003ffe0 secure :-1 s=STATE_CONNECTION_ESTABLISHED l=1).mark_down
2026-02-19T23:51:14.378 INFO:teuthology.orchestra.run.trial057.stdout:/usr/bin/ceph: stderr
2026-02-19T23:51:14.347+0000 7f9dd9ce1640 1 --2- 10.20.193.57:0/2250835420 >> [v2:10.20.193.57:6800/628549223,v1:10.20.193.57:6801/628549223] conn(0x7f9db003db20 0x7f9db003ffe0 secure :-1 s=READY pgs=9 cs=0 l=1 rev1=1 crypto rx=0x7f9dbc0099c0 tx=0x7f9dbc006eb0 comp rx=0 tx=0).stop
2026-02-19T23:51:14.378 INFO:teuthology.orchestra.run.trial057.stdout:/usr/bin/ceph: stderr
2026-02-19T23:51:14.347+0000 7f9dd9ce1640 1 -- 10.20.193.57:0/2250835420 >> [v2:10.20.193.57:3300/0,v1:10.20.193.57:6789/0] conn(0x7f9dd4109690 msgr2=0x7f9dd419f570 secure :-1 s=STATE_CONNECTION_ESTABLISHED l=1).mark_down
2026-02-19T23:51:14.378 INFO:teuthology.orchestra.run.trial057.stdout:/usr/bin/ceph: stderr
2026-02-19T23:51:14.347+0000 7f9dd9ce1640 1 --2- 10.20.193.57:0/2250835420 >> [v2:10.20.193.57:3300/0,v1:10.20.193.57:6789/0] conn(0x7f9dd4109690 0x7f9dd419f570 secure :-1 s=READY pgs=85 cs=0 l=1 rev1=1 crypto rx=0x7f9dc40091b0 tx=0x7f9dc4037a50 comp rx=0 tx=0).stop
2026-02-19T23:51:14.378 INFO:teuthology.orchestra.run.trial057.stdout:/usr/bin/ceph: stderr
2026-02-19T23:51:14.347+0000 7f9dd9ce1640 1 -- 10.20.193.57:0/2250835420 shutdown_connections
2026-02-19T23:51:14.378 INFO:teuthology.orchestra.run.trial057.stdout:/usr/bin/ceph: stderr
2026-02-19T23:51:14.347+0000 7f9dd9ce1640 1 --2- 10.20.193.57:0/2250835420 >> [v2:10.20.193.57:6800/628549223,v1:10.20.193.57:6801/628549223] conn(0x7f9db003db20 0x7f9db003ffe0 unknown :-1 s=CLOSED pgs=9 cs=0 l=1 rev1=1 crypto rx=0 tx=0 comp rx=0 tx=0).stop
2026-02-19T23:51:14.378 INFO:teuthology.orchestra.run.trial057.stdout:/usr/bin/ceph: stderr
2026-02-19T23:51:14.347+0000 7f9dd9ce1640 1 --2- 10.20.193.57:0/2250835420 >> [v2:10.20.193.57:3300/0,v1:10.20.193.57:6789/0] conn(0x7f9dd4109690 0x7f9dd419f570 unknown :-1 s=CLOSED pgs=85 cs=0 l=1 rev1=1 crypto rx=0 tx=0 comp rx=0 tx=0).stop
2026-02-19T23:51:14.378 INFO:teuthology.orchestra.run.trial057.stdout:/usr/bin/ceph: stderr
2026-02-19T23:51:14.347+0000 7f9dd9ce1640 1 -- 10.20.193.57:0/2250835420 >> 10.20.193.57:0/2250835420 conn(0x7f9dd407cc40 msgr2=0x7f9dd4107110 unknown :-1 s=STATE_NONE l=0).mark_down
2026-02-19T23:51:14.378 INFO:teuthology.orchestra.run.trial057.stdout:/usr/bin/ceph: stderr
2026-02-19T23:51:14.347+0000 7f9dd9ce1640 1 -- 10.20.193.57:0/2250835420 shutdown_connections
2026-02-19T23:51:14.378 INFO:teuthology.orchestra.run.trial057.stdout:/usr/bin/ceph: stderr
2026-02-19T23:51:14.347+0000 7f9dd9ce1640 1 -- 10.20.193.57:0/2250835420 wait complete.
2026-02-19T23:51:14.378 INFO:teuthology.orchestra.run.trial057.stdout:Non-zero exit code 1 from systemctl is-enabled firewalld.service
2026-02-19T23:51:14.378 INFO:teuthology.orchestra.run.trial057.stdout:systemctl: stdout disabled
2026-02-19T23:51:14.384 INFO:teuthology.orchestra.run.trial057.stdout:Non-zero exit code 3 from systemctl is-active firewalld.service
2026-02-19T23:51:14.384 INFO:teuthology.orchestra.run.trial057.stdout:systemctl: stdout inactive
2026-02-19T23:51:14.384 INFO:teuthology.orchestra.run.trial057.stdout:firewalld.service is not enabled
2026-02-19T23:51:14.384 INFO:teuthology.orchestra.run.trial057.stdout:Not possible to open ports <[8443]>. firewalld.service is not available
2026-02-19T23:51:14.385 INFO:teuthology.orchestra.run.trial057.stdout:Ceph Dashboard is now available at:
2026-02-19T23:51:14.385 INFO:teuthology.orchestra.run.trial057.stdout:
2026-02-19T23:51:14.385 INFO:teuthology.orchestra.run.trial057.stdout: URL: https://trial057:8443/
2026-02-19T23:51:14.385 INFO:teuthology.orchestra.run.trial057.stdout: User: admin
2026-02-19T23:51:14.385 INFO:teuthology.orchestra.run.trial057.stdout: Password: 5m1jos8q0k
2026-02-19T23:51:14.385 INFO:teuthology.orchestra.run.trial057.stdout:
2026-02-19T23:51:14.385 INFO:teuthology.orchestra.run.trial057.stdout:Saving cluster configuration to /var/lib/ceph/cb877430-0ded-11f1-ac9f-d404e6e7d460/config directory
2026-02-19T23:51:14.637 INFO:teuthology.orchestra.run.trial057.stdout:/usr/bin/ceph: stderr
2026-02-19T23:51:14.479+0000 7fc9c4a4d640 1 Processor -- start
2026-02-19T23:51:14.637 INFO:teuthology.orchestra.run.trial057.stdout:/usr/bin/ceph: stderr
2026-02-19T23:51:14.479+0000 7fc9c4a4d640 1 -- start start
2026-02-19T23:51:14.637 INFO:teuthology.orchestra.run.trial057.stdout:/usr/bin/ceph: stderr
2026-02-19T23:51:14.479+0000 7fc9c4a4d640 1 --2- >> [v2:10.20.193.57:3300/0,v1:10.20.193.57:6789/0] conn(0x7fc9c0109880 0x7fc9c0109c80 unknown :-1 s=NONE pgs=0 cs=0 l=0 rev1=0 crypto rx=0 tx=0 comp rx=0 tx=0).connect
2026-02-19T23:51:14.637 INFO:teuthology.orchestra.run.trial057.stdout:/usr/bin/ceph: stderr
2026-02-19T23:51:14.479+0000 7fc9c4a4d640 1 -- --> [v2:10.20.193.57:3300/0,v1:10.20.193.57:6789/0] -- mon_getmap magic: 0 -- 0x7fc9c010a250 con 0x7fc9c0109880
2026-02-19T23:51:14.637 INFO:teuthology.orchestra.run.trial057.stdout:/usr/bin/ceph: stderr
2026-02-19T23:51:14.479+0000 7fc9be575640 1 --2- >> [v2:10.20.193.57:3300/0,v1:10.20.193.57:6789/0] conn(0x7fc9c0109880 0x7fc9c0109c80 unknown :-1 s=BANNER_CONNECTING pgs=0 cs=0 l=0 rev1=0 crypto rx=0 tx=0 comp rx=0 tx=0)._handle_peer_banner_payload supported=3 required=0
2026-02-19T23:51:14.637 INFO:teuthology.orchestra.run.trial057.stdout:/usr/bin/ceph: stderr
2026-02-19T23:51:14.479+0000 7fc9be575640 1 --2- >> [v2:10.20.193.57:3300/0,v1:10.20.193.57:6789/0] conn(0x7fc9c0109880 0x7fc9c0109c80 unknown :-1 s=HELLO_CONNECTING pgs=0 cs=0 l=0 rev1=1 crypto rx=0 tx=0 comp rx=0 tx=0).handle_hello peer v2:10.20.193.57:3300/0 says I am v2:10.20.193.57:47720/0 (socket says 10.20.193.57:47720)
2026-02-19T23:51:14.637 INFO:teuthology.orchestra.run.trial057.stdout:/usr/bin/ceph: stderr
2026-02-19T23:51:14.479+0000 7fc9be575640 1 -- 10.20.193.57:0/1414511320 learned_addr learned my addr 10.20.193.57:0/1414511320 (peer_addr_for_me v2:10.20.193.57:0/0)
2026-02-19T23:51:14.637 INFO:teuthology.orchestra.run.trial057.stdout:/usr/bin/ceph: stderr
2026-02-19T23:51:14.479+0000 7fc9be575640 1 -- 10.20.193.57:0/1414511320 --> [v2:10.20.193.57:3300/0,v1:10.20.193.57:6789/0] -- mon_subscribe({config=0+,monmap=0+}) -- 0x7fc9c010aa80 con 0x7fc9c0109880
2026-02-19T23:51:14.637 INFO:teuthology.orchestra.run.trial057.stdout:/usr/bin/ceph: stderr
