2026-02-19T23:56:00.777+0000 7f0a9e4ff640 1 --2- 10.20.193.134:0/2372952964 >> [v2:10.20.193.134:3300/0,v1:10.20.193.134:6789/0] conn(0x7f0a9807de90 0x7f0a9807c390 unknown :-1 s=CLOSED pgs=41 cs=0 l=1 rev1=1 crypto rx=0 tx=0 comp rx=0 tx=0).stop
2026-02-19T23:56:00.891 INFO:teuthology.orchestra.run.trial134.stdout:/usr/bin/ceph: stderr
2026-02-19T23:56:00.777+0000 7f0a9e4ff640 1 -- 10.20.193.134:0/2372952964 >> 10.20.193.134:0/2372952964 conn(0x7f0a981037e0 msgr2=0x7f0a98105c40 unknown :-1 s=STATE_NONE l=0).mark_down
2026-02-19T23:56:00.891 INFO:teuthology.orchestra.run.trial134.stdout:/usr/bin/ceph: stderr
2026-02-19T23:56:00.777+0000 7f0a9e4ff640 1 -- 10.20.193.134:0/2372952964 shutdown_connections
2026-02-19T23:56:00.891 INFO:teuthology.orchestra.run.trial134.stdout:/usr/bin/ceph: stderr
2026-02-19T23:56:00.777+0000 7f0a9e4ff640 1 -- 10.20.193.134:0/2372952964 wait complete.
2026-02-19T23:56:00.891 INFO:teuthology.orchestra.run.trial134.stdout:/usr/bin/ceph: stderr
2026-02-19T23:56:00.777+0000 7f0a9e4ff640 1 Processor -- start
2026-02-19T23:56:00.891 INFO:teuthology.orchestra.run.trial134.stdout:/usr/bin/ceph: stderr
2026-02-19T23:56:00.777+0000 7f0a9e4ff640 1 -- start start
2026-02-19T23:56:00.891 INFO:teuthology.orchestra.run.trial134.stdout:/usr/bin/ceph: stderr
2026-02-19T23:56:00.777+0000 7f0a9e4ff640 1 --2- >> [v2:10.20.193.134:3300/0,v1:10.20.193.134:6789/0] conn(0x7f0a9807de90 0x7f0a981a0110 unknown :-1 s=NONE pgs=0 cs=0 l=1 rev1=0 crypto rx=0 tx=0 comp rx=0 tx=0).connect
2026-02-19T23:56:00.891 INFO:teuthology.orchestra.run.trial134.stdout:/usr/bin/ceph: stderr
2026-02-19T23:56:00.777+0000 7f0a9e4ff640 1 -- --> [v2:10.20.193.134:3300/0,v1:10.20.193.134:6789/0] -- mon_getmap magic: 0 -- 0x7f0a9810e4e0 con 0x7f0a9807de90
2026-02-19T23:56:00.891 INFO:teuthology.orchestra.run.trial134.stdout:/usr/bin/ceph: stderr
2026-02-19T23:56:00.777+0000 7f0a97fff640 1 --2- >> [v2:10.20.193.134:3300/0,v1:10.20.193.134:6789/0] conn(0x7f0a9807de90 0x7f0a981a0110 unknown :-1 s=BANNER_CONNECTING pgs=0 cs=0 l=1 rev1=0 crypto rx=0 tx=0 comp rx=0 tx=0)._handle_peer_banner_payload supported=3 required=0
2026-02-19T23:56:00.891 INFO:teuthology.orchestra.run.trial134.stdout:/usr/bin/ceph: stderr
2026-02-19T23:56:00.777+0000 7f0a97fff640 1 --2- >> [v2:10.20.193.134:3300/0,v1:10.20.193.134:6789/0] conn(0x7f0a9807de90 0x7f0a981a0110 unknown :-1 s=HELLO_CONNECTING pgs=0 cs=0 l=1 rev1=1 crypto rx=0 tx=0 comp rx=0 tx=0).handle_hello peer v2:10.20.193.134:3300/0 says I am v2:10.20.193.134:57388/0 (socket says 10.20.193.134:57388)
2026-02-19T23:56:00.891 INFO:teuthology.orchestra.run.trial134.stdout:/usr/bin/ceph: stderr
2026-02-19T23:56:00.777+0000 7f0a97fff640 1 -- 10.20.193.134:0/2970500636 learned_addr learned my addr 10.20.193.134:0/2970500636 (peer_addr_for_me v2:10.20.193.134:0/0)
2026-02-19T23:56:00.891 INFO:teuthology.orchestra.run.trial134.stdout:/usr/bin/ceph: stderr
2026-02-19T23:56:00.778+0000 7f0a97fff640 1 -- 10.20.193.134:0/2970500636 --> [v2:10.20.193.134:3300/0,v1:10.20.193.134:6789/0] -- mon_subscribe({config=0+,monmap=0+}) -- 0x7f0a981a0650 con 0x7f0a9807de90
2026-02-19T23:56:00.891 INFO:teuthology.orchestra.run.trial134.stdout:/usr/bin/ceph: stderr
2026-02-19T23:56:00.778+0000 7f0a97fff640 1 --2- 10.20.193.134:0/2970500636 >> [v2:10.20.193.134:3300/0,v1:10.20.193.134:6789/0] conn(0x7f0a9807de90 0x7f0a981a0110 secure :-1 s=READY pgs=42 cs=0 l=1 rev1=1 crypto rx=0x7f0a84006fd0 tx=0x7f0a84035e10 comp rx=0 tx=0).ready entity=mon.0 client_cookie=0 server_cookie=0 in_seq=0 out_seq=0
2026-02-19T23:56:00.892 INFO:teuthology.orchestra.run.trial134.stdout:/usr/bin/ceph: stderr
2026-02-19T23:56:00.778+0000 7f0a957fa640 1 -- 10.20.193.134:0/2970500636 <== mon.0 v2:10.20.193.134:3300/0 1 ==== mon_map magic: 0 ==== 205+0+0 (secure 0 0 0) 0x7f0a84045070 con 0x7f0a9807de90
2026-02-19T23:56:00.892 INFO:teuthology.orchestra.run.trial134.stdout:/usr/bin/ceph: stderr
2026-02-19T23:56:00.778+0000 7f0a957fa640 1 -- 10.20.193.134:0/2970500636 <== mon.0 v2:10.20.193.134:3300/0 2 ==== config(25 keys) ==== 1007+0+0 (secure 0 0 0) 0x7f0a84040450 con 0x7f0a9807de90
2026-02-19T23:56:00.892 INFO:teuthology.orchestra.run.trial134.stdout:/usr/bin/ceph: stderr
2026-02-19T23:56:00.778+0000 7f0a957fa640 1 -- 10.20.193.134:0/2970500636 <== mon.0 v2:10.20.193.134:3300/0 3 ==== mon_map magic: 0 ==== 205+0+0 (secure 0 0 0) 0x7f0a8403c070 con 0x7f0a9807de90
2026-02-19T23:56:00.892 INFO:teuthology.orchestra.run.trial134.stdout:/usr/bin/ceph: stderr
2026-02-19T23:56:00.778+0000 7f0a9e4ff640 1 -- 10.20.193.134:0/2970500636 --> [v2:10.20.193.134:3300/0,v1:10.20.193.134:6789/0] -- mon_subscribe({mgrmap=0+}) -- 0x7f0a981a08e0 con 0x7f0a9807de90
2026-02-19T23:56:00.892 INFO:teuthology.orchestra.run.trial134.stdout:/usr/bin/ceph: stderr
2026-02-19T23:56:00.778+0000 7f0a9e4ff640 1 -- 10.20.193.134:0/2970500636 --> [v2:10.20.193.134:3300/0,v1:10.20.193.134:6789/0] -- mon_subscribe({osdmap=0}) -- 0x7f0a981a35d0 con 0x7f0a9807de90
2026-02-19T23:56:00.892 INFO:teuthology.orchestra.run.trial134.stdout:/usr/bin/ceph: stderr
2026-02-19T23:56:00.778+0000 7f0a9e4ff640 1 -- 10.20.193.134:0/2970500636 --> [v2:10.20.193.134:3300/0,v1:10.20.193.134:6789/0] -- mon_command({"prefix": "get_command_descriptions"} v 0) -- 0x7f0a9807c410 con 0x7f0a9807de90
2026-02-19T23:56:00.892 INFO:teuthology.orchestra.run.trial134.stdout:/usr/bin/ceph: stderr
2026-02-19T23:56:00.778+0000 7f0a957fa640 1 -- 10.20.193.134:0/2970500636 <== mon.0 v2:10.20.193.134:3300/0 4 ==== mgrmap(e 7) ==== 50141+0+0 (secure 0 0 0) 0x7f0a8403e5f0 con 0x7f0a9807de90
2026-02-19T23:56:00.892 INFO:teuthology.orchestra.run.trial134.stdout:/usr/bin/ceph: stderr
2026-02-19T23:56:00.779+0000 7f0a957fa640 1 --2- 10.20.193.134:0/2970500636 >> [v2:10.20.193.134:6800/4254304499,v1:10.20.193.134:6801/4254304499] conn(0x7f0a6c03dad0 0x7f0a6c03ff90 unknown :-1 s=NONE pgs=0 cs=0 l=1 rev1=0 crypto rx=0 tx=0 comp rx=0 tx=0).connect
2026-02-19T23:56:00.892 INFO:teuthology.orchestra.run.trial134.stdout:/usr/bin/ceph: stderr
2026-02-19T23:56:00.779+0000 7f0a957fa640 1 -- 10.20.193.134:0/2970500636 <== mon.0 v2:10.20.193.134:3300/0 5 ==== osd_map(2..2 src has 1..2) ==== 940+0+0 (secure 0 0 0) 0x7f0a840766d0 con 0x7f0a9807de90
2026-02-19T23:56:00.892 INFO:teuthology.orchestra.run.trial134.stdout:/usr/bin/ceph: stderr
2026-02-19T23:56:00.779+0000 7f0a977fe640 1 --2- 10.20.193.134:0/2970500636 >> [v2:10.20.193.134:6800/4254304499,v1:10.20.193.134:6801/4254304499] conn(0x7f0a6c03dad0 0x7f0a6c03ff90 unknown :-1 s=BANNER_CONNECTING pgs=0 cs=0 l=1 rev1=0 crypto rx=0 tx=0 comp rx=0 tx=0)._handle_peer_banner_payload supported=3 required=0
2026-02-19T23:56:00.892 INFO:teuthology.orchestra.run.trial134.stdout:/usr/bin/ceph: stderr
2026-02-19T23:56:00.779+0000 7f0a977fe640 1 --2- 10.20.193.134:0/2970500636 >> [v2:10.20.193.134:6800/4254304499,v1:10.20.193.134:6801/4254304499] conn(0x7f0a6c03dad0 0x7f0a6c03ff90 secure :-1 s=READY pgs=10 cs=0 l=1 rev1=1 crypto rx=0x7f0a880099c0 tx=0x7f0a88006eb0 comp rx=0 tx=0).ready entity=mgr.14118 client_cookie=0 server_cookie=0 in_seq=0 out_seq=0
2026-02-19T23:56:00.893 INFO:teuthology.orchestra.run.trial134.stdout:/usr/bin/ceph: stderr
2026-02-19T23:56:00.781+0000 7f0a957fa640 1 -- 10.20.193.134:0/2970500636 <== mon.0 v2:10.20.193.134:3300/0 6 ==== mon_command_ack([{"prefix": "get_command_descriptions"}]=0 v0) ==== 72+0+195034 (secure 0 0 0) 0x7f0a84033200 con 0x7f0a9807de90
2026-02-19T23:56:00.893 INFO:teuthology.orchestra.run.trial134.stdout:/usr/bin/ceph: stderr
2026-02-19T23:56:00.864+0000 7f0a9e4ff640 1 -- 10.20.193.134:0/2970500636 --> [v2:10.20.193.134:6800/4254304499,v1:10.20.193.134:6801/4254304499] -- mgr_command(tid 0: {"prefix": "cephadm get-pub-key", "target": ["mon-mgr", ""]}) -- 0x7f0a98104b00 con 0x7f0a6c03dad0
2026-02-19T23:56:00.893 INFO:teuthology.orchestra.run.trial134.stdout:/usr/bin/ceph: stderr
2026-02-19T23:56:00.865+0000 7f0a957fa640 1 -- 10.20.193.134:0/2970500636 <== mgr.14118 v2:10.20.193.134:6800/4254304499 1 ==== mgr_command_reply(tid 0: 0 ) ==== 8+0+123 (secure 0 0 0) 0x7f0a98104b00 con 0x7f0a6c03dad0
2026-02-19T23:56:00.893 INFO:teuthology.orchestra.run.trial134.stdout:/usr/bin/ceph: stderr
2026-02-19T23:56:00.865+0000 7f0a9e4ff640 1 -- 10.20.193.134:0/2970500636 >> [v2:10.20.193.134:6800/4254304499,v1:10.20.193.134:6801/4254304499] conn(0x7f0a6c03dad0 msgr2=0x7f0a6c03ff90 secure :-1 s=STATE_CONNECTION_ESTABLISHED l=1).mark_down
2026-02-19T23:56:00.893 INFO:teuthology.orchestra.run.trial134.stdout:/usr/bin/ceph: stderr
2026-02-19T23:56:00.865+0000 7f0a9e4ff640 1 --2- 10.20.193.134:0/2970500636 >> [v2:10.20.193.134:6800/4254304499,v1:10.20.193.134:6801/4254304499] conn(0x7f0a6c03dad0 0x7f0a6c03ff90 secure :-1 s=READY pgs=10 cs=0 l=1 rev1=1 crypto rx=0x7f0a880099c0 tx=0x7f0a88006eb0 comp rx=0 tx=0).stop
2026-02-19T23:56:00.893 INFO:teuthology.orchestra.run.trial134.stdout:/usr/bin/ceph: stderr
2026-02-19T23:56:00.865+0000 7f0a9e4ff640 1 -- 10.20.193.134:0/2970500636 >> [v2:10.20.193.134:3300/0,v1:10.20.193.134:6789/0] conn(0x7f0a9807de90 msgr2=0x7f0a981a0110 secure :-1 s=STATE_CONNECTION_ESTABLISHED l=1).mark_down
2026-02-19T23:56:00.893 INFO:teuthology.orchestra.run.trial134.stdout:/usr/bin/ceph: stderr
2026-02-19T23:56:00.865+0000 7f0a9e4ff640 1 --2- 10.20.193.134:0/2970500636 >> [v2:10.20.193.134:3300/0,v1:10.20.193.134:6789/0] conn(0x7f0a9807de90 0x7f0a981a0110 secure :-1 s=READY pgs=42 cs=0 l=1 rev1=1 crypto rx=0x7f0a84006fd0 tx=0x7f0a84035e10 comp rx=0 tx=0).stop
2026-02-19T23:56:00.893 INFO:teuthology.orchestra.run.trial134.stdout:/usr/bin/ceph: stderr
2026-02-19T23:56:00.865+0000 7f0a9e4ff640 1 -- 10.20.193.134:0/2970500636 shutdown_connections
2026-02-19T23:56:00.893 INFO:teuthology.orchestra.run.trial134.stdout:/usr/bin/ceph: stderr
2026-02-19T23:56:00.865+0000 7f0a9e4ff640 1 --2- 10.20.193.134:0/2970500636 >> [v2:10.20.193.134:6800/4254304499,v1:10.20.193.134:6801/4254304499] conn(0x7f0a6c03dad0 0x7f0a6c03ff90 unknown :-1 s=CLOSED pgs=10 cs=0 l=1 rev1=1 crypto rx=0 tx=0 comp rx=0 tx=0).stop
2026-02-19T23:56:00.893 INFO:teuthology.orchestra.run.trial134.stdout:/usr/bin/ceph: stderr
2026-02-19T23:56:00.865+0000 7f0a9e4ff640 1 --2- 10.20.193.134:0/2970500636 >> [v2:10.20.193.134:3300/0,v1:10.20.193.134:6789/0] conn(0x7f0a9807de90 0x7f0a981a0110 unknown :-1 s=CLOSED pgs=42 cs=0 l=1 rev1=1 crypto rx=0 tx=0 comp rx=0 tx=0).stop
2026-02-19T23:56:00.893 INFO:teuthology.orchestra.run.trial134.stdout:/usr/bin/ceph: stderr
2026-02-19T23:56:00.865+0000 7f0a9e4ff640 1 -- 10.20.193.134:0/2970500636 >> 10.20.193.134:0/2970500636 conn(0x7f0a981037e0 msgr2=0x7f0a981043f0 unknown :-1 s=STATE_NONE l=0).mark_down
2026-02-19T23:56:00.893 INFO:teuthology.orchestra.run.trial134.stdout:/usr/bin/ceph: stderr
2026-02-19T23:56:00.865+0000 7f0a9e4ff640 1 -- 10.20.193.134:0/2970500636 shutdown_connections
2026-02-19T23:56:00.894 INFO:teuthology.orchestra.run.trial134.stdout:/usr/bin/ceph: stderr
2026-02-19T23:56:00.866+0000 7f0a9e4ff640 1 -- 10.20.193.134:0/2970500636 wait complete.
2026-02-19T23:56:00.894 INFO:teuthology.orchestra.run.trial134.stdout:Wrote public SSH key to /home/ubuntu/cephtest/ceph.pub
2026-02-19T23:56:00.894 INFO:teuthology.orchestra.run.trial134.stdout:Adding key to root@localhost authorized_keys...
2026-02-19T23:56:00.894 INFO:teuthology.orchestra.run.trial134.stdout:Adding host trial134...
2026-02-19T23:56:01.323 INFO:journalctl@ceph.mon.a.trial134.stdout:Feb 19 23:56:01 trial134 ceph-mon[39662]: from='client.14122 -' entity='client.admin' cmd=[{"prefix": "get_command_descriptions"}]: dispatch
2026-02-19T23:56:01.323 INFO:journalctl@ceph.mon.a.trial134.stdout:Feb 19 23:56:01 trial134 ceph-mon[39662]: from='client.14122 -' entity='client.admin' cmd=[{"prefix": "mgr_status"}]: dispatch
2026-02-19T23:56:01.323 INFO:journalctl@ceph.mon.a.trial134.stdout:Feb 19 23:56:01 trial134 ceph-mon[39662]: [19/Feb/2026:23:56:00] ENGINE Bus STARTING
2026-02-19T23:56:01.324 INFO:journalctl@ceph.mon.a.trial134.stdout:Feb 19 23:56:01 trial134 ceph-mon[39662]: [19/Feb/2026:23:56:00] ENGINE Serving on https://10.20.193.134:7150
2026-02-19T23:56:01.324 INFO:journalctl@ceph.mon.a.trial134.stdout:Feb 19 23:56:01 trial134 ceph-mon[39662]: [19/Feb/2026:23:56:00] ENGINE Client ('10.20.193.134', 57202) lost — peer dropped the TLS connection suddenly, during handshake: (6, 'TLS/SSL connection has been closed (EOF) (_ssl.c:1147)')
2026-02-19T23:56:01.324 INFO:journalctl@ceph.mon.a.trial134.stdout:Feb 19 23:56:01 trial134 ceph-mon[39662]: from='client.14130 -' entity='client.admin' cmd=[{"prefix": "orch set backend", "module_name": "cephadm", "target": ["mon-mgr", ""]}]: dispatch
2026-02-19T23:56:01.324 INFO:journalctl@ceph.mon.a.trial134.stdout:Feb 19 23:56:01 trial134 ceph-mon[39662]: from='mgr.14118 10.20.193.134:0/1292469727' entity='mgr.x'
2026-02-19T23:56:01.324 INFO:journalctl@ceph.mon.a.trial134.stdout:Feb 19 23:56:01 trial134 ceph-mon[39662]: from='mgr.14118 10.20.193.134:0/1292469727' entity='mgr.x' cmd=[{"prefix": "config dump", "format": "json"}]: dispatch
2026-02-19T23:56:01.324 INFO:journalctl@ceph.mon.a.trial134.stdout:Feb 19 23:56:01 trial134 ceph-mon[39662]: [19/Feb/2026:23:56:00] ENGINE Serving on http://10.20.193.134:8765
2026-02-19T23:56:01.324 INFO:journalctl@ceph.mon.a.trial134.stdout:Feb 19 23:56:01 trial134 ceph-mon[39662]: [19/Feb/2026:23:56:00] ENGINE Bus STARTED
2026-02-19T23:56:01.324 INFO:journalctl@ceph.mon.a.trial134.stdout:Feb 19 23:56:01 trial134 ceph-mon[39662]: from='mgr.14118 10.20.193.134:0/1292469727' entity='mgr.x' cmd=[{"prefix": "config dump", "format": "json"}]: dispatch
2026-02-19T23:56:01.324 INFO:journalctl@ceph.mon.a.trial134.stdout:Feb 19 23:56:01 trial134 ceph-mon[39662]: from='mgr.14118 10.20.193.134:0/1292469727' entity='mgr.x'
2026-02-19T23:56:01.324 INFO:journalctl@ceph.mon.a.trial134.stdout:Feb 19 23:56:01 trial134 ceph-mon[39662]: from='mgr.14118 10.20.193.134:0/1292469727' entity='mgr.x'
2026-02-19T23:56:02.534 INFO:journalctl@ceph.mon.a.trial134.stdout:Feb 19 23:56:02 trial134 ceph-mon[39662]: from='client.14132 -' entity='client.admin' cmd=[{"prefix": "cephadm set-user", "user": "root", "target": ["mon-mgr", ""]}]: dispatch
2026-02-19T23:56:02.534 INFO:journalctl@ceph.mon.a.trial134.stdout:Feb 19 23:56:02 trial134 ceph-mon[39662]: from='client.14134 -' entity='client.admin' cmd=[{"prefix": "cephadm generate-key", "target": ["mon-mgr", ""]}]: dispatch
2026-02-19T23:56:02.534 INFO:journalctl@ceph.mon.a.trial134.stdout:Feb 19 23:56:02 trial134 ceph-mon[39662]: Generating ssh key...
2026-02-19T23:56:02.534 INFO:journalctl@ceph.mon.a.trial134.stdout:Feb 19 23:56:02 trial134 ceph-mon[39662]: from='client.14136 -' entity='client.admin' cmd=[{"prefix": "cephadm get-pub-key", "target": ["mon-mgr", ""]}]: dispatch
2026-02-19T23:56:02.534 INFO:journalctl@ceph.mon.a.trial134.stdout:Feb 19 23:56:02 trial134 ceph-mon[39662]: from='client.14138 -' entity='client.admin' cmd=[{"prefix": "orch host add", "hostname": "trial134", "addr": "10.20.193.134", "target": ["mon-mgr", ""]}]: dispatch
2026-02-19T23:56:02.535 INFO:journalctl@ceph.mon.a.trial134.stdout:Feb 19 23:56:02 trial134 ceph-mon[39662]: mgrmap e8: x(active, since 2s)
2026-02-19T23:56:02.585 INFO:teuthology.orchestra.run.trial134.stdout:/usr/bin/ceph: stdout Added host 'trial134' with addr '10.20.193.134'
2026-02-19T23:56:02.585 INFO:teuthology.orchestra.run.trial134.stdout:/usr/bin/ceph: stderr
2026-02-19T23:56:00.979+0000 7f69b4155640 1 Processor -- start
2026-02-19T23:56:02.585 INFO:teuthology.orchestra.run.trial134.stdout:/usr/bin/ceph: stderr
2026-02-19T23:56:00.979+0000 7f69b4155640 1 -- start start
2026-02-19T23:56:02.585 INFO:teuthology.orchestra.run.trial134.stdout:/usr/bin/ceph: stderr
2026-02-19T23:56:00.979+0000 7f69b4155640 1 --2- >> [v2:10.20.193.134:3300/0,v1:10.20.193.134:6789/0] conn(0x7f69ac105de0 0x7f69ac1061e0 unknown :-1 s=NONE pgs=0 cs=0 l=0 rev1=0 crypto rx=0 tx=0 comp rx=0 tx=0).connect
2026-02-19T23:56:02.585 INFO:teuthology.orchestra.run.trial134.stdout:/usr/bin/ceph: stderr
2026-02-19T23:56:00.979+0000 7f69b4155640 1 -- --> [v2:10.20.193.134:3300/0,v1:10.20.193.134:6789/0] -- mon_getmap magic: 0 -- 0x7f69ac1067b0 con 0x7f69ac105de0
2026-02-19T23:56:02.585 INFO:teuthology.orchestra.run.trial134.stdout:/usr/bin/ceph: stderr
2026-02-19T23:56:00.980+0000 7f69b1eca640 1 --2- >> [v2:10.20.193.134:3300/0,v1:10.20.193.134:6789/0] conn(0x7f69ac105de0 0x7f69ac1061e0 unknown :-1 s=BANNER_CONNECTING pgs=0 cs=0 l=0 rev1=0 crypto rx=0 tx=0 comp rx=0 tx=0)._handle_peer_banner_payload supported=3 required=0
2026-02-19T23:56:02.585 INFO:teuthology.orchestra.run.trial134.stdout:/usr/bin/ceph: stderr
2026-02-19T23:56:00.980+0000 7f69b1eca640 1 --2- >> [v2:10.20.193.134:3300/0,v1:10.20.193.134:6789/0] conn(0x7f69ac105de0 0x7f69ac1061e0 unknown :-1 s=HELLO_CONNECTING pgs=0 cs=0 l=0 rev1=1 crypto rx=0 tx=0 comp rx=0 tx=0).handle_hello peer v2:10.20.193.134:3300/0 says I am v2:10.20.193.134:57404/0 (socket says 10.20.193.134:57404)
2026-02-19T23:56:02.585 INFO:teuthology.orchestra.run.trial134.stdout:/usr/bin/ceph: stderr
2026-02-19T23:56:00.980+0000 7f69b1eca640 1 -- 10.20.193.134:0/2407756663 learned_addr learned my addr 10.20.193.134:0/2407756663 (peer_addr_for_me v2:10.20.193.134:0/0)
2026-02-19T23:56:02.586 INFO:teuthology.orchestra.run.trial134.stdout:/usr/bin/ceph: stderr
2026-02-19T23:56:00.980+0000 7f69b1eca640 1 -- 10.20.193.134:0/2407756663 --> [v2:10.20.193.134:3300/0,v1:10.20.193.134:6789/0] -- mon_subscribe({config=0+,monmap=0+}) -- 0x7f69ac106f70 con 0x7f69ac105de0
2026-02-19T23:56:02.586 INFO:teuthology.orchestra.run.trial134.stdout:/usr/bin/ceph: stderr
2026-02-19T23:56:00.980+0000 7f69b1eca640 1 --2- 10.20.193.134:0/2407756663 >> [v2:10.20.193.134:3300/0,v1:10.20.193.134:6789/0] conn(0x7f69ac105de0 0x7f69ac1061e0 secure :-1 s=READY pgs=43 cs=0 l=1 rev1=1 crypto rx=0x7f699c009920 tx=0x7f699c02ef20 comp rx=0 tx=0).ready entity=mon.0 client_cookie=678a60e4bd96a200 server_cookie=0 in_seq=0 out_seq=0
2026-02-19T23:56:02.586 INFO:teuthology.orchestra.run.trial134.stdout:/usr/bin/ceph: stderr
2026-02-19T23:56:00.980+0000 7f69b0ec8640 1 -- 10.20.193.134:0/2407756663 <== mon.0 v2:10.20.193.134:3300/0 1 ==== mon_map magic: 0 ==== 205+0+0 (secure 0 0 0) 0x7f699c03c070 con 0x7f69ac105de0
2026-02-19T23:56:02.586 INFO:teuthology.orchestra.run.trial134.stdout:/usr/bin/ceph: stderr
2026-02-19T23:56:00.980+0000 7f69b0ec8640 1 -- 10.20.193.134:0/2407756663 <== mon.0 v2:10.20.193.134:3300/0 2 ==== config(25 keys) ==== 1007+0+0 (secure 0 0 0) 0x7f699c037440 con 0x7f69ac105de0
2026-02-19T23:56:02.586 INFO:teuthology.orchestra.run.trial134.stdout:/usr/bin/ceph: stderr
2026-02-19T23:56:00.980+0000 7f69b0ec8640 1 -- 10.20.193.134:0/2407756663 <== mon.0 v2:10.20.193.134:3300/0 3 ==== mon_map magic: 0 ==== 205+0+0 (secure 0 0 0) 0x7f699c0354d0 con 0x7f69ac105de0
2026-02-19T23:56:02.586 INFO:teuthology.orchestra.run.trial134.stdout:/usr/bin/ceph: stderr
2026-02-19T23:56:00.981+0000 7f69b4155640 1 -- 10.20.193.134:0/2407756663 >> [v2:10.20.193.134:3300/0,v1:10.20.193.134:6789/0] conn(0x7f69ac105de0 msgr2=0x7f69ac1061e0 secure :-1 s=STATE_CONNECTION_ESTABLISHED l=1).mark_down
2026-02-19T23:56:02.586 INFO:teuthology.orchestra.run.trial134.stdout:/usr/bin/ceph: stderr
2026-02-19T23:56:00.981+0000 7f69b4155640 1 --2- 10.20.193.134:0/2407756663 >> [v2:10.20.193.134:3300/0,v1:10.20.193.134:6789/0] conn(0x7f69ac105de0 0x7f69ac1061e0 secure :-1 s=READY pgs=43 cs=0 l=1 rev1=1 crypto rx=0x7f699c009920 tx=0x7f699c02ef20 comp rx=0 tx=0).stop
2026-02-19T23:56:02.586 INFO:teuthology.orchestra.run.trial134.stdout:/usr/bin/ceph: stderr
2026-02-19T23:56:00.981+0000 7f69b4155640 1 -- 10.20.193.134:0/2407756663 shutdown_connections
2026-02-19T23:56:02.586 INFO:teuthology.orchestra.run.trial134.stdout:/usr/bin/ceph: stderr
2026-02-19T23:56:00.981+0000 7f69b4155640 1 --2- 10.20.193.134:0/2407756663 >> [v2:10.20.193.134:3300/0,v1:10.20.193.134:6789/0] conn(0x7f69ac105de0 0x7f69ac1061e0 unknown :-1 s=CLOSED pgs=43 cs=0 l=1 rev1=1 crypto rx=0 tx=0 comp rx=0 tx=0).stop
2026-02-19T23:56:02.586 INFO:teuthology.orchestra.run.trial134.stdout:/usr/bin/ceph: stderr
2026-02-19T23:56:00.981+0000 7f69b4155640 1 -- 10.20.193.134:0/2407756663 >> 10.20.193.134:0/2407756663 conn(0x7f69ac101960 msgr2=0x7f69ac103d80 unknown :-1 s=STATE_NONE l=0).mark_down
2026-02-19T23:56:02.586 INFO:teuthology.orchestra.run.trial134.stdout:/usr/bin/ceph: stderr
2026-02-19T23:56:00.981+0000 7f69b4155640 1 -- 10.20.193.134:0/2407756663 shutdown_connections
2026-02-19T23:56:02.587 INFO:teuthology.orchestra.run.trial134.stdout:/usr/bin/ceph: stderr
2026-02-19T23:56:00.981+0000 7f69b4155640 1 -- 10.20.193.134:0/2407756663 wait complete.
2026-02-19T23:56:02.587 INFO:teuthology.orchestra.run.trial134.stdout:/usr/bin/ceph: stderr
2026-02-19T23:56:00.981+0000 7f69b4155640 1 Processor -- start
2026-02-19T23:56:02.587 INFO:teuthology.orchestra.run.trial134.stdout:/usr/bin/ceph: stderr
2026-02-19T23:56:00.981+0000 7f69b4155640 1 -- start start
2026-02-19T23:56:02.587 INFO:teuthology.orchestra.run.trial134.stdout:/usr/bin/ceph: stderr
2026-02-19T23:56:00.981+0000 7f69b4155640 1 --2- >> [v2:10.20.193.134:3300/0,v1:10.20.193.134:6789/0] conn(0x7f69ac105de0 0x7f69ac1a0160 unknown :-1 s=NONE pgs=0 cs=0 l=1 rev1=0 crypto rx=0 tx=0 comp rx=0 tx=0).connect
2026-02-19T23:56:02.587 INFO:teuthology.orchestra.run.trial134.stdout:/usr/bin/ceph: stderr
2026-02-19T23:56:00.981+0000 7f69b4155640 1 -- --> [v2:10.20.193.134:3300/0,v1:10.20.193.134:6789/0] -- mon_getmap magic: 0 -- 0x7f69ac1081b0 con 0x7f69ac105de0
2026-02-19T23:56:02.587 INFO:teuthology.orchestra.run.trial134.stdout:/usr/bin/ceph: stderr
2026-02-19T23:56:00.981+0000 7f69b1eca640 1 --2- >> [v2:10.20.193.134:3300/0,v1:10.20.193.134:6789/0] conn(0x7f69ac105de0 0x7f69ac1a0160 unknown :-1 s=BANNER_CONNECTING pgs=0 cs=0 l=1 rev1=0 crypto rx=0 tx=0 comp rx=0 tx=0)._handle_peer_banner_payload supported=3 required=0
2026-02-19T23:56:02.587 INFO:teuthology.orchestra.run.trial134.stdout:/usr/bin/ceph: stderr
2026-02-19T23:56:00.981+0000 7f69b1eca640 1 --2- >> [v2:10.20.193.134:3300/0,v1:10.20.193.134:6789/0] conn(0x7f69ac105de0 0x7f69ac1a0160 unknown :-1 s=HELLO_CONNECTING pgs=0 cs=0 l=1 rev1=1 crypto rx=0 tx=0 comp rx=0 tx=0).handle_hello peer v2:10.20.193.134:3300/0 says I am v2:10.20.193.134:57414/0 (socket says 10.20.193.134:57414)
2026-02-19T23:56:02.587 INFO:teuthology.orchestra.run.trial134.stdout:/usr/bin/ceph: stderr
2026-02-19T23:56:00.981+0000 7f69b1eca640 1 -- 10.20.193.134:0/1818518589 learned_addr learned my addr 10.20.193.134:0/1818518589 (peer_addr_for_me v2:10.20.193.134:0/0)
2026-02-19T23:56:02.587 INFO:teuthology.orchestra.run.trial134.stdout:/usr/bin/ceph: stderr
2026-02-19T23:56:00.981+0000 7f69b1eca640 1 -- 10.20.193.134:0/1818518589 --> [v2:10.20.193.134:3300/0,v1:10.20.193.134:6789/0] -- mon_subscribe({config=0+,monmap=0+}) -- 0x7f69ac1a06a0 con 0x7f69ac105de0
2026-02-19T23:56:02.587 INFO:teuthology.orchestra.run.trial134.stdout:/usr/bin/ceph: stderr
2026-02-19T23:56:00.982+0000 7f69b1eca640 1 --2- 10.20.193.134:0/1818518589 >> [v2:10.20.193.134:3300/0,v1:10.20.193.134:6789/0] conn(0x7f69ac105de0 0x7f69ac1a0160 secure :-1 s=READY pgs=44 cs=0 l=1 rev1=1 crypto rx=0x7f699c002410 tx=0x7f699c035b20 comp rx=0 tx=0).ready entity=mon.0 client_cookie=0 server_cookie=0 in_seq=0 out_seq=0
2026-02-19T23:56:02.587 INFO:teuthology.orchestra.run.trial134.stdout:/usr/bin/ceph: stderr
2026-02-19T23:56:00.982+0000 7f699affd640 1 -- 10.20.193.134:0/1818518589 <== mon.0 v2:10.20.193.134:3300/0 1 ==== mon_map magic: 0 ==== 205+0+0 (secure 0 0 0) 0x7f699c045070 con 0x7f69ac105de0
2026-02-19T23:56:02.587 INFO:teuthology.orchestra.run.trial134.stdout:/usr/bin/ceph: stderr
2026-02-19T23:56:00.982+0000 7f699affd640 1 -- 10.20.193.134:0/1818518589 <== mon.0 v2:10.20.193.134:3300/0 2 ==== config(25 keys) ==== 1007+0+0 (secure 0 0 0) 0x7f699c02fe00 con 0x7f69ac105de0
2026-02-19T23:56:02.588 INFO:teuthology.orchestra.run.trial134.stdout:/usr/bin/ceph: stderr
2026-02-19T23:56:00.982+0000 7f69b4155640 1 -- 10.20.193.134:0/1818518589 --> [v2:10.20.193.134:3300/0,v1:10.20.193.134:6789/0] -- mon_subscribe({mgrmap=0+}) -- 0x7f69ac1a0930 con 0x7f69ac105de0
2026-02-19T23:56:02.588 INFO:teuthology.orchestra.run.trial134.stdout:/usr/bin/ceph: stderr
2026-02-19T23:56:00.982+0000 7f699affd640 1 -- 10.20.193.134:0/1818518589 <== mon.0 v2:10.20.193.134:3300/0 3 ==== mon_map magic: 0 ==== 205+0+0 (secure 0 0 0) 0x7f699c03c070 con 0x7f69ac105de0
2026-02-19T23:56:02.588 INFO:teuthology.orchestra.run.trial134.stdout:/usr/bin/ceph: stderr
2026-02-19T23:56:00.982+0000 7f69b4155640 1 -- 10.20.193.134:0/1818518589 --> [v2:10.20.193.134:3300/0,v1:10.20.193.134:6789/0] -- mon_subscribe({osdmap=0}) -- 0x7f69ac1a3620 con 0x7f69ac105de0
2026-02-19T23:56:02.588 INFO:teuthology.orchestra.run.trial134.stdout:/usr/bin/ceph: stderr
2026-02-19T23:56:00.982+0000 7f69b4155640 1 -- 10.20.193.134:0/1818518589 --> [v2:10.20.193.134:3300/0,v1:10.20.193.134:6789/0] -- mon_command({"prefix": "get_command_descriptions"} v 0) -- 0x7f69ac1061e0 con 0x7f69ac105de0
2026-02-19T23:56:02.588 INFO:teuthology.orchestra.run.trial134.stdout:/usr/bin/ceph: stderr
2026-02-19T23:56:00.982+0000 7f699affd640 1 -- 10.20.193.134:0/1818518589 <== mon.0 v2:10.20.193.134:3300/0 4 ==== mgrmap(e 7) ==== 50141+0+0 (secure 0 0 0) 0x7f699c040690 con 0x7f69ac105de0
2026-02-19T23:56:02.588 INFO:teuthology.orchestra.run.trial134.stdout:/usr/bin/ceph: stderr
2026-02-19T23:56:00.982+0000 7f699affd640 1 --2- 10.20.193.134:0/1818518589 >> [v2:10.20.193.134:6800/4254304499,v1:10.20.193.134:6801/4254304499] conn(0x7f698803dad0 0x7f698803ff90 unknown :-1 s=NONE pgs=0 cs=0 l=1 rev1=0 crypto rx=0 tx=0 comp rx=0 tx=0).connect
2026-02-19T23:56:02.588 INFO:teuthology.orchestra.run.trial134.stdout:/usr/bin/ceph: stderr
2026-02-19T23:56:00.982+0000 7f699affd640 1 -- 10.20.193.134:0/1818518589 <== mon.0 v2:10.20.193.134:3300/0 5 ==== osd_map(2..2 src has 1..2) ==== 940+0+0 (secure 0 0 0) 0x7f699c076680 con 0x7f69ac105de0
2026-02-19T23:56:02.588 INFO:teuthology.orchestra.run.trial134.stdout:/usr/bin/ceph: stderr
2026-02-19T23:56:00.982+0000 7f69b16c9640 1 --2- 10.20.193.134:0/1818518589 >> [v2:10.20.193.134:6800/4254304499,v1:10.20.193.134:6801/4254304499] conn(0x7f698803dad0 0x7f698803ff90 unknown :-1 s=BANNER_CONNECTING pgs=0 cs=0 l=1 rev1=0 crypto rx=0 tx=0 comp rx=0 tx=0)._handle_peer_banner_payload supported=3 required=0
2026-02-19T23:56:02.588 INFO:teuthology.orchestra.run.trial134.stdout:/usr/bin/ceph: stderr
2026-02-19T23:56:00.983+0000 7f69b16c9640 1 --2- 10.20.193.134:0/1818518589 >> [v2:10.20.193.134:6800/4254304499,v1:10.20.193.134:6801/4254304499] conn(0x7f698803dad0 0x7f698803ff90 secure :-1 s=READY pgs=11 cs=0 l=1 rev1=1 crypto rx=0x7f69a00099c0 tx=0x7f69a0006eb0 comp rx=0 tx=0).ready entity=mgr.14118 client_cookie=0 server_cookie=0 in_seq=0 out_seq=0
2026-02-19T23:56:02.588 INFO:teuthology.orchestra.run.trial134.stdout:/usr/bin/ceph: stderr
2026-02-19T23:56:00.985+0000 7f699affd640 1 -- 10.20.193.134:0/1818518589 <== mon.0 v2:10.20.193.134:3300/0 6 ==== mon_command_ack([{"prefix": "get_command_descriptions"}]=0 v0) ==== 72+0+195034 (secure 0 0 0) 0x7f699c040e20 con 0x7f69ac105de0
2026-02-19T23:56:02.588 INFO:teuthology.orchestra.run.trial134.stdout:/usr/bin/ceph: stderr
2026-02-19T23:56:01.071+0000 7f69b4155640 1 -- 10.20.193.134:0/1818518589 --> [v2:10.20.193.134:6800/4254304499,v1:10.20.193.134:6801/4254304499] -- mgr_command(tid 0: {"prefix": "orch host add", "hostname": "trial134", "addr": "10.20.193.134", "target": ["mon-mgr", ""]}) -- 0x7f69ac199630 con 0x7f698803dad0
2026-02-19T23:56:02.588 INFO:teuthology.orchestra.run.trial134.stdout:/usr/bin/ceph: stderr
2026-02-19T23:56:01.664+0000 7f699affd640 1 -- 10.20.193.134:0/1818518589 <== mon.0 v2:10.20.193.134:3300/0 7 ==== mgrmap(e 8) ==== 50247+0+0 (secure 0 0 0) 0x7f699c02f9b0 con 0x7f69ac105de0
2026-02-19T23:56:02.589 INFO:teuthology.orchestra.run.trial134.stdout:/usr/bin/ceph: stderr
2026-02-19T23:56:02.532+0000 7f699affd640 1 -- 10.20.193.134:0/1818518589 <== mgr.14118 v2:10.20.193.134:6800/4254304499 1 ==== mgr_command_reply(tid 0: 0 ) ==== 8+0+48 (secure 0 0 0) 0x7f69ac199630 con 0x7f698803dad0
2026-02-19T23:56:02.589 INFO:teuthology.orchestra.run.trial134.stdout:/usr/bin/ceph: stderr
2026-02-19T23:56:02.535+0000 7f69b4155640 1 -- 10.20.193.134:0/1818518589 >> [v2:10.20.193.134:6800/4254304499,v1:10.20.193.134:6801/4254304499] conn(0x7f698803dad0 msgr2=0x7f698803ff90 secure :-1 s=STATE_CONNECTION_ESTABLISHED l=1).mark_down
2026-02-19T23:56:02.589 INFO:teuthology.orchestra.run.trial134.stdout:/usr/bin/ceph: stderr
2026-02-19T23:56:02.535+0000 7f69b4155640 1 --2- 10.20.193.134:0/1818518589 >> [v2:10.20.193.134:6800/4254304499,v1:10.20.193.134:6801/4254304499] conn(0x7f698803dad0 0x7f698803ff90 secure :-1 s=READY pgs=11 cs=0 l=1 rev1=1 crypto rx=0x7f69a00099c0 tx=0x7f69a0006eb0 comp rx=0 tx=0).stop
2026-02-19T23:56:02.589 INFO:teuthology.orchestra.run.trial134.stdout:/usr/bin/ceph: stderr
2026-02-19T23:56:02.535+0000 7f69b4155640 1 -- 10.20.193.134:0/1818518589 >> [v2:10.20.193.134:3300/0,v1:10.20.193.134:6789/0] conn(0x7f69ac105de0 msgr2=0x7f69ac1a0160 secure :-1 s=STATE_CONNECTION_ESTABLISHED l=1).mark_down
2026-02-19T23:56:02.589 INFO:teuthology.orchestra.run.trial134.stdout:/usr/bin/ceph: stderr
2026-02-19T23:56:02.535+0000 7f69b4155640 1 --2- 10.20.193.134:0/1818518589 >> [v2:10.20.193.134:3300/0,v1:10.20.193.134:6789/0] conn(0x7f69ac105de0 0x7f69ac1a0160 secure :-1 s=READY pgs=44 cs=0 l=1 rev1=1 crypto rx=0x7f699c002410 tx=0x7f699c035b20 comp rx=0 tx=0).stop
2026-02-19T23:56:02.589 INFO:teuthology.orchestra.run.trial134.stdout:/usr/bin/ceph: stderr
2026-02-19T23:56:02.535+0000 7f69b4155640 1 -- 10.20.193.134:0/1818518589 shutdown_connections
2026-02-19T23:56:02.589 INFO:teuthology.orchestra.run.trial134.stdout:/usr/bin/ceph: stderr
2026-02-19T23:56:02.535+0000 7f69b4155640 1 --2- 10.20.193.134:0/1818518589 >> [v2:10.20.193.134:6800/4254304499,v1:10.20.193.134:6801/4254304499] conn(0x7f698803dad0 0x7f698803ff90 unknown :-1 s=CLOSED pgs=11 cs=0 l=1 rev1=1 crypto rx=0 tx=0 comp rx=0 tx=0).stop
2026-02-19T23:56:02.589 INFO:teuthology.orchestra.run.trial134.stdout:/usr/bin/ceph: stderr
2026-02-19T23:56:02.535+0000 7f69b4155640 1 --2- 10.20.193.134:0/1818518589 >> [v2:10.20.193.134:3300/0,v1:10.20.193.134:6789/0] conn(0x7f69ac105de0 0x7f69ac1a0160 unknown :-1 s=CLOSED pgs=44 cs=0 l=1 rev1=1 crypto rx=0 tx=0 comp rx=0 tx=0).stop
2026-02-19T23:56:02.589 INFO:teuthology.orchestra.run.trial134.stdout:/usr/bin/ceph: stderr
2026-02-19T23:56:02.535+0000 7f69b4155640 1 -- 10.20.193.134:0/1818518589 >> 10.20.193.134:0/1818518589 conn(0x7f69ac101960 msgr2=0x7f69ac196850 unknown :-1 s=STATE_NONE l=0).mark_down
2026-02-19T23:56:02.589 INFO:teuthology.orchestra.run.trial134.stdout:/usr/bin/ceph: stderr
2026-02-19T23:56:02.535+0000 7f69b4155640 1 -- 10.20.193.134:0/1818518589 shutdown_connections
2026-02-19T23:56:02.589 INFO:teuthology.orchestra.run.trial134.stdout:/usr/bin/ceph: stderr
2026-02-19T23:56:02.535+0000 7f69b4155640 1 -- 10.20.193.134:0/1818518589 wait complete.
2026-02-19T23:56:02.589 INFO:teuthology.orchestra.run.trial134.stdout:Deploying unmanaged mon service...
2026-02-19T23:56:02.809 INFO:teuthology.orchestra.run.trial134.stdout:/usr/bin/ceph: stdout Scheduled mon update...
2026-02-19T23:56:02.809 INFO:teuthology.orchestra.run.trial134.stdout:/usr/bin/ceph: stderr
2026-02-19T23:56:02.684+0000 7f3d492e5640 1 Processor -- start
2026-02-19T23:56:02.809 INFO:teuthology.orchestra.run.trial134.stdout:/usr/bin/ceph: stderr
2026-02-19T23:56:02.685+0000 7f3d492e5640 1 -- start start
2026-02-19T23:56:02.809 INFO:teuthology.orchestra.run.trial134.stdout:/usr/bin/ceph: stderr
2026-02-19T23:56:02.685+0000 7f3d492e5640 1 --2- >> [v2:10.20.193.134:3300/0,v1:10.20.193.134:6789/0] conn(0x7f3d4410a290 0x7f3d4410a690 unknown :-1 s=NONE pgs=0 cs=0 l=0 rev1=0 crypto rx=0 tx=0 comp rx=0 tx=0).connect
2026-02-19T23:56:02.809 INFO:teuthology.orchestra.run.trial134.stdout:/usr/bin/ceph: stderr
2026-02-19T23:56:02.685+0000 7f3d492e5640 1 -- --> [v2:10.20.193.134:3300/0,v1:10.20.193.134:6789/0] -- mon_getmap magic: 0 -- 0x7f3d4410ac60 con 0x7f3d4410a290
2026-02-19T23:56:02.809 INFO:teuthology.orchestra.run.trial134.stdout:/usr/bin/ceph: stderr
2026-02-19T23:56:02.685+0000 7f3d42ffd640 1 --2- >> [v2:10.20.193.134:3300/0,v1:10.20.193.134:6789/0] conn(0x7f3d4410a290 0x7f3d4410a690 unknown :-1 s=BANNER_CONNECTING pgs=0 cs=0 l=0 rev1=0 crypto rx=0 tx=0 comp rx=0 tx=0)._handle_peer_banner_payload supported=3 required=0
2026-02-19T23:56:02.810 INFO:teuthology.orchestra.run.trial134.stdout:/usr/bin/ceph: stderr
2026-02-19T23:56:02.685+0000 7f3d42ffd640 1 --2- >> [v2:10.20.193.134:3300/0,v1:10.20.193.134:6789/0] conn(0x7f3d4410a290 0x7f3d4410a690 unknown :-1 s=HELLO_CONNECTING pgs=0 cs=0 l=0 rev1=1 crypto rx=0 tx=0 comp rx=0 tx=0).handle_hello peer v2:10.20.193.134:3300/0 says I am v2:10.20.193.134:57418/0 (socket says 10.20.193.134:57418)
2026-02-19T23:56:02.810 INFO:teuthology.orchestra.run.trial134.stdout:/usr/bin/ceph: stderr
2026-02-19T23:56:02.685+0000 7f3d42ffd640 1 -- 10.20.193.134:0/3000968407 learned_addr learned my addr 10.20.193.134:0/3000968407 (peer_addr_for_me v2:10.20.193.134:0/0)
2026-02-19T23:56:02.810 INFO:teuthology.orchestra.run.trial134.stdout:/usr/bin/ceph: stderr
2026-02-19T23:56:02.685+0000 7f3d42ffd640 1 -- 10.20.193.134:0/3000968407 --> [v2:10.20.193.134:3300/0,v1:10.20.193.134:6789/0] -- mon_subscribe({config=0+,monmap=0+}) -- 0x7f3d4410b440 con 0x7f3d4410a290
2026-02-19T23:56:02.810 INFO:teuthology.orchestra.run.trial134.stdout:/usr/bin/ceph: stderr
2026-02-19T23:56:02.686+0000 7f3d42ffd640 1 --2- 10.20.193.134:0/3000968407 >> [v2:10.20.193.134:3300/0,v1:10.20.193.134:6789/0] conn(0x7f3d4410a290 0x7f3d4410a690 secure :-1 s=READY pgs=45 cs=0 l=1 rev1=1 crypto rx=0x7f3d38009920 tx=0x7f3d3802ef20 comp rx=0 tx=0).ready entity=mon.0 client_cookie=dd9a3bbb7b29aa7f server_cookie=0 in_seq=0 out_seq=0
2026-02-19T23:56:02.810 INFO:teuthology.orchestra.run.trial134.stdout:/usr/bin/ceph: stderr
2026-02-19T23:56:02.686+0000 7f3d41ffb640 1 -- 10.20.193.134:0/3000968407 <== mon.0 v2:10.20.193.134:3300/0 1 ==== mon_map magic: 0 ==== 205+0+0 (secure 0 0 0) 0x7f3d3803c070 con 0x7f3d4410a290
2026-02-19T23:56:02.810 INFO:teuthology.orchestra.run.trial134.stdout:/usr/bin/ceph: stderr
2026-02-19T23:56:02.686+0000 7f3d41ffb640 1 -- 10.20.193.134:0/3000968407 <== mon.0 v2:10.20.193.134:3300/0 2 ==== config(25 keys) ==== 1007+0+0 (secure 0 0 0) 0x7f3d38037440 con 0x7f3d4410a290
2026-02-19T23:56:02.810 INFO:teuthology.orchestra.run.trial134.stdout:/usr/bin/ceph: stderr
2026-02-19T23:56:02.686+0000 7f3d41ffb640 1 -- 10.20.193.134:0/3000968407 <== mon.0 v2:10.20.193.134:3300/0 3 ==== mon_map magic: 0 ==== 205+0+0 (secure 0 0 0) 0x7f3d380354d0 con 0x7f3d4410a290
2026-02-19T23:56:02.810 INFO:teuthology.orchestra.run.trial134.stdout:/usr/bin/ceph: stderr
2026-02-19T23:56:02.686+0000 7f3d492e5640 1 -- 10.20.193.134:0/3000968407 >> [v2:10.20.193.134:3300/0,v1:10.20.193.134:6789/0] conn(0x7f3d4410a290 msgr2=0x7f3d4410a690 secure :-1 s=STATE_CONNECTION_ESTABLISHED l=1).mark_down
2026-02-19T23:56:02.810 INFO:teuthology.orchestra.run.trial134.stdout:/usr/bin/ceph: stderr
2026-02-19T23:56:02.686+0000 7f3d492e5640 1 --2- 10.20.193.134:0/3000968407 >> [v2:10.20.193.134:3300/0,v1:10.20.193.134:6789/0] conn(0x7f3d4410a290 0x7f3d4410a690 secure :-1 s=READY pgs=45 cs=0 l=1 rev1=1 crypto rx=0x7f3d38009920 tx=0x7f3d3802ef20 comp rx=0 tx=0).stop
2026-02-19T23:56:02.810 INFO:teuthology.orchestra.run.trial134.stdout:/usr/bin/ceph: stderr
2026-02-19T23:56:02.686+0000 7f3d492e5640 1 -- 10.20.193.134:0/3000968407 shutdown_connections
2026-02-19T23:56:02.810 INFO:teuthology.orchestra.run.trial134.stdout:/usr/bin/ceph: stderr
2026-02-19T23:56:02.686+0000 7f3d492e5640 1 --2- 10.20.193.134:0/3000968407 >> [v2:10.20.193.134:3300/0,v1:10.20.193.134:6789/0] conn(0x7f3d4410a290 0x7f3d4410a690 unknown :-1 s=CLOSED pgs=45 cs=0 l=1 rev1=1 crypto rx=0 tx=0 comp rx=0 tx=0).stop
2026-02-19T23:56:02.811 INFO:teuthology.orchestra.run.trial134.stdout:/usr/bin/ceph: stderr
2026-02-19T23:56:02.686+0000 7f3d492e5640 1 -- 10.20.193.134:0/3000968407 >> 10.20.193.134:0/3000968407 conn(0x7f3d4407db70 msgr2=0x7f3d441086a0 unknown :-1 s=STATE_NONE l=0).mark_down
2026-02-19T23:56:02.811 INFO:teuthology.orchestra.run.trial134.stdout:/usr/bin/ceph: stderr
2026-02-19T23:56:02.686+0000 7f3d492e5640 1 -- 10.20.193.134:0/3000968407 shutdown_connections
2026-02-19T23:56:02.811 INFO:teuthology.orchestra.run.trial134.stdout:/usr/bin/ceph: stderr
2026-02-19T23:56:02.686+0000 7f3d492e5640 1 -- 10.20.193.134:0/3000968407 wait complete.
2026-02-19T23:56:02.811 INFO:teuthology.orchestra.run.trial134.stdout:/usr/bin/ceph: stderr
2026-02-19T23:56:02.687+0000 7f3d492e5640 1 Processor -- start
2026-02-19T23:56:02.811 INFO:teuthology.orchestra.run.trial134.stdout:/usr/bin/ceph: stderr
2026-02-19T23:56:02.687+0000 7f3d492e5640 1 -- start start
2026-02-19T23:56:02.811 INFO:teuthology.orchestra.run.trial134.stdout:/usr/bin/ceph: stderr
2026-02-19T23:56:02.687+0000 7f3d492e5640 1 --2- >> [v2:10.20.193.134:3300/0,v1:10.20.193.134:6789/0] conn(0x7f3d4410a290 0x7f3d441a0170 unknown :-1 s=NONE pgs=0 cs=0 l=1 rev1=0 crypto rx=0 tx=0 comp rx=0 tx=0).connect
2026-02-19T23:56:02.811 INFO:teuthology.orchestra.run.trial134.stdout:/usr/bin/ceph: stderr
2026-02-19T23:56:02.687+0000 7f3d492e5640 1 -- --> [v2:10.20.193.134:3300/0,v1:10.20.193.134:6789/0] -- mon_getmap magic: 0 -- 0x7f3d4410e670 con 0x7f3d4410a290
2026-02-19T23:56:02.811 INFO:teuthology.orchestra.run.trial134.stdout:/usr/bin/ceph: stderr
2026-02-19T23:56:02.687+0000 7f3d42ffd640 1 --2- >> [v2:10.20.193.134:3300/0,v1:10.20.193.134:6789/0] conn(0x7f3d4410a290 0x7f3d441a0170 unknown :-1 s=BANNER_CONNECTING pgs=0 cs=0 l=1 rev1=0 crypto rx=0 tx=0 comp rx=0 tx=0)._handle_peer_banner_payload supported=3 required=0
2026-02-19T23:56:02.811 INFO:teuthology.orchestra.run.trial134.stdout:/usr/bin/ceph: stderr
2026-02-19T23:56:02.687+0000 7f3d42ffd640 1 --2- >> [v2:10.20.193.134:3300/0,v1:10.20.193.134:6789/0] conn(0x7f3d4410a290 0x7f3d441a0170 unknown :-1 s=HELLO_CONNECTING pgs=0 cs=0 l=1 rev1=1 crypto rx=0 tx=0 comp rx=0 tx=0).handle_hello peer v2:10.20.193.134:3300/0 says I am v2:10.20.193.134:57432/0 (socket says 10.20.193.134:57432)
2026-02-19T23:56:02.811 INFO:teuthology.orchestra.run.trial134.stdout:/usr/bin/ceph: stderr
2026-02-19T23:56:02.687+0000 7f3d42ffd640 1 -- 10.20.193.134:0/2101668057 learned_addr learned my addr 10.20.193.134:0/2101668057 (peer_addr_for_me v2:10.20.193.134:0/0)
2026-02-19T23:56:02.811 INFO:teuthology.orchestra.run.trial134.stdout:/usr/bin/ceph: stderr
2026-02-19T23:56:02.687+0000 7f3d42ffd640 1 -- 10.20.193.134:0/2101668057 --> [v2:10.20.193.134:3300/0,v1:10.20.193.134:6789/0] -- mon_subscribe({config=0+,monmap=0+}) -- 0x7f3d441a06b0 con 0x7f3d4410a290
2026-02-19T23:56:02.811 INFO:teuthology.orchestra.run.trial134.stdout:/usr/bin/ceph: stderr
2026-02-19T23:56:02.687+0000 7f3d42ffd640 1 --2- 10.20.193.134:0/2101668057 >> [v2:10.20.193.134:3300/0,v1:10.20.193.134:6789/0] conn(0x7f3d4410a290 0x7f3d441a0170 secure :-1 s=READY pgs=46 cs=0 l=1 rev1=1 crypto rx=0x7f3d38002410 tx=0x7f3d38035b20 comp rx=0 tx=0).ready entity=mon.0 client_cookie=0 server_cookie=0 in_seq=0 out_seq=0
2026-02-19T23:56:02.812 INFO:teuthology.orchestra.run.trial134.stdout:/usr/bin/ceph: stderr
2026-02-19T23:56:02.687+0000 7f3d23fff640 1 -- 10.20.193.134:0/2101668057 <== mon.0 v2:10.20.193.134:3300/0 1 ==== mon_map magic: 0 ==== 205+0+0 (secure 0 0 0) 0x7f3d38045070 con 0x7f3d4410a290
2026-02-19T23:56:02.812 INFO:teuthology.orchestra.run.trial134.stdout:/usr/bin/ceph: stderr
2026-02-19T23:56:02.687+0000 7f3d23fff640 1 -- 10.20.193.134:0/2101668057 <== mon.0 v2:10.20.193.134:3300/0 2 ==== config(25 keys) ==== 1007+0+0 (secure 0 0 0) 0x7f3d3802fe00 con 0x7f3d4410a290
2026-02-19T23:56:02.812 INFO:teuthology.orchestra.run.trial134.stdout:/usr/bin/ceph: stderr
2026-02-19T23:56:02.687+0000 7f3d492e5640 1 -- 10.20.193.134:0/2101668057 --> [v2:10.20.193.134:3300/0,v1:10.20.193.134:6789/0] -- mon_subscribe({mgrmap=0+}) -- 0x7f3d441a0940 con 0x7f3d4410a290
2026-02-19T23:56:02.812 INFO:teuthology.orchestra.run.trial134.stdout:/usr/bin/ceph: stderr
2026-02-19T23:56:02.687+0000 7f3d23fff640 1 -- 10.20.193.134:0/2101668057 <== mon.0 v2:10.20.193.134:3300/0 3 ==== mon_map magic: 0 ==== 205+0+0 (secure 0 0 0) 0x7f3d3803c070 con 0x7f3d4410a290
2026-02-19T23:56:02.812 INFO:teuthology.orchestra.run.trial134.stdout:/usr/bin/ceph: stderr
2026-02-19T23:56:02.687+0000 7f3d492e5640 1 -- 10.20.193.134:0/2101668057 --> [v2:10.20.193.134:3300/0,v1:10.20.193.134:6789/0] -- mon_subscribe({osdmap=0}) -- 0x7f3d441a3630 con 0x7f3d4410a290
2026-02-19T23:56:02.812 INFO:teuthology.orchestra.run.trial134.stdout:/usr/bin/ceph: stderr
2026-02-19T23:56:02.688+0000 7f3d492e5640 1 -- 10.20.193.134:0/2101668057 --> [v2:10.20.193.134:3300/0,v1:10.20.193.134:6789/0] -- mon_command({"prefix": "get_command_descriptions"} v 0) -- 0x7f3d4410a710 con 0x7f3d4410a290
2026-02-19T23:56:02.812 INFO:teuthology.orchestra.run.trial134.stdout:/usr/bin/ceph: stderr
2026-02-19T23:56:02.688+0000 7f3d23fff640 1 -- 10.20.193.134:0/2101668057 <== mon.0 v2:10.20.193.134:3300/0 4 ==== mgrmap(e 8) ==== 50247+0+0 (secure 0 0 0) 0x7f3d38040690 con 0x7f3d4410a290
2026-02-19T23:56:02.812 INFO:teuthology.orchestra.run.trial134.stdout:/usr/bin/ceph: stderr
2026-02-19T23:56:02.688+0000 7f3d23fff640 1 --2- 10.20.193.134:0/2101668057 >> [v2:10.20.193.134:6800/4254304499,v1:10.20.193.134:6801/4254304499] conn(0x7f3d1803dbf0 0x7f3d180400b0 unknown :-1 s=NONE pgs=0 cs=0 l=1 rev1=0 crypto rx=0 tx=0 comp rx=0 tx=0).connect
2026-02-19T23:56:02.812 INFO:teuthology.orchestra.run.trial134.stdout:/usr/bin/ceph: stderr
2026-02-19T23:56:02.688+0000 7f3d23fff640 1 -- 10.20.193.134:0/2101668057 <== mon.0 v2:10.20.193.134:3300/0 5 ==== osd_map(2..2 src has 1..2) ==== 940+0+0 (secure 0 0 0) 0x7f3d380763a0 con 0x7f3d4410a290
2026-02-19T23:56:02.812 INFO:teuthology.orchestra.run.trial134.stdout:/usr/bin/ceph: stderr
2026-02-19T23:56:02.688+0000 7f3d427fc640 1 --2- 10.20.193.134:0/2101668057 >> [v2:10.20.193.134:6800/4254304499,v1:10.20.193.134:6801/4254304499] conn(0x7f3d1803dbf0 0x7f3d180400b0 unknown :-1 s=BANNER_CONNECTING pgs=0 cs=0 l=1 rev1=0 crypto rx=0 tx=0 comp rx=0 tx=0)._handle_peer_banner_payload supported=3 required=0
2026-02-19T23:56:02.812 INFO:teuthology.orchestra.run.trial134.stdout:/usr/bin/ceph: stderr
2026-02-19T23:56:02.688+0000 7f3d427fc640 1 --2- 10.20.193.134:0/2101668057 >> [v2:10.20.193.134:6800/4254304499,v1:10.20.193.134:6801/4254304499] conn(0x7f3d1803dbf0 0x7f3d180400b0 secure :-1 s=READY pgs=12 cs=0 l=1 rev1=1 crypto rx=0x7f3d2c0099c0 tx=0x7f3d2c006eb0 comp rx=0 tx=0).ready entity=mgr.14118 client_cookie=0 server_cookie=0 in_seq=0 out_seq=0
2026-02-19T23:56:02.812 INFO:teuthology.orchestra.run.trial134.stdout:/usr/bin/ceph: stderr
2026-02-19T23:56:02.691+0000 7f3d23fff640 1 -- 10.20.193.134:0/2101668057 <== mon.0 v2:10.20.193.134:3300/0 6 ==== mon_command_ack([{"prefix": "get_command_descriptions"}]=0 v0) ==== 72+0+195034 (secure 0 0 0) 0x7f3d38033200 con 0x7f3d4410a290
2026-02-19T23:56:02.813 INFO:teuthology.orchestra.run.trial134.stdout:/usr/bin/ceph: stderr
2026-02-19T23:56:02.779+0000 7f3d492e5640 1 -- 10.20.193.134:0/2101668057 --> [v2:10.20.193.134:6800/4254304499,v1:10.20.193.134:6801/4254304499] -- mgr_command(tid 0: {"prefix": "orch apply", "service_type": "mon", "unmanaged": true, "target": ["mon-mgr", ""]}) -- 0x7f3d44108610 con 0x7f3d1803dbf0
2026-02-19T23:56:02.813 INFO:teuthology.orchestra.run.trial134.stdout:/usr/bin/ceph: stderr
2026-02-19T23:56:02.783+0000 7f3d23fff640 1 -- 10.20.193.134:0/2101668057 <== mgr.14118 v2:10.20.193.134:6800/4254304499 1 ==== mgr_command_reply(tid 0: 0 ) ==== 8+0+24 (secure 0 0 0) 0x7f3d44108610 con 0x7f3d1803dbf0
2026-02-19T23:56:02.813 INFO:teuthology.orchestra.run.trial134.stdout:/usr/bin/ceph: stderr
2026-02-19T23:56:02.783+0000 7f3d492e5640 1 -- 10.20.193.134:0/2101668057 >> [v2:10.20.193.134:6800/4254304499,v1:10.20.193.134:6801/4254304499] conn(0x7f3d1803dbf0 msgr2=0x7f3d180400b0 secure :-1 s=STATE_CONNECTION_ESTABLISHED l=1).mark_down
2026-02-19T23:56:02.813 INFO:teuthology.orchestra.run.trial134.stdout:/usr/bin/ceph: stderr
2026-02-19T23:56:02.783+0000 7f3d492e5640 1 --2- 10.20.193.134:0/2101668057 >> [v2:10.20.193.134:6800/4254304499,v1:10.20.193.134:6801/4254304499] conn(0x7f3d1803dbf0 0x7f3d180400b0 secure :-1 s=READY pgs=12 cs=0 l=1 rev1=1 crypto rx=0x7f3d2c0099c0 tx=0x7f3d2c006eb0 comp rx=0 tx=0).stop
2026-02-19T23:56:02.813 INFO:teuthology.orchestra.run.trial134.stdout:/usr/bin/ceph: stderr
2026-02-19T23:56:02.783+0000 7f3d492e5640 1 -- 10.20.193.134:0/2101668057 >> [v2:10.20.193.134:3300/0,v1:10.20.193.134:6789/0] conn(0x7f3d4410a290 msgr2=0x7f3d441a0170 secure :-1 s=STATE_CONNECTION_ESTABLISHED l=1).mark_down
2026-02-19T23:56:02.813 INFO:teuthology.orchestra.run.trial134.stdout:/usr/bin/ceph: stderr
2026-02-19T23:56:02.783+0000 7f3d492e5640 1 --2- 10.20.193.134:0/2101668057 >> [v2:10.20.193.134:3300/0,v1:10.20.193.134:6789/0] conn(0x7f3d4410a290 0x7f3d441a0170 secure :-1 s=READY pgs=46 cs=0 l=1 rev1=1 crypto rx=0x7f3d38002410 tx=0x7f3d38035b20 comp rx=0 tx=0).stop
2026-02-19T23:56:02.813 INFO:teuthology.orchestra.run.trial134.stdout:/usr/bin/ceph: stderr
2026-02-19T23:56:02.784+0000 7f3d492e5640 1 -- 10.20.193.134:0/2101668057 shutdown_connections
2026-02-19T23:56:02.813 INFO:teuthology.orchestra.run.trial134.stdout:/usr/bin/ceph: stderr
2026-02-19T23:56:02.784+0000 7f3d492e5640 1 --2- 10.20.193.134:0/2101668057 >> [v2:10.20.193.134:6800/4254304499,v1:10.20.193.134:6801/4254304499] conn(0x7f3d1803dbf0 0x7f3d180400b0 unknown :-1 s=CLOSED pgs=12 cs=0 l=1 rev1=1 crypto rx=0 tx=0 comp rx=0 tx=0).stop
2026-02-19T23:56:02.813 INFO:teuthology.orchestra.run.trial134.stdout:/usr/bin/ceph: stderr
2026-02-19T23:56:02.784+0000 7f3d492e5640 1 --2- 10.20.193.134:0/2101668057 >> [v2:10.20.193.134:3300/0,v1:10.20.193.134:6789/0] conn(0x7f3d4410a290 0x7f3d441a0170 unknown :-1 s=CLOSED pgs=46 cs=0 l=1 rev1=1 crypto rx=0 tx=0 comp rx=0 tx=0).stop
2026-02-19T23:56:02.813 INFO:teuthology.orchestra.run.trial134.stdout:/usr/bin/ceph: stderr
2026-02-19T23:56:02.784+0000 7f3d492e5640 1 -- 10.20.193.134:0/2101668057 >> 10.20.193.134:0/2101668057 conn(0x7f3d4407db70 msgr2=0x7f3d44107f00 unknown :-1 s=STATE_NONE l=0).mark_down
2026-02-19T23:56:02.813 INFO:teuthology.orchestra.run.trial134.stdout:/usr/bin/ceph: stderr
2026-02-19T23:56:02.784+0000 7f3d492e5640 1 -- 10.20.193.134:0/2101668057 shutdown_connections
2026-02-19T23:56:02.813 INFO:teuthology.orchestra.run.trial134.stdout:/usr/bin/ceph: stderr
2026-02-19T23:56:02.784+0000 7f3d492e5640 1 -- 10.20.193.134:0/2101668057 wait complete.
2026-02-19T23:56:02.814 INFO:teuthology.orchestra.run.trial134.stdout:Deploying unmanaged mgr service...
2026-02-19T23:56:03.032 INFO:teuthology.orchestra.run.trial134.stdout:/usr/bin/ceph: stdout Scheduled mgr update...
2026-02-19T23:56:03.032 INFO:teuthology.orchestra.run.trial134.stdout:/usr/bin/ceph: stderr
2026-02-19T23:56:02.905+0000 7faf99797640 1 Processor -- start
2026-02-19T23:56:03.032 INFO:teuthology.orchestra.run.trial134.stdout:/usr/bin/ceph: stderr
2026-02-19T23:56:02.905+0000 7faf99797640 1 -- start start
2026-02-19T23:56:03.032 INFO:teuthology.orchestra.run.trial134.stdout:/usr/bin/ceph: stderr
2026-02-19T23:56:02.905+0000 7faf99797640 1 --2- >> [v2:10.20.193.134:3300/0,v1:10.20.193.134:6789/0] conn(0x7faf9410a3d0 0x7faf9410a7d0 unknown :-1 s=NONE pgs=0 cs=0 l=0 rev1=0 crypto rx=0 tx=0 comp rx=0 tx=0).connect
2026-02-19T23:56:03.032 INFO:teuthology.orchestra.run.trial134.stdout:/usr/bin/ceph: stderr
2026-02-19T23:56:02.905+0000 7faf99797640 1 -- --> [v2:10.20.193.134:3300/0,v1:10.20.193.134:6789/0] -- mon_getmap magic: 0 -- 0x7faf9410ada0 con 0x7faf9410a3d0
2026-02-19T23:56:03.032 INFO:teuthology.orchestra.run.trial134.stdout:/usr/bin/ceph: stderr
2026-02-19T23:56:02.905+0000 7faf92ffd640 1 --2- >> [v2:10.20.193.134:3300/0,v1:10.20.193.134:6789/0] conn(0x7faf9410a3d0 0x7faf9410a7d0 unknown :-1 s=BANNER_CONNECTING pgs=0 cs=0 l=0 rev1=0 crypto rx=0 tx=0 comp rx=0 tx=0)._handle_peer_banner_payload supported=3 required=0
2026-02-19T23:56:03.032 INFO:teuthology.orchestra.run.trial134.stdout:/usr/bin/ceph: stderr
2026-02-19T23:56:02.905+0000 7faf92ffd640 1 --2- >> [v2:10.20.193.134:3300/0,v1:10.20.193.134:6789/0] conn(0x7faf9410a3d0 0x7faf9410a7d0 unknown :-1 s=HELLO_CONNECTING pgs=0 cs=0 l=0 rev1=1 crypto rx=0 tx=0 comp rx=0 tx=0).handle_hello peer v2:10.20.193.134:3300/0 says I am v2:10.20.193.134:57440/0 (socket says 10.20.193.134:57440)
2026-02-19T23:56:03.032 INFO:teuthology.orchestra.run.trial134.stdout:/usr/bin/ceph: stderr
2026-02-19T23:56:02.905+0000 7faf92ffd640 1 -- 10.20.193.134:0/1881416119 learned_addr learned my addr 10.20.193.134:0/1881416119 (peer_addr_for_me v2:10.20.193.134:0/0)
2026-02-19T23:56:03.033 INFO:teuthology.orchestra.run.trial134.stdout:/usr/bin/ceph: stderr
2026-02-19T23:56:02.906+0000 7faf92ffd640 1 -- 10.20.193.134:0/1881416119 --> [v2:10.20.193.134:3300/0,v1:10.20.193.134:6789/0] -- mon_subscribe({config=0+,monmap=0+}) -- 0x7faf9410b470 con 0x7faf9410a3d0
2026-02-19T23:56:03.033 INFO:teuthology.orchestra.run.trial134.stdout:/usr/bin/ceph: stderr
2026-02-19T23:56:02.906+0000 7faf92ffd640 1 --2- 10.20.193.134:0/1881416119 >> [v2:10.20.193.134:3300/0,v1:10.20.193.134:6789/0] conn(0x7faf9410a3d0 0x7faf9410a7d0 secure :-1 s=READY pgs=47 cs=0 l=1 rev1=1 crypto rx=0x7faf88009920 tx=0x7faf8802ef20 comp rx=0 tx=0).ready entity=mon.0 client_cookie=ecb5f8ea8afdb83a server_cookie=0 in_seq=0 out_seq=0
2026-02-19T23:56:03.033 INFO:teuthology.orchestra.run.trial134.stdout:/usr/bin/ceph: stderr
