2026-02-19T23:56:02.906+0000 7faf91ffb640 1 -- 10.20.193.134:0/1881416119 <== mon.0 v2:10.20.193.134:3300/0 1 ==== mon_map magic: 0 ==== 205+0+0 (secure 0 0 0) 0x7faf8803c070 con 0x7faf9410a3d0
2026-02-19T23:56:03.033 INFO:teuthology.orchestra.run.trial134.stdout:/usr/bin/ceph: stderr
2026-02-19T23:56:02.906+0000 7faf91ffb640 1 -- 10.20.193.134:0/1881416119 <== mon.0 v2:10.20.193.134:3300/0 2 ==== config(25 keys) ==== 1007+0+0 (secure 0 0 0) 0x7faf88037440 con 0x7faf9410a3d0
2026-02-19T23:56:03.033 INFO:teuthology.orchestra.run.trial134.stdout:/usr/bin/ceph: stderr
2026-02-19T23:56:02.906+0000 7faf91ffb640 1 -- 10.20.193.134:0/1881416119 <== mon.0 v2:10.20.193.134:3300/0 3 ==== mon_map magic: 0 ==== 205+0+0 (secure 0 0 0) 0x7faf880354d0 con 0x7faf9410a3d0
2026-02-19T23:56:03.033 INFO:teuthology.orchestra.run.trial134.stdout:/usr/bin/ceph: stderr
2026-02-19T23:56:02.906+0000 7faf99797640 1 -- 10.20.193.134:0/1881416119 >> [v2:10.20.193.134:3300/0,v1:10.20.193.134:6789/0] conn(0x7faf9410a3d0 msgr2=0x7faf9410a7d0 secure :-1 s=STATE_CONNECTION_ESTABLISHED l=1).mark_down
2026-02-19T23:56:03.033 INFO:teuthology.orchestra.run.trial134.stdout:/usr/bin/ceph: stderr
2026-02-19T23:56:02.906+0000 7faf99797640 1 --2- 10.20.193.134:0/1881416119 >> [v2:10.20.193.134:3300/0,v1:10.20.193.134:6789/0] conn(0x7faf9410a3d0 0x7faf9410a7d0 secure :-1 s=READY pgs=47 cs=0 l=1 rev1=1 crypto rx=0x7faf88009920 tx=0x7faf8802ef20 comp rx=0 tx=0).stop
2026-02-19T23:56:03.033 INFO:teuthology.orchestra.run.trial134.stdout:/usr/bin/ceph: stderr
2026-02-19T23:56:02.907+0000 7faf99797640 1 -- 10.20.193.134:0/1881416119 shutdown_connections
2026-02-19T23:56:03.033 INFO:teuthology.orchestra.run.trial134.stdout:/usr/bin/ceph: stderr
2026-02-19T23:56:02.907+0000 7faf99797640 1 --2- 10.20.193.134:0/1881416119 >> [v2:10.20.193.134:3300/0,v1:10.20.193.134:6789/0] conn(0x7faf9410a3d0 0x7faf9410a7d0 unknown :-1 s=CLOSED pgs=47 cs=0 l=1 rev1=1 crypto rx=0 tx=0 comp rx=0 tx=0).stop
2026-02-19T23:56:03.033 INFO:teuthology.orchestra.run.trial134.stdout:/usr/bin/ceph: stderr
2026-02-19T23:56:02.907+0000 7faf99797640 1 -- 10.20.193.134:0/1881416119 >> 10.20.193.134:0/1881416119 conn(0x7faf9407dc20 msgr2=0x7faf941086a0 unknown :-1 s=STATE_NONE l=0).mark_down
2026-02-19T23:56:03.033 INFO:teuthology.orchestra.run.trial134.stdout:/usr/bin/ceph: stderr
2026-02-19T23:56:02.907+0000 7faf99797640 1 -- 10.20.193.134:0/1881416119 shutdown_connections
2026-02-19T23:56:03.034 INFO:teuthology.orchestra.run.trial134.stdout:/usr/bin/ceph: stderr
2026-02-19T23:56:02.907+0000 7faf99797640 1 -- 10.20.193.134:0/1881416119 wait complete.
2026-02-19T23:56:03.034 INFO:teuthology.orchestra.run.trial134.stdout:/usr/bin/ceph: stderr
2026-02-19T23:56:02.907+0000 7faf99797640 1 Processor -- start
2026-02-19T23:56:03.034 INFO:teuthology.orchestra.run.trial134.stdout:/usr/bin/ceph: stderr
2026-02-19T23:56:02.907+0000 7faf99797640 1 -- start start
2026-02-19T23:56:03.034 INFO:teuthology.orchestra.run.trial134.stdout:/usr/bin/ceph: stderr
2026-02-19T23:56:02.907+0000 7faf99797640 1 --2- >> [v2:10.20.193.134:3300/0,v1:10.20.193.134:6789/0] conn(0x7faf9410a3d0 0x7faf941a00f0 unknown :-1 s=NONE pgs=0 cs=0 l=1 rev1=0 crypto rx=0 tx=0 comp rx=0 tx=0).connect
2026-02-19T23:56:03.034 INFO:teuthology.orchestra.run.trial134.stdout:/usr/bin/ceph: stderr
2026-02-19T23:56:02.907+0000 7faf99797640 1 -- --> [v2:10.20.193.134:3300/0,v1:10.20.193.134:6789/0] -- mon_getmap magic: 0 -- 0x7faf9410e6a0 con 0x7faf9410a3d0
2026-02-19T23:56:03.034 INFO:teuthology.orchestra.run.trial134.stdout:/usr/bin/ceph: stderr
2026-02-19T23:56:02.907+0000 7faf92ffd640 1 --2- >> [v2:10.20.193.134:3300/0,v1:10.20.193.134:6789/0] conn(0x7faf9410a3d0 0x7faf941a00f0 unknown :-1 s=BANNER_CONNECTING pgs=0 cs=0 l=1 rev1=0 crypto rx=0 tx=0 comp rx=0 tx=0)._handle_peer_banner_payload supported=3 required=0
2026-02-19T23:56:03.034 INFO:teuthology.orchestra.run.trial134.stdout:/usr/bin/ceph: stderr
2026-02-19T23:56:02.907+0000 7faf92ffd640 1 --2- >> [v2:10.20.193.134:3300/0,v1:10.20.193.134:6789/0] conn(0x7faf9410a3d0 0x7faf941a00f0 unknown :-1 s=HELLO_CONNECTING pgs=0 cs=0 l=1 rev1=1 crypto rx=0 tx=0 comp rx=0 tx=0).handle_hello peer v2:10.20.193.134:3300/0 says I am v2:10.20.193.134:57444/0 (socket says 10.20.193.134:57444)
2026-02-19T23:56:03.034 INFO:teuthology.orchestra.run.trial134.stdout:/usr/bin/ceph: stderr
2026-02-19T23:56:02.907+0000 7faf92ffd640 1 -- 10.20.193.134:0/528908134 learned_addr learned my addr 10.20.193.134:0/528908134 (peer_addr_for_me v2:10.20.193.134:0/0)
2026-02-19T23:56:03.034 INFO:teuthology.orchestra.run.trial134.stdout:/usr/bin/ceph: stderr
2026-02-19T23:56:02.907+0000 7faf92ffd640 1 -- 10.20.193.134:0/528908134 --> [v2:10.20.193.134:3300/0,v1:10.20.193.134:6789/0] -- mon_subscribe({config=0+,monmap=0+}) -- 0x7faf941a0630 con 0x7faf9410a3d0
2026-02-19T23:56:03.034 INFO:teuthology.orchestra.run.trial134.stdout:/usr/bin/ceph: stderr
2026-02-19T23:56:02.907+0000 7faf92ffd640 1 --2- 10.20.193.134:0/528908134 >> [v2:10.20.193.134:3300/0,v1:10.20.193.134:6789/0] conn(0x7faf9410a3d0 0x7faf941a00f0 secure :-1 s=READY pgs=48 cs=0 l=1 rev1=1 crypto rx=0x7faf88037cd0 tx=0x7faf88035b10 comp rx=0 tx=0).ready entity=mon.0 client_cookie=0 server_cookie=0 in_seq=0 out_seq=0
2026-02-19T23:56:03.034 INFO:teuthology.orchestra.run.trial134.stdout:/usr/bin/ceph: stderr
2026-02-19T23:56:02.907+0000 7faf73fff640 1 -- 10.20.193.134:0/528908134 <== mon.0 v2:10.20.193.134:3300/0 1 ==== mon_map magic: 0 ==== 205+0+0 (secure 0 0 0) 0x7faf88045070 con 0x7faf9410a3d0
2026-02-19T23:56:03.034 INFO:teuthology.orchestra.run.trial134.stdout:/usr/bin/ceph: stderr
2026-02-19T23:56:02.907+0000 7faf99797640 1 -- 10.20.193.134:0/528908134 --> [v2:10.20.193.134:3300/0,v1:10.20.193.134:6789/0] -- mon_subscribe({mgrmap=0+}) -- 0x7faf941a08c0 con 0x7faf9410a3d0
2026-02-19T23:56:03.035 INFO:teuthology.orchestra.run.trial134.stdout:/usr/bin/ceph: stderr
2026-02-19T23:56:02.907+0000 7faf73fff640 1 -- 10.20.193.134:0/528908134 <== mon.0 v2:10.20.193.134:3300/0 2 ==== config(25 keys) ==== 1007+0+0 (secure 0 0 0) 0x7faf88040450 con 0x7faf9410a3d0
2026-02-19T23:56:03.035 INFO:teuthology.orchestra.run.trial134.stdout:/usr/bin/ceph: stderr
2026-02-19T23:56:02.907+0000 7faf73fff640 1 -- 10.20.193.134:0/528908134 <== mon.0 v2:10.20.193.134:3300/0 3 ==== mon_map magic: 0 ==== 205+0+0 (secure 0 0 0) 0x7faf8803c070 con 0x7faf9410a3d0
2026-02-19T23:56:03.035 INFO:teuthology.orchestra.run.trial134.stdout:/usr/bin/ceph: stderr
2026-02-19T23:56:02.907+0000 7faf99797640 1 -- 10.20.193.134:0/528908134 --> [v2:10.20.193.134:3300/0,v1:10.20.193.134:6789/0] -- mon_subscribe({osdmap=0}) -- 0x7faf941a35b0 con 0x7faf9410a3d0
2026-02-19T23:56:03.035 INFO:teuthology.orchestra.run.trial134.stdout:/usr/bin/ceph: stderr
2026-02-19T23:56:02.908+0000 7faf99797640 1 -- 10.20.193.134:0/528908134 --> [v2:10.20.193.134:3300/0,v1:10.20.193.134:6789/0] -- mon_command({"prefix": "get_command_descriptions"} v 0) -- 0x7faf9410a850 con 0x7faf9410a3d0
2026-02-19T23:56:03.035 INFO:teuthology.orchestra.run.trial134.stdout:/usr/bin/ceph: stderr
2026-02-19T23:56:02.908+0000 7faf73fff640 1 -- 10.20.193.134:0/528908134 <== mon.0 v2:10.20.193.134:3300/0 4 ==== mgrmap(e 8) ==== 50247+0+0 (secure 0 0 0) 0x7faf8803e5f0 con 0x7faf9410a3d0
2026-02-19T23:56:03.035 INFO:teuthology.orchestra.run.trial134.stdout:/usr/bin/ceph: stderr
2026-02-19T23:56:02.908+0000 7faf73fff640 1 --2- 10.20.193.134:0/528908134 >> [v2:10.20.193.134:6800/4254304499,v1:10.20.193.134:6801/4254304499] conn(0x7faf6803dba0 0x7faf68040060 unknown :-1 s=NONE pgs=0 cs=0 l=1 rev1=0 crypto rx=0 tx=0 comp rx=0 tx=0).connect
2026-02-19T23:56:03.035 INFO:teuthology.orchestra.run.trial134.stdout:/usr/bin/ceph: stderr
2026-02-19T23:56:02.908+0000 7faf73fff640 1 -- 10.20.193.134:0/528908134 <== mon.0 v2:10.20.193.134:3300/0 5 ==== osd_map(2..2 src has 1..2) ==== 940+0+0 (secure 0 0 0) 0x7faf88076730 con 0x7faf9410a3d0
2026-02-19T23:56:03.035 INFO:teuthology.orchestra.run.trial134.stdout:/usr/bin/ceph: stderr
2026-02-19T23:56:02.908+0000 7faf927fc640 1 --2- 10.20.193.134:0/528908134 >> [v2:10.20.193.134:6800/4254304499,v1:10.20.193.134:6801/4254304499] conn(0x7faf6803dba0 0x7faf68040060 unknown :-1 s=BANNER_CONNECTING pgs=0 cs=0 l=1 rev1=0 crypto rx=0 tx=0 comp rx=0 tx=0)._handle_peer_banner_payload supported=3 required=0
2026-02-19T23:56:03.036 INFO:teuthology.orchestra.run.trial134.stdout:/usr/bin/ceph: stderr
2026-02-19T23:56:02.909+0000 7faf927fc640 1 --2- 10.20.193.134:0/528908134 >> [v2:10.20.193.134:6800/4254304499,v1:10.20.193.134:6801/4254304499] conn(0x7faf6803dba0 0x7faf68040060 secure :-1 s=READY pgs=13 cs=0 l=1 rev1=1 crypto rx=0x7faf7c0099c0 tx=0x7faf7c006eb0 comp rx=0 tx=0).ready entity=mgr.14118 client_cookie=0 server_cookie=0 in_seq=0 out_seq=0
2026-02-19T23:56:03.036 INFO:teuthology.orchestra.run.trial134.stdout:/usr/bin/ceph: stderr
2026-02-19T23:56:02.911+0000 7faf73fff640 1 -- 10.20.193.134:0/528908134 <== mon.0 v2:10.20.193.134:3300/0 6 ==== mon_command_ack([{"prefix": "get_command_descriptions"}]=0 v0) ==== 72+0+195034 (secure 0 0 0) 0x7faf88078c30 con 0x7faf9410a3d0
2026-02-19T23:56:03.036 INFO:teuthology.orchestra.run.trial134.stdout:/usr/bin/ceph: stderr
2026-02-19T23:56:03.002+0000 7faf99797640 1 -- 10.20.193.134:0/528908134 --> [v2:10.20.193.134:6800/4254304499,v1:10.20.193.134:6801/4254304499] -- mgr_command(tid 0: {"prefix": "orch apply", "service_type": "mgr", "unmanaged": true, "target": ["mon-mgr", ""]}) -- 0x7faf941085a0 con 0x7faf6803dba0
2026-02-19T23:56:03.036 INFO:teuthology.orchestra.run.trial134.stdout:/usr/bin/ceph: stderr
2026-02-19T23:56:03.005+0000 7faf73fff640 1 -- 10.20.193.134:0/528908134 <== mgr.14118 v2:10.20.193.134:6800/4254304499 1 ==== mgr_command_reply(tid 0: 0 ) ==== 8+0+24 (secure 0 0 0) 0x7faf941085a0 con 0x7faf6803dba0
2026-02-19T23:56:03.036 INFO:teuthology.orchestra.run.trial134.stdout:/usr/bin/ceph: stderr
2026-02-19T23:56:03.007+0000 7faf99797640 1 -- 10.20.193.134:0/528908134 >> [v2:10.20.193.134:6800/4254304499,v1:10.20.193.134:6801/4254304499] conn(0x7faf6803dba0 msgr2=0x7faf68040060 secure :-1 s=STATE_CONNECTION_ESTABLISHED l=1).mark_down
2026-02-19T23:56:03.036 INFO:teuthology.orchestra.run.trial134.stdout:/usr/bin/ceph: stderr
2026-02-19T23:56:03.007+0000 7faf99797640 1 --2- 10.20.193.134:0/528908134 >> [v2:10.20.193.134:6800/4254304499,v1:10.20.193.134:6801/4254304499] conn(0x7faf6803dba0 0x7faf68040060 secure :-1 s=READY pgs=13 cs=0 l=1 rev1=1 crypto rx=0x7faf7c0099c0 tx=0x7faf7c006eb0 comp rx=0 tx=0).stop
2026-02-19T23:56:03.037 INFO:teuthology.orchestra.run.trial134.stdout:/usr/bin/ceph: stderr
2026-02-19T23:56:03.007+0000 7faf99797640 1 -- 10.20.193.134:0/528908134 >> [v2:10.20.193.134:3300/0,v1:10.20.193.134:6789/0] conn(0x7faf9410a3d0 msgr2=0x7faf941a00f0 secure :-1 s=STATE_CONNECTION_ESTABLISHED l=1).mark_down
2026-02-19T23:56:03.037 INFO:teuthology.orchestra.run.trial134.stdout:/usr/bin/ceph: stderr
2026-02-19T23:56:03.007+0000 7faf99797640 1 --2- 10.20.193.134:0/528908134 >> [v2:10.20.193.134:3300/0,v1:10.20.193.134:6789/0] conn(0x7faf9410a3d0 0x7faf941a00f0 secure :-1 s=READY pgs=48 cs=0 l=1 rev1=1 crypto rx=0x7faf88037cd0 tx=0x7faf88035b10 comp rx=0 tx=0).stop
2026-02-19T23:56:03.037 INFO:teuthology.orchestra.run.trial134.stdout:/usr/bin/ceph: stderr
2026-02-19T23:56:03.007+0000 7faf99797640 1 -- 10.20.193.134:0/528908134 shutdown_connections
2026-02-19T23:56:03.037 INFO:teuthology.orchestra.run.trial134.stdout:/usr/bin/ceph: stderr
2026-02-19T23:56:03.007+0000 7faf99797640 1 --2- 10.20.193.134:0/528908134 >> [v2:10.20.193.134:6800/4254304499,v1:10.20.193.134:6801/4254304499] conn(0x7faf6803dba0 0x7faf68040060 unknown :-1 s=CLOSED pgs=13 cs=0 l=1 rev1=1 crypto rx=0 tx=0 comp rx=0 tx=0).stop
2026-02-19T23:56:03.037 INFO:teuthology.orchestra.run.trial134.stdout:/usr/bin/ceph: stderr
2026-02-19T23:56:03.007+0000 7faf99797640 1 --2- 10.20.193.134:0/528908134 >> [v2:10.20.193.134:3300/0,v1:10.20.193.134:6789/0] conn(0x7faf9410a3d0 0x7faf941a00f0 unknown :-1 s=CLOSED pgs=48 cs=0 l=1 rev1=1 crypto rx=0 tx=0 comp rx=0 tx=0).stop
2026-02-19T23:56:03.037 INFO:teuthology.orchestra.run.trial134.stdout:/usr/bin/ceph: stderr
2026-02-19T23:56:03.007+0000 7faf99797640 1 -- 10.20.193.134:0/528908134 >> 10.20.193.134:0/528908134 conn(0x7faf9407dc20 msgr2=0x7faf94107e90 unknown :-1 s=STATE_NONE l=0).mark_down
2026-02-19T23:56:03.038 INFO:teuthology.orchestra.run.trial134.stdout:/usr/bin/ceph: stderr
2026-02-19T23:56:03.007+0000 7faf99797640 1 -- 10.20.193.134:0/528908134 shutdown_connections
2026-02-19T23:56:03.038 INFO:teuthology.orchestra.run.trial134.stdout:/usr/bin/ceph: stderr
2026-02-19T23:56:03.007+0000 7faf99797640 1 -- 10.20.193.134:0/528908134 wait complete.
2026-02-19T23:56:03.247 INFO:teuthology.orchestra.run.trial134.stdout:/usr/bin/ceph: stderr
2026-02-19T23:56:03.126+0000 7f78ee761640 1 Processor -- start
2026-02-19T23:56:03.247 INFO:teuthology.orchestra.run.trial134.stdout:/usr/bin/ceph: stderr
2026-02-19T23:56:03.126+0000 7f78ee761640 1 -- start start
2026-02-19T23:56:03.247 INFO:teuthology.orchestra.run.trial134.stdout:/usr/bin/ceph: stderr
2026-02-19T23:56:03.126+0000 7f78ee761640 1 --2- >> [v2:10.20.193.134:3300/0,v1:10.20.193.134:6789/0] conn(0x7f78e807de80 0x7f78e807c330 unknown :-1 s=NONE pgs=0 cs=0 l=0 rev1=0 crypto rx=0 tx=0 comp rx=0 tx=0).connect
2026-02-19T23:56:03.248 INFO:teuthology.orchestra.run.trial134.stdout:/usr/bin/ceph: stderr
2026-02-19T23:56:03.126+0000 7f78ee761640 1 -- --> [v2:10.20.193.134:3300/0,v1:10.20.193.134:6789/0] -- mon_getmap magic: 0 -- 0x7f78e807c870 con 0x7f78e807de80
2026-02-19T23:56:03.248 INFO:teuthology.orchestra.run.trial134.stdout:/usr/bin/ceph: stderr
2026-02-19T23:56:03.126+0000 7f78e7fff640 1 --2- >> [v2:10.20.193.134:3300/0,v1:10.20.193.134:6789/0] conn(0x7f78e807de80 0x7f78e807c330 unknown :-1 s=BANNER_CONNECTING pgs=0 cs=0 l=0 rev1=0 crypto rx=0 tx=0 comp rx=0 tx=0)._handle_peer_banner_payload supported=3 required=0
2026-02-19T23:56:03.248 INFO:teuthology.orchestra.run.trial134.stdout:/usr/bin/ceph: stderr
2026-02-19T23:56:03.126+0000 7f78e7fff640 1 --2- >> [v2:10.20.193.134:3300/0,v1:10.20.193.134:6789/0] conn(0x7f78e807de80 0x7f78e807c330 unknown :-1 s=HELLO_CONNECTING pgs=0 cs=0 l=0 rev1=1 crypto rx=0 tx=0 comp rx=0 tx=0).handle_hello peer v2:10.20.193.134:3300/0 says I am v2:10.20.193.134:57458/0 (socket says 10.20.193.134:57458)
2026-02-19T23:56:03.248 INFO:teuthology.orchestra.run.trial134.stdout:/usr/bin/ceph: stderr
2026-02-19T23:56:03.126+0000 7f78e7fff640 1 -- 10.20.193.134:0/2178526641 learned_addr learned my addr 10.20.193.134:0/2178526641 (peer_addr_for_me v2:10.20.193.134:0/0)
2026-02-19T23:56:03.248 INFO:teuthology.orchestra.run.trial134.stdout:/usr/bin/ceph: stderr
2026-02-19T23:56:03.126+0000 7f78e7fff640 1 -- 10.20.193.134:0/2178526641 --> [v2:10.20.193.134:3300/0,v1:10.20.193.134:6789/0] -- mon_subscribe({config=0+,monmap=0+}) -- 0x7f78e807c9f0 con 0x7f78e807de80
2026-02-19T23:56:03.248 INFO:teuthology.orchestra.run.trial134.stdout:/usr/bin/ceph: stderr
2026-02-19T23:56:03.127+0000 7f78e7fff640 1 --2- 10.20.193.134:0/2178526641 >> [v2:10.20.193.134:3300/0,v1:10.20.193.134:6789/0] conn(0x7f78e807de80 0x7f78e807c330 secure :-1 s=READY pgs=49 cs=0 l=1 rev1=1 crypto rx=0x7f78d4009920 tx=0x7f78d402ef20 comp rx=0 tx=0).ready entity=mon.0 client_cookie=36985fa8c0ffdd27 server_cookie=0 in_seq=0 out_seq=0
2026-02-19T23:56:03.248 INFO:teuthology.orchestra.run.trial134.stdout:/usr/bin/ceph: stderr
2026-02-19T23:56:03.127+0000 7f78e6ffd640 1 -- 10.20.193.134:0/2178526641 <== mon.0 v2:10.20.193.134:3300/0 1 ==== mon_map magic: 0 ==== 205+0+0 (secure 0 0 0) 0x7f78d403c070 con 0x7f78e807de80
2026-02-19T23:56:03.248 INFO:teuthology.orchestra.run.trial134.stdout:/usr/bin/ceph: stderr
2026-02-19T23:56:03.127+0000 7f78e6ffd640 1 -- 10.20.193.134:0/2178526641 <== mon.0 v2:10.20.193.134:3300/0 2 ==== config(25 keys) ==== 1038+0+0 (secure 0 0 0) 0x7f78d4037440 con 0x7f78e807de80
2026-02-19T23:56:03.248 INFO:teuthology.orchestra.run.trial134.stdout:/usr/bin/ceph: stderr
2026-02-19T23:56:03.127+0000 7f78e6ffd640 1 -- 10.20.193.134:0/2178526641 <== mon.0 v2:10.20.193.134:3300/0 3 ==== mon_map magic: 0 ==== 205+0+0 (secure 0 0 0) 0x7f78d40354d0 con 0x7f78e807de80
2026-02-19T23:56:03.248 INFO:teuthology.orchestra.run.trial134.stdout:/usr/bin/ceph: stderr
2026-02-19T23:56:03.127+0000 7f78ee761640 1 -- 10.20.193.134:0/2178526641 >> [v2:10.20.193.134:3300/0,v1:10.20.193.134:6789/0] conn(0x7f78e807de80 msgr2=0x7f78e807c330 secure :-1 s=STATE_CONNECTION_ESTABLISHED l=1).mark_down
2026-02-19T23:56:03.249 INFO:teuthology.orchestra.run.trial134.stdout:/usr/bin/ceph: stderr
2026-02-19T23:56:03.127+0000 7f78ee761640 1 --2- 10.20.193.134:0/2178526641 >> [v2:10.20.193.134:3300/0,v1:10.20.193.134:6789/0] conn(0x7f78e807de80 0x7f78e807c330 secure :-1 s=READY pgs=49 cs=0 l=1 rev1=1 crypto rx=0x7f78d4009920 tx=0x7f78d402ef20 comp rx=0 tx=0).stop
2026-02-19T23:56:03.249 INFO:teuthology.orchestra.run.trial134.stdout:/usr/bin/ceph: stderr
2026-02-19T23:56:03.127+0000 7f78ee761640 1 -- 10.20.193.134:0/2178526641 shutdown_connections
2026-02-19T23:56:03.249 INFO:teuthology.orchestra.run.trial134.stdout:/usr/bin/ceph: stderr
2026-02-19T23:56:03.127+0000 7f78ee761640 1 --2- 10.20.193.134:0/2178526641 >> [v2:10.20.193.134:3300/0,v1:10.20.193.134:6789/0] conn(0x7f78e807de80 0x7f78e807c330 unknown :-1 s=CLOSED pgs=49 cs=0 l=1 rev1=1 crypto rx=0 tx=0 comp rx=0 tx=0).stop
2026-02-19T23:56:03.249 INFO:teuthology.orchestra.run.trial134.stdout:/usr/bin/ceph: stderr
2026-02-19T23:56:03.127+0000 7f78ee761640 1 -- 10.20.193.134:0/2178526641 >> 10.20.193.134:0/2178526641 conn(0x7f78e81037e0 msgr2=0x7f78e8105c00 unknown :-1 s=STATE_NONE l=0).mark_down
2026-02-19T23:56:03.249 INFO:teuthology.orchestra.run.trial134.stdout:/usr/bin/ceph: stderr
2026-02-19T23:56:03.127+0000 7f78ee761640 1 -- 10.20.193.134:0/2178526641 shutdown_connections
2026-02-19T23:56:03.249 INFO:teuthology.orchestra.run.trial134.stdout:/usr/bin/ceph: stderr
2026-02-19T23:56:03.127+0000 7f78ee761640 1 -- 10.20.193.134:0/2178526641 wait complete.
2026-02-19T23:56:03.249 INFO:teuthology.orchestra.run.trial134.stdout:/usr/bin/ceph: stderr
2026-02-19T23:56:03.128+0000 7f78ee761640 1 Processor -- start
2026-02-19T23:56:03.249 INFO:teuthology.orchestra.run.trial134.stdout:/usr/bin/ceph: stderr
2026-02-19T23:56:03.128+0000 7f78ee761640 1 -- start start
2026-02-19T23:56:03.249 INFO:teuthology.orchestra.run.trial134.stdout:/usr/bin/ceph: stderr
2026-02-19T23:56:03.128+0000 7f78ee761640 1 --2- >> [v2:10.20.193.134:3300/0,v1:10.20.193.134:6789/0] conn(0x7f78e807de80 0x7f78e81a00a0 unknown :-1 s=NONE pgs=0 cs=0 l=1 rev1=0 crypto rx=0 tx=0 comp rx=0 tx=0).connect
2026-02-19T23:56:03.249 INFO:teuthology.orchestra.run.trial134.stdout:/usr/bin/ceph: stderr
2026-02-19T23:56:03.128+0000 7f78ee761640 1 -- --> [v2:10.20.193.134:3300/0,v1:10.20.193.134:6789/0] -- mon_getmap magic: 0 -- 0x7f78e810e5d0 con 0x7f78e807de80
2026-02-19T23:56:03.249 INFO:teuthology.orchestra.run.trial134.stdout:/usr/bin/ceph: stderr
2026-02-19T23:56:03.128+0000 7f78e7fff640 1 --2- >> [v2:10.20.193.134:3300/0,v1:10.20.193.134:6789/0] conn(0x7f78e807de80 0x7f78e81a00a0 unknown :-1 s=BANNER_CONNECTING pgs=0 cs=0 l=1 rev1=0 crypto rx=0 tx=0 comp rx=0 tx=0)._handle_peer_banner_payload supported=3 required=0
2026-02-19T23:56:03.249 INFO:teuthology.orchestra.run.trial134.stdout:/usr/bin/ceph: stderr
2026-02-19T23:56:03.128+0000 7f78e7fff640 1 --2- >> [v2:10.20.193.134:3300/0,v1:10.20.193.134:6789/0] conn(0x7f78e807de80 0x7f78e81a00a0 unknown :-1 s=HELLO_CONNECTING pgs=0 cs=0 l=1 rev1=1 crypto rx=0 tx=0 comp rx=0 tx=0).handle_hello peer v2:10.20.193.134:3300/0 says I am v2:10.20.193.134:57464/0 (socket says 10.20.193.134:57464)
2026-02-19T23:56:03.250 INFO:teuthology.orchestra.run.trial134.stdout:/usr/bin/ceph: stderr
2026-02-19T23:56:03.128+0000 7f78e7fff640 1 -- 10.20.193.134:0/4138663274 learned_addr learned my addr 10.20.193.134:0/4138663274 (peer_addr_for_me v2:10.20.193.134:0/0)
2026-02-19T23:56:03.250 INFO:teuthology.orchestra.run.trial134.stdout:/usr/bin/ceph: stderr
2026-02-19T23:56:03.128+0000 7f78e7fff640 1 -- 10.20.193.134:0/4138663274 --> [v2:10.20.193.134:3300/0,v1:10.20.193.134:6789/0] -- mon_subscribe({config=0+,monmap=0+}) -- 0x7f78e81a05e0 con 0x7f78e807de80
2026-02-19T23:56:03.250 INFO:teuthology.orchestra.run.trial134.stdout:/usr/bin/ceph: stderr
2026-02-19T23:56:03.128+0000 7f78e7fff640 1 --2- 10.20.193.134:0/4138663274 >> [v2:10.20.193.134:3300/0,v1:10.20.193.134:6789/0] conn(0x7f78e807de80 0x7f78e81a00a0 secure :-1 s=READY pgs=50 cs=0 l=1 rev1=1 crypto rx=0x7f78d4037820 tx=0x7f78d4037850 comp rx=0 tx=0).ready entity=mon.0 client_cookie=0 server_cookie=0 in_seq=0 out_seq=0
2026-02-19T23:56:03.250 INFO:teuthology.orchestra.run.trial134.stdout:/usr/bin/ceph: stderr
2026-02-19T23:56:03.128+0000 7f78e57fa640 1 -- 10.20.193.134:0/4138663274 <== mon.0 v2:10.20.193.134:3300/0 1 ==== mon_map magic: 0 ==== 205+0+0 (secure 0 0 0) 0x7f78d4047070 con 0x7f78e807de80
2026-02-19T23:56:03.250 INFO:teuthology.orchestra.run.trial134.stdout:/usr/bin/ceph: stderr
2026-02-19T23:56:03.128+0000 7f78e57fa640 1 -- 10.20.193.134:0/4138663274 <== mon.0 v2:10.20.193.134:3300/0 2 ==== config(25 keys) ==== 1038+0+0 (secure 0 0 0) 0x7f78d4035d70 con 0x7f78e807de80
2026-02-19T23:56:03.250 INFO:teuthology.orchestra.run.trial134.stdout:/usr/bin/ceph: stderr
2026-02-19T23:56:03.128+0000 7f78ee761640 1 -- 10.20.193.134:0/4138663274 --> [v2:10.20.193.134:3300/0,v1:10.20.193.134:6789/0] -- mon_subscribe({mgrmap=0+}) -- 0x7f78e81a0870 con 0x7f78e807de80
2026-02-19T23:56:03.250 INFO:teuthology.orchestra.run.trial134.stdout:/usr/bin/ceph: stderr
2026-02-19T23:56:03.128+0000 7f78e57fa640 1 -- 10.20.193.134:0/4138663274 <== mon.0 v2:10.20.193.134:3300/0 3 ==== mon_map magic: 0 ==== 205+0+0 (secure 0 0 0) 0x7f78d403c070 con 0x7f78e807de80
2026-02-19T23:56:03.250 INFO:teuthology.orchestra.run.trial134.stdout:/usr/bin/ceph: stderr
2026-02-19T23:56:03.128+0000 7f78ee761640 1 -- 10.20.193.134:0/4138663274 --> [v2:10.20.193.134:3300/0,v1:10.20.193.134:6789/0] -- mon_subscribe({osdmap=0}) -- 0x7f78e81a3560 con 0x7f78e807de80
2026-02-19T23:56:03.250 INFO:teuthology.orchestra.run.trial134.stdout:/usr/bin/ceph: stderr
2026-02-19T23:56:03.129+0000 7f78e57fa640 1 -- 10.20.193.134:0/4138663274 <== mon.0 v2:10.20.193.134:3300/0 4 ==== mgrmap(e 8) ==== 50247+0+0 (secure 0 0 0) 0x7f78d4035900 con 0x7f78e807de80
2026-02-19T23:56:03.250 INFO:teuthology.orchestra.run.trial134.stdout:/usr/bin/ceph: stderr
2026-02-19T23:56:03.129+0000 7f78ee761640 1 -- 10.20.193.134:0/4138663274 --> [v2:10.20.193.134:3300/0,v1:10.20.193.134:6789/0] -- mon_command({"prefix": "get_command_descriptions"} v 0) -- 0x7f78e807c3b0 con 0x7f78e807de80
2026-02-19T23:56:03.250 INFO:teuthology.orchestra.run.trial134.stdout:/usr/bin/ceph: stderr
2026-02-19T23:56:03.129+0000 7f78e57fa640 1 --2- 10.20.193.134:0/4138663274 >> [v2:10.20.193.134:6800/4254304499,v1:10.20.193.134:6801/4254304499] conn(0x7f78bc03dbf0 0x7f78bc0400b0 unknown :-1 s=NONE pgs=0 cs=0 l=1 rev1=0 crypto rx=0 tx=0 comp rx=0 tx=0).connect
2026-02-19T23:56:03.250 INFO:teuthology.orchestra.run.trial134.stdout:/usr/bin/ceph: stderr
2026-02-19T23:56:03.129+0000 7f78e57fa640 1 -- 10.20.193.134:0/4138663274 <== mon.0 v2:10.20.193.134:3300/0 5 ==== osd_map(2..2 src has 1..2) ==== 940+0+0 (secure 0 0 0) 0x7f78d4076910 con 0x7f78e807de80
2026-02-19T23:56:03.251 INFO:teuthology.orchestra.run.trial134.stdout:/usr/bin/ceph: stderr
2026-02-19T23:56:03.129+0000 7f78e77fe640 1 --2- 10.20.193.134:0/4138663274 >> [v2:10.20.193.134:6800/4254304499,v1:10.20.193.134:6801/4254304499] conn(0x7f78bc03dbf0 0x7f78bc0400b0 unknown :-1 s=BANNER_CONNECTING pgs=0 cs=0 l=1 rev1=0 crypto rx=0 tx=0 comp rx=0 tx=0)._handle_peer_banner_payload supported=3 required=0
2026-02-19T23:56:03.251 INFO:teuthology.orchestra.run.trial134.stdout:/usr/bin/ceph: stderr
2026-02-19T23:56:03.129+0000 7f78e77fe640 1 --2- 10.20.193.134:0/4138663274 >> [v2:10.20.193.134:6800/4254304499,v1:10.20.193.134:6801/4254304499] conn(0x7f78bc03dbf0 0x7f78bc0400b0 secure :-1 s=READY pgs=14 cs=0 l=1 rev1=1 crypto rx=0x7f78d80099c0 tx=0x7f78d8006eb0 comp rx=0 tx=0).ready entity=mgr.14118 client_cookie=0 server_cookie=0 in_seq=0 out_seq=0
2026-02-19T23:56:03.251 INFO:teuthology.orchestra.run.trial134.stdout:/usr/bin/ceph: stderr
2026-02-19T23:56:03.132+0000 7f78e57fa640 1 -- 10.20.193.134:0/4138663274 <== mon.0 v2:10.20.193.134:3300/0 6 ==== mon_command_ack([{"prefix": "get_command_descriptions"}]=0 v0) ==== 72+0+195034 (secure 0 0 0) 0x7f78d404a360 con 0x7f78e807de80
2026-02-19T23:56:03.251 INFO:teuthology.orchestra.run.trial134.stdout:/usr/bin/ceph: stderr
2026-02-19T23:56:03.218+0000 7f78ee761640 1 -- 10.20.193.134:0/4138663274 --> [v2:10.20.193.134:3300/0,v1:10.20.193.134:6789/0] -- mon_command([{prefix=config set, name=mgr/cephadm/container_init}] v 0) -- 0x7f78e81a3c00 con 0x7f78e807de80
2026-02-19T23:56:03.251 INFO:teuthology.orchestra.run.trial134.stdout:/usr/bin/ceph: stderr
2026-02-19T23:56:03.220+0000 7f78e57fa640 1 -- 10.20.193.134:0/4138663274 <== mon.0 v2:10.20.193.134:3300/0 7 ==== mon_command_ack([{prefix=config set, name=mgr/cephadm/container_init}]=0 v7)=0 v7) ==== 142+0+0 (secure 0 0 0) 0x7f78d404f120 con 0x7f78e807de80
2026-02-19T23:56:03.251 INFO:teuthology.orchestra.run.trial134.stdout:/usr/bin/ceph: stderr
2026-02-19T23:56:03.222+0000 7f78ee761640 1 -- 10.20.193.134:0/4138663274 >> [v2:10.20.193.134:6800/4254304499,v1:10.20.193.134:6801/4254304499] conn(0x7f78bc03dbf0 msgr2=0x7f78bc0400b0 secure :-1 s=STATE_CONNECTION_ESTABLISHED l=1).mark_down
2026-02-19T23:56:03.251 INFO:teuthology.orchestra.run.trial134.stdout:/usr/bin/ceph: stderr
2026-02-19T23:56:03.222+0000 7f78ee761640 1 --2- 10.20.193.134:0/4138663274 >> [v2:10.20.193.134:6800/4254304499,v1:10.20.193.134:6801/4254304499] conn(0x7f78bc03dbf0 0x7f78bc0400b0 secure :-1 s=READY pgs=14 cs=0 l=1 rev1=1 crypto rx=0x7f78d80099c0 tx=0x7f78d8006eb0 comp rx=0 tx=0).stop
2026-02-19T23:56:03.251 INFO:teuthology.orchestra.run.trial134.stdout:/usr/bin/ceph: stderr
2026-02-19T23:56:03.222+0000 7f78ee761640 1 -- 10.20.193.134:0/4138663274 >> [v2:10.20.193.134:3300/0,v1:10.20.193.134:6789/0] conn(0x7f78e807de80 msgr2=0x7f78e81a00a0 secure :-1 s=STATE_CONNECTION_ESTABLISHED l=1).mark_down
2026-02-19T23:56:03.251 INFO:teuthology.orchestra.run.trial134.stdout:/usr/bin/ceph: stderr
2026-02-19T23:56:03.222+0000 7f78ee761640 1 --2- 10.20.193.134:0/4138663274 >> [v2:10.20.193.134:3300/0,v1:10.20.193.134:6789/0] conn(0x7f78e807de80 0x7f78e81a00a0 secure :-1 s=READY pgs=50 cs=0 l=1 rev1=1 crypto rx=0x7f78d4037820 tx=0x7f78d4037850 comp rx=0 tx=0).stop
2026-02-19T23:56:03.251 INFO:teuthology.orchestra.run.trial134.stdout:/usr/bin/ceph: stderr
2026-02-19T23:56:03.222+0000 7f78ee761640 1 -- 10.20.193.134:0/4138663274 shutdown_connections
2026-02-19T23:56:03.251 INFO:teuthology.orchestra.run.trial134.stdout:/usr/bin/ceph: stderr
2026-02-19T23:56:03.222+0000 7f78ee761640 1 --2- 10.20.193.134:0/4138663274 >> [v2:10.20.193.134:6800/4254304499,v1:10.20.193.134:6801/4254304499] conn(0x7f78bc03dbf0 0x7f78bc0400b0 unknown :-1 s=CLOSED pgs=14 cs=0 l=1 rev1=1 crypto rx=0 tx=0 comp rx=0 tx=0).stop
2026-02-19T23:56:03.251 INFO:teuthology.orchestra.run.trial134.stdout:/usr/bin/ceph: stderr
2026-02-19T23:56:03.222+0000 7f78ee761640 1 --2- 10.20.193.134:0/4138663274 >> [v2:10.20.193.134:3300/0,v1:10.20.193.134:6789/0] conn(0x7f78e807de80 0x7f78e81a00a0 unknown :-1 s=CLOSED pgs=50 cs=0 l=1 rev1=1 crypto rx=0 tx=0 comp rx=0 tx=0).stop
2026-02-19T23:56:03.252 INFO:teuthology.orchestra.run.trial134.stdout:/usr/bin/ceph: stderr
2026-02-19T23:56:03.222+0000 7f78ee761640 1 -- 10.20.193.134:0/4138663274 >> 10.20.193.134:0/4138663274 conn(0x7f78e81037e0 msgr2=0x7f78e8104350 unknown :-1 s=STATE_NONE l=0).mark_down
2026-02-19T23:56:03.252 INFO:teuthology.orchestra.run.trial134.stdout:/usr/bin/ceph: stderr
2026-02-19T23:56:03.222+0000 7f78ee761640 1 -- 10.20.193.134:0/4138663274 shutdown_connections
2026-02-19T23:56:03.252 INFO:teuthology.orchestra.run.trial134.stdout:/usr/bin/ceph: stderr
2026-02-19T23:56:03.222+0000 7f78ee761640 1 -- 10.20.193.134:0/4138663274 wait complete.
2026-02-19T23:56:03.288 INFO:journalctl@ceph.mon.a.trial134.stdout:Feb 19 23:56:03 trial134 ceph-mon[39662]: Deploying cephadm binary to trial134
2026-02-19T23:56:03.288 INFO:journalctl@ceph.mon.a.trial134.stdout:Feb 19 23:56:03 trial134 ceph-mon[39662]: from='mgr.14118 10.20.193.134:0/1292469727' entity='mgr.x'
2026-02-19T23:56:03.288 INFO:journalctl@ceph.mon.a.trial134.stdout:Feb 19 23:56:03 trial134 ceph-mon[39662]: from='mgr.14118 10.20.193.134:0/1292469727' entity='mgr.x' cmd=[{"prefix": "config dump", "format": "json"}]: dispatch
2026-02-19T23:56:03.288 INFO:journalctl@ceph.mon.a.trial134.stdout:Feb 19 23:56:03 trial134 ceph-mon[39662]: from='mgr.14118 10.20.193.134:0/1292469727' entity='mgr.x'
2026-02-19T23:56:03.288 INFO:journalctl@ceph.mon.a.trial134.stdout:Feb 19 23:56:03 trial134 ceph-mon[39662]: from='mgr.14118 10.20.193.134:0/1292469727' entity='mgr.x'
2026-02-19T23:56:03.288 INFO:journalctl@ceph.mon.a.trial134.stdout:Feb 19 23:56:03 trial134 ceph-mon[39662]: from='mgr.14118 10.20.193.134:0/1292469727' entity='mgr.x'
2026-02-19T23:56:03.289 INFO:journalctl@ceph.mon.a.trial134.stdout:Feb 19 23:56:03 trial134 ceph-mon[39662]: from='client.? 10.20.193.134:0/4138663274' entity='client.admin'
2026-02-19T23:56:03.551 INFO:teuthology.orchestra.run.trial134.stdout:/usr/bin/ceph: stderr
2026-02-19T23:56:03.345+0000 7f458b4e1640 1 Processor -- start
2026-02-19T23:56:03.551 INFO:teuthology.orchestra.run.trial134.stdout:/usr/bin/ceph: stderr
2026-02-19T23:56:03.345+0000 7f458b4e1640 1 -- start start
2026-02-19T23:56:03.551 INFO:teuthology.orchestra.run.trial134.stdout:/usr/bin/ceph: stderr
2026-02-19T23:56:03.345+0000 7f458b4e1640 1 --2- >> [v2:10.20.193.134:3300/0,v1:10.20.193.134:6789/0] conn(0x7f458410a290 0x7f458410a690 unknown :-1 s=NONE pgs=0 cs=0 l=0 rev1=0 crypto rx=0 tx=0 comp rx=0 tx=0).connect
2026-02-19T23:56:03.552 INFO:teuthology.orchestra.run.trial134.stdout:/usr/bin/ceph: stderr
2026-02-19T23:56:03.345+0000 7f458b4e1640 1 -- --> [v2:10.20.193.134:3300/0,v1:10.20.193.134:6789/0] -- mon_getmap magic: 0 -- 0x7f458410ac60 con 0x7f458410a290
2026-02-19T23:56:03.552 INFO:teuthology.orchestra.run.trial134.stdout:/usr/bin/ceph: stderr
2026-02-19T23:56:03.345+0000 7f4589256640 1 --2- >> [v2:10.20.193.134:3300/0,v1:10.20.193.134:6789/0] conn(0x7f458410a290 0x7f458410a690 unknown :-1 s=BANNER_CONNECTING pgs=0 cs=0 l=0 rev1=0 crypto rx=0 tx=0 comp rx=0 tx=0)._handle_peer_banner_payload supported=3 required=0
2026-02-19T23:56:03.552 INFO:teuthology.orchestra.run.trial134.stdout:/usr/bin/ceph: stderr
2026-02-19T23:56:03.345+0000 7f4589256640 1 --2- >> [v2:10.20.193.134:3300/0,v1:10.20.193.134:6789/0] conn(0x7f458410a290 0x7f458410a690 unknown :-1 s=HELLO_CONNECTING pgs=0 cs=0 l=0 rev1=1 crypto rx=0 tx=0 comp rx=0 tx=0).handle_hello peer v2:10.20.193.134:3300/0 says I am v2:10.20.193.134:57468/0 (socket says 10.20.193.134:57468)
2026-02-19T23:56:03.552 INFO:teuthology.orchestra.run.trial134.stdout:/usr/bin/ceph: stderr
2026-02-19T23:56:03.345+0000 7f4589256640 1 -- 10.20.193.134:0/367067193 learned_addr learned my addr 10.20.193.134:0/367067193 (peer_addr_for_me v2:10.20.193.134:0/0)
2026-02-19T23:56:03.552 INFO:teuthology.orchestra.run.trial134.stdout:/usr/bin/ceph: stderr
2026-02-19T23:56:03.345+0000 7f4589256640 1 -- 10.20.193.134:0/367067193 --> [v2:10.20.193.134:3300/0,v1:10.20.193.134:6789/0] -- mon_subscribe({config=0+,monmap=0+}) -- 0x7f458410b440 con 0x7f458410a290
2026-02-19T23:56:03.552 INFO:teuthology.orchestra.run.trial134.stdout:/usr/bin/ceph: stderr
2026-02-19T23:56:03.345+0000 7f4589256640 1 --2- 10.20.193.134:0/367067193 >> [v2:10.20.193.134:3300/0,v1:10.20.193.134:6789/0] conn(0x7f458410a290 0x7f458410a690 secure :-1 s=READY pgs=51 cs=0 l=1 rev1=1 crypto rx=0x7f4574009920 tx=0x7f457402ef20 comp rx=0 tx=0).ready entity=mon.0 client_cookie=8185ea94f7c21cd3 server_cookie=0 in_seq=0 out_seq=0
2026-02-19T23:56:03.553 INFO:teuthology.orchestra.run.trial134.stdout:/usr/bin/ceph: stderr
2026-02-19T23:56:03.346+0000 7f4573fff640 1 -- 10.20.193.134:0/367067193 <== mon.0 v2:10.20.193.134:3300/0 1 ==== mon_map magic: 0 ==== 205+0+0 (secure 0 0 0) 0x7f457403c070 con 0x7f458410a290
2026-02-19T23:56:03.553 INFO:teuthology.orchestra.run.trial134.stdout:/usr/bin/ceph: stderr
2026-02-19T23:56:03.346+0000 7f4573fff640 1 -- 10.20.193.134:0/367067193 <== mon.0 v2:10.20.193.134:3300/0 2 ==== config(25 keys) ==== 1038+0+0 (secure 0 0 0) 0x7f4574037440 con 0x7f458410a290
2026-02-19T23:56:03.553 INFO:teuthology.orchestra.run.trial134.stdout:/usr/bin/ceph: stderr
2026-02-19T23:56:03.346+0000 7f4573fff640 1 -- 10.20.193.134:0/367067193 <== mon.0 v2:10.20.193.134:3300/0 3 ==== mon_map magic: 0 ==== 205+0+0 (secure 0 0 0) 0x7f45740354d0 con 0x7f458410a290
2026-02-19T23:56:03.553 INFO:teuthology.orchestra.run.trial134.stdout:/usr/bin/ceph: stderr
2026-02-19T23:56:03.346+0000 7f458b4e1640 1 -- 10.20.193.134:0/367067193 >> [v2:10.20.193.134:3300/0,v1:10.20.193.134:6789/0] conn(0x7f458410a290 msgr2=0x7f458410a690 secure :-1 s=STATE_CONNECTION_ESTABLISHED l=1).mark_down
2026-02-19T23:56:03.553 INFO:teuthology.orchestra.run.trial134.stdout:/usr/bin/ceph: stderr
2026-02-19T23:56:03.346+0000 7f458b4e1640 1 --2- 10.20.193.134:0/367067193 >> [v2:10.20.193.134:3300/0,v1:10.20.193.134:6789/0] conn(0x7f458410a290 0x7f458410a690 secure :-1 s=READY pgs=51 cs=0 l=1 rev1=1 crypto rx=0x7f4574009920 tx=0x7f457402ef20 comp rx=0 tx=0).stop
2026-02-19T23:56:03.553 INFO:teuthology.orchestra.run.trial134.stdout:/usr/bin/ceph: stderr
2026-02-19T23:56:03.346+0000 7f458b4e1640 1 -- 10.20.193.134:0/367067193 shutdown_connections
2026-02-19T23:56:03.553 INFO:teuthology.orchestra.run.trial134.stdout:/usr/bin/ceph: stderr
2026-02-19T23:56:03.346+0000 7f458b4e1640 1 --2- 10.20.193.134:0/367067193 >> [v2:10.20.193.134:3300/0,v1:10.20.193.134:6789/0] conn(0x7f458410a290 0x7f458410a690 unknown :-1 s=CLOSED pgs=51 cs=0 l=1 rev1=1 crypto rx=0 tx=0 comp rx=0 tx=0).stop
2026-02-19T23:56:03.554 INFO:teuthology.orchestra.run.trial134.stdout:/usr/bin/ceph: stderr
2026-02-19T23:56:03.346+0000 7f458b4e1640 1 -- 10.20.193.134:0/367067193 >> 10.20.193.134:0/367067193 conn(0x7f458407db70 msgr2=0x7f45841086a0 unknown :-1 s=STATE_NONE l=0).mark_down
2026-02-19T23:56:03.554 INFO:teuthology.orchestra.run.trial134.stdout:/usr/bin/ceph: stderr
2026-02-19T23:56:03.346+0000 7f458b4e1640 1 -- 10.20.193.134:0/367067193 shutdown_connections
2026-02-19T23:56:03.554 INFO:teuthology.orchestra.run.trial134.stdout:/usr/bin/ceph: stderr
2026-02-19T23:56:03.346+0000 7f458b4e1640 1 -- 10.20.193.134:0/367067193 wait complete.
2026-02-19T23:56:03.554 INFO:teuthology.orchestra.run.trial134.stdout:/usr/bin/ceph: stderr
2026-02-19T23:56:03.346+0000 7f458b4e1640 1 Processor -- start
2026-02-19T23:56:03.554 INFO:teuthology.orchestra.run.trial134.stdout:/usr/bin/ceph: stderr
2026-02-19T23:56:03.346+0000 7f458b4e1640 1 -- start start
2026-02-19T23:56:03.554 INFO:teuthology.orchestra.run.trial134.stdout:/usr/bin/ceph: stderr
2026-02-19T23:56:03.346+0000 7f458b4e1640 1 --2- >> [v2:10.20.193.134:3300/0,v1:10.20.193.134:6789/0] conn(0x7f458410a290 0x7f45841a0130 unknown :-1 s=NONE pgs=0 cs=0 l=1 rev1=0 crypto rx=0 tx=0 comp rx=0 tx=0).connect
2026-02-19T23:56:03.554 INFO:teuthology.orchestra.run.trial134.stdout:/usr/bin/ceph: stderr
2026-02-19T23:56:03.347+0000 7f458b4e1640 1 -- --> [v2:10.20.193.134:3300/0,v1:10.20.193.134:6789/0] -- mon_getmap magic: 0 -- 0x7f458410e670 con 0x7f458410a290
2026-02-19T23:56:03.555 INFO:teuthology.orchestra.run.trial134.stdout:/usr/bin/ceph: stderr
2026-02-19T23:56:03.347+0000 7f4589256640 1 --2- >> [v2:10.20.193.134:3300/0,v1:10.20.193.134:6789/0] conn(0x7f458410a290 0x7f45841a0130 unknown :-1 s=BANNER_CONNECTING pgs=0 cs=0 l=1 rev1=0 crypto rx=0 tx=0 comp rx=0 tx=0)._handle_peer_banner_payload supported=3 required=0
2026-02-19T23:56:03.555 INFO:teuthology.orchestra.run.trial134.stdout:/usr/bin/ceph: stderr
2026-02-19T23:56:03.347+0000 7f4589256640 1 --2- >> [v2:10.20.193.134:3300/0,v1:10.20.193.134:6789/0] conn(0x7f458410a290 0x7f45841a0130 unknown :-1 s=HELLO_CONNECTING pgs=0 cs=0 l=1 rev1=1 crypto rx=0 tx=0 comp rx=0 tx=0).handle_hello peer v2:10.20.193.134:3300/0 says I am v2:10.20.193.134:57478/0 (socket says 10.20.193.134:57478)
2026-02-19T23:56:03.555 INFO:teuthology.orchestra.run.trial134.stdout:/usr/bin/ceph: stderr
2026-02-19T23:56:03.347+0000 7f4589256640 1 -- 10.20.193.134:0/3937504796 learned_addr learned my addr 10.20.193.134:0/3937504796 (peer_addr_for_me v2:10.20.193.134:0/0)
2026-02-19T23:56:03.555 INFO:teuthology.orchestra.run.trial134.stdout:/usr/bin/ceph: stderr
2026-02-19T23:56:03.347+0000 7f4589256640 1 -- 10.20.193.134:0/3937504796 --> [v2:10.20.193.134:3300/0,v1:10.20.193.134:6789/0] -- mon_subscribe({config=0+,monmap=0+}) -- 0x7f45841a0670 con 0x7f458410a290
2026-02-19T23:56:03.555 INFO:teuthology.orchestra.run.trial134.stdout:/usr/bin/ceph: stderr
2026-02-19T23:56:03.347+0000 7f4589256640 1 --2- 10.20.193.134:0/3937504796 >> [v2:10.20.193.134:3300/0,v1:10.20.193.134:6789/0] conn(0x7f458410a290 0x7f45841a0130 secure :-1 s=READY pgs=52 cs=0 l=1 rev1=1 crypto rx=0x7f4574037820 tx=0x7f4574037850 comp rx=0 tx=0).ready entity=mon.0 client_cookie=0 server_cookie=0 in_seq=0 out_seq=0
2026-02-19T23:56:03.555 INFO:teuthology.orchestra.run.trial134.stdout:/usr/bin/ceph: stderr
2026-02-19T23:56:03.347+0000 7f45727fc640 1 -- 10.20.193.134:0/3937504796 <== mon.0 v2:10.20.193.134:3300/0 1 ==== mon_map magic: 0 ==== 205+0+0 (secure 0 0 0) 0x7f4574047070 con 0x7f458410a290
2026-02-19T23:56:03.555 INFO:teuthology.orchestra.run.trial134.stdout:/usr/bin/ceph: stderr
2026-02-19T23:56:03.347+0000 7f45727fc640 1 -- 10.20.193.134:0/3937504796 <== mon.0 v2:10.20.193.134:3300/0 2 ==== config(25 keys) ==== 1038+0+0 (secure 0 0 0) 0x7f4574035d70 con 0x7f458410a290
2026-02-19T23:56:03.556 INFO:teuthology.orchestra.run.trial134.stdout:/usr/bin/ceph: stderr
2026-02-19T23:56:03.347+0000 7f458b4e1640 1 -- 10.20.193.134:0/3937504796 --> [v2:10.20.193.134:3300/0,v1:10.20.193.134:6789/0] -- mon_subscribe({mgrmap=0+}) -- 0x7f45841a0900 con 0x7f458410a290
2026-02-19T23:56:03.556 INFO:teuthology.orchestra.run.trial134.stdout:/usr/bin/ceph: stderr
2026-02-19T23:56:03.347+0000 7f45727fc640 1 -- 10.20.193.134:0/3937504796 <== mon.0 v2:10.20.193.134:3300/0 3 ==== mon_map magic: 0 ==== 205+0+0 (secure 0 0 0) 0x7f457403c070 con 0x7f458410a290
2026-02-19T23:56:03.556 INFO:teuthology.orchestra.run.trial134.stdout:/usr/bin/ceph: stderr
2026-02-19T23:56:03.347+0000 7f458b4e1640 1 -- 10.20.193.134:0/3937504796 --> [v2:10.20.193.134:3300/0,v1:10.20.193.134:6789/0] -- mon_subscribe({osdmap=0}) -- 0x7f45841a35f0 con 0x7f458410a290
2026-02-19T23:56:03.556 INFO:teuthology.orchestra.run.trial134.stdout:/usr/bin/ceph: stderr
2026-02-19T23:56:03.347+0000 7f458b4e1640 1 -- 10.20.193.134:0/3937504796 --> [v2:10.20.193.134:3300/0,v1:10.20.193.134:6789/0] -- mon_command({"prefix": "get_command_descriptions"} v 0) -- 0x7f45841a0de0 con 0x7f458410a290
2026-02-19T23:56:03.556 INFO:teuthology.orchestra.run.trial134.stdout:/usr/bin/ceph: stderr
2026-02-19T23:56:03.348+0000 7f45727fc640 1 -- 10.20.193.134:0/3937504796 <== mon.0 v2:10.20.193.134:3300/0 4 ==== mgrmap(e 8) ==== 50247+0+0 (secure 0 0 0) 0x7f4574042620 con 0x7f458410a290
2026-02-19T23:56:03.556 INFO:teuthology.orchestra.run.trial134.stdout:/usr/bin/ceph: stderr
2026-02-19T23:56:03.348+0000 7f45727fc640 1 --2- 10.20.193.134:0/3937504796 >> [v2:10.20.193.134:6800/4254304499,v1:10.20.193.134:6801/4254304499] conn(0x7f456003dba0 0x7f4560040060 unknown :-1 s=NONE pgs=0 cs=0 l=1 rev1=0 crypto rx=0 tx=0 comp rx=0 tx=0).connect
2026-02-19T23:56:03.556 INFO:teuthology.orchestra.run.trial134.stdout:/usr/bin/ceph: stderr
2026-02-19T23:56:03.348+0000 7f45727fc640 1 -- 10.20.193.134:0/3937504796 <== mon.0 v2:10.20.193.134:3300/0 5 ==== osd_map(2..2 src has 1..2) ==== 940+0+0 (secure 0 0 0) 0x7f4574076900 con 0x7f458410a290
2026-02-19T23:56:03.557 INFO:teuthology.orchestra.run.trial134.stdout:/usr/bin/ceph: stderr
2026-02-19T23:56:03.348+0000 7f4588a55640 1 --2- 10.20.193.134:0/3937504796 >> [v2:10.20.193.134:6800/4254304499,v1:10.20.193.134:6801/4254304499] conn(0x7f456003dba0 0x7f4560040060 unknown :-1 s=BANNER_CONNECTING pgs=0 cs=0 l=1 rev1=0 crypto rx=0 tx=0 comp rx=0 tx=0)._handle_peer_banner_payload supported=3 required=0
2026-02-19T23:56:03.557 INFO:teuthology.orchestra.run.trial134.stdout:/usr/bin/ceph: stderr
2026-02-19T23:56:03.348+0000 7f4588a55640 1 --2- 10.20.193.134:0/3937504796 >> [v2:10.20.193.134:6800/4254304499,v1:10.20.193.134:6801/4254304499] conn(0x7f456003dba0 0x7f4560040060 secure :-1 s=READY pgs=15 cs=0 l=1 rev1=1 crypto rx=0x7f45780099c0 tx=0x7f4578006eb0 comp rx=0 tx=0).ready entity=mgr.14118 client_cookie=0 server_cookie=0 in_seq=0 out_seq=0
2026-02-19T23:56:03.557 INFO:teuthology.orchestra.run.trial134.stdout:/usr/bin/ceph: stderr
2026-02-19T23:56:03.351+0000 7f45727fc640 1 -- 10.20.193.134:0/3937504796 <== mon.0 v2:10.20.193.134:3300/0 6 ==== mon_command_ack([{"prefix": "get_command_descriptions"}]=0 v0) ==== 72+0+195034 (secure 0 0 0) 0x7f45841a0de0 con 0x7f458410a290
2026-02-19T23:56:03.557 INFO:teuthology.orchestra.run.trial134.stdout:/usr/bin/ceph: stderr
2026-02-19T23:56:03.436+0000 7f458b4e1640 1 -- 10.20.193.134:0/3937504796 --> [v2:10.20.193.134:3300/0,v1:10.20.193.134:6789/0] -- mon_command([{prefix=config set, name=mgr/dashboard/ssl_server_port}] v 0) -- 0x7f458410a710 con 0x7f458410a290
2026-02-19T23:56:03.557 INFO:teuthology.orchestra.run.trial134.stdout:/usr/bin/ceph: stderr
2026-02-19T23:56:03.438+0000 7f45727fc640 1 -- 10.20.193.134:0/3937504796 <== mon.0 v2:10.20.193.134:3300/0 7 ==== mon_command_ack([{prefix=config set, name=mgr/dashboard/ssl_server_port}]=0 v8)=0 v8) ==== 130+0+0 (secure 0 0 0) 0x7f45740342a0 con 0x7f458410a290
2026-02-19T23:56:03.557 INFO:teuthology.orchestra.run.trial134.stdout:/usr/bin/ceph: stderr
2026-02-19T23:56:03.440+0000 7f458b4e1640 1 -- 10.20.193.134:0/3937504796 >> [v2:10.20.193.134:6800/4254304499,v1:10.20.193.134:6801/4254304499] conn(0x7f456003dba0 msgr2=0x7f4560040060 secure :-1 s=STATE_CONNECTION_ESTABLISHED l=1).mark_down
2026-02-19T23:56:03.558 INFO:teuthology.orchestra.run.trial134.stdout:/usr/bin/ceph: stderr
2026-02-19T23:56:03.440+0000 7f458b4e1640 1 --2- 10.20.193.134:0/3937504796 >> [v2:10.20.193.134:6800/4254304499,v1:10.20.193.134:6801/4254304499] conn(0x7f456003dba0 0x7f4560040060 secure :-1 s=READY pgs=15 cs=0 l=1 rev1=1 crypto rx=0x7f45780099c0 tx=0x7f4578006eb0 comp rx=0 tx=0).stop
2026-02-19T23:56:03.558 INFO:teuthology.orchestra.run.trial134.stdout:/usr/bin/ceph: stderr
2026-02-19T23:56:03.440+0000 7f458b4e1640 1 -- 10.20.193.134:0/3937504796 >> [v2:10.20.193.134:3300/0,v1:10.20.193.134:6789/0] conn(0x7f458410a290 msgr2=0x7f45841a0130 secure :-1 s=STATE_CONNECTION_ESTABLISHED l=1).mark_down
2026-02-19T23:56:03.558 INFO:teuthology.orchestra.run.trial134.stdout:/usr/bin/ceph: stderr
2026-02-19T23:56:03.440+0000 7f458b4e1640 1 --2- 10.20.193.134:0/3937504796 >> [v2:10.20.193.134:3300/0,v1:10.20.193.134:6789/0] conn(0x7f458410a290 0x7f45841a0130 secure :-1 s=READY pgs=52 cs=0 l=1 rev1=1 crypto rx=0x7f4574037820 tx=0x7f4574037850 comp rx=0 tx=0).stop
2026-02-19T23:56:03.558 INFO:teuthology.orchestra.run.trial134.stdout:/usr/bin/ceph: stderr
2026-02-19T23:56:03.440+0000 7f458b4e1640 1 -- 10.20.193.134:0/3937504796 shutdown_connections
2026-02-19T23:56:03.558 INFO:teuthology.orchestra.run.trial134.stdout:/usr/bin/ceph: stderr
2026-02-19T23:56:03.440+0000 7f458b4e1640 1 --2- 10.20.193.134:0/3937504796 >> [v2:10.20.193.134:6800/4254304499,v1:10.20.193.134:6801/4254304499] conn(0x7f456003dba0 0x7f4560040060 unknown :-1 s=CLOSED pgs=15 cs=0 l=1 rev1=1 crypto rx=0 tx=0 comp rx=0 tx=0).stop
2026-02-19T23:56:03.558 INFO:teuthology.orchestra.run.trial134.stdout:/usr/bin/ceph: stderr
2026-02-19T23:56:03.440+0000 7f458b4e1640 1 --2- 10.20.193.134:0/3937504796 >> [v2:10.20.193.134:3300/0,v1:10.20.193.134:6789/0] conn(0x7f458410a290 0x7f45841a0130 unknown :-1 s=CLOSED pgs=52 cs=0 l=1 rev1=1 crypto rx=0 tx=0 comp rx=0 tx=0).stop
2026-02-19T23:56:03.558 INFO:teuthology.orchestra.run.trial134.stdout:/usr/bin/ceph: stderr
2026-02-19T23:56:03.440+0000 7f458b4e1640 1 -- 10.20.193.134:0/3937504796 >> 10.20.193.134:0/3937504796 conn(0x7f458407db70 msgr2=0x7f4584107e70 unknown :-1 s=STATE_NONE l=0).mark_down
2026-02-19T23:56:03.559 INFO:teuthology.orchestra.run.trial134.stdout:/usr/bin/ceph: stderr
2026-02-19T23:56:03.440+0000 7f458b4e1640 1 -- 10.20.193.134:0/3937504796 shutdown_connections
2026-02-19T23:56:03.559 INFO:teuthology.orchestra.run.trial134.stdout:/usr/bin/ceph: stderr
2026-02-19T23:56:03.440+0000 7f458b4e1640 1 -- 10.20.193.134:0/3937504796 wait complete.
2026-02-19T23:56:03.559 INFO:teuthology.orchestra.run.trial134.stdout:Enabling the dashboard module...
2026-02-19T23:56:04.678 INFO:journalctl@ceph.mon.a.trial134.stdout:Feb 19 23:56:04 trial134 ceph-mon[39662]: Added host trial134
2026-02-19T23:56:04.678 INFO:journalctl@ceph.mon.a.trial134.stdout:Feb 19 23:56:04 trial134 ceph-mon[39662]: from='client.14140 -' entity='client.admin' cmd=[{"prefix": "orch apply", "service_type": "mon", "unmanaged": true, "target": ["mon-mgr", ""]}]: dispatch
2026-02-19T23:56:04.678 INFO:journalctl@ceph.mon.a.trial134.stdout:Feb 19 23:56:04 trial134 ceph-mon[39662]: Saving service mon spec with placement count:5
2026-02-19T23:56:04.678 INFO:journalctl@ceph.mon.a.trial134.stdout:Feb 19 23:56:04 trial134 ceph-mon[39662]: from='client.14142 -' entity='client.admin' cmd=[{"prefix": "orch apply", "service_type": "mgr", "unmanaged": true, "target": ["mon-mgr", ""]}]: dispatch
2026-02-19T23:56:04.678 INFO:journalctl@ceph.mon.a.trial134.stdout:Feb 19 23:56:04 trial134 ceph-mon[39662]: Saving service mgr spec with placement count:2
2026-02-19T23:56:04.678 INFO:journalctl@ceph.mon.a.trial134.stdout:Feb 19 23:56:04 trial134 ceph-mon[39662]: from='mgr.14118 10.20.193.134:0/1292469727' entity='mgr.x'
2026-02-19T23:56:04.679 INFO:journalctl@ceph.mon.a.trial134.stdout:Feb 19 23:56:04 trial134 ceph-mon[39662]: from='client.? 10.20.193.134:0/3937504796' entity='client.admin'
2026-02-19T23:56:04.679 INFO:journalctl@ceph.mon.a.trial134.stdout:Feb 19 23:56:04 trial134 ceph-mon[39662]: from='mgr.14118 10.20.193.134:0/1292469727' entity='mgr.x'
2026-02-19T23:56:04.679 INFO:journalctl@ceph.mon.a.trial134.stdout:Feb 19 23:56:04 trial134 ceph-mon[39662]: from='client.? 10.20.193.134:0/411964751' entity='client.admin' cmd=[{"prefix": "mgr module enable", "module": "dashboard"}]: dispatch
2026-02-19T23:56:04.679 INFO:journalctl@ceph.mon.a.trial134.stdout:Feb 19 23:56:04 trial134 ceph-mon[39662]: from='mgr.14118 10.20.193.134:0/1292469727' entity='mgr.x'
2026-02-19T23:56:04.709 INFO:teuthology.orchestra.run.trial134.stdout:/usr/bin/ceph: stderr
2026-02-19T23:56:03.644+0000 7f016ee07640 1 Processor -- start
2026-02-19T23:56:04.709 INFO:teuthology.orchestra.run.trial134.stdout:/usr/bin/ceph: stderr
2026-02-19T23:56:03.644+0000 7f016ee07640 1 -- start start
2026-02-19T23:56:04.710 INFO:teuthology.orchestra.run.trial134.stdout:/usr/bin/ceph: stderr
2026-02-19T23:56:03.644+0000 7f016ee07640 1 --2- >> [v2:10.20.193.134:3300/0,v1:10.20.193.134:6789/0] conn(0x7f016810a290 0x7f016810a690 unknown :-1 s=NONE pgs=0 cs=0 l=0 rev1=0 crypto rx=0 tx=0 comp rx=0 tx=0).connect
2026-02-19T23:56:04.710 INFO:teuthology.orchestra.run.trial134.stdout:/usr/bin/ceph: stderr
2026-02-19T23:56:03.644+0000 7f016ee07640 1 -- --> [v2:10.20.193.134:3300/0,v1:10.20.193.134:6789/0] -- mon_getmap magic: 0 -- 0x7f016810ac60 con 0x7f016810a290
2026-02-19T23:56:04.710 INFO:teuthology.orchestra.run.trial134.stdout:/usr/bin/ceph: stderr
2026-02-19T23:56:03.644+0000 7f016cb7c640 1 --2- >> [v2:10.20.193.134:3300/0,v1:10.20.193.134:6789/0] conn(0x7f016810a290 0x7f016810a690 unknown :-1 s=BANNER_CONNECTING pgs=0 cs=0 l=0 rev1=0 crypto rx=0 tx=0 comp rx=0 tx=0)._handle_peer_banner_payload supported=3 required=0
2026-02-19T23:56:04.710 INFO:teuthology.orchestra.run.trial134.stdout:/usr/bin/ceph: stderr
2026-02-19T23:56:03.644+0000 7f016cb7c640 1 --2- >> [v2:10.20.193.134:3300/0,v1:10.20.193.134:6789/0] conn(0x7f016810a290 0x7f016810a690 unknown :-1 s=HELLO_CONNECTING pgs=0 cs=0 l=0 rev1=1 crypto rx=0 tx=0 comp rx=0 tx=0).handle_hello peer v2:10.20.193.134:3300/0 says I am v2:10.20.193.134:57482/0 (socket says 10.20.193.134:57482)
2026-02-19T23:56:04.710 INFO:teuthology.orchestra.run.trial134.stdout:/usr/bin/ceph: stderr
2026-02-19T23:56:03.644+0000 7f016cb7c640 1 -- 10.20.193.134:0/3096167852 learned_addr learned my addr 10.20.193.134:0/3096167852 (peer_addr_for_me v2:10.20.193.134:0/0)
2026-02-19T23:56:04.710 INFO:teuthology.orchestra.run.trial134.stdout:/usr/bin/ceph: stderr
2026-02-19T23:56:03.645+0000 7f016cb7c640 1 -- 10.20.193.134:0/3096167852 --> [v2:10.20.193.134:3300/0,v1:10.20.193.134:6789/0] -- mon_subscribe({config=0+,monmap=0+}) -- 0x7f016810b440 con 0x7f016810a290
2026-02-19T23:56:04.710 INFO:teuthology.orchestra.run.trial134.stdout:/usr/bin/ceph: stderr
2026-02-19T23:56:03.645+0000 7f016cb7c640 1 --2- 10.20.193.134:0/3096167852 >> [v2:10.20.193.134:3300/0,v1:10.20.193.134:6789/0] conn(0x7f016810a290 0x7f016810a690 secure :-1 s=READY pgs=53 cs=0 l=1 rev1=1 crypto rx=0x7f0158009920 tx=0x7f015802ef20 comp rx=0 tx=0).ready entity=mon.0 client_cookie=86081f9f6689d5fc server_cookie=0 in_seq=0 out_seq=0
2026-02-19T23:56:04.710 INFO:teuthology.orchestra.run.trial134.stdout:/usr/bin/ceph: stderr
2026-02-19T23:56:03.645+0000 7f015f7fe640 1 -- 10.20.193.134:0/3096167852 <== mon.0 v2:10.20.193.134:3300/0 1 ==== mon_map magic: 0 ==== 205+0+0 (secure 0 0 0) 0x7f015803c070 con 0x7f016810a290
2026-02-19T23:56:04.710 INFO:teuthology.orchestra.run.trial134.stdout:/usr/bin/ceph: stderr
