2026-02-19T23:56:05.045+0000 7fed4bfff640 1 -- 10.20.193.134:0/4063178122 --> [v2:10.20.193.134:6800/4254304499,v1:10.20.193.134:6801/4254304499] -- command(tid 0: {"prefix": "get_command_descriptions"}) -- 0x7fed400407c0 con 0x7fed4003dbf0
2026-02-19T23:56:08.418 INFO:teuthology.orchestra.run.trial134.stdout:/usr/bin/ceph: stderr
2026-02-19T23:56:05.045+0000 7fed6a575640 1 -- 10.20.193.134:0/4063178122 >> [v2:10.20.193.134:6800/4254304499,v1:10.20.193.134:6801/4254304499] conn(0x7fed4003dbf0 msgr2=0x7fed400400b0 unknown :-1 s=STATE_CONNECTING_RE l=1).process reconnect failed to v2:10.20.193.134:6800/4254304499
2026-02-19T23:56:08.418 INFO:teuthology.orchestra.run.trial134.stdout:/usr/bin/ceph: stderr
2026-02-19T23:56:05.045+0000 7fed4bfff640 1 -- 10.20.193.134:0/4063178122 <== mon.0 v2:10.20.193.134:3300/0 5 ==== osd_map(2..2 src has 1..2) ==== 940+0+0 (secure 0 0 0) 0x7fed60042e00 con 0x7fed6c108030
2026-02-19T23:56:08.418 INFO:teuthology.orchestra.run.trial134.stdout:/usr/bin/ceph: stderr
2026-02-19T23:56:05.045+0000 7fed6a575640 1 --2- 10.20.193.134:0/4063178122 >> [v2:10.20.193.134:6800/4254304499,v1:10.20.193.134:6801/4254304499] conn(0x7fed4003dbf0 0x7fed400400b0 unknown :-1 s=START_CONNECT pgs=0 cs=0 l=1 rev1=0 crypto rx=0 tx=0 comp rx=0 tx=0)._fault waiting 0.200000
2026-02-19T23:56:08.419 INFO:teuthology.orchestra.run.trial134.stdout:/usr/bin/ceph: stderr
2026-02-19T23:56:05.246+0000 7fed6a575640 1 -- 10.20.193.134:0/4063178122 >> [v2:10.20.193.134:6800/4254304499,v1:10.20.193.134:6801/4254304499] conn(0x7fed4003dbf0 msgr2=0x7fed400400b0 unknown :-1 s=STATE_CONNECTING_RE l=1).process reconnect failed to v2:10.20.193.134:6800/4254304499
2026-02-19T23:56:08.419 INFO:teuthology.orchestra.run.trial134.stdout:/usr/bin/ceph: stderr
2026-02-19T23:56:05.246+0000 7fed6a575640 1 --2- 10.20.193.134:0/4063178122 >> [v2:10.20.193.134:6800/4254304499,v1:10.20.193.134:6801/4254304499] conn(0x7fed4003dbf0 0x7fed400400b0 unknown :-1 s=START_CONNECT pgs=0 cs=0 l=1 rev1=0 crypto rx=0 tx=0 comp rx=0 tx=0)._fault waiting 0.400000
2026-02-19T23:56:08.419 INFO:teuthology.orchestra.run.trial134.stdout:/usr/bin/ceph: stderr
2026-02-19T23:56:05.647+0000 7fed6a575640 1 -- 10.20.193.134:0/4063178122 >> [v2:10.20.193.134:6800/4254304499,v1:10.20.193.134:6801/4254304499] conn(0x7fed4003dbf0 msgr2=0x7fed400400b0 unknown :-1 s=STATE_CONNECTING_RE l=1).process reconnect failed to v2:10.20.193.134:6800/4254304499
2026-02-19T23:56:08.419 INFO:teuthology.orchestra.run.trial134.stdout:/usr/bin/ceph: stderr
2026-02-19T23:56:05.647+0000 7fed6a575640 1 --2- 10.20.193.134:0/4063178122 >> [v2:10.20.193.134:6800/4254304499,v1:10.20.193.134:6801/4254304499] conn(0x7fed4003dbf0 0x7fed400400b0 unknown :-1 s=START_CONNECT pgs=0 cs=0 l=1 rev1=0 crypto rx=0 tx=0 comp rx=0 tx=0)._fault waiting 0.800000
2026-02-19T23:56:08.419 INFO:teuthology.orchestra.run.trial134.stdout:/usr/bin/ceph: stderr
2026-02-19T23:56:06.448+0000 7fed6a575640 1 -- 10.20.193.134:0/4063178122 >> [v2:10.20.193.134:6800/4254304499,v1:10.20.193.134:6801/4254304499] conn(0x7fed4003dbf0 msgr2=0x7fed400400b0 unknown :-1 s=STATE_CONNECTING_RE l=1).process reconnect failed to v2:10.20.193.134:6800/4254304499
2026-02-19T23:56:08.419 INFO:teuthology.orchestra.run.trial134.stdout:/usr/bin/ceph: stderr
2026-02-19T23:56:06.448+0000 7fed6a575640 1 --2- 10.20.193.134:0/4063178122 >> [v2:10.20.193.134:6800/4254304499,v1:10.20.193.134:6801/4254304499] conn(0x7fed4003dbf0 0x7fed400400b0 unknown :-1 s=START_CONNECT pgs=0 cs=0 l=1 rev1=0 crypto rx=0 tx=0 comp rx=0 tx=0)._fault waiting 1.600000
2026-02-19T23:56:08.419 INFO:teuthology.orchestra.run.trial134.stdout:/usr/bin/ceph: stderr
2026-02-19T23:56:07.347+0000 7fed4bfff640 1 -- 10.20.193.134:0/4063178122 <== mon.0 v2:10.20.193.134:3300/0 6 ==== mgrmap(e 10) ==== 50027+0+0 (secure 0 0 0) 0x7fed60035900 con 0x7fed6c108030
2026-02-19T23:56:08.419 INFO:teuthology.orchestra.run.trial134.stdout:/usr/bin/ceph: stderr
2026-02-19T23:56:07.347+0000 7fed4bfff640 1 -- 10.20.193.134:0/4063178122 >> [v2:10.20.193.134:6800/4254304499,v1:10.20.193.134:6801/4254304499] conn(0x7fed4003dbf0 msgr2=0x7fed400400b0 unknown :-1 s=STATE_CONNECTING l=1).mark_down
2026-02-19T23:56:08.419 INFO:teuthology.orchestra.run.trial134.stdout:/usr/bin/ceph: stderr
2026-02-19T23:56:07.347+0000 7fed4bfff640 1 --2- 10.20.193.134:0/4063178122 >> [v2:10.20.193.134:6800/4254304499,v1:10.20.193.134:6801/4254304499] conn(0x7fed4003dbf0 0x7fed400400b0 unknown :-1 s=START_CONNECT pgs=0 cs=0 l=1 rev1=0 crypto rx=0 tx=0 comp rx=0 tx=0).stop
2026-02-19T23:56:08.419 INFO:teuthology.orchestra.run.trial134.stdout:/usr/bin/ceph: stderr
2026-02-19T23:56:08.348+0000 7fed4bfff640 1 -- 10.20.193.134:0/4063178122 <== mon.0 v2:10.20.193.134:3300/0 7 ==== mgrmap(e 11) ==== 50154+0+0 (secure 0 0 0) 0x7fed600033c0 con 0x7fed6c108030
2026-02-19T23:56:08.419 INFO:teuthology.orchestra.run.trial134.stdout:/usr/bin/ceph: stderr
2026-02-19T23:56:08.348+0000 7fed4bfff640 1 --2- 10.20.193.134:0/4063178122 >> [v2:10.20.193.134:6800/3271734485,v1:10.20.193.134:6801/3271734485] conn(0x7fed400416d0 0x7fed40043ac0 unknown :-1 s=NONE pgs=0 cs=0 l=1 rev1=0 crypto rx=0 tx=0 comp rx=0 tx=0).connect
2026-02-19T23:56:08.419 INFO:teuthology.orchestra.run.trial134.stdout:/usr/bin/ceph: stderr
2026-02-19T23:56:08.348+0000 7fed4bfff640 1 -- 10.20.193.134:0/4063178122 --> [v2:10.20.193.134:6800/3271734485,v1:10.20.193.134:6801/3271734485] -- command(tid 0: {"prefix": "get_command_descriptions"}) -- 0x7fed400407c0 con 0x7fed400416d0
2026-02-19T23:56:08.420 INFO:teuthology.orchestra.run.trial134.stdout:/usr/bin/ceph: stderr
2026-02-19T23:56:08.348+0000 7fed6a575640 1 --2- 10.20.193.134:0/4063178122 >> [v2:10.20.193.134:6800/3271734485,v1:10.20.193.134:6801/3271734485] conn(0x7fed400416d0 0x7fed40043ac0 unknown :-1 s=BANNER_CONNECTING pgs=0 cs=0 l=1 rev1=0 crypto rx=0 tx=0 comp rx=0 tx=0)._handle_peer_banner_payload supported=3 required=0
2026-02-19T23:56:08.420 INFO:teuthology.orchestra.run.trial134.stdout:/usr/bin/ceph: stderr
2026-02-19T23:56:08.349+0000 7fed6a575640 1 --2- 10.20.193.134:0/4063178122 >> [v2:10.20.193.134:6800/3271734485,v1:10.20.193.134:6801/3271734485] conn(0x7fed400416d0 0x7fed40043ac0 secure :-1 s=READY pgs=1 cs=0 l=1 rev1=1 crypto rx=0x7fed54003a80 tx=0x7fed540092b0 comp rx=0 tx=0).ready entity=mgr.14150 client_cookie=0 server_cookie=0 in_seq=0 out_seq=0
2026-02-19T23:56:08.420 INFO:teuthology.orchestra.run.trial134.stdout:/usr/bin/ceph: stderr
2026-02-19T23:56:08.349+0000 7fed4bfff640 1 -- 10.20.193.134:0/4063178122 <== mgr.14150 v2:10.20.193.134:6800/3271734485 1 ==== command_reply(tid 0: 0 ) ==== 8+0+8901 (secure 0 0 0) 0x7fed400407c0 con 0x7fed400416d0
2026-02-19T23:56:08.420 INFO:teuthology.orchestra.run.trial134.stdout:/usr/bin/ceph: stderr
2026-02-19T23:56:08.353+0000 7fed7102f640 1 -- 10.20.193.134:0/4063178122 --> [v2:10.20.193.134:6800/3271734485,v1:10.20.193.134:6801/3271734485] -- command(tid 1: {"prefix": "mgr_status"}) -- 0x7fed6c1084b0 con 0x7fed400416d0
2026-02-19T23:56:08.420 INFO:teuthology.orchestra.run.trial134.stdout:/usr/bin/ceph: stderr
2026-02-19T23:56:08.353+0000 7fed4bfff640 1 -- 10.20.193.134:0/4063178122 <== mgr.14150 v2:10.20.193.134:6800/3271734485 2 ==== command_reply(tid 1: 0 ) ==== 8+0+52 (secure 0 0 0) 0x7fed6c1084b0 con 0x7fed400416d0
2026-02-19T23:56:08.420 INFO:teuthology.orchestra.run.trial134.stdout:/usr/bin/ceph: stderr
2026-02-19T23:56:08.353+0000 7fed7102f640 1 -- 10.20.193.134:0/4063178122 >> [v2:10.20.193.134:6800/3271734485,v1:10.20.193.134:6801/3271734485] conn(0x7fed400416d0 msgr2=0x7fed40043ac0 secure :-1 s=STATE_CONNECTION_ESTABLISHED l=1).mark_down
2026-02-19T23:56:08.420 INFO:teuthology.orchestra.run.trial134.stdout:/usr/bin/ceph: stderr
2026-02-19T23:56:08.353+0000 7fed7102f640 1 --2- 10.20.193.134:0/4063178122 >> [v2:10.20.193.134:6800/3271734485,v1:10.20.193.134:6801/3271734485] conn(0x7fed400416d0 0x7fed40043ac0 secure :-1 s=READY pgs=1 cs=0 l=1 rev1=1 crypto rx=0x7fed54003a80 tx=0x7fed540092b0 comp rx=0 tx=0).stop
2026-02-19T23:56:08.420 INFO:teuthology.orchestra.run.trial134.stdout:/usr/bin/ceph: stderr
2026-02-19T23:56:08.353+0000 7fed7102f640 1 -- 10.20.193.134:0/4063178122 >> [v2:10.20.193.134:3300/0,v1:10.20.193.134:6789/0] conn(0x7fed6c108030 msgr2=0x7fed6c07dbc0 secure :-1 s=STATE_CONNECTION_ESTABLISHED l=1).mark_down
2026-02-19T23:56:08.420 INFO:teuthology.orchestra.run.trial134.stdout:/usr/bin/ceph: stderr
2026-02-19T23:56:08.353+0000 7fed7102f640 1 --2- 10.20.193.134:0/4063178122 >> [v2:10.20.193.134:3300/0,v1:10.20.193.134:6789/0] conn(0x7fed6c108030 0x7fed6c07dbc0 secure :-1 s=READY pgs=60 cs=0 l=1 rev1=1 crypto rx=0x7fed60037820 tx=0x7fed60037850 comp rx=0 tx=0).stop
2026-02-19T23:56:08.420 INFO:teuthology.orchestra.run.trial134.stdout:/usr/bin/ceph: stderr
2026-02-19T23:56:08.353+0000 7fed7102f640 1 -- 10.20.193.134:0/4063178122 shutdown_connections
2026-02-19T23:56:08.420 INFO:teuthology.orchestra.run.trial134.stdout:/usr/bin/ceph: stderr
2026-02-19T23:56:08.353+0000 7fed7102f640 1 --2- 10.20.193.134:0/4063178122 >> [v2:10.20.193.134:6800/3271734485,v1:10.20.193.134:6801/3271734485] conn(0x7fed400416d0 0x7fed40043ac0 unknown :-1 s=CLOSED pgs=1 cs=0 l=1 rev1=1 crypto rx=0 tx=0 comp rx=0 tx=0).stop
2026-02-19T23:56:08.420 INFO:teuthology.orchestra.run.trial134.stdout:/usr/bin/ceph: stderr
2026-02-19T23:56:08.353+0000 7fed7102f640 1 --2- 10.20.193.134:0/4063178122 >> [v2:10.20.193.134:6800/4254304499,v1:10.20.193.134:6801/4254304499] conn(0x7fed4003dbf0 0x7fed400400b0 unknown :-1 s=CLOSED pgs=0 cs=0 l=1 rev1=0 crypto rx=0 tx=0 comp rx=0 tx=0).stop
2026-02-19T23:56:08.421 INFO:teuthology.orchestra.run.trial134.stdout:/usr/bin/ceph: stderr
2026-02-19T23:56:08.353+0000 7fed7102f640 1 --2- 10.20.193.134:0/4063178122 >> [v2:10.20.193.134:3300/0,v1:10.20.193.134:6789/0] conn(0x7fed6c108030 0x7fed6c07dbc0 unknown :-1 s=CLOSED pgs=60 cs=0 l=1 rev1=1 crypto rx=0 tx=0 comp rx=0 tx=0).stop
2026-02-19T23:56:08.421 INFO:teuthology.orchestra.run.trial134.stdout:/usr/bin/ceph: stderr
2026-02-19T23:56:08.353+0000 7fed7102f640 1 -- 10.20.193.134:0/4063178122 >> 10.20.193.134:0/4063178122 conn(0x7fed6c1037e0 msgr2=0x7fed6c104360 unknown :-1 s=STATE_NONE l=0).mark_down
2026-02-19T23:56:08.421 INFO:teuthology.orchestra.run.trial134.stdout:/usr/bin/ceph: stderr
2026-02-19T23:56:08.353+0000 7fed7102f640 1 -- 10.20.193.134:0/4063178122 shutdown_connections
2026-02-19T23:56:08.421 INFO:teuthology.orchestra.run.trial134.stdout:/usr/bin/ceph: stderr
2026-02-19T23:56:08.353+0000 7fed7102f640 1 -- 10.20.193.134:0/4063178122 wait complete.
2026-02-19T23:56:08.421 INFO:teuthology.orchestra.run.trial134.stdout:mgr epoch 9 is available
2026-02-19T23:56:08.421 INFO:teuthology.orchestra.run.trial134.stdout:Generating a dashboard self-signed certificate...
2026-02-19T23:56:08.823 INFO:teuthology.orchestra.run.trial134.stdout:/usr/bin/ceph: stdout Self-signed certificate created
2026-02-19T23:56:08.823 INFO:teuthology.orchestra.run.trial134.stdout:/usr/bin/ceph: stderr
2026-02-19T23:56:08.501+0000 7f9266a31640 1 Processor -- start
2026-02-19T23:56:08.823 INFO:teuthology.orchestra.run.trial134.stdout:/usr/bin/ceph: stderr
2026-02-19T23:56:08.501+0000 7f9266a31640 1 -- start start
2026-02-19T23:56:08.823 INFO:teuthology.orchestra.run.trial134.stdout:/usr/bin/ceph: stderr
2026-02-19T23:56:08.501+0000 7f9266a31640 1 --2- >> [v2:10.20.193.134:3300/0,v1:10.20.193.134:6789/0] conn(0x7f926010a2e0 0x7f926010a6e0 unknown :-1 s=NONE pgs=0 cs=0 l=0 rev1=0 crypto rx=0 tx=0 comp rx=0 tx=0).connect
2026-02-19T23:56:08.823 INFO:teuthology.orchestra.run.trial134.stdout:/usr/bin/ceph: stderr
2026-02-19T23:56:08.501+0000 7f9266a31640 1 -- --> [v2:10.20.193.134:3300/0,v1:10.20.193.134:6789/0] -- mon_getmap magic: 0 -- 0x7f926010acb0 con 0x7f926010a2e0
2026-02-19T23:56:08.823 INFO:teuthology.orchestra.run.trial134.stdout:/usr/bin/ceph: stderr
2026-02-19T23:56:08.501+0000 7f925ffff640 1 --2- >> [v2:10.20.193.134:3300/0,v1:10.20.193.134:6789/0] conn(0x7f926010a2e0 0x7f926010a6e0 unknown :-1 s=BANNER_CONNECTING pgs=0 cs=0 l=0 rev1=0 crypto rx=0 tx=0 comp rx=0 tx=0)._handle_peer_banner_payload supported=3 required=0
2026-02-19T23:56:08.823 INFO:teuthology.orchestra.run.trial134.stdout:/usr/bin/ceph: stderr
2026-02-19T23:56:08.501+0000 7f925ffff640 1 --2- >> [v2:10.20.193.134:3300/0,v1:10.20.193.134:6789/0] conn(0x7f926010a2e0 0x7f926010a6e0 unknown :-1 s=HELLO_CONNECTING pgs=0 cs=0 l=0 rev1=1 crypto rx=0 tx=0 comp rx=0 tx=0).handle_hello peer v2:10.20.193.134:3300/0 says I am v2:10.20.193.134:42814/0 (socket says 10.20.193.134:42814)
2026-02-19T23:56:08.824 INFO:teuthology.orchestra.run.trial134.stdout:/usr/bin/ceph: stderr
2026-02-19T23:56:08.501+0000 7f925ffff640 1 -- 10.20.193.134:0/1524589142 learned_addr learned my addr 10.20.193.134:0/1524589142 (peer_addr_for_me v2:10.20.193.134:0/0)
2026-02-19T23:56:08.824 INFO:teuthology.orchestra.run.trial134.stdout:/usr/bin/ceph: stderr
2026-02-19T23:56:08.501+0000 7f925ffff640 1 -- 10.20.193.134:0/1524589142 --> [v2:10.20.193.134:3300/0,v1:10.20.193.134:6789/0] -- mon_subscribe({config=0+,monmap=0+}) -- 0x7f926010b460 con 0x7f926010a2e0
2026-02-19T23:56:08.824 INFO:teuthology.orchestra.run.trial134.stdout:/usr/bin/ceph: stderr
2026-02-19T23:56:08.502+0000 7f925ffff640 1 --2- 10.20.193.134:0/1524589142 >> [v2:10.20.193.134:3300/0,v1:10.20.193.134:6789/0] conn(0x7f926010a2e0 0x7f926010a6e0 secure :-1 s=READY pgs=68 cs=0 l=1 rev1=1 crypto rx=0x7f924c009920 tx=0x7f924c02ef20 comp rx=0 tx=0).ready entity=mon.0 client_cookie=a964fe3b254c6900 server_cookie=0 in_seq=0 out_seq=0
2026-02-19T23:56:08.824 INFO:teuthology.orchestra.run.trial134.stdout:/usr/bin/ceph: stderr
2026-02-19T23:56:08.502+0000 7f925effd640 1 -- 10.20.193.134:0/1524589142 <== mon.0 v2:10.20.193.134:3300/0 1 ==== mon_map magic: 0 ==== 205+0+0 (secure 0 0 0) 0x7f924c03c070 con 0x7f926010a2e0
2026-02-19T23:56:08.824 INFO:teuthology.orchestra.run.trial134.stdout:/usr/bin/ceph: stderr
2026-02-19T23:56:08.502+0000 7f925effd640 1 -- 10.20.193.134:0/1524589142 <== mon.0 v2:10.20.193.134:3300/0 2 ==== config(25 keys) ==== 1038+0+0 (secure 0 0 0) 0x7f924c037440 con 0x7f926010a2e0
2026-02-19T23:56:08.824 INFO:teuthology.orchestra.run.trial134.stdout:/usr/bin/ceph: stderr
2026-02-19T23:56:08.502+0000 7f925effd640 1 -- 10.20.193.134:0/1524589142 <== mon.0 v2:10.20.193.134:3300/0 3 ==== mon_map magic: 0 ==== 205+0+0 (secure 0 0 0) 0x7f924c0354d0 con 0x7f926010a2e0
2026-02-19T23:56:08.824 INFO:teuthology.orchestra.run.trial134.stdout:/usr/bin/ceph: stderr
2026-02-19T23:56:08.502+0000 7f9266a31640 1 -- 10.20.193.134:0/1524589142 >> [v2:10.20.193.134:3300/0,v1:10.20.193.134:6789/0] conn(0x7f926010a2e0 msgr2=0x7f926010a6e0 secure :-1 s=STATE_CONNECTION_ESTABLISHED l=1).mark_down
2026-02-19T23:56:08.824 INFO:teuthology.orchestra.run.trial134.stdout:/usr/bin/ceph: stderr
2026-02-19T23:56:08.502+0000 7f9266a31640 1 --2- 10.20.193.134:0/1524589142 >> [v2:10.20.193.134:3300/0,v1:10.20.193.134:6789/0] conn(0x7f926010a2e0 0x7f926010a6e0 secure :-1 s=READY pgs=68 cs=0 l=1 rev1=1 crypto rx=0x7f924c009920 tx=0x7f924c02ef20 comp rx=0 tx=0).stop
2026-02-19T23:56:08.824 INFO:teuthology.orchestra.run.trial134.stdout:/usr/bin/ceph: stderr
2026-02-19T23:56:08.502+0000 7f9266a31640 1 -- 10.20.193.134:0/1524589142 shutdown_connections
2026-02-19T23:56:08.824 INFO:teuthology.orchestra.run.trial134.stdout:/usr/bin/ceph: stderr
2026-02-19T23:56:08.502+0000 7f9266a31640 1 --2- 10.20.193.134:0/1524589142 >> [v2:10.20.193.134:3300/0,v1:10.20.193.134:6789/0] conn(0x7f926010a2e0 0x7f926010a6e0 unknown :-1 s=CLOSED pgs=68 cs=0 l=1 rev1=1 crypto rx=0 tx=0 comp rx=0 tx=0).stop
2026-02-19T23:56:08.824 INFO:teuthology.orchestra.run.trial134.stdout:/usr/bin/ceph: stderr
2026-02-19T23:56:08.502+0000 7f9266a31640 1 -- 10.20.193.134:0/1524589142 >> 10.20.193.134:0/1524589142 conn(0x7f926007dc20 msgr2=0x7f92601086a0 unknown :-1 s=STATE_NONE l=0).mark_down
2026-02-19T23:56:08.825 INFO:teuthology.orchestra.run.trial134.stdout:/usr/bin/ceph: stderr
2026-02-19T23:56:08.502+0000 7f9266a31640 1 -- 10.20.193.134:0/1524589142 shutdown_connections
2026-02-19T23:56:08.825 INFO:teuthology.orchestra.run.trial134.stdout:/usr/bin/ceph: stderr
2026-02-19T23:56:08.502+0000 7f9266a31640 1 -- 10.20.193.134:0/1524589142 wait complete.
2026-02-19T23:56:08.825 INFO:teuthology.orchestra.run.trial134.stdout:/usr/bin/ceph: stderr
2026-02-19T23:56:08.503+0000 7f9266a31640 1 Processor -- start
2026-02-19T23:56:08.825 INFO:teuthology.orchestra.run.trial134.stdout:/usr/bin/ceph: stderr
2026-02-19T23:56:08.503+0000 7f9266a31640 1 -- start start
2026-02-19T23:56:08.825 INFO:teuthology.orchestra.run.trial134.stdout:/usr/bin/ceph: stderr
2026-02-19T23:56:08.503+0000 7f9266a31640 1 --2- >> [v2:10.20.193.134:3300/0,v1:10.20.193.134:6789/0] conn(0x7f926010a2e0 0x7f92601a00e0 unknown :-1 s=NONE pgs=0 cs=0 l=1 rev1=0 crypto rx=0 tx=0 comp rx=0 tx=0).connect
2026-02-19T23:56:08.825 INFO:teuthology.orchestra.run.trial134.stdout:/usr/bin/ceph: stderr
2026-02-19T23:56:08.503+0000 7f9266a31640 1 -- --> [v2:10.20.193.134:3300/0,v1:10.20.193.134:6789/0] -- mon_getmap magic: 0 -- 0x7f926010e810 con 0x7f926010a2e0
2026-02-19T23:56:08.825 INFO:teuthology.orchestra.run.trial134.stdout:/usr/bin/ceph: stderr
2026-02-19T23:56:08.503+0000 7f925ffff640 1 --2- >> [v2:10.20.193.134:3300/0,v1:10.20.193.134:6789/0] conn(0x7f926010a2e0 0x7f92601a00e0 unknown :-1 s=BANNER_CONNECTING pgs=0 cs=0 l=1 rev1=0 crypto rx=0 tx=0 comp rx=0 tx=0)._handle_peer_banner_payload supported=3 required=0
2026-02-19T23:56:08.825 INFO:teuthology.orchestra.run.trial134.stdout:/usr/bin/ceph: stderr
2026-02-19T23:56:08.503+0000 7f925ffff640 1 --2- >> [v2:10.20.193.134:3300/0,v1:10.20.193.134:6789/0] conn(0x7f926010a2e0 0x7f92601a00e0 unknown :-1 s=HELLO_CONNECTING pgs=0 cs=0 l=1 rev1=1 crypto rx=0 tx=0 comp rx=0 tx=0).handle_hello peer v2:10.20.193.134:3300/0 says I am v2:10.20.193.134:42818/0 (socket says 10.20.193.134:42818)
2026-02-19T23:56:08.825 INFO:teuthology.orchestra.run.trial134.stdout:/usr/bin/ceph: stderr
2026-02-19T23:56:08.503+0000 7f925ffff640 1 -- 10.20.193.134:0/1265175604 learned_addr learned my addr 10.20.193.134:0/1265175604 (peer_addr_for_me v2:10.20.193.134:0/0)
2026-02-19T23:56:08.825 INFO:teuthology.orchestra.run.trial134.stdout:/usr/bin/ceph: stderr
2026-02-19T23:56:08.503+0000 7f925ffff640 1 -- 10.20.193.134:0/1265175604 --> [v2:10.20.193.134:3300/0,v1:10.20.193.134:6789/0] -- mon_subscribe({config=0+,monmap=0+}) -- 0x7f92601a0620 con 0x7f926010a2e0
2026-02-19T23:56:08.825 INFO:teuthology.orchestra.run.trial134.stdout:/usr/bin/ceph: stderr
2026-02-19T23:56:08.503+0000 7f925ffff640 1 --2- 10.20.193.134:0/1265175604 >> [v2:10.20.193.134:3300/0,v1:10.20.193.134:6789/0] conn(0x7f926010a2e0 0x7f92601a00e0 secure :-1 s=READY pgs=69 cs=0 l=1 rev1=1 crypto rx=0x7f924c037820 tx=0x7f924c037850 comp rx=0 tx=0).ready entity=mon.0 client_cookie=0 server_cookie=0 in_seq=0 out_seq=0
2026-02-19T23:56:08.826 INFO:teuthology.orchestra.run.trial134.stdout:/usr/bin/ceph: stderr
2026-02-19T23:56:08.503+0000 7f925d7fa640 1 -- 10.20.193.134:0/1265175604 <== mon.0 v2:10.20.193.134:3300/0 1 ==== mon_map magic: 0 ==== 205+0+0 (secure 0 0 0) 0x7f924c047070 con 0x7f926010a2e0
2026-02-19T23:56:08.826 INFO:teuthology.orchestra.run.trial134.stdout:/usr/bin/ceph: stderr
2026-02-19T23:56:08.503+0000 7f925d7fa640 1 -- 10.20.193.134:0/1265175604 <== mon.0 v2:10.20.193.134:3300/0 2 ==== config(25 keys) ==== 1038+0+0 (secure 0 0 0) 0x7f924c035d70 con 0x7f926010a2e0
2026-02-19T23:56:08.826 INFO:teuthology.orchestra.run.trial134.stdout:/usr/bin/ceph: stderr
2026-02-19T23:56:08.503+0000 7f9266a31640 1 -- 10.20.193.134:0/1265175604 --> [v2:10.20.193.134:3300/0,v1:10.20.193.134:6789/0] -- mon_subscribe({mgrmap=0+}) -- 0x7f92601a08b0 con 0x7f926010a2e0
2026-02-19T23:56:08.826 INFO:teuthology.orchestra.run.trial134.stdout:/usr/bin/ceph: stderr
2026-02-19T23:56:08.503+0000 7f925d7fa640 1 -- 10.20.193.134:0/1265175604 <== mon.0 v2:10.20.193.134:3300/0 3 ==== mon_map magic: 0 ==== 205+0+0 (secure 0 0 0) 0x7f924c03c070 con 0x7f926010a2e0
2026-02-19T23:56:08.826 INFO:teuthology.orchestra.run.trial134.stdout:/usr/bin/ceph: stderr
2026-02-19T23:56:08.503+0000 7f9266a31640 1 -- 10.20.193.134:0/1265175604 --> [v2:10.20.193.134:3300/0,v1:10.20.193.134:6789/0] -- mon_subscribe({osdmap=0}) -- 0x7f92601a35a0 con 0x7f926010a2e0
2026-02-19T23:56:08.826 INFO:teuthology.orchestra.run.trial134.stdout:/usr/bin/ceph: stderr
2026-02-19T23:56:08.504+0000 7f9266a31640 1 -- 10.20.193.134:0/1265175604 --> [v2:10.20.193.134:3300/0,v1:10.20.193.134:6789/0] -- mon_command({"prefix": "get_command_descriptions"} v 0) -- 0x7f926010a760 con 0x7f926010a2e0
2026-02-19T23:56:08.826 INFO:teuthology.orchestra.run.trial134.stdout:/usr/bin/ceph: stderr
2026-02-19T23:56:08.504+0000 7f925d7fa640 1 -- 10.20.193.134:0/1265175604 <== mon.0 v2:10.20.193.134:3300/0 4 ==== mgrmap(e 11) ==== 50154+0+0 (secure 0 0 0) 0x7f924c0425d0 con 0x7f926010a2e0
2026-02-19T23:56:08.826 INFO:teuthology.orchestra.run.trial134.stdout:/usr/bin/ceph: stderr
2026-02-19T23:56:08.504+0000 7f925d7fa640 1 --2- 10.20.193.134:0/1265175604 >> [v2:10.20.193.134:6800/3271734485,v1:10.20.193.134:6801/3271734485] conn(0x7f923403db20 0x7f923403ffe0 unknown :-1 s=NONE pgs=0 cs=0 l=1 rev1=0 crypto rx=0 tx=0 comp rx=0 tx=0).connect
2026-02-19T23:56:08.826 INFO:teuthology.orchestra.run.trial134.stdout:/usr/bin/ceph: stderr
2026-02-19T23:56:08.504+0000 7f925d7fa640 1 -- 10.20.193.134:0/1265175604 <== mon.0 v2:10.20.193.134:3300/0 5 ==== osd_map(3..3 src has 1..3) ==== 1155+0+0 (secure 0 0 0) 0x7f924c076ce0 con 0x7f926010a2e0
2026-02-19T23:56:08.826 INFO:teuthology.orchestra.run.trial134.stdout:/usr/bin/ceph: stderr
2026-02-19T23:56:08.504+0000 7f925f7fe640 1 --2- 10.20.193.134:0/1265175604 >> [v2:10.20.193.134:6800/3271734485,v1:10.20.193.134:6801/3271734485] conn(0x7f923403db20 0x7f923403ffe0 unknown :-1 s=BANNER_CONNECTING pgs=0 cs=0 l=1 rev1=0 crypto rx=0 tx=0 comp rx=0 tx=0)._handle_peer_banner_payload supported=3 required=0
2026-02-19T23:56:08.826 INFO:teuthology.orchestra.run.trial134.stdout:/usr/bin/ceph: stderr
2026-02-19T23:56:08.505+0000 7f925f7fe640 1 --2- 10.20.193.134:0/1265175604 >> [v2:10.20.193.134:6800/3271734485,v1:10.20.193.134:6801/3271734485] conn(0x7f923403db20 0x7f923403ffe0 secure :-1 s=READY pgs=7 cs=0 l=1 rev1=1 crypto rx=0x7f92500099c0 tx=0x7f9250006eb0 comp rx=0 tx=0).ready entity=mgr.14150 client_cookie=0 server_cookie=0 in_seq=0 out_seq=0
2026-02-19T23:56:08.827 INFO:teuthology.orchestra.run.trial134.stdout:/usr/bin/ceph: stderr
2026-02-19T23:56:08.507+0000 7f925d7fa640 1 -- 10.20.193.134:0/1265175604 <== mon.0 v2:10.20.193.134:3300/0 6 ==== mon_command_ack([{"prefix": "get_command_descriptions"}]=0 v0) ==== 72+0+195034 (secure 0 0 0) 0x7f924c04be00 con 0x7f926010a2e0
2026-02-19T23:56:08.827 INFO:teuthology.orchestra.run.trial134.stdout:/usr/bin/ceph: stderr
2026-02-19T23:56:08.597+0000 7f9266a31640 1 -- 10.20.193.134:0/1265175604 --> [v2:10.20.193.134:6800/3271734485,v1:10.20.193.134:6801/3271734485] -- mgr_command(tid 0: {"prefix": "dashboard create-self-signed-cert", "target": ["mon-mgr", ""]}) -- 0x7f9260108510 con 0x7f923403db20
2026-02-19T23:56:08.827 INFO:teuthology.orchestra.run.trial134.stdout:/usr/bin/ceph: stderr
2026-02-19T23:56:08.647+0000 7f925d7fa640 1 -- 10.20.193.134:0/1265175604 <== mgr.14150 v2:10.20.193.134:6800/3271734485 1 ==== mgr_command_reply(tid 0: 0 ) ==== 8+0+32 (secure 0 0 0) 0x7f9260108510 con 0x7f923403db20
2026-02-19T23:56:08.827 INFO:teuthology.orchestra.run.trial134.stdout:/usr/bin/ceph: stderr
2026-02-19T23:56:08.648+0000 7f9266a31640 1 -- 10.20.193.134:0/1265175604 >> [v2:10.20.193.134:6800/3271734485,v1:10.20.193.134:6801/3271734485] conn(0x7f923403db20 msgr2=0x7f923403ffe0 secure :-1 s=STATE_CONNECTION_ESTABLISHED l=1).mark_down
2026-02-19T23:56:08.827 INFO:teuthology.orchestra.run.trial134.stdout:/usr/bin/ceph: stderr
2026-02-19T23:56:08.648+0000 7f9266a31640 1 --2- 10.20.193.134:0/1265175604 >> [v2:10.20.193.134:6800/3271734485,v1:10.20.193.134:6801/3271734485] conn(0x7f923403db20 0x7f923403ffe0 secure :-1 s=READY pgs=7 cs=0 l=1 rev1=1 crypto rx=0x7f92500099c0 tx=0x7f9250006eb0 comp rx=0 tx=0).stop
2026-02-19T23:56:08.827 INFO:teuthology.orchestra.run.trial134.stdout:/usr/bin/ceph: stderr
2026-02-19T23:56:08.648+0000 7f9266a31640 1 -- 10.20.193.134:0/1265175604 >> [v2:10.20.193.134:3300/0,v1:10.20.193.134:6789/0] conn(0x7f926010a2e0 msgr2=0x7f92601a00e0 secure :-1 s=STATE_CONNECTION_ESTABLISHED l=1).mark_down
2026-02-19T23:56:08.827 INFO:teuthology.orchestra.run.trial134.stdout:/usr/bin/ceph: stderr
2026-02-19T23:56:08.648+0000 7f9266a31640 1 --2- 10.20.193.134:0/1265175604 >> [v2:10.20.193.134:3300/0,v1:10.20.193.134:6789/0] conn(0x7f926010a2e0 0x7f92601a00e0 secure :-1 s=READY pgs=69 cs=0 l=1 rev1=1 crypto rx=0x7f924c037820 tx=0x7f924c037850 comp rx=0 tx=0).stop
2026-02-19T23:56:08.827 INFO:teuthology.orchestra.run.trial134.stdout:/usr/bin/ceph: stderr
2026-02-19T23:56:08.648+0000 7f9266a31640 1 -- 10.20.193.134:0/1265175604 shutdown_connections
2026-02-19T23:56:08.827 INFO:teuthology.orchestra.run.trial134.stdout:/usr/bin/ceph: stderr
2026-02-19T23:56:08.648+0000 7f9266a31640 1 --2- 10.20.193.134:0/1265175604 >> [v2:10.20.193.134:6800/3271734485,v1:10.20.193.134:6801/3271734485] conn(0x7f923403db20 0x7f923403ffe0 unknown :-1 s=CLOSED pgs=7 cs=0 l=1 rev1=1 crypto rx=0 tx=0 comp rx=0 tx=0).stop
2026-02-19T23:56:08.827 INFO:teuthology.orchestra.run.trial134.stdout:/usr/bin/ceph: stderr
2026-02-19T23:56:08.648+0000 7f9266a31640 1 --2- 10.20.193.134:0/1265175604 >> [v2:10.20.193.134:3300/0,v1:10.20.193.134:6789/0] conn(0x7f926010a2e0 0x7f92601a00e0 unknown :-1 s=CLOSED pgs=69 cs=0 l=1 rev1=1 crypto rx=0 tx=0 comp rx=0 tx=0).stop
2026-02-19T23:56:08.827 INFO:teuthology.orchestra.run.trial134.stdout:/usr/bin/ceph: stderr
2026-02-19T23:56:08.648+0000 7f9266a31640 1 -- 10.20.193.134:0/1265175604 >> 10.20.193.134:0/1265175604 conn(0x7f926007dc20 msgr2=0x7f9260107e00 unknown :-1 s=STATE_NONE l=0).mark_down
2026-02-19T23:56:08.827 INFO:teuthology.orchestra.run.trial134.stdout:/usr/bin/ceph: stderr
2026-02-19T23:56:08.648+0000 7f9266a31640 1 -- 10.20.193.134:0/1265175604 shutdown_connections
2026-02-19T23:56:08.828 INFO:teuthology.orchestra.run.trial134.stdout:/usr/bin/ceph: stderr
2026-02-19T23:56:08.648+0000 7f9266a31640 1 -- 10.20.193.134:0/1265175604 wait complete.
2026-02-19T23:56:08.828 INFO:teuthology.orchestra.run.trial134.stdout:Creating initial admin user...
2026-02-19T23:56:08.934 INFO:journalctl@ceph.mon.a.trial134.stdout:Feb 19 23:56:08 trial134 ceph-mon[39662]: from='mgr.14150 10.20.193.134:0/2652405900' entity='mgr.x'
2026-02-19T23:56:08.935 INFO:journalctl@ceph.mon.a.trial134.stdout:Feb 19 23:56:08 trial134 ceph-mon[39662]: from='mgr.14150 10.20.193.134:0/2652405900' entity='mgr.x'
2026-02-19T23:56:08.935 INFO:journalctl@ceph.mon.a.trial134.stdout:Feb 19 23:56:08 trial134 ceph-mon[39662]: [19/Feb/2026:23:56:08] ENGINE Bus STARTING
2026-02-19T23:56:08.935 INFO:journalctl@ceph.mon.a.trial134.stdout:Feb 19 23:56:08 trial134 ceph-mon[39662]: from='client.14154 -' entity='client.admin' cmd=[{"prefix": "get_command_descriptions"}]: dispatch
2026-02-19T23:56:08.935 INFO:journalctl@ceph.mon.a.trial134.stdout:Feb 19 23:56:08 trial134 ceph-mon[39662]: mgrmap e11: x(active, since 1.00432s)
2026-02-19T23:56:08.935 INFO:journalctl@ceph.mon.a.trial134.stdout:Feb 19 23:56:08 trial134 ceph-mon[39662]: from='client.14154 -' entity='client.admin' cmd=[{"prefix": "mgr_status"}]: dispatch
2026-02-19T23:56:08.935 INFO:journalctl@ceph.mon.a.trial134.stdout:Feb 19 23:56:08 trial134 ceph-mon[39662]: [19/Feb/2026:23:56:08] ENGINE Serving on https://10.20.193.134:7150
2026-02-19T23:56:08.935 INFO:journalctl@ceph.mon.a.trial134.stdout:Feb 19 23:56:08 trial134 ceph-mon[39662]: [19/Feb/2026:23:56:08] ENGINE Client ('10.20.193.134', 50702) lost — peer dropped the TLS connection suddenly, during handshake: (6, 'TLS/SSL connection has been closed (EOF) (_ssl.c:1147)')
2026-02-19T23:56:08.935 INFO:journalctl@ceph.mon.a.trial134.stdout:Feb 19 23:56:08 trial134 ceph-mon[39662]: [19/Feb/2026:23:56:08] ENGINE Serving on http://10.20.193.134:8765
2026-02-19T23:56:08.935 INFO:journalctl@ceph.mon.a.trial134.stdout:Feb 19 23:56:08 trial134 ceph-mon[39662]: [19/Feb/2026:23:56:08] ENGINE Bus STARTED
2026-02-19T23:56:08.935 INFO:journalctl@ceph.mon.a.trial134.stdout:Feb 19 23:56:08 trial134 ceph-mon[39662]: from='client.14162 -' entity='client.admin' cmd=[{"prefix": "dashboard create-self-signed-cert", "target": ["mon-mgr", ""]}]: dispatch
2026-02-19T23:56:08.936 INFO:journalctl@ceph.mon.a.trial134.stdout:Feb 19 23:56:08 trial134 ceph-mon[39662]: from='mgr.14150 10.20.193.134:0/2652405900' entity='mgr.x'
2026-02-19T23:56:08.936 INFO:journalctl@ceph.mon.a.trial134.stdout:Feb 19 23:56:08 trial134 ceph-mon[39662]: from='mgr.14150 10.20.193.134:0/2652405900' entity='mgr.x'
2026-02-19T23:56:09.446 INFO:teuthology.orchestra.run.trial134.stdout:/usr/bin/ceph: stdout {"username": "admin", "password": "$2b$12$b3B5naclP1/MjiVQKeP0dOXDtTTA5kL8I4FsaDvxklB7bo72LpmdW", "roles": ["administrator"], "name": null, "email": null, "lastUpdate": 1771545369, "enabled": true, "pwdExpirationDate": null, "pwdUpdateRequired": true}
2026-02-19T23:56:09.446 INFO:teuthology.orchestra.run.trial134.stdout:/usr/bin/ceph: stderr
2026-02-19T23:56:09.180+0000 7f6bbb1b2640 1 Processor -- start
2026-02-19T23:56:09.446 INFO:teuthology.orchestra.run.trial134.stdout:/usr/bin/ceph: stderr
2026-02-19T23:56:09.180+0000 7f6bbb1b2640 1 -- start start
2026-02-19T23:56:09.446 INFO:teuthology.orchestra.run.trial134.stdout:/usr/bin/ceph: stderr
2026-02-19T23:56:09.180+0000 7f6bbb1b2640 1 --2- >> [v2:10.20.193.134:3300/0,v1:10.20.193.134:6789/0] conn(0x7f6bb410a290 0x7f6bb410a690 unknown :-1 s=NONE pgs=0 cs=0 l=0 rev1=0 crypto rx=0 tx=0 comp rx=0 tx=0).connect
2026-02-19T23:56:09.447 INFO:teuthology.orchestra.run.trial134.stdout:/usr/bin/ceph: stderr
2026-02-19T23:56:09.180+0000 7f6bbb1b2640 1 -- --> [v2:10.20.193.134:3300/0,v1:10.20.193.134:6789/0] -- mon_getmap magic: 0 -- 0x7f6bb410ac60 con 0x7f6bb410a290
2026-02-19T23:56:09.447 INFO:teuthology.orchestra.run.trial134.stdout:/usr/bin/ceph: stderr
2026-02-19T23:56:09.180+0000 7f6bb8f27640 1 --2- >> [v2:10.20.193.134:3300/0,v1:10.20.193.134:6789/0] conn(0x7f6bb410a290 0x7f6bb410a690 unknown :-1 s=BANNER_CONNECTING pgs=0 cs=0 l=0 rev1=0 crypto rx=0 tx=0 comp rx=0 tx=0)._handle_peer_banner_payload supported=3 required=0
2026-02-19T23:56:09.447 INFO:teuthology.orchestra.run.trial134.stdout:/usr/bin/ceph: stderr
2026-02-19T23:56:09.180+0000 7f6bb8f27640 1 --2- >> [v2:10.20.193.134:3300/0,v1:10.20.193.134:6789/0] conn(0x7f6bb410a290 0x7f6bb410a690 unknown :-1 s=HELLO_CONNECTING pgs=0 cs=0 l=0 rev1=1 crypto rx=0 tx=0 comp rx=0 tx=0).handle_hello peer v2:10.20.193.134:3300/0 says I am v2:10.20.193.134:42828/0 (socket says 10.20.193.134:42828)
2026-02-19T23:56:09.447 INFO:teuthology.orchestra.run.trial134.stdout:/usr/bin/ceph: stderr
2026-02-19T23:56:09.180+0000 7f6bb8f27640 1 -- 10.20.193.134:0/3099066556 learned_addr learned my addr 10.20.193.134:0/3099066556 (peer_addr_for_me v2:10.20.193.134:0/0)
2026-02-19T23:56:09.447 INFO:teuthology.orchestra.run.trial134.stdout:/usr/bin/ceph: stderr
2026-02-19T23:56:09.180+0000 7f6bb8f27640 1 -- 10.20.193.134:0/3099066556 --> [v2:10.20.193.134:3300/0,v1:10.20.193.134:6789/0] -- mon_subscribe({config=0+,monmap=0+}) -- 0x7f6bb410b440 con 0x7f6bb410a290
2026-02-19T23:56:09.447 INFO:teuthology.orchestra.run.trial134.stdout:/usr/bin/ceph: stderr
2026-02-19T23:56:09.181+0000 7f6bb8f27640 1 --2- 10.20.193.134:0/3099066556 >> [v2:10.20.193.134:3300/0,v1:10.20.193.134:6789/0] conn(0x7f6bb410a290 0x7f6bb410a690 secure :-1 s=READY pgs=70 cs=0 l=1 rev1=1 crypto rx=0x7f6ba4009920 tx=0x7f6ba402ef20 comp rx=0 tx=0).ready entity=mon.0 client_cookie=4ff94de8b0efd756 server_cookie=0 in_seq=0 out_seq=0
2026-02-19T23:56:09.447 INFO:teuthology.orchestra.run.trial134.stdout:/usr/bin/ceph: stderr
2026-02-19T23:56:09.181+0000 7f6bab7fe640 1 -- 10.20.193.134:0/3099066556 <== mon.0 v2:10.20.193.134:3300/0 1 ==== mon_map magic: 0 ==== 205+0+0 (secure 0 0 0) 0x7f6ba403c070 con 0x7f6bb410a290
2026-02-19T23:56:09.447 INFO:teuthology.orchestra.run.trial134.stdout:/usr/bin/ceph: stderr
2026-02-19T23:56:09.181+0000 7f6bab7fe640 1 -- 10.20.193.134:0/3099066556 <== mon.0 v2:10.20.193.134:3300/0 2 ==== config(25 keys) ==== 1038+0+0 (secure 0 0 0) 0x7f6ba4037440 con 0x7f6bb410a290
2026-02-19T23:56:09.447 INFO:teuthology.orchestra.run.trial134.stdout:/usr/bin/ceph: stderr
2026-02-19T23:56:09.181+0000 7f6bab7fe640 1 -- 10.20.193.134:0/3099066556 <== mon.0 v2:10.20.193.134:3300/0 3 ==== mon_map magic: 0 ==== 205+0+0 (secure 0 0 0) 0x7f6ba40354d0 con 0x7f6bb410a290
2026-02-19T23:56:09.447 INFO:teuthology.orchestra.run.trial134.stdout:/usr/bin/ceph: stderr
2026-02-19T23:56:09.181+0000 7f6bbb1b2640 1 -- 10.20.193.134:0/3099066556 >> [v2:10.20.193.134:3300/0,v1:10.20.193.134:6789/0] conn(0x7f6bb410a290 msgr2=0x7f6bb410a690 secure :-1 s=STATE_CONNECTION_ESTABLISHED l=1).mark_down
2026-02-19T23:56:09.447 INFO:teuthology.orchestra.run.trial134.stdout:/usr/bin/ceph: stderr
2026-02-19T23:56:09.181+0000 7f6bbb1b2640 1 --2- 10.20.193.134:0/3099066556 >> [v2:10.20.193.134:3300/0,v1:10.20.193.134:6789/0] conn(0x7f6bb410a290 0x7f6bb410a690 secure :-1 s=READY pgs=70 cs=0 l=1 rev1=1 crypto rx=0x7f6ba4009920 tx=0x7f6ba402ef20 comp rx=0 tx=0).stop
2026-02-19T23:56:09.448 INFO:teuthology.orchestra.run.trial134.stdout:/usr/bin/ceph: stderr
2026-02-19T23:56:09.181+0000 7f6bbb1b2640 1 -- 10.20.193.134:0/3099066556 shutdown_connections
2026-02-19T23:56:09.448 INFO:teuthology.orchestra.run.trial134.stdout:/usr/bin/ceph: stderr
2026-02-19T23:56:09.181+0000 7f6bbb1b2640 1 --2- 10.20.193.134:0/3099066556 >> [v2:10.20.193.134:3300/0,v1:10.20.193.134:6789/0] conn(0x7f6bb410a290 0x7f6bb410a690 unknown :-1 s=CLOSED pgs=70 cs=0 l=1 rev1=1 crypto rx=0 tx=0 comp rx=0 tx=0).stop
2026-02-19T23:56:09.448 INFO:teuthology.orchestra.run.trial134.stdout:/usr/bin/ceph: stderr
2026-02-19T23:56:09.181+0000 7f6bbb1b2640 1 -- 10.20.193.134:0/3099066556 >> 10.20.193.134:0/3099066556 conn(0x7f6bb407db70 msgr2=0x7f6bb41086a0 unknown :-1 s=STATE_NONE l=0).mark_down
2026-02-19T23:56:09.448 INFO:teuthology.orchestra.run.trial134.stdout:/usr/bin/ceph: stderr
2026-02-19T23:56:09.181+0000 7f6bbb1b2640 1 -- 10.20.193.134:0/3099066556 shutdown_connections
2026-02-19T23:56:09.448 INFO:teuthology.orchestra.run.trial134.stdout:/usr/bin/ceph: stderr
2026-02-19T23:56:09.181+0000 7f6bbb1b2640 1 -- 10.20.193.134:0/3099066556 wait complete.
2026-02-19T23:56:09.448 INFO:teuthology.orchestra.run.trial134.stdout:/usr/bin/ceph: stderr
2026-02-19T23:56:09.182+0000 7f6bbb1b2640 1 Processor -- start
2026-02-19T23:56:09.448 INFO:teuthology.orchestra.run.trial134.stdout:/usr/bin/ceph: stderr
2026-02-19T23:56:09.182+0000 7f6bbb1b2640 1 -- start start
2026-02-19T23:56:09.448 INFO:teuthology.orchestra.run.trial134.stdout:/usr/bin/ceph: stderr
2026-02-19T23:56:09.182+0000 7f6bbb1b2640 1 --2- >> [v2:10.20.193.134:3300/0,v1:10.20.193.134:6789/0] conn(0x7f6bb410a290 0x7f6bb41a0150 unknown :-1 s=NONE pgs=0 cs=0 l=1 rev1=0 crypto rx=0 tx=0 comp rx=0 tx=0).connect
2026-02-19T23:56:09.448 INFO:teuthology.orchestra.run.trial134.stdout:/usr/bin/ceph: stderr
2026-02-19T23:56:09.182+0000 7f6bbb1b2640 1 -- --> [v2:10.20.193.134:3300/0,v1:10.20.193.134:6789/0] -- mon_getmap magic: 0 -- 0x7f6bb410e670 con 0x7f6bb410a290
2026-02-19T23:56:09.448 INFO:teuthology.orchestra.run.trial134.stdout:/usr/bin/ceph: stderr
2026-02-19T23:56:09.182+0000 7f6bb8f27640 1 --2- >> [v2:10.20.193.134:3300/0,v1:10.20.193.134:6789/0] conn(0x7f6bb410a290 0x7f6bb41a0150 unknown :-1 s=BANNER_CONNECTING pgs=0 cs=0 l=1 rev1=0 crypto rx=0 tx=0 comp rx=0 tx=0)._handle_peer_banner_payload supported=3 required=0
2026-02-19T23:56:09.448 INFO:teuthology.orchestra.run.trial134.stdout:/usr/bin/ceph: stderr
2026-02-19T23:56:09.182+0000 7f6bb8f27640 1 --2- >> [v2:10.20.193.134:3300/0,v1:10.20.193.134:6789/0] conn(0x7f6bb410a290 0x7f6bb41a0150 unknown :-1 s=HELLO_CONNECTING pgs=0 cs=0 l=1 rev1=1 crypto rx=0 tx=0 comp rx=0 tx=0).handle_hello peer v2:10.20.193.134:3300/0 says I am v2:10.20.193.134:42844/0 (socket says 10.20.193.134:42844)
2026-02-19T23:56:09.449 INFO:teuthology.orchestra.run.trial134.stdout:/usr/bin/ceph: stderr
2026-02-19T23:56:09.182+0000 7f6bb8f27640 1 -- 10.20.193.134:0/1580818569 learned_addr learned my addr 10.20.193.134:0/1580818569 (peer_addr_for_me v2:10.20.193.134:0/0)
2026-02-19T23:56:09.449 INFO:teuthology.orchestra.run.trial134.stdout:/usr/bin/ceph: stderr
2026-02-19T23:56:09.182+0000 7f6bb8f27640 1 -- 10.20.193.134:0/1580818569 --> [v2:10.20.193.134:3300/0,v1:10.20.193.134:6789/0] -- mon_subscribe({config=0+,monmap=0+}) -- 0x7f6bb41a0690 con 0x7f6bb410a290
2026-02-19T23:56:09.449 INFO:teuthology.orchestra.run.trial134.stdout:/usr/bin/ceph: stderr
2026-02-19T23:56:09.182+0000 7f6bb8f27640 1 --2- 10.20.193.134:0/1580818569 >> [v2:10.20.193.134:3300/0,v1:10.20.193.134:6789/0] conn(0x7f6bb410a290 0x7f6bb41a0150 secure :-1 s=READY pgs=71 cs=0 l=1 rev1=1 crypto rx=0x7f6ba4037820 tx=0x7f6ba4037850 comp rx=0 tx=0).ready entity=mon.0 client_cookie=0 server_cookie=0 in_seq=0 out_seq=0
2026-02-19T23:56:09.449 INFO:teuthology.orchestra.run.trial134.stdout:/usr/bin/ceph: stderr
2026-02-19T23:56:09.182+0000 7f6ba9ffb640 1 -- 10.20.193.134:0/1580818569 <== mon.0 v2:10.20.193.134:3300/0 1 ==== mon_map magic: 0 ==== 205+0+0 (secure 0 0 0) 0x7f6ba4047070 con 0x7f6bb410a290
2026-02-19T23:56:09.449 INFO:teuthology.orchestra.run.trial134.stdout:/usr/bin/ceph: stderr
2026-02-19T23:56:09.182+0000 7f6ba9ffb640 1 -- 10.20.193.134:0/1580818569 <== mon.0 v2:10.20.193.134:3300/0 2 ==== config(25 keys) ==== 1038+0+0 (secure 0 0 0) 0x7f6ba4035d70 con 0x7f6bb410a290
2026-02-19T23:56:09.449 INFO:teuthology.orchestra.run.trial134.stdout:/usr/bin/ceph: stderr
2026-02-19T23:56:09.182+0000 7f6bbb1b2640 1 -- 10.20.193.134:0/1580818569 --> [v2:10.20.193.134:3300/0,v1:10.20.193.134:6789/0] -- mon_subscribe({mgrmap=0+}) -- 0x7f6bb41a0920 con 0x7f6bb410a290
2026-02-19T23:56:09.449 INFO:teuthology.orchestra.run.trial134.stdout:/usr/bin/ceph: stderr
2026-02-19T23:56:09.182+0000 7f6ba9ffb640 1 -- 10.20.193.134:0/1580818569 <== mon.0 v2:10.20.193.134:3300/0 3 ==== mon_map magic: 0 ==== 205+0+0 (secure 0 0 0) 0x7f6ba403c070 con 0x7f6bb410a290
2026-02-19T23:56:09.449 INFO:teuthology.orchestra.run.trial134.stdout:/usr/bin/ceph: stderr
2026-02-19T23:56:09.182+0000 7f6bbb1b2640 1 -- 10.20.193.134:0/1580818569 --> [v2:10.20.193.134:3300/0,v1:10.20.193.134:6789/0] -- mon_subscribe({osdmap=0}) -- 0x7f6bb41a3610 con 0x7f6bb410a290
2026-02-19T23:56:09.449 INFO:teuthology.orchestra.run.trial134.stdout:/usr/bin/ceph: stderr
2026-02-19T23:56:09.183+0000 7f6ba9ffb640 1 -- 10.20.193.134:0/1580818569 <== mon.0 v2:10.20.193.134:3300/0 4 ==== mgrmap(e 11) ==== 50154+0+0 (secure 0 0 0) 0x7f6ba40425d0 con 0x7f6bb410a290
2026-02-19T23:56:09.449 INFO:teuthology.orchestra.run.trial134.stdout:/usr/bin/ceph: stderr
2026-02-19T23:56:09.183+0000 7f6ba9ffb640 1 --2- 10.20.193.134:0/1580818569 >> [v2:10.20.193.134:6800/3271734485,v1:10.20.193.134:6801/3271734485] conn(0x7f6b9003db20 0x7f6b9003ffe0 unknown :-1 s=NONE pgs=0 cs=0 l=1 rev1=0 crypto rx=0 tx=0 comp rx=0 tx=0).connect
2026-02-19T23:56:09.449 INFO:teuthology.orchestra.run.trial134.stdout:/usr/bin/ceph: stderr
2026-02-19T23:56:09.183+0000 7f6ba9ffb640 1 -- 10.20.193.134:0/1580818569 <== mon.0 v2:10.20.193.134:3300/0 5 ==== osd_map(3..3 src has 1..3) ==== 1155+0+0 (secure 0 0 0) 0x7f6ba4076d90 con 0x7f6bb410a290
2026-02-19T23:56:09.449 INFO:teuthology.orchestra.run.trial134.stdout:/usr/bin/ceph: stderr
2026-02-19T23:56:09.183+0000 7f6babfff640 1 --2- 10.20.193.134:0/1580818569 >> [v2:10.20.193.134:6800/3271734485,v1:10.20.193.134:6801/3271734485] conn(0x7f6b9003db20 0x7f6b9003ffe0 unknown :-1 s=BANNER_CONNECTING pgs=0 cs=0 l=1 rev1=0 crypto rx=0 tx=0 comp rx=0 tx=0)._handle_peer_banner_payload supported=3 required=0
2026-02-19T23:56:09.450 INFO:teuthology.orchestra.run.trial134.stdout:/usr/bin/ceph: stderr
2026-02-19T23:56:09.183+0000 7f6babfff640 1 --2- 10.20.193.134:0/1580818569 >> [v2:10.20.193.134:6800/3271734485,v1:10.20.193.134:6801/3271734485] conn(0x7f6b9003db20 0x7f6b9003ffe0 secure :-1 s=READY pgs=8 cs=0 l=1 rev1=1 crypto rx=0x7f6b9c0099c0 tx=0x7f6b9c006eb0 comp rx=0 tx=0).ready entity=mgr.14150 client_cookie=0 server_cookie=0 in_seq=0 out_seq=0
2026-02-19T23:56:09.450 INFO:teuthology.orchestra.run.trial134.stdout:/usr/bin/ceph: stderr
2026-02-19T23:56:09.184+0000 7f6bbb1b2640 1 -- 10.20.193.134:0/1580818569 --> [v2:10.20.193.134:3300/0,v1:10.20.193.134:6789/0] -- mon_command({"prefix": "get_command_descriptions"} v 0) -- 0x7f6bb410a710 con 0x7f6bb410a290
2026-02-19T23:56:09.450 INFO:teuthology.orchestra.run.trial134.stdout:/usr/bin/ceph: stderr
2026-02-19T23:56:09.186+0000 7f6ba9ffb640 1 -- 10.20.193.134:0/1580818569 <== mon.0 v2:10.20.193.134:3300/0 6 ==== mon_command_ack([{"prefix": "get_command_descriptions"}]=0 v0) ==== 72+0+195034 (secure 0 0 0) 0x7f6ba404be00 con 0x7f6bb410a290
2026-02-19T23:56:09.450 INFO:teuthology.orchestra.run.trial134.stdout:/usr/bin/ceph: stderr
2026-02-19T23:56:09.276+0000 7f6bbb1b2640 1 -- 10.20.193.134:0/1580818569 --> [v2:10.20.193.134:6800/3271734485,v1:10.20.193.134:6801/3271734485] -- mgr_command(tid 0: {"prefix": "dashboard ac-user-create", "username": "admin", "rolename": "administrator", "force_password": true, "pwd_update_required": true, "target": ["mon-mgr", ""]}) -- 0x7f6bb41085b0 con 0x7f6b9003db20
2026-02-19T23:56:09.450 INFO:teuthology.orchestra.run.trial134.stdout:/usr/bin/ceph: stderr
2026-02-19T23:56:09.418+0000 7f6ba9ffb640 1 -- 10.20.193.134:0/1580818569 <== mgr.14150 v2:10.20.193.134:6800/3271734485 1 ==== mgr_command_reply(tid 0: 0 ) ==== 8+0+252 (secure 0 0 0) 0x7f6bb41085b0 con 0x7f6b9003db20
2026-02-19T23:56:09.450 INFO:teuthology.orchestra.run.trial134.stdout:/usr/bin/ceph: stderr
2026-02-19T23:56:09.420+0000 7f6bbb1b2640 1 -- 10.20.193.134:0/1580818569 >> [v2:10.20.193.134:6800/3271734485,v1:10.20.193.134:6801/3271734485] conn(0x7f6b9003db20 msgr2=0x7f6b9003ffe0 secure :-1 s=STATE_CONNECTION_ESTABLISHED l=1).mark_down
2026-02-19T23:56:09.450 INFO:teuthology.orchestra.run.trial134.stdout:/usr/bin/ceph: stderr
2026-02-19T23:56:09.420+0000 7f6bbb1b2640 1 --2- 10.20.193.134:0/1580818569 >> [v2:10.20.193.134:6800/3271734485,v1:10.20.193.134:6801/3271734485] conn(0x7f6b9003db20 0x7f6b9003ffe0 secure :-1 s=READY pgs=8 cs=0 l=1 rev1=1 crypto rx=0x7f6b9c0099c0 tx=0x7f6b9c006eb0 comp rx=0 tx=0).stop
2026-02-19T23:56:09.450 INFO:teuthology.orchestra.run.trial134.stdout:/usr/bin/ceph: stderr
2026-02-19T23:56:09.420+0000 7f6bbb1b2640 1 -- 10.20.193.134:0/1580818569 >> [v2:10.20.193.134:3300/0,v1:10.20.193.134:6789/0] conn(0x7f6bb410a290 msgr2=0x7f6bb41a0150 secure :-1 s=STATE_CONNECTION_ESTABLISHED l=1).mark_down
2026-02-19T23:56:09.450 INFO:teuthology.orchestra.run.trial134.stdout:/usr/bin/ceph: stderr
2026-02-19T23:56:09.420+0000 7f6bbb1b2640 1 --2- 10.20.193.134:0/1580818569 >> [v2:10.20.193.134:3300/0,v1:10.20.193.134:6789/0] conn(0x7f6bb410a290 0x7f6bb41a0150 secure :-1 s=READY pgs=71 cs=0 l=1 rev1=1 crypto rx=0x7f6ba4037820 tx=0x7f6ba4037850 comp rx=0 tx=0).stop
2026-02-19T23:56:09.450 INFO:teuthology.orchestra.run.trial134.stdout:/usr/bin/ceph: stderr
2026-02-19T23:56:09.420+0000 7f6bbb1b2640 1 -- 10.20.193.134:0/1580818569 shutdown_connections
2026-02-19T23:56:09.450 INFO:teuthology.orchestra.run.trial134.stdout:/usr/bin/ceph: stderr
2026-02-19T23:56:09.420+0000 7f6bbb1b2640 1 --2- 10.20.193.134:0/1580818569 >> [v2:10.20.193.134:6800/3271734485,v1:10.20.193.134:6801/3271734485] conn(0x7f6b9003db20 0x7f6b9003ffe0 unknown :-1 s=CLOSED pgs=8 cs=0 l=1 rev1=1 crypto rx=0 tx=0 comp rx=0 tx=0).stop
2026-02-19T23:56:09.451 INFO:teuthology.orchestra.run.trial134.stdout:/usr/bin/ceph: stderr
2026-02-19T23:56:09.420+0000 7f6bbb1b2640 1 --2- 10.20.193.134:0/1580818569 >> [v2:10.20.193.134:3300/0,v1:10.20.193.134:6789/0] conn(0x7f6bb410a290 0x7f6bb41a0150 unknown :-1 s=CLOSED pgs=71 cs=0 l=1 rev1=1 crypto rx=0 tx=0 comp rx=0 tx=0).stop
2026-02-19T23:56:09.451 INFO:teuthology.orchestra.run.trial134.stdout:/usr/bin/ceph: stderr
2026-02-19T23:56:09.420+0000 7f6bbb1b2640 1 -- 10.20.193.134:0/1580818569 >> 10.20.193.134:0/1580818569 conn(0x7f6bb407db70 msgr2=0x7f6bb4107ea0 unknown :-1 s=STATE_NONE l=0).mark_down
2026-02-19T23:56:09.451 INFO:teuthology.orchestra.run.trial134.stdout:/usr/bin/ceph: stderr
2026-02-19T23:56:09.420+0000 7f6bbb1b2640 1 -- 10.20.193.134:0/1580818569 shutdown_connections
2026-02-19T23:56:09.451 INFO:teuthology.orchestra.run.trial134.stdout:/usr/bin/ceph: stderr
2026-02-19T23:56:09.420+0000 7f6bbb1b2640 1 -- 10.20.193.134:0/1580818569 wait complete.
2026-02-19T23:56:09.451 INFO:teuthology.orchestra.run.trial134.stdout:Fetching dashboard port number...
2026-02-19T23:56:09.674 INFO:teuthology.orchestra.run.trial134.stdout:/usr/bin/ceph: stdout 8443
2026-02-19T23:56:09.674 INFO:teuthology.orchestra.run.trial134.stdout:/usr/bin/ceph: stderr
2026-02-19T23:56:09.545+0000 7f50d5ade640 1 Processor -- start
2026-02-19T23:56:09.674 INFO:teuthology.orchestra.run.trial134.stdout:/usr/bin/ceph: stderr
2026-02-19T23:56:09.545+0000 7f50d5ade640 1 -- start start
2026-02-19T23:56:09.674 INFO:teuthology.orchestra.run.trial134.stdout:/usr/bin/ceph: stderr
2026-02-19T23:56:09.546+0000 7f50d5ade640 1 --2- >> [v2:10.20.193.134:3300/0,v1:10.20.193.134:6789/0] conn(0x7f50d010a290 0x7f50d010a690 unknown :-1 s=NONE pgs=0 cs=0 l=0 rev1=0 crypto rx=0 tx=0 comp rx=0 tx=0).connect
2026-02-19T23:56:09.674 INFO:teuthology.orchestra.run.trial134.stdout:/usr/bin/ceph: stderr
2026-02-19T23:56:09.546+0000 7f50d5ade640 1 -- --> [v2:10.20.193.134:3300/0,v1:10.20.193.134:6789/0] -- mon_getmap magic: 0 -- 0x7f50d010ac60 con 0x7f50d010a290
2026-02-19T23:56:09.674 INFO:teuthology.orchestra.run.trial134.stdout:/usr/bin/ceph: stderr
2026-02-19T23:56:09.546+0000 7f50cf7fe640 1 --2- >> [v2:10.20.193.134:3300/0,v1:10.20.193.134:6789/0] conn(0x7f50d010a290 0x7f50d010a690 unknown :-1 s=BANNER_CONNECTING pgs=0 cs=0 l=0 rev1=0 crypto rx=0 tx=0 comp rx=0 tx=0)._handle_peer_banner_payload supported=3 required=0
2026-02-19T23:56:09.674 INFO:teuthology.orchestra.run.trial134.stdout:/usr/bin/ceph: stderr
2026-02-19T23:56:09.546+0000 7f50cf7fe640 1 --2- >> [v2:10.20.193.134:3300/0,v1:10.20.193.134:6789/0] conn(0x7f50d010a290 0x7f50d010a690 unknown :-1 s=HELLO_CONNECTING pgs=0 cs=0 l=0 rev1=1 crypto rx=0 tx=0 comp rx=0 tx=0).handle_hello peer v2:10.20.193.134:3300/0 says I am v2:10.20.193.134:42852/0 (socket says 10.20.193.134:42852)
2026-02-19T23:56:09.675 INFO:teuthology.orchestra.run.trial134.stdout:/usr/bin/ceph: stderr
2026-02-19T23:56:09.546+0000 7f50cf7fe640 1 -- 10.20.193.134:0/2420111314 learned_addr learned my addr 10.20.193.134:0/2420111314 (peer_addr_for_me v2:10.20.193.134:0/0)
2026-02-19T23:56:09.675 INFO:teuthology.orchestra.run.trial134.stdout:/usr/bin/ceph: stderr
2026-02-19T23:56:09.546+0000 7f50cf7fe640 1 -- 10.20.193.134:0/2420111314 --> [v2:10.20.193.134:3300/0,v1:10.20.193.134:6789/0] -- mon_subscribe({config=0+,monmap=0+}) -- 0x7f50d010b440 con 0x7f50d010a290
2026-02-19T23:56:09.675 INFO:teuthology.orchestra.run.trial134.stdout:/usr/bin/ceph: stderr
2026-02-19T23:56:09.546+0000 7f50cf7fe640 1 --2- 10.20.193.134:0/2420111314 >> [v2:10.20.193.134:3300/0,v1:10.20.193.134:6789/0] conn(0x7f50d010a290 0x7f50d010a690 secure :-1 s=READY pgs=72 cs=0 l=1 rev1=1 crypto rx=0x7f50bc009920 tx=0x7f50bc02ef20 comp rx=0 tx=0).ready entity=mon.0 client_cookie=91bb15365bf16648 server_cookie=0 in_seq=0 out_seq=0
2026-02-19T23:56:09.675 INFO:teuthology.orchestra.run.trial134.stdout:/usr/bin/ceph: stderr
2026-02-19T23:56:09.546+0000 7f50ce7fc640 1 -- 10.20.193.134:0/2420111314 <== mon.0 v2:10.20.193.134:3300/0 1 ==== mon_map magic: 0 ==== 205+0+0 (secure 0 0 0) 0x7f50bc03c070 con 0x7f50d010a290
2026-02-19T23:56:09.675 INFO:teuthology.orchestra.run.trial134.stdout:/usr/bin/ceph: stderr
2026-02-19T23:56:09.546+0000 7f50ce7fc640 1 -- 10.20.193.134:0/2420111314 <== mon.0 v2:10.20.193.134:3300/0 2 ==== config(25 keys) ==== 1038+0+0 (secure 0 0 0) 0x7f50bc037440 con 0x7f50d010a290
2026-02-19T23:56:09.675 INFO:teuthology.orchestra.run.trial134.stdout:/usr/bin/ceph: stderr
2026-02-19T23:56:09.546+0000 7f50ce7fc640 1 -- 10.20.193.134:0/2420111314 <== mon.0 v2:10.20.193.134:3300/0 3 ==== mon_map magic: 0 ==== 205+0+0 (secure 0 0 0) 0x7f50bc0354d0 con 0x7f50d010a290
2026-02-19T23:56:09.675 INFO:teuthology.orchestra.run.trial134.stdout:/usr/bin/ceph: stderr
2026-02-19T23:56:09.547+0000 7f50d5ade640 1 -- 10.20.193.134:0/2420111314 >> [v2:10.20.193.134:3300/0,v1:10.20.193.134:6789/0] conn(0x7f50d010a290 msgr2=0x7f50d010a690 secure :-1 s=STATE_CONNECTION_ESTABLISHED l=1).mark_down
2026-02-19T23:56:09.675 INFO:teuthology.orchestra.run.trial134.stdout:/usr/bin/ceph: stderr
2026-02-19T23:56:09.547+0000 7f50d5ade640 1 --2- 10.20.193.134:0/2420111314 >> [v2:10.20.193.134:3300/0,v1:10.20.193.134:6789/0] conn(0x7f50d010a290 0x7f50d010a690 secure :-1 s=READY pgs=72 cs=0 l=1 rev1=1 crypto rx=0x7f50bc009920 tx=0x7f50bc02ef20 comp rx=0 tx=0).stop
2026-02-19T23:56:09.675 INFO:teuthology.orchestra.run.trial134.stdout:/usr/bin/ceph: stderr
2026-02-19T23:56:09.547+0000 7f50d5ade640 1 -- 10.20.193.134:0/2420111314 shutdown_connections
2026-02-19T23:56:09.675 INFO:teuthology.orchestra.run.trial134.stdout:/usr/bin/ceph: stderr
2026-02-19T23:56:09.547+0000 7f50d5ade640 1 --2- 10.20.193.134:0/2420111314 >> [v2:10.20.193.134:3300/0,v1:10.20.193.134:6789/0] conn(0x7f50d010a290 0x7f50d010a690 unknown :-1 s=CLOSED pgs=72 cs=0 l=1 rev1=1 crypto rx=0 tx=0 comp rx=0 tx=0).stop
2026-02-19T23:56:09.675 INFO:teuthology.orchestra.run.trial134.stdout:/usr/bin/ceph: stderr
