2026-02-20T00:10:02.803 INFO:journalctl@ceph.mon.a.trial017.stdout:Feb 20 00:10:02 trial017 ceph-mon[39672]: from='mgr.14150 10.20.193.17:0/2649225015' entity='mgr.x' cmd=[{"prefix": "mds metadata"}]: dispatch
2026-02-20T00:10:02.803 INFO:journalctl@ceph.mon.a.trial017.stdout:Feb 20 00:10:02 trial017 ceph-mon[39672]: from='mgr.14150 10.20.193.17:0/2649225015' entity='mgr.x' cmd=[{"prefix": "osd metadata"}]: dispatch
2026-02-20T00:10:02.804 INFO:journalctl@ceph.mon.a.trial017.stdout:Feb 20 00:10:02 trial017 ceph-mon[39672]: from='mgr.14150 10.20.193.17:0/2649225015' entity='mgr.x' cmd=[{"prefix": "mon metadata"}]: dispatch
2026-02-20T00:10:02.804 INFO:journalctl@ceph.mon.a.trial017.stdout:Feb 20 00:10:02 trial017 ceph-mon[39672]: Manager daemon x is now available
2026-02-20T00:10:02.804 INFO:journalctl@ceph.mon.a.trial017.stdout:Feb 20 00:10:02 trial017 ceph-mon[39672]: from='mgr.14150 10.20.193.17:0/2649225015' entity='mgr.x' cmd=[{"prefix": "config dump", "format": "json"}]: dispatch
2026-02-20T00:10:02.804 INFO:journalctl@ceph.mon.a.trial017.stdout:Feb 20 00:10:02 trial017 ceph-mon[39672]: from='mgr.14150 10.20.193.17:0/2649225015' entity='mgr.x' cmd=[{"prefix":"config rm","who":"mgr","name":"mgr/rbd_support/x/mirror_snapshot_schedule"}]: dispatch
2026-02-20T00:10:02.804 INFO:journalctl@ceph.mon.a.trial017.stdout:Feb 20 00:10:02 trial017 ceph-mon[39672]: from='mgr.14150 10.20.193.17:0/2649225015' entity='mgr.x' cmd=[{"prefix":"config rm","who":"mgr","name":"mgr/rbd_support/x/trash_purge_schedule"}]: dispatch
2026-02-20T00:10:03.534 INFO:teuthology.orchestra.run.trial017.stdout:/usr/bin/ceph: stdout {
2026-02-20T00:10:03.534 INFO:teuthology.orchestra.run.trial017.stdout:/usr/bin/ceph: stdout "mgrmap_epoch": 11,
2026-02-20T00:10:03.534 INFO:teuthology.orchestra.run.trial017.stdout:/usr/bin/ceph: stdout "initialized": true
2026-02-20T00:10:03.534 INFO:teuthology.orchestra.run.trial017.stdout:/usr/bin/ceph: stdout }
2026-02-20T00:10:03.534 INFO:teuthology.orchestra.run.trial017.stdout:/usr/bin/ceph: stderr
2026-02-20T00:10:00.169+0000 7f07fbfff640 1 Processor -- start
2026-02-20T00:10:03.534 INFO:teuthology.orchestra.run.trial017.stdout:/usr/bin/ceph: stderr
2026-02-20T00:10:00.169+0000 7f07fbfff640 1 -- start start
2026-02-20T00:10:03.534 INFO:teuthology.orchestra.run.trial017.stdout:/usr/bin/ceph: stderr
2026-02-20T00:10:00.169+0000 7f07fbfff640 1 --2- >> [v2:10.20.193.17:3300/0,v1:10.20.193.17:6789/0] conn(0x7f07fc07de30 0x7f07fc07c330 unknown :-1 s=NONE pgs=0 cs=0 l=0 rev1=0 crypto rx=0 tx=0 comp rx=0 tx=0).connect
2026-02-20T00:10:03.534 INFO:teuthology.orchestra.run.trial017.stdout:/usr/bin/ceph: stderr
2026-02-20T00:10:00.169+0000 7f07fbfff640 1 -- --> [v2:10.20.193.17:3300/0,v1:10.20.193.17:6789/0] -- mon_getmap magic: 0 -- 0x7f07fc07c870 con 0x7f07fc07de30
2026-02-20T00:10:03.534 INFO:teuthology.orchestra.run.trial017.stdout:/usr/bin/ceph: stderr
2026-02-20T00:10:00.169+0000 7f07faffd640 1 --2- >> [v2:10.20.193.17:3300/0,v1:10.20.193.17:6789/0] conn(0x7f07fc07de30 0x7f07fc07c330 unknown :-1 s=BANNER_CONNECTING pgs=0 cs=0 l=0 rev1=0 crypto rx=0 tx=0 comp rx=0 tx=0)._handle_peer_banner_payload supported=3 required=0
2026-02-20T00:10:03.534 INFO:teuthology.orchestra.run.trial017.stdout:/usr/bin/ceph: stderr
2026-02-20T00:10:00.169+0000 7f07faffd640 1 --2- >> [v2:10.20.193.17:3300/0,v1:10.20.193.17:6789/0] conn(0x7f07fc07de30 0x7f07fc07c330 unknown :-1 s=HELLO_CONNECTING pgs=0 cs=0 l=0 rev1=1 crypto rx=0 tx=0 comp rx=0 tx=0).handle_hello peer v2:10.20.193.17:3300/0 says I am v2:10.20.193.17:47490/0 (socket says 10.20.193.17:47490)
2026-02-20T00:10:03.534 INFO:teuthology.orchestra.run.trial017.stdout:/usr/bin/ceph: stderr
2026-02-20T00:10:00.169+0000 7f07faffd640 1 -- 10.20.193.17:0/978321100 learned_addr learned my addr 10.20.193.17:0/978321100 (peer_addr_for_me v2:10.20.193.17:0/0)
2026-02-20T00:10:03.534 INFO:teuthology.orchestra.run.trial017.stdout:/usr/bin/ceph: stderr
2026-02-20T00:10:00.169+0000 7f07faffd640 1 -- 10.20.193.17:0/978321100 --> [v2:10.20.193.17:3300/0,v1:10.20.193.17:6789/0] -- mon_subscribe({config=0+,monmap=0+}) -- 0x7f07fc07c9f0 con 0x7f07fc07de30
2026-02-20T00:10:03.534 INFO:teuthology.orchestra.run.trial017.stdout:/usr/bin/ceph: stderr
2026-02-20T00:10:00.170+0000 7f07faffd640 1 --2- 10.20.193.17:0/978321100 >> [v2:10.20.193.17:3300/0,v1:10.20.193.17:6789/0] conn(0x7f07fc07de30 0x7f07fc07c330 secure :-1 s=READY pgs=59 cs=0 l=1 rev1=1 crypto rx=0x7f07f0009920 tx=0x7f07f002ef20 comp rx=0 tx=0).ready entity=mon.0 client_cookie=36d61a0de9396d98 server_cookie=0 in_seq=0 out_seq=0
2026-02-20T00:10:03.534 INFO:teuthology.orchestra.run.trial017.stdout:/usr/bin/ceph: stderr
2026-02-20T00:10:00.170+0000 7f07f9ffb640 1 -- 10.20.193.17:0/978321100 <== mon.0 v2:10.20.193.17:3300/0 1 ==== mon_map magic: 0 ==== 205+0+0 (secure 0 0 0) 0x7f07f003c070 con 0x7f07fc07de30
2026-02-20T00:10:03.535 INFO:teuthology.orchestra.run.trial017.stdout:/usr/bin/ceph: stderr
2026-02-20T00:10:00.170+0000 7f07f9ffb640 1 -- 10.20.193.17:0/978321100 <== mon.0 v2:10.20.193.17:3300/0 2 ==== config(27 keys) ==== 1107+0+0 (secure 0 0 0) 0x7f07f0037440 con 0x7f07fc07de30
2026-02-20T00:10:03.535 INFO:teuthology.orchestra.run.trial017.stdout:/usr/bin/ceph: stderr
2026-02-20T00:10:00.170+0000 7f07f9ffb640 1 -- 10.20.193.17:0/978321100 <== mon.0 v2:10.20.193.17:3300/0 3 ==== mon_map magic: 0 ==== 205+0+0 (secure 0 0 0) 0x7f07f00355e0 con 0x7f07fc07de30
2026-02-20T00:10:03.535 INFO:teuthology.orchestra.run.trial017.stdout:/usr/bin/ceph: stderr
2026-02-20T00:10:00.170+0000 7f07fbfff640 1 -- 10.20.193.17:0/978321100 >> [v2:10.20.193.17:3300/0,v1:10.20.193.17:6789/0] conn(0x7f07fc07de30 msgr2=0x7f07fc07c330 secure :-1 s=STATE_CONNECTION_ESTABLISHED l=1).mark_down
2026-02-20T00:10:03.535 INFO:teuthology.orchestra.run.trial017.stdout:/usr/bin/ceph: stderr
2026-02-20T00:10:00.170+0000 7f07fbfff640 1 --2- 10.20.193.17:0/978321100 >> [v2:10.20.193.17:3300/0,v1:10.20.193.17:6789/0] conn(0x7f07fc07de30 0x7f07fc07c330 secure :-1 s=READY pgs=59 cs=0 l=1 rev1=1 crypto rx=0x7f07f0009920 tx=0x7f07f002ef20 comp rx=0 tx=0).stop
2026-02-20T00:10:03.535 INFO:teuthology.orchestra.run.trial017.stdout:/usr/bin/ceph: stderr
2026-02-20T00:10:00.170+0000 7f07fbfff640 1 -- 10.20.193.17:0/978321100 shutdown_connections
2026-02-20T00:10:03.535 INFO:teuthology.orchestra.run.trial017.stdout:/usr/bin/ceph: stderr
2026-02-20T00:10:00.170+0000 7f07fbfff640 1 --2- 10.20.193.17:0/978321100 >> [v2:10.20.193.17:3300/0,v1:10.20.193.17:6789/0] conn(0x7f07fc07de30 0x7f07fc07c330 unknown :-1 s=CLOSED pgs=59 cs=0 l=1 rev1=1 crypto rx=0 tx=0 comp rx=0 tx=0).stop
2026-02-20T00:10:03.535 INFO:teuthology.orchestra.run.trial017.stdout:/usr/bin/ceph: stderr
2026-02-20T00:10:00.170+0000 7f07fbfff640 1 -- 10.20.193.17:0/978321100 >> 10.20.193.17:0/978321100 conn(0x7f07fc103960 msgr2=0x7f07fc105d80 unknown :-1 s=STATE_NONE l=0).mark_down
2026-02-20T00:10:03.535 INFO:teuthology.orchestra.run.trial017.stdout:/usr/bin/ceph: stderr
2026-02-20T00:10:00.170+0000 7f07fbfff640 1 -- 10.20.193.17:0/978321100 shutdown_connections
2026-02-20T00:10:03.535 INFO:teuthology.orchestra.run.trial017.stdout:/usr/bin/ceph: stderr
2026-02-20T00:10:00.170+0000 7f07fbfff640 1 -- 10.20.193.17:0/978321100 wait complete.
2026-02-20T00:10:03.535 INFO:teuthology.orchestra.run.trial017.stdout:/usr/bin/ceph: stderr
2026-02-20T00:10:00.170+0000 7f07fbfff640 1 Processor -- start
2026-02-20T00:10:03.535 INFO:teuthology.orchestra.run.trial017.stdout:/usr/bin/ceph: stderr
2026-02-20T00:10:00.170+0000 7f07fbfff640 1 -- start start
2026-02-20T00:10:03.535 INFO:teuthology.orchestra.run.trial017.stdout:/usr/bin/ceph: stderr
2026-02-20T00:10:00.171+0000 7f07fbfff640 1 --2- >> [v2:10.20.193.17:3300/0,v1:10.20.193.17:6789/0] conn(0x7f07fc07de30 0x7f07fc1a0220 unknown :-1 s=NONE pgs=0 cs=0 l=1 rev1=0 crypto rx=0 tx=0 comp rx=0 tx=0).connect
2026-02-20T00:10:03.535 INFO:teuthology.orchestra.run.trial017.stdout:/usr/bin/ceph: stderr
2026-02-20T00:10:00.171+0000 7f07fbfff640 1 -- --> [v2:10.20.193.17:3300/0,v1:10.20.193.17:6789/0] -- mon_getmap magic: 0 -- 0x7f07fc10e750 con 0x7f07fc07de30
2026-02-20T00:10:03.535 INFO:teuthology.orchestra.run.trial017.stdout:/usr/bin/ceph: stderr
2026-02-20T00:10:00.171+0000 7f07faffd640 1 --2- >> [v2:10.20.193.17:3300/0,v1:10.20.193.17:6789/0] conn(0x7f07fc07de30 0x7f07fc1a0220 unknown :-1 s=BANNER_CONNECTING pgs=0 cs=0 l=1 rev1=0 crypto rx=0 tx=0 comp rx=0 tx=0)._handle_peer_banner_payload supported=3 required=0
2026-02-20T00:10:03.535 INFO:teuthology.orchestra.run.trial017.stdout:/usr/bin/ceph: stderr
2026-02-20T00:10:00.171+0000 7f07faffd640 1 --2- >> [v2:10.20.193.17:3300/0,v1:10.20.193.17:6789/0] conn(0x7f07fc07de30 0x7f07fc1a0220 unknown :-1 s=HELLO_CONNECTING pgs=0 cs=0 l=1 rev1=1 crypto rx=0 tx=0 comp rx=0 tx=0).handle_hello peer v2:10.20.193.17:3300/0 says I am v2:10.20.193.17:47504/0 (socket says 10.20.193.17:47504)
2026-02-20T00:10:03.535 INFO:teuthology.orchestra.run.trial017.stdout:/usr/bin/ceph: stderr
2026-02-20T00:10:00.171+0000 7f07faffd640 1 -- 10.20.193.17:0/3525351017 learned_addr learned my addr 10.20.193.17:0/3525351017 (peer_addr_for_me v2:10.20.193.17:0/0)
2026-02-20T00:10:03.535 INFO:teuthology.orchestra.run.trial017.stdout:/usr/bin/ceph: stderr
2026-02-20T00:10:00.171+0000 7f07faffd640 1 -- 10.20.193.17:0/3525351017 --> [v2:10.20.193.17:3300/0,v1:10.20.193.17:6789/0] -- mon_subscribe({config=0+,monmap=0+}) -- 0x7f07fc1a0760 con 0x7f07fc07de30
2026-02-20T00:10:03.535 INFO:teuthology.orchestra.run.trial017.stdout:/usr/bin/ceph: stderr
2026-02-20T00:10:00.171+0000 7f07faffd640 1 --2- 10.20.193.17:0/3525351017 >> [v2:10.20.193.17:3300/0,v1:10.20.193.17:6789/0] conn(0x7f07fc07de30 0x7f07fc1a0220 secure :-1 s=READY pgs=60 cs=0 l=1 rev1=1 crypto rx=0x7f07f0039000 tx=0x7f07f0035b60 comp rx=0 tx=0).ready entity=mon.0 client_cookie=0 server_cookie=0 in_seq=0 out_seq=0
2026-02-20T00:10:03.535 INFO:teuthology.orchestra.run.trial017.stdout:/usr/bin/ceph: stderr
2026-02-20T00:10:00.171+0000 7f08008e7640 1 -- 10.20.193.17:0/3525351017 <== mon.0 v2:10.20.193.17:3300/0 1 ==== mon_map magic: 0 ==== 205+0+0 (secure 0 0 0) 0x7f07f0047070 con 0x7f07fc07de30
2026-02-20T00:10:03.535 INFO:teuthology.orchestra.run.trial017.stdout:/usr/bin/ceph: stderr
2026-02-20T00:10:00.171+0000 7f08008e7640 1 -- 10.20.193.17:0/3525351017 <== mon.0 v2:10.20.193.17:3300/0 2 ==== config(27 keys) ==== 1107+0+0 (secure 0 0 0) 0x7f07f0037be0 con 0x7f07fc07de30
2026-02-20T00:10:03.535 INFO:teuthology.orchestra.run.trial017.stdout:/usr/bin/ceph: stderr
2026-02-20T00:10:00.171+0000 7f08008e7640 1 -- 10.20.193.17:0/3525351017 <== mon.0 v2:10.20.193.17:3300/0 3 ==== mon_map magic: 0 ==== 205+0+0 (secure 0 0 0) 0x7f07f003c070 con 0x7f07fc07de30
2026-02-20T00:10:03.535 INFO:teuthology.orchestra.run.trial017.stdout:/usr/bin/ceph: stderr
2026-02-20T00:10:00.171+0000 7f07fbfff640 1 -- 10.20.193.17:0/3525351017 --> [v2:10.20.193.17:3300/0,v1:10.20.193.17:6789/0] -- mon_subscribe({mgrmap=0+}) -- 0x7f07fc1a09f0 con 0x7f07fc07de30
2026-02-20T00:10:03.535 INFO:teuthology.orchestra.run.trial017.stdout:/usr/bin/ceph: stderr
2026-02-20T00:10:00.171+0000 7f07fbfff640 1 -- 10.20.193.17:0/3525351017 --> [v2:10.20.193.17:3300/0,v1:10.20.193.17:6789/0] -- mon_subscribe({osdmap=0}) -- 0x7f07fc1a36e0 con 0x7f07fc07de30
2026-02-20T00:10:03.535 INFO:teuthology.orchestra.run.trial017.stdout:/usr/bin/ceph: stderr
2026-02-20T00:10:00.172+0000 7f08008e7640 1 -- 10.20.193.17:0/3525351017 <== mon.0 v2:10.20.193.17:3300/0 4 ==== mgrmap(e 9) ==== 50260+0+0 (secure 0 0 0) 0x7f07f0042760 con 0x7f07fc07de30
2026-02-20T00:10:03.535 INFO:teuthology.orchestra.run.trial017.stdout:/usr/bin/ceph: stderr
2026-02-20T00:10:00.172+0000 7f08008e7640 1 --2- 10.20.193.17:0/3525351017 >> [v2:10.20.193.17:6800/459841717,v1:10.20.193.17:6801/459841717] conn(0x7f07d003dbf0 0x7f07d00400b0 unknown :-1 s=NONE pgs=0 cs=0 l=1 rev1=0 crypto rx=0 tx=0 comp rx=0 tx=0).connect
2026-02-20T00:10:03.535 INFO:teuthology.orchestra.run.trial017.stdout:/usr/bin/ceph: stderr
2026-02-20T00:10:00.172+0000 7f08008e7640 1 -- 10.20.193.17:0/3525351017 --> [v2:10.20.193.17:6800/459841717,v1:10.20.193.17:6801/459841717] -- command(tid 0: {"prefix": "get_command_descriptions"}) -- 0x7f07d00407c0 con 0x7f07d003dbf0
2026-02-20T00:10:03.535 INFO:teuthology.orchestra.run.trial017.stdout:/usr/bin/ceph: stderr
2026-02-20T00:10:00.172+0000 7f07fa7fc640 1 -- 10.20.193.17:0/3525351017 >> [v2:10.20.193.17:6800/459841717,v1:10.20.193.17:6801/459841717] conn(0x7f07d003dbf0 msgr2=0x7f07d00400b0 unknown :-1 s=STATE_CONNECTING_RE l=1).process reconnect failed to v2:10.20.193.17:6800/459841717
2026-02-20T00:10:03.535 INFO:teuthology.orchestra.run.trial017.stdout:/usr/bin/ceph: stderr
2026-02-20T00:10:00.172+0000 7f08008e7640 1 -- 10.20.193.17:0/3525351017 <== mon.0 v2:10.20.193.17:3300/0 5 ==== osd_map(2..2 src has 1..2) ==== 940+0+0 (secure 0 0 0) 0x7f07f0076870 con 0x7f07fc07de30
2026-02-20T00:10:03.535 INFO:teuthology.orchestra.run.trial017.stdout:/usr/bin/ceph: stderr
2026-02-20T00:10:00.172+0000 7f07fa7fc640 1 --2- 10.20.193.17:0/3525351017 >> [v2:10.20.193.17:6800/459841717,v1:10.20.193.17:6801/459841717] conn(0x7f07d003dbf0 0x7f07d00400b0 unknown :-1 s=START_CONNECT pgs=0 cs=0 l=1 rev1=0 crypto rx=0 tx=0 comp rx=0 tx=0)._fault waiting 0.200000
2026-02-20T00:10:03.535 INFO:teuthology.orchestra.run.trial017.stdout:/usr/bin/ceph: stderr
2026-02-20T00:10:00.373+0000 7f07fa7fc640 1 -- 10.20.193.17:0/3525351017 >> [v2:10.20.193.17:6800/459841717,v1:10.20.193.17:6801/459841717] conn(0x7f07d003dbf0 msgr2=0x7f07d00400b0 unknown :-1 s=STATE_CONNECTING_RE l=1).process reconnect failed to v2:10.20.193.17:6800/459841717
2026-02-20T00:10:03.535 INFO:teuthology.orchestra.run.trial017.stdout:/usr/bin/ceph: stderr
2026-02-20T00:10:00.373+0000 7f07fa7fc640 1 --2- 10.20.193.17:0/3525351017 >> [v2:10.20.193.17:6800/459841717,v1:10.20.193.17:6801/459841717] conn(0x7f07d003dbf0 0x7f07d00400b0 unknown :-1 s=START_CONNECT pgs=0 cs=0 l=1 rev1=0 crypto rx=0 tx=0 comp rx=0 tx=0)._fault waiting 0.400000
2026-02-20T00:10:03.535 INFO:teuthology.orchestra.run.trial017.stdout:/usr/bin/ceph: stderr
2026-02-20T00:10:00.773+0000 7f07fa7fc640 1 -- 10.20.193.17:0/3525351017 >> [v2:10.20.193.17:6800/459841717,v1:10.20.193.17:6801/459841717] conn(0x7f07d003dbf0 msgr2=0x7f07d00400b0 unknown :-1 s=STATE_CONNECTING_RE l=1).process reconnect failed to v2:10.20.193.17:6800/459841717
2026-02-20T00:10:03.535 INFO:teuthology.orchestra.run.trial017.stdout:/usr/bin/ceph: stderr
2026-02-20T00:10:00.773+0000 7f07fa7fc640 1 --2- 10.20.193.17:0/3525351017 >> [v2:10.20.193.17:6800/459841717,v1:10.20.193.17:6801/459841717] conn(0x7f07d003dbf0 0x7f07d00400b0 unknown :-1 s=START_CONNECT pgs=0 cs=0 l=1 rev1=0 crypto rx=0 tx=0 comp rx=0 tx=0)._fault waiting 0.800000
2026-02-20T00:10:03.535 INFO:teuthology.orchestra.run.trial017.stdout:/usr/bin/ceph: stderr
2026-02-20T00:10:01.574+0000 7f07fa7fc640 1 -- 10.20.193.17:0/3525351017 >> [v2:10.20.193.17:6800/459841717,v1:10.20.193.17:6801/459841717] conn(0x7f07d003dbf0 msgr2=0x7f07d00400b0 unknown :-1 s=STATE_CONNECTING_RE l=1).process reconnect failed to v2:10.20.193.17:6800/459841717
2026-02-20T00:10:03.535 INFO:teuthology.orchestra.run.trial017.stdout:/usr/bin/ceph: stderr
2026-02-20T00:10:01.574+0000 7f07fa7fc640 1 --2- 10.20.193.17:0/3525351017 >> [v2:10.20.193.17:6800/459841717,v1:10.20.193.17:6801/459841717] conn(0x7f07d003dbf0 0x7f07d00400b0 unknown :-1 s=START_CONNECT pgs=0 cs=0 l=1 rev1=0 crypto rx=0 tx=0 comp rx=0 tx=0)._fault waiting 1.600000
2026-02-20T00:10:03.535 INFO:teuthology.orchestra.run.trial017.stdout:/usr/bin/ceph: stderr
2026-02-20T00:10:02.447+0000 7f08008e7640 1 -- 10.20.193.17:0/3525351017 <== mon.0 v2:10.20.193.17:3300/0 6 ==== mgrmap(e 10) ==== 50027+0+0 (secure 0 0 0) 0x7f07f0075670 con 0x7f07fc07de30
2026-02-20T00:10:03.535 INFO:teuthology.orchestra.run.trial017.stdout:/usr/bin/ceph: stderr
2026-02-20T00:10:02.447+0000 7f08008e7640 1 -- 10.20.193.17:0/3525351017 >> [v2:10.20.193.17:6800/459841717,v1:10.20.193.17:6801/459841717] conn(0x7f07d003dbf0 msgr2=0x7f07d00400b0 unknown :-1 s=STATE_CONNECTING l=1).mark_down
2026-02-20T00:10:03.535 INFO:teuthology.orchestra.run.trial017.stdout:/usr/bin/ceph: stderr
2026-02-20T00:10:02.447+0000 7f08008e7640 1 --2- 10.20.193.17:0/3525351017 >> [v2:10.20.193.17:6800/459841717,v1:10.20.193.17:6801/459841717] conn(0x7f07d003dbf0 0x7f07d00400b0 unknown :-1 s=START_CONNECT pgs=0 cs=0 l=1 rev1=0 crypto rx=0 tx=0 comp rx=0 tx=0).stop
2026-02-20T00:10:03.535 INFO:teuthology.orchestra.run.trial017.stdout:/usr/bin/ceph: stderr
2026-02-20T00:10:03.449+0000 7f08008e7640 1 -- 10.20.193.17:0/3525351017 <== mon.0 v2:10.20.193.17:3300/0 7 ==== mgrmap(e 11) ==== 50154+0+0 (secure 0 0 0) 0x7f07f0037720 con 0x7f07fc07de30
2026-02-20T00:10:03.535 INFO:teuthology.orchestra.run.trial017.stdout:/usr/bin/ceph: stderr
2026-02-20T00:10:03.449+0000 7f08008e7640 1 --2- 10.20.193.17:0/3525351017 >> [v2:10.20.193.17:6800/3829885091,v1:10.20.193.17:6801/3829885091] conn(0x7f07d00416d0 0x7f07d0043ac0 unknown :-1 s=NONE pgs=0 cs=0 l=1 rev1=0 crypto rx=0 tx=0 comp rx=0 tx=0).connect
2026-02-20T00:10:03.535 INFO:teuthology.orchestra.run.trial017.stdout:/usr/bin/ceph: stderr
2026-02-20T00:10:03.449+0000 7f08008e7640 1 -- 10.20.193.17:0/3525351017 --> [v2:10.20.193.17:6800/3829885091,v1:10.20.193.17:6801/3829885091] -- command(tid 0: {"prefix": "get_command_descriptions"}) -- 0x7f07f0036ba0 con 0x7f07d00416d0
2026-02-20T00:10:03.535 INFO:teuthology.orchestra.run.trial017.stdout:/usr/bin/ceph: stderr
2026-02-20T00:10:03.449+0000 7f07fa7fc640 1 --2- 10.20.193.17:0/3525351017 >> [v2:10.20.193.17:6800/3829885091,v1:10.20.193.17:6801/3829885091] conn(0x7f07d00416d0 0x7f07d0043ac0 unknown :-1 s=BANNER_CONNECTING pgs=0 cs=0 l=1 rev1=0 crypto rx=0 tx=0 comp rx=0 tx=0)._handle_peer_banner_payload supported=3 required=0
2026-02-20T00:10:03.535 INFO:teuthology.orchestra.run.trial017.stdout:/usr/bin/ceph: stderr
2026-02-20T00:10:03.449+0000 7f07fa7fc640 1 --2- 10.20.193.17:0/3525351017 >> [v2:10.20.193.17:6800/3829885091,v1:10.20.193.17:6801/3829885091] conn(0x7f07d00416d0 0x7f07d0043ac0 secure :-1 s=READY pgs=1 cs=0 l=1 rev1=1 crypto rx=0x7f07e4003a80 tx=0x7f07e40092b0 comp rx=0 tx=0).ready entity=mgr.14150 client_cookie=0 server_cookie=0 in_seq=0 out_seq=0
2026-02-20T00:10:03.536 INFO:teuthology.orchestra.run.trial017.stdout:/usr/bin/ceph: stderr
2026-02-20T00:10:03.450+0000 7f08008e7640 1 -- 10.20.193.17:0/3525351017 <== mgr.14150 v2:10.20.193.17:6800/3829885091 1 ==== command_reply(tid 0: 0 ) ==== 8+0+8901 (secure 0 0 0) 0x7f07f0036ba0 con 0x7f07d00416d0
2026-02-20T00:10:03.536 INFO:teuthology.orchestra.run.trial017.stdout:/usr/bin/ceph: stderr
2026-02-20T00:10:03.453+0000 7f07fbfff640 1 -- 10.20.193.17:0/3525351017 --> [v2:10.20.193.17:6800/3829885091,v1:10.20.193.17:6801/3829885091] -- command(tid 1: {"prefix": "mgr_status"}) -- 0x7f07fc07c3b0 con 0x7f07d00416d0
2026-02-20T00:10:03.536 INFO:teuthology.orchestra.run.trial017.stdout:/usr/bin/ceph: stderr
2026-02-20T00:10:03.453+0000 7f08008e7640 1 -- 10.20.193.17:0/3525351017 <== mgr.14150 v2:10.20.193.17:6800/3829885091 2 ==== command_reply(tid 1: 0 ) ==== 8+0+52 (secure 0 0 0) 0x7f07fc07c3b0 con 0x7f07d00416d0
2026-02-20T00:10:03.536 INFO:teuthology.orchestra.run.trial017.stdout:/usr/bin/ceph: stderr
2026-02-20T00:10:03.454+0000 7f07fbfff640 1 -- 10.20.193.17:0/3525351017 >> [v2:10.20.193.17:6800/3829885091,v1:10.20.193.17:6801/3829885091] conn(0x7f07d00416d0 msgr2=0x7f07d0043ac0 secure :-1 s=STATE_CONNECTION_ESTABLISHED l=1).mark_down
2026-02-20T00:10:03.536 INFO:teuthology.orchestra.run.trial017.stdout:/usr/bin/ceph: stderr
2026-02-20T00:10:03.454+0000 7f07fbfff640 1 --2- 10.20.193.17:0/3525351017 >> [v2:10.20.193.17:6800/3829885091,v1:10.20.193.17:6801/3829885091] conn(0x7f07d00416d0 0x7f07d0043ac0 secure :-1 s=READY pgs=1 cs=0 l=1 rev1=1 crypto rx=0x7f07e4003a80 tx=0x7f07e40092b0 comp rx=0 tx=0).stop
2026-02-20T00:10:03.536 INFO:teuthology.orchestra.run.trial017.stdout:/usr/bin/ceph: stderr
2026-02-20T00:10:03.454+0000 7f07fbfff640 1 -- 10.20.193.17:0/3525351017 >> [v2:10.20.193.17:3300/0,v1:10.20.193.17:6789/0] conn(0x7f07fc07de30 msgr2=0x7f07fc1a0220 secure :-1 s=STATE_CONNECTION_ESTABLISHED l=1).mark_down
2026-02-20T00:10:03.536 INFO:teuthology.orchestra.run.trial017.stdout:/usr/bin/ceph: stderr
2026-02-20T00:10:03.454+0000 7f07fbfff640 1 --2- 10.20.193.17:0/3525351017 >> [v2:10.20.193.17:3300/0,v1:10.20.193.17:6789/0] conn(0x7f07fc07de30 0x7f07fc1a0220 secure :-1 s=READY pgs=60 cs=0 l=1 rev1=1 crypto rx=0x7f07f0039000 tx=0x7f07f0035b60 comp rx=0 tx=0).stop
2026-02-20T00:10:03.536 INFO:teuthology.orchestra.run.trial017.stdout:/usr/bin/ceph: stderr
2026-02-20T00:10:03.454+0000 7f07fbfff640 1 -- 10.20.193.17:0/3525351017 shutdown_connections
2026-02-20T00:10:03.536 INFO:teuthology.orchestra.run.trial017.stdout:/usr/bin/ceph: stderr
2026-02-20T00:10:03.454+0000 7f07fbfff640 1 --2- 10.20.193.17:0/3525351017 >> [v2:10.20.193.17:6800/3829885091,v1:10.20.193.17:6801/3829885091] conn(0x7f07d00416d0 0x7f07d0043ac0 unknown :-1 s=CLOSED pgs=1 cs=0 l=1 rev1=1 crypto rx=0 tx=0 comp rx=0 tx=0).stop
2026-02-20T00:10:03.536 INFO:teuthology.orchestra.run.trial017.stdout:/usr/bin/ceph: stderr
2026-02-20T00:10:03.454+0000 7f07fbfff640 1 --2- 10.20.193.17:0/3525351017 >> [v2:10.20.193.17:6800/459841717,v1:10.20.193.17:6801/459841717] conn(0x7f07d003dbf0 0x7f07d00400b0 unknown :-1 s=CLOSED pgs=0 cs=0 l=1 rev1=0 crypto rx=0 tx=0 comp rx=0 tx=0).stop
2026-02-20T00:10:03.536 INFO:teuthology.orchestra.run.trial017.stdout:/usr/bin/ceph: stderr
2026-02-20T00:10:03.454+0000 7f07fbfff640 1 --2- 10.20.193.17:0/3525351017 >> [v2:10.20.193.17:3300/0,v1:10.20.193.17:6789/0] conn(0x7f07fc07de30 0x7f07fc1a0220 unknown :-1 s=CLOSED pgs=60 cs=0 l=1 rev1=1 crypto rx=0 tx=0 comp rx=0 tx=0).stop
2026-02-20T00:10:03.536 INFO:teuthology.orchestra.run.trial017.stdout:/usr/bin/ceph: stderr
2026-02-20T00:10:03.454+0000 7f07fbfff640 1 -- 10.20.193.17:0/3525351017 >> 10.20.193.17:0/3525351017 conn(0x7f07fc103960 msgr2=0x7f07fc1044d0 unknown :-1 s=STATE_NONE l=0).mark_down
2026-02-20T00:10:03.536 INFO:teuthology.orchestra.run.trial017.stdout:/usr/bin/ceph: stderr
2026-02-20T00:10:03.454+0000 7f07fbfff640 1 -- 10.20.193.17:0/3525351017 shutdown_connections
2026-02-20T00:10:03.536 INFO:teuthology.orchestra.run.trial017.stdout:/usr/bin/ceph: stderr
2026-02-20T00:10:03.454+0000 7f07fbfff640 1 -- 10.20.193.17:0/3525351017 wait complete.
2026-02-20T00:10:03.536 INFO:teuthology.orchestra.run.trial017.stdout:mgr epoch 9 is available
2026-02-20T00:10:03.536 INFO:teuthology.orchestra.run.trial017.stdout:Generating a dashboard self-signed certificate...
2026-02-20T00:10:03.996 INFO:journalctl@ceph.mon.a.trial017.stdout:Feb 20 00:10:03 trial017 ceph-mon[39672]: from='mgr.14150 10.20.193.17:0/2649225015' entity='mgr.x'
2026-02-20T00:10:03.996 INFO:journalctl@ceph.mon.a.trial017.stdout:Feb 20 00:10:03 trial017 ceph-mon[39672]: from='mgr.14150 10.20.193.17:0/2649225015' entity='mgr.x'
2026-02-20T00:10:03.996 INFO:journalctl@ceph.mon.a.trial017.stdout:Feb 20 00:10:03 trial017 ceph-mon[39672]: mgrmap e11: x(active, since 1.00472s)
2026-02-20T00:10:03.996 INFO:journalctl@ceph.mon.a.trial017.stdout:Feb 20 00:10:03 trial017 ceph-mon[39672]: [20/Feb/2026:00:10:03] ENGINE Bus STARTING
2026-02-20T00:10:03.996 INFO:journalctl@ceph.mon.a.trial017.stdout:Feb 20 00:10:03 trial017 ceph-mon[39672]: [20/Feb/2026:00:10:03] ENGINE Serving on http://10.20.193.17:8765
2026-02-20T00:10:03.996 INFO:journalctl@ceph.mon.a.trial017.stdout:Feb 20 00:10:03 trial017 ceph-mon[39672]: [20/Feb/2026:00:10:03] ENGINE Serving on https://10.20.193.17:7150
2026-02-20T00:10:03.997 INFO:journalctl@ceph.mon.a.trial017.stdout:Feb 20 00:10:03 trial017 ceph-mon[39672]: [20/Feb/2026:00:10:03] ENGINE Bus STARTED
2026-02-20T00:10:03.997 INFO:journalctl@ceph.mon.a.trial017.stdout:Feb 20 00:10:03 trial017 ceph-mon[39672]: [20/Feb/2026:00:10:03] ENGINE Client ('10.20.193.17', 47706) lost — peer dropped the TLS connection suddenly, during handshake: (6, 'TLS/SSL connection has been closed (EOF) (_ssl.c:1147)')
2026-02-20T00:10:03.997 INFO:journalctl@ceph.mon.a.trial017.stdout:Feb 20 00:10:03 trial017 ceph-mon[39672]: from='client.14162 -' entity='client.admin' cmd=[{"prefix": "dashboard create-self-signed-cert", "target": ["mon-mgr", ""]}]: dispatch
2026-02-20T00:10:03.997 INFO:journalctl@ceph.mon.a.trial017.stdout:Feb 20 00:10:03 trial017 ceph-mon[39672]: from='mgr.14150 10.20.193.17:0/2649225015' entity='mgr.x'
2026-02-20T00:10:03.997 INFO:journalctl@ceph.mon.a.trial017.stdout:Feb 20 00:10:03 trial017 ceph-mon[39672]: from='mgr.14150 10.20.193.17:0/2649225015' entity='mgr.x'
2026-02-20T00:10:04.003 INFO:teuthology.orchestra.run.trial017.stdout:/usr/bin/ceph: stdout Self-signed certificate created
2026-02-20T00:10:04.003 INFO:teuthology.orchestra.run.trial017.stdout:/usr/bin/ceph: stderr
2026-02-20T00:10:03.664+0000 7f104371f640 1 Processor -- start
2026-02-20T00:10:04.003 INFO:teuthology.orchestra.run.trial017.stdout:/usr/bin/ceph: stderr
2026-02-20T00:10:03.664+0000 7f104371f640 1 -- start start
2026-02-20T00:10:04.003 INFO:teuthology.orchestra.run.trial017.stdout:/usr/bin/ceph: stderr
2026-02-20T00:10:03.664+0000 7f104371f640 1 --2- >> [v2:10.20.193.17:3300/0,v1:10.20.193.17:6789/0] conn(0x7f103c10a590 0x7f103c10a990 unknown :-1 s=NONE pgs=0 cs=0 l=0 rev1=0 crypto rx=0 tx=0 comp rx=0 tx=0).connect
2026-02-20T00:10:04.004 INFO:teuthology.orchestra.run.trial017.stdout:/usr/bin/ceph: stderr
2026-02-20T00:10:03.664+0000 7f104371f640 1 -- --> [v2:10.20.193.17:3300/0,v1:10.20.193.17:6789/0] -- mon_getmap magic: 0 -- 0x7f103c10af60 con 0x7f103c10a590
2026-02-20T00:10:04.004 INFO:teuthology.orchestra.run.trial017.stdout:/usr/bin/ceph: stderr
2026-02-20T00:10:03.664+0000 7f1041494640 1 --2- >> [v2:10.20.193.17:3300/0,v1:10.20.193.17:6789/0] conn(0x7f103c10a590 0x7f103c10a990 unknown :-1 s=BANNER_CONNECTING pgs=0 cs=0 l=0 rev1=0 crypto rx=0 tx=0 comp rx=0 tx=0)._handle_peer_banner_payload supported=3 required=0
2026-02-20T00:10:04.004 INFO:teuthology.orchestra.run.trial017.stdout:/usr/bin/ceph: stderr
2026-02-20T00:10:03.664+0000 7f1041494640 1 --2- >> [v2:10.20.193.17:3300/0,v1:10.20.193.17:6789/0] conn(0x7f103c10a590 0x7f103c10a990 unknown :-1 s=HELLO_CONNECTING pgs=0 cs=0 l=0 rev1=1 crypto rx=0 tx=0 comp rx=0 tx=0).handle_hello peer v2:10.20.193.17:3300/0 says I am v2:10.20.193.17:47570/0 (socket says 10.20.193.17:47570)
2026-02-20T00:10:04.004 INFO:teuthology.orchestra.run.trial017.stdout:/usr/bin/ceph: stderr
2026-02-20T00:10:03.664+0000 7f1041494640 1 -- 10.20.193.17:0/1040474304 learned_addr learned my addr 10.20.193.17:0/1040474304 (peer_addr_for_me v2:10.20.193.17:0/0)
2026-02-20T00:10:04.004 INFO:teuthology.orchestra.run.trial017.stdout:/usr/bin/ceph: stderr
2026-02-20T00:10:03.664+0000 7f1041494640 1 -- 10.20.193.17:0/1040474304 --> [v2:10.20.193.17:3300/0,v1:10.20.193.17:6789/0] -- mon_subscribe({config=0+,monmap=0+}) -- 0x7f103c10b740 con 0x7f103c10a590
2026-02-20T00:10:04.004 INFO:teuthology.orchestra.run.trial017.stdout:/usr/bin/ceph: stderr
2026-02-20T00:10:03.665+0000 7f1041494640 1 --2- 10.20.193.17:0/1040474304 >> [v2:10.20.193.17:3300/0,v1:10.20.193.17:6789/0] conn(0x7f103c10a590 0x7f103c10a990 secure :-1 s=READY pgs=68 cs=0 l=1 rev1=1 crypto rx=0x7f102c009920 tx=0x7f102c02ef20 comp rx=0 tx=0).ready entity=mon.0 client_cookie=4fda5675cf5cb89e server_cookie=0 in_seq=0 out_seq=0
2026-02-20T00:10:04.004 INFO:teuthology.orchestra.run.trial017.stdout:/usr/bin/ceph: stderr
2026-02-20T00:10:03.665+0000 7f102bfff640 1 -- 10.20.193.17:0/1040474304 <== mon.0 v2:10.20.193.17:3300/0 1 ==== mon_map magic: 0 ==== 205+0+0 (secure 0 0 0) 0x7f102c03c070 con 0x7f103c10a590
2026-02-20T00:10:04.004 INFO:teuthology.orchestra.run.trial017.stdout:/usr/bin/ceph: stderr
2026-02-20T00:10:03.665+0000 7f102bfff640 1 -- 10.20.193.17:0/1040474304 <== mon.0 v2:10.20.193.17:3300/0 2 ==== config(27 keys) ==== 1107+0+0 (secure 0 0 0) 0x7f102c037440 con 0x7f103c10a590
2026-02-20T00:10:04.004 INFO:teuthology.orchestra.run.trial017.stdout:/usr/bin/ceph: stderr
2026-02-20T00:10:03.665+0000 7f102bfff640 1 -- 10.20.193.17:0/1040474304 <== mon.0 v2:10.20.193.17:3300/0 3 ==== mon_map magic: 0 ==== 205+0+0 (secure 0 0 0) 0x7f102c0355e0 con 0x7f103c10a590
2026-02-20T00:10:04.004 INFO:teuthology.orchestra.run.trial017.stdout:/usr/bin/ceph: stderr
2026-02-20T00:10:03.665+0000 7f104371f640 1 -- 10.20.193.17:0/1040474304 >> [v2:10.20.193.17:3300/0,v1:10.20.193.17:6789/0] conn(0x7f103c10a590 msgr2=0x7f103c10a990 secure :-1 s=STATE_CONNECTION_ESTABLISHED l=1).mark_down
2026-02-20T00:10:04.004 INFO:teuthology.orchestra.run.trial017.stdout:/usr/bin/ceph: stderr
2026-02-20T00:10:03.665+0000 7f104371f640 1 --2- 10.20.193.17:0/1040474304 >> [v2:10.20.193.17:3300/0,v1:10.20.193.17:6789/0] conn(0x7f103c10a590 0x7f103c10a990 secure :-1 s=READY pgs=68 cs=0 l=1 rev1=1 crypto rx=0x7f102c009920 tx=0x7f102c02ef20 comp rx=0 tx=0).stop
2026-02-20T00:10:04.005 INFO:teuthology.orchestra.run.trial017.stdout:/usr/bin/ceph: stderr
2026-02-20T00:10:03.665+0000 7f104371f640 1 -- 10.20.193.17:0/1040474304 shutdown_connections
2026-02-20T00:10:04.005 INFO:teuthology.orchestra.run.trial017.stdout:/usr/bin/ceph: stderr
2026-02-20T00:10:03.665+0000 7f104371f640 1 --2- 10.20.193.17:0/1040474304 >> [v2:10.20.193.17:3300/0,v1:10.20.193.17:6789/0] conn(0x7f103c10a590 0x7f103c10a990 unknown :-1 s=CLOSED pgs=68 cs=0 l=1 rev1=1 crypto rx=0 tx=0 comp rx=0 tx=0).stop
2026-02-20T00:10:04.005 INFO:teuthology.orchestra.run.trial017.stdout:/usr/bin/ceph: stderr
2026-02-20T00:10:03.665+0000 7f104371f640 1 -- 10.20.193.17:0/1040474304 >> 10.20.193.17:0/1040474304 conn(0x7f103c07dbe0 msgr2=0x7f103c108680 unknown :-1 s=STATE_NONE l=0).mark_down
2026-02-20T00:10:04.005 INFO:teuthology.orchestra.run.trial017.stdout:/usr/bin/ceph: stderr
2026-02-20T00:10:03.665+0000 7f104371f640 1 -- 10.20.193.17:0/1040474304 shutdown_connections
2026-02-20T00:10:04.005 INFO:teuthology.orchestra.run.trial017.stdout:/usr/bin/ceph: stderr
2026-02-20T00:10:03.665+0000 7f104371f640 1 -- 10.20.193.17:0/1040474304 wait complete.
2026-02-20T00:10:04.005 INFO:teuthology.orchestra.run.trial017.stdout:/usr/bin/ceph: stderr
2026-02-20T00:10:03.666+0000 7f104371f640 1 Processor -- start
2026-02-20T00:10:04.005 INFO:teuthology.orchestra.run.trial017.stdout:/usr/bin/ceph: stderr
2026-02-20T00:10:03.666+0000 7f104371f640 1 -- start start
2026-02-20T00:10:04.005 INFO:teuthology.orchestra.run.trial017.stdout:/usr/bin/ceph: stderr
2026-02-20T00:10:03.666+0000 7f104371f640 1 --2- >> [v2:10.20.193.17:3300/0,v1:10.20.193.17:6789/0] conn(0x7f103c10a590 0x7f103c1a0420 unknown :-1 s=NONE pgs=0 cs=0 l=1 rev1=0 crypto rx=0 tx=0 comp rx=0 tx=0).connect
2026-02-20T00:10:04.005 INFO:teuthology.orchestra.run.trial017.stdout:/usr/bin/ceph: stderr
2026-02-20T00:10:03.666+0000 7f104371f640 1 -- --> [v2:10.20.193.17:3300/0,v1:10.20.193.17:6789/0] -- mon_getmap magic: 0 -- 0x7f103c10eaf0 con 0x7f103c10a590
2026-02-20T00:10:04.005 INFO:teuthology.orchestra.run.trial017.stdout:/usr/bin/ceph: stderr
2026-02-20T00:10:03.666+0000 7f1041494640 1 --2- >> [v2:10.20.193.17:3300/0,v1:10.20.193.17:6789/0] conn(0x7f103c10a590 0x7f103c1a0420 unknown :-1 s=BANNER_CONNECTING pgs=0 cs=0 l=1 rev1=0 crypto rx=0 tx=0 comp rx=0 tx=0)._handle_peer_banner_payload supported=3 required=0
2026-02-20T00:10:04.005 INFO:teuthology.orchestra.run.trial017.stdout:/usr/bin/ceph: stderr
2026-02-20T00:10:03.666+0000 7f1041494640 1 --2- >> [v2:10.20.193.17:3300/0,v1:10.20.193.17:6789/0] conn(0x7f103c10a590 0x7f103c1a0420 unknown :-1 s=HELLO_CONNECTING pgs=0 cs=0 l=1 rev1=1 crypto rx=0 tx=0 comp rx=0 tx=0).handle_hello peer v2:10.20.193.17:3300/0 says I am v2:10.20.193.17:47574/0 (socket says 10.20.193.17:47574)
2026-02-20T00:10:04.006 INFO:teuthology.orchestra.run.trial017.stdout:/usr/bin/ceph: stderr
2026-02-20T00:10:03.666+0000 7f1041494640 1 -- 10.20.193.17:0/281531768 learned_addr learned my addr 10.20.193.17:0/281531768 (peer_addr_for_me v2:10.20.193.17:0/0)
2026-02-20T00:10:04.006 INFO:teuthology.orchestra.run.trial017.stdout:/usr/bin/ceph: stderr
2026-02-20T00:10:03.666+0000 7f1041494640 1 -- 10.20.193.17:0/281531768 --> [v2:10.20.193.17:3300/0,v1:10.20.193.17:6789/0] -- mon_subscribe({config=0+,monmap=0+}) -- 0x7f103c1a0960 con 0x7f103c10a590
2026-02-20T00:10:04.006 INFO:teuthology.orchestra.run.trial017.stdout:/usr/bin/ceph: stderr
2026-02-20T00:10:03.667+0000 7f1041494640 1 --2- 10.20.193.17:0/281531768 >> [v2:10.20.193.17:3300/0,v1:10.20.193.17:6789/0] conn(0x7f103c10a590 0x7f103c1a0420 secure :-1 s=READY pgs=69 cs=0 l=1 rev1=1 crypto rx=0x7f102c039000 tx=0x7f102c035b60 comp rx=0 tx=0).ready entity=mon.0 client_cookie=0 server_cookie=0 in_seq=0 out_seq=0
2026-02-20T00:10:04.006 INFO:teuthology.orchestra.run.trial017.stdout:/usr/bin/ceph: stderr
2026-02-20T00:10:03.667+0000 7f102a7fc640 1 -- 10.20.193.17:0/281531768 <== mon.0 v2:10.20.193.17:3300/0 1 ==== mon_map magic: 0 ==== 205+0+0 (secure 0 0 0) 0x7f102c047070 con 0x7f103c10a590
2026-02-20T00:10:04.006 INFO:teuthology.orchestra.run.trial017.stdout:/usr/bin/ceph: stderr
2026-02-20T00:10:03.667+0000 7f102a7fc640 1 -- 10.20.193.17:0/281531768 <== mon.0 v2:10.20.193.17:3300/0 2 ==== config(27 keys) ==== 1107+0+0 (secure 0 0 0) 0x7f102c037be0 con 0x7f103c10a590
2026-02-20T00:10:04.006 INFO:teuthology.orchestra.run.trial017.stdout:/usr/bin/ceph: stderr
2026-02-20T00:10:03.667+0000 7f104371f640 1 -- 10.20.193.17:0/281531768 --> [v2:10.20.193.17:3300/0,v1:10.20.193.17:6789/0] -- mon_subscribe({mgrmap=0+}) -- 0x7f103c1a0bf0 con 0x7f103c10a590
2026-02-20T00:10:04.006 INFO:teuthology.orchestra.run.trial017.stdout:/usr/bin/ceph: stderr
2026-02-20T00:10:03.667+0000 7f102a7fc640 1 -- 10.20.193.17:0/281531768 <== mon.0 v2:10.20.193.17:3300/0 3 ==== mon_map magic: 0 ==== 205+0+0 (secure 0 0 0) 0x7f102c03c070 con 0x7f103c10a590
2026-02-20T00:10:04.006 INFO:teuthology.orchestra.run.trial017.stdout:/usr/bin/ceph: stderr
2026-02-20T00:10:03.667+0000 7f104371f640 1 -- 10.20.193.17:0/281531768 --> [v2:10.20.193.17:3300/0,v1:10.20.193.17:6789/0] -- mon_subscribe({osdmap=0}) -- 0x7f103c1a38e0 con 0x7f103c10a590
2026-02-20T00:10:04.006 INFO:teuthology.orchestra.run.trial017.stdout:/usr/bin/ceph: stderr
2026-02-20T00:10:03.667+0000 7f102a7fc640 1 -- 10.20.193.17:0/281531768 <== mon.0 v2:10.20.193.17:3300/0 4 ==== mgrmap(e 11) ==== 50154+0+0 (secure 0 0 0) 0x7f102c0426f0 con 0x7f103c10a590
2026-02-20T00:10:04.006 INFO:teuthology.orchestra.run.trial017.stdout:/usr/bin/ceph: stderr
2026-02-20T00:10:03.667+0000 7f104371f640 1 -- 10.20.193.17:0/281531768 --> [v2:10.20.193.17:3300/0,v1:10.20.193.17:6789/0] -- mon_command({"prefix": "get_command_descriptions"} v 0) -- 0x7f103c10ec70 con 0x7f103c10a590
2026-02-20T00:10:04.006 INFO:teuthology.orchestra.run.trial017.stdout:/usr/bin/ceph: stderr
2026-02-20T00:10:03.668+0000 7f102a7fc640 1 --2- 10.20.193.17:0/281531768 >> [v2:10.20.193.17:6800/3829885091,v1:10.20.193.17:6801/3829885091] conn(0x7f101403db20 0x7f101403ffe0 unknown :-1 s=NONE pgs=0 cs=0 l=1 rev1=0 crypto rx=0 tx=0 comp rx=0 tx=0).connect
2026-02-20T00:10:04.006 INFO:teuthology.orchestra.run.trial017.stdout:/usr/bin/ceph: stderr
2026-02-20T00:10:03.668+0000 7f102a7fc640 1 -- 10.20.193.17:0/281531768 <== mon.0 v2:10.20.193.17:3300/0 5 ==== osd_map(3..3 src has 1..3) ==== 1155+0+0 (secure 0 0 0) 0x7f102c076b10 con 0x7f103c10a590
2026-02-20T00:10:04.007 INFO:teuthology.orchestra.run.trial017.stdout:/usr/bin/ceph: stderr
2026-02-20T00:10:03.668+0000 7f1040c93640 1 --2- 10.20.193.17:0/281531768 >> [v2:10.20.193.17:6800/3829885091,v1:10.20.193.17:6801/3829885091] conn(0x7f101403db20 0x7f101403ffe0 unknown :-1 s=BANNER_CONNECTING pgs=0 cs=0 l=1 rev1=0 crypto rx=0 tx=0 comp rx=0 tx=0)._handle_peer_banner_payload supported=3 required=0
2026-02-20T00:10:04.007 INFO:teuthology.orchestra.run.trial017.stdout:/usr/bin/ceph: stderr
2026-02-20T00:10:03.668+0000 7f1040c93640 1 --2- 10.20.193.17:0/281531768 >> [v2:10.20.193.17:6800/3829885091,v1:10.20.193.17:6801/3829885091] conn(0x7f101403db20 0x7f101403ffe0 secure :-1 s=READY pgs=7 cs=0 l=1 rev1=1 crypto rx=0x7f10300099c0 tx=0x7f1030006eb0 comp rx=0 tx=0).ready entity=mgr.14150 client_cookie=0 server_cookie=0 in_seq=0 out_seq=0
2026-02-20T00:10:04.007 INFO:teuthology.orchestra.run.trial017.stdout:/usr/bin/ceph: stderr
2026-02-20T00:10:03.670+0000 7f102a7fc640 1 -- 10.20.193.17:0/281531768 <== mon.0 v2:10.20.193.17:3300/0 6 ==== mon_command_ack([{"prefix": "get_command_descriptions"}]=0 v0) ==== 72+0+195034 (secure 0 0 0) 0x7f102c0424f0 con 0x7f103c10a590
2026-02-20T00:10:04.007 INFO:teuthology.orchestra.run.trial017.stdout:/usr/bin/ceph: stderr
2026-02-20T00:10:03.758+0000 7f104371f640 1 -- 10.20.193.17:0/281531768 --> [v2:10.20.193.17:6800/3829885091,v1:10.20.193.17:6801/3829885091] -- mgr_command(tid 0: {"prefix": "dashboard create-self-signed-cert", "target": ["mon-mgr", ""]}) -- 0x7f103c1084d0 con 0x7f101403db20
2026-02-20T00:10:04.007 INFO:teuthology.orchestra.run.trial017.stdout:/usr/bin/ceph: stderr
2026-02-20T00:10:03.791+0000 7f102a7fc640 1 -- 10.20.193.17:0/281531768 <== mgr.14150 v2:10.20.193.17:6800/3829885091 1 ==== mgr_command_reply(tid 0: 0 ) ==== 8+0+32 (secure 0 0 0) 0x7f103c1084d0 con 0x7f101403db20
2026-02-20T00:10:04.007 INFO:teuthology.orchestra.run.trial017.stdout:/usr/bin/ceph: stderr
2026-02-20T00:10:03.793+0000 7f104371f640 1 -- 10.20.193.17:0/281531768 >> [v2:10.20.193.17:6800/3829885091,v1:10.20.193.17:6801/3829885091] conn(0x7f101403db20 msgr2=0x7f101403ffe0 secure :-1 s=STATE_CONNECTION_ESTABLISHED l=1).mark_down
2026-02-20T00:10:04.007 INFO:teuthology.orchestra.run.trial017.stdout:/usr/bin/ceph: stderr
2026-02-20T00:10:03.793+0000 7f104371f640 1 --2- 10.20.193.17:0/281531768 >> [v2:10.20.193.17:6800/3829885091,v1:10.20.193.17:6801/3829885091] conn(0x7f101403db20 0x7f101403ffe0 secure :-1 s=READY pgs=7 cs=0 l=1 rev1=1 crypto rx=0x7f10300099c0 tx=0x7f1030006eb0 comp rx=0 tx=0).stop
2026-02-20T00:10:04.007 INFO:teuthology.orchestra.run.trial017.stdout:/usr/bin/ceph: stderr
2026-02-20T00:10:03.793+0000 7f104371f640 1 -- 10.20.193.17:0/281531768 >> [v2:10.20.193.17:3300/0,v1:10.20.193.17:6789/0] conn(0x7f103c10a590 msgr2=0x7f103c1a0420 secure :-1 s=STATE_CONNECTION_ESTABLISHED l=1).mark_down
2026-02-20T00:10:04.007 INFO:teuthology.orchestra.run.trial017.stdout:/usr/bin/ceph: stderr
2026-02-20T00:10:03.793+0000 7f104371f640 1 --2- 10.20.193.17:0/281531768 >> [v2:10.20.193.17:3300/0,v1:10.20.193.17:6789/0] conn(0x7f103c10a590 0x7f103c1a0420 secure :-1 s=READY pgs=69 cs=0 l=1 rev1=1 crypto rx=0x7f102c039000 tx=0x7f102c035b60 comp rx=0 tx=0).stop
2026-02-20T00:10:04.007 INFO:teuthology.orchestra.run.trial017.stdout:/usr/bin/ceph: stderr
2026-02-20T00:10:03.793+0000 7f104371f640 1 -- 10.20.193.17:0/281531768 shutdown_connections
2026-02-20T00:10:04.007 INFO:teuthology.orchestra.run.trial017.stdout:/usr/bin/ceph: stderr
2026-02-20T00:10:03.793+0000 7f104371f640 1 --2- 10.20.193.17:0/281531768 >> [v2:10.20.193.17:6800/3829885091,v1:10.20.193.17:6801/3829885091] conn(0x7f101403db20 0x7f101403ffe0 unknown :-1 s=CLOSED pgs=7 cs=0 l=1 rev1=1 crypto rx=0 tx=0 comp rx=0 tx=0).stop
2026-02-20T00:10:04.008 INFO:teuthology.orchestra.run.trial017.stdout:/usr/bin/ceph: stderr
2026-02-20T00:10:03.793+0000 7f104371f640 1 --2- 10.20.193.17:0/281531768 >> [v2:10.20.193.17:3300/0,v1:10.20.193.17:6789/0] conn(0x7f103c10a590 0x7f103c1a0420 unknown :-1 s=CLOSED pgs=69 cs=0 l=1 rev1=1 crypto rx=0 tx=0 comp rx=0 tx=0).stop
2026-02-20T00:10:04.008 INFO:teuthology.orchestra.run.trial017.stdout:/usr/bin/ceph: stderr
2026-02-20T00:10:03.793+0000 7f104371f640 1 -- 10.20.193.17:0/281531768 >> 10.20.193.17:0/281531768 conn(0x7f103c07dbe0 msgr2=0x7f103c107dc0 unknown :-1 s=STATE_NONE l=0).mark_down
2026-02-20T00:10:04.008 INFO:teuthology.orchestra.run.trial017.stdout:/usr/bin/ceph: stderr
2026-02-20T00:10:03.793+0000 7f104371f640 1 -- 10.20.193.17:0/281531768 shutdown_connections
2026-02-20T00:10:04.008 INFO:teuthology.orchestra.run.trial017.stdout:/usr/bin/ceph: stderr
2026-02-20T00:10:03.793+0000 7f104371f640 1 -- 10.20.193.17:0/281531768 wait complete.
2026-02-20T00:10:04.008 INFO:teuthology.orchestra.run.trial017.stdout:Creating initial admin user...
2026-02-20T00:10:04.358 INFO:teuthology.orchestra.run.trial017.stdout:/usr/bin/ceph: stdout {"username": "admin", "password": "$2b$12$TA1GX2PBrtZF/nYxKZGen.Rh3lKWITCvCc8fj3zXm6TMVVasOXpVm", "roles": ["administrator"], "name": null, "email": null, "lastUpdate": 1771546204, "enabled": true, "pwdExpirationDate": null, "pwdUpdateRequired": true}
2026-02-20T00:10:04.358 INFO:teuthology.orchestra.run.trial017.stdout:/usr/bin/ceph: stderr
2026-02-20T00:10:04.095+0000 7f43f415d640 1 Processor -- start
2026-02-20T00:10:04.358 INFO:teuthology.orchestra.run.trial017.stdout:/usr/bin/ceph: stderr
2026-02-20T00:10:04.095+0000 7f43f415d640 1 -- start start
2026-02-20T00:10:04.358 INFO:teuthology.orchestra.run.trial017.stdout:/usr/bin/ceph: stderr
2026-02-20T00:10:04.095+0000 7f43f415d640 1 --2- >> [v2:10.20.193.17:3300/0,v1:10.20.193.17:6789/0] conn(0x7f43ec10a5d0 0x7f43ec10a9d0 unknown :-1 s=NONE pgs=0 cs=0 l=0 rev1=0 crypto rx=0 tx=0 comp rx=0 tx=0).connect
2026-02-20T00:10:04.358 INFO:teuthology.orchestra.run.trial017.stdout:/usr/bin/ceph: stderr
2026-02-20T00:10:04.095+0000 7f43f415d640 1 -- --> [v2:10.20.193.17:3300/0,v1:10.20.193.17:6789/0] -- mon_getmap magic: 0 -- 0x7f43ec10afa0 con 0x7f43ec10a5d0
2026-02-20T00:10:04.358 INFO:teuthology.orchestra.run.trial017.stdout:/usr/bin/ceph: stderr
2026-02-20T00:10:04.095+0000 7f43f1ed2640 1 --2- >> [v2:10.20.193.17:3300/0,v1:10.20.193.17:6789/0] conn(0x7f43ec10a5d0 0x7f43ec10a9d0 unknown :-1 s=BANNER_CONNECTING pgs=0 cs=0 l=0 rev1=0 crypto rx=0 tx=0 comp rx=0 tx=0)._handle_peer_banner_payload supported=3 required=0
2026-02-20T00:10:04.359 INFO:teuthology.orchestra.run.trial017.stdout:/usr/bin/ceph: stderr
2026-02-20T00:10:04.095+0000 7f43f1ed2640 1 --2- >> [v2:10.20.193.17:3300/0,v1:10.20.193.17:6789/0] conn(0x7f43ec10a5d0 0x7f43ec10a9d0 unknown :-1 s=HELLO_CONNECTING pgs=0 cs=0 l=0 rev1=1 crypto rx=0 tx=0 comp rx=0 tx=0).handle_hello peer v2:10.20.193.17:3300/0 says I am v2:10.20.193.17:47580/0 (socket says 10.20.193.17:47580)
2026-02-20T00:10:04.359 INFO:teuthology.orchestra.run.trial017.stdout:/usr/bin/ceph: stderr
2026-02-20T00:10:04.095+0000 7f43f1ed2640 1 -- 10.20.193.17:0/2569567349 learned_addr learned my addr 10.20.193.17:0/2569567349 (peer_addr_for_me v2:10.20.193.17:0/0)
2026-02-20T00:10:04.359 INFO:teuthology.orchestra.run.trial017.stdout:/usr/bin/ceph: stderr
2026-02-20T00:10:04.096+0000 7f43f1ed2640 1 -- 10.20.193.17:0/2569567349 --> [v2:10.20.193.17:3300/0,v1:10.20.193.17:6789/0] -- mon_subscribe({config=0+,monmap=0+}) -- 0x7f43ec10b780 con 0x7f43ec10a5d0
2026-02-20T00:10:04.359 INFO:teuthology.orchestra.run.trial017.stdout:/usr/bin/ceph: stderr
2026-02-20T00:10:04.096+0000 7f43f1ed2640 1 --2- 10.20.193.17:0/2569567349 >> [v2:10.20.193.17:3300/0,v1:10.20.193.17:6789/0] conn(0x7f43ec10a5d0 0x7f43ec10a9d0 secure :-1 s=READY pgs=70 cs=0 l=1 rev1=1 crypto rx=0x7f43dc009920 tx=0x7f43dc02ef20 comp rx=0 tx=0).ready entity=mon.0 client_cookie=750e2eab97fd0063 server_cookie=0 in_seq=0 out_seq=0
2026-02-20T00:10:04.359 INFO:teuthology.orchestra.run.trial017.stdout:/usr/bin/ceph: stderr
2026-02-20T00:10:04.096+0000 7f43f0ed0640 1 -- 10.20.193.17:0/2569567349 <== mon.0 v2:10.20.193.17:3300/0 1 ==== mon_map magic: 0 ==== 205+0+0 (secure 0 0 0) 0x7f43dc03c070 con 0x7f43ec10a5d0
2026-02-20T00:10:04.359 INFO:teuthology.orchestra.run.trial017.stdout:/usr/bin/ceph: stderr
2026-02-20T00:10:04.096+0000 7f43f0ed0640 1 -- 10.20.193.17:0/2569567349 <== mon.0 v2:10.20.193.17:3300/0 2 ==== config(27 keys) ==== 1107+0+0 (secure 0 0 0) 0x7f43dc037440 con 0x7f43ec10a5d0
2026-02-20T00:10:04.359 INFO:teuthology.orchestra.run.trial017.stdout:/usr/bin/ceph: stderr
2026-02-20T00:10:04.096+0000 7f43f0ed0640 1 -- 10.20.193.17:0/2569567349 <== mon.0 v2:10.20.193.17:3300/0 3 ==== mon_map magic: 0 ==== 205+0+0 (secure 0 0 0) 0x7f43dc0355e0 con 0x7f43ec10a5d0
2026-02-20T00:10:04.359 INFO:teuthology.orchestra.run.trial017.stdout:/usr/bin/ceph: stderr
2026-02-20T00:10:04.096+0000 7f43f415d640 1 -- 10.20.193.17:0/2569567349 >> [v2:10.20.193.17:3300/0,v1:10.20.193.17:6789/0] conn(0x7f43ec10a5d0 msgr2=0x7f43ec10a9d0 secure :-1 s=STATE_CONNECTION_ESTABLISHED l=1).mark_down
2026-02-20T00:10:04.359 INFO:teuthology.orchestra.run.trial017.stdout:/usr/bin/ceph: stderr
2026-02-20T00:10:04.096+0000 7f43f415d640 1 --2- 10.20.193.17:0/2569567349 >> [v2:10.20.193.17:3300/0,v1:10.20.193.17:6789/0] conn(0x7f43ec10a5d0 0x7f43ec10a9d0 secure :-1 s=READY pgs=70 cs=0 l=1 rev1=1 crypto rx=0x7f43dc009920 tx=0x7f43dc02ef20 comp rx=0 tx=0).stop
2026-02-20T00:10:04.359 INFO:teuthology.orchestra.run.trial017.stdout:/usr/bin/ceph: stderr
2026-02-20T00:10:04.096+0000 7f43f415d640 1 -- 10.20.193.17:0/2569567349 shutdown_connections
2026-02-20T00:10:04.359 INFO:teuthology.orchestra.run.trial017.stdout:/usr/bin/ceph: stderr
2026-02-20T00:10:04.096+0000 7f43f415d640 1 --2- 10.20.193.17:0/2569567349 >> [v2:10.20.193.17:3300/0,v1:10.20.193.17:6789/0] conn(0x7f43ec10a5d0 0x7f43ec10a9d0 unknown :-1 s=CLOSED pgs=70 cs=0 l=1 rev1=1 crypto rx=0 tx=0 comp rx=0 tx=0).stop
2026-02-20T00:10:04.360 INFO:teuthology.orchestra.run.trial017.stdout:/usr/bin/ceph: stderr
2026-02-20T00:10:04.096+0000 7f43f415d640 1 -- 10.20.193.17:0/2569567349 >> 10.20.193.17:0/2569567349 conn(0x7f43ec07dbe0 msgr2=0x7f43ec108680 unknown :-1 s=STATE_NONE l=0).mark_down
2026-02-20T00:10:04.360 INFO:teuthology.orchestra.run.trial017.stdout:/usr/bin/ceph: stderr
2026-02-20T00:10:04.096+0000 7f43f415d640 1 -- 10.20.193.17:0/2569567349 shutdown_connections
2026-02-20T00:10:04.360 INFO:teuthology.orchestra.run.trial017.stdout:/usr/bin/ceph: stderr
2026-02-20T00:10:04.096+0000 7f43f415d640 1 -- 10.20.193.17:0/2569567349 wait complete.
2026-02-20T00:10:04.360 INFO:teuthology.orchestra.run.trial017.stdout:/usr/bin/ceph: stderr
2026-02-20T00:10:04.097+0000 7f43f415d640 1 Processor -- start
2026-02-20T00:10:04.360 INFO:teuthology.orchestra.run.trial017.stdout:/usr/bin/ceph: stderr
2026-02-20T00:10:04.097+0000 7f43f415d640 1 -- start start
2026-02-20T00:10:04.360 INFO:teuthology.orchestra.run.trial017.stdout:/usr/bin/ceph: stderr
2026-02-20T00:10:04.097+0000 7f43f415d640 1 --2- >> [v2:10.20.193.17:3300/0,v1:10.20.193.17:6789/0] conn(0x7f43ec10a5d0 0x7f43ec1a0450 unknown :-1 s=NONE pgs=0 cs=0 l=1 rev1=0 crypto rx=0 tx=0 comp rx=0 tx=0).connect
2026-02-20T00:10:04.360 INFO:teuthology.orchestra.run.trial017.stdout:/usr/bin/ceph: stderr
2026-02-20T00:10:04.097+0000 7f43f415d640 1 -- --> [v2:10.20.193.17:3300/0,v1:10.20.193.17:6789/0] -- mon_getmap magic: 0 -- 0x7f43ec10eb30 con 0x7f43ec10a5d0
2026-02-20T00:10:04.360 INFO:teuthology.orchestra.run.trial017.stdout:/usr/bin/ceph: stderr
2026-02-20T00:10:04.097+0000 7f43f1ed2640 1 --2- >> [v2:10.20.193.17:3300/0,v1:10.20.193.17:6789/0] conn(0x7f43ec10a5d0 0x7f43ec1a0450 unknown :-1 s=BANNER_CONNECTING pgs=0 cs=0 l=1 rev1=0 crypto rx=0 tx=0 comp rx=0 tx=0)._handle_peer_banner_payload supported=3 required=0
2026-02-20T00:10:04.360 INFO:teuthology.orchestra.run.trial017.stdout:/usr/bin/ceph: stderr
2026-02-20T00:10:04.097+0000 7f43f1ed2640 1 --2- >> [v2:10.20.193.17:3300/0,v1:10.20.193.17:6789/0] conn(0x7f43ec10a5d0 0x7f43ec1a0450 unknown :-1 s=HELLO_CONNECTING pgs=0 cs=0 l=1 rev1=1 crypto rx=0 tx=0 comp rx=0 tx=0).handle_hello peer v2:10.20.193.17:3300/0 says I am v2:10.20.193.17:47592/0 (socket says 10.20.193.17:47592)
2026-02-20T00:10:04.360 INFO:teuthology.orchestra.run.trial017.stdout:/usr/bin/ceph: stderr
2026-02-20T00:10:04.097+0000 7f43f1ed2640 1 -- 10.20.193.17:0/2955294898 learned_addr learned my addr 10.20.193.17:0/2955294898 (peer_addr_for_me v2:10.20.193.17:0/0)
2026-02-20T00:10:04.360 INFO:teuthology.orchestra.run.trial017.stdout:/usr/bin/ceph: stderr
2026-02-20T00:10:04.097+0000 7f43f1ed2640 1 -- 10.20.193.17:0/2955294898 --> [v2:10.20.193.17:3300/0,v1:10.20.193.17:6789/0] -- mon_subscribe({config=0+,monmap=0+}) -- 0x7f43ec1a0990 con 0x7f43ec10a5d0
2026-02-20T00:10:04.361 INFO:teuthology.orchestra.run.trial017.stdout:/usr/bin/ceph: stderr
2026-02-20T00:10:04.097+0000 7f43f1ed2640 1 --2- 10.20.193.17:0/2955294898 >> [v2:10.20.193.17:3300/0,v1:10.20.193.17:6789/0] conn(0x7f43ec10a5d0 0x7f43ec1a0450 secure :-1 s=READY pgs=71 cs=0 l=1 rev1=1 crypto rx=0x7f43dc039000 tx=0x7f43dc035b60 comp rx=0 tx=0).ready entity=mon.0 client_cookie=0 server_cookie=0 in_seq=0 out_seq=0
2026-02-20T00:10:04.361 INFO:teuthology.orchestra.run.trial017.stdout:/usr/bin/ceph: stderr
2026-02-20T00:10:04.097+0000 7f43daffd640 1 -- 10.20.193.17:0/2955294898 <== mon.0 v2:10.20.193.17:3300/0 1 ==== mon_map magic: 0 ==== 205+0+0 (secure 0 0 0) 0x7f43dc047070 con 0x7f43ec10a5d0
2026-02-20T00:10:04.361 INFO:teuthology.orchestra.run.trial017.stdout:/usr/bin/ceph: stderr
2026-02-20T00:10:04.097+0000 7f43daffd640 1 -- 10.20.193.17:0/2955294898 <== mon.0 v2:10.20.193.17:3300/0 2 ==== config(27 keys) ==== 1107+0+0 (secure 0 0 0) 0x7f43dc037be0 con 0x7f43ec10a5d0
2026-02-20T00:10:04.361 INFO:teuthology.orchestra.run.trial017.stdout:/usr/bin/ceph: stderr
2026-02-20T00:10:04.097+0000 7f43f415d640 1 -- 10.20.193.17:0/2955294898 --> [v2:10.20.193.17:3300/0,v1:10.20.193.17:6789/0] -- mon_subscribe({mgrmap=0+}) -- 0x7f43ec1a0c20 con 0x7f43ec10a5d0
2026-02-20T00:10:04.361 INFO:teuthology.orchestra.run.trial017.stdout:/usr/bin/ceph: stderr
2026-02-20T00:10:04.097+0000 7f43daffd640 1 -- 10.20.193.17:0/2955294898 <== mon.0 v2:10.20.193.17:3300/0 3 ==== mon_map magic: 0 ==== 205+0+0 (secure 0 0 0) 0x7f43dc03c070 con 0x7f43ec10a5d0
2026-02-20T00:10:04.361 INFO:teuthology.orchestra.run.trial017.stdout:/usr/bin/ceph: stderr
