2026-02-20T00:14:19.900+0000 7fef61ffb640 1 -- 10.20.193.69:0/4001961232 <== mon.0 v2:10.20.193.69:3300/0 6 ==== mon_command_ack([{"prefix": "get_command_descriptions"}]=0 v0) ==== 72+0+195034 (secure 0 0 0) 0x7fef5c033c90 con 0x7fef6c07de40
2026-02-20T00:14:20.888 INFO:teuthology.orchestra.run.trial069.stdout:/usr/bin/ceph: stderr
2026-02-20T00:14:20.003+0000 7fef731b8640 1 -- 10.20.193.69:0/4001961232 --> [v2:10.20.193.69:3300/0,v1:10.20.193.69:6789/0] -- mon_command({"prefix": "mgr module enable", "module": "dashboard"} v 0) -- 0x7fef6c1a3cc0 con 0x7fef6c07de40
2026-02-20T00:14:20.888 INFO:teuthology.orchestra.run.trial069.stdout:/usr/bin/ceph: stderr
2026-02-20T00:14:20.850+0000 7fef61ffb640 1 -- 10.20.193.69:0/4001961232 <== mon.0 v2:10.20.193.69:3300/0 7 ==== mon_command_ack([{"prefix": "mgr module enable", "module": "dashboard"}]=0 v9) ==== 88+0+0 (secure 0 0 0) 0x7fef5c0766a0 con 0x7fef6c07de40
2026-02-20T00:14:20.888 INFO:teuthology.orchestra.run.trial069.stdout:/usr/bin/ceph: stderr
2026-02-20T00:14:20.853+0000 7fef61ffb640 1 -- 10.20.193.69:0/4001961232 <== mon.0 v2:10.20.193.69:3300/0 8 ==== mgrmap(e 9) ==== 50260+0+0 (secure 0 0 0) 0x7fef5c035950 con 0x7fef6c07de40
2026-02-20T00:14:20.888 INFO:teuthology.orchestra.run.trial069.stdout:/usr/bin/ceph: stderr
2026-02-20T00:14:20.855+0000 7fef731b8640 1 -- 10.20.193.69:0/4001961232 >> [v2:10.20.193.69:6800/1329311740,v1:10.20.193.69:6801/1329311740] conn(0x7fef4803dbf0 msgr2=0x7fef480400b0 secure :-1 s=STATE_CONNECTION_ESTABLISHED l=1).mark_down
2026-02-20T00:14:20.888 INFO:teuthology.orchestra.run.trial069.stdout:/usr/bin/ceph: stderr
2026-02-20T00:14:20.855+0000 7fef731b8640 1 --2- 10.20.193.69:0/4001961232 >> [v2:10.20.193.69:6800/1329311740,v1:10.20.193.69:6801/1329311740] conn(0x7fef4803dbf0 0x7fef480400b0 secure :-1 s=READY pgs=16 cs=0 l=1 rev1=1 crypto rx=0x7fef540099c0 tx=0x7fef54006eb0 comp rx=0 tx=0).stop
2026-02-20T00:14:20.888 INFO:teuthology.orchestra.run.trial069.stdout:/usr/bin/ceph: stderr
2026-02-20T00:14:20.855+0000 7fef731b8640 1 -- 10.20.193.69:0/4001961232 >> [v2:10.20.193.69:3300/0,v1:10.20.193.69:6789/0] conn(0x7fef6c07de40 msgr2=0x7fef6c1a0160 secure :-1 s=STATE_CONNECTION_ESTABLISHED l=1).mark_down
2026-02-20T00:14:20.888 INFO:teuthology.orchestra.run.trial069.stdout:/usr/bin/ceph: stderr
2026-02-20T00:14:20.855+0000 7fef731b8640 1 --2- 10.20.193.69:0/4001961232 >> [v2:10.20.193.69:3300/0,v1:10.20.193.69:6789/0] conn(0x7fef6c07de40 0x7fef6c1a0160 secure :-1 s=READY pgs=54 cs=0 l=1 rev1=1 crypto rx=0x7fef5c039000 tx=0x7fef5c037820 comp rx=0 tx=0).stop
2026-02-20T00:14:20.888 INFO:teuthology.orchestra.run.trial069.stdout:/usr/bin/ceph: stderr
2026-02-20T00:14:20.855+0000 7fef731b8640 1 -- 10.20.193.69:0/4001961232 shutdown_connections
2026-02-20T00:14:20.888 INFO:teuthology.orchestra.run.trial069.stdout:/usr/bin/ceph: stderr
2026-02-20T00:14:20.855+0000 7fef731b8640 1 --2- 10.20.193.69:0/4001961232 >> [v2:10.20.193.69:6800/1329311740,v1:10.20.193.69:6801/1329311740] conn(0x7fef4803dbf0 0x7fef480400b0 unknown :-1 s=CLOSED pgs=16 cs=0 l=1 rev1=1 crypto rx=0 tx=0 comp rx=0 tx=0).stop
2026-02-20T00:14:20.888 INFO:teuthology.orchestra.run.trial069.stdout:/usr/bin/ceph: stderr
2026-02-20T00:14:20.855+0000 7fef731b8640 1 --2- 10.20.193.69:0/4001961232 >> [v2:10.20.193.69:3300/0,v1:10.20.193.69:6789/0] conn(0x7fef6c07de40 0x7fef6c1a0160 unknown :-1 s=CLOSED pgs=54 cs=0 l=1 rev1=1 crypto rx=0 tx=0 comp rx=0 tx=0).stop
2026-02-20T00:14:20.888 INFO:teuthology.orchestra.run.trial069.stdout:/usr/bin/ceph: stderr
2026-02-20T00:14:20.855+0000 7fef731b8640 1 -- 10.20.193.69:0/4001961232 >> 10.20.193.69:0/4001961232 conn(0x7fef6c103950 msgr2=0x7fef6c1044a0 unknown :-1 s=STATE_NONE l=0).mark_down
2026-02-20T00:14:20.888 INFO:teuthology.orchestra.run.trial069.stdout:/usr/bin/ceph: stderr
2026-02-20T00:14:20.855+0000 7fef731b8640 1 -- 10.20.193.69:0/4001961232 shutdown_connections
2026-02-20T00:14:20.889 INFO:teuthology.orchestra.run.trial069.stdout:/usr/bin/ceph: stderr
2026-02-20T00:14:20.856+0000 7fef731b8640 1 -- 10.20.193.69:0/4001961232 wait complete.
2026-02-20T00:14:21.110 INFO:journalctl@ceph.mgr.x.trial069.stdout:Feb 20 00:14:20 trial069 ceph-08922ae9-0df1-11f1-a4f8-d404e6e7d460-mgr-x[39957]: ignoring --setuser ceph since I am not root
2026-02-20T00:14:21.110 INFO:journalctl@ceph.mgr.x.trial069.stdout:Feb 20 00:14:20 trial069 ceph-08922ae9-0df1-11f1-a4f8-d404e6e7d460-mgr-x[39957]: ignoring --setgroup ceph since I am not root
2026-02-20T00:14:21.129 INFO:teuthology.orchestra.run.trial069.stdout:/usr/bin/ceph: stdout {
2026-02-20T00:14:21.129 INFO:teuthology.orchestra.run.trial069.stdout:/usr/bin/ceph: stdout "epoch": 9,
2026-02-20T00:14:21.129 INFO:teuthology.orchestra.run.trial069.stdout:/usr/bin/ceph: stdout "available": true,
2026-02-20T00:14:21.129 INFO:teuthology.orchestra.run.trial069.stdout:/usr/bin/ceph: stdout "active_name": "x",
2026-02-20T00:14:21.129 INFO:teuthology.orchestra.run.trial069.stdout:/usr/bin/ceph: stdout "num_standby": 0
2026-02-20T00:14:21.129 INFO:teuthology.orchestra.run.trial069.stdout:/usr/bin/ceph: stdout }
2026-02-20T00:14:21.129 INFO:teuthology.orchestra.run.trial069.stdout:/usr/bin/ceph: stderr
2026-02-20T00:14:20.988+0000 7f3636ad5640 1 Processor -- start
2026-02-20T00:14:21.129 INFO:teuthology.orchestra.run.trial069.stdout:/usr/bin/ceph: stderr
2026-02-20T00:14:20.989+0000 7f3636ad5640 1 -- start start
2026-02-20T00:14:21.129 INFO:teuthology.orchestra.run.trial069.stdout:/usr/bin/ceph: stderr
2026-02-20T00:14:20.989+0000 7f3636ad5640 1 --2- >> [v2:10.20.193.69:3300/0,v1:10.20.193.69:6789/0] conn(0x7f363010a550 0x7f363010a950 unknown :-1 s=NONE pgs=0 cs=0 l=0 rev1=0 crypto rx=0 tx=0 comp rx=0 tx=0).connect
2026-02-20T00:14:21.130 INFO:teuthology.orchestra.run.trial069.stdout:/usr/bin/ceph: stderr
2026-02-20T00:14:20.989+0000 7f3636ad5640 1 -- --> [v2:10.20.193.69:3300/0,v1:10.20.193.69:6789/0] -- mon_getmap magic: 0 -- 0x7f363010ae90 con 0x7f363010a550
2026-02-20T00:14:21.130 INFO:teuthology.orchestra.run.trial069.stdout:/usr/bin/ceph: stderr
2026-02-20T00:14:20.989+0000 7f363484a640 1 --2- >> [v2:10.20.193.69:3300/0,v1:10.20.193.69:6789/0] conn(0x7f363010a550 0x7f363010a950 unknown :-1 s=BANNER_CONNECTING pgs=0 cs=0 l=0 rev1=0 crypto rx=0 tx=0 comp rx=0 tx=0)._handle_peer_banner_payload supported=3 required=0
2026-02-20T00:14:21.130 INFO:teuthology.orchestra.run.trial069.stdout:/usr/bin/ceph: stderr
2026-02-20T00:14:20.989+0000 7f363484a640 1 --2- >> [v2:10.20.193.69:3300/0,v1:10.20.193.69:6789/0] conn(0x7f363010a550 0x7f363010a950 unknown :-1 s=HELLO_CONNECTING pgs=0 cs=0 l=0 rev1=1 crypto rx=0 tx=0 comp rx=0 tx=0).handle_hello peer v2:10.20.193.69:3300/0 says I am v2:10.20.193.69:39066/0 (socket says 10.20.193.69:39066)
2026-02-20T00:14:21.130 INFO:teuthology.orchestra.run.trial069.stdout:/usr/bin/ceph: stderr
2026-02-20T00:14:20.989+0000 7f363484a640 1 -- 10.20.193.69:0/915302220 learned_addr learned my addr 10.20.193.69:0/915302220 (peer_addr_for_me v2:10.20.193.69:0/0)
2026-02-20T00:14:21.130 INFO:teuthology.orchestra.run.trial069.stdout:/usr/bin/ceph: stderr
2026-02-20T00:14:20.989+0000 7f363484a640 1 -- 10.20.193.69:0/915302220 --> [v2:10.20.193.69:3300/0,v1:10.20.193.69:6789/0] -- mon_subscribe({config=0+,monmap=0+}) -- 0x7f363010b010 con 0x7f363010a550
2026-02-20T00:14:21.130 INFO:teuthology.orchestra.run.trial069.stdout:/usr/bin/ceph: stderr
2026-02-20T00:14:20.990+0000 7f363484a640 1 --2- 10.20.193.69:0/915302220 >> [v2:10.20.193.69:3300/0,v1:10.20.193.69:6789/0] conn(0x7f363010a550 0x7f363010a950 secure :-1 s=READY pgs=57 cs=0 l=1 rev1=1 crypto rx=0x7f3620009920 tx=0x7f362002efb0 comp rx=0 tx=0).ready entity=mon.0 client_cookie=16e90b136008874a server_cookie=0 in_seq=0 out_seq=0
2026-02-20T00:14:21.130 INFO:teuthology.orchestra.run.trial069.stdout:/usr/bin/ceph: stderr
2026-02-20T00:14:20.990+0000 7f36277fe640 1 -- 10.20.193.69:0/915302220 <== mon.0 v2:10.20.193.69:3300/0 1 ==== mon_map magic: 0 ==== 205+0+0 (secure 0 0 0) 0x7f362003c070 con 0x7f363010a550
2026-02-20T00:14:21.130 INFO:teuthology.orchestra.run.trial069.stdout:/usr/bin/ceph: stderr
2026-02-20T00:14:20.990+0000 7f36277fe640 1 -- 10.20.193.69:0/915302220 <== mon.0 v2:10.20.193.69:3300/0 2 ==== config(26 keys) ==== 1076+0+0 (secure 0 0 0) 0x7f362002fb70 con 0x7f363010a550
2026-02-20T00:14:21.130 INFO:teuthology.orchestra.run.trial069.stdout:/usr/bin/ceph: stderr
2026-02-20T00:14:20.990+0000 7f36277fe640 1 -- 10.20.193.69:0/915302220 <== mon.0 v2:10.20.193.69:3300/0 3 ==== mon_map magic: 0 ==== 205+0+0 (secure 0 0 0) 0x7f3620035530 con 0x7f363010a550
2026-02-20T00:14:21.130 INFO:teuthology.orchestra.run.trial069.stdout:/usr/bin/ceph: stderr
2026-02-20T00:14:20.990+0000 7f3636ad5640 1 -- 10.20.193.69:0/915302220 >> [v2:10.20.193.69:3300/0,v1:10.20.193.69:6789/0] conn(0x7f363010a550 msgr2=0x7f363010a950 secure :-1 s=STATE_CONNECTION_ESTABLISHED l=1).mark_down
2026-02-20T00:14:21.130 INFO:teuthology.orchestra.run.trial069.stdout:/usr/bin/ceph: stderr
2026-02-20T00:14:20.990+0000 7f3636ad5640 1 --2- 10.20.193.69:0/915302220 >> [v2:10.20.193.69:3300/0,v1:10.20.193.69:6789/0] conn(0x7f363010a550 0x7f363010a950 secure :-1 s=READY pgs=57 cs=0 l=1 rev1=1 crypto rx=0x7f3620009920 tx=0x7f362002efb0 comp rx=0 tx=0).stop
2026-02-20T00:14:21.131 INFO:teuthology.orchestra.run.trial069.stdout:/usr/bin/ceph: stderr
2026-02-20T00:14:20.990+0000 7f3636ad5640 1 -- 10.20.193.69:0/915302220 shutdown_connections
2026-02-20T00:14:21.131 INFO:teuthology.orchestra.run.trial069.stdout:/usr/bin/ceph: stderr
2026-02-20T00:14:20.990+0000 7f3636ad5640 1 --2- 10.20.193.69:0/915302220 >> [v2:10.20.193.69:3300/0,v1:10.20.193.69:6789/0] conn(0x7f363010a550 0x7f363010a950 unknown :-1 s=CLOSED pgs=57 cs=0 l=1 rev1=1 crypto rx=0 tx=0 comp rx=0 tx=0).stop
2026-02-20T00:14:21.131 INFO:teuthology.orchestra.run.trial069.stdout:/usr/bin/ceph: stderr
2026-02-20T00:14:20.990+0000 7f3636ad5640 1 -- 10.20.193.69:0/915302220 >> 10.20.193.69:0/915302220 conn(0x7f363007de30 msgr2=0x7f36301086b0 unknown :-1 s=STATE_NONE l=0).mark_down
2026-02-20T00:14:21.131 INFO:teuthology.orchestra.run.trial069.stdout:/usr/bin/ceph: stderr
2026-02-20T00:14:20.990+0000 7f3636ad5640 1 -- 10.20.193.69:0/915302220 shutdown_connections
2026-02-20T00:14:21.131 INFO:teuthology.orchestra.run.trial069.stdout:/usr/bin/ceph: stderr
2026-02-20T00:14:20.990+0000 7f3636ad5640 1 -- 10.20.193.69:0/915302220 wait complete.
2026-02-20T00:14:21.131 INFO:teuthology.orchestra.run.trial069.stdout:/usr/bin/ceph: stderr
2026-02-20T00:14:20.990+0000 7f3636ad5640 1 Processor -- start
2026-02-20T00:14:21.131 INFO:teuthology.orchestra.run.trial069.stdout:/usr/bin/ceph: stderr
2026-02-20T00:14:20.990+0000 7f3636ad5640 1 -- start start
2026-02-20T00:14:21.131 INFO:teuthology.orchestra.run.trial069.stdout:/usr/bin/ceph: stderr
2026-02-20T00:14:20.990+0000 7f3636ad5640 1 --2- >> [v2:10.20.193.69:3300/0,v1:10.20.193.69:6789/0] conn(0x7f363010a550 0x7f36301a0170 unknown :-1 s=NONE pgs=0 cs=0 l=1 rev1=0 crypto rx=0 tx=0 comp rx=0 tx=0).connect
2026-02-20T00:14:21.131 INFO:teuthology.orchestra.run.trial069.stdout:/usr/bin/ceph: stderr
2026-02-20T00:14:20.990+0000 7f3636ad5640 1 -- --> [v2:10.20.193.69:3300/0,v1:10.20.193.69:6789/0] -- mon_getmap magic: 0 -- 0x7f363010c360 con 0x7f363010a550
2026-02-20T00:14:21.131 INFO:teuthology.orchestra.run.trial069.stdout:/usr/bin/ceph: stderr
2026-02-20T00:14:20.991+0000 7f363484a640 1 --2- >> [v2:10.20.193.69:3300/0,v1:10.20.193.69:6789/0] conn(0x7f363010a550 0x7f36301a0170 unknown :-1 s=BANNER_CONNECTING pgs=0 cs=0 l=1 rev1=0 crypto rx=0 tx=0 comp rx=0 tx=0)._handle_peer_banner_payload supported=3 required=0
2026-02-20T00:14:21.131 INFO:teuthology.orchestra.run.trial069.stdout:/usr/bin/ceph: stderr
2026-02-20T00:14:20.991+0000 7f363484a640 1 --2- >> [v2:10.20.193.69:3300/0,v1:10.20.193.69:6789/0] conn(0x7f363010a550 0x7f36301a0170 unknown :-1 s=HELLO_CONNECTING pgs=0 cs=0 l=1 rev1=1 crypto rx=0 tx=0 comp rx=0 tx=0).handle_hello peer v2:10.20.193.69:3300/0 says I am v2:10.20.193.69:39072/0 (socket says 10.20.193.69:39072)
2026-02-20T00:14:21.132 INFO:teuthology.orchestra.run.trial069.stdout:/usr/bin/ceph: stderr
2026-02-20T00:14:20.991+0000 7f363484a640 1 -- 10.20.193.69:0/725245059 learned_addr learned my addr 10.20.193.69:0/725245059 (peer_addr_for_me v2:10.20.193.69:0/0)
2026-02-20T00:14:21.132 INFO:teuthology.orchestra.run.trial069.stdout:/usr/bin/ceph: stderr
2026-02-20T00:14:20.991+0000 7f363484a640 1 -- 10.20.193.69:0/725245059 --> [v2:10.20.193.69:3300/0,v1:10.20.193.69:6789/0] -- mon_subscribe({config=0+,monmap=0+}) -- 0x7f36301a06b0 con 0x7f363010a550
2026-02-20T00:14:21.132 INFO:teuthology.orchestra.run.trial069.stdout:/usr/bin/ceph: stderr
2026-02-20T00:14:20.991+0000 7f363484a640 1 --2- 10.20.193.69:0/725245059 >> [v2:10.20.193.69:3300/0,v1:10.20.193.69:6789/0] conn(0x7f363010a550 0x7f36301a0170 secure :-1 s=READY pgs=58 cs=0 l=1 rev1=1 crypto rx=0x7f3620002410 tx=0x7f36200365d0 comp rx=0 tx=0).ready entity=mon.0 client_cookie=0 server_cookie=0 in_seq=0 out_seq=0
2026-02-20T00:14:21.132 INFO:teuthology.orchestra.run.trial069.stdout:/usr/bin/ceph: stderr
2026-02-20T00:14:20.991+0000 7f3625ffb640 1 -- 10.20.193.69:0/725245059 <== mon.0 v2:10.20.193.69:3300/0 1 ==== mon_map magic: 0 ==== 205+0+0 (secure 0 0 0) 0x7f3620047070 con 0x7f363010a550
2026-02-20T00:14:21.132 INFO:teuthology.orchestra.run.trial069.stdout:/usr/bin/ceph: stderr
2026-02-20T00:14:20.991+0000 7f3625ffb640 1 -- 10.20.193.69:0/725245059 <== mon.0 v2:10.20.193.69:3300/0 2 ==== config(26 keys) ==== 1076+0+0 (secure 0 0 0) 0x7f3620042440 con 0x7f363010a550
2026-02-20T00:14:21.132 INFO:teuthology.orchestra.run.trial069.stdout:/usr/bin/ceph: stderr
2026-02-20T00:14:20.991+0000 7f3636ad5640 1 -- 10.20.193.69:0/725245059 --> [v2:10.20.193.69:3300/0,v1:10.20.193.69:6789/0] -- mon_subscribe({mgrmap=0+}) -- 0x7f36301a0940 con 0x7f363010a550
2026-02-20T00:14:21.132 INFO:teuthology.orchestra.run.trial069.stdout:/usr/bin/ceph: stderr
2026-02-20T00:14:20.991+0000 7f3625ffb640 1 -- 10.20.193.69:0/725245059 <== mon.0 v2:10.20.193.69:3300/0 3 ==== mon_map magic: 0 ==== 205+0+0 (secure 0 0 0) 0x7f362003c070 con 0x7f363010a550
2026-02-20T00:14:21.132 INFO:teuthology.orchestra.run.trial069.stdout:/usr/bin/ceph: stderr
2026-02-20T00:14:20.991+0000 7f3636ad5640 1 -- 10.20.193.69:0/725245059 --> [v2:10.20.193.69:3300/0,v1:10.20.193.69:6789/0] -- mon_subscribe({osdmap=0}) -- 0x7f36301a3630 con 0x7f363010a550
2026-02-20T00:14:21.132 INFO:teuthology.orchestra.run.trial069.stdout:/usr/bin/ceph: stderr
2026-02-20T00:14:20.991+0000 7f3636ad5640 1 -- 10.20.193.69:0/725245059 --> [v2:10.20.193.69:3300/0,v1:10.20.193.69:6789/0] -- mon_command({"prefix": "get_command_descriptions"} v 0) -- 0x7f363010a9d0 con 0x7f363010a550
2026-02-20T00:14:21.132 INFO:teuthology.orchestra.run.trial069.stdout:/usr/bin/ceph: stderr
2026-02-20T00:14:20.991+0000 7f3625ffb640 1 -- 10.20.193.69:0/725245059 <== mon.0 v2:10.20.193.69:3300/0 4 ==== mgrmap(e 9) ==== 50260+0+0 (secure 0 0 0) 0x7f3620042980 con 0x7f363010a550
2026-02-20T00:14:21.132 INFO:teuthology.orchestra.run.trial069.stdout:/usr/bin/ceph: stderr
2026-02-20T00:14:20.992+0000 7f3625ffb640 1 --2- 10.20.193.69:0/725245059 >> [v2:10.20.193.69:6800/1329311740,v1:10.20.193.69:6801/1329311740] conn(0x7f360c03dbf0 0x7f360c0400b0 unknown :-1 s=NONE pgs=0 cs=0 l=1 rev1=0 crypto rx=0 tx=0 comp rx=0 tx=0).connect
2026-02-20T00:14:21.132 INFO:teuthology.orchestra.run.trial069.stdout:/usr/bin/ceph: stderr
2026-02-20T00:14:20.992+0000 7f3625ffb640 1 -- 10.20.193.69:0/725245059 <== mon.0 v2:10.20.193.69:3300/0 5 ==== osd_map(2..2 src has 1..2) ==== 940+0+0 (secure 0 0 0) 0x7f36200768b0 con 0x7f363010a550
2026-02-20T00:14:21.132 INFO:teuthology.orchestra.run.trial069.stdout:/usr/bin/ceph: stderr
2026-02-20T00:14:20.992+0000 7f3627fff640 1 -- 10.20.193.69:0/725245059 >> [v2:10.20.193.69:6800/1329311740,v1:10.20.193.69:6801/1329311740] conn(0x7f360c03dbf0 msgr2=0x7f360c0400b0 unknown :-1 s=STATE_CONNECTING_RE l=1).process reconnect failed to v2:10.20.193.69:6800/1329311740
2026-02-20T00:14:21.133 INFO:teuthology.orchestra.run.trial069.stdout:/usr/bin/ceph: stderr
2026-02-20T00:14:20.992+0000 7f3627fff640 1 --2- 10.20.193.69:0/725245059 >> [v2:10.20.193.69:6800/1329311740,v1:10.20.193.69:6801/1329311740] conn(0x7f360c03dbf0 0x7f360c0400b0 unknown :-1 s=START_CONNECT pgs=0 cs=0 l=1 rev1=0 crypto rx=0 tx=0 comp rx=0 tx=0)._fault waiting 0.200000
2026-02-20T00:14:21.133 INFO:teuthology.orchestra.run.trial069.stdout:/usr/bin/ceph: stderr
2026-02-20T00:14:20.995+0000 7f3625ffb640 1 -- 10.20.193.69:0/725245059 <== mon.0 v2:10.20.193.69:3300/0 6 ==== mon_command_ack([{"prefix": "get_command_descriptions"}]=0 v0) ==== 72+0+195034 (secure 0 0 0) 0x7f362003d270 con 0x7f363010a550
2026-02-20T00:14:21.133 INFO:teuthology.orchestra.run.trial069.stdout:/usr/bin/ceph: stderr
2026-02-20T00:14:21.099+0000 7f3636ad5640 1 -- 10.20.193.69:0/725245059 --> [v2:10.20.193.69:3300/0,v1:10.20.193.69:6789/0] -- mon_command({"prefix": "mgr stat"} v 0) -- 0x7f36301a3cd0 con 0x7f363010a550
2026-02-20T00:14:21.133 INFO:teuthology.orchestra.run.trial069.stdout:/usr/bin/ceph: stderr
2026-02-20T00:14:21.099+0000 7f3625ffb640 1 -- 10.20.193.69:0/725245059 <== mon.0 v2:10.20.193.69:3300/0 7 ==== mon_command_ack([{"prefix": "mgr stat"}]=0 v9) ==== 56+0+88 (secure 0 0 0) 0x7f362002fb10 con 0x7f363010a550
2026-02-20T00:14:21.133 INFO:teuthology.orchestra.run.trial069.stdout:/usr/bin/ceph: stderr
2026-02-20T00:14:21.100+0000 7f3636ad5640 1 -- 10.20.193.69:0/725245059 >> [v2:10.20.193.69:6800/1329311740,v1:10.20.193.69:6801/1329311740] conn(0x7f360c03dbf0 msgr2=0x7f360c0400b0 unknown :-1 s=STATE_CONNECTING l=1).mark_down
2026-02-20T00:14:21.133 INFO:teuthology.orchestra.run.trial069.stdout:/usr/bin/ceph: stderr
2026-02-20T00:14:21.100+0000 7f3636ad5640 1 --2- 10.20.193.69:0/725245059 >> [v2:10.20.193.69:6800/1329311740,v1:10.20.193.69:6801/1329311740] conn(0x7f360c03dbf0 0x7f360c0400b0 unknown :-1 s=START_CONNECT pgs=0 cs=0 l=1 rev1=0 crypto rx=0 tx=0 comp rx=0 tx=0).stop
2026-02-20T00:14:21.133 INFO:teuthology.orchestra.run.trial069.stdout:/usr/bin/ceph: stderr
2026-02-20T00:14:21.100+0000 7f3636ad5640 1 -- 10.20.193.69:0/725245059 >> [v2:10.20.193.69:3300/0,v1:10.20.193.69:6789/0] conn(0x7f363010a550 msgr2=0x7f36301a0170 secure :-1 s=STATE_CONNECTION_ESTABLISHED l=1).mark_down
2026-02-20T00:14:21.133 INFO:teuthology.orchestra.run.trial069.stdout:/usr/bin/ceph: stderr
2026-02-20T00:14:21.100+0000 7f3636ad5640 1 --2- 10.20.193.69:0/725245059 >> [v2:10.20.193.69:3300/0,v1:10.20.193.69:6789/0] conn(0x7f363010a550 0x7f36301a0170 secure :-1 s=READY pgs=58 cs=0 l=1 rev1=1 crypto rx=0x7f3620002410 tx=0x7f36200365d0 comp rx=0 tx=0).stop
2026-02-20T00:14:21.133 INFO:teuthology.orchestra.run.trial069.stdout:/usr/bin/ceph: stderr
2026-02-20T00:14:21.100+0000 7f3636ad5640 1 -- 10.20.193.69:0/725245059 shutdown_connections
2026-02-20T00:14:21.133 INFO:teuthology.orchestra.run.trial069.stdout:/usr/bin/ceph: stderr
2026-02-20T00:14:21.100+0000 7f3636ad5640 1 --2- 10.20.193.69:0/725245059 >> [v2:10.20.193.69:6800/1329311740,v1:10.20.193.69:6801/1329311740] conn(0x7f360c03dbf0 0x7f360c0400b0 unknown :-1 s=CLOSED pgs=0 cs=0 l=1 rev1=0 crypto rx=0 tx=0 comp rx=0 tx=0).stop
2026-02-20T00:14:21.133 INFO:teuthology.orchestra.run.trial069.stdout:/usr/bin/ceph: stderr
2026-02-20T00:14:21.100+0000 7f3636ad5640 1 --2- 10.20.193.69:0/725245059 >> [v2:10.20.193.69:3300/0,v1:10.20.193.69:6789/0] conn(0x7f363010a550 0x7f36301a0170 unknown :-1 s=CLOSED pgs=58 cs=0 l=1 rev1=1 crypto rx=0 tx=0 comp rx=0 tx=0).stop
2026-02-20T00:14:21.134 INFO:teuthology.orchestra.run.trial069.stdout:/usr/bin/ceph: stderr
2026-02-20T00:14:21.100+0000 7f3636ad5640 1 -- 10.20.193.69:0/725245059 >> 10.20.193.69:0/725245059 conn(0x7f363007de30 msgr2=0x7f3630107de0 unknown :-1 s=STATE_NONE l=0).mark_down
2026-02-20T00:14:21.134 INFO:teuthology.orchestra.run.trial069.stdout:/usr/bin/ceph: stderr
2026-02-20T00:14:21.100+0000 7f3636ad5640 1 -- 10.20.193.69:0/725245059 shutdown_connections
2026-02-20T00:14:21.134 INFO:teuthology.orchestra.run.trial069.stdout:/usr/bin/ceph: stderr
2026-02-20T00:14:21.100+0000 7f3636ad5640 1 -- 10.20.193.69:0/725245059 wait complete.
2026-02-20T00:14:21.134 INFO:teuthology.orchestra.run.trial069.stdout:Waiting for the mgr to restart...
2026-02-20T00:14:21.134 INFO:teuthology.orchestra.run.trial069.stdout:Waiting for mgr epoch 9...
2026-02-20T00:14:21.417 INFO:journalctl@ceph.mgr.x.trial069.stdout:Feb 20 00:14:21 trial069 ceph-08922ae9-0df1-11f1-a4f8-d404e6e7d460-mgr-x[39957]:
2026-02-20T00:14:21.414+0000 7ffb34d27140 -1 mgr[py] Module prometheus has missing NOTIFY_TYPES member
2026-02-20T00:14:21.695 INFO:journalctl@ceph.mgr.x.trial069.stdout:Feb 20 00:14:21 trial069 ceph-08922ae9-0df1-11f1-a4f8-d404e6e7d460-mgr-x[39957]:
2026-02-20T00:14:21.449+0000 7ffb34d27140 -1 mgr[py] Module balancer has missing NOTIFY_TYPES member
2026-02-20T00:14:21.695 INFO:journalctl@ceph.mgr.x.trial069.stdout:Feb 20 00:14:21 trial069 ceph-08922ae9-0df1-11f1-a4f8-d404e6e7d460-mgr-x[39957]:
2026-02-20T00:14:21.491+0000 7ffb34d27140 -1 mgr[py] Module rbd_support has missing NOTIFY_TYPES member
2026-02-20T00:14:21.695 INFO:journalctl@ceph.mgr.x.trial069.stdout:Feb 20 00:14:21 trial069 ceph-08922ae9-0df1-11f1-a4f8-d404e6e7d460-mgr-x[39957]:
2026-02-20T00:14:21.522+0000 7ffb34d27140 -1 mgr[py] Module devicehealth has missing NOTIFY_TYPES member
2026-02-20T00:14:21.696 INFO:journalctl@ceph.mgr.x.trial069.stdout:Feb 20 00:14:21 trial069 ceph-08922ae9-0df1-11f1-a4f8-d404e6e7d460-mgr-x[39957]:
2026-02-20T00:14:21.556+0000 7ffb34d27140 -1 mgr[py] Module alerts has missing NOTIFY_TYPES member
2026-02-20T00:14:21.696 INFO:journalctl@ceph.mgr.x.trial069.stdout:Feb 20 00:14:21 trial069 ceph-08922ae9-0df1-11f1-a4f8-d404e6e7d460-mgr-x[39957]:
2026-02-20T00:14:21.622+0000 7ffb34d27140 -1 mgr[py] Module telemetry has missing NOTIFY_TYPES member
2026-02-20T00:14:21.696 INFO:journalctl@ceph.mgr.x.trial069.stdout:Feb 20 00:14:21 trial069 ceph-08922ae9-0df1-11f1-a4f8-d404e6e7d460-mgr-x[39957]: /lib64/python3.9/site-packages/scipy/__init__.py:73: UserWarning: NumPy was imported from a Python sub-interpreter but NumPy does not properly support sub-interpreters. This will likely work for most users but might cause hard to track down issues or subtle bugs. A common user of the rare sub-interpreter feature is wsgi which also allows single-interpreter mode.
2026-02-20T00:14:21.696 INFO:journalctl@ceph.mgr.x.trial069.stdout:Feb 20 00:14:21 trial069 ceph-08922ae9-0df1-11f1-a4f8-d404e6e7d460-mgr-x[39957]: Improvements in the case of bugs are welcome, but is not on the NumPy roadmap, and full support may require significant effort to achieve.
2026-02-20T00:14:21.696 INFO:journalctl@ceph.mgr.x.trial069.stdout:Feb 20 00:14:21 trial069 ceph-08922ae9-0df1-11f1-a4f8-d404e6e7d460-mgr-x[39957]: from numpy import show_config as show_numpy_config
2026-02-20T00:14:21.957 INFO:journalctl@ceph.mon.a.trial069.stdout:Feb 20 00:14:21 trial069 ceph-mon[39688]: from='client.? 10.20.193.69:0/4001961232' entity='client.admin' cmd='[{"prefix": "mgr module enable", "module": "dashboard"}]': finished
2026-02-20T00:14:21.957 INFO:journalctl@ceph.mon.a.trial069.stdout:Feb 20 00:14:21 trial069 ceph-mon[39688]: mgrmap e9: x(active, since 5s)
2026-02-20T00:14:21.957 INFO:journalctl@ceph.mon.a.trial069.stdout:Feb 20 00:14:21 trial069 ceph-mon[39688]: from='client.? 10.20.193.69:0/725245059' entity='client.admin' cmd=[{"prefix": "mgr stat"}]: dispatch
2026-02-20T00:14:21.957 INFO:journalctl@ceph.mgr.x.trial069.stdout:Feb 20 00:14:21 trial069 ceph-08922ae9-0df1-11f1-a4f8-d404e6e7d460-mgr-x[39957]:
2026-02-20T00:14:21.696+0000 7ffb34d27140 -1 mgr[py] Module diskprediction_local has missing NOTIFY_TYPES member
2026-02-20T00:14:21.958 INFO:journalctl@ceph.mgr.x.trial069.stdout:Feb 20 00:14:21 trial069 ceph-08922ae9-0df1-11f1-a4f8-d404e6e7d460-mgr-x[39957]:
2026-02-20T00:14:21.730+0000 7ffb34d27140 -1 mgr[py] Module status has missing NOTIFY_TYPES member
2026-02-20T00:14:21.958 INFO:journalctl@ceph.mgr.x.trial069.stdout:Feb 20 00:14:21 trial069 ceph-08922ae9-0df1-11f1-a4f8-d404e6e7d460-mgr-x[39957]:
2026-02-20T00:14:21.827+0000 7ffb34d27140 -1 mgr[py] Module rgw has missing NOTIFY_TYPES member
2026-02-20T00:14:21.958 INFO:journalctl@ceph.mgr.x.trial069.stdout:Feb 20 00:14:21 trial069 ceph-08922ae9-0df1-11f1-a4f8-d404e6e7d460-mgr-x[39957]:
2026-02-20T00:14:21.887+0000 7ffb34d27140 -1 mgr[py] Module iostat has missing NOTIFY_TYPES member
2026-02-20T00:14:21.958 INFO:journalctl@ceph.mgr.x.trial069.stdout:Feb 20 00:14:21 trial069 ceph-08922ae9-0df1-11f1-a4f8-d404e6e7d460-mgr-x[39957]:
2026-02-20T00:14:21.921+0000 7ffb34d27140 -1 mgr[py] Module pg_autoscaler has missing NOTIFY_TYPES member
2026-02-20T00:14:21.958 INFO:journalctl@ceph.mgr.x.trial069.stdout:Feb 20 00:14:21 trial069 ceph-08922ae9-0df1-11f1-a4f8-d404e6e7d460-mgr-x[39957]:
2026-02-20T00:14:21.954+0000 7ffb34d27140 -1 mgr[py] Module osd_perf_query has missing NOTIFY_TYPES member
2026-02-20T00:14:22.258 INFO:journalctl@ceph.mgr.x.trial069.stdout:Feb 20 00:14:21 trial069 ceph-08922ae9-0df1-11f1-a4f8-d404e6e7d460-mgr-x[39957]:
2026-02-20T00:14:21.989+0000 7ffb34d27140 -1 mgr[py] Module crash has missing NOTIFY_TYPES member
2026-02-20T00:14:22.259 INFO:journalctl@ceph.mgr.x.trial069.stdout:Feb 20 00:14:22 trial069 ceph-08922ae9-0df1-11f1-a4f8-d404e6e7d460-mgr-x[39957]:
2026-02-20T00:14:22.019+0000 7ffb34d27140 -1 mgr[py] Module progress has missing NOTIFY_TYPES member
2026-02-20T00:14:22.259 INFO:journalctl@ceph.mgr.x.trial069.stdout:Feb 20 00:14:22 trial069 ceph-08922ae9-0df1-11f1-a4f8-d404e6e7d460-mgr-x[39957]:
2026-02-20T00:14:22.256+0000 7ffb34d27140 -1 mgr[py] Module rook has missing NOTIFY_TYPES member
2026-02-20T00:14:22.513 INFO:journalctl@ceph.mgr.x.trial069.stdout:Feb 20 00:14:22 trial069 ceph-08922ae9-0df1-11f1-a4f8-d404e6e7d460-mgr-x[39957]:
2026-02-20T00:14:22.355+0000 7ffb34d27140 -1 mgr[py] Module nfs has missing NOTIFY_TYPES member
2026-02-20T00:14:22.513 INFO:journalctl@ceph.mgr.x.trial069.stdout:Feb 20 00:14:22 trial069 ceph-08922ae9-0df1-11f1-a4f8-d404e6e7d460-mgr-x[39957]:
2026-02-20T00:14:22.386+0000 7ffb34d27140 -1 mgr[py] Module telegraf has missing NOTIFY_TYPES member
2026-02-20T00:14:22.513 INFO:journalctl@ceph.mgr.x.trial069.stdout:Feb 20 00:14:22 trial069 ceph-08922ae9-0df1-11f1-a4f8-d404e6e7d460-mgr-x[39957]:
2026-02-20T00:14:22.417+0000 7ffb34d27140 -1 mgr[py] Module selftest has missing NOTIFY_TYPES member
2026-02-20T00:14:22.514 INFO:journalctl@ceph.mgr.x.trial069.stdout:Feb 20 00:14:22 trial069 ceph-08922ae9-0df1-11f1-a4f8-d404e6e7d460-mgr-x[39957]:
2026-02-20T00:14:22.510+0000 7ffb34d27140 -1 mgr[py] Module test_orchestrator has missing NOTIFY_TYPES member
2026-02-20T00:14:22.816 INFO:journalctl@ceph.mgr.x.trial069.stdout:Feb 20 00:14:22 trial069 ceph-08922ae9-0df1-11f1-a4f8-d404e6e7d460-mgr-x[39957]:
2026-02-20T00:14:22.539+0000 7ffb34d27140 -1 mgr[py] Module osd_support has missing NOTIFY_TYPES member
2026-02-20T00:14:22.817 INFO:journalctl@ceph.mgr.x.trial069.stdout:Feb 20 00:14:22 trial069 ceph-08922ae9-0df1-11f1-a4f8-d404e6e7d460-mgr-x[39957]:
2026-02-20T00:14:22.632+0000 7ffb34d27140 -1 mgr[py] Module orchestrator has missing NOTIFY_TYPES member
2026-02-20T00:14:23.532 INFO:journalctl@ceph.mgr.x.trial069.stdout:Feb 20 00:14:23 trial069 ceph-08922ae9-0df1-11f1-a4f8-d404e6e7d460-mgr-x[39957]:
2026-02-20T00:14:23.099+0000 7ffb34d27140 -1 mgr[py] Module volumes has missing NOTIFY_TYPES member
2026-02-20T00:14:23.533 INFO:journalctl@ceph.mgr.x.trial069.stdout:Feb 20 00:14:23 trial069 ceph-08922ae9-0df1-11f1-a4f8-d404e6e7d460-mgr-x[39957]:
2026-02-20T00:14:23.130+0000 7ffb34d27140 -1 mgr[py] Module zabbix has missing NOTIFY_TYPES member
2026-02-20T00:14:23.533 INFO:journalctl@ceph.mgr.x.trial069.stdout:Feb 20 00:14:23 trial069 ceph-08922ae9-0df1-11f1-a4f8-d404e6e7d460-mgr-x[39957]:
2026-02-20T00:14:23.530+0000 7ffb34d27140 -1 mgr[py] Module influx has missing NOTIFY_TYPES member
2026-02-20T00:14:23.817 INFO:journalctl@ceph.mon.a.trial069.stdout:Feb 20 00:14:23 trial069 ceph-mon[39688]: Active manager daemon x restarted
2026-02-20T00:14:23.817 INFO:journalctl@ceph.mon.a.trial069.stdout:Feb 20 00:14:23 trial069 ceph-mon[39688]: Activating manager daemon x
2026-02-20T00:14:23.817 INFO:journalctl@ceph.mon.a.trial069.stdout:Feb 20 00:14:23 trial069 ceph-mon[39688]: osdmap e3: 0 total, 0 up, 0 in
2026-02-20T00:14:23.817 INFO:journalctl@ceph.mon.a.trial069.stdout:Feb 20 00:14:23 trial069 ceph-mon[39688]: mgrmap e10: x(active, starting, since 0.00260697s)
2026-02-20T00:14:23.817 INFO:journalctl@ceph.mon.a.trial069.stdout:Feb 20 00:14:23 trial069 ceph-mon[39688]: from='mgr.14150 10.20.193.69:0/3341637042' entity='mgr.x' cmd=[{"prefix": "mon metadata", "id": "a"}]: dispatch
2026-02-20T00:14:23.817 INFO:journalctl@ceph.mon.a.trial069.stdout:Feb 20 00:14:23 trial069 ceph-mon[39688]: from='mgr.14150 10.20.193.69:0/3341637042' entity='mgr.x' cmd=[{"prefix": "mgr metadata", "who": "x", "id": "x"}]: dispatch
2026-02-20T00:14:23.817 INFO:journalctl@ceph.mon.a.trial069.stdout:Feb 20 00:14:23 trial069 ceph-mon[39688]: from='mgr.14150 10.20.193.69:0/3341637042' entity='mgr.x' cmd=[{"prefix": "mds metadata"}]: dispatch
2026-02-20T00:14:23.818 INFO:journalctl@ceph.mon.a.trial069.stdout:Feb 20 00:14:23 trial069 ceph-mon[39688]: from='mgr.14150 10.20.193.69:0/3341637042' entity='mgr.x' cmd=[{"prefix": "osd metadata"}]: dispatch
2026-02-20T00:14:23.818 INFO:journalctl@ceph.mon.a.trial069.stdout:Feb 20 00:14:23 trial069 ceph-mon[39688]: from='mgr.14150 10.20.193.69:0/3341637042' entity='mgr.x' cmd=[{"prefix": "mon metadata"}]: dispatch
2026-02-20T00:14:23.818 INFO:journalctl@ceph.mon.a.trial069.stdout:Feb 20 00:14:23 trial069 ceph-mon[39688]: Manager daemon x is now available
2026-02-20T00:14:23.818 INFO:journalctl@ceph.mon.a.trial069.stdout:Feb 20 00:14:23 trial069 ceph-mon[39688]: from='mgr.14150 10.20.193.69:0/3341637042' entity='mgr.x' cmd=[{"prefix": "config dump", "format": "json"}]: dispatch
2026-02-20T00:14:23.818 INFO:journalctl@ceph.mon.a.trial069.stdout:Feb 20 00:14:23 trial069 ceph-mon[39688]: from='mgr.14150 10.20.193.69:0/3341637042' entity='mgr.x' cmd=[{"prefix":"config rm","who":"mgr","name":"mgr/rbd_support/x/mirror_snapshot_schedule"}]: dispatch
2026-02-20T00:14:23.818 INFO:journalctl@ceph.mon.a.trial069.stdout:Feb 20 00:14:23 trial069 ceph-mon[39688]: from='mgr.14150 10.20.193.69:0/3341637042' entity='mgr.x' cmd=[{"prefix":"config rm","who":"mgr","name":"mgr/rbd_support/x/trash_purge_schedule"}]: dispatch
2026-02-20T00:14:25.067 INFO:journalctl@ceph.mon.a.trial069.stdout:Feb 20 00:14:24 trial069 ceph-mon[39688]: from='mgr.14150 10.20.193.69:0/3341637042' entity='mgr.x'
2026-02-20T00:14:25.067 INFO:journalctl@ceph.mon.a.trial069.stdout:Feb 20 00:14:24 trial069 ceph-mon[39688]: from='mgr.14150 10.20.193.69:0/3341637042' entity='mgr.x'
2026-02-20T00:14:25.067 INFO:journalctl@ceph.mon.a.trial069.stdout:Feb 20 00:14:24 trial069 ceph-mon[39688]: [20/Feb/2026:00:14:24] ENGINE Bus STARTING
2026-02-20T00:14:25.067 INFO:journalctl@ceph.mon.a.trial069.stdout:Feb 20 00:14:24 trial069 ceph-mon[39688]: from='client.14154 -' entity='client.admin' cmd=[{"prefix": "get_command_descriptions"}]: dispatch
2026-02-20T00:14:25.067 INFO:journalctl@ceph.mon.a.trial069.stdout:Feb 20 00:14:24 trial069 ceph-mon[39688]: mgrmap e11: x(active, since 1.00455s)
2026-02-20T00:14:25.067 INFO:journalctl@ceph.mon.a.trial069.stdout:Feb 20 00:14:24 trial069 ceph-mon[39688]: from='client.14154 -' entity='client.admin' cmd=[{"prefix": "mgr_status"}]: dispatch
2026-02-20T00:14:25.067 INFO:journalctl@ceph.mon.a.trial069.stdout:Feb 20 00:14:24 trial069 ceph-mon[39688]: [20/Feb/2026:00:14:24] ENGINE Serving on https://10.20.193.69:7150
2026-02-20T00:14:25.067 INFO:journalctl@ceph.mon.a.trial069.stdout:Feb 20 00:14:24 trial069 ceph-mon[39688]: [20/Feb/2026:00:14:24] ENGINE Client ('10.20.193.69', 56264) lost — peer dropped the TLS connection suddenly, during handshake: (6, 'TLS/SSL connection has been closed (EOF) (_ssl.c:1147)')
2026-02-20T00:14:25.068 INFO:journalctl@ceph.mon.a.trial069.stdout:Feb 20 00:14:24 trial069 ceph-mon[39688]: [20/Feb/2026:00:14:24] ENGINE Serving on http://10.20.193.69:8765
2026-02-20T00:14:25.068 INFO:journalctl@ceph.mon.a.trial069.stdout:Feb 20 00:14:24 trial069 ceph-mon[39688]: [20/Feb/2026:00:14:24] ENGINE Bus STARTED
2026-02-20T00:14:25.375 INFO:teuthology.orchestra.run.trial069.stdout:/usr/bin/ceph: stdout {
2026-02-20T00:14:25.375 INFO:teuthology.orchestra.run.trial069.stdout:/usr/bin/ceph: stdout "mgrmap_epoch": 11,
2026-02-20T00:14:25.375 INFO:teuthology.orchestra.run.trial069.stdout:/usr/bin/ceph: stdout "initialized": true
2026-02-20T00:14:25.375 INFO:teuthology.orchestra.run.trial069.stdout:/usr/bin/ceph: stdout }
2026-02-20T00:14:25.375 INFO:teuthology.orchestra.run.trial069.stdout:/usr/bin/ceph: stderr
2026-02-20T00:14:21.222+0000 7efc0f113640 1 Processor -- start
2026-02-20T00:14:25.375 INFO:teuthology.orchestra.run.trial069.stdout:/usr/bin/ceph: stderr
2026-02-20T00:14:21.222+0000 7efc0f113640 1 -- start start
2026-02-20T00:14:25.375 INFO:teuthology.orchestra.run.trial069.stdout:/usr/bin/ceph: stderr
2026-02-20T00:14:21.223+0000 7efc0f113640 1 --2- >> [v2:10.20.193.69:3300/0,v1:10.20.193.69:6789/0] conn(0x7efc0810a550 0x7efc0810a950 unknown :-1 s=NONE pgs=0 cs=0 l=0 rev1=0 crypto rx=0 tx=0 comp rx=0 tx=0).connect
2026-02-20T00:14:25.376 INFO:teuthology.orchestra.run.trial069.stdout:/usr/bin/ceph: stderr
2026-02-20T00:14:21.223+0000 7efc0f113640 1 -- --> [v2:10.20.193.69:3300/0,v1:10.20.193.69:6789/0] -- mon_getmap magic: 0 -- 0x7efc0810af20 con 0x7efc0810a550
2026-02-20T00:14:25.376 INFO:teuthology.orchestra.run.trial069.stdout:/usr/bin/ceph: stderr
2026-02-20T00:14:21.223+0000 7efc0ce88640 1 --2- >> [v2:10.20.193.69:3300/0,v1:10.20.193.69:6789/0] conn(0x7efc0810a550 0x7efc0810a950 unknown :-1 s=BANNER_CONNECTING pgs=0 cs=0 l=0 rev1=0 crypto rx=0 tx=0 comp rx=0 tx=0)._handle_peer_banner_payload supported=3 required=0
2026-02-20T00:14:25.376 INFO:teuthology.orchestra.run.trial069.stdout:/usr/bin/ceph: stderr
2026-02-20T00:14:21.223+0000 7efc0ce88640 1 --2- >> [v2:10.20.193.69:3300/0,v1:10.20.193.69:6789/0] conn(0x7efc0810a550 0x7efc0810a950 unknown :-1 s=HELLO_CONNECTING pgs=0 cs=0 l=0 rev1=1 crypto rx=0 tx=0 comp rx=0 tx=0).handle_hello peer v2:10.20.193.69:3300/0 says I am v2:10.20.193.69:39074/0 (socket says 10.20.193.69:39074)
2026-02-20T00:14:25.376 INFO:teuthology.orchestra.run.trial069.stdout:/usr/bin/ceph: stderr
2026-02-20T00:14:21.223+0000 7efc0ce88640 1 -- 10.20.193.69:0/3818319065 learned_addr learned my addr 10.20.193.69:0/3818319065 (peer_addr_for_me v2:10.20.193.69:0/0)
2026-02-20T00:14:25.376 INFO:teuthology.orchestra.run.trial069.stdout:/usr/bin/ceph: stderr
2026-02-20T00:14:21.223+0000 7efc0ce88640 1 -- 10.20.193.69:0/3818319065 --> [v2:10.20.193.69:3300/0,v1:10.20.193.69:6789/0] -- mon_subscribe({config=0+,monmap=0+}) -- 0x7efc0810b0a0 con 0x7efc0810a550
2026-02-20T00:14:25.376 INFO:teuthology.orchestra.run.trial069.stdout:/usr/bin/ceph: stderr
2026-02-20T00:14:21.223+0000 7efc0ce88640 1 --2- 10.20.193.69:0/3818319065 >> [v2:10.20.193.69:3300/0,v1:10.20.193.69:6789/0] conn(0x7efc0810a550 0x7efc0810a950 secure :-1 s=READY pgs=59 cs=0 l=1 rev1=1 crypto rx=0x7efbf8009920 tx=0x7efbf802ef20 comp rx=0 tx=0).ready entity=mon.0 client_cookie=4ab274c06955945d server_cookie=0 in_seq=0 out_seq=0
2026-02-20T00:14:25.376 INFO:teuthology.orchestra.run.trial069.stdout:/usr/bin/ceph: stderr
2026-02-20T00:14:21.223+0000 7efbff7fe640 1 -- 10.20.193.69:0/3818319065 <== mon.0 v2:10.20.193.69:3300/0 1 ==== mon_map magic: 0 ==== 205+0+0 (secure 0 0 0) 0x7efbf803c070 con 0x7efc0810a550
2026-02-20T00:14:25.376 INFO:teuthology.orchestra.run.trial069.stdout:/usr/bin/ceph: stderr
2026-02-20T00:14:21.223+0000 7efbff7fe640 1 -- 10.20.193.69:0/3818319065 <== mon.0 v2:10.20.193.69:3300/0 2 ==== config(26 keys) ==== 1076+0+0 (secure 0 0 0) 0x7efbf8037440 con 0x7efc0810a550
2026-02-20T00:14:25.376 INFO:teuthology.orchestra.run.trial069.stdout:/usr/bin/ceph: stderr
2026-02-20T00:14:21.223+0000 7efbff7fe640 1 -- 10.20.193.69:0/3818319065 <== mon.0 v2:10.20.193.69:3300/0 3 ==== mon_map magic: 0 ==== 205+0+0 (secure 0 0 0) 0x7efbf80354d0 con 0x7efc0810a550
2026-02-20T00:14:25.376 INFO:teuthology.orchestra.run.trial069.stdout:/usr/bin/ceph: stderr
2026-02-20T00:14:21.224+0000 7efc0f113640 1 -- 10.20.193.69:0/3818319065 >> [v2:10.20.193.69:3300/0,v1:10.20.193.69:6789/0] conn(0x7efc0810a550 msgr2=0x7efc0810a950 secure :-1 s=STATE_CONNECTION_ESTABLISHED l=1).mark_down
2026-02-20T00:14:25.376 INFO:teuthology.orchestra.run.trial069.stdout:/usr/bin/ceph: stderr
2026-02-20T00:14:21.224+0000 7efc0f113640 1 --2- 10.20.193.69:0/3818319065 >> [v2:10.20.193.69:3300/0,v1:10.20.193.69:6789/0] conn(0x7efc0810a550 0x7efc0810a950 secure :-1 s=READY pgs=59 cs=0 l=1 rev1=1 crypto rx=0x7efbf8009920 tx=0x7efbf802ef20 comp rx=0 tx=0).stop
2026-02-20T00:14:25.377 INFO:teuthology.orchestra.run.trial069.stdout:/usr/bin/ceph: stderr
2026-02-20T00:14:21.224+0000 7efc0f113640 1 -- 10.20.193.69:0/3818319065 shutdown_connections
2026-02-20T00:14:25.377 INFO:teuthology.orchestra.run.trial069.stdout:/usr/bin/ceph: stderr
2026-02-20T00:14:21.224+0000 7efc0f113640 1 --2- 10.20.193.69:0/3818319065 >> [v2:10.20.193.69:3300/0,v1:10.20.193.69:6789/0] conn(0x7efc0810a550 0x7efc0810a950 unknown :-1 s=CLOSED pgs=59 cs=0 l=1 rev1=1 crypto rx=0 tx=0 comp rx=0 tx=0).stop
2026-02-20T00:14:25.377 INFO:teuthology.orchestra.run.trial069.stdout:/usr/bin/ceph: stderr
2026-02-20T00:14:21.224+0000 7efc0f113640 1 -- 10.20.193.69:0/3818319065 >> 10.20.193.69:0/3818319065 conn(0x7efc0807de30 msgr2=0x7efc081086b0 unknown :-1 s=STATE_NONE l=0).mark_down
2026-02-20T00:14:25.377 INFO:teuthology.orchestra.run.trial069.stdout:/usr/bin/ceph: stderr
2026-02-20T00:14:21.224+0000 7efc0f113640 1 -- 10.20.193.69:0/3818319065 shutdown_connections
2026-02-20T00:14:25.377 INFO:teuthology.orchestra.run.trial069.stdout:/usr/bin/ceph: stderr
2026-02-20T00:14:21.224+0000 7efc0f113640 1 -- 10.20.193.69:0/3818319065 wait complete.
2026-02-20T00:14:25.377 INFO:teuthology.orchestra.run.trial069.stdout:/usr/bin/ceph: stderr
2026-02-20T00:14:21.224+0000 7efc0f113640 1 Processor -- start
2026-02-20T00:14:25.377 INFO:teuthology.orchestra.run.trial069.stdout:/usr/bin/ceph: stderr
2026-02-20T00:14:21.224+0000 7efc0f113640 1 -- start start
2026-02-20T00:14:25.377 INFO:teuthology.orchestra.run.trial069.stdout:/usr/bin/ceph: stderr
2026-02-20T00:14:21.224+0000 7efc0f113640 1 --2- >> [v2:10.20.193.69:3300/0,v1:10.20.193.69:6789/0] conn(0x7efc0810a550 0x7efc081a0150 unknown :-1 s=NONE pgs=0 cs=0 l=1 rev1=0 crypto rx=0 tx=0 comp rx=0 tx=0).connect
2026-02-20T00:14:25.377 INFO:teuthology.orchestra.run.trial069.stdout:/usr/bin/ceph: stderr
2026-02-20T00:14:21.224+0000 7efc0f113640 1 -- --> [v2:10.20.193.69:3300/0,v1:10.20.193.69:6789/0] -- mon_getmap magic: 0 -- 0x7efc0810c300 con 0x7efc0810a550
2026-02-20T00:14:25.377 INFO:teuthology.orchestra.run.trial069.stdout:/usr/bin/ceph: stderr
2026-02-20T00:14:21.224+0000 7efc0ce88640 1 --2- >> [v2:10.20.193.69:3300/0,v1:10.20.193.69:6789/0] conn(0x7efc0810a550 0x7efc081a0150 unknown :-1 s=BANNER_CONNECTING pgs=0 cs=0 l=1 rev1=0 crypto rx=0 tx=0 comp rx=0 tx=0)._handle_peer_banner_payload supported=3 required=0
2026-02-20T00:14:25.377 INFO:teuthology.orchestra.run.trial069.stdout:/usr/bin/ceph: stderr
2026-02-20T00:14:21.224+0000 7efc0ce88640 1 --2- >> [v2:10.20.193.69:3300/0,v1:10.20.193.69:6789/0] conn(0x7efc0810a550 0x7efc081a0150 unknown :-1 s=HELLO_CONNECTING pgs=0 cs=0 l=1 rev1=1 crypto rx=0 tx=0 comp rx=0 tx=0).handle_hello peer v2:10.20.193.69:3300/0 says I am v2:10.20.193.69:39086/0 (socket says 10.20.193.69:39086)
2026-02-20T00:14:25.377 INFO:teuthology.orchestra.run.trial069.stdout:/usr/bin/ceph: stderr
2026-02-20T00:14:21.224+0000 7efc0ce88640 1 -- 10.20.193.69:0/3060293372 learned_addr learned my addr 10.20.193.69:0/3060293372 (peer_addr_for_me v2:10.20.193.69:0/0)
2026-02-20T00:14:25.378 INFO:teuthology.orchestra.run.trial069.stdout:/usr/bin/ceph: stderr
2026-02-20T00:14:21.224+0000 7efc0ce88640 1 -- 10.20.193.69:0/3060293372 --> [v2:10.20.193.69:3300/0,v1:10.20.193.69:6789/0] -- mon_subscribe({config=0+,monmap=0+}) -- 0x7efc081a0690 con 0x7efc0810a550
2026-02-20T00:14:25.378 INFO:teuthology.orchestra.run.trial069.stdout:/usr/bin/ceph: stderr
2026-02-20T00:14:21.224+0000 7efc0ce88640 1 --2- 10.20.193.69:0/3060293372 >> [v2:10.20.193.69:3300/0,v1:10.20.193.69:6789/0] conn(0x7efc0810a550 0x7efc081a0150 secure :-1 s=READY pgs=60 cs=0 l=1 rev1=1 crypto rx=0x7efbf8039000 tx=0x7efbf8037820 comp rx=0 tx=0).ready entity=mon.0 client_cookie=0 server_cookie=0 in_seq=0 out_seq=0
2026-02-20T00:14:25.378 INFO:teuthology.orchestra.run.trial069.stdout:/usr/bin/ceph: stderr
2026-02-20T00:14:21.225+0000 7efbfdffb640 1 -- 10.20.193.69:0/3060293372 <== mon.0 v2:10.20.193.69:3300/0 1 ==== mon_map magic: 0 ==== 205+0+0 (secure 0 0 0) 0x7efbf803c070 con 0x7efc0810a550
2026-02-20T00:14:25.378 INFO:teuthology.orchestra.run.trial069.stdout:/usr/bin/ceph: stderr
2026-02-20T00:14:21.225+0000 7efbfdffb640 1 -- 10.20.193.69:0/3060293372 <== mon.0 v2:10.20.193.69:3300/0 2 ==== config(26 keys) ==== 1076+0+0 (secure 0 0 0) 0x7efbf8037ae0 con 0x7efc0810a550
2026-02-20T00:14:25.378 INFO:teuthology.orchestra.run.trial069.stdout:/usr/bin/ceph: stderr
2026-02-20T00:14:21.225+0000 7efbfdffb640 1 -- 10.20.193.69:0/3060293372 <== mon.0 v2:10.20.193.69:3300/0 3 ==== mon_map magic: 0 ==== 205+0+0 (secure 0 0 0) 0x7efbf8042e60 con 0x7efc0810a550
2026-02-20T00:14:25.378 INFO:teuthology.orchestra.run.trial069.stdout:/usr/bin/ceph: stderr
2026-02-20T00:14:21.225+0000 7efc0f113640 1 -- 10.20.193.69:0/3060293372 --> [v2:10.20.193.69:3300/0,v1:10.20.193.69:6789/0] -- mon_subscribe({mgrmap=0+}) -- 0x7efc081a0920 con 0x7efc0810a550
2026-02-20T00:14:25.378 INFO:teuthology.orchestra.run.trial069.stdout:/usr/bin/ceph: stderr
2026-02-20T00:14:21.225+0000 7efc0f113640 1 -- 10.20.193.69:0/3060293372 --> [v2:10.20.193.69:3300/0,v1:10.20.193.69:6789/0] -- mon_subscribe({osdmap=0}) -- 0x7efc081a3610 con 0x7efc0810a550
2026-02-20T00:14:25.378 INFO:teuthology.orchestra.run.trial069.stdout:/usr/bin/ceph: stderr
2026-02-20T00:14:21.225+0000 7efbfdffb640 1 -- 10.20.193.69:0/3060293372 <== mon.0 v2:10.20.193.69:3300/0 4 ==== mgrmap(e 9) ==== 50260+0+0 (secure 0 0 0) 0x7efbf8042440 con 0x7efc0810a550
2026-02-20T00:14:25.378 INFO:teuthology.orchestra.run.trial069.stdout:/usr/bin/ceph: stderr
2026-02-20T00:14:21.225+0000 7efbfdffb640 1 --2- 10.20.193.69:0/3060293372 >> [v2:10.20.193.69:6800/1329311740,v1:10.20.193.69:6801/1329311740] conn(0x7efbe403dbf0 0x7efbe40400b0 unknown :-1 s=NONE pgs=0 cs=0 l=1 rev1=0 crypto rx=0 tx=0 comp rx=0 tx=0).connect
2026-02-20T00:14:25.378 INFO:teuthology.orchestra.run.trial069.stdout:/usr/bin/ceph: stderr
2026-02-20T00:14:21.225+0000 7efbfdffb640 1 -- 10.20.193.69:0/3060293372 --> [v2:10.20.193.69:6800/1329311740,v1:10.20.193.69:6801/1329311740] -- command(tid 0: {"prefix": "get_command_descriptions"}) -- 0x7efbe40407c0 con 0x7efbe403dbf0
2026-02-20T00:14:25.378 INFO:teuthology.orchestra.run.trial069.stdout:/usr/bin/ceph: stderr
2026-02-20T00:14:21.225+0000 7efbfffff640 1 -- 10.20.193.69:0/3060293372 >> [v2:10.20.193.69:6800/1329311740,v1:10.20.193.69:6801/1329311740] conn(0x7efbe403dbf0 msgr2=0x7efbe40400b0 unknown :-1 s=STATE_CONNECTING_RE l=1).process reconnect failed to v2:10.20.193.69:6800/1329311740
2026-02-20T00:14:25.378 INFO:teuthology.orchestra.run.trial069.stdout:/usr/bin/ceph: stderr
2026-02-20T00:14:21.225+0000 7efbfdffb640 1 -- 10.20.193.69:0/3060293372 <== mon.0 v2:10.20.193.69:3300/0 5 ==== osd_map(2..2 src has 1..2) ==== 940+0+0 (secure 0 0 0) 0x7efbf8076760 con 0x7efc0810a550
2026-02-20T00:14:25.379 INFO:teuthology.orchestra.run.trial069.stdout:/usr/bin/ceph: stderr
2026-02-20T00:14:21.225+0000 7efbfffff640 1 --2- 10.20.193.69:0/3060293372 >> [v2:10.20.193.69:6800/1329311740,v1:10.20.193.69:6801/1329311740] conn(0x7efbe403dbf0 0x7efbe40400b0 unknown :-1 s=START_CONNECT pgs=0 cs=0 l=1 rev1=0 crypto rx=0 tx=0 comp rx=0 tx=0)._fault waiting 0.200000
2026-02-20T00:14:25.379 INFO:teuthology.orchestra.run.trial069.stdout:/usr/bin/ceph: stderr
2026-02-20T00:14:21.426+0000 7efbfffff640 1 -- 10.20.193.69:0/3060293372 >> [v2:10.20.193.69:6800/1329311740,v1:10.20.193.69:6801/1329311740] conn(0x7efbe403dbf0 msgr2=0x7efbe40400b0 unknown :-1 s=STATE_CONNECTING_RE l=1).process reconnect failed to v2:10.20.193.69:6800/1329311740
2026-02-20T00:14:25.379 INFO:teuthology.orchestra.run.trial069.stdout:/usr/bin/ceph: stderr
2026-02-20T00:14:21.426+0000 7efbfffff640 1 --2- 10.20.193.69:0/3060293372 >> [v2:10.20.193.69:6800/1329311740,v1:10.20.193.69:6801/1329311740] conn(0x7efbe403dbf0 0x7efbe40400b0 unknown :-1 s=START_CONNECT pgs=0 cs=0 l=1 rev1=0 crypto rx=0 tx=0 comp rx=0 tx=0)._fault waiting 0.400000
2026-02-20T00:14:25.379 INFO:teuthology.orchestra.run.trial069.stdout:/usr/bin/ceph: stderr
2026-02-20T00:14:21.826+0000 7efbfffff640 1 -- 10.20.193.69:0/3060293372 >> [v2:10.20.193.69:6800/1329311740,v1:10.20.193.69:6801/1329311740] conn(0x7efbe403dbf0 msgr2=0x7efbe40400b0 unknown :-1 s=STATE_CONNECTING_RE l=1).process reconnect failed to v2:10.20.193.69:6800/1329311740
2026-02-20T00:14:25.379 INFO:teuthology.orchestra.run.trial069.stdout:/usr/bin/ceph: stderr
2026-02-20T00:14:21.826+0000 7efbfffff640 1 --2- 10.20.193.69:0/3060293372 >> [v2:10.20.193.69:6800/1329311740,v1:10.20.193.69:6801/1329311740] conn(0x7efbe403dbf0 0x7efbe40400b0 unknown :-1 s=START_CONNECT pgs=0 cs=0 l=1 rev1=0 crypto rx=0 tx=0 comp rx=0 tx=0)._fault waiting 0.800000
2026-02-20T00:14:25.379 INFO:teuthology.orchestra.run.trial069.stdout:/usr/bin/ceph: stderr
2026-02-20T00:14:22.627+0000 7efbfffff640 1 -- 10.20.193.69:0/3060293372 >> [v2:10.20.193.69:6800/1329311740,v1:10.20.193.69:6801/1329311740] conn(0x7efbe403dbf0 msgr2=0x7efbe40400b0 unknown :-1 s=STATE_CONNECTING_RE l=1).process reconnect failed to v2:10.20.193.69:6800/1329311740
2026-02-20T00:14:25.379 INFO:teuthology.orchestra.run.trial069.stdout:/usr/bin/ceph: stderr
2026-02-20T00:14:22.627+0000 7efbfffff640 1 --2- 10.20.193.69:0/3060293372 >> [v2:10.20.193.69:6800/1329311740,v1:10.20.193.69:6801/1329311740] conn(0x7efbe403dbf0 0x7efbe40400b0 unknown :-1 s=START_CONNECT pgs=0 cs=0 l=1 rev1=0 crypto rx=0 tx=0 comp rx=0 tx=0)._fault waiting 1.600000
2026-02-20T00:14:25.379 INFO:teuthology.orchestra.run.trial069.stdout:/usr/bin/ceph: stderr
2026-02-20T00:14:23.533+0000 7efbfdffb640 1 -- 10.20.193.69:0/3060293372 <== mon.0 v2:10.20.193.69:3300/0 6 ==== mgrmap(e 10) ==== 50027+0+0 (secure 0 0 0) 0x7efbf8075560 con 0x7efc0810a550
2026-02-20T00:14:25.379 INFO:teuthology.orchestra.run.trial069.stdout:/usr/bin/ceph: stderr
2026-02-20T00:14:23.533+0000 7efbfdffb640 1 -- 10.20.193.69:0/3060293372 >> [v2:10.20.193.69:6800/1329311740,v1:10.20.193.69:6801/1329311740] conn(0x7efbe403dbf0 msgr2=0x7efbe40400b0 unknown :-1 s=STATE_CONNECTING l=1).mark_down
2026-02-20T00:14:25.379 INFO:teuthology.orchestra.run.trial069.stdout:/usr/bin/ceph: stderr
2026-02-20T00:14:23.533+0000 7efbfdffb640 1 --2- 10.20.193.69:0/3060293372 >> [v2:10.20.193.69:6800/1329311740,v1:10.20.193.69:6801/1329311740] conn(0x7efbe403dbf0 0x7efbe40400b0 unknown :-1 s=START_CONNECT pgs=0 cs=0 l=1 rev1=0 crypto rx=0 tx=0 comp rx=0 tx=0).stop
2026-02-20T00:14:25.379 INFO:teuthology.orchestra.run.trial069.stdout:/usr/bin/ceph: stderr
2026-02-20T00:14:24.534+0000 7efbfdffb640 1 -- 10.20.193.69:0/3060293372 <== mon.0 v2:10.20.193.69:3300/0 7 ==== mgrmap(e 11) ==== 50154+0+0 (secure 0 0 0) 0x7efbf804f860 con 0x7efc0810a550
2026-02-20T00:14:25.379 INFO:teuthology.orchestra.run.trial069.stdout:/usr/bin/ceph: stderr
2026-02-20T00:14:24.534+0000 7efbfdffb640 1 --2- 10.20.193.69:0/3060293372 >> [v2:10.20.193.69:6800/2590108814,v1:10.20.193.69:6801/2590108814] conn(0x7efbe40416d0 0x7efbe4043ac0 unknown :-1 s=NONE pgs=0 cs=0 l=1 rev1=0 crypto rx=0 tx=0 comp rx=0 tx=0).connect
2026-02-20T00:14:25.380 INFO:teuthology.orchestra.run.trial069.stdout:/usr/bin/ceph: stderr
2026-02-20T00:14:24.534+0000 7efbfdffb640 1 -- 10.20.193.69:0/3060293372 --> [v2:10.20.193.69:6800/2590108814,v1:10.20.193.69:6801/2590108814] -- command(tid 0: {"prefix": "get_command_descriptions"}) -- 0x7efbf8034ec0 con 0x7efbe40416d0
2026-02-20T00:14:25.380 INFO:teuthology.orchestra.run.trial069.stdout:/usr/bin/ceph: stderr
2026-02-20T00:14:24.534+0000 7efbfffff640 1 --2- 10.20.193.69:0/3060293372 >> [v2:10.20.193.69:6800/2590108814,v1:10.20.193.69:6801/2590108814] conn(0x7efbe40416d0 0x7efbe4043ac0 unknown :-1 s=BANNER_CONNECTING pgs=0 cs=0 l=1 rev1=0 crypto rx=0 tx=0 comp rx=0 tx=0)._handle_peer_banner_payload supported=3 required=0
2026-02-20T00:14:25.380 INFO:teuthology.orchestra.run.trial069.stdout:/usr/bin/ceph: stderr
2026-02-20T00:14:24.535+0000 7efbfffff640 1 --2- 10.20.193.69:0/3060293372 >> [v2:10.20.193.69:6800/2590108814,v1:10.20.193.69:6801/2590108814] conn(0x7efbe40416d0 0x7efbe4043ac0 secure :-1 s=READY pgs=1 cs=0 l=1 rev1=1 crypto rx=0x7efbf0003a80 tx=0x7efbf00092b0 comp rx=0 tx=0).ready entity=mgr.14150 client_cookie=0 server_cookie=0 in_seq=0 out_seq=0
2026-02-20T00:14:25.380 INFO:teuthology.orchestra.run.trial069.stdout:/usr/bin/ceph: stderr
2026-02-20T00:14:24.535+0000 7efbfdffb640 1 -- 10.20.193.69:0/3060293372 <== mgr.14150 v2:10.20.193.69:6800/2590108814 1 ==== command_reply(tid 0: 0 ) ==== 8+0+8901 (secure 0 0 0) 0x7efbf8034ec0 con 0x7efbe40416d0
2026-02-20T00:14:25.380 INFO:teuthology.orchestra.run.trial069.stdout:/usr/bin/ceph: stderr
2026-02-20T00:14:24.538+0000 7efc0f113640 1 -- 10.20.193.69:0/3060293372 --> [v2:10.20.193.69:6800/2590108814,v1:10.20.193.69:6801/2590108814] -- command(tid 1: {"prefix": "mgr_status"}) -- 0x7efc0810a9d0 con 0x7efbe40416d0
2026-02-20T00:14:25.380 INFO:teuthology.orchestra.run.trial069.stdout:/usr/bin/ceph: stderr
