2026-02-20T00:14:24.538+0000 7efbfdffb640 1 -- 10.20.193.69:0/3060293372 <== mgr.14150 v2:10.20.193.69:6800/2590108814 2 ==== command_reply(tid 1: 0 ) ==== 8+0+52 (secure 0 0 0) 0x7efc0810a9d0 con 0x7efbe40416d0
2026-02-20T00:14:25.380 INFO:teuthology.orchestra.run.trial069.stdout:/usr/bin/ceph: stderr
2026-02-20T00:14:24.539+0000 7efc0f113640 1 -- 10.20.193.69:0/3060293372 >> [v2:10.20.193.69:6800/2590108814,v1:10.20.193.69:6801/2590108814] conn(0x7efbe40416d0 msgr2=0x7efbe4043ac0 secure :-1 s=STATE_CONNECTION_ESTABLISHED l=1).mark_down
2026-02-20T00:14:25.380 INFO:teuthology.orchestra.run.trial069.stdout:/usr/bin/ceph: stderr
2026-02-20T00:14:24.539+0000 7efc0f113640 1 --2- 10.20.193.69:0/3060293372 >> [v2:10.20.193.69:6800/2590108814,v1:10.20.193.69:6801/2590108814] conn(0x7efbe40416d0 0x7efbe4043ac0 secure :-1 s=READY pgs=1 cs=0 l=1 rev1=1 crypto rx=0x7efbf0003a80 tx=0x7efbf00092b0 comp rx=0 tx=0).stop
2026-02-20T00:14:25.380 INFO:teuthology.orchestra.run.trial069.stdout:/usr/bin/ceph: stderr
2026-02-20T00:14:24.539+0000 7efc0f113640 1 -- 10.20.193.69:0/3060293372 >> [v2:10.20.193.69:3300/0,v1:10.20.193.69:6789/0] conn(0x7efc0810a550 msgr2=0x7efc081a0150 secure :-1 s=STATE_CONNECTION_ESTABLISHED l=1).mark_down
2026-02-20T00:14:25.380 INFO:teuthology.orchestra.run.trial069.stdout:/usr/bin/ceph: stderr
2026-02-20T00:14:24.539+0000 7efc0f113640 1 --2- 10.20.193.69:0/3060293372 >> [v2:10.20.193.69:3300/0,v1:10.20.193.69:6789/0] conn(0x7efc0810a550 0x7efc081a0150 secure :-1 s=READY pgs=60 cs=0 l=1 rev1=1 crypto rx=0x7efbf8039000 tx=0x7efbf8037820 comp rx=0 tx=0).stop
2026-02-20T00:14:25.380 INFO:teuthology.orchestra.run.trial069.stdout:/usr/bin/ceph: stderr
2026-02-20T00:14:24.539+0000 7efc0f113640 1 -- 10.20.193.69:0/3060293372 shutdown_connections
2026-02-20T00:14:25.380 INFO:teuthology.orchestra.run.trial069.stdout:/usr/bin/ceph: stderr
2026-02-20T00:14:24.539+0000 7efc0f113640 1 --2- 10.20.193.69:0/3060293372 >> [v2:10.20.193.69:6800/2590108814,v1:10.20.193.69:6801/2590108814] conn(0x7efbe40416d0 0x7efbe4043ac0 unknown :-1 s=CLOSED pgs=1 cs=0 l=1 rev1=1 crypto rx=0 tx=0 comp rx=0 tx=0).stop
2026-02-20T00:14:25.380 INFO:teuthology.orchestra.run.trial069.stdout:/usr/bin/ceph: stderr
2026-02-20T00:14:24.539+0000 7efc0f113640 1 --2- 10.20.193.69:0/3060293372 >> [v2:10.20.193.69:6800/1329311740,v1:10.20.193.69:6801/1329311740] conn(0x7efbe403dbf0 0x7efbe40400b0 unknown :-1 s=CLOSED pgs=0 cs=0 l=1 rev1=0 crypto rx=0 tx=0 comp rx=0 tx=0).stop
2026-02-20T00:14:25.381 INFO:teuthology.orchestra.run.trial069.stdout:/usr/bin/ceph: stderr
2026-02-20T00:14:24.539+0000 7efc0f113640 1 --2- 10.20.193.69:0/3060293372 >> [v2:10.20.193.69:3300/0,v1:10.20.193.69:6789/0] conn(0x7efc0810a550 0x7efc081a0150 unknown :-1 s=CLOSED pgs=60 cs=0 l=1 rev1=1 crypto rx=0 tx=0 comp rx=0 tx=0).stop
2026-02-20T00:14:25.381 INFO:teuthology.orchestra.run.trial069.stdout:/usr/bin/ceph: stderr
2026-02-20T00:14:24.539+0000 7efc0f113640 1 -- 10.20.193.69:0/3060293372 >> 10.20.193.69:0/3060293372 conn(0x7efc0807de30 msgr2=0x7efc08107db0 unknown :-1 s=STATE_NONE l=0).mark_down
2026-02-20T00:14:25.381 INFO:teuthology.orchestra.run.trial069.stdout:/usr/bin/ceph: stderr
2026-02-20T00:14:24.539+0000 7efc0f113640 1 -- 10.20.193.69:0/3060293372 shutdown_connections
2026-02-20T00:14:25.381 INFO:teuthology.orchestra.run.trial069.stdout:/usr/bin/ceph: stderr
2026-02-20T00:14:24.539+0000 7efc0f113640 1 -- 10.20.193.69:0/3060293372 wait complete.
2026-02-20T00:14:25.381 INFO:teuthology.orchestra.run.trial069.stdout:mgr epoch 9 is available
2026-02-20T00:14:25.381 INFO:teuthology.orchestra.run.trial069.stdout:Generating a dashboard self-signed certificate...
2026-02-20T00:14:25.634 INFO:teuthology.orchestra.run.trial069.stdout:/usr/bin/ceph: stdout Self-signed certificate created
2026-02-20T00:14:25.634 INFO:teuthology.orchestra.run.trial069.stdout:/usr/bin/ceph: stderr
2026-02-20T00:14:25.472+0000 7fe6405e9640 1 Processor -- start
2026-02-20T00:14:25.634 INFO:teuthology.orchestra.run.trial069.stdout:/usr/bin/ceph: stderr
2026-02-20T00:14:25.472+0000 7fe6405e9640 1 -- start start
2026-02-20T00:14:25.634 INFO:teuthology.orchestra.run.trial069.stdout:/usr/bin/ceph: stderr
2026-02-20T00:14:25.472+0000 7fe6405e9640 1 --2- >> [v2:10.20.193.69:3300/0,v1:10.20.193.69:6789/0] conn(0x7fe63810a3d0 0x7fe63810a7d0 unknown :-1 s=NONE pgs=0 cs=0 l=0 rev1=0 crypto rx=0 tx=0 comp rx=0 tx=0).connect
2026-02-20T00:14:25.634 INFO:teuthology.orchestra.run.trial069.stdout:/usr/bin/ceph: stderr
2026-02-20T00:14:25.472+0000 7fe6405e9640 1 -- --> [v2:10.20.193.69:3300/0,v1:10.20.193.69:6789/0] -- mon_getmap magic: 0 -- 0x7fe63810ada0 con 0x7fe63810a3d0
2026-02-20T00:14:25.635 INFO:teuthology.orchestra.run.trial069.stdout:/usr/bin/ceph: stderr
2026-02-20T00:14:25.473+0000 7fe63e35e640 1 --2- >> [v2:10.20.193.69:3300/0,v1:10.20.193.69:6789/0] conn(0x7fe63810a3d0 0x7fe63810a7d0 unknown :-1 s=BANNER_CONNECTING pgs=0 cs=0 l=0 rev1=0 crypto rx=0 tx=0 comp rx=0 tx=0)._handle_peer_banner_payload supported=3 required=0
2026-02-20T00:14:25.635 INFO:teuthology.orchestra.run.trial069.stdout:/usr/bin/ceph: stderr
2026-02-20T00:14:25.473+0000 7fe63e35e640 1 --2- >> [v2:10.20.193.69:3300/0,v1:10.20.193.69:6789/0] conn(0x7fe63810a3d0 0x7fe63810a7d0 unknown :-1 s=HELLO_CONNECTING pgs=0 cs=0 l=0 rev1=1 crypto rx=0 tx=0 comp rx=0 tx=0).handle_hello peer v2:10.20.193.69:3300/0 says I am v2:10.20.193.69:39186/0 (socket says 10.20.193.69:39186)
2026-02-20T00:14:25.635 INFO:teuthology.orchestra.run.trial069.stdout:/usr/bin/ceph: stderr
2026-02-20T00:14:25.473+0000 7fe63e35e640 1 -- 10.20.193.69:0/2895094604 learned_addr learned my addr 10.20.193.69:0/2895094604 (peer_addr_for_me v2:10.20.193.69:0/0)
2026-02-20T00:14:25.635 INFO:teuthology.orchestra.run.trial069.stdout:/usr/bin/ceph: stderr
2026-02-20T00:14:25.473+0000 7fe63e35e640 1 -- 10.20.193.69:0/2895094604 --> [v2:10.20.193.69:3300/0,v1:10.20.193.69:6789/0] -- mon_subscribe({config=0+,monmap=0+}) -- 0x7fe63810b580 con 0x7fe63810a3d0
2026-02-20T00:14:25.635 INFO:teuthology.orchestra.run.trial069.stdout:/usr/bin/ceph: stderr
2026-02-20T00:14:25.473+0000 7fe63e35e640 1 --2- 10.20.193.69:0/2895094604 >> [v2:10.20.193.69:3300/0,v1:10.20.193.69:6789/0] conn(0x7fe63810a3d0 0x7fe63810a7d0 secure :-1 s=READY pgs=68 cs=0 l=1 rev1=1 crypto rx=0x7fe628009920 tx=0x7fe62802ef20 comp rx=0 tx=0).ready entity=mon.0 client_cookie=af97f45083f49213 server_cookie=0 in_seq=0 out_seq=0
2026-02-20T00:14:25.635 INFO:teuthology.orchestra.run.trial069.stdout:/usr/bin/ceph: stderr
2026-02-20T00:14:25.473+0000 7fe63d35c640 1 -- 10.20.193.69:0/2895094604 <== mon.0 v2:10.20.193.69:3300/0 1 ==== mon_map magic: 0 ==== 205+0+0 (secure 0 0 0) 0x7fe62803c070 con 0x7fe63810a3d0
2026-02-20T00:14:25.635 INFO:teuthology.orchestra.run.trial069.stdout:/usr/bin/ceph: stderr
2026-02-20T00:14:25.473+0000 7fe63d35c640 1 -- 10.20.193.69:0/2895094604 <== mon.0 v2:10.20.193.69:3300/0 2 ==== config(26 keys) ==== 1076+0+0 (secure 0 0 0) 0x7fe628037440 con 0x7fe63810a3d0
2026-02-20T00:14:25.635 INFO:teuthology.orchestra.run.trial069.stdout:/usr/bin/ceph: stderr
2026-02-20T00:14:25.473+0000 7fe63d35c640 1 -- 10.20.193.69:0/2895094604 <== mon.0 v2:10.20.193.69:3300/0 3 ==== mon_map magic: 0 ==== 205+0+0 (secure 0 0 0) 0x7fe6280354d0 con 0x7fe63810a3d0
2026-02-20T00:14:25.635 INFO:teuthology.orchestra.run.trial069.stdout:/usr/bin/ceph: stderr
2026-02-20T00:14:25.474+0000 7fe6405e9640 1 -- 10.20.193.69:0/2895094604 >> [v2:10.20.193.69:3300/0,v1:10.20.193.69:6789/0] conn(0x7fe63810a3d0 msgr2=0x7fe63810a7d0 secure :-1 s=STATE_CONNECTION_ESTABLISHED l=1).mark_down
2026-02-20T00:14:25.635 INFO:teuthology.orchestra.run.trial069.stdout:/usr/bin/ceph: stderr
2026-02-20T00:14:25.474+0000 7fe6405e9640 1 --2- 10.20.193.69:0/2895094604 >> [v2:10.20.193.69:3300/0,v1:10.20.193.69:6789/0] conn(0x7fe63810a3d0 0x7fe63810a7d0 secure :-1 s=READY pgs=68 cs=0 l=1 rev1=1 crypto rx=0x7fe628009920 tx=0x7fe62802ef20 comp rx=0 tx=0).stop
2026-02-20T00:14:25.636 INFO:teuthology.orchestra.run.trial069.stdout:/usr/bin/ceph: stderr
2026-02-20T00:14:25.474+0000 7fe6405e9640 1 -- 10.20.193.69:0/2895094604 shutdown_connections
2026-02-20T00:14:25.636 INFO:teuthology.orchestra.run.trial069.stdout:/usr/bin/ceph: stderr
2026-02-20T00:14:25.474+0000 7fe6405e9640 1 --2- 10.20.193.69:0/2895094604 >> [v2:10.20.193.69:3300/0,v1:10.20.193.69:6789/0] conn(0x7fe63810a3d0 0x7fe63810a7d0 unknown :-1 s=CLOSED pgs=68 cs=0 l=1 rev1=1 crypto rx=0 tx=0 comp rx=0 tx=0).stop
2026-02-20T00:14:25.636 INFO:teuthology.orchestra.run.trial069.stdout:/usr/bin/ceph: stderr
2026-02-20T00:14:25.474+0000 7fe6405e9640 1 -- 10.20.193.69:0/2895094604 >> 10.20.193.69:0/2895094604 conn(0x7fe63807d9e0 msgr2=0x7fe6381086b0 unknown :-1 s=STATE_NONE l=0).mark_down
2026-02-20T00:14:25.636 INFO:teuthology.orchestra.run.trial069.stdout:/usr/bin/ceph: stderr
2026-02-20T00:14:25.474+0000 7fe6405e9640 1 -- 10.20.193.69:0/2895094604 shutdown_connections
2026-02-20T00:14:25.636 INFO:teuthology.orchestra.run.trial069.stdout:/usr/bin/ceph: stderr
2026-02-20T00:14:25.474+0000 7fe6405e9640 1 -- 10.20.193.69:0/2895094604 wait complete.
2026-02-20T00:14:25.636 INFO:teuthology.orchestra.run.trial069.stdout:/usr/bin/ceph: stderr
2026-02-20T00:14:25.474+0000 7fe6405e9640 1 Processor -- start
2026-02-20T00:14:25.636 INFO:teuthology.orchestra.run.trial069.stdout:/usr/bin/ceph: stderr
2026-02-20T00:14:25.474+0000 7fe6405e9640 1 -- start start
2026-02-20T00:14:25.636 INFO:teuthology.orchestra.run.trial069.stdout:/usr/bin/ceph: stderr
2026-02-20T00:14:25.474+0000 7fe6405e9640 1 --2- >> [v2:10.20.193.69:3300/0,v1:10.20.193.69:6789/0] conn(0x7fe63810a3d0 0x7fe6381a0170 unknown :-1 s=NONE pgs=0 cs=0 l=1 rev1=0 crypto rx=0 tx=0 comp rx=0 tx=0).connect
2026-02-20T00:14:25.636 INFO:teuthology.orchestra.run.trial069.stdout:/usr/bin/ceph: stderr
2026-02-20T00:14:25.474+0000 7fe6405e9640 1 -- --> [v2:10.20.193.69:3300/0,v1:10.20.193.69:6789/0] -- mon_getmap magic: 0 -- 0x7fe63810e7b0 con 0x7fe63810a3d0
2026-02-20T00:14:25.636 INFO:teuthology.orchestra.run.trial069.stdout:/usr/bin/ceph: stderr
2026-02-20T00:14:25.474+0000 7fe63e35e640 1 --2- >> [v2:10.20.193.69:3300/0,v1:10.20.193.69:6789/0] conn(0x7fe63810a3d0 0x7fe6381a0170 unknown :-1 s=BANNER_CONNECTING pgs=0 cs=0 l=1 rev1=0 crypto rx=0 tx=0 comp rx=0 tx=0)._handle_peer_banner_payload supported=3 required=0
2026-02-20T00:14:25.636 INFO:teuthology.orchestra.run.trial069.stdout:/usr/bin/ceph: stderr
2026-02-20T00:14:25.474+0000 7fe63e35e640 1 --2- >> [v2:10.20.193.69:3300/0,v1:10.20.193.69:6789/0] conn(0x7fe63810a3d0 0x7fe6381a0170 unknown :-1 s=HELLO_CONNECTING pgs=0 cs=0 l=1 rev1=1 crypto rx=0 tx=0 comp rx=0 tx=0).handle_hello peer v2:10.20.193.69:3300/0 says I am v2:10.20.193.69:39198/0 (socket says 10.20.193.69:39198)
2026-02-20T00:14:25.636 INFO:teuthology.orchestra.run.trial069.stdout:/usr/bin/ceph: stderr
2026-02-20T00:14:25.474+0000 7fe63e35e640 1 -- 10.20.193.69:0/1517073287 learned_addr learned my addr 10.20.193.69:0/1517073287 (peer_addr_for_me v2:10.20.193.69:0/0)
2026-02-20T00:14:25.637 INFO:teuthology.orchestra.run.trial069.stdout:/usr/bin/ceph: stderr
2026-02-20T00:14:25.474+0000 7fe63e35e640 1 -- 10.20.193.69:0/1517073287 --> [v2:10.20.193.69:3300/0,v1:10.20.193.69:6789/0] -- mon_subscribe({config=0+,monmap=0+}) -- 0x7fe6381a06b0 con 0x7fe63810a3d0
2026-02-20T00:14:25.637 INFO:teuthology.orchestra.run.trial069.stdout:/usr/bin/ceph: stderr
2026-02-20T00:14:25.474+0000 7fe63e35e640 1 --2- 10.20.193.69:0/1517073287 >> [v2:10.20.193.69:3300/0,v1:10.20.193.69:6789/0] conn(0x7fe63810a3d0 0x7fe6381a0170 secure :-1 s=READY pgs=69 cs=0 l=1 rev1=1 crypto rx=0x7fe628039000 tx=0x7fe628037820 comp rx=0 tx=0).ready entity=mon.0 client_cookie=0 server_cookie=0 in_seq=0 out_seq=0
2026-02-20T00:14:25.637 INFO:teuthology.orchestra.run.trial069.stdout:/usr/bin/ceph: stderr
2026-02-20T00:14:25.474+0000 7fe61f7fe640 1 -- 10.20.193.69:0/1517073287 <== mon.0 v2:10.20.193.69:3300/0 1 ==== mon_map magic: 0 ==== 205+0+0 (secure 0 0 0) 0x7fe628047070 con 0x7fe63810a3d0
2026-02-20T00:14:25.637 INFO:teuthology.orchestra.run.trial069.stdout:/usr/bin/ceph: stderr
2026-02-20T00:14:25.475+0000 7fe61f7fe640 1 -- 10.20.193.69:0/1517073287 <== mon.0 v2:10.20.193.69:3300/0 2 ==== config(26 keys) ==== 1076+0+0 (secure 0 0 0) 0x7fe628035df0 con 0x7fe63810a3d0
2026-02-20T00:14:25.637 INFO:teuthology.orchestra.run.trial069.stdout:/usr/bin/ceph: stderr
2026-02-20T00:14:25.475+0000 7fe61f7fe640 1 -- 10.20.193.69:0/1517073287 <== mon.0 v2:10.20.193.69:3300/0 3 ==== mon_map magic: 0 ==== 205+0+0 (secure 0 0 0) 0x7fe62803c070 con 0x7fe63810a3d0
2026-02-20T00:14:25.637 INFO:teuthology.orchestra.run.trial069.stdout:/usr/bin/ceph: stderr
2026-02-20T00:14:25.475+0000 7fe6405e9640 1 -- 10.20.193.69:0/1517073287 --> [v2:10.20.193.69:3300/0,v1:10.20.193.69:6789/0] -- mon_subscribe({mgrmap=0+}) -- 0x7fe6381a0940 con 0x7fe63810a3d0
2026-02-20T00:14:25.637 INFO:teuthology.orchestra.run.trial069.stdout:/usr/bin/ceph: stderr
2026-02-20T00:14:25.475+0000 7fe6405e9640 1 -- 10.20.193.69:0/1517073287 --> [v2:10.20.193.69:3300/0,v1:10.20.193.69:6789/0] -- mon_subscribe({osdmap=0}) -- 0x7fe6381a3630 con 0x7fe63810a3d0
2026-02-20T00:14:25.637 INFO:teuthology.orchestra.run.trial069.stdout:/usr/bin/ceph: stderr
2026-02-20T00:14:25.475+0000 7fe6405e9640 1 -- 10.20.193.69:0/1517073287 --> [v2:10.20.193.69:3300/0,v1:10.20.193.69:6789/0] -- mon_command({"prefix": "get_command_descriptions"} v 0) -- 0x7fe63810a850 con 0x7fe63810a3d0
2026-02-20T00:14:25.637 INFO:teuthology.orchestra.run.trial069.stdout:/usr/bin/ceph: stderr
2026-02-20T00:14:25.475+0000 7fe61f7fe640 1 -- 10.20.193.69:0/1517073287 <== mon.0 v2:10.20.193.69:3300/0 4 ==== mgrmap(e 11) ==== 50154+0+0 (secure 0 0 0) 0x7fe628042640 con 0x7fe63810a3d0
2026-02-20T00:14:25.637 INFO:teuthology.orchestra.run.trial069.stdout:/usr/bin/ceph: stderr
2026-02-20T00:14:25.475+0000 7fe61f7fe640 1 --2- 10.20.193.69:0/1517073287 >> [v2:10.20.193.69:6800/2590108814,v1:10.20.193.69:6801/2590108814] conn(0x7fe61403dad0 0x7fe61403ff90 unknown :-1 s=NONE pgs=0 cs=0 l=1 rev1=0 crypto rx=0 tx=0 comp rx=0 tx=0).connect
2026-02-20T00:14:25.637 INFO:teuthology.orchestra.run.trial069.stdout:/usr/bin/ceph: stderr
2026-02-20T00:14:25.476+0000 7fe61f7fe640 1 -- 10.20.193.69:0/1517073287 <== mon.0 v2:10.20.193.69:3300/0 5 ==== osd_map(3..3 src has 1..3) ==== 1155+0+0 (secure 0 0 0) 0x7fe6280774f0 con 0x7fe63810a3d0
2026-02-20T00:14:25.638 INFO:teuthology.orchestra.run.trial069.stdout:/usr/bin/ceph: stderr
2026-02-20T00:14:25.476+0000 7fe63db5d640 1 --2- 10.20.193.69:0/1517073287 >> [v2:10.20.193.69:6800/2590108814,v1:10.20.193.69:6801/2590108814] conn(0x7fe61403dad0 0x7fe61403ff90 unknown :-1 s=BANNER_CONNECTING pgs=0 cs=0 l=1 rev1=0 crypto rx=0 tx=0 comp rx=0 tx=0)._handle_peer_banner_payload supported=3 required=0
2026-02-20T00:14:25.638 INFO:teuthology.orchestra.run.trial069.stdout:/usr/bin/ceph: stderr
2026-02-20T00:14:25.476+0000 7fe63db5d640 1 --2- 10.20.193.69:0/1517073287 >> [v2:10.20.193.69:6800/2590108814,v1:10.20.193.69:6801/2590108814] conn(0x7fe61403dad0 0x7fe61403ff90 secure :-1 s=READY pgs=7 cs=0 l=1 rev1=1 crypto rx=0x7fe62c0099c0 tx=0x7fe62c006eb0 comp rx=0 tx=0).ready entity=mgr.14150 client_cookie=0 server_cookie=0 in_seq=0 out_seq=0
2026-02-20T00:14:25.638 INFO:teuthology.orchestra.run.trial069.stdout:/usr/bin/ceph: stderr
2026-02-20T00:14:25.478+0000 7fe61f7fe640 1 -- 10.20.193.69:0/1517073287 <== mon.0 v2:10.20.193.69:3300/0 6 ==== mon_command_ack([{"prefix": "get_command_descriptions"}]=0 v0) ==== 72+0+195034 (secure 0 0 0) 0x7fe628051030 con 0x7fe63810a3d0
2026-02-20T00:14:25.638 INFO:teuthology.orchestra.run.trial069.stdout:/usr/bin/ceph: stderr
2026-02-20T00:14:25.562+0000 7fe6405e9640 1 -- 10.20.193.69:0/1517073287 --> [v2:10.20.193.69:6800/2590108814,v1:10.20.193.69:6801/2590108814] -- mgr_command(tid 0: {"prefix": "dashboard create-self-signed-cert", "target": ["mon-mgr", ""]}) -- 0x7fe638108590 con 0x7fe61403dad0
2026-02-20T00:14:25.638 INFO:teuthology.orchestra.run.trial069.stdout:/usr/bin/ceph: stderr
2026-02-20T00:14:25.591+0000 7fe61f7fe640 1 -- 10.20.193.69:0/1517073287 <== mgr.14150 v2:10.20.193.69:6800/2590108814 1 ==== mgr_command_reply(tid 0: 0 ) ==== 8+0+32 (secure 0 0 0) 0x7fe638108590 con 0x7fe61403dad0
2026-02-20T00:14:25.638 INFO:teuthology.orchestra.run.trial069.stdout:/usr/bin/ceph: stderr
2026-02-20T00:14:25.592+0000 7fe6405e9640 1 -- 10.20.193.69:0/1517073287 >> [v2:10.20.193.69:6800/2590108814,v1:10.20.193.69:6801/2590108814] conn(0x7fe61403dad0 msgr2=0x7fe61403ff90 secure :-1 s=STATE_CONNECTION_ESTABLISHED l=1).mark_down
2026-02-20T00:14:25.638 INFO:teuthology.orchestra.run.trial069.stdout:/usr/bin/ceph: stderr
2026-02-20T00:14:25.592+0000 7fe6405e9640 1 --2- 10.20.193.69:0/1517073287 >> [v2:10.20.193.69:6800/2590108814,v1:10.20.193.69:6801/2590108814] conn(0x7fe61403dad0 0x7fe61403ff90 secure :-1 s=READY pgs=7 cs=0 l=1 rev1=1 crypto rx=0x7fe62c0099c0 tx=0x7fe62c006eb0 comp rx=0 tx=0).stop
2026-02-20T00:14:25.638 INFO:teuthology.orchestra.run.trial069.stdout:/usr/bin/ceph: stderr
2026-02-20T00:14:25.592+0000 7fe6405e9640 1 -- 10.20.193.69:0/1517073287 >> [v2:10.20.193.69:3300/0,v1:10.20.193.69:6789/0] conn(0x7fe63810a3d0 msgr2=0x7fe6381a0170 secure :-1 s=STATE_CONNECTION_ESTABLISHED l=1).mark_down
2026-02-20T00:14:25.638 INFO:teuthology.orchestra.run.trial069.stdout:/usr/bin/ceph: stderr
2026-02-20T00:14:25.592+0000 7fe6405e9640 1 --2- 10.20.193.69:0/1517073287 >> [v2:10.20.193.69:3300/0,v1:10.20.193.69:6789/0] conn(0x7fe63810a3d0 0x7fe6381a0170 secure :-1 s=READY pgs=69 cs=0 l=1 rev1=1 crypto rx=0x7fe628039000 tx=0x7fe628037820 comp rx=0 tx=0).stop
2026-02-20T00:14:25.638 INFO:teuthology.orchestra.run.trial069.stdout:/usr/bin/ceph: stderr
2026-02-20T00:14:25.592+0000 7fe6405e9640 1 -- 10.20.193.69:0/1517073287 shutdown_connections
2026-02-20T00:14:25.638 INFO:teuthology.orchestra.run.trial069.stdout:/usr/bin/ceph: stderr
2026-02-20T00:14:25.592+0000 7fe6405e9640 1 --2- 10.20.193.69:0/1517073287 >> [v2:10.20.193.69:6800/2590108814,v1:10.20.193.69:6801/2590108814] conn(0x7fe61403dad0 0x7fe61403ff90 unknown :-1 s=CLOSED pgs=7 cs=0 l=1 rev1=1 crypto rx=0 tx=0 comp rx=0 tx=0).stop
2026-02-20T00:14:25.639 INFO:teuthology.orchestra.run.trial069.stdout:/usr/bin/ceph: stderr
2026-02-20T00:14:25.592+0000 7fe6405e9640 1 --2- 10.20.193.69:0/1517073287 >> [v2:10.20.193.69:3300/0,v1:10.20.193.69:6789/0] conn(0x7fe63810a3d0 0x7fe6381a0170 unknown :-1 s=CLOSED pgs=69 cs=0 l=1 rev1=1 crypto rx=0 tx=0 comp rx=0 tx=0).stop
2026-02-20T00:14:25.639 INFO:teuthology.orchestra.run.trial069.stdout:/usr/bin/ceph: stderr
2026-02-20T00:14:25.592+0000 7fe6405e9640 1 -- 10.20.193.69:0/1517073287 >> 10.20.193.69:0/1517073287 conn(0x7fe63807d9e0 msgr2=0x7fe638107e80 unknown :-1 s=STATE_NONE l=0).mark_down
2026-02-20T00:14:25.639 INFO:teuthology.orchestra.run.trial069.stdout:/usr/bin/ceph: stderr
2026-02-20T00:14:25.592+0000 7fe6405e9640 1 -- 10.20.193.69:0/1517073287 shutdown_connections
2026-02-20T00:14:25.639 INFO:teuthology.orchestra.run.trial069.stdout:/usr/bin/ceph: stderr
2026-02-20T00:14:25.592+0000 7fe6405e9640 1 -- 10.20.193.69:0/1517073287 wait complete.
2026-02-20T00:14:25.639 INFO:teuthology.orchestra.run.trial069.stdout:Creating initial admin user...
2026-02-20T00:14:25.988 INFO:teuthology.orchestra.run.trial069.stdout:/usr/bin/ceph: stdout {"username": "admin", "password": "$2b$12$ceY5f9zW4TC/30EHD1O8jedKPFqUUbhk31b3bGzX6kY6MNm.8aFIG", "roles": ["administrator"], "name": null, "email": null, "lastUpdate": 1771546465, "enabled": true, "pwdExpirationDate": null, "pwdUpdateRequired": true}
2026-02-20T00:14:25.988 INFO:teuthology.orchestra.run.trial069.stdout:/usr/bin/ceph: stderr
2026-02-20T00:14:25.726+0000 7f8ecc94a640 1 Processor -- start
2026-02-20T00:14:25.988 INFO:teuthology.orchestra.run.trial069.stdout:/usr/bin/ceph: stderr
2026-02-20T00:14:25.726+0000 7f8ecc94a640 1 -- start start
2026-02-20T00:14:25.988 INFO:teuthology.orchestra.run.trial069.stdout:/usr/bin/ceph: stderr
2026-02-20T00:14:25.726+0000 7f8ecc94a640 1 --2- >> [v2:10.20.193.69:3300/0,v1:10.20.193.69:6789/0] conn(0x7f8ec410a550 0x7f8ec410a950 unknown :-1 s=NONE pgs=0 cs=0 l=0 rev1=0 crypto rx=0 tx=0 comp rx=0 tx=0).connect
2026-02-20T00:14:25.988 INFO:teuthology.orchestra.run.trial069.stdout:/usr/bin/ceph: stderr
2026-02-20T00:14:25.726+0000 7f8ecc94a640 1 -- --> [v2:10.20.193.69:3300/0,v1:10.20.193.69:6789/0] -- mon_getmap magic: 0 -- 0x7f8ec410ae90 con 0x7f8ec410a550
2026-02-20T00:14:25.988 INFO:teuthology.orchestra.run.trial069.stdout:/usr/bin/ceph: stderr
2026-02-20T00:14:25.727+0000 7f8eca6bf640 1 --2- >> [v2:10.20.193.69:3300/0,v1:10.20.193.69:6789/0] conn(0x7f8ec410a550 0x7f8ec410a950 unknown :-1 s=BANNER_CONNECTING pgs=0 cs=0 l=0 rev1=0 crypto rx=0 tx=0 comp rx=0 tx=0)._handle_peer_banner_payload supported=3 required=0
2026-02-20T00:14:25.988 INFO:teuthology.orchestra.run.trial069.stdout:/usr/bin/ceph: stderr
2026-02-20T00:14:25.727+0000 7f8eca6bf640 1 --2- >> [v2:10.20.193.69:3300/0,v1:10.20.193.69:6789/0] conn(0x7f8ec410a550 0x7f8ec410a950 unknown :-1 s=HELLO_CONNECTING pgs=0 cs=0 l=0 rev1=1 crypto rx=0 tx=0 comp rx=0 tx=0).handle_hello peer v2:10.20.193.69:3300/0 says I am v2:10.20.193.69:39210/0 (socket says 10.20.193.69:39210)
2026-02-20T00:14:25.989 INFO:teuthology.orchestra.run.trial069.stdout:/usr/bin/ceph: stderr
2026-02-20T00:14:25.727+0000 7f8eca6bf640 1 -- 10.20.193.69:0/2889998088 learned_addr learned my addr 10.20.193.69:0/2889998088 (peer_addr_for_me v2:10.20.193.69:0/0)
2026-02-20T00:14:25.989 INFO:teuthology.orchestra.run.trial069.stdout:/usr/bin/ceph: stderr
2026-02-20T00:14:25.727+0000 7f8eca6bf640 1 -- 10.20.193.69:0/2889998088 --> [v2:10.20.193.69:3300/0,v1:10.20.193.69:6789/0] -- mon_subscribe({config=0+,monmap=0+}) -- 0x7f8ec410b010 con 0x7f8ec410a550
2026-02-20T00:14:25.989 INFO:teuthology.orchestra.run.trial069.stdout:/usr/bin/ceph: stderr
2026-02-20T00:14:25.727+0000 7f8eca6bf640 1 --2- 10.20.193.69:0/2889998088 >> [v2:10.20.193.69:3300/0,v1:10.20.193.69:6789/0] conn(0x7f8ec410a550 0x7f8ec410a950 secure :-1 s=READY pgs=70 cs=0 l=1 rev1=1 crypto rx=0x7f8ebc009920 tx=0x7f8ebc02efb0 comp rx=0 tx=0).ready entity=mon.0 client_cookie=186dadef2fb6308 server_cookie=0 in_seq=0 out_seq=0
2026-02-20T00:14:25.989 INFO:teuthology.orchestra.run.trial069.stdout:/usr/bin/ceph: stderr
2026-02-20T00:14:25.727+0000 7f8ec96bd640 1 -- 10.20.193.69:0/2889998088 <== mon.0 v2:10.20.193.69:3300/0 1 ==== mon_map magic: 0 ==== 205+0+0 (secure 0 0 0) 0x7f8ebc03c070 con 0x7f8ec410a550
2026-02-20T00:14:25.989 INFO:teuthology.orchestra.run.trial069.stdout:/usr/bin/ceph: stderr
2026-02-20T00:14:25.727+0000 7f8ec96bd640 1 -- 10.20.193.69:0/2889998088 <== mon.0 v2:10.20.193.69:3300/0 2 ==== config(26 keys) ==== 1076+0+0 (secure 0 0 0) 0x7f8ebc02fb70 con 0x7f8ec410a550
2026-02-20T00:14:25.989 INFO:teuthology.orchestra.run.trial069.stdout:/usr/bin/ceph: stderr
2026-02-20T00:14:25.727+0000 7f8ec96bd640 1 -- 10.20.193.69:0/2889998088 <== mon.0 v2:10.20.193.69:3300/0 3 ==== mon_map magic: 0 ==== 205+0+0 (secure 0 0 0) 0x7f8ebc035530 con 0x7f8ec410a550
2026-02-20T00:14:25.989 INFO:teuthology.orchestra.run.trial069.stdout:/usr/bin/ceph: stderr
2026-02-20T00:14:25.728+0000 7f8ecc94a640 1 -- 10.20.193.69:0/2889998088 >> [v2:10.20.193.69:3300/0,v1:10.20.193.69:6789/0] conn(0x7f8ec410a550 msgr2=0x7f8ec410a950 secure :-1 s=STATE_CONNECTION_ESTABLISHED l=1).mark_down
2026-02-20T00:14:25.989 INFO:teuthology.orchestra.run.trial069.stdout:/usr/bin/ceph: stderr
2026-02-20T00:14:25.728+0000 7f8ecc94a640 1 --2- 10.20.193.69:0/2889998088 >> [v2:10.20.193.69:3300/0,v1:10.20.193.69:6789/0] conn(0x7f8ec410a550 0x7f8ec410a950 secure :-1 s=READY pgs=70 cs=0 l=1 rev1=1 crypto rx=0x7f8ebc009920 tx=0x7f8ebc02efb0 comp rx=0 tx=0).stop
2026-02-20T00:14:25.989 INFO:teuthology.orchestra.run.trial069.stdout:/usr/bin/ceph: stderr
2026-02-20T00:14:25.728+0000 7f8ecc94a640 1 -- 10.20.193.69:0/2889998088 shutdown_connections
2026-02-20T00:14:25.989 INFO:teuthology.orchestra.run.trial069.stdout:/usr/bin/ceph: stderr
2026-02-20T00:14:25.728+0000 7f8ecc94a640 1 --2- 10.20.193.69:0/2889998088 >> [v2:10.20.193.69:3300/0,v1:10.20.193.69:6789/0] conn(0x7f8ec410a550 0x7f8ec410a950 unknown :-1 s=CLOSED pgs=70 cs=0 l=1 rev1=1 crypto rx=0 tx=0 comp rx=0 tx=0).stop
2026-02-20T00:14:25.989 INFO:teuthology.orchestra.run.trial069.stdout:/usr/bin/ceph: stderr
2026-02-20T00:14:25.728+0000 7f8ecc94a640 1 -- 10.20.193.69:0/2889998088 >> 10.20.193.69:0/2889998088 conn(0x7f8ec407de30 msgr2=0x7f8ec41086b0 unknown :-1 s=STATE_NONE l=0).mark_down
2026-02-20T00:14:25.990 INFO:teuthology.orchestra.run.trial069.stdout:/usr/bin/ceph: stderr
2026-02-20T00:14:25.728+0000 7f8ecc94a640 1 -- 10.20.193.69:0/2889998088 shutdown_connections
2026-02-20T00:14:25.990 INFO:teuthology.orchestra.run.trial069.stdout:/usr/bin/ceph: stderr
2026-02-20T00:14:25.728+0000 7f8ecc94a640 1 -- 10.20.193.69:0/2889998088 wait complete.
2026-02-20T00:14:25.990 INFO:teuthology.orchestra.run.trial069.stdout:/usr/bin/ceph: stderr
2026-02-20T00:14:25.728+0000 7f8ecc94a640 1 Processor -- start
2026-02-20T00:14:25.990 INFO:teuthology.orchestra.run.trial069.stdout:/usr/bin/ceph: stderr
2026-02-20T00:14:25.728+0000 7f8ecc94a640 1 -- start start
2026-02-20T00:14:25.990 INFO:teuthology.orchestra.run.trial069.stdout:/usr/bin/ceph: stderr
2026-02-20T00:14:25.728+0000 7f8ecc94a640 1 --2- >> [v2:10.20.193.69:3300/0,v1:10.20.193.69:6789/0] conn(0x7f8ec410a550 0x7f8ec41a0140 unknown :-1 s=NONE pgs=0 cs=0 l=1 rev1=0 crypto rx=0 tx=0 comp rx=0 tx=0).connect
2026-02-20T00:14:25.990 INFO:teuthology.orchestra.run.trial069.stdout:/usr/bin/ceph: stderr
2026-02-20T00:14:25.728+0000 7f8ecc94a640 1 -- --> [v2:10.20.193.69:3300/0,v1:10.20.193.69:6789/0] -- mon_getmap magic: 0 -- 0x7f8ec410c360 con 0x7f8ec410a550
2026-02-20T00:14:25.990 INFO:teuthology.orchestra.run.trial069.stdout:/usr/bin/ceph: stderr
2026-02-20T00:14:25.728+0000 7f8eca6bf640 1 --2- >> [v2:10.20.193.69:3300/0,v1:10.20.193.69:6789/0] conn(0x7f8ec410a550 0x7f8ec41a0140 unknown :-1 s=BANNER_CONNECTING pgs=0 cs=0 l=1 rev1=0 crypto rx=0 tx=0 comp rx=0 tx=0)._handle_peer_banner_payload supported=3 required=0
2026-02-20T00:14:25.990 INFO:teuthology.orchestra.run.trial069.stdout:/usr/bin/ceph: stderr
2026-02-20T00:14:25.728+0000 7f8eca6bf640 1 --2- >> [v2:10.20.193.69:3300/0,v1:10.20.193.69:6789/0] conn(0x7f8ec410a550 0x7f8ec41a0140 unknown :-1 s=HELLO_CONNECTING pgs=0 cs=0 l=1 rev1=1 crypto rx=0 tx=0 comp rx=0 tx=0).handle_hello peer v2:10.20.193.69:3300/0 says I am v2:10.20.193.69:39224/0 (socket says 10.20.193.69:39224)
2026-02-20T00:14:25.990 INFO:teuthology.orchestra.run.trial069.stdout:/usr/bin/ceph: stderr
2026-02-20T00:14:25.728+0000 7f8eca6bf640 1 -- 10.20.193.69:0/2393609854 learned_addr learned my addr 10.20.193.69:0/2393609854 (peer_addr_for_me v2:10.20.193.69:0/0)
2026-02-20T00:14:25.990 INFO:teuthology.orchestra.run.trial069.stdout:/usr/bin/ceph: stderr
2026-02-20T00:14:25.728+0000 7f8eca6bf640 1 -- 10.20.193.69:0/2393609854 --> [v2:10.20.193.69:3300/0,v1:10.20.193.69:6789/0] -- mon_subscribe({config=0+,monmap=0+}) -- 0x7f8ec41a0680 con 0x7f8ec410a550
2026-02-20T00:14:25.990 INFO:teuthology.orchestra.run.trial069.stdout:/usr/bin/ceph: stderr
2026-02-20T00:14:25.728+0000 7f8eca6bf640 1 --2- 10.20.193.69:0/2393609854 >> [v2:10.20.193.69:3300/0,v1:10.20.193.69:6789/0] conn(0x7f8ec410a550 0x7f8ec41a0140 secure :-1 s=READY pgs=71 cs=0 l=1 rev1=1 crypto rx=0x7f8ebc035ee0 tx=0x7f8ebc035f10 comp rx=0 tx=0).ready entity=mon.0 client_cookie=0 server_cookie=0 in_seq=0 out_seq=0
2026-02-20T00:14:25.990 INFO:teuthology.orchestra.run.trial069.stdout:/usr/bin/ceph: stderr
2026-02-20T00:14:25.728+0000 7f8eaf7fe640 1 -- 10.20.193.69:0/2393609854 <== mon.0 v2:10.20.193.69:3300/0 1 ==== mon_map magic: 0 ==== 205+0+0 (secure 0 0 0) 0x7f8ebc03c070 con 0x7f8ec410a550
2026-02-20T00:14:25.991 INFO:teuthology.orchestra.run.trial069.stdout:/usr/bin/ceph: stderr
2026-02-20T00:14:25.728+0000 7f8eaf7fe640 1 -- 10.20.193.69:0/2393609854 <== mon.0 v2:10.20.193.69:3300/0 2 ==== config(26 keys) ==== 1076+0+0 (secure 0 0 0) 0x7f8ebc0378d0 con 0x7f8ec410a550
2026-02-20T00:14:25.991 INFO:teuthology.orchestra.run.trial069.stdout:/usr/bin/ceph: stderr
2026-02-20T00:14:25.728+0000 7f8ecc94a640 1 -- 10.20.193.69:0/2393609854 --> [v2:10.20.193.69:3300/0,v1:10.20.193.69:6789/0] -- mon_subscribe({mgrmap=0+}) -- 0x7f8ec41a0910 con 0x7f8ec410a550
2026-02-20T00:14:25.991 INFO:teuthology.orchestra.run.trial069.stdout:/usr/bin/ceph: stderr
2026-02-20T00:14:25.729+0000 7f8eaf7fe640 1 -- 10.20.193.69:0/2393609854 <== mon.0 v2:10.20.193.69:3300/0 3 ==== mon_map magic: 0 ==== 205+0+0 (secure 0 0 0) 0x7f8ebc0415f0 con 0x7f8ec410a550
2026-02-20T00:14:25.991 INFO:teuthology.orchestra.run.trial069.stdout:/usr/bin/ceph: stderr
2026-02-20T00:14:25.729+0000 7f8ecc94a640 1 -- 10.20.193.69:0/2393609854 --> [v2:10.20.193.69:3300/0,v1:10.20.193.69:6789/0] -- mon_subscribe({osdmap=0}) -- 0x7f8ec41a3600 con 0x7f8ec410a550
2026-02-20T00:14:25.991 INFO:teuthology.orchestra.run.trial069.stdout:/usr/bin/ceph: stderr
2026-02-20T00:14:25.729+0000 7f8ecc94a640 1 -- 10.20.193.69:0/2393609854 --> [v2:10.20.193.69:3300/0,v1:10.20.193.69:6789/0] -- mon_command({"prefix": "get_command_descriptions"} v 0) -- 0x7f8ec410a9d0 con 0x7f8ec410a550
2026-02-20T00:14:25.991 INFO:teuthology.orchestra.run.trial069.stdout:/usr/bin/ceph: stderr
2026-02-20T00:14:25.729+0000 7f8eaf7fe640 1 -- 10.20.193.69:0/2393609854 <== mon.0 v2:10.20.193.69:3300/0 4 ==== mgrmap(e 11) ==== 50154+0+0 (secure 0 0 0) 0x7f8ebc042440 con 0x7f8ec410a550
2026-02-20T00:14:25.991 INFO:teuthology.orchestra.run.trial069.stdout:/usr/bin/ceph: stderr
2026-02-20T00:14:25.729+0000 7f8eaf7fe640 1 --2- 10.20.193.69:0/2393609854 >> [v2:10.20.193.69:6800/2590108814,v1:10.20.193.69:6801/2590108814] conn(0x7f8ea003db20 0x7f8ea003ffe0 unknown :-1 s=NONE pgs=0 cs=0 l=1 rev1=0 crypto rx=0 tx=0 comp rx=0 tx=0).connect
2026-02-20T00:14:25.991 INFO:teuthology.orchestra.run.trial069.stdout:/usr/bin/ceph: stderr
2026-02-20T00:14:25.729+0000 7f8eaf7fe640 1 -- 10.20.193.69:0/2393609854 <== mon.0 v2:10.20.193.69:3300/0 5 ==== osd_map(3..3 src has 1..3) ==== 1155+0+0 (secure 0 0 0) 0x7f8ebc076cd0 con 0x7f8ec410a550
2026-02-20T00:14:25.991 INFO:teuthology.orchestra.run.trial069.stdout:/usr/bin/ceph: stderr
2026-02-20T00:14:25.729+0000 7f8ec9ebe640 1 --2- 10.20.193.69:0/2393609854 >> [v2:10.20.193.69:6800/2590108814,v1:10.20.193.69:6801/2590108814] conn(0x7f8ea003db20 0x7f8ea003ffe0 unknown :-1 s=BANNER_CONNECTING pgs=0 cs=0 l=1 rev1=0 crypto rx=0 tx=0 comp rx=0 tx=0)._handle_peer_banner_payload supported=3 required=0
2026-02-20T00:14:25.991 INFO:teuthology.orchestra.run.trial069.stdout:/usr/bin/ceph: stderr
2026-02-20T00:14:25.730+0000 7f8ec9ebe640 1 --2- 10.20.193.69:0/2393609854 >> [v2:10.20.193.69:6800/2590108814,v1:10.20.193.69:6801/2590108814] conn(0x7f8ea003db20 0x7f8ea003ffe0 secure :-1 s=READY pgs=8 cs=0 l=1 rev1=1 crypto rx=0x7f8eb00099c0 tx=0x7f8eb0006eb0 comp rx=0 tx=0).ready entity=mgr.14150 client_cookie=0 server_cookie=0 in_seq=0 out_seq=0
2026-02-20T00:14:25.991 INFO:teuthology.orchestra.run.trial069.stdout:/usr/bin/ceph: stderr
2026-02-20T00:14:25.732+0000 7f8eaf7fe640 1 -- 10.20.193.69:0/2393609854 <== mon.0 v2:10.20.193.69:3300/0 6 ==== mon_command_ack([{"prefix": "get_command_descriptions"}]=0 v0) ==== 72+0+195034 (secure 0 0 0) 0x7f8ebc037a80 con 0x7f8ec410a550
2026-02-20T00:14:25.991 INFO:teuthology.orchestra.run.trial069.stdout:/usr/bin/ceph: stderr
2026-02-20T00:14:25.820+0000 7f8ecc94a640 1 -- 10.20.193.69:0/2393609854 --> [v2:10.20.193.69:6800/2590108814,v1:10.20.193.69:6801/2590108814] -- mgr_command(tid 0: {"prefix": "dashboard ac-user-create", "username": "admin", "rolename": "administrator", "force_password": true, "pwd_update_required": true, "target": ["mon-mgr", ""]}) -- 0x7f8ec4108440 con 0x7f8ea003db20
2026-02-20T00:14:25.992 INFO:teuthology.orchestra.run.trial069.stdout:/usr/bin/ceph: stderr
2026-02-20T00:14:25.961+0000 7f8eaf7fe640 1 -- 10.20.193.69:0/2393609854 <== mgr.14150 v2:10.20.193.69:6800/2590108814 1 ==== mgr_command_reply(tid 0: 0 ) ==== 8+0+252 (secure 0 0 0) 0x7f8ec4108440 con 0x7f8ea003db20
2026-02-20T00:14:25.992 INFO:teuthology.orchestra.run.trial069.stdout:/usr/bin/ceph: stderr
2026-02-20T00:14:25.961+0000 7f8ecc94a640 1 -- 10.20.193.69:0/2393609854 >> [v2:10.20.193.69:6800/2590108814,v1:10.20.193.69:6801/2590108814] conn(0x7f8ea003db20 msgr2=0x7f8ea003ffe0 secure :-1 s=STATE_CONNECTION_ESTABLISHED l=1).mark_down
2026-02-20T00:14:25.992 INFO:teuthology.orchestra.run.trial069.stdout:/usr/bin/ceph: stderr
2026-02-20T00:14:25.961+0000 7f8ecc94a640 1 --2- 10.20.193.69:0/2393609854 >> [v2:10.20.193.69:6800/2590108814,v1:10.20.193.69:6801/2590108814] conn(0x7f8ea003db20 0x7f8ea003ffe0 secure :-1 s=READY pgs=8 cs=0 l=1 rev1=1 crypto rx=0x7f8eb00099c0 tx=0x7f8eb0006eb0 comp rx=0 tx=0).stop
2026-02-20T00:14:25.992 INFO:teuthology.orchestra.run.trial069.stdout:/usr/bin/ceph: stderr
2026-02-20T00:14:25.961+0000 7f8ecc94a640 1 -- 10.20.193.69:0/2393609854 >> [v2:10.20.193.69:3300/0,v1:10.20.193.69:6789/0] conn(0x7f8ec410a550 msgr2=0x7f8ec41a0140 secure :-1 s=STATE_CONNECTION_ESTABLISHED l=1).mark_down
2026-02-20T00:14:25.992 INFO:teuthology.orchestra.run.trial069.stdout:/usr/bin/ceph: stderr
2026-02-20T00:14:25.961+0000 7f8ecc94a640 1 --2- 10.20.193.69:0/2393609854 >> [v2:10.20.193.69:3300/0,v1:10.20.193.69:6789/0] conn(0x7f8ec410a550 0x7f8ec41a0140 secure :-1 s=READY pgs=71 cs=0 l=1 rev1=1 crypto rx=0x7f8ebc035ee0 tx=0x7f8ebc035f10 comp rx=0 tx=0).stop
2026-02-20T00:14:25.992 INFO:teuthology.orchestra.run.trial069.stdout:/usr/bin/ceph: stderr
2026-02-20T00:14:25.961+0000 7f8ecc94a640 1 -- 10.20.193.69:0/2393609854 shutdown_connections
2026-02-20T00:14:25.992 INFO:teuthology.orchestra.run.trial069.stdout:/usr/bin/ceph: stderr
2026-02-20T00:14:25.961+0000 7f8ecc94a640 1 --2- 10.20.193.69:0/2393609854 >> [v2:10.20.193.69:6800/2590108814,v1:10.20.193.69:6801/2590108814] conn(0x7f8ea003db20 0x7f8ea003ffe0 unknown :-1 s=CLOSED pgs=8 cs=0 l=1 rev1=1 crypto rx=0 tx=0 comp rx=0 tx=0).stop
2026-02-20T00:14:25.992 INFO:teuthology.orchestra.run.trial069.stdout:/usr/bin/ceph: stderr
2026-02-20T00:14:25.961+0000 7f8ecc94a640 1 --2- 10.20.193.69:0/2393609854 >> [v2:10.20.193.69:3300/0,v1:10.20.193.69:6789/0] conn(0x7f8ec410a550 0x7f8ec41a0140 unknown :-1 s=CLOSED pgs=71 cs=0 l=1 rev1=1 crypto rx=0 tx=0 comp rx=0 tx=0).stop
2026-02-20T00:14:25.992 INFO:teuthology.orchestra.run.trial069.stdout:/usr/bin/ceph: stderr
2026-02-20T00:14:25.961+0000 7f8ecc94a640 1 -- 10.20.193.69:0/2393609854 >> 10.20.193.69:0/2393609854 conn(0x7f8ec407de30 msgr2=0x7f8ec4107d30 unknown :-1 s=STATE_NONE l=0).mark_down
2026-02-20T00:14:25.992 INFO:teuthology.orchestra.run.trial069.stdout:/usr/bin/ceph: stderr
2026-02-20T00:14:25.961+0000 7f8ecc94a640 1 -- 10.20.193.69:0/2393609854 shutdown_connections
2026-02-20T00:14:25.992 INFO:teuthology.orchestra.run.trial069.stdout:/usr/bin/ceph: stderr
2026-02-20T00:14:25.961+0000 7f8ecc94a640 1 -- 10.20.193.69:0/2393609854 wait complete.
2026-02-20T00:14:25.993 INFO:teuthology.orchestra.run.trial069.stdout:Fetching dashboard port number...
2026-02-20T00:14:26.186 INFO:teuthology.orchestra.run.trial069.stdout:/usr/bin/ceph: stdout 8443
2026-02-20T00:14:26.187 INFO:teuthology.orchestra.run.trial069.stdout:/usr/bin/ceph: stderr
2026-02-20T00:14:26.072+0000 7f1b3a10d640 1 Processor -- start
2026-02-20T00:14:26.187 INFO:teuthology.orchestra.run.trial069.stdout:/usr/bin/ceph: stderr
2026-02-20T00:14:26.072+0000 7f1b3a10d640 1 -- start start
2026-02-20T00:14:26.187 INFO:teuthology.orchestra.run.trial069.stdout:/usr/bin/ceph: stderr
2026-02-20T00:14:26.072+0000 7f1b3a10d640 1 --2- >> [v2:10.20.193.69:3300/0,v1:10.20.193.69:6789/0] conn(0x7f1b3407de40 0x7f1b3407c340 unknown :-1 s=NONE pgs=0 cs=0 l=0 rev1=0 crypto rx=0 tx=0 comp rx=0 tx=0).connect
2026-02-20T00:14:26.187 INFO:teuthology.orchestra.run.trial069.stdout:/usr/bin/ceph: stderr
2026-02-20T00:14:26.072+0000 7f1b3a10d640 1 -- --> [v2:10.20.193.69:3300/0,v1:10.20.193.69:6789/0] -- mon_getmap magic: 0 -- 0x7f1b3407c880 con 0x7f1b3407de40
2026-02-20T00:14:26.187 INFO:teuthology.orchestra.run.trial069.stdout:/usr/bin/ceph: stderr
2026-02-20T00:14:26.072+0000 7f1b337fe640 1 --2- >> [v2:10.20.193.69:3300/0,v1:10.20.193.69:6789/0] conn(0x7f1b3407de40 0x7f1b3407c340 unknown :-1 s=BANNER_CONNECTING pgs=0 cs=0 l=0 rev1=0 crypto rx=0 tx=0 comp rx=0 tx=0)._handle_peer_banner_payload supported=3 required=0
2026-02-20T00:14:26.187 INFO:teuthology.orchestra.run.trial069.stdout:/usr/bin/ceph: stderr
2026-02-20T00:14:26.072+0000 7f1b337fe640 1 --2- >> [v2:10.20.193.69:3300/0,v1:10.20.193.69:6789/0] conn(0x7f1b3407de40 0x7f1b3407c340 unknown :-1 s=HELLO_CONNECTING pgs=0 cs=0 l=0 rev1=1 crypto rx=0 tx=0 comp rx=0 tx=0).handle_hello peer v2:10.20.193.69:3300/0 says I am v2:10.20.193.69:39234/0 (socket says 10.20.193.69:39234)
2026-02-20T00:14:26.187 INFO:teuthology.orchestra.run.trial069.stdout:/usr/bin/ceph: stderr
2026-02-20T00:14:26.072+0000 7f1b337fe640 1 -- 10.20.193.69:0/884441185 learned_addr learned my addr 10.20.193.69:0/884441185 (peer_addr_for_me v2:10.20.193.69:0/0)
2026-02-20T00:14:26.187 INFO:teuthology.orchestra.run.trial069.stdout:/usr/bin/ceph: stderr
2026-02-20T00:14:26.072+0000 7f1b337fe640 1 -- 10.20.193.69:0/884441185 --> [v2:10.20.193.69:3300/0,v1:10.20.193.69:6789/0] -- mon_subscribe({config=0+,monmap=0+}) -- 0x7f1b3407ca00 con 0x7f1b3407de40
2026-02-20T00:14:26.187 INFO:teuthology.orchestra.run.trial069.stdout:/usr/bin/ceph: stderr
2026-02-20T00:14:26.072+0000 7f1b337fe640 1 --2- 10.20.193.69:0/884441185 >> [v2:10.20.193.69:3300/0,v1:10.20.193.69:6789/0] conn(0x7f1b3407de40 0x7f1b3407c340 secure :-1 s=READY pgs=72 cs=0 l=1 rev1=1 crypto rx=0x7f1b20009920 tx=0x7f1b2002ef20 comp rx=0 tx=0).ready entity=mon.0 client_cookie=829fb20d7a48b1ef server_cookie=0 in_seq=0 out_seq=0
2026-02-20T00:14:26.188 INFO:teuthology.orchestra.run.trial069.stdout:/usr/bin/ceph: stderr
2026-02-20T00:14:26.073+0000 7f1b327fc640 1 -- 10.20.193.69:0/884441185 <== mon.0 v2:10.20.193.69:3300/0 1 ==== mon_map magic: 0 ==== 205+0+0 (secure 0 0 0) 0x7f1b2003c070 con 0x7f1b3407de40
2026-02-20T00:14:26.188 INFO:teuthology.orchestra.run.trial069.stdout:/usr/bin/ceph: stderr
2026-02-20T00:14:26.073+0000 7f1b327fc640 1 -- 10.20.193.69:0/884441185 <== mon.0 v2:10.20.193.69:3300/0 2 ==== config(26 keys) ==== 1076+0+0 (secure 0 0 0) 0x7f1b20037440 con 0x7f1b3407de40
2026-02-20T00:14:26.188 INFO:teuthology.orchestra.run.trial069.stdout:/usr/bin/ceph: stderr
2026-02-20T00:14:26.073+0000 7f1b327fc640 1 -- 10.20.193.69:0/884441185 <== mon.0 v2:10.20.193.69:3300/0 3 ==== mon_map magic: 0 ==== 205+0+0 (secure 0 0 0) 0x7f1b200354d0 con 0x7f1b3407de40
2026-02-20T00:14:26.188 INFO:teuthology.orchestra.run.trial069.stdout:/usr/bin/ceph: stderr
2026-02-20T00:14:26.073+0000 7f1b3a10d640 1 -- 10.20.193.69:0/884441185 >> [v2:10.20.193.69:3300/0,v1:10.20.193.69:6789/0] conn(0x7f1b3407de40 msgr2=0x7f1b3407c340 secure :-1 s=STATE_CONNECTION_ESTABLISHED l=1).mark_down
2026-02-20T00:14:26.188 INFO:teuthology.orchestra.run.trial069.stdout:/usr/bin/ceph: stderr
2026-02-20T00:14:26.073+0000 7f1b3a10d640 1 --2- 10.20.193.69:0/884441185 >> [v2:10.20.193.69:3300/0,v1:10.20.193.69:6789/0] conn(0x7f1b3407de40 0x7f1b3407c340 secure :-1 s=READY pgs=72 cs=0 l=1 rev1=1 crypto rx=0x7f1b20009920 tx=0x7f1b2002ef20 comp rx=0 tx=0).stop
2026-02-20T00:14:26.188 INFO:teuthology.orchestra.run.trial069.stdout:/usr/bin/ceph: stderr
2026-02-20T00:14:26.073+0000 7f1b3a10d640 1 -- 10.20.193.69:0/884441185 shutdown_connections
2026-02-20T00:14:26.188 INFO:teuthology.orchestra.run.trial069.stdout:/usr/bin/ceph: stderr
2026-02-20T00:14:26.073+0000 7f1b3a10d640 1 --2- 10.20.193.69:0/884441185 >> [v2:10.20.193.69:3300/0,v1:10.20.193.69:6789/0] conn(0x7f1b3407de40 0x7f1b3407c340 unknown :-1 s=CLOSED pgs=72 cs=0 l=1 rev1=1 crypto rx=0 tx=0 comp rx=0 tx=0).stop
2026-02-20T00:14:26.188 INFO:teuthology.orchestra.run.trial069.stdout:/usr/bin/ceph: stderr
2026-02-20T00:14:26.073+0000 7f1b3a10d640 1 -- 10.20.193.69:0/884441185 >> 10.20.193.69:0/884441185 conn(0x7f1b34103950 msgr2=0x7f1b34105d70 unknown :-1 s=STATE_NONE l=0).mark_down
2026-02-20T00:14:26.188 INFO:teuthology.orchestra.run.trial069.stdout:/usr/bin/ceph: stderr
2026-02-20T00:14:26.073+0000 7f1b3a10d640 1 -- 10.20.193.69:0/884441185 shutdown_connections
2026-02-20T00:14:26.188 INFO:teuthology.orchestra.run.trial069.stdout:/usr/bin/ceph: stderr
2026-02-20T00:14:26.073+0000 7f1b3a10d640 1 -- 10.20.193.69:0/884441185 wait complete.
2026-02-20T00:14:26.188 INFO:teuthology.orchestra.run.trial069.stdout:/usr/bin/ceph: stderr
2026-02-20T00:14:26.073+0000 7f1b3a10d640 1 Processor -- start
2026-02-20T00:14:26.188 INFO:teuthology.orchestra.run.trial069.stdout:/usr/bin/ceph: stderr
2026-02-20T00:14:26.073+0000 7f1b3a10d640 1 -- start start
2026-02-20T00:14:26.189 INFO:teuthology.orchestra.run.trial069.stdout:/usr/bin/ceph: stderr
2026-02-20T00:14:26.073+0000 7f1b3a10d640 1 --2- >> [v2:10.20.193.69:3300/0,v1:10.20.193.69:6789/0] conn(0x7f1b3407de40 0x7f1b341a0160 unknown :-1 s=NONE pgs=0 cs=0 l=1 rev1=0 crypto rx=0 tx=0 comp rx=0 tx=0).connect
2026-02-20T00:14:26.189 INFO:teuthology.orchestra.run.trial069.stdout:/usr/bin/ceph: stderr
2026-02-20T00:14:26.073+0000 7f1b3a10d640 1 -- --> [v2:10.20.193.69:3300/0,v1:10.20.193.69:6789/0] -- mon_getmap magic: 0 -- 0x7f1b3410e6c0 con 0x7f1b3407de40
2026-02-20T00:14:26.189 INFO:teuthology.orchestra.run.trial069.stdout:/usr/bin/ceph: stderr
2026-02-20T00:14:26.073+0000 7f1b337fe640 1 --2- >> [v2:10.20.193.69:3300/0,v1:10.20.193.69:6789/0] conn(0x7f1b3407de40 0x7f1b341a0160 unknown :-1 s=BANNER_CONNECTING pgs=0 cs=0 l=1 rev1=0 crypto rx=0 tx=0 comp rx=0 tx=0)._handle_peer_banner_payload supported=3 required=0
2026-02-20T00:14:26.189 INFO:teuthology.orchestra.run.trial069.stdout:/usr/bin/ceph: stderr
2026-02-20T00:14:26.073+0000 7f1b337fe640 1 --2- >> [v2:10.20.193.69:3300/0,v1:10.20.193.69:6789/0] conn(0x7f1b3407de40 0x7f1b341a0160 unknown :-1 s=HELLO_CONNECTING pgs=0 cs=0 l=1 rev1=1 crypto rx=0 tx=0 comp rx=0 tx=0).handle_hello peer v2:10.20.193.69:3300/0 says I am v2:10.20.193.69:39250/0 (socket says 10.20.193.69:39250)
2026-02-20T00:14:26.189 INFO:teuthology.orchestra.run.trial069.stdout:/usr/bin/ceph: stderr
2026-02-20T00:14:26.073+0000 7f1b337fe640 1 -- 10.20.193.69:0/543803091 learned_addr learned my addr 10.20.193.69:0/543803091 (peer_addr_for_me v2:10.20.193.69:0/0)
2026-02-20T00:14:26.189 INFO:teuthology.orchestra.run.trial069.stdout:/usr/bin/ceph: stderr
2026-02-20T00:14:26.074+0000 7f1b337fe640 1 -- 10.20.193.69:0/543803091 --> [v2:10.20.193.69:3300/0,v1:10.20.193.69:6789/0] -- mon_subscribe({config=0+,monmap=0+}) -- 0x7f1b341a06a0 con 0x7f1b3407de40
2026-02-20T00:14:26.189 INFO:teuthology.orchestra.run.trial069.stdout:/usr/bin/ceph: stderr
2026-02-20T00:14:26.074+0000 7f1b337fe640 1 --2- 10.20.193.69:0/543803091 >> [v2:10.20.193.69:3300/0,v1:10.20.193.69:6789/0] conn(0x7f1b3407de40 0x7f1b341a0160 secure :-1 s=READY pgs=73 cs=0 l=1 rev1=1 crypto rx=0x7f1b20039000 tx=0x7f1b20037820 comp rx=0 tx=0).ready entity=mon.0 client_cookie=0 server_cookie=0 in_seq=0 out_seq=0
2026-02-20T00:14:26.189 INFO:teuthology.orchestra.run.trial069.stdout:/usr/bin/ceph: stderr
2026-02-20T00:14:26.074+0000 7f1b30ff9640 1 -- 10.20.193.69:0/543803091 <== mon.0 v2:10.20.193.69:3300/0 1 ==== mon_map magic: 0 ==== 205+0+0 (secure 0 0 0) 0x7f1b20047070 con 0x7f1b3407de40
2026-02-20T00:14:26.189 INFO:teuthology.orchestra.run.trial069.stdout:/usr/bin/ceph: stderr
2026-02-20T00:14:26.074+0000 7f1b30ff9640 1 -- 10.20.193.69:0/543803091 <== mon.0 v2:10.20.193.69:3300/0 2 ==== config(26 keys) ==== 1076+0+0 (secure 0 0 0) 0x7f1b20035df0 con 0x7f1b3407de40
2026-02-20T00:14:26.189 INFO:teuthology.orchestra.run.trial069.stdout:/usr/bin/ceph: stderr
2026-02-20T00:14:26.074+0000 7f1b3a10d640 1 -- 10.20.193.69:0/543803091 --> [v2:10.20.193.69:3300/0,v1:10.20.193.69:6789/0] -- mon_subscribe({mgrmap=0+}) -- 0x7f1b341a0930 con 0x7f1b3407de40
2026-02-20T00:14:26.189 INFO:teuthology.orchestra.run.trial069.stdout:/usr/bin/ceph: stderr
2026-02-20T00:14:26.074+0000 7f1b30ff9640 1 -- 10.20.193.69:0/543803091 <== mon.0 v2:10.20.193.69:3300/0 3 ==== mon_map magic: 0 ==== 205+0+0 (secure 0 0 0) 0x7f1b2003c070 con 0x7f1b3407de40
2026-02-20T00:14:26.189 INFO:teuthology.orchestra.run.trial069.stdout:/usr/bin/ceph: stderr
2026-02-20T00:14:26.074+0000 7f1b3a10d640 1 -- 10.20.193.69:0/543803091 --> [v2:10.20.193.69:3300/0,v1:10.20.193.69:6789/0] -- mon_subscribe({osdmap=0}) -- 0x7f1b341a3620 con 0x7f1b3407de40
2026-02-20T00:14:26.190 INFO:teuthology.orchestra.run.trial069.stdout:/usr/bin/ceph: stderr
2026-02-20T00:14:26.074+0000 7f1b3a10d640 1 -- 10.20.193.69:0/543803091 --> [v2:10.20.193.69:3300/0,v1:10.20.193.69:6789/0] -- mon_command({"prefix": "get_command_descriptions"} v 0) -- 0x7f1b3407c3c0 con 0x7f1b3407de40
2026-02-20T00:14:26.190 INFO:teuthology.orchestra.run.trial069.stdout:/usr/bin/ceph: stderr
2026-02-20T00:14:26.074+0000 7f1b30ff9640 1 -- 10.20.193.69:0/543803091 <== mon.0 v2:10.20.193.69:3300/0 4 ==== mgrmap(e 12) ==== 50260+0+0 (secure 0 0 0) 0x7f1b20042640 con 0x7f1b3407de40
2026-02-20T00:14:26.190 INFO:teuthology.orchestra.run.trial069.stdout:/usr/bin/ceph: stderr
2026-02-20T00:14:26.075+0000 7f1b30ff9640 1 --2- 10.20.193.69:0/543803091 >> [v2:10.20.193.69:6800/2590108814,v1:10.20.193.69:6801/2590108814] conn(0x7f1b0803dc40 0x7f1b08040100 unknown :-1 s=NONE pgs=0 cs=0 l=1 rev1=0 crypto rx=0 tx=0 comp rx=0 tx=0).connect
2026-02-20T00:14:26.190 INFO:teuthology.orchestra.run.trial069.stdout:/usr/bin/ceph: stderr
2026-02-20T00:14:26.075+0000 7f1b30ff9640 1 -- 10.20.193.69:0/543803091 <== mon.0 v2:10.20.193.69:3300/0 5 ==== osd_map(3..3 src has 1..3) ==== 1155+0+0 (secure 0 0 0) 0x7f1b20076db0 con 0x7f1b3407de40
2026-02-20T00:14:26.190 INFO:teuthology.orchestra.run.trial069.stdout:/usr/bin/ceph: stderr
2026-02-20T00:14:26.075+0000 7f1b32ffd640 1 --2- 10.20.193.69:0/543803091 >> [v2:10.20.193.69:6800/2590108814,v1:10.20.193.69:6801/2590108814] conn(0x7f1b0803dc40 0x7f1b08040100 unknown :-1 s=BANNER_CONNECTING pgs=0 cs=0 l=1 rev1=0 crypto rx=0 tx=0 comp rx=0 tx=0)._handle_peer_banner_payload supported=3 required=0
2026-02-20T00:14:26.190 INFO:teuthology.orchestra.run.trial069.stdout:/usr/bin/ceph: stderr
2026-02-20T00:14:26.075+0000 7f1b32ffd640 1 --2- 10.20.193.69:0/543803091 >> [v2:10.20.193.69:6800/2590108814,v1:10.20.193.69:6801/2590108814] conn(0x7f1b0803dc40 0x7f1b08040100 secure :-1 s=READY pgs=9 cs=0 l=1 rev1=1 crypto rx=0x7f1b240099c0 tx=0x7f1b24006eb0 comp rx=0 tx=0).ready entity=mgr.14150 client_cookie=0 server_cookie=0 in_seq=0 out_seq=0
2026-02-20T00:14:26.190 INFO:teuthology.orchestra.run.trial069.stdout:/usr/bin/ceph: stderr
2026-02-20T00:14:26.077+0000 7f1b30ff9640 1 -- 10.20.193.69:0/543803091 <== mon.0 v2:10.20.193.69:3300/0 6 ==== mon_command_ack([{"prefix": "get_command_descriptions"}]=0 v0) ==== 72+0+195034 (secure 0 0 0) 0x7f1b200342a0 con 0x7f1b3407de40
2026-02-20T00:14:26.190 INFO:teuthology.orchestra.run.trial069.stdout:/usr/bin/ceph: stderr
2026-02-20T00:14:26.161+0000 7f1b3a10d640 1 -- 10.20.193.69:0/543803091 --> [v2:10.20.193.69:3300/0,v1:10.20.193.69:6789/0] -- mon_command({"prefix": "config get", "who": "mgr", "key": "mgr/dashboard/ssl_server_port"} v 0) -- 0x7f1b341a3cc0 con 0x7f1b3407de40
2026-02-20T00:14:26.190 INFO:teuthology.orchestra.run.trial069.stdout:/usr/bin/ceph: stderr
2026-02-20T00:14:26.161+0000 7f1b30ff9640 1 -- 10.20.193.69:0/543803091 <== mon.0 v2:10.20.193.69:3300/0 7 ==== mon_command_ack([{"prefix": "config get", "who": "mgr", "key": "mgr/dashboard/ssl_server_port"}]=0 v8) ==== 112+0+5 (secure 0 0 0) 0x7f1b20033c90 con 0x7f1b3407de40
2026-02-20T00:14:26.190 INFO:teuthology.orchestra.run.trial069.stdout:/usr/bin/ceph: stderr
2026-02-20T00:14:26.162+0000 7f1b3a10d640 1 -- 10.20.193.69:0/543803091 >> [v2:10.20.193.69:6800/2590108814,v1:10.20.193.69:6801/2590108814] conn(0x7f1b0803dc40 msgr2=0x7f1b08040100 secure :-1 s=STATE_CONNECTION_ESTABLISHED l=1).mark_down
2026-02-20T00:14:26.190 INFO:teuthology.orchestra.run.trial069.stdout:/usr/bin/ceph: stderr
2026-02-20T00:14:26.162+0000 7f1b3a10d640 1 --2- 10.20.193.69:0/543803091 >> [v2:10.20.193.69:6800/2590108814,v1:10.20.193.69:6801/2590108814] conn(0x7f1b0803dc40 0x7f1b08040100 secure :-1 s=READY pgs=9 cs=0 l=1 rev1=1 crypto rx=0x7f1b240099c0 tx=0x7f1b24006eb0 comp rx=0 tx=0).stop
2026-02-20T00:14:26.191 INFO:teuthology.orchestra.run.trial069.stdout:/usr/bin/ceph: stderr
2026-02-20T00:14:26.162+0000 7f1b3a10d640 1 -- 10.20.193.69:0/543803091 >> [v2:10.20.193.69:3300/0,v1:10.20.193.69:6789/0] conn(0x7f1b3407de40 msgr2=0x7f1b341a0160 secure :-1 s=STATE_CONNECTION_ESTABLISHED l=1).mark_down
2026-02-20T00:14:26.191 INFO:teuthology.orchestra.run.trial069.stdout:/usr/bin/ceph: stderr
2026-02-20T00:14:26.162+0000 7f1b3a10d640 1 --2- 10.20.193.69:0/543803091 >> [v2:10.20.193.69:3300/0,v1:10.20.193.69:6789/0] conn(0x7f1b3407de40 0x7f1b341a0160 secure :-1 s=READY pgs=73 cs=0 l=1 rev1=1 crypto rx=0x7f1b20039000 tx=0x7f1b20037820 comp rx=0 tx=0).stop
2026-02-20T00:14:26.191 INFO:teuthology.orchestra.run.trial069.stdout:/usr/bin/ceph: stderr
2026-02-20T00:14:26.162+0000 7f1b3a10d640 1 -- 10.20.193.69:0/543803091 shutdown_connections
2026-02-20T00:14:26.191 INFO:teuthology.orchestra.run.trial069.stdout:/usr/bin/ceph: stderr
2026-02-20T00:14:26.162+0000 7f1b3a10d640 1 --2- 10.20.193.69:0/543803091 >> [v2:10.20.193.69:6800/2590108814,v1:10.20.193.69:6801/2590108814] conn(0x7f1b0803dc40 0x7f1b08040100 unknown :-1 s=CLOSED pgs=9 cs=0 l=1 rev1=1 crypto rx=0 tx=0 comp rx=0 tx=0).stop
2026-02-20T00:14:26.191 INFO:teuthology.orchestra.run.trial069.stdout:/usr/bin/ceph: stderr
