2026-02-20T00:21:57.693+0000 7fcaa5366640 1 --2- >> [v2:10.20.193.77:3300/0,v1:10.20.193.77:6789/0] conn(0x7fcaa010a9d0 0x7fcaa01a0350 unknown :-1 s=HELLO_CONNECTING pgs=0 cs=0 l=1 rev1=1 crypto rx=0 tx=0 comp rx=0 tx=0).handle_hello peer v2:10.20.193.77:3300/0 says I am v2:10.20.193.77:60742/0 (socket says 10.20.193.77:60742)
2026-02-20T00:21:58.766 INFO:teuthology.orchestra.run.trial077.stdout:/usr/bin/ceph: stderr
2026-02-20T00:21:57.693+0000 7fcaa5366640 1 -- 10.20.193.77:0/568162123 learned_addr learned my addr 10.20.193.77:0/568162123 (peer_addr_for_me v2:10.20.193.77:0/0)
2026-02-20T00:21:58.766 INFO:teuthology.orchestra.run.trial077.stdout:/usr/bin/ceph: stderr
2026-02-20T00:21:57.693+0000 7fcaa5366640 1 -- 10.20.193.77:0/568162123 --> [v2:10.20.193.77:3300/0,v1:10.20.193.77:6789/0] -- mon_subscribe({config=0+,monmap=0+}) -- 0x7fcaa01a0890 con 0x7fcaa010a9d0
2026-02-20T00:21:58.766 INFO:teuthology.orchestra.run.trial077.stdout:/usr/bin/ceph: stderr
2026-02-20T00:21:57.693+0000 7fcaa5366640 1 --2- 10.20.193.77:0/568162123 >> [v2:10.20.193.77:3300/0,v1:10.20.193.77:6789/0] conn(0x7fcaa010a9d0 0x7fcaa01a0350 secure :-1 s=READY pgs=54 cs=0 l=1 rev1=1 crypto rx=0x7fca90039000 tx=0x7fca90037820 comp rx=0 tx=0).ready entity=mon.0 client_cookie=0 server_cookie=0 in_seq=0 out_seq=0
2026-02-20T00:21:58.766 INFO:teuthology.orchestra.run.trial077.stdout:/usr/bin/ceph: stderr
2026-02-20T00:21:57.693+0000 7fca8e7fc640 1 -- 10.20.193.77:0/568162123 <== mon.0 v2:10.20.193.77:3300/0 1 ==== mon_map magic: 0 ==== 205+0+0 (secure 0 0 0) 0x7fca90047070 con 0x7fcaa010a9d0
2026-02-20T00:21:58.767 INFO:teuthology.orchestra.run.trial077.stdout:/usr/bin/ceph: stderr
2026-02-20T00:21:57.693+0000 7fca8e7fc640 1 -- 10.20.193.77:0/568162123 <== mon.0 v2:10.20.193.77:3300/0 2 ==== config(26 keys) ==== 1076+0+0 (secure 0 0 0) 0x7fca90035df0 con 0x7fcaa010a9d0
2026-02-20T00:21:58.767 INFO:teuthology.orchestra.run.trial077.stdout:/usr/bin/ceph: stderr
2026-02-20T00:21:57.693+0000 7fca8e7fc640 1 -- 10.20.193.77:0/568162123 <== mon.0 v2:10.20.193.77:3300/0 3 ==== mon_map magic: 0 ==== 205+0+0 (secure 0 0 0) 0x7fca9003c070 con 0x7fcaa010a9d0
2026-02-20T00:21:58.767 INFO:teuthology.orchestra.run.trial077.stdout:/usr/bin/ceph: stderr
2026-02-20T00:21:57.693+0000 7fcaa75f1640 1 -- 10.20.193.77:0/568162123 --> [v2:10.20.193.77:3300/0,v1:10.20.193.77:6789/0] -- mon_subscribe({mgrmap=0+}) -- 0x7fcaa01a0b20 con 0x7fcaa010a9d0
2026-02-20T00:21:58.767 INFO:teuthology.orchestra.run.trial077.stdout:/usr/bin/ceph: stderr
2026-02-20T00:21:57.693+0000 7fcaa75f1640 1 -- 10.20.193.77:0/568162123 --> [v2:10.20.193.77:3300/0,v1:10.20.193.77:6789/0] -- mon_subscribe({osdmap=0}) -- 0x7fcaa01a3810 con 0x7fcaa010a9d0
2026-02-20T00:21:58.767 INFO:teuthology.orchestra.run.trial077.stdout:/usr/bin/ceph: stderr
2026-02-20T00:21:57.694+0000 7fca8e7fc640 1 -- 10.20.193.77:0/568162123 <== mon.0 v2:10.20.193.77:3300/0 4 ==== mgrmap(e 8) ==== 50247+0+0 (secure 0 0 0) 0x7fca90042640 con 0x7fcaa010a9d0
2026-02-20T00:21:58.767 INFO:teuthology.orchestra.run.trial077.stdout:/usr/bin/ceph: stderr
2026-02-20T00:21:57.694+0000 7fcaa75f1640 1 -- 10.20.193.77:0/568162123 --> [v2:10.20.193.77:3300/0,v1:10.20.193.77:6789/0] -- mon_command({"prefix": "get_command_descriptions"} v 0) -- 0x7fcaa010ae50 con 0x7fcaa010a9d0
2026-02-20T00:21:58.767 INFO:teuthology.orchestra.run.trial077.stdout:/usr/bin/ceph: stderr
2026-02-20T00:21:57.694+0000 7fca8e7fc640 1 --2- 10.20.193.77:0/568162123 >> [v2:10.20.193.77:6800/2426752061,v1:10.20.193.77:6801/2426752061] conn(0x7fca7c03dbf0 0x7fca7c0400b0 unknown :-1 s=NONE pgs=0 cs=0 l=1 rev1=0 crypto rx=0 tx=0 comp rx=0 tx=0).connect
2026-02-20T00:21:58.767 INFO:teuthology.orchestra.run.trial077.stdout:/usr/bin/ceph: stderr
2026-02-20T00:21:57.694+0000 7fca8e7fc640 1 -- 10.20.193.77:0/568162123 <== mon.0 v2:10.20.193.77:3300/0 5 ==== osd_map(2..2 src has 1..2) ==== 940+0+0 (secure 0 0 0) 0x7fca90076940 con 0x7fcaa010a9d0
2026-02-20T00:21:58.767 INFO:teuthology.orchestra.run.trial077.stdout:/usr/bin/ceph: stderr
2026-02-20T00:21:57.694+0000 7fcaa4b65640 1 --2- 10.20.193.77:0/568162123 >> [v2:10.20.193.77:6800/2426752061,v1:10.20.193.77:6801/2426752061] conn(0x7fca7c03dbf0 0x7fca7c0400b0 unknown :-1 s=BANNER_CONNECTING pgs=0 cs=0 l=1 rev1=0 crypto rx=0 tx=0 comp rx=0 tx=0)._handle_peer_banner_payload supported=3 required=0
2026-02-20T00:21:58.767 INFO:teuthology.orchestra.run.trial077.stdout:/usr/bin/ceph: stderr
2026-02-20T00:21:57.694+0000 7fcaa4b65640 1 --2- 10.20.193.77:0/568162123 >> [v2:10.20.193.77:6800/2426752061,v1:10.20.193.77:6801/2426752061] conn(0x7fca7c03dbf0 0x7fca7c0400b0 secure :-1 s=READY pgs=16 cs=0 l=1 rev1=1 crypto rx=0x7fca940099c0 tx=0x7fca94006eb0 comp rx=0 tx=0).ready entity=mgr.14118 client_cookie=0 server_cookie=0 in_seq=0 out_seq=0
2026-02-20T00:21:58.767 INFO:teuthology.orchestra.run.trial077.stdout:/usr/bin/ceph: stderr
2026-02-20T00:21:57.697+0000 7fca8e7fc640 1 -- 10.20.193.77:0/568162123 <== mon.0 v2:10.20.193.77:3300/0 6 ==== mon_command_ack([{"prefix": "get_command_descriptions"}]=0 v0) ==== 72+0+195034 (secure 0 0 0) 0x7fca90033c90 con 0x7fcaa010a9d0
2026-02-20T00:21:58.767 INFO:teuthology.orchestra.run.trial077.stdout:/usr/bin/ceph: stderr
2026-02-20T00:21:57.803+0000 7fcaa75f1640 1 -- 10.20.193.77:0/568162123 --> [v2:10.20.193.77:3300/0,v1:10.20.193.77:6789/0] -- mon_command({"prefix": "mgr module enable", "module": "dashboard"} v 0) -- 0x7fcaa01a3eb0 con 0x7fcaa010a9d0
2026-02-20T00:21:58.767 INFO:teuthology.orchestra.run.trial077.stdout:/usr/bin/ceph: stderr
2026-02-20T00:21:58.738+0000 7fca8e7fc640 1 -- 10.20.193.77:0/568162123 <== mon.0 v2:10.20.193.77:3300/0 7 ==== mon_command_ack([{"prefix": "mgr module enable", "module": "dashboard"}]=0 v9) ==== 88+0+0 (secure 0 0 0) 0x7fca900766a0 con 0x7fcaa010a9d0
2026-02-20T00:21:58.767 INFO:teuthology.orchestra.run.trial077.stdout:/usr/bin/ceph: stderr
2026-02-20T00:21:58.739+0000 7fca8e7fc640 1 -- 10.20.193.77:0/568162123 <== mon.0 v2:10.20.193.77:3300/0 8 ==== mgrmap(e 9) ==== 50260+0+0 (secure 0 0 0) 0x7fca90035950 con 0x7fcaa010a9d0
2026-02-20T00:21:58.767 INFO:teuthology.orchestra.run.trial077.stdout:/usr/bin/ceph: stderr
2026-02-20T00:21:58.743+0000 7fcaa75f1640 1 -- 10.20.193.77:0/568162123 >> [v2:10.20.193.77:6800/2426752061,v1:10.20.193.77:6801/2426752061] conn(0x7fca7c03dbf0 msgr2=0x7fca7c0400b0 secure :-1 s=STATE_CONNECTION_ESTABLISHED l=1).mark_down
2026-02-20T00:21:58.767 INFO:teuthology.orchestra.run.trial077.stdout:/usr/bin/ceph: stderr
2026-02-20T00:21:58.743+0000 7fcaa75f1640 1 --2- 10.20.193.77:0/568162123 >> [v2:10.20.193.77:6800/2426752061,v1:10.20.193.77:6801/2426752061] conn(0x7fca7c03dbf0 0x7fca7c0400b0 secure :-1 s=READY pgs=16 cs=0 l=1 rev1=1 crypto rx=0x7fca940099c0 tx=0x7fca94006eb0 comp rx=0 tx=0).stop
2026-02-20T00:21:58.767 INFO:teuthology.orchestra.run.trial077.stdout:/usr/bin/ceph: stderr
2026-02-20T00:21:58.743+0000 7fcaa75f1640 1 -- 10.20.193.77:0/568162123 >> [v2:10.20.193.77:3300/0,v1:10.20.193.77:6789/0] conn(0x7fcaa010a9d0 msgr2=0x7fcaa01a0350 secure :-1 s=STATE_CONNECTION_ESTABLISHED l=1).mark_down
2026-02-20T00:21:58.767 INFO:teuthology.orchestra.run.trial077.stdout:/usr/bin/ceph: stderr
2026-02-20T00:21:58.743+0000 7fcaa75f1640 1 --2- 10.20.193.77:0/568162123 >> [v2:10.20.193.77:3300/0,v1:10.20.193.77:6789/0] conn(0x7fcaa010a9d0 0x7fcaa01a0350 secure :-1 s=READY pgs=54 cs=0 l=1 rev1=1 crypto rx=0x7fca90039000 tx=0x7fca90037820 comp rx=0 tx=0).stop
2026-02-20T00:21:58.767 INFO:teuthology.orchestra.run.trial077.stdout:/usr/bin/ceph: stderr
2026-02-20T00:21:58.743+0000 7fcaa75f1640 1 -- 10.20.193.77:0/568162123 shutdown_connections
2026-02-20T00:21:58.767 INFO:teuthology.orchestra.run.trial077.stdout:/usr/bin/ceph: stderr
2026-02-20T00:21:58.743+0000 7fcaa75f1640 1 --2- 10.20.193.77:0/568162123 >> [v2:10.20.193.77:6800/2426752061,v1:10.20.193.77:6801/2426752061] conn(0x7fca7c03dbf0 0x7fca7c0400b0 unknown :-1 s=CLOSED pgs=16 cs=0 l=1 rev1=1 crypto rx=0 tx=0 comp rx=0 tx=0).stop
2026-02-20T00:21:58.767 INFO:teuthology.orchestra.run.trial077.stdout:/usr/bin/ceph: stderr
2026-02-20T00:21:58.743+0000 7fcaa75f1640 1 --2- 10.20.193.77:0/568162123 >> [v2:10.20.193.77:3300/0,v1:10.20.193.77:6789/0] conn(0x7fcaa010a9d0 0x7fcaa01a0350 unknown :-1 s=CLOSED pgs=54 cs=0 l=1 rev1=1 crypto rx=0 tx=0 comp rx=0 tx=0).stop
2026-02-20T00:21:58.767 INFO:teuthology.orchestra.run.trial077.stdout:/usr/bin/ceph: stderr
2026-02-20T00:21:58.743+0000 7fcaa75f1640 1 -- 10.20.193.77:0/568162123 >> 10.20.193.77:0/568162123 conn(0x7fcaa007da30 msgr2=0x7fcaa01086d0 unknown :-1 s=STATE_NONE l=0).mark_down
2026-02-20T00:21:58.767 INFO:teuthology.orchestra.run.trial077.stdout:/usr/bin/ceph: stderr
2026-02-20T00:21:58.743+0000 7fcaa75f1640 1 -- 10.20.193.77:0/568162123 shutdown_connections
2026-02-20T00:21:58.767 INFO:teuthology.orchestra.run.trial077.stdout:/usr/bin/ceph: stderr
2026-02-20T00:21:58.743+0000 7fcaa75f1640 1 -- 10.20.193.77:0/568162123 wait complete.
2026-02-20T00:21:58.994 INFO:journalctl@ceph.mgr.x.trial077.stdout:Feb 20 00:21:58 trial077 ceph-158c8d47-0df2-11f1-90c6-d404e6e7d460-mgr-x[39959]: ignoring --setuser ceph since I am not root
2026-02-20T00:21:58.994 INFO:journalctl@ceph.mgr.x.trial077.stdout:Feb 20 00:21:58 trial077 ceph-158c8d47-0df2-11f1-90c6-d404e6e7d460-mgr-x[39959]: ignoring --setgroup ceph since I am not root
2026-02-20T00:21:59.007 INFO:teuthology.orchestra.run.trial077.stdout:/usr/bin/ceph: stdout {
2026-02-20T00:21:59.007 INFO:teuthology.orchestra.run.trial077.stdout:/usr/bin/ceph: stdout "epoch": 9,
2026-02-20T00:21:59.007 INFO:teuthology.orchestra.run.trial077.stdout:/usr/bin/ceph: stdout "available": true,
2026-02-20T00:21:59.007 INFO:teuthology.orchestra.run.trial077.stdout:/usr/bin/ceph: stdout "active_name": "x",
2026-02-20T00:21:59.007 INFO:teuthology.orchestra.run.trial077.stdout:/usr/bin/ceph: stdout "num_standby": 0
2026-02-20T00:21:59.007 INFO:teuthology.orchestra.run.trial077.stdout:/usr/bin/ceph: stdout }
2026-02-20T00:21:59.007 INFO:teuthology.orchestra.run.trial077.stdout:/usr/bin/ceph: stderr
2026-02-20T00:21:58.869+0000 7f5935f6c640 1 Processor -- start
2026-02-20T00:21:59.007 INFO:teuthology.orchestra.run.trial077.stdout:/usr/bin/ceph: stderr
2026-02-20T00:21:58.869+0000 7f5935f6c640 1 -- start start
2026-02-20T00:21:59.007 INFO:teuthology.orchestra.run.trial077.stdout:/usr/bin/ceph: stderr
2026-02-20T00:21:58.869+0000 7f5935f6c640 1 --2- >> [v2:10.20.193.77:3300/0,v1:10.20.193.77:6789/0] conn(0x7f593007ee60 0x7f593007d2c0 unknown :-1 s=NONE pgs=0 cs=0 l=0 rev1=0 crypto rx=0 tx=0 comp rx=0 tx=0).connect
2026-02-20T00:21:59.007 INFO:teuthology.orchestra.run.trial077.stdout:/usr/bin/ceph: stderr
2026-02-20T00:21:58.869+0000 7f5935f6c640 1 -- --> [v2:10.20.193.77:3300/0,v1:10.20.193.77:6789/0] -- mon_getmap magic: 0 -- 0x7f593007d800 con 0x7f593007ee60
2026-02-20T00:21:59.007 INFO:teuthology.orchestra.run.trial077.stdout:/usr/bin/ceph: stderr
2026-02-20T00:21:58.869+0000 7f592f7fe640 1 --2- >> [v2:10.20.193.77:3300/0,v1:10.20.193.77:6789/0] conn(0x7f593007ee60 0x7f593007d2c0 unknown :-1 s=BANNER_CONNECTING pgs=0 cs=0 l=0 rev1=0 crypto rx=0 tx=0 comp rx=0 tx=0)._handle_peer_banner_payload supported=3 required=0
2026-02-20T00:21:59.007 INFO:teuthology.orchestra.run.trial077.stdout:/usr/bin/ceph: stderr
2026-02-20T00:21:58.869+0000 7f592f7fe640 1 --2- >> [v2:10.20.193.77:3300/0,v1:10.20.193.77:6789/0] conn(0x7f593007ee60 0x7f593007d2c0 unknown :-1 s=HELLO_CONNECTING pgs=0 cs=0 l=0 rev1=1 crypto rx=0 tx=0 comp rx=0 tx=0).handle_hello peer v2:10.20.193.77:3300/0 says I am v2:10.20.193.77:60784/0 (socket says 10.20.193.77:60784)
2026-02-20T00:21:59.007 INFO:teuthology.orchestra.run.trial077.stdout:/usr/bin/ceph: stderr
2026-02-20T00:21:58.869+0000 7f592f7fe640 1 -- 10.20.193.77:0/909277171 learned_addr learned my addr 10.20.193.77:0/909277171 (peer_addr_for_me v2:10.20.193.77:0/0)
2026-02-20T00:21:59.007 INFO:teuthology.orchestra.run.trial077.stdout:/usr/bin/ceph: stderr
2026-02-20T00:21:58.870+0000 7f592f7fe640 1 -- 10.20.193.77:0/909277171 --> [v2:10.20.193.77:3300/0,v1:10.20.193.77:6789/0] -- mon_subscribe({config=0+,monmap=0+}) -- 0x7f593007d980 con 0x7f593007ee60
2026-02-20T00:21:59.007 INFO:teuthology.orchestra.run.trial077.stdout:/usr/bin/ceph: stderr
2026-02-20T00:21:58.870+0000 7f592f7fe640 1 --2- 10.20.193.77:0/909277171 >> [v2:10.20.193.77:3300/0,v1:10.20.193.77:6789/0] conn(0x7f593007ee60 0x7f593007d2c0 secure :-1 s=READY pgs=57 cs=0 l=1 rev1=1 crypto rx=0x7f591c009920 tx=0x7f591c02ef20 comp rx=0 tx=0).ready entity=mon.0 client_cookie=d9de2a7ba9f92bd0 server_cookie=0 in_seq=0 out_seq=0
2026-02-20T00:21:59.007 INFO:teuthology.orchestra.run.trial077.stdout:/usr/bin/ceph: stderr
2026-02-20T00:21:58.870+0000 7f592e7fc640 1 -- 10.20.193.77:0/909277171 <== mon.0 v2:10.20.193.77:3300/0 1 ==== mon_map magic: 0 ==== 205+0+0 (secure 0 0 0) 0x7f591c03c070 con 0x7f593007ee60
2026-02-20T00:21:59.007 INFO:teuthology.orchestra.run.trial077.stdout:/usr/bin/ceph: stderr
2026-02-20T00:21:58.870+0000 7f592e7fc640 1 -- 10.20.193.77:0/909277171 <== mon.0 v2:10.20.193.77:3300/0 2 ==== config(26 keys) ==== 1076+0+0 (secure 0 0 0) 0x7f591c037440 con 0x7f593007ee60
2026-02-20T00:21:59.007 INFO:teuthology.orchestra.run.trial077.stdout:/usr/bin/ceph: stderr
2026-02-20T00:21:58.870+0000 7f592e7fc640 1 -- 10.20.193.77:0/909277171 <== mon.0 v2:10.20.193.77:3300/0 3 ==== mon_map magic: 0 ==== 205+0+0 (secure 0 0 0) 0x7f591c0354d0 con 0x7f593007ee60
2026-02-20T00:21:59.007 INFO:teuthology.orchestra.run.trial077.stdout:/usr/bin/ceph: stderr
2026-02-20T00:21:58.870+0000 7f5935f6c640 1 -- 10.20.193.77:0/909277171 >> [v2:10.20.193.77:3300/0,v1:10.20.193.77:6789/0] conn(0x7f593007ee60 msgr2=0x7f593007d2c0 secure :-1 s=STATE_CONNECTION_ESTABLISHED l=1).mark_down
2026-02-20T00:21:59.007 INFO:teuthology.orchestra.run.trial077.stdout:/usr/bin/ceph: stderr
2026-02-20T00:21:58.870+0000 7f5935f6c640 1 --2- 10.20.193.77:0/909277171 >> [v2:10.20.193.77:3300/0,v1:10.20.193.77:6789/0] conn(0x7f593007ee60 0x7f593007d2c0 secure :-1 s=READY pgs=57 cs=0 l=1 rev1=1 crypto rx=0x7f591c009920 tx=0x7f591c02ef20 comp rx=0 tx=0).stop
2026-02-20T00:21:59.007 INFO:teuthology.orchestra.run.trial077.stdout:/usr/bin/ceph: stderr
2026-02-20T00:21:58.870+0000 7f5935f6c640 1 -- 10.20.193.77:0/909277171 shutdown_connections
2026-02-20T00:21:59.007 INFO:teuthology.orchestra.run.trial077.stdout:/usr/bin/ceph: stderr
2026-02-20T00:21:58.870+0000 7f5935f6c640 1 --2- 10.20.193.77:0/909277171 >> [v2:10.20.193.77:3300/0,v1:10.20.193.77:6789/0] conn(0x7f593007ee60 0x7f593007d2c0 unknown :-1 s=CLOSED pgs=57 cs=0 l=1 rev1=1 crypto rx=0 tx=0 comp rx=0 tx=0).stop
2026-02-20T00:21:59.007 INFO:teuthology.orchestra.run.trial077.stdout:/usr/bin/ceph: stderr
2026-02-20T00:21:58.870+0000 7f5935f6c640 1 -- 10.20.193.77:0/909277171 >> 10.20.193.77:0/909277171 conn(0x7f5930103a30 msgr2=0x7f5930105e50 unknown :-1 s=STATE_NONE l=0).mark_down
2026-02-20T00:21:59.007 INFO:teuthology.orchestra.run.trial077.stdout:/usr/bin/ceph: stderr
2026-02-20T00:21:58.870+0000 7f5935f6c640 1 -- 10.20.193.77:0/909277171 shutdown_connections
2026-02-20T00:21:59.007 INFO:teuthology.orchestra.run.trial077.stdout:/usr/bin/ceph: stderr
2026-02-20T00:21:58.870+0000 7f5935f6c640 1 -- 10.20.193.77:0/909277171 wait complete.
2026-02-20T00:21:59.007 INFO:teuthology.orchestra.run.trial077.stdout:/usr/bin/ceph: stderr
2026-02-20T00:21:58.871+0000 7f5935f6c640 1 Processor -- start
2026-02-20T00:21:59.007 INFO:teuthology.orchestra.run.trial077.stdout:/usr/bin/ceph: stderr
2026-02-20T00:21:58.871+0000 7f5935f6c640 1 -- start start
2026-02-20T00:21:59.007 INFO:teuthology.orchestra.run.trial077.stdout:/usr/bin/ceph: stderr
2026-02-20T00:21:58.871+0000 7f5935f6c640 1 --2- >> [v2:10.20.193.77:3300/0,v1:10.20.193.77:6789/0] conn(0x7f593007ee60 0x7f59301a0330 unknown :-1 s=NONE pgs=0 cs=0 l=1 rev1=0 crypto rx=0 tx=0 comp rx=0 tx=0).connect
2026-02-20T00:21:59.007 INFO:teuthology.orchestra.run.trial077.stdout:/usr/bin/ceph: stderr
2026-02-20T00:21:58.871+0000 7f5935f6c640 1 -- --> [v2:10.20.193.77:3300/0,v1:10.20.193.77:6789/0] -- mon_getmap magic: 0 -- 0x7f593010e840 con 0x7f593007ee60
2026-02-20T00:21:59.008 INFO:teuthology.orchestra.run.trial077.stdout:/usr/bin/ceph: stderr
2026-02-20T00:21:58.871+0000 7f592f7fe640 1 --2- >> [v2:10.20.193.77:3300/0,v1:10.20.193.77:6789/0] conn(0x7f593007ee60 0x7f59301a0330 unknown :-1 s=BANNER_CONNECTING pgs=0 cs=0 l=1 rev1=0 crypto rx=0 tx=0 comp rx=0 tx=0)._handle_peer_banner_payload supported=3 required=0
2026-02-20T00:21:59.008 INFO:teuthology.orchestra.run.trial077.stdout:/usr/bin/ceph: stderr
2026-02-20T00:21:58.871+0000 7f592f7fe640 1 --2- >> [v2:10.20.193.77:3300/0,v1:10.20.193.77:6789/0] conn(0x7f593007ee60 0x7f59301a0330 unknown :-1 s=HELLO_CONNECTING pgs=0 cs=0 l=1 rev1=1 crypto rx=0 tx=0 comp rx=0 tx=0).handle_hello peer v2:10.20.193.77:3300/0 says I am v2:10.20.193.77:60800/0 (socket says 10.20.193.77:60800)
2026-02-20T00:21:59.008 INFO:teuthology.orchestra.run.trial077.stdout:/usr/bin/ceph: stderr
2026-02-20T00:21:58.871+0000 7f592f7fe640 1 -- 10.20.193.77:0/481919796 learned_addr learned my addr 10.20.193.77:0/481919796 (peer_addr_for_me v2:10.20.193.77:0/0)
2026-02-20T00:21:59.008 INFO:teuthology.orchestra.run.trial077.stdout:/usr/bin/ceph: stderr
2026-02-20T00:21:58.871+0000 7f592f7fe640 1 -- 10.20.193.77:0/481919796 --> [v2:10.20.193.77:3300/0,v1:10.20.193.77:6789/0] -- mon_subscribe({config=0+,monmap=0+}) -- 0x7f59301a0870 con 0x7f593007ee60
2026-02-20T00:21:59.008 INFO:teuthology.orchestra.run.trial077.stdout:/usr/bin/ceph: stderr
2026-02-20T00:21:58.871+0000 7f592f7fe640 1 --2- 10.20.193.77:0/481919796 >> [v2:10.20.193.77:3300/0,v1:10.20.193.77:6789/0] conn(0x7f593007ee60 0x7f59301a0330 secure :-1 s=READY pgs=58 cs=0 l=1 rev1=1 crypto rx=0x7f591c002410 tx=0x7f591c037820 comp rx=0 tx=0).ready entity=mon.0 client_cookie=0 server_cookie=0 in_seq=0 out_seq=0
2026-02-20T00:21:59.008 INFO:teuthology.orchestra.run.trial077.stdout:/usr/bin/ceph: stderr
2026-02-20T00:21:58.871+0000 7f592cff9640 1 -- 10.20.193.77:0/481919796 <== mon.0 v2:10.20.193.77:3300/0 1 ==== mon_map magic: 0 ==== 205+0+0 (secure 0 0 0) 0x7f591c047070 con 0x7f593007ee60
2026-02-20T00:21:59.008 INFO:teuthology.orchestra.run.trial077.stdout:/usr/bin/ceph: stderr
2026-02-20T00:21:58.871+0000 7f592cff9640 1 -- 10.20.193.77:0/481919796 <== mon.0 v2:10.20.193.77:3300/0 2 ==== config(26 keys) ==== 1076+0+0 (secure 0 0 0) 0x7f591c035da0 con 0x7f593007ee60
2026-02-20T00:21:59.008 INFO:teuthology.orchestra.run.trial077.stdout:/usr/bin/ceph: stderr
2026-02-20T00:21:58.871+0000 7f5935f6c640 1 -- 10.20.193.77:0/481919796 --> [v2:10.20.193.77:3300/0,v1:10.20.193.77:6789/0] -- mon_subscribe({mgrmap=0+}) -- 0x7f59301a0b00 con 0x7f593007ee60
2026-02-20T00:21:59.008 INFO:teuthology.orchestra.run.trial077.stdout:/usr/bin/ceph: stderr
2026-02-20T00:21:58.871+0000 7f592cff9640 1 -- 10.20.193.77:0/481919796 <== mon.0 v2:10.20.193.77:3300/0 3 ==== mon_map magic: 0 ==== 205+0+0 (secure 0 0 0) 0x7f591c03c070 con 0x7f593007ee60
2026-02-20T00:21:59.008 INFO:teuthology.orchestra.run.trial077.stdout:/usr/bin/ceph: stderr
2026-02-20T00:21:58.871+0000 7f5935f6c640 1 -- 10.20.193.77:0/481919796 --> [v2:10.20.193.77:3300/0,v1:10.20.193.77:6789/0] -- mon_subscribe({osdmap=0}) -- 0x7f59301a37f0 con 0x7f593007ee60
2026-02-20T00:21:59.008 INFO:teuthology.orchestra.run.trial077.stdout:/usr/bin/ceph: stderr
2026-02-20T00:21:58.872+0000 7f5935f6c640 1 -- 10.20.193.77:0/481919796 --> [v2:10.20.193.77:3300/0,v1:10.20.193.77:6789/0] -- mon_command({"prefix": "get_command_descriptions"} v 0) -- 0x7f593007d340 con 0x7f593007ee60
2026-02-20T00:21:59.008 INFO:teuthology.orchestra.run.trial077.stdout:/usr/bin/ceph: stderr
2026-02-20T00:21:58.872+0000 7f592cff9640 1 -- 10.20.193.77:0/481919796 <== mon.0 v2:10.20.193.77:3300/0 4 ==== mgrmap(e 9) ==== 50260+0+0 (secure 0 0 0) 0x7f591c042660 con 0x7f593007ee60
2026-02-20T00:21:59.008 INFO:teuthology.orchestra.run.trial077.stdout:/usr/bin/ceph: stderr
2026-02-20T00:21:58.872+0000 7f592cff9640 1 --2- 10.20.193.77:0/481919796 >> [v2:10.20.193.77:6800/2426752061,v1:10.20.193.77:6801/2426752061] conn(0x7f590403dbf0 0x7f59040400b0 unknown :-1 s=NONE pgs=0 cs=0 l=1 rev1=0 crypto rx=0 tx=0 comp rx=0 tx=0).connect
2026-02-20T00:21:59.008 INFO:teuthology.orchestra.run.trial077.stdout:/usr/bin/ceph: stderr
2026-02-20T00:21:58.872+0000 7f592effd640 1 -- 10.20.193.77:0/481919796 >> [v2:10.20.193.77:6800/2426752061,v1:10.20.193.77:6801/2426752061] conn(0x7f590403dbf0 msgr2=0x7f59040400b0 unknown :-1 s=STATE_CONNECTING_RE l=1).process reconnect failed to v2:10.20.193.77:6800/2426752061
2026-02-20T00:21:59.008 INFO:teuthology.orchestra.run.trial077.stdout:/usr/bin/ceph: stderr
2026-02-20T00:21:58.872+0000 7f592cff9640 1 -- 10.20.193.77:0/481919796 <== mon.0 v2:10.20.193.77:3300/0 5 ==== osd_map(2..2 src has 1..2) ==== 940+0+0 (secure 0 0 0) 0x7f591c0767f0 con 0x7f593007ee60
2026-02-20T00:21:59.008 INFO:teuthology.orchestra.run.trial077.stdout:/usr/bin/ceph: stderr
2026-02-20T00:21:58.872+0000 7f592effd640 1 --2- 10.20.193.77:0/481919796 >> [v2:10.20.193.77:6800/2426752061,v1:10.20.193.77:6801/2426752061] conn(0x7f590403dbf0 0x7f59040400b0 unknown :-1 s=START_CONNECT pgs=0 cs=0 l=1 rev1=0 crypto rx=0 tx=0 comp rx=0 tx=0)._fault waiting 0.200000
2026-02-20T00:21:59.008 INFO:teuthology.orchestra.run.trial077.stdout:/usr/bin/ceph: stderr
2026-02-20T00:21:58.875+0000 7f592cff9640 1 -- 10.20.193.77:0/481919796 <== mon.0 v2:10.20.193.77:3300/0 6 ==== mon_command_ack([{"prefix": "get_command_descriptions"}]=0 v0) ==== 72+0+195034 (secure 0 0 0) 0x7f591c03c210 con 0x7f593007ee60
2026-02-20T00:21:59.008 INFO:teuthology.orchestra.run.trial077.stdout:/usr/bin/ceph: stderr
2026-02-20T00:21:58.983+0000 7f5935f6c640 1 -- 10.20.193.77:0/481919796 --> [v2:10.20.193.77:3300/0,v1:10.20.193.77:6789/0] -- mon_command({"prefix": "mgr stat"} v 0) -- 0x7f59301a3e90 con 0x7f593007ee60
2026-02-20T00:21:59.008 INFO:teuthology.orchestra.run.trial077.stdout:/usr/bin/ceph: stderr
2026-02-20T00:21:58.983+0000 7f592cff9640 1 -- 10.20.193.77:0/481919796 <== mon.0 v2:10.20.193.77:3300/0 7 ==== mon_command_ack([{"prefix": "mgr stat"}]=0 v9) ==== 56+0+88 (secure 0 0 0) 0x7f591c076550 con 0x7f593007ee60
2026-02-20T00:21:59.008 INFO:teuthology.orchestra.run.trial077.stdout:/usr/bin/ceph: stderr
2026-02-20T00:21:58.984+0000 7f5935f6c640 1 -- 10.20.193.77:0/481919796 >> [v2:10.20.193.77:6800/2426752061,v1:10.20.193.77:6801/2426752061] conn(0x7f590403dbf0 msgr2=0x7f59040400b0 unknown :-1 s=STATE_CONNECTING l=1).mark_down
2026-02-20T00:21:59.008 INFO:teuthology.orchestra.run.trial077.stdout:/usr/bin/ceph: stderr
2026-02-20T00:21:58.984+0000 7f5935f6c640 1 --2- 10.20.193.77:0/481919796 >> [v2:10.20.193.77:6800/2426752061,v1:10.20.193.77:6801/2426752061] conn(0x7f590403dbf0 0x7f59040400b0 unknown :-1 s=START_CONNECT pgs=0 cs=0 l=1 rev1=0 crypto rx=0 tx=0 comp rx=0 tx=0).stop
2026-02-20T00:21:59.008 INFO:teuthology.orchestra.run.trial077.stdout:/usr/bin/ceph: stderr
2026-02-20T00:21:58.984+0000 7f5935f6c640 1 -- 10.20.193.77:0/481919796 >> [v2:10.20.193.77:3300/0,v1:10.20.193.77:6789/0] conn(0x7f593007ee60 msgr2=0x7f59301a0330 secure :-1 s=STATE_CONNECTION_ESTABLISHED l=1).mark_down
2026-02-20T00:21:59.008 INFO:teuthology.orchestra.run.trial077.stdout:/usr/bin/ceph: stderr
2026-02-20T00:21:58.984+0000 7f5935f6c640 1 --2- 10.20.193.77:0/481919796 >> [v2:10.20.193.77:3300/0,v1:10.20.193.77:6789/0] conn(0x7f593007ee60 0x7f59301a0330 secure :-1 s=READY pgs=58 cs=0 l=1 rev1=1 crypto rx=0x7f591c002410 tx=0x7f591c037820 comp rx=0 tx=0).stop
2026-02-20T00:21:59.008 INFO:teuthology.orchestra.run.trial077.stdout:/usr/bin/ceph: stderr
2026-02-20T00:21:58.984+0000 7f5935f6c640 1 -- 10.20.193.77:0/481919796 shutdown_connections
2026-02-20T00:21:59.008 INFO:teuthology.orchestra.run.trial077.stdout:/usr/bin/ceph: stderr
2026-02-20T00:21:58.984+0000 7f5935f6c640 1 --2- 10.20.193.77:0/481919796 >> [v2:10.20.193.77:6800/2426752061,v1:10.20.193.77:6801/2426752061] conn(0x7f590403dbf0 0x7f59040400b0 unknown :-1 s=CLOSED pgs=0 cs=0 l=1 rev1=0 crypto rx=0 tx=0 comp rx=0 tx=0).stop
2026-02-20T00:21:59.008 INFO:teuthology.orchestra.run.trial077.stdout:/usr/bin/ceph: stderr
2026-02-20T00:21:58.984+0000 7f5935f6c640 1 --2- 10.20.193.77:0/481919796 >> [v2:10.20.193.77:3300/0,v1:10.20.193.77:6789/0] conn(0x7f593007ee60 0x7f59301a0330 unknown :-1 s=CLOSED pgs=58 cs=0 l=1 rev1=1 crypto rx=0 tx=0 comp rx=0 tx=0).stop
2026-02-20T00:21:59.008 INFO:teuthology.orchestra.run.trial077.stdout:/usr/bin/ceph: stderr
2026-02-20T00:21:58.984+0000 7f5935f6c640 1 -- 10.20.193.77:0/481919796 >> 10.20.193.77:0/481919796 conn(0x7f5930103a30 msgr2=0x7f59301045a0 unknown :-1 s=STATE_NONE l=0).mark_down
2026-02-20T00:21:59.008 INFO:teuthology.orchestra.run.trial077.stdout:/usr/bin/ceph: stderr
2026-02-20T00:21:58.984+0000 7f5935f6c640 1 -- 10.20.193.77:0/481919796 shutdown_connections
2026-02-20T00:21:59.008 INFO:teuthology.orchestra.run.trial077.stdout:/usr/bin/ceph: stderr
2026-02-20T00:21:58.984+0000 7f5935f6c640 1 -- 10.20.193.77:0/481919796 wait complete.
2026-02-20T00:21:59.008 INFO:teuthology.orchestra.run.trial077.stdout:Waiting for the mgr to restart...
2026-02-20T00:21:59.008 INFO:teuthology.orchestra.run.trial077.stdout:Waiting for mgr epoch 9...
2026-02-20T00:21:59.576 INFO:journalctl@ceph.mgr.x.trial077.stdout:Feb 20 00:21:59 trial077 ceph-158c8d47-0df2-11f1-90c6-d404e6e7d460-mgr-x[39959]:
2026-02-20T00:21:59.300+0000 7ff738d4f140 -1 mgr[py] Module prometheus has missing NOTIFY_TYPES member
2026-02-20T00:21:59.576 INFO:journalctl@ceph.mgr.x.trial077.stdout:Feb 20 00:21:59 trial077 ceph-158c8d47-0df2-11f1-90c6-d404e6e7d460-mgr-x[39959]:
2026-02-20T00:21:59.334+0000 7ff738d4f140 -1 mgr[py] Module balancer has missing NOTIFY_TYPES member
2026-02-20T00:21:59.576 INFO:journalctl@ceph.mgr.x.trial077.stdout:Feb 20 00:21:59 trial077 ceph-158c8d47-0df2-11f1-90c6-d404e6e7d460-mgr-x[39959]:
2026-02-20T00:21:59.376+0000 7ff738d4f140 -1 mgr[py] Module rbd_support has missing NOTIFY_TYPES member
2026-02-20T00:21:59.576 INFO:journalctl@ceph.mgr.x.trial077.stdout:Feb 20 00:21:59 trial077 ceph-158c8d47-0df2-11f1-90c6-d404e6e7d460-mgr-x[39959]:
2026-02-20T00:21:59.407+0000 7ff738d4f140 -1 mgr[py] Module devicehealth has missing NOTIFY_TYPES member
2026-02-20T00:21:59.577 INFO:journalctl@ceph.mgr.x.trial077.stdout:Feb 20 00:21:59 trial077 ceph-158c8d47-0df2-11f1-90c6-d404e6e7d460-mgr-x[39959]:
2026-02-20T00:21:59.440+0000 7ff738d4f140 -1 mgr[py] Module alerts has missing NOTIFY_TYPES member
2026-02-20T00:21:59.577 INFO:journalctl@ceph.mgr.x.trial077.stdout:Feb 20 00:21:59 trial077 ceph-158c8d47-0df2-11f1-90c6-d404e6e7d460-mgr-x[39959]:
2026-02-20T00:21:59.506+0000 7ff738d4f140 -1 mgr[py] Module telemetry has missing NOTIFY_TYPES member
2026-02-20T00:21:59.577 INFO:journalctl@ceph.mgr.x.trial077.stdout:Feb 20 00:21:59 trial077 ceph-158c8d47-0df2-11f1-90c6-d404e6e7d460-mgr-x[39959]: /lib64/python3.9/site-packages/scipy/__init__.py:73: UserWarning: NumPy was imported from a Python sub-interpreter but NumPy does not properly support sub-interpreters. This will likely work for most users but might cause hard to track down issues or subtle bugs. A common user of the rare sub-interpreter feature is wsgi which also allows single-interpreter mode.
2026-02-20T00:21:59.577 INFO:journalctl@ceph.mgr.x.trial077.stdout:Feb 20 00:21:59 trial077 ceph-158c8d47-0df2-11f1-90c6-d404e6e7d460-mgr-x[39959]: Improvements in the case of bugs are welcome, but is not on the NumPy roadmap, and full support may require significant effort to achieve.
2026-02-20T00:21:59.577 INFO:journalctl@ceph.mgr.x.trial077.stdout:Feb 20 00:21:59 trial077 ceph-158c8d47-0df2-11f1-90c6-d404e6e7d460-mgr-x[39959]: from numpy import show_config as show_numpy_config
2026-02-20T00:21:59.836 INFO:journalctl@ceph.mon.a.trial077.stdout:Feb 20 00:21:59 trial077 ceph-mon[39694]: from='client.? 10.20.193.77:0/568162123' entity='client.admin' cmd='[{"prefix": "mgr module enable", "module": "dashboard"}]': finished
2026-02-20T00:21:59.836 INFO:journalctl@ceph.mon.a.trial077.stdout:Feb 20 00:21:59 trial077 ceph-mon[39694]: mgrmap e9: x(active, since 6s)
2026-02-20T00:21:59.837 INFO:journalctl@ceph.mon.a.trial077.stdout:Feb 20 00:21:59 trial077 ceph-mon[39694]: from='client.? 10.20.193.77:0/481919796' entity='client.admin' cmd=[{"prefix": "mgr stat"}]: dispatch
2026-02-20T00:21:59.837 INFO:journalctl@ceph.mgr.x.trial077.stdout:Feb 20 00:21:59 trial077 ceph-158c8d47-0df2-11f1-90c6-d404e6e7d460-mgr-x[39959]:
2026-02-20T00:21:59.578+0000 7ff738d4f140 -1 mgr[py] Module diskprediction_local has missing NOTIFY_TYPES member
2026-02-20T00:21:59.837 INFO:journalctl@ceph.mgr.x.trial077.stdout:Feb 20 00:21:59 trial077 ceph-158c8d47-0df2-11f1-90c6-d404e6e7d460-mgr-x[39959]:
2026-02-20T00:21:59.612+0000 7ff738d4f140 -1 mgr[py] Module status has missing NOTIFY_TYPES member
2026-02-20T00:21:59.837 INFO:journalctl@ceph.mgr.x.trial077.stdout:Feb 20 00:21:59 trial077 ceph-158c8d47-0df2-11f1-90c6-d404e6e7d460-mgr-x[39959]:
2026-02-20T00:21:59.708+0000 7ff738d4f140 -1 mgr[py] Module rgw has missing NOTIFY_TYPES member
2026-02-20T00:21:59.837 INFO:journalctl@ceph.mgr.x.trial077.stdout:Feb 20 00:21:59 trial077 ceph-158c8d47-0df2-11f1-90c6-d404e6e7d460-mgr-x[39959]:
2026-02-20T00:21:59.768+0000 7ff738d4f140 -1 mgr[py] Module iostat has missing NOTIFY_TYPES member
2026-02-20T00:21:59.837 INFO:journalctl@ceph.mgr.x.trial077.stdout:Feb 20 00:21:59 trial077 ceph-158c8d47-0df2-11f1-90c6-d404e6e7d460-mgr-x[39959]:
2026-02-20T00:21:59.802+0000 7ff738d4f140 -1 mgr[py] Module pg_autoscaler has missing NOTIFY_TYPES member
2026-02-20T00:21:59.837 INFO:journalctl@ceph.mgr.x.trial077.stdout:Feb 20 00:21:59 trial077 ceph-158c8d47-0df2-11f1-90c6-d404e6e7d460-mgr-x[39959]:
2026-02-20T00:21:59.835+0000 7ff738d4f140 -1 mgr[py] Module osd_perf_query has missing NOTIFY_TYPES member
2026-02-20T00:22:00.122 INFO:journalctl@ceph.mgr.x.trial077.stdout:Feb 20 00:21:59 trial077 ceph-158c8d47-0df2-11f1-90c6-d404e6e7d460-mgr-x[39959]:
2026-02-20T00:21:59.869+0000 7ff738d4f140 -1 mgr[py] Module crash has missing NOTIFY_TYPES member
2026-02-20T00:22:00.122 INFO:journalctl@ceph.mgr.x.trial077.stdout:Feb 20 00:21:59 trial077 ceph-158c8d47-0df2-11f1-90c6-d404e6e7d460-mgr-x[39959]:
2026-02-20T00:21:59.899+0000 7ff738d4f140 -1 mgr[py] Module progress has missing NOTIFY_TYPES member
2026-02-20T00:22:00.386 INFO:journalctl@ceph.mgr.x.trial077.stdout:Feb 20 00:22:00 trial077 ceph-158c8d47-0df2-11f1-90c6-d404e6e7d460-mgr-x[39959]:
2026-02-20T00:22:00.130+0000 7ff738d4f140 -1 mgr[py] Module rook has missing NOTIFY_TYPES member
2026-02-20T00:22:00.386 INFO:journalctl@ceph.mgr.x.trial077.stdout:Feb 20 00:22:00 trial077 ceph-158c8d47-0df2-11f1-90c6-d404e6e7d460-mgr-x[39959]:
2026-02-20T00:22:00.230+0000 7ff738d4f140 -1 mgr[py] Module nfs has missing NOTIFY_TYPES member
2026-02-20T00:22:00.386 INFO:journalctl@ceph.mgr.x.trial077.stdout:Feb 20 00:22:00 trial077 ceph-158c8d47-0df2-11f1-90c6-d404e6e7d460-mgr-x[39959]:
2026-02-20T00:22:00.261+0000 7ff738d4f140 -1 mgr[py] Module telegraf has missing NOTIFY_TYPES member
2026-02-20T00:22:00.386 INFO:journalctl@ceph.mgr.x.trial077.stdout:Feb 20 00:22:00 trial077 ceph-158c8d47-0df2-11f1-90c6-d404e6e7d460-mgr-x[39959]:
2026-02-20T00:22:00.292+0000 7ff738d4f140 -1 mgr[py] Module selftest has missing NOTIFY_TYPES member
2026-02-20T00:22:00.386 INFO:journalctl@ceph.mgr.x.trial077.stdout:Feb 20 00:22:00 trial077 ceph-158c8d47-0df2-11f1-90c6-d404e6e7d460-mgr-x[39959]:
2026-02-20T00:22:00.384+0000 7ff738d4f140 -1 mgr[py] Module test_orchestrator has missing NOTIFY_TYPES member
2026-02-20T00:22:00.872 INFO:journalctl@ceph.mgr.x.trial077.stdout:Feb 20 00:22:00 trial077 ceph-158c8d47-0df2-11f1-90c6-d404e6e7d460-mgr-x[39959]:
2026-02-20T00:22:00.413+0000 7ff738d4f140 -1 mgr[py] Module osd_support has missing NOTIFY_TYPES member
2026-02-20T00:22:00.872 INFO:journalctl@ceph.mgr.x.trial077.stdout:Feb 20 00:22:00 trial077 ceph-158c8d47-0df2-11f1-90c6-d404e6e7d460-mgr-x[39959]:
2026-02-20T00:22:00.505+0000 7ff738d4f140 -1 mgr[py] Module orchestrator has missing NOTIFY_TYPES member
2026-02-20T00:22:01.372 INFO:journalctl@ceph.mgr.x.trial077.stdout:Feb 20 00:22:00 trial077 ceph-158c8d47-0df2-11f1-90c6-d404e6e7d460-mgr-x[39959]:
2026-02-20T00:22:00.967+0000 7ff738d4f140 -1 mgr[py] Module volumes has missing NOTIFY_TYPES member
2026-02-20T00:22:01.372 INFO:journalctl@ceph.mgr.x.trial077.stdout:Feb 20 00:22:00 trial077 ceph-158c8d47-0df2-11f1-90c6-d404e6e7d460-mgr-x[39959]:
2026-02-20T00:22:00.997+0000 7ff738d4f140 -1 mgr[py] Module zabbix has missing NOTIFY_TYPES member
2026-02-20T00:22:01.747 INFO:journalctl@ceph.mgr.x.trial077.stdout:Feb 20 00:22:01 trial077 ceph-158c8d47-0df2-11f1-90c6-d404e6e7d460-mgr-x[39959]:
2026-02-20T00:22:01.390+0000 7ff738d4f140 -1 mgr[py] Module influx has missing NOTIFY_TYPES member
2026-02-20T00:22:01.748 INFO:journalctl@ceph.mon.a.trial077.stdout:Feb 20 00:22:01 trial077 ceph-mon[39694]: Active manager daemon x restarted
2026-02-20T00:22:01.748 INFO:journalctl@ceph.mon.a.trial077.stdout:Feb 20 00:22:01 trial077 ceph-mon[39694]: Activating manager daemon x
2026-02-20T00:22:01.748 INFO:journalctl@ceph.mon.a.trial077.stdout:Feb 20 00:22:01 trial077 ceph-mon[39694]: osdmap e3: 0 total, 0 up, 0 in
2026-02-20T00:22:01.748 INFO:journalctl@ceph.mon.a.trial077.stdout:Feb 20 00:22:01 trial077 ceph-mon[39694]: mgrmap e10: x(active, starting, since 0.00262363s)
2026-02-20T00:22:01.748 INFO:journalctl@ceph.mon.a.trial077.stdout:Feb 20 00:22:01 trial077 ceph-mon[39694]: from='mgr.14150 10.20.193.77:0/3941601553' entity='mgr.x' cmd=[{"prefix": "mon metadata", "id": "a"}]: dispatch
2026-02-20T00:22:01.748 INFO:journalctl@ceph.mon.a.trial077.stdout:Feb 20 00:22:01 trial077 ceph-mon[39694]: from='mgr.14150 10.20.193.77:0/3941601553' entity='mgr.x' cmd=[{"prefix": "mgr metadata", "who": "x", "id": "x"}]: dispatch
2026-02-20T00:22:01.748 INFO:journalctl@ceph.mon.a.trial077.stdout:Feb 20 00:22:01 trial077 ceph-mon[39694]: from='mgr.14150 10.20.193.77:0/3941601553' entity='mgr.x' cmd=[{"prefix": "mds metadata"}]: dispatch
2026-02-20T00:22:01.748 INFO:journalctl@ceph.mon.a.trial077.stdout:Feb 20 00:22:01 trial077 ceph-mon[39694]: from='mgr.14150 10.20.193.77:0/3941601553' entity='mgr.x' cmd=[{"prefix": "osd metadata"}]: dispatch
2026-02-20T00:22:01.748 INFO:journalctl@ceph.mon.a.trial077.stdout:Feb 20 00:22:01 trial077 ceph-mon[39694]: from='mgr.14150 10.20.193.77:0/3941601553' entity='mgr.x' cmd=[{"prefix": "mon metadata"}]: dispatch
2026-02-20T00:22:01.748 INFO:journalctl@ceph.mon.a.trial077.stdout:Feb 20 00:22:01 trial077 ceph-mon[39694]: Manager daemon x is now available
2026-02-20T00:22:01.749 INFO:journalctl@ceph.mon.a.trial077.stdout:Feb 20 00:22:01 trial077 ceph-mon[39694]: from='mgr.14150 10.20.193.77:0/3941601553' entity='mgr.x' cmd=[{"prefix": "config dump", "format": "json"}]: dispatch
2026-02-20T00:22:01.749 INFO:journalctl@ceph.mon.a.trial077.stdout:Feb 20 00:22:01 trial077 ceph-mon[39694]: from='mgr.14150 10.20.193.77:0/3941601553' entity='mgr.x' cmd=[{"prefix":"config rm","who":"mgr","name":"mgr/rbd_support/x/mirror_snapshot_schedule"}]: dispatch
2026-02-20T00:22:01.749 INFO:journalctl@ceph.mon.a.trial077.stdout:Feb 20 00:22:01 trial077 ceph-mon[39694]: from='mgr.14150 10.20.193.77:0/3941601553' entity='mgr.x' cmd=[{"prefix":"config rm","who":"mgr","name":"mgr/rbd_support/x/trash_purge_schedule"}]: dispatch
2026-02-20T00:22:02.474 INFO:teuthology.orchestra.run.trial077.stdout:/usr/bin/ceph: stdout {
2026-02-20T00:22:02.474 INFO:teuthology.orchestra.run.trial077.stdout:/usr/bin/ceph: stdout "mgrmap_epoch": 11,
2026-02-20T00:22:02.474 INFO:teuthology.orchestra.run.trial077.stdout:/usr/bin/ceph: stdout "initialized": true
2026-02-20T00:22:02.474 INFO:teuthology.orchestra.run.trial077.stdout:/usr/bin/ceph: stdout }
2026-02-20T00:22:02.475 INFO:teuthology.orchestra.run.trial077.stdout:/usr/bin/ceph: stderr
2026-02-20T00:21:59.111+0000 7fa47fb0c640 1 Processor -- start
2026-02-20T00:22:02.475 INFO:teuthology.orchestra.run.trial077.stdout:/usr/bin/ceph: stderr
2026-02-20T00:21:59.111+0000 7fa47fb0c640 1 -- start start
2026-02-20T00:22:02.475 INFO:teuthology.orchestra.run.trial077.stdout:/usr/bin/ceph: stderr
2026-02-20T00:21:59.111+0000 7fa47fb0c640 1 --2- >> [v2:10.20.193.77:3300/0,v1:10.20.193.77:6789/0] conn(0x7fa47807ee60 0x7fa47807d2c0 unknown :-1 s=NONE pgs=0 cs=0 l=0 rev1=0 crypto rx=0 tx=0 comp rx=0 tx=0).connect
2026-02-20T00:22:02.475 INFO:teuthology.orchestra.run.trial077.stdout:/usr/bin/ceph: stderr
2026-02-20T00:21:59.111+0000 7fa47fb0c640 1 -- --> [v2:10.20.193.77:3300/0,v1:10.20.193.77:6789/0] -- mon_getmap magic: 0 -- 0x7fa47807d800 con 0x7fa47807ee60
2026-02-20T00:22:02.475 INFO:teuthology.orchestra.run.trial077.stdout:/usr/bin/ceph: stderr
2026-02-20T00:21:59.111+0000 7fa47d881640 1 --2- >> [v2:10.20.193.77:3300/0,v1:10.20.193.77:6789/0] conn(0x7fa47807ee60 0x7fa47807d2c0 unknown :-1 s=BANNER_CONNECTING pgs=0 cs=0 l=0 rev1=0 crypto rx=0 tx=0 comp rx=0 tx=0)._handle_peer_banner_payload supported=3 required=0
2026-02-20T00:22:02.475 INFO:teuthology.orchestra.run.trial077.stdout:/usr/bin/ceph: stderr
2026-02-20T00:21:59.111+0000 7fa47d881640 1 --2- >> [v2:10.20.193.77:3300/0,v1:10.20.193.77:6789/0] conn(0x7fa47807ee60 0x7fa47807d2c0 unknown :-1 s=HELLO_CONNECTING pgs=0 cs=0 l=0 rev1=1 crypto rx=0 tx=0 comp rx=0 tx=0).handle_hello peer v2:10.20.193.77:3300/0 says I am v2:10.20.193.77:37202/0 (socket says 10.20.193.77:37202)
2026-02-20T00:22:02.475 INFO:teuthology.orchestra.run.trial077.stdout:/usr/bin/ceph: stderr
2026-02-20T00:21:59.111+0000 7fa47d881640 1 -- 10.20.193.77:0/46587162 learned_addr learned my addr 10.20.193.77:0/46587162 (peer_addr_for_me v2:10.20.193.77:0/0)
2026-02-20T00:22:02.475 INFO:teuthology.orchestra.run.trial077.stdout:/usr/bin/ceph: stderr
2026-02-20T00:21:59.112+0000 7fa47d881640 1 -- 10.20.193.77:0/46587162 --> [v2:10.20.193.77:3300/0,v1:10.20.193.77:6789/0] -- mon_subscribe({config=0+,monmap=0+}) -- 0x7fa47807d980 con 0x7fa47807ee60
2026-02-20T00:22:02.475 INFO:teuthology.orchestra.run.trial077.stdout:/usr/bin/ceph: stderr
2026-02-20T00:21:59.112+0000 7fa47d881640 1 --2- 10.20.193.77:0/46587162 >> [v2:10.20.193.77:3300/0,v1:10.20.193.77:6789/0] conn(0x7fa47807ee60 0x7fa47807d2c0 secure :-1 s=READY pgs=59 cs=0 l=1 rev1=1 crypto rx=0x7fa468009920 tx=0x7fa46802ef20 comp rx=0 tx=0).ready entity=mon.0 client_cookie=a9e271287b5f2aa8 server_cookie=0 in_seq=0 out_seq=0
2026-02-20T00:22:02.476 INFO:teuthology.orchestra.run.trial077.stdout:/usr/bin/ceph: stderr
2026-02-20T00:21:59.112+0000 7fa47c87f640 1 -- 10.20.193.77:0/46587162 <== mon.0 v2:10.20.193.77:3300/0 1 ==== mon_map magic: 0 ==== 205+0+0 (secure 0 0 0) 0x7fa46803c070 con 0x7fa47807ee60
2026-02-20T00:22:02.476 INFO:teuthology.orchestra.run.trial077.stdout:/usr/bin/ceph: stderr
2026-02-20T00:21:59.112+0000 7fa47c87f640 1 -- 10.20.193.77:0/46587162 <== mon.0 v2:10.20.193.77:3300/0 2 ==== config(26 keys) ==== 1076+0+0 (secure 0 0 0) 0x7fa468037440 con 0x7fa47807ee60
2026-02-20T00:22:02.476 INFO:teuthology.orchestra.run.trial077.stdout:/usr/bin/ceph: stderr
2026-02-20T00:21:59.112+0000 7fa47c87f640 1 -- 10.20.193.77:0/46587162 <== mon.0 v2:10.20.193.77:3300/0 3 ==== mon_map magic: 0 ==== 205+0+0 (secure 0 0 0) 0x7fa4680354d0 con 0x7fa47807ee60
2026-02-20T00:22:02.476 INFO:teuthology.orchestra.run.trial077.stdout:/usr/bin/ceph: stderr
2026-02-20T00:21:59.112+0000 7fa47fb0c640 1 -- 10.20.193.77:0/46587162 >> [v2:10.20.193.77:3300/0,v1:10.20.193.77:6789/0] conn(0x7fa47807ee60 msgr2=0x7fa47807d2c0 secure :-1 s=STATE_CONNECTION_ESTABLISHED l=1).mark_down
2026-02-20T00:22:02.476 INFO:teuthology.orchestra.run.trial077.stdout:/usr/bin/ceph: stderr
2026-02-20T00:21:59.112+0000 7fa47fb0c640 1 --2- 10.20.193.77:0/46587162 >> [v2:10.20.193.77:3300/0,v1:10.20.193.77:6789/0] conn(0x7fa47807ee60 0x7fa47807d2c0 secure :-1 s=READY pgs=59 cs=0 l=1 rev1=1 crypto rx=0x7fa468009920 tx=0x7fa46802ef20 comp rx=0 tx=0).stop
2026-02-20T00:22:02.476 INFO:teuthology.orchestra.run.trial077.stdout:/usr/bin/ceph: stderr
2026-02-20T00:21:59.112+0000 7fa47fb0c640 1 -- 10.20.193.77:0/46587162 shutdown_connections
2026-02-20T00:22:02.476 INFO:teuthology.orchestra.run.trial077.stdout:/usr/bin/ceph: stderr
2026-02-20T00:21:59.112+0000 7fa47fb0c640 1 --2- 10.20.193.77:0/46587162 >> [v2:10.20.193.77:3300/0,v1:10.20.193.77:6789/0] conn(0x7fa47807ee60 0x7fa47807d2c0 unknown :-1 s=CLOSED pgs=59 cs=0 l=1 rev1=1 crypto rx=0 tx=0 comp rx=0 tx=0).stop
2026-02-20T00:22:02.476 INFO:teuthology.orchestra.run.trial077.stdout:/usr/bin/ceph: stderr
2026-02-20T00:21:59.112+0000 7fa47fb0c640 1 -- 10.20.193.77:0/46587162 >> 10.20.193.77:0/46587162 conn(0x7fa478103a60 msgr2=0x7fa478105e80 unknown :-1 s=STATE_NONE l=0).mark_down
2026-02-20T00:22:02.476 INFO:teuthology.orchestra.run.trial077.stdout:/usr/bin/ceph: stderr
2026-02-20T00:21:59.112+0000 7fa47fb0c640 1 -- 10.20.193.77:0/46587162 shutdown_connections
2026-02-20T00:22:02.476 INFO:teuthology.orchestra.run.trial077.stdout:/usr/bin/ceph: stderr
2026-02-20T00:21:59.113+0000 7fa47fb0c640 1 -- 10.20.193.77:0/46587162 wait complete.
2026-02-20T00:22:02.477 INFO:teuthology.orchestra.run.trial077.stdout:/usr/bin/ceph: stderr
2026-02-20T00:21:59.113+0000 7fa47fb0c640 1 Processor -- start
2026-02-20T00:22:02.477 INFO:teuthology.orchestra.run.trial077.stdout:/usr/bin/ceph: stderr
2026-02-20T00:21:59.113+0000 7fa47fb0c640 1 -- start start
2026-02-20T00:22:02.477 INFO:teuthology.orchestra.run.trial077.stdout:/usr/bin/ceph: stderr
2026-02-20T00:21:59.113+0000 7fa47fb0c640 1 --2- >> [v2:10.20.193.77:3300/0,v1:10.20.193.77:6789/0] conn(0x7fa47807ee60 0x7fa4781a02f0 unknown :-1 s=NONE pgs=0 cs=0 l=1 rev1=0 crypto rx=0 tx=0 comp rx=0 tx=0).connect
2026-02-20T00:22:02.477 INFO:teuthology.orchestra.run.trial077.stdout:/usr/bin/ceph: stderr
2026-02-20T00:21:59.113+0000 7fa47fb0c640 1 -- --> [v2:10.20.193.77:3300/0,v1:10.20.193.77:6789/0] -- mon_getmap magic: 0 -- 0x7fa47810e850 con 0x7fa47807ee60
2026-02-20T00:22:02.477 INFO:teuthology.orchestra.run.trial077.stdout:/usr/bin/ceph: stderr
2026-02-20T00:21:59.113+0000 7fa47d881640 1 --2- >> [v2:10.20.193.77:3300/0,v1:10.20.193.77:6789/0] conn(0x7fa47807ee60 0x7fa4781a02f0 unknown :-1 s=BANNER_CONNECTING pgs=0 cs=0 l=1 rev1=0 crypto rx=0 tx=0 comp rx=0 tx=0)._handle_peer_banner_payload supported=3 required=0
2026-02-20T00:22:02.477 INFO:teuthology.orchestra.run.trial077.stdout:/usr/bin/ceph: stderr
2026-02-20T00:21:59.113+0000 7fa47d881640 1 --2- >> [v2:10.20.193.77:3300/0,v1:10.20.193.77:6789/0] conn(0x7fa47807ee60 0x7fa4781a02f0 unknown :-1 s=HELLO_CONNECTING pgs=0 cs=0 l=1 rev1=1 crypto rx=0 tx=0 comp rx=0 tx=0).handle_hello peer v2:10.20.193.77:3300/0 says I am v2:10.20.193.77:37206/0 (socket says 10.20.193.77:37206)
2026-02-20T00:22:02.477 INFO:teuthology.orchestra.run.trial077.stdout:/usr/bin/ceph: stderr
2026-02-20T00:21:59.113+0000 7fa47d881640 1 -- 10.20.193.77:0/298225071 learned_addr learned my addr 10.20.193.77:0/298225071 (peer_addr_for_me v2:10.20.193.77:0/0)
2026-02-20T00:22:02.477 INFO:teuthology.orchestra.run.trial077.stdout:/usr/bin/ceph: stderr
2026-02-20T00:21:59.113+0000 7fa47d881640 1 -- 10.20.193.77:0/298225071 --> [v2:10.20.193.77:3300/0,v1:10.20.193.77:6789/0] -- mon_subscribe({config=0+,monmap=0+}) -- 0x7fa4781a0830 con 0x7fa47807ee60
2026-02-20T00:22:02.477 INFO:teuthology.orchestra.run.trial077.stdout:/usr/bin/ceph: stderr
2026-02-20T00:21:59.113+0000 7fa47d881640 1 --2- 10.20.193.77:0/298225071 >> [v2:10.20.193.77:3300/0,v1:10.20.193.77:6789/0] conn(0x7fa47807ee60 0x7fa4781a02f0 secure :-1 s=READY pgs=60 cs=0 l=1 rev1=1 crypto rx=0x7fa468039000 tx=0x7fa468037820 comp rx=0 tx=0).ready entity=mon.0 client_cookie=0 server_cookie=0 in_seq=0 out_seq=0
2026-02-20T00:22:02.477 INFO:teuthology.orchestra.run.trial077.stdout:/usr/bin/ceph: stderr
2026-02-20T00:21:59.113+0000 7fa466ffd640 1 -- 10.20.193.77:0/298225071 <== mon.0 v2:10.20.193.77:3300/0 1 ==== mon_map magic: 0 ==== 205+0+0 (secure 0 0 0) 0x7fa468047070 con 0x7fa47807ee60
2026-02-20T00:22:02.477 INFO:teuthology.orchestra.run.trial077.stdout:/usr/bin/ceph: stderr
2026-02-20T00:21:59.113+0000 7fa47fb0c640 1 -- 10.20.193.77:0/298225071 --> [v2:10.20.193.77:3300/0,v1:10.20.193.77:6789/0] -- mon_subscribe({mgrmap=0+}) -- 0x7fa4781a0ac0 con 0x7fa47807ee60
2026-02-20T00:22:02.478 INFO:teuthology.orchestra.run.trial077.stdout:/usr/bin/ceph: stderr
2026-02-20T00:21:59.113+0000 7fa466ffd640 1 -- 10.20.193.77:0/298225071 <== mon.0 v2:10.20.193.77:3300/0 2 ==== config(26 keys) ==== 1076+0+0 (secure 0 0 0) 0x7fa468035df0 con 0x7fa47807ee60
2026-02-20T00:22:02.478 INFO:teuthology.orchestra.run.trial077.stdout:/usr/bin/ceph: stderr
2026-02-20T00:21:59.113+0000 7fa466ffd640 1 -- 10.20.193.77:0/298225071 <== mon.0 v2:10.20.193.77:3300/0 3 ==== mon_map magic: 0 ==== 205+0+0 (secure 0 0 0) 0x7fa46803c070 con 0x7fa47807ee60
2026-02-20T00:22:02.478 INFO:teuthology.orchestra.run.trial077.stdout:/usr/bin/ceph: stderr
2026-02-20T00:21:59.113+0000 7fa47fb0c640 1 -- 10.20.193.77:0/298225071 --> [v2:10.20.193.77:3300/0,v1:10.20.193.77:6789/0] -- mon_subscribe({osdmap=0}) -- 0x7fa4781a37b0 con 0x7fa47807ee60
2026-02-20T00:22:02.478 INFO:teuthology.orchestra.run.trial077.stdout:/usr/bin/ceph: stderr
2026-02-20T00:21:59.114+0000 7fa466ffd640 1 -- 10.20.193.77:0/298225071 <== mon.0 v2:10.20.193.77:3300/0 4 ==== mgrmap(e 9) ==== 50260+0+0 (secure 0 0 0) 0x7fa468042640 con 0x7fa47807ee60
2026-02-20T00:22:02.478 INFO:teuthology.orchestra.run.trial077.stdout:/usr/bin/ceph: stderr
2026-02-20T00:21:59.114+0000 7fa466ffd640 1 --2- 10.20.193.77:0/298225071 >> [v2:10.20.193.77:6800/2426752061,v1:10.20.193.77:6801/2426752061] conn(0x7fa45403dbf0 0x7fa4540400b0 unknown :-1 s=NONE pgs=0 cs=0 l=1 rev1=0 crypto rx=0 tx=0 comp rx=0 tx=0).connect
2026-02-20T00:22:02.478 INFO:teuthology.orchestra.run.trial077.stdout:/usr/bin/ceph: stderr
2026-02-20T00:21:59.114+0000 7fa466ffd640 1 -- 10.20.193.77:0/298225071 --> [v2:10.20.193.77:6800/2426752061,v1:10.20.193.77:6801/2426752061] -- command(tid 0: {"prefix": "get_command_descriptions"}) -- 0x7fa4540407c0 con 0x7fa45403dbf0
2026-02-20T00:22:02.478 INFO:teuthology.orchestra.run.trial077.stdout:/usr/bin/ceph: stderr
2026-02-20T00:21:59.114+0000 7fa466ffd640 1 -- 10.20.193.77:0/298225071 <== mon.0 v2:10.20.193.77:3300/0 5 ==== osd_map(2..2 src has 1..2) ==== 940+0+0 (secure 0 0 0) 0x7fa4680768c0 con 0x7fa47807ee60
2026-02-20T00:22:02.478 INFO:teuthology.orchestra.run.trial077.stdout:/usr/bin/ceph: stderr
2026-02-20T00:21:59.114+0000 7fa47d080640 1 -- 10.20.193.77:0/298225071 >> [v2:10.20.193.77:6800/2426752061,v1:10.20.193.77:6801/2426752061] conn(0x7fa45403dbf0 msgr2=0x7fa4540400b0 unknown :-1 s=STATE_CONNECTING_RE l=1).process reconnect failed to v2:10.20.193.77:6800/2426752061
2026-02-20T00:22:02.478 INFO:teuthology.orchestra.run.trial077.stdout:/usr/bin/ceph: stderr
2026-02-20T00:21:59.114+0000 7fa47d080640 1 --2- 10.20.193.77:0/298225071 >> [v2:10.20.193.77:6800/2426752061,v1:10.20.193.77:6801/2426752061] conn(0x7fa45403dbf0 0x7fa4540400b0 unknown :-1 s=START_CONNECT pgs=0 cs=0 l=1 rev1=0 crypto rx=0 tx=0 comp rx=0 tx=0)._fault waiting 0.200000
2026-02-20T00:22:02.478 INFO:teuthology.orchestra.run.trial077.stdout:/usr/bin/ceph: stderr
2026-02-20T00:21:59.315+0000 7fa47d080640 1 -- 10.20.193.77:0/298225071 >> [v2:10.20.193.77:6800/2426752061,v1:10.20.193.77:6801/2426752061] conn(0x7fa45403dbf0 msgr2=0x7fa4540400b0 unknown :-1 s=STATE_CONNECTING_RE l=1).process reconnect failed to v2:10.20.193.77:6800/2426752061
2026-02-20T00:22:02.479 INFO:teuthology.orchestra.run.trial077.stdout:/usr/bin/ceph: stderr
2026-02-20T00:21:59.315+0000 7fa47d080640 1 --2- 10.20.193.77:0/298225071 >> [v2:10.20.193.77:6800/2426752061,v1:10.20.193.77:6801/2426752061] conn(0x7fa45403dbf0 0x7fa4540400b0 unknown :-1 s=START_CONNECT pgs=0 cs=0 l=1 rev1=0 crypto rx=0 tx=0 comp rx=0 tx=0)._fault waiting 0.400000
2026-02-20T00:22:02.479 INFO:teuthology.orchestra.run.trial077.stdout:/usr/bin/ceph: stderr
2026-02-20T00:21:59.716+0000 7fa47d080640 1 -- 10.20.193.77:0/298225071 >> [v2:10.20.193.77:6800/2426752061,v1:10.20.193.77:6801/2426752061] conn(0x7fa45403dbf0 msgr2=0x7fa4540400b0 unknown :-1 s=STATE_CONNECTING_RE l=1).process reconnect failed to v2:10.20.193.77:6800/2426752061
2026-02-20T00:22:02.479 INFO:teuthology.orchestra.run.trial077.stdout:/usr/bin/ceph: stderr
2026-02-20T00:21:59.716+0000 7fa47d080640 1 --2- 10.20.193.77:0/298225071 >> [v2:10.20.193.77:6800/2426752061,v1:10.20.193.77:6801/2426752061] conn(0x7fa45403dbf0 0x7fa4540400b0 unknown :-1 s=START_CONNECT pgs=0 cs=0 l=1 rev1=0 crypto rx=0 tx=0 comp rx=0 tx=0)._fault waiting 0.800000
2026-02-20T00:22:02.479 INFO:teuthology.orchestra.run.trial077.stdout:/usr/bin/ceph: stderr
2026-02-20T00:22:00.517+0000 7fa47d080640 1 -- 10.20.193.77:0/298225071 >> [v2:10.20.193.77:6800/2426752061,v1:10.20.193.77:6801/2426752061] conn(0x7fa45403dbf0 msgr2=0x7fa4540400b0 unknown :-1 s=STATE_CONNECTING_RE l=1).process reconnect failed to v2:10.20.193.77:6800/2426752061
2026-02-20T00:22:02.479 INFO:teuthology.orchestra.run.trial077.stdout:/usr/bin/ceph: stderr
2026-02-20T00:22:00.517+0000 7fa47d080640 1 --2- 10.20.193.77:0/298225071 >> [v2:10.20.193.77:6800/2426752061,v1:10.20.193.77:6801/2426752061] conn(0x7fa45403dbf0 0x7fa4540400b0 unknown :-1 s=START_CONNECT pgs=0 cs=0 l=1 rev1=0 crypto rx=0 tx=0 comp rx=0 tx=0)._fault waiting 1.600000
2026-02-20T00:22:02.479 INFO:teuthology.orchestra.run.trial077.stdout:/usr/bin/ceph: stderr
2026-02-20T00:22:01.393+0000 7fa466ffd640 1 -- 10.20.193.77:0/298225071 <== mon.0 v2:10.20.193.77:3300/0 6 ==== mgrmap(e 10) ==== 50027+0+0 (secure 0 0 0) 0x7fa4680756c0 con 0x7fa47807ee60
2026-02-20T00:22:02.479 INFO:teuthology.orchestra.run.trial077.stdout:/usr/bin/ceph: stderr
