2026-02-20T00:21:53.470+0000 7fd700e47640 1 --2- 10.20.193.77:0/1284815553 >> [v2:10.20.193.77:3300/0,v1:10.20.193.77:6789/0] conn(0x7fd6fc10a9d0 0x7fd6fc1a0390 secure :-1 s=READY pgs=36 cs=0 l=1 rev1=1 crypto rx=0x7fd6ec009a50 tx=0x7fd6ec037b90 comp rx=0 tx=0).ready entity=mon.0 client_cookie=0 server_cookie=0 in_seq=0 out_seq=0
2026-02-20T00:21:53.588 INFO:teuthology.orchestra.run.trial077.stdout:/usr/bin/ceph: stderr
2026-02-20T00:21:53.470+0000 7fd6f1ffb640 1 -- 10.20.193.77:0/1284815553 <== mon.0 v2:10.20.193.77:3300/0 1 ==== mon_map magic: 0 ==== 205+0+0 (secure 0 0 0) 0x7fd6ec045070 con 0x7fd6fc10a9d0
2026-02-20T00:21:53.588 INFO:teuthology.orchestra.run.trial077.stdout:/usr/bin/ceph: stderr
2026-02-20T00:21:53.470+0000 7fd6f1ffb640 1 -- 10.20.193.77:0/1284815553 <== mon.0 v2:10.20.193.77:3300/0 2 ==== config(26 keys) ==== 1045+0+0 (secure 0 0 0) 0x7fd6ec040450 con 0x7fd6fc10a9d0
2026-02-20T00:21:53.588 INFO:teuthology.orchestra.run.trial077.stdout:/usr/bin/ceph: stderr
2026-02-20T00:21:53.470+0000 7fd7030d2640 1 -- 10.20.193.77:0/1284815553 --> [v2:10.20.193.77:3300/0,v1:10.20.193.77:6789/0] -- mon_subscribe({mgrmap=0+}) -- 0x7fd6fc1a0b60 con 0x7fd6fc10a9d0
2026-02-20T00:21:53.588 INFO:teuthology.orchestra.run.trial077.stdout:/usr/bin/ceph: stderr
2026-02-20T00:21:53.470+0000 7fd6f1ffb640 1 -- 10.20.193.77:0/1284815553 <== mon.0 v2:10.20.193.77:3300/0 3 ==== mon_map magic: 0 ==== 205+0+0 (secure 0 0 0) 0x7fd6ec03c070 con 0x7fd6fc10a9d0
2026-02-20T00:21:53.588 INFO:teuthology.orchestra.run.trial077.stdout:/usr/bin/ceph: stderr
2026-02-20T00:21:53.470+0000 7fd7030d2640 1 -- 10.20.193.77:0/1284815553 --> [v2:10.20.193.77:3300/0,v1:10.20.193.77:6789/0] -- mon_subscribe({osdmap=0}) -- 0x7fd6fc1a3850 con 0x7fd6fc10a9d0
2026-02-20T00:21:53.588 INFO:teuthology.orchestra.run.trial077.stdout:/usr/bin/ceph: stderr
2026-02-20T00:21:53.470+0000 7fd7030d2640 1 -- 10.20.193.77:0/1284815553 --> [v2:10.20.193.77:3300/0,v1:10.20.193.77:6789/0] -- mon_command({"prefix": "get_command_descriptions"} v 0) -- 0x7fd6fc10ae50 con 0x7fd6fc10a9d0
2026-02-20T00:21:53.588 INFO:teuthology.orchestra.run.trial077.stdout:/usr/bin/ceph: stderr
2026-02-20T00:21:53.470+0000 7fd6f1ffb640 1 -- 10.20.193.77:0/1284815553 <== mon.0 v2:10.20.193.77:3300/0 4 ==== mgrmap(e 7) ==== 50141+0+0 (secure 0 0 0) 0x7fd6ec040900 con 0x7fd6fc10a9d0
2026-02-20T00:21:53.588 INFO:teuthology.orchestra.run.trial077.stdout:/usr/bin/ceph: stderr
2026-02-20T00:21:53.470+0000 7fd6f1ffb640 1 --2- 10.20.193.77:0/1284815553 >> [v2:10.20.193.77:6800/2426752061,v1:10.20.193.77:6801/2426752061] conn(0x7fd6d803dad0 0x7fd6d803ff90 unknown :-1 s=NONE pgs=0 cs=0 l=1 rev1=0 crypto rx=0 tx=0 comp rx=0 tx=0).connect
2026-02-20T00:21:53.588 INFO:teuthology.orchestra.run.trial077.stdout:/usr/bin/ceph: stderr
2026-02-20T00:21:53.470+0000 7fd6f1ffb640 1 -- 10.20.193.77:0/1284815553 <== mon.0 v2:10.20.193.77:3300/0 5 ==== osd_map(2..2 src has 1..2) ==== 940+0+0 (secure 0 0 0) 0x7fd6ec076510 con 0x7fd6fc10a9d0
2026-02-20T00:21:53.588 INFO:teuthology.orchestra.run.trial077.stdout:/usr/bin/ceph: stderr
2026-02-20T00:21:53.471+0000 7fd6f3fff640 1 --2- 10.20.193.77:0/1284815553 >> [v2:10.20.193.77:6800/2426752061,v1:10.20.193.77:6801/2426752061] conn(0x7fd6d803dad0 0x7fd6d803ff90 unknown :-1 s=BANNER_CONNECTING pgs=0 cs=0 l=1 rev1=0 crypto rx=0 tx=0 comp rx=0 tx=0)._handle_peer_banner_payload supported=3 required=0
2026-02-20T00:21:53.588 INFO:teuthology.orchestra.run.trial077.stdout:/usr/bin/ceph: stderr
2026-02-20T00:21:53.471+0000 7fd6f3fff640 1 --2- 10.20.193.77:0/1284815553 >> [v2:10.20.193.77:6800/2426752061,v1:10.20.193.77:6801/2426752061] conn(0x7fd6d803dad0 0x7fd6d803ff90 secure :-1 s=READY pgs=7 cs=0 l=1 rev1=1 crypto rx=0x7fd6e40099c0 tx=0x7fd6e4006eb0 comp rx=0 tx=0).ready entity=mgr.14118 client_cookie=0 server_cookie=0 in_seq=0 out_seq=0
2026-02-20T00:21:53.588 INFO:teuthology.orchestra.run.trial077.stdout:/usr/bin/ceph: stderr
2026-02-20T00:21:53.473+0000 7fd6f1ffb640 1 -- 10.20.193.77:0/1284815553 <== mon.0 v2:10.20.193.77:3300/0 6 ==== mon_command_ack([{"prefix": "get_command_descriptions"}]=0 v0) ==== 72+0+195034 (secure 0 0 0) 0x7fd6ec0406b0 con 0x7fd6fc10a9d0
2026-02-20T00:21:53.588 INFO:teuthology.orchestra.run.trial077.stdout:/usr/bin/ceph: stderr
2026-02-20T00:21:53.562+0000 7fd7030d2640 1 -- 10.20.193.77:0/1284815553 --> [v2:10.20.193.77:6800/2426752061,v1:10.20.193.77:6801/2426752061] -- mgr_command(tid 0: {"prefix": "orch set backend", "module_name": "cephadm", "target": ["mon-mgr", ""]}) -- 0x7fd6fc108dc0 con 0x7fd6d803dad0
2026-02-20T00:21:53.588 INFO:teuthology.orchestra.run.trial077.stdout:/usr/bin/ceph: stderr
2026-02-20T00:21:53.566+0000 7fd6f1ffb640 1 -- 10.20.193.77:0/1284815553 <== mgr.14118 v2:10.20.193.77:6800/2426752061 1 ==== mgr_command_reply(tid 0: 0 ) ==== 8+0+0 (secure 0 0 0) 0x7fd6fc108dc0 con 0x7fd6d803dad0
2026-02-20T00:21:53.588 INFO:teuthology.orchestra.run.trial077.stdout:/usr/bin/ceph: stderr
2026-02-20T00:21:53.566+0000 7fd7030d2640 1 -- 10.20.193.77:0/1284815553 >> [v2:10.20.193.77:6800/2426752061,v1:10.20.193.77:6801/2426752061] conn(0x7fd6d803dad0 msgr2=0x7fd6d803ff90 secure :-1 s=STATE_CONNECTION_ESTABLISHED l=1).mark_down
2026-02-20T00:21:53.588 INFO:teuthology.orchestra.run.trial077.stdout:/usr/bin/ceph: stderr
2026-02-20T00:21:53.566+0000 7fd7030d2640 1 --2- 10.20.193.77:0/1284815553 >> [v2:10.20.193.77:6800/2426752061,v1:10.20.193.77:6801/2426752061] conn(0x7fd6d803dad0 0x7fd6d803ff90 secure :-1 s=READY pgs=7 cs=0 l=1 rev1=1 crypto rx=0x7fd6e40099c0 tx=0x7fd6e4006eb0 comp rx=0 tx=0).stop
2026-02-20T00:21:53.588 INFO:teuthology.orchestra.run.trial077.stdout:/usr/bin/ceph: stderr
2026-02-20T00:21:53.566+0000 7fd7030d2640 1 -- 10.20.193.77:0/1284815553 >> [v2:10.20.193.77:3300/0,v1:10.20.193.77:6789/0] conn(0x7fd6fc10a9d0 msgr2=0x7fd6fc1a0390 secure :-1 s=STATE_CONNECTION_ESTABLISHED l=1).mark_down
2026-02-20T00:21:53.588 INFO:teuthology.orchestra.run.trial077.stdout:/usr/bin/ceph: stderr
2026-02-20T00:21:53.566+0000 7fd7030d2640 1 --2- 10.20.193.77:0/1284815553 >> [v2:10.20.193.77:3300/0,v1:10.20.193.77:6789/0] conn(0x7fd6fc10a9d0 0x7fd6fc1a0390 secure :-1 s=READY pgs=36 cs=0 l=1 rev1=1 crypto rx=0x7fd6ec009a50 tx=0x7fd6ec037b90 comp rx=0 tx=0).stop
2026-02-20T00:21:53.588 INFO:teuthology.orchestra.run.trial077.stdout:/usr/bin/ceph: stderr
2026-02-20T00:21:53.566+0000 7fd7030d2640 1 -- 10.20.193.77:0/1284815553 shutdown_connections
2026-02-20T00:21:53.588 INFO:teuthology.orchestra.run.trial077.stdout:/usr/bin/ceph: stderr
2026-02-20T00:21:53.566+0000 7fd7030d2640 1 --2- 10.20.193.77:0/1284815553 >> [v2:10.20.193.77:6800/2426752061,v1:10.20.193.77:6801/2426752061] conn(0x7fd6d803dad0 0x7fd6d803ff90 unknown :-1 s=CLOSED pgs=7 cs=0 l=1 rev1=1 crypto rx=0 tx=0 comp rx=0 tx=0).stop
2026-02-20T00:21:53.588 INFO:teuthology.orchestra.run.trial077.stdout:/usr/bin/ceph: stderr
2026-02-20T00:21:53.566+0000 7fd7030d2640 1 --2- 10.20.193.77:0/1284815553 >> [v2:10.20.193.77:3300/0,v1:10.20.193.77:6789/0] conn(0x7fd6fc10a9d0 0x7fd6fc1a0390 unknown :-1 s=CLOSED pgs=36 cs=0 l=1 rev1=1 crypto rx=0 tx=0 comp rx=0 tx=0).stop
2026-02-20T00:21:53.588 INFO:teuthology.orchestra.run.trial077.stdout:/usr/bin/ceph: stderr
2026-02-20T00:21:53.566+0000 7fd7030d2640 1 -- 10.20.193.77:0/1284815553 >> 10.20.193.77:0/1284815553 conn(0x7fd6fc07da30 msgr2=0x7fd6fc1086b0 unknown :-1 s=STATE_NONE l=0).mark_down
2026-02-20T00:21:53.588 INFO:teuthology.orchestra.run.trial077.stdout:/usr/bin/ceph: stderr
2026-02-20T00:21:53.566+0000 7fd7030d2640 1 -- 10.20.193.77:0/1284815553 shutdown_connections
2026-02-20T00:21:53.588 INFO:teuthology.orchestra.run.trial077.stdout:/usr/bin/ceph: stderr
2026-02-20T00:21:53.567+0000 7fd7030d2640 1 -- 10.20.193.77:0/1284815553 wait complete.
2026-02-20T00:21:53.608 INFO:journalctl@ceph.mon.a.trial077.stdout:Feb 20 00:21:53 trial077 ceph-mon[39694]: Found migration_current of "None". Setting to last migration.
2026-02-20T00:21:53.608 INFO:journalctl@ceph.mon.a.trial077.stdout:Feb 20 00:21:53 trial077 ceph-mon[39694]: from='mgr.14118 10.20.193.77:0/2628025818' entity='mgr.x'
2026-02-20T00:21:53.608 INFO:journalctl@ceph.mon.a.trial077.stdout:Feb 20 00:21:53 trial077 ceph-mon[39694]: from='mgr.14118 10.20.193.77:0/2628025818' entity='mgr.x'
2026-02-20T00:21:53.608 INFO:journalctl@ceph.mon.a.trial077.stdout:Feb 20 00:21:53 trial077 ceph-mon[39694]: mgrmap e7: x(active, since 1.0037s)
2026-02-20T00:21:53.790 INFO:teuthology.orchestra.run.trial077.stdout:/usr/bin/ceph: stdout value unchanged
2026-02-20T00:21:53.790 INFO:teuthology.orchestra.run.trial077.stdout:/usr/bin/ceph: stderr
2026-02-20T00:21:53.676+0000 7f895d1dd640 1 Processor -- start
2026-02-20T00:21:53.791 INFO:teuthology.orchestra.run.trial077.stdout:/usr/bin/ceph: stderr
2026-02-20T00:21:53.676+0000 7f895d1dd640 1 -- start start
2026-02-20T00:21:53.791 INFO:teuthology.orchestra.run.trial077.stdout:/usr/bin/ceph: stderr
2026-02-20T00:21:53.676+0000 7f895d1dd640 1 --2- >> [v2:10.20.193.77:3300/0,v1:10.20.193.77:6789/0] conn(0x7f895810a9d0 0x7f895810add0 unknown :-1 s=NONE pgs=0 cs=0 l=0 rev1=0 crypto rx=0 tx=0 comp rx=0 tx=0).connect
2026-02-20T00:21:53.791 INFO:teuthology.orchestra.run.trial077.stdout:/usr/bin/ceph: stderr
2026-02-20T00:21:53.676+0000 7f895d1dd640 1 -- --> [v2:10.20.193.77:3300/0,v1:10.20.193.77:6789/0] -- mon_getmap magic: 0 -- 0x7f895810b3a0 con 0x7f895810a9d0
2026-02-20T00:21:53.791 INFO:teuthology.orchestra.run.trial077.stdout:/usr/bin/ceph: stderr
2026-02-20T00:21:53.677+0000 7f8956d76640 1 --2- >> [v2:10.20.193.77:3300/0,v1:10.20.193.77:6789/0] conn(0x7f895810a9d0 0x7f895810add0 unknown :-1 s=BANNER_CONNECTING pgs=0 cs=0 l=0 rev1=0 crypto rx=0 tx=0 comp rx=0 tx=0)._handle_peer_banner_payload supported=3 required=0
2026-02-20T00:21:53.791 INFO:teuthology.orchestra.run.trial077.stdout:/usr/bin/ceph: stderr
2026-02-20T00:21:53.677+0000 7f8956d76640 1 --2- >> [v2:10.20.193.77:3300/0,v1:10.20.193.77:6789/0] conn(0x7f895810a9d0 0x7f895810add0 unknown :-1 s=HELLO_CONNECTING pgs=0 cs=0 l=0 rev1=1 crypto rx=0 tx=0 comp rx=0 tx=0).handle_hello peer v2:10.20.193.77:3300/0 says I am v2:10.20.193.77:60578/0 (socket says 10.20.193.77:60578)
2026-02-20T00:21:53.791 INFO:teuthology.orchestra.run.trial077.stdout:/usr/bin/ceph: stderr
2026-02-20T00:21:53.677+0000 7f8956d76640 1 -- 10.20.193.77:0/850404595 learned_addr learned my addr 10.20.193.77:0/850404595 (peer_addr_for_me v2:10.20.193.77:0/0)
2026-02-20T00:21:53.791 INFO:teuthology.orchestra.run.trial077.stdout:/usr/bin/ceph: stderr
2026-02-20T00:21:53.677+0000 7f8956d76640 1 -- 10.20.193.77:0/850404595 --> [v2:10.20.193.77:3300/0,v1:10.20.193.77:6789/0] -- mon_subscribe({config=0+,monmap=0+}) -- 0x7f895810b6f0 con 0x7f895810a9d0
2026-02-20T00:21:53.791 INFO:teuthology.orchestra.run.trial077.stdout:/usr/bin/ceph: stderr
2026-02-20T00:21:53.677+0000 7f8956d76640 1 --2- 10.20.193.77:0/850404595 >> [v2:10.20.193.77:3300/0,v1:10.20.193.77:6789/0] conn(0x7f895810a9d0 0x7f895810add0 secure :-1 s=READY pgs=37 cs=0 l=1 rev1=1 crypto rx=0x7f894c009920 tx=0x7f894c02ef20 comp rx=0 tx=0).ready entity=mon.0 client_cookie=230132bdbb504a7b server_cookie=0 in_seq=0 out_seq=0
2026-02-20T00:21:53.791 INFO:teuthology.orchestra.run.trial077.stdout:/usr/bin/ceph: stderr
2026-02-20T00:21:53.677+0000 7f8955d74640 1 -- 10.20.193.77:0/850404595 <== mon.0 v2:10.20.193.77:3300/0 1 ==== mon_map magic: 0 ==== 205+0+0 (secure 0 0 0) 0x7f894c03c070 con 0x7f895810a9d0
2026-02-20T00:21:53.791 INFO:teuthology.orchestra.run.trial077.stdout:/usr/bin/ceph: stderr
2026-02-20T00:21:53.677+0000 7f8955d74640 1 -- 10.20.193.77:0/850404595 <== mon.0 v2:10.20.193.77:3300/0 2 ==== config(26 keys) ==== 1045+0+0 (secure 0 0 0) 0x7f894c037440 con 0x7f895810a9d0
2026-02-20T00:21:53.791 INFO:teuthology.orchestra.run.trial077.stdout:/usr/bin/ceph: stderr
2026-02-20T00:21:53.677+0000 7f8955d74640 1 -- 10.20.193.77:0/850404595 <== mon.0 v2:10.20.193.77:3300/0 3 ==== mon_map magic: 0 ==== 205+0+0 (secure 0 0 0) 0x7f894c0354b0 con 0x7f895810a9d0
2026-02-20T00:21:53.791 INFO:teuthology.orchestra.run.trial077.stdout:/usr/bin/ceph: stderr
2026-02-20T00:21:53.678+0000 7f895d1dd640 1 -- 10.20.193.77:0/850404595 >> [v2:10.20.193.77:3300/0,v1:10.20.193.77:6789/0] conn(0x7f895810a9d0 msgr2=0x7f895810add0 secure :-1 s=STATE_CONNECTION_ESTABLISHED l=1).mark_down
2026-02-20T00:21:53.791 INFO:teuthology.orchestra.run.trial077.stdout:/usr/bin/ceph: stderr
2026-02-20T00:21:53.678+0000 7f895d1dd640 1 --2- 10.20.193.77:0/850404595 >> [v2:10.20.193.77:3300/0,v1:10.20.193.77:6789/0] conn(0x7f895810a9d0 0x7f895810add0 secure :-1 s=READY pgs=37 cs=0 l=1 rev1=1 crypto rx=0x7f894c009920 tx=0x7f894c02ef20 comp rx=0 tx=0).stop
2026-02-20T00:21:53.791 INFO:teuthology.orchestra.run.trial077.stdout:/usr/bin/ceph: stderr
2026-02-20T00:21:53.678+0000 7f895d1dd640 1 -- 10.20.193.77:0/850404595 shutdown_connections
2026-02-20T00:21:53.791 INFO:teuthology.orchestra.run.trial077.stdout:/usr/bin/ceph: stderr
2026-02-20T00:21:53.678+0000 7f895d1dd640 1 --2- 10.20.193.77:0/850404595 >> [v2:10.20.193.77:3300/0,v1:10.20.193.77:6789/0] conn(0x7f895810a9d0 0x7f895810add0 unknown :-1 s=CLOSED pgs=37 cs=0 l=1 rev1=1 crypto rx=0 tx=0 comp rx=0 tx=0).stop
2026-02-20T00:21:53.791 INFO:teuthology.orchestra.run.trial077.stdout:/usr/bin/ceph: stderr
2026-02-20T00:21:53.678+0000 7f895d1dd640 1 -- 10.20.193.77:0/850404595 >> 10.20.193.77:0/850404595 conn(0x7f895807dad0 msgr2=0x7f895807dee0 unknown :-1 s=STATE_NONE l=0).mark_down
2026-02-20T00:21:53.791 INFO:teuthology.orchestra.run.trial077.stdout:/usr/bin/ceph: stderr
2026-02-20T00:21:53.678+0000 7f895d1dd640 1 -- 10.20.193.77:0/850404595 shutdown_connections
2026-02-20T00:21:53.791 INFO:teuthology.orchestra.run.trial077.stdout:/usr/bin/ceph: stderr
2026-02-20T00:21:53.678+0000 7f895d1dd640 1 -- 10.20.193.77:0/850404595 wait complete.
2026-02-20T00:21:53.791 INFO:teuthology.orchestra.run.trial077.stdout:/usr/bin/ceph: stderr
2026-02-20T00:21:53.678+0000 7f895d1dd640 1 Processor -- start
2026-02-20T00:21:53.791 INFO:teuthology.orchestra.run.trial077.stdout:/usr/bin/ceph: stderr
2026-02-20T00:21:53.678+0000 7f895d1dd640 1 -- start start
2026-02-20T00:21:53.791 INFO:teuthology.orchestra.run.trial077.stdout:/usr/bin/ceph: stderr
2026-02-20T00:21:53.678+0000 7f895d1dd640 1 --2- >> [v2:10.20.193.77:3300/0,v1:10.20.193.77:6789/0] conn(0x7f895810a9d0 0x7f89581a0390 unknown :-1 s=NONE pgs=0 cs=0 l=1 rev1=0 crypto rx=0 tx=0 comp rx=0 tx=0).connect
2026-02-20T00:21:53.791 INFO:teuthology.orchestra.run.trial077.stdout:/usr/bin/ceph: stderr
2026-02-20T00:21:53.678+0000 7f895d1dd640 1 -- --> [v2:10.20.193.77:3300/0,v1:10.20.193.77:6789/0] -- mon_getmap magic: 0 -- 0x7f895810e920 con 0x7f895810a9d0
2026-02-20T00:21:53.791 INFO:teuthology.orchestra.run.trial077.stdout:/usr/bin/ceph: stderr
2026-02-20T00:21:53.678+0000 7f8956d76640 1 --2- >> [v2:10.20.193.77:3300/0,v1:10.20.193.77:6789/0] conn(0x7f895810a9d0 0x7f89581a0390 unknown :-1 s=BANNER_CONNECTING pgs=0 cs=0 l=1 rev1=0 crypto rx=0 tx=0 comp rx=0 tx=0)._handle_peer_banner_payload supported=3 required=0
2026-02-20T00:21:53.791 INFO:teuthology.orchestra.run.trial077.stdout:/usr/bin/ceph: stderr
2026-02-20T00:21:53.678+0000 7f8956d76640 1 --2- >> [v2:10.20.193.77:3300/0,v1:10.20.193.77:6789/0] conn(0x7f895810a9d0 0x7f89581a0390 unknown :-1 s=HELLO_CONNECTING pgs=0 cs=0 l=1 rev1=1 crypto rx=0 tx=0 comp rx=0 tx=0).handle_hello peer v2:10.20.193.77:3300/0 says I am v2:10.20.193.77:60592/0 (socket says 10.20.193.77:60592)
2026-02-20T00:21:53.791 INFO:teuthology.orchestra.run.trial077.stdout:/usr/bin/ceph: stderr
2026-02-20T00:21:53.678+0000 7f8956d76640 1 -- 10.20.193.77:0/2578405970 learned_addr learned my addr 10.20.193.77:0/2578405970 (peer_addr_for_me v2:10.20.193.77:0/0)
2026-02-20T00:21:53.791 INFO:teuthology.orchestra.run.trial077.stdout:/usr/bin/ceph: stderr
2026-02-20T00:21:53.678+0000 7f8956d76640 1 -- 10.20.193.77:0/2578405970 --> [v2:10.20.193.77:3300/0,v1:10.20.193.77:6789/0] -- mon_subscribe({config=0+,monmap=0+}) -- 0x7f89581a08d0 con 0x7f895810a9d0
2026-02-20T00:21:53.791 INFO:teuthology.orchestra.run.trial077.stdout:/usr/bin/ceph: stderr
2026-02-20T00:21:53.678+0000 7f8956d76640 1 --2- 10.20.193.77:0/2578405970 >> [v2:10.20.193.77:3300/0,v1:10.20.193.77:6789/0] conn(0x7f895810a9d0 0x7f89581a0390 secure :-1 s=READY pgs=38 cs=0 l=1 rev1=1 crypto rx=0x7f894c006fd0 tx=0x7f894c037bb0 comp rx=0 tx=0).ready entity=mon.0 client_cookie=0 server_cookie=0 in_seq=0 out_seq=0
2026-02-20T00:21:53.791 INFO:teuthology.orchestra.run.trial077.stdout:/usr/bin/ceph: stderr
2026-02-20T00:21:53.678+0000 7f8937fff640 1 -- 10.20.193.77:0/2578405970 <== mon.0 v2:10.20.193.77:3300/0 1 ==== mon_map magic: 0 ==== 205+0+0 (secure 0 0 0) 0x7f894c045070 con 0x7f895810a9d0
2026-02-20T00:21:53.791 INFO:teuthology.orchestra.run.trial077.stdout:/usr/bin/ceph: stderr
2026-02-20T00:21:53.679+0000 7f8937fff640 1 -- 10.20.193.77:0/2578405970 <== mon.0 v2:10.20.193.77:3300/0 2 ==== config(26 keys) ==== 1045+0+0 (secure 0 0 0) 0x7f894c040450 con 0x7f895810a9d0
2026-02-20T00:21:53.791 INFO:teuthology.orchestra.run.trial077.stdout:/usr/bin/ceph: stderr
2026-02-20T00:21:53.679+0000 7f895d1dd640 1 -- 10.20.193.77:0/2578405970 --> [v2:10.20.193.77:3300/0,v1:10.20.193.77:6789/0] -- mon_subscribe({mgrmap=0+}) -- 0x7f89581a0b60 con 0x7f895810a9d0
2026-02-20T00:21:53.791 INFO:teuthology.orchestra.run.trial077.stdout:/usr/bin/ceph: stderr
2026-02-20T00:21:53.679+0000 7f8937fff640 1 -- 10.20.193.77:0/2578405970 <== mon.0 v2:10.20.193.77:3300/0 3 ==== mon_map magic: 0 ==== 205+0+0 (secure 0 0 0) 0x7f894c03c070 con 0x7f895810a9d0
2026-02-20T00:21:53.791 INFO:teuthology.orchestra.run.trial077.stdout:/usr/bin/ceph: stderr
2026-02-20T00:21:53.679+0000 7f895d1dd640 1 -- 10.20.193.77:0/2578405970 --> [v2:10.20.193.77:3300/0,v1:10.20.193.77:6789/0] -- mon_subscribe({osdmap=0}) -- 0x7f89581a3850 con 0x7f895810a9d0
2026-02-20T00:21:53.791 INFO:teuthology.orchestra.run.trial077.stdout:/usr/bin/ceph: stderr
2026-02-20T00:21:53.679+0000 7f8937fff640 1 -- 10.20.193.77:0/2578405970 <== mon.0 v2:10.20.193.77:3300/0 4 ==== mgrmap(e 7) ==== 50141+0+0 (secure 0 0 0) 0x7f894c03e5d0 con 0x7f895810a9d0
2026-02-20T00:21:53.791 INFO:teuthology.orchestra.run.trial077.stdout:/usr/bin/ceph: stderr
2026-02-20T00:21:53.679+0000 7f895d1dd640 1 -- 10.20.193.77:0/2578405970 --> [v2:10.20.193.77:3300/0,v1:10.20.193.77:6789/0] -- mon_command({"prefix": "get_command_descriptions"} v 0) -- 0x7f895810ae50 con 0x7f895810a9d0
2026-02-20T00:21:53.791 INFO:teuthology.orchestra.run.trial077.stdout:/usr/bin/ceph: stderr
2026-02-20T00:21:53.679+0000 7f8937fff640 1 --2- 10.20.193.77:0/2578405970 >> [v2:10.20.193.77:6800/2426752061,v1:10.20.193.77:6801/2426752061] conn(0x7f892c03da80 0x7f892c03ff40 unknown :-1 s=NONE pgs=0 cs=0 l=1 rev1=0 crypto rx=0 tx=0 comp rx=0 tx=0).connect
2026-02-20T00:21:53.791 INFO:teuthology.orchestra.run.trial077.stdout:/usr/bin/ceph: stderr
2026-02-20T00:21:53.679+0000 7f8937fff640 1 -- 10.20.193.77:0/2578405970 <== mon.0 v2:10.20.193.77:3300/0 5 ==== osd_map(2..2 src has 1..2) ==== 940+0+0 (secure 0 0 0) 0x7f894c0765a0 con 0x7f895810a9d0
2026-02-20T00:21:53.791 INFO:teuthology.orchestra.run.trial077.stdout:/usr/bin/ceph: stderr
2026-02-20T00:21:53.679+0000 7f8956575640 1 --2- 10.20.193.77:0/2578405970 >> [v2:10.20.193.77:6800/2426752061,v1:10.20.193.77:6801/2426752061] conn(0x7f892c03da80 0x7f892c03ff40 unknown :-1 s=BANNER_CONNECTING pgs=0 cs=0 l=1 rev1=0 crypto rx=0 tx=0 comp rx=0 tx=0)._handle_peer_banner_payload supported=3 required=0
2026-02-20T00:21:53.791 INFO:teuthology.orchestra.run.trial077.stdout:/usr/bin/ceph: stderr
2026-02-20T00:21:53.680+0000 7f8956575640 1 --2- 10.20.193.77:0/2578405970 >> [v2:10.20.193.77:6800/2426752061,v1:10.20.193.77:6801/2426752061] conn(0x7f892c03da80 0x7f892c03ff40 secure :-1 s=READY pgs=8 cs=0 l=1 rev1=1 crypto rx=0x7f89400099c0 tx=0x7f8940006eb0 comp rx=0 tx=0).ready entity=mgr.14118 client_cookie=0 server_cookie=0 in_seq=0 out_seq=0
2026-02-20T00:21:53.791 INFO:teuthology.orchestra.run.trial077.stdout:/usr/bin/ceph: stderr
2026-02-20T00:21:53.682+0000 7f8937fff640 1 -- 10.20.193.77:0/2578405970 <== mon.0 v2:10.20.193.77:3300/0 6 ==== mon_command_ack([{"prefix": "get_command_descriptions"}]=0 v0) ==== 72+0+195034 (secure 0 0 0) 0x7f894c036e10 con 0x7f895810a9d0
2026-02-20T00:21:53.792 INFO:teuthology.orchestra.run.trial077.stdout:/usr/bin/ceph: stderr
2026-02-20T00:21:53.766+0000 7f895d1dd640 1 -- 10.20.193.77:0/2578405970 --> [v2:10.20.193.77:6800/2426752061,v1:10.20.193.77:6801/2426752061] -- mgr_command(tid 0: {"prefix": "cephadm set-user", "user": "root", "target": ["mon-mgr", ""]}) -- 0x7f8958108e20 con 0x7f892c03da80
2026-02-20T00:21:53.792 INFO:teuthology.orchestra.run.trial077.stdout:/usr/bin/ceph: stderr
2026-02-20T00:21:53.767+0000 7f8937fff640 1 -- 10.20.193.77:0/2578405970 <== mgr.14118 v2:10.20.193.77:6800/2426752061 1 ==== mgr_command_reply(tid 0: 0 ) ==== 8+0+16 (secure 0 0 0) 0x7f8958108e20 con 0x7f892c03da80
2026-02-20T00:21:53.792 INFO:teuthology.orchestra.run.trial077.stdout:/usr/bin/ceph: stderr
2026-02-20T00:21:53.768+0000 7f895d1dd640 1 -- 10.20.193.77:0/2578405970 >> [v2:10.20.193.77:6800/2426752061,v1:10.20.193.77:6801/2426752061] conn(0x7f892c03da80 msgr2=0x7f892c03ff40 secure :-1 s=STATE_CONNECTION_ESTABLISHED l=1).mark_down
2026-02-20T00:21:53.792 INFO:teuthology.orchestra.run.trial077.stdout:/usr/bin/ceph: stderr
2026-02-20T00:21:53.768+0000 7f895d1dd640 1 --2- 10.20.193.77:0/2578405970 >> [v2:10.20.193.77:6800/2426752061,v1:10.20.193.77:6801/2426752061] conn(0x7f892c03da80 0x7f892c03ff40 secure :-1 s=READY pgs=8 cs=0 l=1 rev1=1 crypto rx=0x7f89400099c0 tx=0x7f8940006eb0 comp rx=0 tx=0).stop
2026-02-20T00:21:53.792 INFO:teuthology.orchestra.run.trial077.stdout:/usr/bin/ceph: stderr
2026-02-20T00:21:53.768+0000 7f895d1dd640 1 -- 10.20.193.77:0/2578405970 >> [v2:10.20.193.77:3300/0,v1:10.20.193.77:6789/0] conn(0x7f895810a9d0 msgr2=0x7f89581a0390 secure :-1 s=STATE_CONNECTION_ESTABLISHED l=1).mark_down
2026-02-20T00:21:53.792 INFO:teuthology.orchestra.run.trial077.stdout:/usr/bin/ceph: stderr
2026-02-20T00:21:53.768+0000 7f895d1dd640 1 --2- 10.20.193.77:0/2578405970 >> [v2:10.20.193.77:3300/0,v1:10.20.193.77:6789/0] conn(0x7f895810a9d0 0x7f89581a0390 secure :-1 s=READY pgs=38 cs=0 l=1 rev1=1 crypto rx=0x7f894c006fd0 tx=0x7f894c037bb0 comp rx=0 tx=0).stop
2026-02-20T00:21:53.792 INFO:teuthology.orchestra.run.trial077.stdout:/usr/bin/ceph: stderr
2026-02-20T00:21:53.768+0000 7f895d1dd640 1 -- 10.20.193.77:0/2578405970 shutdown_connections
2026-02-20T00:21:53.792 INFO:teuthology.orchestra.run.trial077.stdout:/usr/bin/ceph: stderr
2026-02-20T00:21:53.768+0000 7f895d1dd640 1 --2- 10.20.193.77:0/2578405970 >> [v2:10.20.193.77:6800/2426752061,v1:10.20.193.77:6801/2426752061] conn(0x7f892c03da80 0x7f892c03ff40 unknown :-1 s=CLOSED pgs=8 cs=0 l=1 rev1=1 crypto rx=0 tx=0 comp rx=0 tx=0).stop
2026-02-20T00:21:53.792 INFO:teuthology.orchestra.run.trial077.stdout:/usr/bin/ceph: stderr
2026-02-20T00:21:53.768+0000 7f895d1dd640 1 --2- 10.20.193.77:0/2578405970 >> [v2:10.20.193.77:3300/0,v1:10.20.193.77:6789/0] conn(0x7f895810a9d0 0x7f89581a0390 unknown :-1 s=CLOSED pgs=38 cs=0 l=1 rev1=1 crypto rx=0 tx=0 comp rx=0 tx=0).stop
2026-02-20T00:21:53.792 INFO:teuthology.orchestra.run.trial077.stdout:/usr/bin/ceph: stderr
2026-02-20T00:21:53.768+0000 7f895d1dd640 1 -- 10.20.193.77:0/2578405970 >> 10.20.193.77:0/2578405970 conn(0x7f895807dad0 msgr2=0x7f8958108710 unknown :-1 s=STATE_NONE l=0).mark_down
2026-02-20T00:21:53.792 INFO:teuthology.orchestra.run.trial077.stdout:/usr/bin/ceph: stderr
2026-02-20T00:21:53.768+0000 7f895d1dd640 1 -- 10.20.193.77:0/2578405970 shutdown_connections
2026-02-20T00:21:53.792 INFO:teuthology.orchestra.run.trial077.stdout:/usr/bin/ceph: stderr
2026-02-20T00:21:53.769+0000 7f895d1dd640 1 -- 10.20.193.77:0/2578405970 wait complete.
2026-02-20T00:21:53.792 INFO:teuthology.orchestra.run.trial077.stdout:Generating ssh key...
2026-02-20T00:21:54.022 INFO:teuthology.orchestra.run.trial077.stdout:/usr/bin/ceph: stderr
2026-02-20T00:21:53.887+0000 7f6fa8ff5640 1 Processor -- start
2026-02-20T00:21:54.022 INFO:teuthology.orchestra.run.trial077.stdout:/usr/bin/ceph: stderr
2026-02-20T00:21:53.887+0000 7f6fa8ff5640 1 -- start start
2026-02-20T00:21:54.022 INFO:teuthology.orchestra.run.trial077.stdout:/usr/bin/ceph: stderr
2026-02-20T00:21:53.887+0000 7f6fa8ff5640 1 --2- >> [v2:10.20.193.77:3300/0,v1:10.20.193.77:6789/0] conn(0x7f6fa410a9d0 0x7f6fa410add0 unknown :-1 s=NONE pgs=0 cs=0 l=0 rev1=0 crypto rx=0 tx=0 comp rx=0 tx=0).connect
2026-02-20T00:21:54.023 INFO:teuthology.orchestra.run.trial077.stdout:/usr/bin/ceph: stderr
2026-02-20T00:21:53.887+0000 7f6fa8ff5640 1 -- --> [v2:10.20.193.77:3300/0,v1:10.20.193.77:6789/0] -- mon_getmap magic: 0 -- 0x7f6fa410b3a0 con 0x7f6fa410a9d0
2026-02-20T00:21:54.023 INFO:teuthology.orchestra.run.trial077.stdout:/usr/bin/ceph: stderr
2026-02-20T00:21:53.887+0000 7f6fa2575640 1 --2- >> [v2:10.20.193.77:3300/0,v1:10.20.193.77:6789/0] conn(0x7f6fa410a9d0 0x7f6fa410add0 unknown :-1 s=BANNER_CONNECTING pgs=0 cs=0 l=0 rev1=0 crypto rx=0 tx=0 comp rx=0 tx=0)._handle_peer_banner_payload supported=3 required=0
2026-02-20T00:21:54.023 INFO:teuthology.orchestra.run.trial077.stdout:/usr/bin/ceph: stderr
2026-02-20T00:21:53.887+0000 7f6fa2575640 1 --2- >> [v2:10.20.193.77:3300/0,v1:10.20.193.77:6789/0] conn(0x7f6fa410a9d0 0x7f6fa410add0 unknown :-1 s=HELLO_CONNECTING pgs=0 cs=0 l=0 rev1=1 crypto rx=0 tx=0 comp rx=0 tx=0).handle_hello peer v2:10.20.193.77:3300/0 says I am v2:10.20.193.77:60596/0 (socket says 10.20.193.77:60596)
2026-02-20T00:21:54.023 INFO:teuthology.orchestra.run.trial077.stdout:/usr/bin/ceph: stderr
2026-02-20T00:21:53.887+0000 7f6fa2575640 1 -- 10.20.193.77:0/2296419690 learned_addr learned my addr 10.20.193.77:0/2296419690 (peer_addr_for_me v2:10.20.193.77:0/0)
2026-02-20T00:21:54.023 INFO:teuthology.orchestra.run.trial077.stdout:/usr/bin/ceph: stderr
2026-02-20T00:21:53.887+0000 7f6fa2575640 1 -- 10.20.193.77:0/2296419690 --> [v2:10.20.193.77:3300/0,v1:10.20.193.77:6789/0] -- mon_subscribe({config=0+,monmap=0+}) -- 0x7f6fa410b6f0 con 0x7f6fa410a9d0
2026-02-20T00:21:54.023 INFO:teuthology.orchestra.run.trial077.stdout:/usr/bin/ceph: stderr
2026-02-20T00:21:53.888+0000 7f6fa2575640 1 --2- 10.20.193.77:0/2296419690 >> [v2:10.20.193.77:3300/0,v1:10.20.193.77:6789/0] conn(0x7f6fa410a9d0 0x7f6fa410add0 secure :-1 s=READY pgs=39 cs=0 l=1 rev1=1 crypto rx=0x7f6f98009920 tx=0x7f6f9802ef20 comp rx=0 tx=0).ready entity=mon.0 client_cookie=23e47797c93dc068 server_cookie=0 in_seq=0 out_seq=0
2026-02-20T00:21:54.023 INFO:teuthology.orchestra.run.trial077.stdout:/usr/bin/ceph: stderr
2026-02-20T00:21:53.888+0000 7f6fa1573640 1 -- 10.20.193.77:0/2296419690 <== mon.0 v2:10.20.193.77:3300/0 1 ==== mon_map magic: 0 ==== 205+0+0 (secure 0 0 0) 0x7f6f9803c070 con 0x7f6fa410a9d0
2026-02-20T00:21:54.023 INFO:teuthology.orchestra.run.trial077.stdout:/usr/bin/ceph: stderr
2026-02-20T00:21:53.888+0000 7f6fa1573640 1 -- 10.20.193.77:0/2296419690 <== mon.0 v2:10.20.193.77:3300/0 2 ==== config(26 keys) ==== 1045+0+0 (secure 0 0 0) 0x7f6f98037440 con 0x7f6fa410a9d0
2026-02-20T00:21:54.023 INFO:teuthology.orchestra.run.trial077.stdout:/usr/bin/ceph: stderr
2026-02-20T00:21:53.888+0000 7f6fa1573640 1 -- 10.20.193.77:0/2296419690 <== mon.0 v2:10.20.193.77:3300/0 3 ==== mon_map magic: 0 ==== 205+0+0 (secure 0 0 0) 0x7f6f980354b0 con 0x7f6fa410a9d0
2026-02-20T00:21:54.023 INFO:teuthology.orchestra.run.trial077.stdout:/usr/bin/ceph: stderr
2026-02-20T00:21:53.888+0000 7f6fa8ff5640 1 -- 10.20.193.77:0/2296419690 >> [v2:10.20.193.77:3300/0,v1:10.20.193.77:6789/0] conn(0x7f6fa410a9d0 msgr2=0x7f6fa410add0 secure :-1 s=STATE_CONNECTION_ESTABLISHED l=1).mark_down
2026-02-20T00:21:54.023 INFO:teuthology.orchestra.run.trial077.stdout:/usr/bin/ceph: stderr
2026-02-20T00:21:53.888+0000 7f6fa8ff5640 1 --2- 10.20.193.77:0/2296419690 >> [v2:10.20.193.77:3300/0,v1:10.20.193.77:6789/0] conn(0x7f6fa410a9d0 0x7f6fa410add0 secure :-1 s=READY pgs=39 cs=0 l=1 rev1=1 crypto rx=0x7f6f98009920 tx=0x7f6f9802ef20 comp rx=0 tx=0).stop
2026-02-20T00:21:54.024 INFO:teuthology.orchestra.run.trial077.stdout:/usr/bin/ceph: stderr
2026-02-20T00:21:53.888+0000 7f6fa8ff5640 1 -- 10.20.193.77:0/2296419690 shutdown_connections
2026-02-20T00:21:54.024 INFO:teuthology.orchestra.run.trial077.stdout:/usr/bin/ceph: stderr
2026-02-20T00:21:53.888+0000 7f6fa8ff5640 1 --2- 10.20.193.77:0/2296419690 >> [v2:10.20.193.77:3300/0,v1:10.20.193.77:6789/0] conn(0x7f6fa410a9d0 0x7f6fa410add0 unknown :-1 s=CLOSED pgs=39 cs=0 l=1 rev1=1 crypto rx=0 tx=0 comp rx=0 tx=0).stop
2026-02-20T00:21:54.024 INFO:teuthology.orchestra.run.trial077.stdout:/usr/bin/ceph: stderr
2026-02-20T00:21:53.888+0000 7f6fa8ff5640 1 -- 10.20.193.77:0/2296419690 >> 10.20.193.77:0/2296419690 conn(0x7f6fa407dad0 msgr2=0x7f6fa407dee0 unknown :-1 s=STATE_NONE l=0).mark_down
2026-02-20T00:21:54.024 INFO:teuthology.orchestra.run.trial077.stdout:/usr/bin/ceph: stderr
2026-02-20T00:21:53.888+0000 7f6fa8ff5640 1 -- 10.20.193.77:0/2296419690 shutdown_connections
2026-02-20T00:21:54.024 INFO:teuthology.orchestra.run.trial077.stdout:/usr/bin/ceph: stderr
2026-02-20T00:21:53.888+0000 7f6fa8ff5640 1 -- 10.20.193.77:0/2296419690 wait complete.
2026-02-20T00:21:54.024 INFO:teuthology.orchestra.run.trial077.stdout:/usr/bin/ceph: stderr
2026-02-20T00:21:53.889+0000 7f6fa8ff5640 1 Processor -- start
2026-02-20T00:21:54.024 INFO:teuthology.orchestra.run.trial077.stdout:/usr/bin/ceph: stderr
2026-02-20T00:21:53.889+0000 7f6fa8ff5640 1 -- start start
2026-02-20T00:21:54.024 INFO:teuthology.orchestra.run.trial077.stdout:/usr/bin/ceph: stderr
2026-02-20T00:21:53.889+0000 7f6fa8ff5640 1 --2- >> [v2:10.20.193.77:3300/0,v1:10.20.193.77:6789/0] conn(0x7f6fa410a9d0 0x7f6fa41a03b0 unknown :-1 s=NONE pgs=0 cs=0 l=1 rev1=0 crypto rx=0 tx=0 comp rx=0 tx=0).connect
2026-02-20T00:21:54.024 INFO:teuthology.orchestra.run.trial077.stdout:/usr/bin/ceph: stderr
2026-02-20T00:21:53.889+0000 7f6fa8ff5640 1 -- --> [v2:10.20.193.77:3300/0,v1:10.20.193.77:6789/0] -- mon_getmap magic: 0 -- 0x7f6fa410e920 con 0x7f6fa410a9d0
2026-02-20T00:21:54.024 INFO:teuthology.orchestra.run.trial077.stdout:/usr/bin/ceph: stderr
2026-02-20T00:21:53.889+0000 7f6fa2575640 1 --2- >> [v2:10.20.193.77:3300/0,v1:10.20.193.77:6789/0] conn(0x7f6fa410a9d0 0x7f6fa41a03b0 unknown :-1 s=BANNER_CONNECTING pgs=0 cs=0 l=1 rev1=0 crypto rx=0 tx=0 comp rx=0 tx=0)._handle_peer_banner_payload supported=3 required=0
2026-02-20T00:21:54.024 INFO:teuthology.orchestra.run.trial077.stdout:/usr/bin/ceph: stderr
2026-02-20T00:21:53.889+0000 7f6fa2575640 1 --2- >> [v2:10.20.193.77:3300/0,v1:10.20.193.77:6789/0] conn(0x7f6fa410a9d0 0x7f6fa41a03b0 unknown :-1 s=HELLO_CONNECTING pgs=0 cs=0 l=1 rev1=1 crypto rx=0 tx=0 comp rx=0 tx=0).handle_hello peer v2:10.20.193.77:3300/0 says I am v2:10.20.193.77:60610/0 (socket says 10.20.193.77:60610)
2026-02-20T00:21:54.025 INFO:teuthology.orchestra.run.trial077.stdout:/usr/bin/ceph: stderr
2026-02-20T00:21:53.889+0000 7f6fa2575640 1 -- 10.20.193.77:0/909219862 learned_addr learned my addr 10.20.193.77:0/909219862 (peer_addr_for_me v2:10.20.193.77:0/0)
2026-02-20T00:21:54.025 INFO:teuthology.orchestra.run.trial077.stdout:/usr/bin/ceph: stderr
2026-02-20T00:21:53.889+0000 7f6fa2575640 1 -- 10.20.193.77:0/909219862 --> [v2:10.20.193.77:3300/0,v1:10.20.193.77:6789/0] -- mon_subscribe({config=0+,monmap=0+}) -- 0x7f6fa41a08f0 con 0x7f6fa410a9d0
2026-02-20T00:21:54.025 INFO:teuthology.orchestra.run.trial077.stdout:/usr/bin/ceph: stderr
2026-02-20T00:21:53.889+0000 7f6fa2575640 1 --2- 10.20.193.77:0/909219862 >> [v2:10.20.193.77:3300/0,v1:10.20.193.77:6789/0] conn(0x7f6fa410a9d0 0x7f6fa41a03b0 secure :-1 s=READY pgs=40 cs=0 l=1 rev1=1 crypto rx=0x7f6f98006fd0 tx=0x7f6f98037bb0 comp rx=0 tx=0).ready entity=mon.0 client_cookie=0 server_cookie=0 in_seq=0 out_seq=0
2026-02-20T00:21:54.025 INFO:teuthology.orchestra.run.trial077.stdout:/usr/bin/ceph: stderr
2026-02-20T00:21:53.889+0000 7f6f8b7fe640 1 -- 10.20.193.77:0/909219862 <== mon.0 v2:10.20.193.77:3300/0 1 ==== mon_map magic: 0 ==== 205+0+0 (secure 0 0 0) 0x7f6f98045070 con 0x7f6fa410a9d0
2026-02-20T00:21:54.025 INFO:teuthology.orchestra.run.trial077.stdout:/usr/bin/ceph: stderr
2026-02-20T00:21:53.889+0000 7f6fa8ff5640 1 -- 10.20.193.77:0/909219862 --> [v2:10.20.193.77:3300/0,v1:10.20.193.77:6789/0] -- mon_subscribe({mgrmap=0+}) -- 0x7f6fa41a0b80 con 0x7f6fa410a9d0
2026-02-20T00:21:54.025 INFO:teuthology.orchestra.run.trial077.stdout:/usr/bin/ceph: stderr
2026-02-20T00:21:53.889+0000 7f6f8b7fe640 1 -- 10.20.193.77:0/909219862 <== mon.0 v2:10.20.193.77:3300/0 2 ==== config(26 keys) ==== 1045+0+0 (secure 0 0 0) 0x7f6f98040450 con 0x7f6fa410a9d0
2026-02-20T00:21:54.025 INFO:teuthology.orchestra.run.trial077.stdout:/usr/bin/ceph: stderr
2026-02-20T00:21:53.889+0000 7f6f8b7fe640 1 -- 10.20.193.77:0/909219862 <== mon.0 v2:10.20.193.77:3300/0 3 ==== mon_map magic: 0 ==== 205+0+0 (secure 0 0 0) 0x7f6f9803c070 con 0x7f6fa410a9d0
2026-02-20T00:21:54.025 INFO:teuthology.orchestra.run.trial077.stdout:/usr/bin/ceph: stderr
2026-02-20T00:21:53.889+0000 7f6fa8ff5640 1 -- 10.20.193.77:0/909219862 --> [v2:10.20.193.77:3300/0,v1:10.20.193.77:6789/0] -- mon_subscribe({osdmap=0}) -- 0x7f6fa41a3870 con 0x7f6fa410a9d0
2026-02-20T00:21:54.025 INFO:teuthology.orchestra.run.trial077.stdout:/usr/bin/ceph: stderr
2026-02-20T00:21:53.890+0000 7f6f8b7fe640 1 -- 10.20.193.77:0/909219862 <== mon.0 v2:10.20.193.77:3300/0 4 ==== mgrmap(e 7) ==== 50141+0+0 (secure 0 0 0) 0x7f6f9803e620 con 0x7f6fa410a9d0
2026-02-20T00:21:54.025 INFO:teuthology.orchestra.run.trial077.stdout:/usr/bin/ceph: stderr
2026-02-20T00:21:53.890+0000 7f6fa8ff5640 1 -- 10.20.193.77:0/909219862 --> [v2:10.20.193.77:3300/0,v1:10.20.193.77:6789/0] -- mon_command({"prefix": "get_command_descriptions"} v 0) -- 0x7f6fa410ae50 con 0x7f6fa410a9d0
2026-02-20T00:21:54.025 INFO:teuthology.orchestra.run.trial077.stdout:/usr/bin/ceph: stderr
2026-02-20T00:21:53.890+0000 7f6f8b7fe640 1 --2- 10.20.193.77:0/909219862 >> [v2:10.20.193.77:6800/2426752061,v1:10.20.193.77:6801/2426752061] conn(0x7f6f7c03da30 0x7f6f7c03fef0 unknown :-1 s=NONE pgs=0 cs=0 l=1 rev1=0 crypto rx=0 tx=0 comp rx=0 tx=0).connect
2026-02-20T00:21:54.025 INFO:teuthology.orchestra.run.trial077.stdout:/usr/bin/ceph: stderr
2026-02-20T00:21:53.890+0000 7f6f8b7fe640 1 -- 10.20.193.77:0/909219862 <== mon.0 v2:10.20.193.77:3300/0 5 ==== osd_map(2..2 src has 1..2) ==== 940+0+0 (secure 0 0 0) 0x7f6f980764f0 con 0x7f6fa410a9d0
2026-02-20T00:21:54.026 INFO:teuthology.orchestra.run.trial077.stdout:/usr/bin/ceph: stderr
2026-02-20T00:21:53.890+0000 7f6fa1d74640 1 --2- 10.20.193.77:0/909219862 >> [v2:10.20.193.77:6800/2426752061,v1:10.20.193.77:6801/2426752061] conn(0x7f6f7c03da30 0x7f6f7c03fef0 unknown :-1 s=BANNER_CONNECTING pgs=0 cs=0 l=1 rev1=0 crypto rx=0 tx=0 comp rx=0 tx=0)._handle_peer_banner_payload supported=3 required=0
2026-02-20T00:21:54.026 INFO:teuthology.orchestra.run.trial077.stdout:/usr/bin/ceph: stderr
2026-02-20T00:21:53.890+0000 7f6fa1d74640 1 --2- 10.20.193.77:0/909219862 >> [v2:10.20.193.77:6800/2426752061,v1:10.20.193.77:6801/2426752061] conn(0x7f6f7c03da30 0x7f6f7c03fef0 secure :-1 s=READY pgs=9 cs=0 l=1 rev1=1 crypto rx=0x7f6f8c0099c0 tx=0x7f6f8c006eb0 comp rx=0 tx=0).ready entity=mgr.14118 client_cookie=0 server_cookie=0 in_seq=0 out_seq=0
2026-02-20T00:21:54.026 INFO:teuthology.orchestra.run.trial077.stdout:/usr/bin/ceph: stderr
2026-02-20T00:21:53.892+0000 7f6f8b7fe640 1 -- 10.20.193.77:0/909219862 <== mon.0 v2:10.20.193.77:3300/0 6 ==== mon_command_ack([{"prefix": "get_command_descriptions"}]=0 v0) ==== 72+0+195034 (secure 0 0 0) 0x7f6f9803fcd0 con 0x7f6fa410a9d0
2026-02-20T00:21:54.026 INFO:teuthology.orchestra.run.trial077.stdout:/usr/bin/ceph: stderr
2026-02-20T00:21:53.975+0000 7f6fa8ff5640 1 -- 10.20.193.77:0/909219862 --> [v2:10.20.193.77:6800/2426752061,v1:10.20.193.77:6801/2426752061] -- mgr_command(tid 0: {"prefix": "cephadm generate-key", "target": ["mon-mgr", ""]}) -- 0x7f6fa4108e50 con 0x7f6f7c03da30
2026-02-20T00:21:54.026 INFO:teuthology.orchestra.run.trial077.stdout:/usr/bin/ceph: stderr
2026-02-20T00:21:53.996+0000 7f6f8b7fe640 1 -- 10.20.193.77:0/909219862 <== mgr.14118 v2:10.20.193.77:6800/2426752061 1 ==== mgr_command_reply(tid 0: 0 ) ==== 8+0+0 (secure 0 0 0) 0x7f6fa4108e50 con 0x7f6f7c03da30
2026-02-20T00:21:54.026 INFO:teuthology.orchestra.run.trial077.stdout:/usr/bin/ceph: stderr
2026-02-20T00:21:53.997+0000 7f6fa8ff5640 1 -- 10.20.193.77:0/909219862 >> [v2:10.20.193.77:6800/2426752061,v1:10.20.193.77:6801/2426752061] conn(0x7f6f7c03da30 msgr2=0x7f6f7c03fef0 secure :-1 s=STATE_CONNECTION_ESTABLISHED l=1).mark_down
2026-02-20T00:21:54.026 INFO:teuthology.orchestra.run.trial077.stdout:/usr/bin/ceph: stderr
2026-02-20T00:21:53.997+0000 7f6fa8ff5640 1 --2- 10.20.193.77:0/909219862 >> [v2:10.20.193.77:6800/2426752061,v1:10.20.193.77:6801/2426752061] conn(0x7f6f7c03da30 0x7f6f7c03fef0 secure :-1 s=READY pgs=9 cs=0 l=1 rev1=1 crypto rx=0x7f6f8c0099c0 tx=0x7f6f8c006eb0 comp rx=0 tx=0).stop
2026-02-20T00:21:54.026 INFO:teuthology.orchestra.run.trial077.stdout:/usr/bin/ceph: stderr
2026-02-20T00:21:53.997+0000 7f6fa8ff5640 1 -- 10.20.193.77:0/909219862 >> [v2:10.20.193.77:3300/0,v1:10.20.193.77:6789/0] conn(0x7f6fa410a9d0 msgr2=0x7f6fa41a03b0 secure :-1 s=STATE_CONNECTION_ESTABLISHED l=1).mark_down
2026-02-20T00:21:54.026 INFO:teuthology.orchestra.run.trial077.stdout:/usr/bin/ceph: stderr
2026-02-20T00:21:53.997+0000 7f6fa8ff5640 1 --2- 10.20.193.77:0/909219862 >> [v2:10.20.193.77:3300/0,v1:10.20.193.77:6789/0] conn(0x7f6fa410a9d0 0x7f6fa41a03b0 secure :-1 s=READY pgs=40 cs=0 l=1 rev1=1 crypto rx=0x7f6f98006fd0 tx=0x7f6f98037bb0 comp rx=0 tx=0).stop
2026-02-20T00:21:54.026 INFO:teuthology.orchestra.run.trial077.stdout:/usr/bin/ceph: stderr
2026-02-20T00:21:53.997+0000 7f6fa8ff5640 1 -- 10.20.193.77:0/909219862 shutdown_connections
2026-02-20T00:21:54.026 INFO:teuthology.orchestra.run.trial077.stdout:/usr/bin/ceph: stderr
2026-02-20T00:21:53.997+0000 7f6fa8ff5640 1 --2- 10.20.193.77:0/909219862 >> [v2:10.20.193.77:6800/2426752061,v1:10.20.193.77:6801/2426752061] conn(0x7f6f7c03da30 0x7f6f7c03fef0 unknown :-1 s=CLOSED pgs=9 cs=0 l=1 rev1=1 crypto rx=0 tx=0 comp rx=0 tx=0).stop
2026-02-20T00:21:54.026 INFO:teuthology.orchestra.run.trial077.stdout:/usr/bin/ceph: stderr
2026-02-20T00:21:53.997+0000 7f6fa8ff5640 1 --2- 10.20.193.77:0/909219862 >> [v2:10.20.193.77:3300/0,v1:10.20.193.77:6789/0] conn(0x7f6fa410a9d0 0x7f6fa41a03b0 unknown :-1 s=CLOSED pgs=40 cs=0 l=1 rev1=1 crypto rx=0 tx=0 comp rx=0 tx=0).stop
2026-02-20T00:21:54.027 INFO:teuthology.orchestra.run.trial077.stdout:/usr/bin/ceph: stderr
2026-02-20T00:21:53.997+0000 7f6fa8ff5640 1 -- 10.20.193.77:0/909219862 >> 10.20.193.77:0/909219862 conn(0x7f6fa407dad0 msgr2=0x7f6fa4108740 unknown :-1 s=STATE_NONE l=0).mark_down
2026-02-20T00:21:54.027 INFO:teuthology.orchestra.run.trial077.stdout:/usr/bin/ceph: stderr
2026-02-20T00:21:53.997+0000 7f6fa8ff5640 1 -- 10.20.193.77:0/909219862 shutdown_connections
2026-02-20T00:21:54.027 INFO:teuthology.orchestra.run.trial077.stdout:/usr/bin/ceph: stderr
2026-02-20T00:21:53.997+0000 7f6fa8ff5640 1 -- 10.20.193.77:0/909219862 wait complete.
2026-02-20T00:21:54.199 INFO:journalctl@ceph.mgr.x.trial077.stdout:Feb 20 00:21:53 trial077 ceph-158c8d47-0df2-11f1-90c6-d404e6e7d460-mgr-x[39959]: Generating public/private ed25519 key pair.
2026-02-20T00:21:54.199 INFO:journalctl@ceph.mgr.x.trial077.stdout:Feb 20 00:21:53 trial077 ceph-158c8d47-0df2-11f1-90c6-d404e6e7d460-mgr-x[39959]: Your identification has been saved in /tmp/tmpezql7az6/key
2026-02-20T00:21:54.199 INFO:journalctl@ceph.mgr.x.trial077.stdout:Feb 20 00:21:53 trial077 ceph-158c8d47-0df2-11f1-90c6-d404e6e7d460-mgr-x[39959]: Your public key has been saved in /tmp/tmpezql7az6/key.pub
2026-02-20T00:21:54.199 INFO:journalctl@ceph.mgr.x.trial077.stdout:Feb 20 00:21:53 trial077 ceph-158c8d47-0df2-11f1-90c6-d404e6e7d460-mgr-x[39959]: The key fingerprint is:
2026-02-20T00:21:54.199 INFO:journalctl@ceph.mgr.x.trial077.stdout:Feb 20 00:21:53 trial077 ceph-158c8d47-0df2-11f1-90c6-d404e6e7d460-mgr-x[39959]: SHA256:R1uCS2YGnoLG/u/Cje7KUKXooC/KkDjQPfDV100nlH0 ceph-158c8d47-0df2-11f1-90c6-d404e6e7d460
2026-02-20T00:21:54.200 INFO:journalctl@ceph.mgr.x.trial077.stdout:Feb 20 00:21:53 trial077 ceph-158c8d47-0df2-11f1-90c6-d404e6e7d460-mgr-x[39959]: The key's randomart image is:
2026-02-20T00:21:54.200 INFO:journalctl@ceph.mgr.x.trial077.stdout:Feb 20 00:21:53 trial077 ceph-158c8d47-0df2-11f1-90c6-d404e6e7d460-mgr-x[39959]: +--[ED25519 256]--+
2026-02-20T00:21:54.200 INFO:journalctl@ceph.mgr.x.trial077.stdout:Feb 20 00:21:53 trial077 ceph-158c8d47-0df2-11f1-90c6-d404e6e7d460-mgr-x[39959]: | . .+o.|
2026-02-20T00:21:54.200 INFO:journalctl@ceph.mgr.x.trial077.stdout:Feb 20 00:21:53 trial077 ceph-158c8d47-0df2-11f1-90c6-d404e6e7d460-mgr-x[39959]: | . . . + . . o.oE|
2026-02-20T00:21:54.200 INFO:journalctl@ceph.mgr.x.trial077.stdout:Feb 20 00:21:53 trial077 ceph-158c8d47-0df2-11f1-90c6-d404e6e7d460-mgr-x[39959]: | = o + B + o . .|
2026-02-20T00:21:54.200 INFO:journalctl@ceph.mgr.x.trial077.stdout:Feb 20 00:21:53 trial077 ceph-158c8d47-0df2-11f1-90c6-d404e6e7d460-mgr-x[39959]: | = * o = + + |
2026-02-20T00:21:54.200 INFO:journalctl@ceph.mgr.x.trial077.stdout:Feb 20 00:21:53 trial077 ceph-158c8d47-0df2-11f1-90c6-d404e6e7d460-mgr-x[39959]: |+ = + S o |
2026-02-20T00:21:54.200 INFO:journalctl@ceph.mgr.x.trial077.stdout:Feb 20 00:21:53 trial077 ceph-158c8d47-0df2-11f1-90c6-d404e6e7d460-mgr-x[39959]: |*o . . . |
2026-02-20T00:21:54.200 INFO:journalctl@ceph.mgr.x.trial077.stdout:Feb 20 00:21:53 trial077 ceph-158c8d47-0df2-11f1-90c6-d404e6e7d460-mgr-x[39959]: |B. ..o |
2026-02-20T00:21:54.200 INFO:journalctl@ceph.mgr.x.trial077.stdout:Feb 20 00:21:53 trial077 ceph-158c8d47-0df2-11f1-90c6-d404e6e7d460-mgr-x[39959]: |+= +.. |
2026-02-20T00:21:54.200 INFO:journalctl@ceph.mgr.x.trial077.stdout:Feb 20 00:21:53 trial077 ceph-158c8d47-0df2-11f1-90c6-d404e6e7d460-mgr-x[39959]: |oo++ooo |
2026-02-20T00:21:54.200 INFO:journalctl@ceph.mgr.x.trial077.stdout:Feb 20 00:21:53 trial077 ceph-158c8d47-0df2-11f1-90c6-d404e6e7d460-mgr-x[39959]: +----[SHA256]-----+
2026-02-20T00:21:54.219 INFO:teuthology.orchestra.run.trial077.stdout:/usr/bin/ceph: stdout ssh-ed25519 AAAAC3NzaC1lZDI1NTE5AAAAIFQKrJLmgT4xTAlU6Qf4R5sFiTdzzOvVmsVO2XTq7pDY ceph-158c8d47-0df2-11f1-90c6-d404e6e7d460
2026-02-20T00:21:54.219 INFO:teuthology.orchestra.run.trial077.stdout:/usr/bin/ceph: stderr
2026-02-20T00:21:54.109+0000 7fc87e6da640 1 Processor -- start
2026-02-20T00:21:54.219 INFO:teuthology.orchestra.run.trial077.stdout:/usr/bin/ceph: stderr
2026-02-20T00:21:54.109+0000 7fc87e6da640 1 -- start start
2026-02-20T00:21:54.219 INFO:teuthology.orchestra.run.trial077.stdout:/usr/bin/ceph: stderr
2026-02-20T00:21:54.109+0000 7fc87e6da640 1 --2- >> [v2:10.20.193.77:3300/0,v1:10.20.193.77:6789/0] conn(0x7fc87810a9d0 0x7fc87810add0 unknown :-1 s=NONE pgs=0 cs=0 l=0 rev1=0 crypto rx=0 tx=0 comp rx=0 tx=0).connect
2026-02-20T00:21:54.219 INFO:teuthology.orchestra.run.trial077.stdout:/usr/bin/ceph: stderr
2026-02-20T00:21:54.109+0000 7fc87e6da640 1 -- --> [v2:10.20.193.77:3300/0,v1:10.20.193.77:6789/0] -- mon_getmap magic: 0 -- 0x7fc87810b3a0 con 0x7fc87810a9d0
2026-02-20T00:21:54.219 INFO:teuthology.orchestra.run.trial077.stdout:/usr/bin/ceph: stderr
2026-02-20T00:21:54.109+0000 7fc877fff640 1 --2- >> [v2:10.20.193.77:3300/0,v1:10.20.193.77:6789/0] conn(0x7fc87810a9d0 0x7fc87810add0 unknown :-1 s=BANNER_CONNECTING pgs=0 cs=0 l=0 rev1=0 crypto rx=0 tx=0 comp rx=0 tx=0)._handle_peer_banner_payload supported=3 required=0
2026-02-20T00:21:54.219 INFO:teuthology.orchestra.run.trial077.stdout:/usr/bin/ceph: stderr
2026-02-20T00:21:54.110+0000 7fc877fff640 1 --2- >> [v2:10.20.193.77:3300/0,v1:10.20.193.77:6789/0] conn(0x7fc87810a9d0 0x7fc87810add0 unknown :-1 s=HELLO_CONNECTING pgs=0 cs=0 l=0 rev1=1 crypto rx=0 tx=0 comp rx=0 tx=0).handle_hello peer v2:10.20.193.77:3300/0 says I am v2:10.20.193.77:60620/0 (socket says 10.20.193.77:60620)
2026-02-20T00:21:54.219 INFO:teuthology.orchestra.run.trial077.stdout:/usr/bin/ceph: stderr
2026-02-20T00:21:54.110+0000 7fc877fff640 1 -- 10.20.193.77:0/4148843259 learned_addr learned my addr 10.20.193.77:0/4148843259 (peer_addr_for_me v2:10.20.193.77:0/0)
2026-02-20T00:21:54.219 INFO:teuthology.orchestra.run.trial077.stdout:/usr/bin/ceph: stderr
2026-02-20T00:21:54.110+0000 7fc877fff640 1 -- 10.20.193.77:0/4148843259 --> [v2:10.20.193.77:3300/0,v1:10.20.193.77:6789/0] -- mon_subscribe({config=0+,monmap=0+}) -- 0x7fc87810b6f0 con 0x7fc87810a9d0
2026-02-20T00:21:54.219 INFO:teuthology.orchestra.run.trial077.stdout:/usr/bin/ceph: stderr
2026-02-20T00:21:54.110+0000 7fc877fff640 1 --2- 10.20.193.77:0/4148843259 >> [v2:10.20.193.77:3300/0,v1:10.20.193.77:6789/0] conn(0x7fc87810a9d0 0x7fc87810add0 secure :-1 s=READY pgs=41 cs=0 l=1 rev1=1 crypto rx=0x7fc864009920 tx=0x7fc86402ef20 comp rx=0 tx=0).ready entity=mon.0 client_cookie=de0a259d6031ec46 server_cookie=0 in_seq=0 out_seq=0
2026-02-20T00:21:54.219 INFO:teuthology.orchestra.run.trial077.stdout:/usr/bin/ceph: stderr
2026-02-20T00:21:54.110+0000 7fc876ffd640 1 -- 10.20.193.77:0/4148843259 <== mon.0 v2:10.20.193.77:3300/0 1 ==== mon_map magic: 0 ==== 205+0+0 (secure 0 0 0) 0x7fc86403c070 con 0x7fc87810a9d0
2026-02-20T00:21:54.219 INFO:teuthology.orchestra.run.trial077.stdout:/usr/bin/ceph: stderr
2026-02-20T00:21:54.110+0000 7fc876ffd640 1 -- 10.20.193.77:0/4148843259 <== mon.0 v2:10.20.193.77:3300/0 2 ==== config(26 keys) ==== 1045+0+0 (secure 0 0 0) 0x7fc864037440 con 0x7fc87810a9d0
2026-02-20T00:21:54.219 INFO:teuthology.orchestra.run.trial077.stdout:/usr/bin/ceph: stderr
2026-02-20T00:21:54.110+0000 7fc876ffd640 1 -- 10.20.193.77:0/4148843259 <== mon.0 v2:10.20.193.77:3300/0 3 ==== mon_map magic: 0 ==== 205+0+0 (secure 0 0 0) 0x7fc8640354b0 con 0x7fc87810a9d0
2026-02-20T00:21:54.219 INFO:teuthology.orchestra.run.trial077.stdout:/usr/bin/ceph: stderr
2026-02-20T00:21:54.110+0000 7fc87e6da640 1 -- 10.20.193.77:0/4148843259 >> [v2:10.20.193.77:3300/0,v1:10.20.193.77:6789/0] conn(0x7fc87810a9d0 msgr2=0x7fc87810add0 secure :-1 s=STATE_CONNECTION_ESTABLISHED l=1).mark_down
2026-02-20T00:21:54.219 INFO:teuthology.orchestra.run.trial077.stdout:/usr/bin/ceph: stderr
2026-02-20T00:21:54.110+0000 7fc87e6da640 1 --2- 10.20.193.77:0/4148843259 >> [v2:10.20.193.77:3300/0,v1:10.20.193.77:6789/0] conn(0x7fc87810a9d0 0x7fc87810add0 secure :-1 s=READY pgs=41 cs=0 l=1 rev1=1 crypto rx=0x7fc864009920 tx=0x7fc86402ef20 comp rx=0 tx=0).stop
2026-02-20T00:21:54.219 INFO:teuthology.orchestra.run.trial077.stdout:/usr/bin/ceph: stderr
2026-02-20T00:21:54.111+0000 7fc87e6da640 1 -- 10.20.193.77:0/4148843259 shutdown_connections
2026-02-20T00:21:54.219 INFO:teuthology.orchestra.run.trial077.stdout:/usr/bin/ceph: stderr
2026-02-20T00:21:54.111+0000 7fc87e6da640 1 --2- 10.20.193.77:0/4148843259 >> [v2:10.20.193.77:3300/0,v1:10.20.193.77:6789/0] conn(0x7fc87810a9d0 0x7fc87810add0 unknown :-1 s=CLOSED pgs=41 cs=0 l=1 rev1=1 crypto rx=0 tx=0 comp rx=0 tx=0).stop
2026-02-20T00:21:54.219 INFO:teuthology.orchestra.run.trial077.stdout:/usr/bin/ceph: stderr
2026-02-20T00:21:54.111+0000 7fc87e6da640 1 -- 10.20.193.77:0/4148843259 >> 10.20.193.77:0/4148843259 conn(0x7fc87807da30 msgr2=0x7fc87807de40 unknown :-1 s=STATE_NONE l=0).mark_down
2026-02-20T00:21:54.219 INFO:teuthology.orchestra.run.trial077.stdout:/usr/bin/ceph: stderr
2026-02-20T00:21:54.111+0000 7fc87e6da640 1 -- 10.20.193.77:0/4148843259 shutdown_connections
2026-02-20T00:21:54.219 INFO:teuthology.orchestra.run.trial077.stdout:/usr/bin/ceph: stderr
2026-02-20T00:21:54.111+0000 7fc87e6da640 1 -- 10.20.193.77:0/4148843259 wait complete.
2026-02-20T00:21:54.219 INFO:teuthology.orchestra.run.trial077.stdout:/usr/bin/ceph: stderr
2026-02-20T00:21:54.111+0000 7fc87e6da640 1 Processor -- start
2026-02-20T00:21:54.219 INFO:teuthology.orchestra.run.trial077.stdout:/usr/bin/ceph: stderr
2026-02-20T00:21:54.111+0000 7fc87e6da640 1 -- start start
2026-02-20T00:21:54.219 INFO:teuthology.orchestra.run.trial077.stdout:/usr/bin/ceph: stderr
2026-02-20T00:21:54.111+0000 7fc87e6da640 1 --2- >> [v2:10.20.193.77:3300/0,v1:10.20.193.77:6789/0] conn(0x7fc87810a9d0 0x7fc8781a0390 unknown :-1 s=NONE pgs=0 cs=0 l=1 rev1=0 crypto rx=0 tx=0 comp rx=0 tx=0).connect
2026-02-20T00:21:54.219 INFO:teuthology.orchestra.run.trial077.stdout:/usr/bin/ceph: stderr
2026-02-20T00:21:54.111+0000 7fc87e6da640 1 -- --> [v2:10.20.193.77:3300/0,v1:10.20.193.77:6789/0] -- mon_getmap magic: 0 -- 0x7fc87810e920 con 0x7fc87810a9d0
2026-02-20T00:21:54.219 INFO:teuthology.orchestra.run.trial077.stdout:/usr/bin/ceph: stderr
2026-02-20T00:21:54.111+0000 7fc877fff640 1 --2- >> [v2:10.20.193.77:3300/0,v1:10.20.193.77:6789/0] conn(0x7fc87810a9d0 0x7fc8781a0390 unknown :-1 s=BANNER_CONNECTING pgs=0 cs=0 l=1 rev1=0 crypto rx=0 tx=0 comp rx=0 tx=0)._handle_peer_banner_payload supported=3 required=0
2026-02-20T00:21:54.219 INFO:teuthology.orchestra.run.trial077.stdout:/usr/bin/ceph: stderr
2026-02-20T00:21:54.111+0000 7fc877fff640 1 --2- >> [v2:10.20.193.77:3300/0,v1:10.20.193.77:6789/0] conn(0x7fc87810a9d0 0x7fc8781a0390 unknown :-1 s=HELLO_CONNECTING pgs=0 cs=0 l=1 rev1=1 crypto rx=0 tx=0 comp rx=0 tx=0).handle_hello peer v2:10.20.193.77:3300/0 says I am v2:10.20.193.77:60636/0 (socket says 10.20.193.77:60636)
2026-02-20T00:21:54.219 INFO:teuthology.orchestra.run.trial077.stdout:/usr/bin/ceph: stderr
2026-02-20T00:21:54.111+0000 7fc877fff640 1 -- 10.20.193.77:0/925491153 learned_addr learned my addr 10.20.193.77:0/925491153 (peer_addr_for_me v2:10.20.193.77:0/0)
2026-02-20T00:21:54.219 INFO:teuthology.orchestra.run.trial077.stdout:/usr/bin/ceph: stderr
