2026-02-20T00:21:57.158 INFO:teuthology.orchestra.run.trial077.stdout:/usr/bin/ceph: stderr
2026-02-20T00:21:56.266+0000 7f6e93915640 1 Processor -- start
2026-02-20T00:21:57.158 INFO:teuthology.orchestra.run.trial077.stdout:/usr/bin/ceph: stderr
2026-02-20T00:21:56.266+0000 7f6e93915640 1 -- start start
2026-02-20T00:21:57.158 INFO:teuthology.orchestra.run.trial077.stdout:/usr/bin/ceph: stderr
2026-02-20T00:21:56.266+0000 7f6e93915640 1 --2- >> [v2:10.20.193.77:3300/0,v1:10.20.193.77:6789/0] conn(0x7f6e8c10a9d0 0x7f6e8c1a0390 unknown :-1 s=NONE pgs=0 cs=0 l=1 rev1=0 crypto rx=0 tx=0 comp rx=0 tx=0).connect
2026-02-20T00:21:57.158 INFO:teuthology.orchestra.run.trial077.stdout:/usr/bin/ceph: stderr
2026-02-20T00:21:56.266+0000 7f6e93915640 1 -- --> [v2:10.20.193.77:3300/0,v1:10.20.193.77:6789/0] -- mon_getmap magic: 0 -- 0x7f6e8c10e920 con 0x7f6e8c10a9d0
2026-02-20T00:21:57.158 INFO:teuthology.orchestra.run.trial077.stdout:/usr/bin/ceph: stderr
2026-02-20T00:21:56.266+0000 7f6e9168a640 1 --2- >> [v2:10.20.193.77:3300/0,v1:10.20.193.77:6789/0] conn(0x7f6e8c10a9d0 0x7f6e8c1a0390 unknown :-1 s=BANNER_CONNECTING pgs=0 cs=0 l=1 rev1=0 crypto rx=0 tx=0 comp rx=0 tx=0)._handle_peer_banner_payload supported=3 required=0
2026-02-20T00:21:57.158 INFO:teuthology.orchestra.run.trial077.stdout:/usr/bin/ceph: stderr
2026-02-20T00:21:56.266+0000 7f6e9168a640 1 --2- >> [v2:10.20.193.77:3300/0,v1:10.20.193.77:6789/0] conn(0x7f6e8c10a9d0 0x7f6e8c1a0390 unknown :-1 s=HELLO_CONNECTING pgs=0 cs=0 l=1 rev1=1 crypto rx=0 tx=0 comp rx=0 tx=0).handle_hello peer v2:10.20.193.77:3300/0 says I am v2:10.20.193.77:60692/0 (socket says 10.20.193.77:60692)
2026-02-20T00:21:57.158 INFO:teuthology.orchestra.run.trial077.stdout:/usr/bin/ceph: stderr
2026-02-20T00:21:56.266+0000 7f6e9168a640 1 -- 10.20.193.77:0/3743262166 learned_addr learned my addr 10.20.193.77:0/3743262166 (peer_addr_for_me v2:10.20.193.77:0/0)
2026-02-20T00:21:57.158 INFO:teuthology.orchestra.run.trial077.stdout:/usr/bin/ceph: stderr
2026-02-20T00:21:56.266+0000 7f6e9168a640 1 -- 10.20.193.77:0/3743262166 --> [v2:10.20.193.77:3300/0,v1:10.20.193.77:6789/0] -- mon_subscribe({config=0+,monmap=0+}) -- 0x7f6e8c1a08d0 con 0x7f6e8c10a9d0
2026-02-20T00:21:57.158 INFO:teuthology.orchestra.run.trial077.stdout:/usr/bin/ceph: stderr
2026-02-20T00:21:56.267+0000 7f6e9168a640 1 --2- 10.20.193.77:0/3743262166 >> [v2:10.20.193.77:3300/0,v1:10.20.193.77:6789/0] conn(0x7f6e8c10a9d0 0x7f6e8c1a0390 secure :-1 s=READY pgs=48 cs=0 l=1 rev1=1 crypto rx=0x7f6e7c006fd0 tx=0x7f6e7c037bb0 comp rx=0 tx=0).ready entity=mon.0 client_cookie=0 server_cookie=0 in_seq=0 out_seq=0
2026-02-20T00:21:57.158 INFO:teuthology.orchestra.run.trial077.stdout:/usr/bin/ceph: stderr
2026-02-20T00:21:56.267+0000 7f6e7a7fc640 1 -- 10.20.193.77:0/3743262166 <== mon.0 v2:10.20.193.77:3300/0 1 ==== mon_map magic: 0 ==== 205+0+0 (secure 0 0 0) 0x7f6e7c045070 con 0x7f6e8c10a9d0
2026-02-20T00:21:57.158 INFO:teuthology.orchestra.run.trial077.stdout:/usr/bin/ceph: stderr
2026-02-20T00:21:56.267+0000 7f6e7a7fc640 1 -- 10.20.193.77:0/3743262166 <== mon.0 v2:10.20.193.77:3300/0 2 ==== config(26 keys) ==== 1045+0+0 (secure 0 0 0) 0x7f6e7c040450 con 0x7f6e8c10a9d0
2026-02-20T00:21:57.158 INFO:teuthology.orchestra.run.trial077.stdout:/usr/bin/ceph: stderr
2026-02-20T00:21:56.267+0000 7f6e93915640 1 -- 10.20.193.77:0/3743262166 --> [v2:10.20.193.77:3300/0,v1:10.20.193.77:6789/0] -- mon_subscribe({mgrmap=0+}) -- 0x7f6e8c1a0b60 con 0x7f6e8c10a9d0
2026-02-20T00:21:57.158 INFO:teuthology.orchestra.run.trial077.stdout:/usr/bin/ceph: stderr
2026-02-20T00:21:56.267+0000 7f6e7a7fc640 1 -- 10.20.193.77:0/3743262166 <== mon.0 v2:10.20.193.77:3300/0 3 ==== mon_map magic: 0 ==== 205+0+0 (secure 0 0 0) 0x7f6e7c03c070 con 0x7f6e8c10a9d0
2026-02-20T00:21:57.159 INFO:teuthology.orchestra.run.trial077.stdout:/usr/bin/ceph: stderr
2026-02-20T00:21:56.267+0000 7f6e93915640 1 -- 10.20.193.77:0/3743262166 --> [v2:10.20.193.77:3300/0,v1:10.20.193.77:6789/0] -- mon_subscribe({osdmap=0}) -- 0x7f6e8c1a3850 con 0x7f6e8c10a9d0
2026-02-20T00:21:57.159 INFO:teuthology.orchestra.run.trial077.stdout:/usr/bin/ceph: stderr
2026-02-20T00:21:56.267+0000 7f6e93915640 1 -- 10.20.193.77:0/3743262166 --> [v2:10.20.193.77:3300/0,v1:10.20.193.77:6789/0] -- mon_command({"prefix": "get_command_descriptions"} v 0) -- 0x7f6e8c10ae50 con 0x7f6e8c10a9d0
2026-02-20T00:21:57.159 INFO:teuthology.orchestra.run.trial077.stdout:/usr/bin/ceph: stderr
2026-02-20T00:21:56.267+0000 7f6e7a7fc640 1 -- 10.20.193.77:0/3743262166 <== mon.0 v2:10.20.193.77:3300/0 4 ==== mgrmap(e 8) ==== 50247+0+0 (secure 0 0 0) 0x7f6e7c040600 con 0x7f6e8c10a9d0
2026-02-20T00:21:57.159 INFO:teuthology.orchestra.run.trial077.stdout:/usr/bin/ceph: stderr
2026-02-20T00:21:56.267+0000 7f6e7a7fc640 1 --2- 10.20.193.77:0/3743262166 >> [v2:10.20.193.77:6800/2426752061,v1:10.20.193.77:6801/2426752061] conn(0x7f6e6803db00 0x7f6e6803ffc0 unknown :-1 s=NONE pgs=0 cs=0 l=1 rev1=0 crypto rx=0 tx=0 comp rx=0 tx=0).connect
2026-02-20T00:21:57.159 INFO:teuthology.orchestra.run.trial077.stdout:/usr/bin/ceph: stderr
2026-02-20T00:21:56.267+0000 7f6e7a7fc640 1 -- 10.20.193.77:0/3743262166 <== mon.0 v2:10.20.193.77:3300/0 5 ==== osd_map(2..2 src has 1..2) ==== 940+0+0 (secure 0 0 0) 0x7f6e7c0767b0 con 0x7f6e8c10a9d0
2026-02-20T00:21:57.159 INFO:teuthology.orchestra.run.trial077.stdout:/usr/bin/ceph: stderr
2026-02-20T00:21:56.268+0000 7f6e90e89640 1 --2- 10.20.193.77:0/3743262166 >> [v2:10.20.193.77:6800/2426752061,v1:10.20.193.77:6801/2426752061] conn(0x7f6e6803db00 0x7f6e6803ffc0 unknown :-1 s=BANNER_CONNECTING pgs=0 cs=0 l=1 rev1=0 crypto rx=0 tx=0 comp rx=0 tx=0)._handle_peer_banner_payload supported=3 required=0
2026-02-20T00:21:57.159 INFO:teuthology.orchestra.run.trial077.stdout:/usr/bin/ceph: stderr
2026-02-20T00:21:56.268+0000 7f6e90e89640 1 --2- 10.20.193.77:0/3743262166 >> [v2:10.20.193.77:6800/2426752061,v1:10.20.193.77:6801/2426752061] conn(0x7f6e6803db00 0x7f6e6803ffc0 secure :-1 s=READY pgs=13 cs=0 l=1 rev1=1 crypto rx=0x7f6e800099c0 tx=0x7f6e80006eb0 comp rx=0 tx=0).ready entity=mgr.14118 client_cookie=0 server_cookie=0 in_seq=0 out_seq=0
2026-02-20T00:21:57.159 INFO:teuthology.orchestra.run.trial077.stdout:/usr/bin/ceph: stderr
2026-02-20T00:21:56.270+0000 7f6e7a7fc640 1 -- 10.20.193.77:0/3743262166 <== mon.0 v2:10.20.193.77:3300/0 6 ==== mon_command_ack([{"prefix": "get_command_descriptions"}]=0 v0) ==== 72+0+195034 (secure 0 0 0) 0x7f6e7c033200 con 0x7f6e8c10a9d0
2026-02-20T00:21:57.159 INFO:teuthology.orchestra.run.trial077.stdout:/usr/bin/ceph: stderr
2026-02-20T00:21:56.357+0000 7f6e93915640 1 -- 10.20.193.77:0/3743262166 --> [v2:10.20.193.77:6800/2426752061,v1:10.20.193.77:6801/2426752061] -- mgr_command(tid 0: {"prefix": "orch apply", "service_type": "mgr", "unmanaged": true, "target": ["mon-mgr", ""]}) -- 0x7f6e8c108dc0 con 0x7f6e6803db00
2026-02-20T00:21:57.159 INFO:teuthology.orchestra.run.trial077.stdout:/usr/bin/ceph: stderr
2026-02-20T00:21:56.361+0000 7f6e7a7fc640 1 -- 10.20.193.77:0/3743262166 <== mgr.14118 v2:10.20.193.77:6800/2426752061 1 ==== mgr_command_reply(tid 0: 0 ) ==== 8+0+24 (secure 0 0 0) 0x7f6e8c108dc0 con 0x7f6e6803db00
2026-02-20T00:21:57.159 INFO:teuthology.orchestra.run.trial077.stdout:/usr/bin/ceph: stderr
2026-02-20T00:21:56.362+0000 7f6e93915640 1 -- 10.20.193.77:0/3743262166 >> [v2:10.20.193.77:6800/2426752061,v1:10.20.193.77:6801/2426752061] conn(0x7f6e6803db00 msgr2=0x7f6e6803ffc0 secure :-1 s=STATE_CONNECTION_ESTABLISHED l=1).mark_down
2026-02-20T00:21:57.159 INFO:teuthology.orchestra.run.trial077.stdout:/usr/bin/ceph: stderr
2026-02-20T00:21:56.362+0000 7f6e93915640 1 --2- 10.20.193.77:0/3743262166 >> [v2:10.20.193.77:6800/2426752061,v1:10.20.193.77:6801/2426752061] conn(0x7f6e6803db00 0x7f6e6803ffc0 secure :-1 s=READY pgs=13 cs=0 l=1 rev1=1 crypto rx=0x7f6e800099c0 tx=0x7f6e80006eb0 comp rx=0 tx=0).stop
2026-02-20T00:21:57.159 INFO:teuthology.orchestra.run.trial077.stdout:/usr/bin/ceph: stderr
2026-02-20T00:21:56.362+0000 7f6e93915640 1 -- 10.20.193.77:0/3743262166 >> [v2:10.20.193.77:3300/0,v1:10.20.193.77:6789/0] conn(0x7f6e8c10a9d0 msgr2=0x7f6e8c1a0390 secure :-1 s=STATE_CONNECTION_ESTABLISHED l=1).mark_down
2026-02-20T00:21:57.159 INFO:teuthology.orchestra.run.trial077.stdout:/usr/bin/ceph: stderr
2026-02-20T00:21:56.362+0000 7f6e93915640 1 --2- 10.20.193.77:0/3743262166 >> [v2:10.20.193.77:3300/0,v1:10.20.193.77:6789/0] conn(0x7f6e8c10a9d0 0x7f6e8c1a0390 secure :-1 s=READY pgs=48 cs=0 l=1 rev1=1 crypto rx=0x7f6e7c006fd0 tx=0x7f6e7c037bb0 comp rx=0 tx=0).stop
2026-02-20T00:21:57.159 INFO:teuthology.orchestra.run.trial077.stdout:/usr/bin/ceph: stderr
2026-02-20T00:21:56.362+0000 7f6e93915640 1 -- 10.20.193.77:0/3743262166 shutdown_connections
2026-02-20T00:21:57.159 INFO:teuthology.orchestra.run.trial077.stdout:/usr/bin/ceph: stderr
2026-02-20T00:21:56.362+0000 7f6e93915640 1 --2- 10.20.193.77:0/3743262166 >> [v2:10.20.193.77:6800/2426752061,v1:10.20.193.77:6801/2426752061] conn(0x7f6e6803db00 0x7f6e6803ffc0 unknown :-1 s=CLOSED pgs=13 cs=0 l=1 rev1=1 crypto rx=0 tx=0 comp rx=0 tx=0).stop
2026-02-20T00:21:57.159 INFO:teuthology.orchestra.run.trial077.stdout:/usr/bin/ceph: stderr
2026-02-20T00:21:56.362+0000 7f6e93915640 1 --2- 10.20.193.77:0/3743262166 >> [v2:10.20.193.77:3300/0,v1:10.20.193.77:6789/0] conn(0x7f6e8c10a9d0 0x7f6e8c1a0390 unknown :-1 s=CLOSED pgs=48 cs=0 l=1 rev1=1 crypto rx=0 tx=0 comp rx=0 tx=0).stop
2026-02-20T00:21:57.159 INFO:teuthology.orchestra.run.trial077.stdout:/usr/bin/ceph: stderr
2026-02-20T00:21:56.362+0000 7f6e93915640 1 -- 10.20.193.77:0/3743262166 >> 10.20.193.77:0/3743262166 conn(0x7f6e8c07da30 msgr2=0x7f6e8c1086b0 unknown :-1 s=STATE_NONE l=0).mark_down
2026-02-20T00:21:57.159 INFO:teuthology.orchestra.run.trial077.stdout:/usr/bin/ceph: stderr
2026-02-20T00:21:56.362+0000 7f6e93915640 1 -- 10.20.193.77:0/3743262166 shutdown_connections
2026-02-20T00:21:57.159 INFO:teuthology.orchestra.run.trial077.stdout:/usr/bin/ceph: stderr
2026-02-20T00:21:56.362+0000 7f6e93915640 1 -- 10.20.193.77:0/3743262166 wait complete.
2026-02-20T00:21:57.377 INFO:teuthology.orchestra.run.trial077.stdout:/usr/bin/ceph: stderr
2026-02-20T00:21:57.259+0000 7f91ed443640 1 Processor -- start
2026-02-20T00:21:57.378 INFO:teuthology.orchestra.run.trial077.stdout:/usr/bin/ceph: stderr
2026-02-20T00:21:57.259+0000 7f91ed443640 1 -- start start
2026-02-20T00:21:57.378 INFO:teuthology.orchestra.run.trial077.stdout:/usr/bin/ceph: stderr
2026-02-20T00:21:57.259+0000 7f91ed443640 1 --2- >> [v2:10.20.193.77:3300/0,v1:10.20.193.77:6789/0] conn(0x7f91e810a9d0 0x7f91e810add0 unknown :-1 s=NONE pgs=0 cs=0 l=0 rev1=0 crypto rx=0 tx=0 comp rx=0 tx=0).connect
2026-02-20T00:21:57.378 INFO:teuthology.orchestra.run.trial077.stdout:/usr/bin/ceph: stderr
2026-02-20T00:21:57.259+0000 7f91ed443640 1 -- --> [v2:10.20.193.77:3300/0,v1:10.20.193.77:6789/0] -- mon_getmap magic: 0 -- 0x7f91e810b3a0 con 0x7f91e810a9d0
2026-02-20T00:21:57.378 INFO:teuthology.orchestra.run.trial077.stdout:/usr/bin/ceph: stderr
2026-02-20T00:21:57.260+0000 7f91e6ffd640 1 --2- >> [v2:10.20.193.77:3300/0,v1:10.20.193.77:6789/0] conn(0x7f91e810a9d0 0x7f91e810add0 unknown :-1 s=BANNER_CONNECTING pgs=0 cs=0 l=0 rev1=0 crypto rx=0 tx=0 comp rx=0 tx=0)._handle_peer_banner_payload supported=3 required=0
2026-02-20T00:21:57.378 INFO:teuthology.orchestra.run.trial077.stdout:/usr/bin/ceph: stderr
2026-02-20T00:21:57.260+0000 7f91e6ffd640 1 --2- >> [v2:10.20.193.77:3300/0,v1:10.20.193.77:6789/0] conn(0x7f91e810a9d0 0x7f91e810add0 unknown :-1 s=HELLO_CONNECTING pgs=0 cs=0 l=0 rev1=1 crypto rx=0 tx=0 comp rx=0 tx=0).handle_hello peer v2:10.20.193.77:3300/0 says I am v2:10.20.193.77:60702/0 (socket says 10.20.193.77:60702)
2026-02-20T00:21:57.378 INFO:teuthology.orchestra.run.trial077.stdout:/usr/bin/ceph: stderr
2026-02-20T00:21:57.260+0000 7f91e6ffd640 1 -- 10.20.193.77:0/916361765 learned_addr learned my addr 10.20.193.77:0/916361765 (peer_addr_for_me v2:10.20.193.77:0/0)
2026-02-20T00:21:57.378 INFO:teuthology.orchestra.run.trial077.stdout:/usr/bin/ceph: stderr
2026-02-20T00:21:57.260+0000 7f91e6ffd640 1 -- 10.20.193.77:0/916361765 --> [v2:10.20.193.77:3300/0,v1:10.20.193.77:6789/0] -- mon_subscribe({config=0+,monmap=0+}) -- 0x7f91e810b6f0 con 0x7f91e810a9d0
2026-02-20T00:21:57.378 INFO:teuthology.orchestra.run.trial077.stdout:/usr/bin/ceph: stderr
2026-02-20T00:21:57.260+0000 7f91e6ffd640 1 --2- 10.20.193.77:0/916361765 >> [v2:10.20.193.77:3300/0,v1:10.20.193.77:6789/0] conn(0x7f91e810a9d0 0x7f91e810add0 secure :-1 s=READY pgs=49 cs=0 l=1 rev1=1 crypto rx=0x7f91dc009920 tx=0x7f91dc02ef20 comp rx=0 tx=0).ready entity=mon.0 client_cookie=1a20ccdad64fa4c2 server_cookie=0 in_seq=0 out_seq=0
2026-02-20T00:21:57.378 INFO:teuthology.orchestra.run.trial077.stdout:/usr/bin/ceph: stderr
2026-02-20T00:21:57.260+0000 7f91e5ffb640 1 -- 10.20.193.77:0/916361765 <== mon.0 v2:10.20.193.77:3300/0 1 ==== mon_map magic: 0 ==== 205+0+0 (secure 0 0 0) 0x7f91dc03c070 con 0x7f91e810a9d0
2026-02-20T00:21:57.378 INFO:teuthology.orchestra.run.trial077.stdout:/usr/bin/ceph: stderr
2026-02-20T00:21:57.260+0000 7f91e5ffb640 1 -- 10.20.193.77:0/916361765 <== mon.0 v2:10.20.193.77:3300/0 2 ==== config(26 keys) ==== 1076+0+0 (secure 0 0 0) 0x7f91dc037440 con 0x7f91e810a9d0
2026-02-20T00:21:57.384 INFO:teuthology.orchestra.run.trial077.stdout:/usr/bin/ceph: stderr
2026-02-20T00:21:57.260+0000 7f91e5ffb640 1 -- 10.20.193.77:0/916361765 <== mon.0 v2:10.20.193.77:3300/0 3 ==== mon_map magic: 0 ==== 205+0+0 (secure 0 0 0) 0x7f91dc0354d0 con 0x7f91e810a9d0
2026-02-20T00:21:57.384 INFO:teuthology.orchestra.run.trial077.stdout:/usr/bin/ceph: stderr
2026-02-20T00:21:57.261+0000 7f91ed443640 1 -- 10.20.193.77:0/916361765 >> [v2:10.20.193.77:3300/0,v1:10.20.193.77:6789/0] conn(0x7f91e810a9d0 msgr2=0x7f91e810add0 secure :-1 s=STATE_CONNECTION_ESTABLISHED l=1).mark_down
2026-02-20T00:21:57.384 INFO:teuthology.orchestra.run.trial077.stdout:/usr/bin/ceph: stderr
2026-02-20T00:21:57.261+0000 7f91ed443640 1 --2- 10.20.193.77:0/916361765 >> [v2:10.20.193.77:3300/0,v1:10.20.193.77:6789/0] conn(0x7f91e810a9d0 0x7f91e810add0 secure :-1 s=READY pgs=49 cs=0 l=1 rev1=1 crypto rx=0x7f91dc009920 tx=0x7f91dc02ef20 comp rx=0 tx=0).stop
2026-02-20T00:21:57.384 INFO:teuthology.orchestra.run.trial077.stdout:/usr/bin/ceph: stderr
2026-02-20T00:21:57.261+0000 7f91ed443640 1 -- 10.20.193.77:0/916361765 shutdown_connections
2026-02-20T00:21:57.384 INFO:teuthology.orchestra.run.trial077.stdout:/usr/bin/ceph: stderr
2026-02-20T00:21:57.261+0000 7f91ed443640 1 --2- 10.20.193.77:0/916361765 >> [v2:10.20.193.77:3300/0,v1:10.20.193.77:6789/0] conn(0x7f91e810a9d0 0x7f91e810add0 unknown :-1 s=CLOSED pgs=49 cs=0 l=1 rev1=1 crypto rx=0 tx=0 comp rx=0 tx=0).stop
2026-02-20T00:21:57.384 INFO:teuthology.orchestra.run.trial077.stdout:/usr/bin/ceph: stderr
2026-02-20T00:21:57.261+0000 7f91ed443640 1 -- 10.20.193.77:0/916361765 >> 10.20.193.77:0/916361765 conn(0x7f91e807da30 msgr2=0x7f91e807de40 unknown :-1 s=STATE_NONE l=0).mark_down
2026-02-20T00:21:57.385 INFO:teuthology.orchestra.run.trial077.stdout:/usr/bin/ceph: stderr
2026-02-20T00:21:57.261+0000 7f91ed443640 1 -- 10.20.193.77:0/916361765 shutdown_connections
2026-02-20T00:21:57.385 INFO:teuthology.orchestra.run.trial077.stdout:/usr/bin/ceph: stderr
2026-02-20T00:21:57.261+0000 7f91ed443640 1 -- 10.20.193.77:0/916361765 wait complete.
2026-02-20T00:21:57.385 INFO:teuthology.orchestra.run.trial077.stdout:/usr/bin/ceph: stderr
2026-02-20T00:21:57.261+0000 7f91ed443640 1 Processor -- start
2026-02-20T00:21:57.385 INFO:teuthology.orchestra.run.trial077.stdout:/usr/bin/ceph: stderr
2026-02-20T00:21:57.261+0000 7f91ed443640 1 -- start start
2026-02-20T00:21:57.385 INFO:teuthology.orchestra.run.trial077.stdout:/usr/bin/ceph: stderr
2026-02-20T00:21:57.261+0000 7f91ed443640 1 --2- >> [v2:10.20.193.77:3300/0,v1:10.20.193.77:6789/0] conn(0x7f91e810a9d0 0x7f91e81a0350 unknown :-1 s=NONE pgs=0 cs=0 l=1 rev1=0 crypto rx=0 tx=0 comp rx=0 tx=0).connect
2026-02-20T00:21:57.385 INFO:teuthology.orchestra.run.trial077.stdout:/usr/bin/ceph: stderr
2026-02-20T00:21:57.261+0000 7f91ed443640 1 -- --> [v2:10.20.193.77:3300/0,v1:10.20.193.77:6789/0] -- mon_getmap magic: 0 -- 0x7f91e810eaa0 con 0x7f91e810a9d0
2026-02-20T00:21:57.385 INFO:teuthology.orchestra.run.trial077.stdout:/usr/bin/ceph: stderr
2026-02-20T00:21:57.261+0000 7f91e6ffd640 1 --2- >> [v2:10.20.193.77:3300/0,v1:10.20.193.77:6789/0] conn(0x7f91e810a9d0 0x7f91e81a0350 unknown :-1 s=BANNER_CONNECTING pgs=0 cs=0 l=1 rev1=0 crypto rx=0 tx=0 comp rx=0 tx=0)._handle_peer_banner_payload supported=3 required=0
2026-02-20T00:21:57.385 INFO:teuthology.orchestra.run.trial077.stdout:/usr/bin/ceph: stderr
2026-02-20T00:21:57.261+0000 7f91e6ffd640 1 --2- >> [v2:10.20.193.77:3300/0,v1:10.20.193.77:6789/0] conn(0x7f91e810a9d0 0x7f91e81a0350 unknown :-1 s=HELLO_CONNECTING pgs=0 cs=0 l=1 rev1=1 crypto rx=0 tx=0 comp rx=0 tx=0).handle_hello peer v2:10.20.193.77:3300/0 says I am v2:10.20.193.77:60708/0 (socket says 10.20.193.77:60708)
2026-02-20T00:21:57.385 INFO:teuthology.orchestra.run.trial077.stdout:/usr/bin/ceph: stderr
2026-02-20T00:21:57.261+0000 7f91e6ffd640 1 -- 10.20.193.77:0/1958521660 learned_addr learned my addr 10.20.193.77:0/1958521660 (peer_addr_for_me v2:10.20.193.77:0/0)
2026-02-20T00:21:57.385 INFO:teuthology.orchestra.run.trial077.stdout:/usr/bin/ceph: stderr
2026-02-20T00:21:57.261+0000 7f91e6ffd640 1 -- 10.20.193.77:0/1958521660 --> [v2:10.20.193.77:3300/0,v1:10.20.193.77:6789/0] -- mon_subscribe({config=0+,monmap=0+}) -- 0x7f91e81a0890 con 0x7f91e810a9d0
2026-02-20T00:21:57.386 INFO:teuthology.orchestra.run.trial077.stdout:/usr/bin/ceph: stderr
2026-02-20T00:21:57.262+0000 7f91e6ffd640 1 --2- 10.20.193.77:0/1958521660 >> [v2:10.20.193.77:3300/0,v1:10.20.193.77:6789/0] conn(0x7f91e810a9d0 0x7f91e81a0350 secure :-1 s=READY pgs=50 cs=0 l=1 rev1=1 crypto rx=0x7f91dc002410 tx=0x7f91dc037820 comp rx=0 tx=0).ready entity=mon.0 client_cookie=0 server_cookie=0 in_seq=0 out_seq=0
2026-02-20T00:21:57.386 INFO:teuthology.orchestra.run.trial077.stdout:/usr/bin/ceph: stderr
2026-02-20T00:21:57.262+0000 7f91c7fff640 1 -- 10.20.193.77:0/1958521660 <== mon.0 v2:10.20.193.77:3300/0 1 ==== mon_map magic: 0 ==== 205+0+0 (secure 0 0 0) 0x7f91dc047070 con 0x7f91e810a9d0
2026-02-20T00:21:57.386 INFO:teuthology.orchestra.run.trial077.stdout:/usr/bin/ceph: stderr
2026-02-20T00:21:57.262+0000 7f91c7fff640 1 -- 10.20.193.77:0/1958521660 <== mon.0 v2:10.20.193.77:3300/0 2 ==== config(26 keys) ==== 1076+0+0 (secure 0 0 0) 0x7f91dc035da0 con 0x7f91e810a9d0
2026-02-20T00:21:57.386 INFO:teuthology.orchestra.run.trial077.stdout:/usr/bin/ceph: stderr
2026-02-20T00:21:57.262+0000 7f91ed443640 1 -- 10.20.193.77:0/1958521660 --> [v2:10.20.193.77:3300/0,v1:10.20.193.77:6789/0] -- mon_subscribe({mgrmap=0+}) -- 0x7f91e81a0b20 con 0x7f91e810a9d0
2026-02-20T00:21:57.386 INFO:teuthology.orchestra.run.trial077.stdout:/usr/bin/ceph: stderr
2026-02-20T00:21:57.262+0000 7f91c7fff640 1 -- 10.20.193.77:0/1958521660 <== mon.0 v2:10.20.193.77:3300/0 3 ==== mon_map magic: 0 ==== 205+0+0 (secure 0 0 0) 0x7f91dc03c070 con 0x7f91e810a9d0
2026-02-20T00:21:57.386 INFO:teuthology.orchestra.run.trial077.stdout:/usr/bin/ceph: stderr
2026-02-20T00:21:57.262+0000 7f91ed443640 1 -- 10.20.193.77:0/1958521660 --> [v2:10.20.193.77:3300/0,v1:10.20.193.77:6789/0] -- mon_subscribe({osdmap=0}) -- 0x7f91e81a3810 con 0x7f91e810a9d0
2026-02-20T00:21:57.386 INFO:teuthology.orchestra.run.trial077.stdout:/usr/bin/ceph: stderr
2026-02-20T00:21:57.262+0000 7f91ed443640 1 -- 10.20.193.77:0/1958521660 --> [v2:10.20.193.77:3300/0,v1:10.20.193.77:6789/0] -- mon_command({"prefix": "get_command_descriptions"} v 0) -- 0x7f91e810ae50 con 0x7f91e810a9d0
2026-02-20T00:21:57.386 INFO:teuthology.orchestra.run.trial077.stdout:/usr/bin/ceph: stderr
2026-02-20T00:21:57.262+0000 7f91c7fff640 1 -- 10.20.193.77:0/1958521660 <== mon.0 v2:10.20.193.77:3300/0 4 ==== mgrmap(e 8) ==== 50247+0+0 (secure 0 0 0) 0x7f91dc042660 con 0x7f91e810a9d0
2026-02-20T00:21:57.386 INFO:teuthology.orchestra.run.trial077.stdout:/usr/bin/ceph: stderr
2026-02-20T00:21:57.263+0000 7f91c7fff640 1 --2- 10.20.193.77:0/1958521660 >> [v2:10.20.193.77:6800/2426752061,v1:10.20.193.77:6801/2426752061] conn(0x7f91bc03dbf0 0x7f91bc0400b0 unknown :-1 s=NONE pgs=0 cs=0 l=1 rev1=0 crypto rx=0 tx=0 comp rx=0 tx=0).connect
2026-02-20T00:21:57.386 INFO:teuthology.orchestra.run.trial077.stdout:/usr/bin/ceph: stderr
2026-02-20T00:21:57.263+0000 7f91c7fff640 1 -- 10.20.193.77:0/1958521660 <== mon.0 v2:10.20.193.77:3300/0 5 ==== osd_map(2..2 src has 1..2) ==== 940+0+0 (secure 0 0 0) 0x7f91dc076850 con 0x7f91e810a9d0
2026-02-20T00:21:57.386 INFO:teuthology.orchestra.run.trial077.stdout:/usr/bin/ceph: stderr
2026-02-20T00:21:57.263+0000 7f91e67fc640 1 --2- 10.20.193.77:0/1958521660 >> [v2:10.20.193.77:6800/2426752061,v1:10.20.193.77:6801/2426752061] conn(0x7f91bc03dbf0 0x7f91bc0400b0 unknown :-1 s=BANNER_CONNECTING pgs=0 cs=0 l=1 rev1=0 crypto rx=0 tx=0 comp rx=0 tx=0)._handle_peer_banner_payload supported=3 required=0
2026-02-20T00:21:57.386 INFO:teuthology.orchestra.run.trial077.stdout:/usr/bin/ceph: stderr
2026-02-20T00:21:57.263+0000 7f91e67fc640 1 --2- 10.20.193.77:0/1958521660 >> [v2:10.20.193.77:6800/2426752061,v1:10.20.193.77:6801/2426752061] conn(0x7f91bc03dbf0 0x7f91bc0400b0 secure :-1 s=READY pgs=14 cs=0 l=1 rev1=1 crypto rx=0x7f91d00099c0 tx=0x7f91d0006eb0 comp rx=0 tx=0).ready entity=mgr.14118 client_cookie=0 server_cookie=0 in_seq=0 out_seq=0
2026-02-20T00:21:57.387 INFO:teuthology.orchestra.run.trial077.stdout:/usr/bin/ceph: stderr
2026-02-20T00:21:57.265+0000 7f91c7fff640 1 -- 10.20.193.77:0/1958521660 <== mon.0 v2:10.20.193.77:3300/0 6 ==== mon_command_ack([{"prefix": "get_command_descriptions"}]=0 v0) ==== 72+0+195034 (secure 0 0 0) 0x7f91dc0342a0 con 0x7f91e810a9d0
2026-02-20T00:21:57.387 INFO:teuthology.orchestra.run.trial077.stdout:/usr/bin/ceph: stderr
2026-02-20T00:21:57.351+0000 7f91ed443640 1 -- 10.20.193.77:0/1958521660 --> [v2:10.20.193.77:3300/0,v1:10.20.193.77:6789/0] -- mon_command([{prefix=config set, name=mgr/cephadm/container_init}] v 0) -- 0x7f91e81a3e90 con 0x7f91e810a9d0
2026-02-20T00:21:57.387 INFO:teuthology.orchestra.run.trial077.stdout:/usr/bin/ceph: stderr
2026-02-20T00:21:57.352+0000 7f91c7fff640 1 -- 10.20.193.77:0/1958521660 <== mon.0 v2:10.20.193.77:3300/0 7 ==== mon_command_ack([{prefix=config set, name=mgr/cephadm/container_init}]=0 v7)=0 v7) ==== 142+0+0 (secure 0 0 0) 0x7f91dc033c90 con 0x7f91e810a9d0
2026-02-20T00:21:57.387 INFO:teuthology.orchestra.run.trial077.stdout:/usr/bin/ceph: stderr
2026-02-20T00:21:57.354+0000 7f91ed443640 1 -- 10.20.193.77:0/1958521660 >> [v2:10.20.193.77:6800/2426752061,v1:10.20.193.77:6801/2426752061] conn(0x7f91bc03dbf0 msgr2=0x7f91bc0400b0 secure :-1 s=STATE_CONNECTION_ESTABLISHED l=1).mark_down
2026-02-20T00:21:57.387 INFO:teuthology.orchestra.run.trial077.stdout:/usr/bin/ceph: stderr
2026-02-20T00:21:57.354+0000 7f91ed443640 1 --2- 10.20.193.77:0/1958521660 >> [v2:10.20.193.77:6800/2426752061,v1:10.20.193.77:6801/2426752061] conn(0x7f91bc03dbf0 0x7f91bc0400b0 secure :-1 s=READY pgs=14 cs=0 l=1 rev1=1 crypto rx=0x7f91d00099c0 tx=0x7f91d0006eb0 comp rx=0 tx=0).stop
2026-02-20T00:21:57.387 INFO:teuthology.orchestra.run.trial077.stdout:/usr/bin/ceph: stderr
2026-02-20T00:21:57.354+0000 7f91ed443640 1 -- 10.20.193.77:0/1958521660 >> [v2:10.20.193.77:3300/0,v1:10.20.193.77:6789/0] conn(0x7f91e810a9d0 msgr2=0x7f91e81a0350 secure :-1 s=STATE_CONNECTION_ESTABLISHED l=1).mark_down
2026-02-20T00:21:57.387 INFO:teuthology.orchestra.run.trial077.stdout:/usr/bin/ceph: stderr
2026-02-20T00:21:57.354+0000 7f91ed443640 1 --2- 10.20.193.77:0/1958521660 >> [v2:10.20.193.77:3300/0,v1:10.20.193.77:6789/0] conn(0x7f91e810a9d0 0x7f91e81a0350 secure :-1 s=READY pgs=50 cs=0 l=1 rev1=1 crypto rx=0x7f91dc002410 tx=0x7f91dc037820 comp rx=0 tx=0).stop
2026-02-20T00:21:57.387 INFO:teuthology.orchestra.run.trial077.stdout:/usr/bin/ceph: stderr
2026-02-20T00:21:57.355+0000 7f91ed443640 1 -- 10.20.193.77:0/1958521660 shutdown_connections
2026-02-20T00:21:57.387 INFO:teuthology.orchestra.run.trial077.stdout:/usr/bin/ceph: stderr
2026-02-20T00:21:57.355+0000 7f91ed443640 1 --2- 10.20.193.77:0/1958521660 >> [v2:10.20.193.77:6800/2426752061,v1:10.20.193.77:6801/2426752061] conn(0x7f91bc03dbf0 0x7f91bc0400b0 unknown :-1 s=CLOSED pgs=14 cs=0 l=1 rev1=1 crypto rx=0 tx=0 comp rx=0 tx=0).stop
2026-02-20T00:21:57.387 INFO:teuthology.orchestra.run.trial077.stdout:/usr/bin/ceph: stderr
2026-02-20T00:21:57.355+0000 7f91ed443640 1 --2- 10.20.193.77:0/1958521660 >> [v2:10.20.193.77:3300/0,v1:10.20.193.77:6789/0] conn(0x7f91e810a9d0 0x7f91e81a0350 unknown :-1 s=CLOSED pgs=50 cs=0 l=1 rev1=1 crypto rx=0 tx=0 comp rx=0 tx=0).stop
2026-02-20T00:21:57.387 INFO:teuthology.orchestra.run.trial077.stdout:/usr/bin/ceph: stderr
2026-02-20T00:21:57.355+0000 7f91ed443640 1 -- 10.20.193.77:0/1958521660 >> 10.20.193.77:0/1958521660 conn(0x7f91e807da30 msgr2=0x7f91e8108620 unknown :-1 s=STATE_NONE l=0).mark_down
2026-02-20T00:21:57.387 INFO:teuthology.orchestra.run.trial077.stdout:/usr/bin/ceph: stderr
2026-02-20T00:21:57.355+0000 7f91ed443640 1 -- 10.20.193.77:0/1958521660 shutdown_connections
2026-02-20T00:21:57.388 INFO:teuthology.orchestra.run.trial077.stdout:/usr/bin/ceph: stderr
2026-02-20T00:21:57.355+0000 7f91ed443640 1 -- 10.20.193.77:0/1958521660 wait complete.
2026-02-20T00:21:57.591 INFO:teuthology.orchestra.run.trial077.stdout:/usr/bin/ceph: stderr
2026-02-20T00:21:57.472+0000 7f2da26c9640 1 Processor -- start
2026-02-20T00:21:57.592 INFO:teuthology.orchestra.run.trial077.stdout:/usr/bin/ceph: stderr
2026-02-20T00:21:57.472+0000 7f2da26c9640 1 -- start start
2026-02-20T00:21:57.592 INFO:teuthology.orchestra.run.trial077.stdout:/usr/bin/ceph: stderr
2026-02-20T00:21:57.472+0000 7f2da26c9640 1 --2- >> [v2:10.20.193.77:3300/0,v1:10.20.193.77:6789/0] conn(0x7f2d9c07ee60 0x7f2d9c07d2c0 unknown :-1 s=NONE pgs=0 cs=0 l=0 rev1=0 crypto rx=0 tx=0 comp rx=0 tx=0).connect
2026-02-20T00:21:57.592 INFO:teuthology.orchestra.run.trial077.stdout:/usr/bin/ceph: stderr
2026-02-20T00:21:57.472+0000 7f2da26c9640 1 -- --> [v2:10.20.193.77:3300/0,v1:10.20.193.77:6789/0] -- mon_getmap magic: 0 -- 0x7f2d9c07d800 con 0x7f2d9c07ee60
2026-02-20T00:21:57.592 INFO:teuthology.orchestra.run.trial077.stdout:/usr/bin/ceph: stderr
2026-02-20T00:21:57.472+0000 7f2d9bfff640 1 --2- >> [v2:10.20.193.77:3300/0,v1:10.20.193.77:6789/0] conn(0x7f2d9c07ee60 0x7f2d9c07d2c0 unknown :-1 s=BANNER_CONNECTING pgs=0 cs=0 l=0 rev1=0 crypto rx=0 tx=0 comp rx=0 tx=0)._handle_peer_banner_payload supported=3 required=0
2026-02-20T00:21:57.592 INFO:teuthology.orchestra.run.trial077.stdout:/usr/bin/ceph: stderr
2026-02-20T00:21:57.472+0000 7f2d9bfff640 1 --2- >> [v2:10.20.193.77:3300/0,v1:10.20.193.77:6789/0] conn(0x7f2d9c07ee60 0x7f2d9c07d2c0 unknown :-1 s=HELLO_CONNECTING pgs=0 cs=0 l=0 rev1=1 crypto rx=0 tx=0 comp rx=0 tx=0).handle_hello peer v2:10.20.193.77:3300/0 says I am v2:10.20.193.77:60712/0 (socket says 10.20.193.77:60712)
2026-02-20T00:21:57.592 INFO:teuthology.orchestra.run.trial077.stdout:/usr/bin/ceph: stderr
2026-02-20T00:21:57.472+0000 7f2d9bfff640 1 -- 10.20.193.77:0/2191691671 learned_addr learned my addr 10.20.193.77:0/2191691671 (peer_addr_for_me v2:10.20.193.77:0/0)
2026-02-20T00:21:57.592 INFO:teuthology.orchestra.run.trial077.stdout:/usr/bin/ceph: stderr
2026-02-20T00:21:57.473+0000 7f2d9bfff640 1 -- 10.20.193.77:0/2191691671 --> [v2:10.20.193.77:3300/0,v1:10.20.193.77:6789/0] -- mon_subscribe({config=0+,monmap=0+}) -- 0x7f2d9c07d980 con 0x7f2d9c07ee60
2026-02-20T00:21:57.592 INFO:teuthology.orchestra.run.trial077.stdout:/usr/bin/ceph: stderr
2026-02-20T00:21:57.473+0000 7f2d9bfff640 1 --2- 10.20.193.77:0/2191691671 >> [v2:10.20.193.77:3300/0,v1:10.20.193.77:6789/0] conn(0x7f2d9c07ee60 0x7f2d9c07d2c0 secure :-1 s=READY pgs=51 cs=0 l=1 rev1=1 crypto rx=0x7f2d88009920 tx=0x7f2d8802ef20 comp rx=0 tx=0).ready entity=mon.0 client_cookie=6bc6375a15a0c4cf server_cookie=0 in_seq=0 out_seq=0
2026-02-20T00:21:57.593 INFO:teuthology.orchestra.run.trial077.stdout:/usr/bin/ceph: stderr
2026-02-20T00:21:57.473+0000 7f2d9affd640 1 -- 10.20.193.77:0/2191691671 <== mon.0 v2:10.20.193.77:3300/0 1 ==== mon_map magic: 0 ==== 205+0+0 (secure 0 0 0) 0x7f2d8803c070 con 0x7f2d9c07ee60
2026-02-20T00:21:57.593 INFO:teuthology.orchestra.run.trial077.stdout:/usr/bin/ceph: stderr
2026-02-20T00:21:57.473+0000 7f2d9affd640 1 -- 10.20.193.77:0/2191691671 <== mon.0 v2:10.20.193.77:3300/0 2 ==== config(26 keys) ==== 1076+0+0 (secure 0 0 0) 0x7f2d88037440 con 0x7f2d9c07ee60
2026-02-20T00:21:57.593 INFO:teuthology.orchestra.run.trial077.stdout:/usr/bin/ceph: stderr
2026-02-20T00:21:57.473+0000 7f2d9affd640 1 -- 10.20.193.77:0/2191691671 <== mon.0 v2:10.20.193.77:3300/0 3 ==== mon_map magic: 0 ==== 205+0+0 (secure 0 0 0) 0x7f2d880354d0 con 0x7f2d9c07ee60
2026-02-20T00:21:57.593 INFO:teuthology.orchestra.run.trial077.stdout:/usr/bin/ceph: stderr
2026-02-20T00:21:57.473+0000 7f2da26c9640 1 -- 10.20.193.77:0/2191691671 >> [v2:10.20.193.77:3300/0,v1:10.20.193.77:6789/0] conn(0x7f2d9c07ee60 msgr2=0x7f2d9c07d2c0 secure :-1 s=STATE_CONNECTION_ESTABLISHED l=1).mark_down
2026-02-20T00:21:57.593 INFO:teuthology.orchestra.run.trial077.stdout:/usr/bin/ceph: stderr
2026-02-20T00:21:57.473+0000 7f2da26c9640 1 --2- 10.20.193.77:0/2191691671 >> [v2:10.20.193.77:3300/0,v1:10.20.193.77:6789/0] conn(0x7f2d9c07ee60 0x7f2d9c07d2c0 secure :-1 s=READY pgs=51 cs=0 l=1 rev1=1 crypto rx=0x7f2d88009920 tx=0x7f2d8802ef20 comp rx=0 tx=0).stop
2026-02-20T00:21:57.593 INFO:teuthology.orchestra.run.trial077.stdout:/usr/bin/ceph: stderr
2026-02-20T00:21:57.473+0000 7f2da26c9640 1 -- 10.20.193.77:0/2191691671 shutdown_connections
2026-02-20T00:21:57.593 INFO:teuthology.orchestra.run.trial077.stdout:/usr/bin/ceph: stderr
2026-02-20T00:21:57.473+0000 7f2da26c9640 1 --2- 10.20.193.77:0/2191691671 >> [v2:10.20.193.77:3300/0,v1:10.20.193.77:6789/0] conn(0x7f2d9c07ee60 0x7f2d9c07d2c0 unknown :-1 s=CLOSED pgs=51 cs=0 l=1 rev1=1 crypto rx=0 tx=0 comp rx=0 tx=0).stop
2026-02-20T00:21:57.593 INFO:teuthology.orchestra.run.trial077.stdout:/usr/bin/ceph: stderr
2026-02-20T00:21:57.473+0000 7f2da26c9640 1 -- 10.20.193.77:0/2191691671 >> 10.20.193.77:0/2191691671 conn(0x7f2d9c103990 msgr2=0x7f2d9c105df0 unknown :-1 s=STATE_NONE l=0).mark_down
2026-02-20T00:21:57.593 INFO:teuthology.orchestra.run.trial077.stdout:/usr/bin/ceph: stderr
2026-02-20T00:21:57.474+0000 7f2da26c9640 1 -- 10.20.193.77:0/2191691671 shutdown_connections
2026-02-20T00:21:57.593 INFO:teuthology.orchestra.run.trial077.stdout:/usr/bin/ceph: stderr
2026-02-20T00:21:57.474+0000 7f2da26c9640 1 -- 10.20.193.77:0/2191691671 wait complete.
2026-02-20T00:21:57.593 INFO:teuthology.orchestra.run.trial077.stdout:/usr/bin/ceph: stderr
2026-02-20T00:21:57.474+0000 7f2da26c9640 1 Processor -- start
2026-02-20T00:21:57.593 INFO:teuthology.orchestra.run.trial077.stdout:/usr/bin/ceph: stderr
2026-02-20T00:21:57.474+0000 7f2da26c9640 1 -- start start
2026-02-20T00:21:57.594 INFO:teuthology.orchestra.run.trial077.stdout:/usr/bin/ceph: stderr
2026-02-20T00:21:57.474+0000 7f2da26c9640 1 --2- >> [v2:10.20.193.77:3300/0,v1:10.20.193.77:6789/0] conn(0x7f2d9c07ee60 0x7f2d9c1a02f0 unknown :-1 s=NONE pgs=0 cs=0 l=1 rev1=0 crypto rx=0 tx=0 comp rx=0 tx=0).connect
2026-02-20T00:21:57.594 INFO:teuthology.orchestra.run.trial077.stdout:/usr/bin/ceph: stderr
2026-02-20T00:21:57.474+0000 7f2da26c9640 1 -- --> [v2:10.20.193.77:3300/0,v1:10.20.193.77:6789/0] -- mon_getmap magic: 0 -- 0x7f2d9c10e820 con 0x7f2d9c07ee60
2026-02-20T00:21:57.594 INFO:teuthology.orchestra.run.trial077.stdout:/usr/bin/ceph: stderr
2026-02-20T00:21:57.474+0000 7f2d9bfff640 1 --2- >> [v2:10.20.193.77:3300/0,v1:10.20.193.77:6789/0] conn(0x7f2d9c07ee60 0x7f2d9c1a02f0 unknown :-1 s=BANNER_CONNECTING pgs=0 cs=0 l=1 rev1=0 crypto rx=0 tx=0 comp rx=0 tx=0)._handle_peer_banner_payload supported=3 required=0
2026-02-20T00:21:57.594 INFO:teuthology.orchestra.run.trial077.stdout:/usr/bin/ceph: stderr
2026-02-20T00:21:57.474+0000 7f2d9bfff640 1 --2- >> [v2:10.20.193.77:3300/0,v1:10.20.193.77:6789/0] conn(0x7f2d9c07ee60 0x7f2d9c1a02f0 unknown :-1 s=HELLO_CONNECTING pgs=0 cs=0 l=1 rev1=1 crypto rx=0 tx=0 comp rx=0 tx=0).handle_hello peer v2:10.20.193.77:3300/0 says I am v2:10.20.193.77:60728/0 (socket says 10.20.193.77:60728)
2026-02-20T00:21:57.594 INFO:teuthology.orchestra.run.trial077.stdout:/usr/bin/ceph: stderr
2026-02-20T00:21:57.474+0000 7f2d9bfff640 1 -- 10.20.193.77:0/4045957826 learned_addr learned my addr 10.20.193.77:0/4045957826 (peer_addr_for_me v2:10.20.193.77:0/0)
2026-02-20T00:21:57.594 INFO:teuthology.orchestra.run.trial077.stdout:/usr/bin/ceph: stderr
2026-02-20T00:21:57.474+0000 7f2d9bfff640 1 -- 10.20.193.77:0/4045957826 --> [v2:10.20.193.77:3300/0,v1:10.20.193.77:6789/0] -- mon_subscribe({config=0+,monmap=0+}) -- 0x7f2d9c1a0830 con 0x7f2d9c07ee60
2026-02-20T00:21:57.594 INFO:teuthology.orchestra.run.trial077.stdout:/usr/bin/ceph: stderr
2026-02-20T00:21:57.474+0000 7f2d9bfff640 1 --2- 10.20.193.77:0/4045957826 >> [v2:10.20.193.77:3300/0,v1:10.20.193.77:6789/0] conn(0x7f2d9c07ee60 0x7f2d9c1a02f0 secure :-1 s=READY pgs=52 cs=0 l=1 rev1=1 crypto rx=0x7f2d88002410 tx=0x7f2d88037820 comp rx=0 tx=0).ready entity=mon.0 client_cookie=0 server_cookie=0 in_seq=0 out_seq=0
2026-02-20T00:21:57.594 INFO:teuthology.orchestra.run.trial077.stdout:/usr/bin/ceph: stderr
2026-02-20T00:21:57.474+0000 7f2d997fa640 1 -- 10.20.193.77:0/4045957826 <== mon.0 v2:10.20.193.77:3300/0 1 ==== mon_map magic: 0 ==== 205+0+0 (secure 0 0 0) 0x7f2d88047070 con 0x7f2d9c07ee60
2026-02-20T00:21:57.594 INFO:teuthology.orchestra.run.trial077.stdout:/usr/bin/ceph: stderr
2026-02-20T00:21:57.474+0000 7f2d997fa640 1 -- 10.20.193.77:0/4045957826 <== mon.0 v2:10.20.193.77:3300/0 2 ==== config(26 keys) ==== 1076+0+0 (secure 0 0 0) 0x7f2d88035da0 con 0x7f2d9c07ee60
2026-02-20T00:21:57.594 INFO:teuthology.orchestra.run.trial077.stdout:/usr/bin/ceph: stderr
2026-02-20T00:21:57.474+0000 7f2da26c9640 1 -- 10.20.193.77:0/4045957826 --> [v2:10.20.193.77:3300/0,v1:10.20.193.77:6789/0] -- mon_subscribe({mgrmap=0+}) -- 0x7f2d9c1a0ac0 con 0x7f2d9c07ee60
2026-02-20T00:21:57.594 INFO:teuthology.orchestra.run.trial077.stdout:/usr/bin/ceph: stderr
2026-02-20T00:21:57.474+0000 7f2d997fa640 1 -- 10.20.193.77:0/4045957826 <== mon.0 v2:10.20.193.77:3300/0 3 ==== mon_map magic: 0 ==== 205+0+0 (secure 0 0 0) 0x7f2d8803c070 con 0x7f2d9c07ee60
2026-02-20T00:21:57.594 INFO:teuthology.orchestra.run.trial077.stdout:/usr/bin/ceph: stderr
2026-02-20T00:21:57.474+0000 7f2da26c9640 1 -- 10.20.193.77:0/4045957826 --> [v2:10.20.193.77:3300/0,v1:10.20.193.77:6789/0] -- mon_subscribe({osdmap=0}) -- 0x7f2d9c1a37b0 con 0x7f2d9c07ee60
2026-02-20T00:21:57.595 INFO:teuthology.orchestra.run.trial077.stdout:/usr/bin/ceph: stderr
2026-02-20T00:21:57.475+0000 7f2da26c9640 1 -- 10.20.193.77:0/4045957826 --> [v2:10.20.193.77:3300/0,v1:10.20.193.77:6789/0] -- mon_command({"prefix": "get_command_descriptions"} v 0) -- 0x7f2d9c07d340 con 0x7f2d9c07ee60
2026-02-20T00:21:57.595 INFO:teuthology.orchestra.run.trial077.stdout:/usr/bin/ceph: stderr
2026-02-20T00:21:57.475+0000 7f2d997fa640 1 -- 10.20.193.77:0/4045957826 <== mon.0 v2:10.20.193.77:3300/0 4 ==== mgrmap(e 8) ==== 50247+0+0 (secure 0 0 0) 0x7f2d8804c440 con 0x7f2d9c07ee60
2026-02-20T00:21:57.595 INFO:teuthology.orchestra.run.trial077.stdout:/usr/bin/ceph: stderr
2026-02-20T00:21:57.475+0000 7f2d997fa640 1 --2- 10.20.193.77:0/4045957826 >> [v2:10.20.193.77:6800/2426752061,v1:10.20.193.77:6801/2426752061] conn(0x7f2d7003dba0 0x7f2d70040060 unknown :-1 s=NONE pgs=0 cs=0 l=1 rev1=0 crypto rx=0 tx=0 comp rx=0 tx=0).connect
2026-02-20T00:21:57.595 INFO:teuthology.orchestra.run.trial077.stdout:/usr/bin/ceph: stderr
2026-02-20T00:21:57.475+0000 7f2d997fa640 1 -- 10.20.193.77:0/4045957826 <== mon.0 v2:10.20.193.77:3300/0 5 ==== osd_map(2..2 src has 1..2) ==== 940+0+0 (secure 0 0 0) 0x7f2d88076790 con 0x7f2d9c07ee60
2026-02-20T00:21:57.595 INFO:teuthology.orchestra.run.trial077.stdout:/usr/bin/ceph: stderr
2026-02-20T00:21:57.475+0000 7f2d9b7fe640 1 --2- 10.20.193.77:0/4045957826 >> [v2:10.20.193.77:6800/2426752061,v1:10.20.193.77:6801/2426752061] conn(0x7f2d7003dba0 0x7f2d70040060 unknown :-1 s=BANNER_CONNECTING pgs=0 cs=0 l=1 rev1=0 crypto rx=0 tx=0 comp rx=0 tx=0)._handle_peer_banner_payload supported=3 required=0
2026-02-20T00:21:57.595 INFO:teuthology.orchestra.run.trial077.stdout:/usr/bin/ceph: stderr
2026-02-20T00:21:57.475+0000 7f2d9b7fe640 1 --2- 10.20.193.77:0/4045957826 >> [v2:10.20.193.77:6800/2426752061,v1:10.20.193.77:6801/2426752061] conn(0x7f2d7003dba0 0x7f2d70040060 secure :-1 s=READY pgs=15 cs=0 l=1 rev1=1 crypto rx=0x7f2d8c0099c0 tx=0x7f2d8c006eb0 comp rx=0 tx=0).ready entity=mgr.14118 client_cookie=0 server_cookie=0 in_seq=0 out_seq=0
2026-02-20T00:21:57.595 INFO:teuthology.orchestra.run.trial077.stdout:/usr/bin/ceph: stderr
2026-02-20T00:21:57.478+0000 7f2d997fa640 1 -- 10.20.193.77:0/4045957826 <== mon.0 v2:10.20.193.77:3300/0 6 ==== mon_command_ack([{"prefix": "get_command_descriptions"}]=0 v0) ==== 72+0+195034 (secure 0 0 0) 0x7f2d880342a0 con 0x7f2d9c07ee60
2026-02-20T00:21:57.595 INFO:teuthology.orchestra.run.trial077.stdout:/usr/bin/ceph: stderr
2026-02-20T00:21:57.563+0000 7f2da26c9640 1 -- 10.20.193.77:0/4045957826 --> [v2:10.20.193.77:3300/0,v1:10.20.193.77:6789/0] -- mon_command([{prefix=config set, name=mgr/dashboard/ssl_server_port}] v 0) -- 0x7f2d9c1a3ec0 con 0x7f2d9c07ee60
2026-02-20T00:21:57.595 INFO:teuthology.orchestra.run.trial077.stdout:/usr/bin/ceph: stderr
2026-02-20T00:21:57.565+0000 7f2d997fa640 1 -- 10.20.193.77:0/4045957826 <== mon.0 v2:10.20.193.77:3300/0 7 ==== mon_command_ack([{prefix=config set, name=mgr/dashboard/ssl_server_port}]=0 v8)=0 v8) ==== 130+0+0 (secure 0 0 0) 0x7f2d88042440 con 0x7f2d9c07ee60
2026-02-20T00:21:57.595 INFO:teuthology.orchestra.run.trial077.stdout:/usr/bin/ceph: stderr
2026-02-20T00:21:57.567+0000 7f2da26c9640 1 -- 10.20.193.77:0/4045957826 >> [v2:10.20.193.77:6800/2426752061,v1:10.20.193.77:6801/2426752061] conn(0x7f2d7003dba0 msgr2=0x7f2d70040060 secure :-1 s=STATE_CONNECTION_ESTABLISHED l=1).mark_down
2026-02-20T00:21:57.595 INFO:teuthology.orchestra.run.trial077.stdout:/usr/bin/ceph: stderr
2026-02-20T00:21:57.567+0000 7f2da26c9640 1 --2- 10.20.193.77:0/4045957826 >> [v2:10.20.193.77:6800/2426752061,v1:10.20.193.77:6801/2426752061] conn(0x7f2d7003dba0 0x7f2d70040060 secure :-1 s=READY pgs=15 cs=0 l=1 rev1=1 crypto rx=0x7f2d8c0099c0 tx=0x7f2d8c006eb0 comp rx=0 tx=0).stop
2026-02-20T00:21:57.596 INFO:teuthology.orchestra.run.trial077.stdout:/usr/bin/ceph: stderr
2026-02-20T00:21:57.567+0000 7f2da26c9640 1 -- 10.20.193.77:0/4045957826 >> [v2:10.20.193.77:3300/0,v1:10.20.193.77:6789/0] conn(0x7f2d9c07ee60 msgr2=0x7f2d9c1a02f0 secure :-1 s=STATE_CONNECTION_ESTABLISHED l=1).mark_down
2026-02-20T00:21:57.596 INFO:teuthology.orchestra.run.trial077.stdout:/usr/bin/ceph: stderr
2026-02-20T00:21:57.567+0000 7f2da26c9640 1 --2- 10.20.193.77:0/4045957826 >> [v2:10.20.193.77:3300/0,v1:10.20.193.77:6789/0] conn(0x7f2d9c07ee60 0x7f2d9c1a02f0 secure :-1 s=READY pgs=52 cs=0 l=1 rev1=1 crypto rx=0x7f2d88002410 tx=0x7f2d88037820 comp rx=0 tx=0).stop
2026-02-20T00:21:57.596 INFO:teuthology.orchestra.run.trial077.stdout:/usr/bin/ceph: stderr
2026-02-20T00:21:57.567+0000 7f2da26c9640 1 -- 10.20.193.77:0/4045957826 shutdown_connections
2026-02-20T00:21:57.596 INFO:teuthology.orchestra.run.trial077.stdout:/usr/bin/ceph: stderr
2026-02-20T00:21:57.567+0000 7f2da26c9640 1 --2- 10.20.193.77:0/4045957826 >> [v2:10.20.193.77:6800/2426752061,v1:10.20.193.77:6801/2426752061] conn(0x7f2d7003dba0 0x7f2d70040060 unknown :-1 s=CLOSED pgs=15 cs=0 l=1 rev1=1 crypto rx=0 tx=0 comp rx=0 tx=0).stop
2026-02-20T00:21:57.596 INFO:teuthology.orchestra.run.trial077.stdout:/usr/bin/ceph: stderr
2026-02-20T00:21:57.567+0000 7f2da26c9640 1 --2- 10.20.193.77:0/4045957826 >> [v2:10.20.193.77:3300/0,v1:10.20.193.77:6789/0] conn(0x7f2d9c07ee60 0x7f2d9c1a02f0 unknown :-1 s=CLOSED pgs=52 cs=0 l=1 rev1=1 crypto rx=0 tx=0 comp rx=0 tx=0).stop
2026-02-20T00:21:57.596 INFO:teuthology.orchestra.run.trial077.stdout:/usr/bin/ceph: stderr
2026-02-20T00:21:57.567+0000 7f2da26c9640 1 -- 10.20.193.77:0/4045957826 >> 10.20.193.77:0/4045957826 conn(0x7f2d9c103990 msgr2=0x7f2d9c104520 unknown :-1 s=STATE_NONE l=0).mark_down
2026-02-20T00:21:57.596 INFO:teuthology.orchestra.run.trial077.stdout:/usr/bin/ceph: stderr
2026-02-20T00:21:57.567+0000 7f2da26c9640 1 -- 10.20.193.77:0/4045957826 shutdown_connections
2026-02-20T00:21:57.596 INFO:teuthology.orchestra.run.trial077.stdout:/usr/bin/ceph: stderr
2026-02-20T00:21:57.567+0000 7f2da26c9640 1 -- 10.20.193.77:0/4045957826 wait complete.
2026-02-20T00:21:57.596 INFO:teuthology.orchestra.run.trial077.stdout:Enabling the dashboard module...
2026-02-20T00:21:57.637 INFO:journalctl@ceph.mon.a.trial077.stdout:Feb 20 00:21:57 trial077 ceph-mon[39694]: Added host trial077
2026-02-20T00:21:57.637 INFO:journalctl@ceph.mon.a.trial077.stdout:Feb 20 00:21:57 trial077 ceph-mon[39694]: from='client.14140 -' entity='client.admin' cmd=[{"prefix": "orch apply", "service_type": "mon", "unmanaged": true, "target": ["mon-mgr", ""]}]: dispatch
2026-02-20T00:21:57.637 INFO:journalctl@ceph.mon.a.trial077.stdout:Feb 20 00:21:57 trial077 ceph-mon[39694]: Saving service mon spec with placement count:5
2026-02-20T00:21:57.638 INFO:journalctl@ceph.mon.a.trial077.stdout:Feb 20 00:21:57 trial077 ceph-mon[39694]: from='client.14142 -' entity='client.admin' cmd=[{"prefix": "orch apply", "service_type": "mgr", "unmanaged": true, "target": ["mon-mgr", ""]}]: dispatch
2026-02-20T00:21:57.638 INFO:journalctl@ceph.mon.a.trial077.stdout:Feb 20 00:21:57 trial077 ceph-mon[39694]: Saving service mgr spec with placement count:2
2026-02-20T00:21:57.638 INFO:journalctl@ceph.mon.a.trial077.stdout:Feb 20 00:21:57 trial077 ceph-mon[39694]: from='mgr.14118 10.20.193.77:0/2628025818' entity='mgr.x'
2026-02-20T00:21:57.638 INFO:journalctl@ceph.mon.a.trial077.stdout:Feb 20 00:21:57 trial077 ceph-mon[39694]: from='client.? 10.20.193.77:0/1958521660' entity='client.admin'
2026-02-20T00:21:57.638 INFO:journalctl@ceph.mon.a.trial077.stdout:Feb 20 00:21:57 trial077 ceph-mon[39694]: from='mgr.14118 10.20.193.77:0/2628025818' entity='mgr.x'
2026-02-20T00:21:58.622 INFO:journalctl@ceph.mon.a.trial077.stdout:Feb 20 00:21:58 trial077 ceph-mon[39694]: from='client.? 10.20.193.77:0/4045957826' entity='client.admin'
2026-02-20T00:21:58.622 INFO:journalctl@ceph.mon.a.trial077.stdout:Feb 20 00:21:58 trial077 ceph-mon[39694]: from='mgr.14118 10.20.193.77:0/2628025818' entity='mgr.x'
2026-02-20T00:21:58.622 INFO:journalctl@ceph.mon.a.trial077.stdout:Feb 20 00:21:58 trial077 ceph-mon[39694]: from='client.? 10.20.193.77:0/568162123' entity='client.admin' cmd=[{"prefix": "mgr module enable", "module": "dashboard"}]: dispatch
2026-02-20T00:21:58.622 INFO:journalctl@ceph.mon.a.trial077.stdout:Feb 20 00:21:58 trial077 ceph-mon[39694]: from='mgr.14118 10.20.193.77:0/2628025818' entity='mgr.x'
2026-02-20T00:21:58.766 INFO:teuthology.orchestra.run.trial077.stdout:/usr/bin/ceph: stderr
2026-02-20T00:21:57.691+0000 7fcaa75f1640 1 Processor -- start
2026-02-20T00:21:58.766 INFO:teuthology.orchestra.run.trial077.stdout:/usr/bin/ceph: stderr
2026-02-20T00:21:57.691+0000 7fcaa75f1640 1 -- start start
2026-02-20T00:21:58.766 INFO:teuthology.orchestra.run.trial077.stdout:/usr/bin/ceph: stderr
2026-02-20T00:21:57.691+0000 7fcaa75f1640 1 --2- >> [v2:10.20.193.77:3300/0,v1:10.20.193.77:6789/0] conn(0x7fcaa010a9d0 0x7fcaa010add0 unknown :-1 s=NONE pgs=0 cs=0 l=0 rev1=0 crypto rx=0 tx=0 comp rx=0 tx=0).connect
2026-02-20T00:21:58.766 INFO:teuthology.orchestra.run.trial077.stdout:/usr/bin/ceph: stderr
2026-02-20T00:21:57.691+0000 7fcaa75f1640 1 -- --> [v2:10.20.193.77:3300/0,v1:10.20.193.77:6789/0] -- mon_getmap magic: 0 -- 0x7fcaa010b3a0 con 0x7fcaa010a9d0
2026-02-20T00:21:58.766 INFO:teuthology.orchestra.run.trial077.stdout:/usr/bin/ceph: stderr
2026-02-20T00:21:57.691+0000 7fcaa5366640 1 --2- >> [v2:10.20.193.77:3300/0,v1:10.20.193.77:6789/0] conn(0x7fcaa010a9d0 0x7fcaa010add0 unknown :-1 s=BANNER_CONNECTING pgs=0 cs=0 l=0 rev1=0 crypto rx=0 tx=0 comp rx=0 tx=0)._handle_peer_banner_payload supported=3 required=0
2026-02-20T00:21:58.766 INFO:teuthology.orchestra.run.trial077.stdout:/usr/bin/ceph: stderr
2026-02-20T00:21:57.691+0000 7fcaa5366640 1 --2- >> [v2:10.20.193.77:3300/0,v1:10.20.193.77:6789/0] conn(0x7fcaa010a9d0 0x7fcaa010add0 unknown :-1 s=HELLO_CONNECTING pgs=0 cs=0 l=0 rev1=1 crypto rx=0 tx=0 comp rx=0 tx=0).handle_hello peer v2:10.20.193.77:3300/0 says I am v2:10.20.193.77:60732/0 (socket says 10.20.193.77:60732)
2026-02-20T00:21:58.766 INFO:teuthology.orchestra.run.trial077.stdout:/usr/bin/ceph: stderr
2026-02-20T00:21:57.691+0000 7fcaa5366640 1 -- 10.20.193.77:0/3180789833 learned_addr learned my addr 10.20.193.77:0/3180789833 (peer_addr_for_me v2:10.20.193.77:0/0)
2026-02-20T00:21:58.766 INFO:teuthology.orchestra.run.trial077.stdout:/usr/bin/ceph: stderr
2026-02-20T00:21:57.691+0000 7fcaa5366640 1 -- 10.20.193.77:0/3180789833 --> [v2:10.20.193.77:3300/0,v1:10.20.193.77:6789/0] -- mon_subscribe({config=0+,monmap=0+}) -- 0x7fcaa010b6f0 con 0x7fcaa010a9d0
2026-02-20T00:21:58.766 INFO:teuthology.orchestra.run.trial077.stdout:/usr/bin/ceph: stderr
2026-02-20T00:21:57.692+0000 7fcaa5366640 1 --2- 10.20.193.77:0/3180789833 >> [v2:10.20.193.77:3300/0,v1:10.20.193.77:6789/0] conn(0x7fcaa010a9d0 0x7fcaa010add0 secure :-1 s=READY pgs=53 cs=0 l=1 rev1=1 crypto rx=0x7fca90009920 tx=0x7fca9002ef20 comp rx=0 tx=0).ready entity=mon.0 client_cookie=fda0765e6cf8691c server_cookie=0 in_seq=0 out_seq=0
2026-02-20T00:21:58.766 INFO:teuthology.orchestra.run.trial077.stdout:/usr/bin/ceph: stderr
2026-02-20T00:21:57.692+0000 7fca8ffff640 1 -- 10.20.193.77:0/3180789833 <== mon.0 v2:10.20.193.77:3300/0 1 ==== mon_map magic: 0 ==== 205+0+0 (secure 0 0 0) 0x7fca9003c070 con 0x7fcaa010a9d0
2026-02-20T00:21:58.766 INFO:teuthology.orchestra.run.trial077.stdout:/usr/bin/ceph: stderr
2026-02-20T00:21:57.692+0000 7fca8ffff640 1 -- 10.20.193.77:0/3180789833 <== mon.0 v2:10.20.193.77:3300/0 2 ==== config(26 keys) ==== 1076+0+0 (secure 0 0 0) 0x7fca90037440 con 0x7fcaa010a9d0
2026-02-20T00:21:58.766 INFO:teuthology.orchestra.run.trial077.stdout:/usr/bin/ceph: stderr
2026-02-20T00:21:57.692+0000 7fca8ffff640 1 -- 10.20.193.77:0/3180789833 <== mon.0 v2:10.20.193.77:3300/0 3 ==== mon_map magic: 0 ==== 205+0+0 (secure 0 0 0) 0x7fca900354d0 con 0x7fcaa010a9d0
2026-02-20T00:21:58.766 INFO:teuthology.orchestra.run.trial077.stdout:/usr/bin/ceph: stderr
2026-02-20T00:21:57.692+0000 7fcaa75f1640 1 -- 10.20.193.77:0/3180789833 >> [v2:10.20.193.77:3300/0,v1:10.20.193.77:6789/0] conn(0x7fcaa010a9d0 msgr2=0x7fcaa010add0 secure :-1 s=STATE_CONNECTION_ESTABLISHED l=1).mark_down
2026-02-20T00:21:58.766 INFO:teuthology.orchestra.run.trial077.stdout:/usr/bin/ceph: stderr
2026-02-20T00:21:57.692+0000 7fcaa75f1640 1 --2- 10.20.193.77:0/3180789833 >> [v2:10.20.193.77:3300/0,v1:10.20.193.77:6789/0] conn(0x7fcaa010a9d0 0x7fcaa010add0 secure :-1 s=READY pgs=53 cs=0 l=1 rev1=1 crypto rx=0x7fca90009920 tx=0x7fca9002ef20 comp rx=0 tx=0).stop
2026-02-20T00:21:58.766 INFO:teuthology.orchestra.run.trial077.stdout:/usr/bin/ceph: stderr
2026-02-20T00:21:57.692+0000 7fcaa75f1640 1 -- 10.20.193.77:0/3180789833 shutdown_connections
2026-02-20T00:21:58.766 INFO:teuthology.orchestra.run.trial077.stdout:/usr/bin/ceph: stderr
2026-02-20T00:21:57.692+0000 7fcaa75f1640 1 --2- 10.20.193.77:0/3180789833 >> [v2:10.20.193.77:3300/0,v1:10.20.193.77:6789/0] conn(0x7fcaa010a9d0 0x7fcaa010add0 unknown :-1 s=CLOSED pgs=53 cs=0 l=1 rev1=1 crypto rx=0 tx=0 comp rx=0 tx=0).stop
2026-02-20T00:21:58.766 INFO:teuthology.orchestra.run.trial077.stdout:/usr/bin/ceph: stderr
2026-02-20T00:21:57.692+0000 7fcaa75f1640 1 -- 10.20.193.77:0/3180789833 >> 10.20.193.77:0/3180789833 conn(0x7fcaa007da30 msgr2=0x7fcaa007de40 unknown :-1 s=STATE_NONE l=0).mark_down
2026-02-20T00:21:58.766 INFO:teuthology.orchestra.run.trial077.stdout:/usr/bin/ceph: stderr
2026-02-20T00:21:57.692+0000 7fcaa75f1640 1 -- 10.20.193.77:0/3180789833 shutdown_connections
2026-02-20T00:21:58.766 INFO:teuthology.orchestra.run.trial077.stdout:/usr/bin/ceph: stderr
2026-02-20T00:21:57.692+0000 7fcaa75f1640 1 -- 10.20.193.77:0/3180789833 wait complete.
2026-02-20T00:21:58.766 INFO:teuthology.orchestra.run.trial077.stdout:/usr/bin/ceph: stderr
2026-02-20T00:21:57.693+0000 7fcaa75f1640 1 Processor -- start
2026-02-20T00:21:58.766 INFO:teuthology.orchestra.run.trial077.stdout:/usr/bin/ceph: stderr
2026-02-20T00:21:57.693+0000 7fcaa75f1640 1 -- start start
2026-02-20T00:21:58.766 INFO:teuthology.orchestra.run.trial077.stdout:/usr/bin/ceph: stderr
2026-02-20T00:21:57.693+0000 7fcaa75f1640 1 --2- >> [v2:10.20.193.77:3300/0,v1:10.20.193.77:6789/0] conn(0x7fcaa010a9d0 0x7fcaa01a0350 unknown :-1 s=NONE pgs=0 cs=0 l=1 rev1=0 crypto rx=0 tx=0 comp rx=0 tx=0).connect
2026-02-20T00:21:58.766 INFO:teuthology.orchestra.run.trial077.stdout:/usr/bin/ceph: stderr
2026-02-20T00:21:57.693+0000 7fcaa75f1640 1 -- --> [v2:10.20.193.77:3300/0,v1:10.20.193.77:6789/0] -- mon_getmap magic: 0 -- 0x7fcaa010eaa0 con 0x7fcaa010a9d0
2026-02-20T00:21:58.766 INFO:teuthology.orchestra.run.trial077.stdout:/usr/bin/ceph: stderr
2026-02-20T00:21:57.693+0000 7fcaa5366640 1 --2- >> [v2:10.20.193.77:3300/0,v1:10.20.193.77:6789/0] conn(0x7fcaa010a9d0 0x7fcaa01a0350 unknown :-1 s=BANNER_CONNECTING pgs=0 cs=0 l=1 rev1=0 crypto rx=0 tx=0 comp rx=0 tx=0)._handle_peer_banner_payload supported=3 required=0
2026-02-20T00:21:58.766 INFO:teuthology.orchestra.run.trial077.stdout:/usr/bin/ceph: stderr
