2026-02-20T00:21:54.111+0000 7fc877fff640 1 -- 10.20.193.77:0/925491153 --> [v2:10.20.193.77:3300/0,v1:10.20.193.77:6789/0] -- mon_subscribe({config=0+,monmap=0+}) -- 0x7fc8781a08d0 con 0x7fc87810a9d0
2026-02-20T00:21:54.220 INFO:teuthology.orchestra.run.trial077.stdout:/usr/bin/ceph: stderr
2026-02-20T00:21:54.111+0000 7fc877fff640 1 --2- 10.20.193.77:0/925491153 >> [v2:10.20.193.77:3300/0,v1:10.20.193.77:6789/0] conn(0x7fc87810a9d0 0x7fc8781a0390 secure :-1 s=READY pgs=42 cs=0 l=1 rev1=1 crypto rx=0x7fc864006fd0 tx=0x7fc864037bb0 comp rx=0 tx=0).ready entity=mon.0 client_cookie=0 server_cookie=0 in_seq=0 out_seq=0
2026-02-20T00:21:54.220 INFO:teuthology.orchestra.run.trial077.stdout:/usr/bin/ceph: stderr
2026-02-20T00:21:54.112+0000 7fc8757fa640 1 -- 10.20.193.77:0/925491153 <== mon.0 v2:10.20.193.77:3300/0 1 ==== mon_map magic: 0 ==== 205+0+0 (secure 0 0 0) 0x7fc864045070 con 0x7fc87810a9d0
2026-02-20T00:21:54.220 INFO:teuthology.orchestra.run.trial077.stdout:/usr/bin/ceph: stderr
2026-02-20T00:21:54.112+0000 7fc87e6da640 1 -- 10.20.193.77:0/925491153 --> [v2:10.20.193.77:3300/0,v1:10.20.193.77:6789/0] -- mon_subscribe({mgrmap=0+}) -- 0x7fc8781a0b60 con 0x7fc87810a9d0
2026-02-20T00:21:54.220 INFO:teuthology.orchestra.run.trial077.stdout:/usr/bin/ceph: stderr
2026-02-20T00:21:54.112+0000 7fc8757fa640 1 -- 10.20.193.77:0/925491153 <== mon.0 v2:10.20.193.77:3300/0 2 ==== config(26 keys) ==== 1045+0+0 (secure 0 0 0) 0x7fc864040450 con 0x7fc87810a9d0
2026-02-20T00:21:54.220 INFO:teuthology.orchestra.run.trial077.stdout:/usr/bin/ceph: stderr
2026-02-20T00:21:54.112+0000 7fc8757fa640 1 -- 10.20.193.77:0/925491153 <== mon.0 v2:10.20.193.77:3300/0 3 ==== mon_map magic: 0 ==== 205+0+0 (secure 0 0 0) 0x7fc86403c070 con 0x7fc87810a9d0
2026-02-20T00:21:54.220 INFO:teuthology.orchestra.run.trial077.stdout:/usr/bin/ceph: stderr
2026-02-20T00:21:54.112+0000 7fc87e6da640 1 -- 10.20.193.77:0/925491153 --> [v2:10.20.193.77:3300/0,v1:10.20.193.77:6789/0] -- mon_subscribe({osdmap=0}) -- 0x7fc8781a3850 con 0x7fc87810a9d0
2026-02-20T00:21:54.220 INFO:teuthology.orchestra.run.trial077.stdout:/usr/bin/ceph: stderr
2026-02-20T00:21:54.112+0000 7fc87e6da640 1 -- 10.20.193.77:0/925491153 --> [v2:10.20.193.77:3300/0,v1:10.20.193.77:6789/0] -- mon_command({"prefix": "get_command_descriptions"} v 0) -- 0x7fc87810ae50 con 0x7fc87810a9d0
2026-02-20T00:21:54.220 INFO:teuthology.orchestra.run.trial077.stdout:/usr/bin/ceph: stderr
2026-02-20T00:21:54.112+0000 7fc8757fa640 1 -- 10.20.193.77:0/925491153 <== mon.0 v2:10.20.193.77:3300/0 4 ==== mgrmap(e 7) ==== 50141+0+0 (secure 0 0 0) 0x7fc864040600 con 0x7fc87810a9d0
2026-02-20T00:21:54.220 INFO:teuthology.orchestra.run.trial077.stdout:/usr/bin/ceph: stderr
2026-02-20T00:21:54.112+0000 7fc8757fa640 1 --2- 10.20.193.77:0/925491153 >> [v2:10.20.193.77:6800/2426752061,v1:10.20.193.77:6801/2426752061] conn(0x7fc84c03d9e0 0x7fc84c03fea0 unknown :-1 s=NONE pgs=0 cs=0 l=1 rev1=0 crypto rx=0 tx=0 comp rx=0 tx=0).connect
2026-02-20T00:21:54.220 INFO:teuthology.orchestra.run.trial077.stdout:/usr/bin/ceph: stderr
2026-02-20T00:21:54.112+0000 7fc8757fa640 1 -- 10.20.193.77:0/925491153 <== mon.0 v2:10.20.193.77:3300/0 5 ==== osd_map(2..2 src has 1..2) ==== 940+0+0 (secure 0 0 0) 0x7fc864076500 con 0x7fc87810a9d0
2026-02-20T00:21:54.220 INFO:teuthology.orchestra.run.trial077.stdout:/usr/bin/ceph: stderr
2026-02-20T00:21:54.112+0000 7fc8777fe640 1 --2- 10.20.193.77:0/925491153 >> [v2:10.20.193.77:6800/2426752061,v1:10.20.193.77:6801/2426752061] conn(0x7fc84c03d9e0 0x7fc84c03fea0 unknown :-1 s=BANNER_CONNECTING pgs=0 cs=0 l=1 rev1=0 crypto rx=0 tx=0 comp rx=0 tx=0)._handle_peer_banner_payload supported=3 required=0
2026-02-20T00:21:54.220 INFO:teuthology.orchestra.run.trial077.stdout:/usr/bin/ceph: stderr
2026-02-20T00:21:54.114+0000 7fc8777fe640 1 --2- 10.20.193.77:0/925491153 >> [v2:10.20.193.77:6800/2426752061,v1:10.20.193.77:6801/2426752061] conn(0x7fc84c03d9e0 0x7fc84c03fea0 secure :-1 s=READY pgs=10 cs=0 l=1 rev1=1 crypto rx=0x7fc8680099c0 tx=0x7fc868006eb0 comp rx=0 tx=0).ready entity=mgr.14118 client_cookie=0 server_cookie=0 in_seq=0 out_seq=0
2026-02-20T00:21:54.220 INFO:teuthology.orchestra.run.trial077.stdout:/usr/bin/ceph: stderr
2026-02-20T00:21:54.115+0000 7fc8757fa640 1 -- 10.20.193.77:0/925491153 <== mon.0 v2:10.20.193.77:3300/0 6 ==== mon_command_ack([{"prefix": "get_command_descriptions"}]=0 v0) ==== 72+0+195034 (secure 0 0 0) 0x7fc864033200 con 0x7fc87810a9d0
2026-02-20T00:21:54.220 INFO:teuthology.orchestra.run.trial077.stdout:/usr/bin/ceph: stderr
2026-02-20T00:21:54.197+0000 7fc87e6da640 1 -- 10.20.193.77:0/925491153 --> [v2:10.20.193.77:6800/2426752061,v1:10.20.193.77:6801/2426752061] -- mgr_command(tid 0: {"prefix": "cephadm get-pub-key", "target": ["mon-mgr", ""]}) -- 0x7fc878108dc0 con 0x7fc84c03d9e0
2026-02-20T00:21:54.220 INFO:teuthology.orchestra.run.trial077.stdout:/usr/bin/ceph: stderr
2026-02-20T00:21:54.198+0000 7fc8757fa640 1 -- 10.20.193.77:0/925491153 <== mgr.14118 v2:10.20.193.77:6800/2426752061 1 ==== mgr_command_reply(tid 0: 0 ) ==== 8+0+123 (secure 0 0 0) 0x7fc878108dc0 con 0x7fc84c03d9e0
2026-02-20T00:21:54.220 INFO:teuthology.orchestra.run.trial077.stdout:/usr/bin/ceph: stderr
2026-02-20T00:21:54.199+0000 7fc87e6da640 1 -- 10.20.193.77:0/925491153 >> [v2:10.20.193.77:6800/2426752061,v1:10.20.193.77:6801/2426752061] conn(0x7fc84c03d9e0 msgr2=0x7fc84c03fea0 secure :-1 s=STATE_CONNECTION_ESTABLISHED l=1).mark_down
2026-02-20T00:21:54.220 INFO:teuthology.orchestra.run.trial077.stdout:/usr/bin/ceph: stderr
2026-02-20T00:21:54.199+0000 7fc87e6da640 1 --2- 10.20.193.77:0/925491153 >> [v2:10.20.193.77:6800/2426752061,v1:10.20.193.77:6801/2426752061] conn(0x7fc84c03d9e0 0x7fc84c03fea0 secure :-1 s=READY pgs=10 cs=0 l=1 rev1=1 crypto rx=0x7fc8680099c0 tx=0x7fc868006eb0 comp rx=0 tx=0).stop
2026-02-20T00:21:54.220 INFO:teuthology.orchestra.run.trial077.stdout:/usr/bin/ceph: stderr
2026-02-20T00:21:54.199+0000 7fc87e6da640 1 -- 10.20.193.77:0/925491153 >> [v2:10.20.193.77:3300/0,v1:10.20.193.77:6789/0] conn(0x7fc87810a9d0 msgr2=0x7fc8781a0390 secure :-1 s=STATE_CONNECTION_ESTABLISHED l=1).mark_down
2026-02-20T00:21:54.220 INFO:teuthology.orchestra.run.trial077.stdout:/usr/bin/ceph: stderr
2026-02-20T00:21:54.199+0000 7fc87e6da640 1 --2- 10.20.193.77:0/925491153 >> [v2:10.20.193.77:3300/0,v1:10.20.193.77:6789/0] conn(0x7fc87810a9d0 0x7fc8781a0390 secure :-1 s=READY pgs=42 cs=0 l=1 rev1=1 crypto rx=0x7fc864006fd0 tx=0x7fc864037bb0 comp rx=0 tx=0).stop
2026-02-20T00:21:54.220 INFO:teuthology.orchestra.run.trial077.stdout:/usr/bin/ceph: stderr
2026-02-20T00:21:54.199+0000 7fc87e6da640 1 -- 10.20.193.77:0/925491153 shutdown_connections
2026-02-20T00:21:54.220 INFO:teuthology.orchestra.run.trial077.stdout:/usr/bin/ceph: stderr
2026-02-20T00:21:54.199+0000 7fc87e6da640 1 --2- 10.20.193.77:0/925491153 >> [v2:10.20.193.77:6800/2426752061,v1:10.20.193.77:6801/2426752061] conn(0x7fc84c03d9e0 0x7fc84c03fea0 unknown :-1 s=CLOSED pgs=10 cs=0 l=1 rev1=1 crypto rx=0 tx=0 comp rx=0 tx=0).stop
2026-02-20T00:21:54.220 INFO:teuthology.orchestra.run.trial077.stdout:/usr/bin/ceph: stderr
2026-02-20T00:21:54.199+0000 7fc87e6da640 1 --2- 10.20.193.77:0/925491153 >> [v2:10.20.193.77:3300/0,v1:10.20.193.77:6789/0] conn(0x7fc87810a9d0 0x7fc8781a0390 unknown :-1 s=CLOSED pgs=42 cs=0 l=1 rev1=1 crypto rx=0 tx=0 comp rx=0 tx=0).stop
2026-02-20T00:21:54.220 INFO:teuthology.orchestra.run.trial077.stdout:/usr/bin/ceph: stderr
2026-02-20T00:21:54.199+0000 7fc87e6da640 1 -- 10.20.193.77:0/925491153 >> 10.20.193.77:0/925491153 conn(0x7fc87807da30 msgr2=0x7fc8781086b0 unknown :-1 s=STATE_NONE l=0).mark_down
2026-02-20T00:21:54.220 INFO:teuthology.orchestra.run.trial077.stdout:/usr/bin/ceph: stderr
2026-02-20T00:21:54.199+0000 7fc87e6da640 1 -- 10.20.193.77:0/925491153 shutdown_connections
2026-02-20T00:21:54.220 INFO:teuthology.orchestra.run.trial077.stdout:/usr/bin/ceph: stderr
2026-02-20T00:21:54.199+0000 7fc87e6da640 1 -- 10.20.193.77:0/925491153 wait complete.
2026-02-20T00:21:54.220 INFO:teuthology.orchestra.run.trial077.stdout:Wrote public SSH key to /home/ubuntu/cephtest/ceph.pub
2026-02-20T00:21:54.220 INFO:teuthology.orchestra.run.trial077.stdout:Adding key to root@localhost authorized_keys...
2026-02-20T00:21:54.220 INFO:teuthology.orchestra.run.trial077.stdout:Adding host trial077...
2026-02-20T00:21:54.449 INFO:journalctl@ceph.mon.a.trial077.stdout:Feb 20 00:21:54 trial077 ceph-mon[39694]: [20/Feb/2026:00:21:53] ENGINE Bus STARTING
2026-02-20T00:21:54.449 INFO:journalctl@ceph.mon.a.trial077.stdout:Feb 20 00:21:54 trial077 ceph-mon[39694]: from='client.14122 -' entity='client.admin' cmd=[{"prefix": "get_command_descriptions"}]: dispatch
2026-02-20T00:21:54.450 INFO:journalctl@ceph.mon.a.trial077.stdout:Feb 20 00:21:54 trial077 ceph-mon[39694]: from='client.14122 -' entity='client.admin' cmd=[{"prefix": "mgr_status"}]: dispatch
2026-02-20T00:21:54.450 INFO:journalctl@ceph.mon.a.trial077.stdout:Feb 20 00:21:54 trial077 ceph-mon[39694]: [20/Feb/2026:00:21:53] ENGINE Serving on http://10.20.193.77:8765
2026-02-20T00:21:54.450 INFO:journalctl@ceph.mon.a.trial077.stdout:Feb 20 00:21:54 trial077 ceph-mon[39694]: [20/Feb/2026:00:21:53] ENGINE Serving on https://10.20.193.77:7150
2026-02-20T00:21:54.450 INFO:journalctl@ceph.mon.a.trial077.stdout:Feb 20 00:21:54 trial077 ceph-mon[39694]: [20/Feb/2026:00:21:53] ENGINE Bus STARTED
2026-02-20T00:21:54.450 INFO:journalctl@ceph.mon.a.trial077.stdout:Feb 20 00:21:54 trial077 ceph-mon[39694]: [20/Feb/2026:00:21:53] ENGINE Client ('10.20.193.77', 32962) lost — peer dropped the TLS connection suddenly, during handshake: (6, 'TLS/SSL connection has been closed (EOF) (_ssl.c:1147)')
2026-02-20T00:21:54.450 INFO:journalctl@ceph.mon.a.trial077.stdout:Feb 20 00:21:54 trial077 ceph-mon[39694]: from='mgr.14118 10.20.193.77:0/2628025818' entity='mgr.x' cmd=[{"prefix": "config dump", "format": "json"}]: dispatch
2026-02-20T00:21:54.450 INFO:journalctl@ceph.mon.a.trial077.stdout:Feb 20 00:21:54 trial077 ceph-mon[39694]: from='client.14130 -' entity='client.admin' cmd=[{"prefix": "orch set backend", "module_name": "cephadm", "target": ["mon-mgr", ""]}]: dispatch
2026-02-20T00:21:54.450 INFO:journalctl@ceph.mon.a.trial077.stdout:Feb 20 00:21:54 trial077 ceph-mon[39694]: from='mgr.14118 10.20.193.77:0/2628025818' entity='mgr.x'
2026-02-20T00:21:54.451 INFO:journalctl@ceph.mon.a.trial077.stdout:Feb 20 00:21:54 trial077 ceph-mon[39694]: from='mgr.14118 10.20.193.77:0/2628025818' entity='mgr.x' cmd=[{"prefix": "config dump", "format": "json"}]: dispatch
2026-02-20T00:21:54.451 INFO:journalctl@ceph.mon.a.trial077.stdout:Feb 20 00:21:54 trial077 ceph-mon[39694]: from='mgr.14118 10.20.193.77:0/2628025818' entity='mgr.x'
2026-02-20T00:21:54.451 INFO:journalctl@ceph.mon.a.trial077.stdout:Feb 20 00:21:54 trial077 ceph-mon[39694]: from='mgr.14118 10.20.193.77:0/2628025818' entity='mgr.x'
2026-02-20T00:21:55.671 INFO:journalctl@ceph.mon.a.trial077.stdout:Feb 20 00:21:55 trial077 ceph-mon[39694]: from='client.14132 -' entity='client.admin' cmd=[{"prefix": "cephadm set-user", "user": "root", "target": ["mon-mgr", ""]}]: dispatch
2026-02-20T00:21:55.671 INFO:journalctl@ceph.mon.a.trial077.stdout:Feb 20 00:21:55 trial077 ceph-mon[39694]: from='client.14134 -' entity='client.admin' cmd=[{"prefix": "cephadm generate-key", "target": ["mon-mgr", ""]}]: dispatch
2026-02-20T00:21:55.671 INFO:journalctl@ceph.mon.a.trial077.stdout:Feb 20 00:21:55 trial077 ceph-mon[39694]: Generating ssh key...
2026-02-20T00:21:55.671 INFO:journalctl@ceph.mon.a.trial077.stdout:Feb 20 00:21:55 trial077 ceph-mon[39694]: from='client.14136 -' entity='client.admin' cmd=[{"prefix": "cephadm get-pub-key", "target": ["mon-mgr", ""]}]: dispatch
2026-02-20T00:21:55.671 INFO:journalctl@ceph.mon.a.trial077.stdout:Feb 20 00:21:55 trial077 ceph-mon[39694]: from='client.14138 -' entity='client.admin' cmd=[{"prefix": "orch host add", "hostname": "trial077", "addr": "10.20.193.77", "target": ["mon-mgr", ""]}]: dispatch
2026-02-20T00:21:55.671 INFO:journalctl@ceph.mon.a.trial077.stdout:Feb 20 00:21:55 trial077 ceph-mon[39694]: mgrmap e8: x(active, since 2s)
2026-02-20T00:21:55.932 INFO:teuthology.orchestra.run.trial077.stdout:/usr/bin/ceph: stdout Added host 'trial077' with addr '10.20.193.77'
2026-02-20T00:21:55.932 INFO:teuthology.orchestra.run.trial077.stdout:/usr/bin/ceph: stderr
2026-02-20T00:21:54.315+0000 7f36940c5640 1 Processor -- start
2026-02-20T00:21:55.932 INFO:teuthology.orchestra.run.trial077.stdout:/usr/bin/ceph: stderr
2026-02-20T00:21:54.315+0000 7f36940c5640 1 -- start start
2026-02-20T00:21:55.932 INFO:teuthology.orchestra.run.trial077.stdout:/usr/bin/ceph: stderr
2026-02-20T00:21:54.316+0000 7f36940c5640 1 --2- >> [v2:10.20.193.77:3300/0,v1:10.20.193.77:6789/0] conn(0x7f368c10a9d0 0x7f368c10add0 unknown :-1 s=NONE pgs=0 cs=0 l=0 rev1=0 crypto rx=0 tx=0 comp rx=0 tx=0).connect
2026-02-20T00:21:55.932 INFO:teuthology.orchestra.run.trial077.stdout:/usr/bin/ceph: stderr
2026-02-20T00:21:54.316+0000 7f36940c5640 1 -- --> [v2:10.20.193.77:3300/0,v1:10.20.193.77:6789/0] -- mon_getmap magic: 0 -- 0x7f368c10b3a0 con 0x7f368c10a9d0
2026-02-20T00:21:55.932 INFO:teuthology.orchestra.run.trial077.stdout:/usr/bin/ceph: stderr
2026-02-20T00:21:54.316+0000 7f3691e3a640 1 --2- >> [v2:10.20.193.77:3300/0,v1:10.20.193.77:6789/0] conn(0x7f368c10a9d0 0x7f368c10add0 unknown :-1 s=BANNER_CONNECTING pgs=0 cs=0 l=0 rev1=0 crypto rx=0 tx=0 comp rx=0 tx=0)._handle_peer_banner_payload supported=3 required=0
2026-02-20T00:21:55.932 INFO:teuthology.orchestra.run.trial077.stdout:/usr/bin/ceph: stderr
2026-02-20T00:21:54.316+0000 7f3691e3a640 1 --2- >> [v2:10.20.193.77:3300/0,v1:10.20.193.77:6789/0] conn(0x7f368c10a9d0 0x7f368c10add0 unknown :-1 s=HELLO_CONNECTING pgs=0 cs=0 l=0 rev1=1 crypto rx=0 tx=0 comp rx=0 tx=0).handle_hello peer v2:10.20.193.77:3300/0 says I am v2:10.20.193.77:60652/0 (socket says 10.20.193.77:60652)
2026-02-20T00:21:55.932 INFO:teuthology.orchestra.run.trial077.stdout:/usr/bin/ceph: stderr
2026-02-20T00:21:54.316+0000 7f3691e3a640 1 -- 10.20.193.77:0/2446705265 learned_addr learned my addr 10.20.193.77:0/2446705265 (peer_addr_for_me v2:10.20.193.77:0/0)
2026-02-20T00:21:55.932 INFO:teuthology.orchestra.run.trial077.stdout:/usr/bin/ceph: stderr
2026-02-20T00:21:54.316+0000 7f3691e3a640 1 -- 10.20.193.77:0/2446705265 --> [v2:10.20.193.77:3300/0,v1:10.20.193.77:6789/0] -- mon_subscribe({config=0+,monmap=0+}) -- 0x7f368c10b6f0 con 0x7f368c10a9d0
2026-02-20T00:21:55.932 INFO:teuthology.orchestra.run.trial077.stdout:/usr/bin/ceph: stderr
2026-02-20T00:21:54.316+0000 7f3691e3a640 1 --2- 10.20.193.77:0/2446705265 >> [v2:10.20.193.77:3300/0,v1:10.20.193.77:6789/0] conn(0x7f368c10a9d0 0x7f368c10add0 secure :-1 s=READY pgs=43 cs=0 l=1 rev1=1 crypto rx=0x7f367c009920 tx=0x7f367c02ef20 comp rx=0 tx=0).ready entity=mon.0 client_cookie=6e1e6861e4360b87 server_cookie=0 in_seq=0 out_seq=0
2026-02-20T00:21:55.932 INFO:teuthology.orchestra.run.trial077.stdout:/usr/bin/ceph: stderr
2026-02-20T00:21:54.316+0000 7f3690e38640 1 -- 10.20.193.77:0/2446705265 <== mon.0 v2:10.20.193.77:3300/0 1 ==== mon_map magic: 0 ==== 205+0+0 (secure 0 0 0) 0x7f367c03c070 con 0x7f368c10a9d0
2026-02-20T00:21:55.932 INFO:teuthology.orchestra.run.trial077.stdout:/usr/bin/ceph: stderr
2026-02-20T00:21:54.317+0000 7f3690e38640 1 -- 10.20.193.77:0/2446705265 <== mon.0 v2:10.20.193.77:3300/0 2 ==== config(26 keys) ==== 1045+0+0 (secure 0 0 0) 0x7f367c037440 con 0x7f368c10a9d0
2026-02-20T00:21:55.932 INFO:teuthology.orchestra.run.trial077.stdout:/usr/bin/ceph: stderr
2026-02-20T00:21:54.317+0000 7f3690e38640 1 -- 10.20.193.77:0/2446705265 <== mon.0 v2:10.20.193.77:3300/0 3 ==== mon_map magic: 0 ==== 205+0+0 (secure 0 0 0) 0x7f367c0354b0 con 0x7f368c10a9d0
2026-02-20T00:21:55.932 INFO:teuthology.orchestra.run.trial077.stdout:/usr/bin/ceph: stderr
2026-02-20T00:21:54.317+0000 7f36940c5640 1 -- 10.20.193.77:0/2446705265 >> [v2:10.20.193.77:3300/0,v1:10.20.193.77:6789/0] conn(0x7f368c10a9d0 msgr2=0x7f368c10add0 secure :-1 s=STATE_CONNECTION_ESTABLISHED l=1).mark_down
2026-02-20T00:21:55.932 INFO:teuthology.orchestra.run.trial077.stdout:/usr/bin/ceph: stderr
2026-02-20T00:21:54.317+0000 7f36940c5640 1 --2- 10.20.193.77:0/2446705265 >> [v2:10.20.193.77:3300/0,v1:10.20.193.77:6789/0] conn(0x7f368c10a9d0 0x7f368c10add0 secure :-1 s=READY pgs=43 cs=0 l=1 rev1=1 crypto rx=0x7f367c009920 tx=0x7f367c02ef20 comp rx=0 tx=0).stop
2026-02-20T00:21:55.932 INFO:teuthology.orchestra.run.trial077.stdout:/usr/bin/ceph: stderr
2026-02-20T00:21:54.317+0000 7f36940c5640 1 -- 10.20.193.77:0/2446705265 shutdown_connections
2026-02-20T00:21:55.932 INFO:teuthology.orchestra.run.trial077.stdout:/usr/bin/ceph: stderr
2026-02-20T00:21:54.317+0000 7f36940c5640 1 --2- 10.20.193.77:0/2446705265 >> [v2:10.20.193.77:3300/0,v1:10.20.193.77:6789/0] conn(0x7f368c10a9d0 0x7f368c10add0 unknown :-1 s=CLOSED pgs=43 cs=0 l=1 rev1=1 crypto rx=0 tx=0 comp rx=0 tx=0).stop
2026-02-20T00:21:55.932 INFO:teuthology.orchestra.run.trial077.stdout:/usr/bin/ceph: stderr
2026-02-20T00:21:54.317+0000 7f36940c5640 1 -- 10.20.193.77:0/2446705265 >> 10.20.193.77:0/2446705265 conn(0x7f368c07dad0 msgr2=0x7f368c07dee0 unknown :-1 s=STATE_NONE l=0).mark_down
2026-02-20T00:21:55.932 INFO:teuthology.orchestra.run.trial077.stdout:/usr/bin/ceph: stderr
2026-02-20T00:21:54.317+0000 7f36940c5640 1 -- 10.20.193.77:0/2446705265 shutdown_connections
2026-02-20T00:21:55.932 INFO:teuthology.orchestra.run.trial077.stdout:/usr/bin/ceph: stderr
2026-02-20T00:21:54.317+0000 7f36940c5640 1 -- 10.20.193.77:0/2446705265 wait complete.
2026-02-20T00:21:55.933 INFO:teuthology.orchestra.run.trial077.stdout:/usr/bin/ceph: stderr
2026-02-20T00:21:54.317+0000 7f36940c5640 1 Processor -- start
2026-02-20T00:21:55.933 INFO:teuthology.orchestra.run.trial077.stdout:/usr/bin/ceph: stderr
2026-02-20T00:21:54.317+0000 7f36940c5640 1 -- start start
2026-02-20T00:21:55.933 INFO:teuthology.orchestra.run.trial077.stdout:/usr/bin/ceph: stderr
2026-02-20T00:21:54.317+0000 7f36940c5640 1 --2- >> [v2:10.20.193.77:3300/0,v1:10.20.193.77:6789/0] conn(0x7f368c10a9d0 0x7f368c1a03b0 unknown :-1 s=NONE pgs=0 cs=0 l=1 rev1=0 crypto rx=0 tx=0 comp rx=0 tx=0).connect
2026-02-20T00:21:55.933 INFO:teuthology.orchestra.run.trial077.stdout:/usr/bin/ceph: stderr
2026-02-20T00:21:54.317+0000 7f36940c5640 1 -- --> [v2:10.20.193.77:3300/0,v1:10.20.193.77:6789/0] -- mon_getmap magic: 0 -- 0x7f368c10e920 con 0x7f368c10a9d0
2026-02-20T00:21:55.933 INFO:teuthology.orchestra.run.trial077.stdout:/usr/bin/ceph: stderr
2026-02-20T00:21:54.317+0000 7f3691e3a640 1 --2- >> [v2:10.20.193.77:3300/0,v1:10.20.193.77:6789/0] conn(0x7f368c10a9d0 0x7f368c1a03b0 unknown :-1 s=BANNER_CONNECTING pgs=0 cs=0 l=1 rev1=0 crypto rx=0 tx=0 comp rx=0 tx=0)._handle_peer_banner_payload supported=3 required=0
2026-02-20T00:21:55.933 INFO:teuthology.orchestra.run.trial077.stdout:/usr/bin/ceph: stderr
2026-02-20T00:21:54.318+0000 7f3691e3a640 1 --2- >> [v2:10.20.193.77:3300/0,v1:10.20.193.77:6789/0] conn(0x7f368c10a9d0 0x7f368c1a03b0 unknown :-1 s=HELLO_CONNECTING pgs=0 cs=0 l=1 rev1=1 crypto rx=0 tx=0 comp rx=0 tx=0).handle_hello peer v2:10.20.193.77:3300/0 says I am v2:10.20.193.77:60662/0 (socket says 10.20.193.77:60662)
2026-02-20T00:21:55.933 INFO:teuthology.orchestra.run.trial077.stdout:/usr/bin/ceph: stderr
2026-02-20T00:21:54.318+0000 7f3691e3a640 1 -- 10.20.193.77:0/2235001608 learned_addr learned my addr 10.20.193.77:0/2235001608 (peer_addr_for_me v2:10.20.193.77:0/0)
2026-02-20T00:21:55.933 INFO:teuthology.orchestra.run.trial077.stdout:/usr/bin/ceph: stderr
2026-02-20T00:21:54.318+0000 7f3691e3a640 1 -- 10.20.193.77:0/2235001608 --> [v2:10.20.193.77:3300/0,v1:10.20.193.77:6789/0] -- mon_subscribe({config=0+,monmap=0+}) -- 0x7f368c1a08f0 con 0x7f368c10a9d0
2026-02-20T00:21:55.933 INFO:teuthology.orchestra.run.trial077.stdout:/usr/bin/ceph: stderr
2026-02-20T00:21:54.318+0000 7f3691e3a640 1 --2- 10.20.193.77:0/2235001608 >> [v2:10.20.193.77:3300/0,v1:10.20.193.77:6789/0] conn(0x7f368c10a9d0 0x7f368c1a03b0 secure :-1 s=READY pgs=44 cs=0 l=1 rev1=1 crypto rx=0x7f367c006fd0 tx=0x7f367c037bb0 comp rx=0 tx=0).ready entity=mon.0 client_cookie=0 server_cookie=0 in_seq=0 out_seq=0
2026-02-20T00:21:55.933 INFO:teuthology.orchestra.run.trial077.stdout:/usr/bin/ceph: stderr
2026-02-20T00:21:54.318+0000 7f367affd640 1 -- 10.20.193.77:0/2235001608 <== mon.0 v2:10.20.193.77:3300/0 1 ==== mon_map magic: 0 ==== 205+0+0 (secure 0 0 0) 0x7f367c045070 con 0x7f368c10a9d0
2026-02-20T00:21:55.933 INFO:teuthology.orchestra.run.trial077.stdout:/usr/bin/ceph: stderr
2026-02-20T00:21:54.318+0000 7f36940c5640 1 -- 10.20.193.77:0/2235001608 --> [v2:10.20.193.77:3300/0,v1:10.20.193.77:6789/0] -- mon_subscribe({mgrmap=0+}) -- 0x7f368c1a0b80 con 0x7f368c10a9d0
2026-02-20T00:21:55.933 INFO:teuthology.orchestra.run.trial077.stdout:/usr/bin/ceph: stderr
2026-02-20T00:21:54.318+0000 7f367affd640 1 -- 10.20.193.77:0/2235001608 <== mon.0 v2:10.20.193.77:3300/0 2 ==== config(26 keys) ==== 1045+0+0 (secure 0 0 0) 0x7f367c040450 con 0x7f368c10a9d0
2026-02-20T00:21:55.933 INFO:teuthology.orchestra.run.trial077.stdout:/usr/bin/ceph: stderr
2026-02-20T00:21:54.318+0000 7f367affd640 1 -- 10.20.193.77:0/2235001608 <== mon.0 v2:10.20.193.77:3300/0 3 ==== mon_map magic: 0 ==== 205+0+0 (secure 0 0 0) 0x7f367c03c070 con 0x7f368c10a9d0
2026-02-20T00:21:55.933 INFO:teuthology.orchestra.run.trial077.stdout:/usr/bin/ceph: stderr
2026-02-20T00:21:54.318+0000 7f36940c5640 1 -- 10.20.193.77:0/2235001608 --> [v2:10.20.193.77:3300/0,v1:10.20.193.77:6789/0] -- mon_subscribe({osdmap=0}) -- 0x7f368c1a3870 con 0x7f368c10a9d0
2026-02-20T00:21:55.933 INFO:teuthology.orchestra.run.trial077.stdout:/usr/bin/ceph: stderr
2026-02-20T00:21:54.318+0000 7f367affd640 1 -- 10.20.193.77:0/2235001608 <== mon.0 v2:10.20.193.77:3300/0 4 ==== mgrmap(e 7) ==== 50141+0+0 (secure 0 0 0) 0x7f367c040900 con 0x7f368c10a9d0
2026-02-20T00:21:55.933 INFO:teuthology.orchestra.run.trial077.stdout:/usr/bin/ceph: stderr
2026-02-20T00:21:54.318+0000 7f36940c5640 1 -- 10.20.193.77:0/2235001608 --> [v2:10.20.193.77:3300/0,v1:10.20.193.77:6789/0] -- mon_command({"prefix": "get_command_descriptions"} v 0) -- 0x7f368c10ae50 con 0x7f368c10a9d0
2026-02-20T00:21:55.933 INFO:teuthology.orchestra.run.trial077.stdout:/usr/bin/ceph: stderr
2026-02-20T00:21:54.318+0000 7f367affd640 1 --2- 10.20.193.77:0/2235001608 >> [v2:10.20.193.77:6800/2426752061,v1:10.20.193.77:6801/2426752061] conn(0x7f366803da30 0x7f366803fef0 unknown :-1 s=NONE pgs=0 cs=0 l=1 rev1=0 crypto rx=0 tx=0 comp rx=0 tx=0).connect
2026-02-20T00:21:55.933 INFO:teuthology.orchestra.run.trial077.stdout:/usr/bin/ceph: stderr
2026-02-20T00:21:54.319+0000 7f367affd640 1 -- 10.20.193.77:0/2235001608 <== mon.0 v2:10.20.193.77:3300/0 5 ==== osd_map(2..2 src has 1..2) ==== 940+0+0 (secure 0 0 0) 0x7f367c076480 con 0x7f368c10a9d0
2026-02-20T00:21:55.933 INFO:teuthology.orchestra.run.trial077.stdout:/usr/bin/ceph: stderr
2026-02-20T00:21:54.319+0000 7f3691639640 1 --2- 10.20.193.77:0/2235001608 >> [v2:10.20.193.77:6800/2426752061,v1:10.20.193.77:6801/2426752061] conn(0x7f366803da30 0x7f366803fef0 unknown :-1 s=BANNER_CONNECTING pgs=0 cs=0 l=1 rev1=0 crypto rx=0 tx=0 comp rx=0 tx=0)._handle_peer_banner_payload supported=3 required=0
2026-02-20T00:21:55.933 INFO:teuthology.orchestra.run.trial077.stdout:/usr/bin/ceph: stderr
2026-02-20T00:21:54.319+0000 7f3691639640 1 --2- 10.20.193.77:0/2235001608 >> [v2:10.20.193.77:6800/2426752061,v1:10.20.193.77:6801/2426752061] conn(0x7f366803da30 0x7f366803fef0 secure :-1 s=READY pgs=11 cs=0 l=1 rev1=1 crypto rx=0x7f36800099c0 tx=0x7f3680006eb0 comp rx=0 tx=0).ready entity=mgr.14118 client_cookie=0 server_cookie=0 in_seq=0 out_seq=0
2026-02-20T00:21:55.933 INFO:teuthology.orchestra.run.trial077.stdout:/usr/bin/ceph: stderr
2026-02-20T00:21:54.321+0000 7f367affd640 1 -- 10.20.193.77:0/2235001608 <== mon.0 v2:10.20.193.77:3300/0 6 ==== mon_command_ack([{"prefix": "get_command_descriptions"}]=0 v0) ==== 72+0+195034 (secure 0 0 0) 0x7f367c033200 con 0x7f368c10a9d0
2026-02-20T00:21:55.933 INFO:teuthology.orchestra.run.trial077.stdout:/usr/bin/ceph: stderr
2026-02-20T00:21:54.406+0000 7f36940c5640 1 -- 10.20.193.77:0/2235001608 --> [v2:10.20.193.77:6800/2426752061,v1:10.20.193.77:6801/2426752061] -- mgr_command(tid 0: {"prefix": "orch host add", "hostname": "trial077", "addr": "10.20.193.77", "target": ["mon-mgr", ""]}) -- 0x7f368c108e50 con 0x7f366803da30
2026-02-20T00:21:55.933 INFO:teuthology.orchestra.run.trial077.stdout:/usr/bin/ceph: stderr
2026-02-20T00:21:54.997+0000 7f367affd640 1 -- 10.20.193.77:0/2235001608 <== mon.0 v2:10.20.193.77:3300/0 7 ==== mgrmap(e 8) ==== 50247+0+0 (secure 0 0 0) 0x7f367c03e5d0 con 0x7f368c10a9d0
2026-02-20T00:21:55.933 INFO:teuthology.orchestra.run.trial077.stdout:/usr/bin/ceph: stderr
2026-02-20T00:21:55.906+0000 7f367affd640 1 -- 10.20.193.77:0/2235001608 <== mgr.14118 v2:10.20.193.77:6800/2426752061 1 ==== mgr_command_reply(tid 0: 0 ) ==== 8+0+47 (secure 0 0 0) 0x7f368c108e50 con 0x7f366803da30
2026-02-20T00:21:55.933 INFO:teuthology.orchestra.run.trial077.stdout:/usr/bin/ceph: stderr
2026-02-20T00:21:55.909+0000 7f36940c5640 1 -- 10.20.193.77:0/2235001608 >> [v2:10.20.193.77:6800/2426752061,v1:10.20.193.77:6801/2426752061] conn(0x7f366803da30 msgr2=0x7f366803fef0 secure :-1 s=STATE_CONNECTION_ESTABLISHED l=1).mark_down
2026-02-20T00:21:55.933 INFO:teuthology.orchestra.run.trial077.stdout:/usr/bin/ceph: stderr
2026-02-20T00:21:55.909+0000 7f36940c5640 1 --2- 10.20.193.77:0/2235001608 >> [v2:10.20.193.77:6800/2426752061,v1:10.20.193.77:6801/2426752061] conn(0x7f366803da30 0x7f366803fef0 secure :-1 s=READY pgs=11 cs=0 l=1 rev1=1 crypto rx=0x7f36800099c0 tx=0x7f3680006eb0 comp rx=0 tx=0).stop
2026-02-20T00:21:55.933 INFO:teuthology.orchestra.run.trial077.stdout:/usr/bin/ceph: stderr
2026-02-20T00:21:55.909+0000 7f36940c5640 1 -- 10.20.193.77:0/2235001608 >> [v2:10.20.193.77:3300/0,v1:10.20.193.77:6789/0] conn(0x7f368c10a9d0 msgr2=0x7f368c1a03b0 secure :-1 s=STATE_CONNECTION_ESTABLISHED l=1).mark_down
2026-02-20T00:21:55.933 INFO:teuthology.orchestra.run.trial077.stdout:/usr/bin/ceph: stderr
2026-02-20T00:21:55.909+0000 7f36940c5640 1 --2- 10.20.193.77:0/2235001608 >> [v2:10.20.193.77:3300/0,v1:10.20.193.77:6789/0] conn(0x7f368c10a9d0 0x7f368c1a03b0 secure :-1 s=READY pgs=44 cs=0 l=1 rev1=1 crypto rx=0x7f367c006fd0 tx=0x7f367c037bb0 comp rx=0 tx=0).stop
2026-02-20T00:21:55.933 INFO:teuthology.orchestra.run.trial077.stdout:/usr/bin/ceph: stderr
2026-02-20T00:21:55.909+0000 7f36940c5640 1 -- 10.20.193.77:0/2235001608 shutdown_connections
2026-02-20T00:21:55.933 INFO:teuthology.orchestra.run.trial077.stdout:/usr/bin/ceph: stderr
2026-02-20T00:21:55.909+0000 7f36940c5640 1 --2- 10.20.193.77:0/2235001608 >> [v2:10.20.193.77:6800/2426752061,v1:10.20.193.77:6801/2426752061] conn(0x7f366803da30 0x7f366803fef0 unknown :-1 s=CLOSED pgs=11 cs=0 l=1 rev1=1 crypto rx=0 tx=0 comp rx=0 tx=0).stop
2026-02-20T00:21:55.933 INFO:teuthology.orchestra.run.trial077.stdout:/usr/bin/ceph: stderr
2026-02-20T00:21:55.909+0000 7f36940c5640 1 --2- 10.20.193.77:0/2235001608 >> [v2:10.20.193.77:3300/0,v1:10.20.193.77:6789/0] conn(0x7f368c10a9d0 0x7f368c1a03b0 unknown :-1 s=CLOSED pgs=44 cs=0 l=1 rev1=1 crypto rx=0 tx=0 comp rx=0 tx=0).stop
2026-02-20T00:21:55.933 INFO:teuthology.orchestra.run.trial077.stdout:/usr/bin/ceph: stderr
2026-02-20T00:21:55.909+0000 7f36940c5640 1 -- 10.20.193.77:0/2235001608 >> 10.20.193.77:0/2235001608 conn(0x7f368c07dad0 msgr2=0x7f368c108740 unknown :-1 s=STATE_NONE l=0).mark_down
2026-02-20T00:21:55.933 INFO:teuthology.orchestra.run.trial077.stdout:/usr/bin/ceph: stderr
2026-02-20T00:21:55.909+0000 7f36940c5640 1 -- 10.20.193.77:0/2235001608 shutdown_connections
2026-02-20T00:21:55.933 INFO:teuthology.orchestra.run.trial077.stdout:/usr/bin/ceph: stderr
2026-02-20T00:21:55.909+0000 7f36940c5640 1 -- 10.20.193.77:0/2235001608 wait complete.
2026-02-20T00:21:55.933 INFO:teuthology.orchestra.run.trial077.stdout:Deploying unmanaged mon service...
2026-02-20T00:21:56.166 INFO:teuthology.orchestra.run.trial077.stdout:/usr/bin/ceph: stdout Scheduled mon update...
2026-02-20T00:21:56.166 INFO:teuthology.orchestra.run.trial077.stdout:/usr/bin/ceph: stderr
2026-02-20T00:21:56.042+0000 7fe989c1c640 1 Processor -- start
2026-02-20T00:21:56.166 INFO:teuthology.orchestra.run.trial077.stdout:/usr/bin/ceph: stderr
2026-02-20T00:21:56.042+0000 7fe989c1c640 1 -- start start
2026-02-20T00:21:56.166 INFO:teuthology.orchestra.run.trial077.stdout:/usr/bin/ceph: stderr
2026-02-20T00:21:56.042+0000 7fe989c1c640 1 --2- >> [v2:10.20.193.77:3300/0,v1:10.20.193.77:6789/0] conn(0x7fe98410a9d0 0x7fe98410add0 unknown :-1 s=NONE pgs=0 cs=0 l=0 rev1=0 crypto rx=0 tx=0 comp rx=0 tx=0).connect
2026-02-20T00:21:56.166 INFO:teuthology.orchestra.run.trial077.stdout:/usr/bin/ceph: stderr
2026-02-20T00:21:56.042+0000 7fe989c1c640 1 -- --> [v2:10.20.193.77:3300/0,v1:10.20.193.77:6789/0] -- mon_getmap magic: 0 -- 0x7fe98410b3a0 con 0x7fe98410a9d0
2026-02-20T00:21:56.167 INFO:teuthology.orchestra.run.trial077.stdout:/usr/bin/ceph: stderr
2026-02-20T00:21:56.042+0000 7fe9837fe640 1 --2- >> [v2:10.20.193.77:3300/0,v1:10.20.193.77:6789/0] conn(0x7fe98410a9d0 0x7fe98410add0 unknown :-1 s=BANNER_CONNECTING pgs=0 cs=0 l=0 rev1=0 crypto rx=0 tx=0 comp rx=0 tx=0)._handle_peer_banner_payload supported=3 required=0
2026-02-20T00:21:56.167 INFO:teuthology.orchestra.run.trial077.stdout:/usr/bin/ceph: stderr
2026-02-20T00:21:56.042+0000 7fe9837fe640 1 --2- >> [v2:10.20.193.77:3300/0,v1:10.20.193.77:6789/0] conn(0x7fe98410a9d0 0x7fe98410add0 unknown :-1 s=HELLO_CONNECTING pgs=0 cs=0 l=0 rev1=1 crypto rx=0 tx=0 comp rx=0 tx=0).handle_hello peer v2:10.20.193.77:3300/0 says I am v2:10.20.193.77:60664/0 (socket says 10.20.193.77:60664)
2026-02-20T00:21:56.167 INFO:teuthology.orchestra.run.trial077.stdout:/usr/bin/ceph: stderr
2026-02-20T00:21:56.042+0000 7fe9837fe640 1 -- 10.20.193.77:0/3882326766 learned_addr learned my addr 10.20.193.77:0/3882326766 (peer_addr_for_me v2:10.20.193.77:0/0)
2026-02-20T00:21:56.167 INFO:teuthology.orchestra.run.trial077.stdout:/usr/bin/ceph: stderr
2026-02-20T00:21:56.042+0000 7fe9837fe640 1 -- 10.20.193.77:0/3882326766 --> [v2:10.20.193.77:3300/0,v1:10.20.193.77:6789/0] -- mon_subscribe({config=0+,monmap=0+}) -- 0x7fe98410b6f0 con 0x7fe98410a9d0
2026-02-20T00:21:56.167 INFO:teuthology.orchestra.run.trial077.stdout:/usr/bin/ceph: stderr
2026-02-20T00:21:56.043+0000 7fe9837fe640 1 --2- 10.20.193.77:0/3882326766 >> [v2:10.20.193.77:3300/0,v1:10.20.193.77:6789/0] conn(0x7fe98410a9d0 0x7fe98410add0 secure :-1 s=READY pgs=45 cs=0 l=1 rev1=1 crypto rx=0x7fe970009920 tx=0x7fe97002ef20 comp rx=0 tx=0).ready entity=mon.0 client_cookie=8e626dba869c8501 server_cookie=0 in_seq=0 out_seq=0
2026-02-20T00:21:56.167 INFO:teuthology.orchestra.run.trial077.stdout:/usr/bin/ceph: stderr
2026-02-20T00:21:56.043+0000 7fe9827fc640 1 -- 10.20.193.77:0/3882326766 <== mon.0 v2:10.20.193.77:3300/0 1 ==== mon_map magic: 0 ==== 205+0+0 (secure 0 0 0) 0x7fe97003c070 con 0x7fe98410a9d0
2026-02-20T00:21:56.167 INFO:teuthology.orchestra.run.trial077.stdout:/usr/bin/ceph: stderr
2026-02-20T00:21:56.043+0000 7fe9827fc640 1 -- 10.20.193.77:0/3882326766 <== mon.0 v2:10.20.193.77:3300/0 2 ==== config(26 keys) ==== 1045+0+0 (secure 0 0 0) 0x7fe970037440 con 0x7fe98410a9d0
2026-02-20T00:21:56.167 INFO:teuthology.orchestra.run.trial077.stdout:/usr/bin/ceph: stderr
2026-02-20T00:21:56.043+0000 7fe9827fc640 1 -- 10.20.193.77:0/3882326766 <== mon.0 v2:10.20.193.77:3300/0 3 ==== mon_map magic: 0 ==== 205+0+0 (secure 0 0 0) 0x7fe9700354b0 con 0x7fe98410a9d0
2026-02-20T00:21:56.167 INFO:teuthology.orchestra.run.trial077.stdout:/usr/bin/ceph: stderr
2026-02-20T00:21:56.043+0000 7fe989c1c640 1 -- 10.20.193.77:0/3882326766 >> [v2:10.20.193.77:3300/0,v1:10.20.193.77:6789/0] conn(0x7fe98410a9d0 msgr2=0x7fe98410add0 secure :-1 s=STATE_CONNECTION_ESTABLISHED l=1).mark_down
2026-02-20T00:21:56.167 INFO:teuthology.orchestra.run.trial077.stdout:/usr/bin/ceph: stderr
2026-02-20T00:21:56.043+0000 7fe989c1c640 1 --2- 10.20.193.77:0/3882326766 >> [v2:10.20.193.77:3300/0,v1:10.20.193.77:6789/0] conn(0x7fe98410a9d0 0x7fe98410add0 secure :-1 s=READY pgs=45 cs=0 l=1 rev1=1 crypto rx=0x7fe970009920 tx=0x7fe97002ef20 comp rx=0 tx=0).stop
2026-02-20T00:21:56.167 INFO:teuthology.orchestra.run.trial077.stdout:/usr/bin/ceph: stderr
2026-02-20T00:21:56.043+0000 7fe989c1c640 1 -- 10.20.193.77:0/3882326766 shutdown_connections
2026-02-20T00:21:56.168 INFO:teuthology.orchestra.run.trial077.stdout:/usr/bin/ceph: stderr
2026-02-20T00:21:56.043+0000 7fe989c1c640 1 --2- 10.20.193.77:0/3882326766 >> [v2:10.20.193.77:3300/0,v1:10.20.193.77:6789/0] conn(0x7fe98410a9d0 0x7fe98410add0 unknown :-1 s=CLOSED pgs=45 cs=0 l=1 rev1=1 crypto rx=0 tx=0 comp rx=0 tx=0).stop
2026-02-20T00:21:56.168 INFO:teuthology.orchestra.run.trial077.stdout:/usr/bin/ceph: stderr
2026-02-20T00:21:56.043+0000 7fe989c1c640 1 -- 10.20.193.77:0/3882326766 >> 10.20.193.77:0/3882326766 conn(0x7fe98407da30 msgr2=0x7fe98407de40 unknown :-1 s=STATE_NONE l=0).mark_down
2026-02-20T00:21:56.168 INFO:teuthology.orchestra.run.trial077.stdout:/usr/bin/ceph: stderr
2026-02-20T00:21:56.043+0000 7fe989c1c640 1 -- 10.20.193.77:0/3882326766 shutdown_connections
2026-02-20T00:21:56.168 INFO:teuthology.orchestra.run.trial077.stdout:/usr/bin/ceph: stderr
2026-02-20T00:21:56.043+0000 7fe989c1c640 1 -- 10.20.193.77:0/3882326766 wait complete.
2026-02-20T00:21:56.168 INFO:teuthology.orchestra.run.trial077.stdout:/usr/bin/ceph: stderr
2026-02-20T00:21:56.044+0000 7fe989c1c640 1 Processor -- start
2026-02-20T00:21:56.168 INFO:teuthology.orchestra.run.trial077.stdout:/usr/bin/ceph: stderr
2026-02-20T00:21:56.044+0000 7fe989c1c640 1 -- start start
2026-02-20T00:21:56.168 INFO:teuthology.orchestra.run.trial077.stdout:/usr/bin/ceph: stderr
2026-02-20T00:21:56.044+0000 7fe989c1c640 1 --2- >> [v2:10.20.193.77:3300/0,v1:10.20.193.77:6789/0] conn(0x7fe98410a9d0 0x7fe9841a0390 unknown :-1 s=NONE pgs=0 cs=0 l=1 rev1=0 crypto rx=0 tx=0 comp rx=0 tx=0).connect
2026-02-20T00:21:56.168 INFO:teuthology.orchestra.run.trial077.stdout:/usr/bin/ceph: stderr
2026-02-20T00:21:56.044+0000 7fe989c1c640 1 -- --> [v2:10.20.193.77:3300/0,v1:10.20.193.77:6789/0] -- mon_getmap magic: 0 -- 0x7fe98410e920 con 0x7fe98410a9d0
2026-02-20T00:21:56.168 INFO:teuthology.orchestra.run.trial077.stdout:/usr/bin/ceph: stderr
2026-02-20T00:21:56.044+0000 7fe9837fe640 1 --2- >> [v2:10.20.193.77:3300/0,v1:10.20.193.77:6789/0] conn(0x7fe98410a9d0 0x7fe9841a0390 unknown :-1 s=BANNER_CONNECTING pgs=0 cs=0 l=1 rev1=0 crypto rx=0 tx=0 comp rx=0 tx=0)._handle_peer_banner_payload supported=3 required=0
2026-02-20T00:21:56.168 INFO:teuthology.orchestra.run.trial077.stdout:/usr/bin/ceph: stderr
2026-02-20T00:21:56.044+0000 7fe9837fe640 1 --2- >> [v2:10.20.193.77:3300/0,v1:10.20.193.77:6789/0] conn(0x7fe98410a9d0 0x7fe9841a0390 unknown :-1 s=HELLO_CONNECTING pgs=0 cs=0 l=1 rev1=1 crypto rx=0 tx=0 comp rx=0 tx=0).handle_hello peer v2:10.20.193.77:3300/0 says I am v2:10.20.193.77:60680/0 (socket says 10.20.193.77:60680)
2026-02-20T00:21:56.168 INFO:teuthology.orchestra.run.trial077.stdout:/usr/bin/ceph: stderr
2026-02-20T00:21:56.044+0000 7fe9837fe640 1 -- 10.20.193.77:0/3913933921 learned_addr learned my addr 10.20.193.77:0/3913933921 (peer_addr_for_me v2:10.20.193.77:0/0)
2026-02-20T00:21:56.169 INFO:teuthology.orchestra.run.trial077.stdout:/usr/bin/ceph: stderr
2026-02-20T00:21:56.044+0000 7fe9837fe640 1 -- 10.20.193.77:0/3913933921 --> [v2:10.20.193.77:3300/0,v1:10.20.193.77:6789/0] -- mon_subscribe({config=0+,monmap=0+}) -- 0x7fe9841a08d0 con 0x7fe98410a9d0
2026-02-20T00:21:56.169 INFO:teuthology.orchestra.run.trial077.stdout:/usr/bin/ceph: stderr
2026-02-20T00:21:56.044+0000 7fe9837fe640 1 --2- 10.20.193.77:0/3913933921 >> [v2:10.20.193.77:3300/0,v1:10.20.193.77:6789/0] conn(0x7fe98410a9d0 0x7fe9841a0390 secure :-1 s=READY pgs=46 cs=0 l=1 rev1=1 crypto rx=0x7fe970006fd0 tx=0x7fe970037bb0 comp rx=0 tx=0).ready entity=mon.0 client_cookie=0 server_cookie=0 in_seq=0 out_seq=0
2026-02-20T00:21:56.169 INFO:teuthology.orchestra.run.trial077.stdout:/usr/bin/ceph: stderr
2026-02-20T00:21:56.044+0000 7fe980ff9640 1 -- 10.20.193.77:0/3913933921 <== mon.0 v2:10.20.193.77:3300/0 1 ==== mon_map magic: 0 ==== 205+0+0 (secure 0 0 0) 0x7fe970045070 con 0x7fe98410a9d0
2026-02-20T00:21:56.169 INFO:teuthology.orchestra.run.trial077.stdout:/usr/bin/ceph: stderr
2026-02-20T00:21:56.044+0000 7fe980ff9640 1 -- 10.20.193.77:0/3913933921 <== mon.0 v2:10.20.193.77:3300/0 2 ==== config(26 keys) ==== 1045+0+0 (secure 0 0 0) 0x7fe970040450 con 0x7fe98410a9d0
2026-02-20T00:21:56.169 INFO:teuthology.orchestra.run.trial077.stdout:/usr/bin/ceph: stderr
2026-02-20T00:21:56.044+0000 7fe980ff9640 1 -- 10.20.193.77:0/3913933921 <== mon.0 v2:10.20.193.77:3300/0 3 ==== mon_map magic: 0 ==== 205+0+0 (secure 0 0 0) 0x7fe97003c070 con 0x7fe98410a9d0
2026-02-20T00:21:56.169 INFO:teuthology.orchestra.run.trial077.stdout:/usr/bin/ceph: stderr
2026-02-20T00:21:56.044+0000 7fe989c1c640 1 -- 10.20.193.77:0/3913933921 --> [v2:10.20.193.77:3300/0,v1:10.20.193.77:6789/0] -- mon_subscribe({mgrmap=0+}) -- 0x7fe9841a0b60 con 0x7fe98410a9d0
2026-02-20T00:21:56.169 INFO:teuthology.orchestra.run.trial077.stdout:/usr/bin/ceph: stderr
2026-02-20T00:21:56.044+0000 7fe989c1c640 1 -- 10.20.193.77:0/3913933921 --> [v2:10.20.193.77:3300/0,v1:10.20.193.77:6789/0] -- mon_subscribe({osdmap=0}) -- 0x7fe9841a3850 con 0x7fe98410a9d0
2026-02-20T00:21:56.169 INFO:teuthology.orchestra.run.trial077.stdout:/usr/bin/ceph: stderr
2026-02-20T00:21:56.045+0000 7fe989c1c640 1 -- 10.20.193.77:0/3913933921 --> [v2:10.20.193.77:3300/0,v1:10.20.193.77:6789/0] -- mon_command({"prefix": "get_command_descriptions"} v 0) -- 0x7fe98410ae50 con 0x7fe98410a9d0
2026-02-20T00:21:56.169 INFO:teuthology.orchestra.run.trial077.stdout:/usr/bin/ceph: stderr
2026-02-20T00:21:56.045+0000 7fe980ff9640 1 -- 10.20.193.77:0/3913933921 <== mon.0 v2:10.20.193.77:3300/0 4 ==== mgrmap(e 8) ==== 50247+0+0 (secure 0 0 0) 0x7fe970040600 con 0x7fe98410a9d0
2026-02-20T00:21:56.169 INFO:teuthology.orchestra.run.trial077.stdout:/usr/bin/ceph: stderr
2026-02-20T00:21:56.045+0000 7fe980ff9640 1 --2- 10.20.193.77:0/3913933921 >> [v2:10.20.193.77:6800/2426752061,v1:10.20.193.77:6801/2426752061] conn(0x7fe95803db50 0x7fe958040010 unknown :-1 s=NONE pgs=0 cs=0 l=1 rev1=0 crypto rx=0 tx=0 comp rx=0 tx=0).connect
2026-02-20T00:21:56.169 INFO:teuthology.orchestra.run.trial077.stdout:/usr/bin/ceph: stderr
2026-02-20T00:21:56.045+0000 7fe980ff9640 1 -- 10.20.193.77:0/3913933921 <== mon.0 v2:10.20.193.77:3300/0 5 ==== osd_map(2..2 src has 1..2) ==== 940+0+0 (secure 0 0 0) 0x7fe970076660 con 0x7fe98410a9d0
2026-02-20T00:21:56.169 INFO:teuthology.orchestra.run.trial077.stdout:/usr/bin/ceph: stderr
2026-02-20T00:21:56.045+0000 7fe982ffd640 1 --2- 10.20.193.77:0/3913933921 >> [v2:10.20.193.77:6800/2426752061,v1:10.20.193.77:6801/2426752061] conn(0x7fe95803db50 0x7fe958040010 unknown :-1 s=BANNER_CONNECTING pgs=0 cs=0 l=1 rev1=0 crypto rx=0 tx=0 comp rx=0 tx=0)._handle_peer_banner_payload supported=3 required=0
2026-02-20T00:21:56.170 INFO:teuthology.orchestra.run.trial077.stdout:/usr/bin/ceph: stderr
2026-02-20T00:21:56.046+0000 7fe982ffd640 1 --2- 10.20.193.77:0/3913933921 >> [v2:10.20.193.77:6800/2426752061,v1:10.20.193.77:6801/2426752061] conn(0x7fe95803db50 0x7fe958040010 secure :-1 s=READY pgs=12 cs=0 l=1 rev1=1 crypto rx=0x7fe9740099c0 tx=0x7fe974006eb0 comp rx=0 tx=0).ready entity=mgr.14118 client_cookie=0 server_cookie=0 in_seq=0 out_seq=0
2026-02-20T00:21:56.170 INFO:teuthology.orchestra.run.trial077.stdout:/usr/bin/ceph: stderr
2026-02-20T00:21:56.048+0000 7fe980ff9640 1 -- 10.20.193.77:0/3913933921 <== mon.0 v2:10.20.193.77:3300/0 6 ==== mon_command_ack([{"prefix": "get_command_descriptions"}]=0 v0) ==== 72+0+195034 (secure 0 0 0) 0x7fe970033200 con 0x7fe98410a9d0
2026-02-20T00:21:56.170 INFO:teuthology.orchestra.run.trial077.stdout:/usr/bin/ceph: stderr
2026-02-20T00:21:56.134+0000 7fe989c1c640 1 -- 10.20.193.77:0/3913933921 --> [v2:10.20.193.77:6800/2426752061,v1:10.20.193.77:6801/2426752061] -- mgr_command(tid 0: {"prefix": "orch apply", "service_type": "mon", "unmanaged": true, "target": ["mon-mgr", ""]}) -- 0x7fe984108dc0 con 0x7fe95803db50
2026-02-20T00:21:56.170 INFO:teuthology.orchestra.run.trial077.stdout:/usr/bin/ceph: stderr
2026-02-20T00:21:56.138+0000 7fe980ff9640 1 -- 10.20.193.77:0/3913933921 <== mgr.14118 v2:10.20.193.77:6800/2426752061 1 ==== mgr_command_reply(tid 0: 0 ) ==== 8+0+24 (secure 0 0 0) 0x7fe984108dc0 con 0x7fe95803db50
2026-02-20T00:21:56.170 INFO:teuthology.orchestra.run.trial077.stdout:/usr/bin/ceph: stderr
2026-02-20T00:21:56.139+0000 7fe989c1c640 1 -- 10.20.193.77:0/3913933921 >> [v2:10.20.193.77:6800/2426752061,v1:10.20.193.77:6801/2426752061] conn(0x7fe95803db50 msgr2=0x7fe958040010 secure :-1 s=STATE_CONNECTION_ESTABLISHED l=1).mark_down
2026-02-20T00:21:56.170 INFO:teuthology.orchestra.run.trial077.stdout:/usr/bin/ceph: stderr
2026-02-20T00:21:56.139+0000 7fe989c1c640 1 --2- 10.20.193.77:0/3913933921 >> [v2:10.20.193.77:6800/2426752061,v1:10.20.193.77:6801/2426752061] conn(0x7fe95803db50 0x7fe958040010 secure :-1 s=READY pgs=12 cs=0 l=1 rev1=1 crypto rx=0x7fe9740099c0 tx=0x7fe974006eb0 comp rx=0 tx=0).stop
2026-02-20T00:21:56.170 INFO:teuthology.orchestra.run.trial077.stdout:/usr/bin/ceph: stderr
2026-02-20T00:21:56.139+0000 7fe989c1c640 1 -- 10.20.193.77:0/3913933921 >> [v2:10.20.193.77:3300/0,v1:10.20.193.77:6789/0] conn(0x7fe98410a9d0 msgr2=0x7fe9841a0390 secure :-1 s=STATE_CONNECTION_ESTABLISHED l=1).mark_down
2026-02-20T00:21:56.170 INFO:teuthology.orchestra.run.trial077.stdout:/usr/bin/ceph: stderr
2026-02-20T00:21:56.139+0000 7fe989c1c640 1 --2- 10.20.193.77:0/3913933921 >> [v2:10.20.193.77:3300/0,v1:10.20.193.77:6789/0] conn(0x7fe98410a9d0 0x7fe9841a0390 secure :-1 s=READY pgs=46 cs=0 l=1 rev1=1 crypto rx=0x7fe970006fd0 tx=0x7fe970037bb0 comp rx=0 tx=0).stop
2026-02-20T00:21:56.171 INFO:teuthology.orchestra.run.trial077.stdout:/usr/bin/ceph: stderr
2026-02-20T00:21:56.139+0000 7fe989c1c640 1 -- 10.20.193.77:0/3913933921 shutdown_connections
2026-02-20T00:21:56.171 INFO:teuthology.orchestra.run.trial077.stdout:/usr/bin/ceph: stderr
2026-02-20T00:21:56.139+0000 7fe989c1c640 1 --2- 10.20.193.77:0/3913933921 >> [v2:10.20.193.77:6800/2426752061,v1:10.20.193.77:6801/2426752061] conn(0x7fe95803db50 0x7fe958040010 unknown :-1 s=CLOSED pgs=12 cs=0 l=1 rev1=1 crypto rx=0 tx=0 comp rx=0 tx=0).stop
2026-02-20T00:21:56.171 INFO:teuthology.orchestra.run.trial077.stdout:/usr/bin/ceph: stderr
2026-02-20T00:21:56.139+0000 7fe989c1c640 1 --2- 10.20.193.77:0/3913933921 >> [v2:10.20.193.77:3300/0,v1:10.20.193.77:6789/0] conn(0x7fe98410a9d0 0x7fe9841a0390 unknown :-1 s=CLOSED pgs=46 cs=0 l=1 rev1=1 crypto rx=0 tx=0 comp rx=0 tx=0).stop
2026-02-20T00:21:56.171 INFO:teuthology.orchestra.run.trial077.stdout:/usr/bin/ceph: stderr
2026-02-20T00:21:56.139+0000 7fe989c1c640 1 -- 10.20.193.77:0/3913933921 >> 10.20.193.77:0/3913933921 conn(0x7fe98407da30 msgr2=0x7fe9841086b0 unknown :-1 s=STATE_NONE l=0).mark_down
2026-02-20T00:21:56.171 INFO:teuthology.orchestra.run.trial077.stdout:/usr/bin/ceph: stderr
2026-02-20T00:21:56.139+0000 7fe989c1c640 1 -- 10.20.193.77:0/3913933921 shutdown_connections
2026-02-20T00:21:56.171 INFO:teuthology.orchestra.run.trial077.stdout:/usr/bin/ceph: stderr
2026-02-20T00:21:56.139+0000 7fe989c1c640 1 -- 10.20.193.77:0/3913933921 wait complete.
2026-02-20T00:21:56.171 INFO:teuthology.orchestra.run.trial077.stdout:Deploying unmanaged mgr service...
2026-02-20T00:21:56.451 INFO:journalctl@ceph.mon.a.trial077.stdout:Feb 20 00:21:56 trial077 ceph-mon[39694]: Deploying cephadm binary to trial077
2026-02-20T00:21:56.452 INFO:journalctl@ceph.mon.a.trial077.stdout:Feb 20 00:21:56 trial077 ceph-mon[39694]: from='mgr.14118 10.20.193.77:0/2628025818' entity='mgr.x'
2026-02-20T00:21:56.452 INFO:journalctl@ceph.mon.a.trial077.stdout:Feb 20 00:21:56 trial077 ceph-mon[39694]: from='mgr.14118 10.20.193.77:0/2628025818' entity='mgr.x' cmd=[{"prefix": "config dump", "format": "json"}]: dispatch
2026-02-20T00:21:56.452 INFO:journalctl@ceph.mon.a.trial077.stdout:Feb 20 00:21:56 trial077 ceph-mon[39694]: from='mgr.14118 10.20.193.77:0/2628025818' entity='mgr.x'
2026-02-20T00:21:56.452 INFO:journalctl@ceph.mon.a.trial077.stdout:Feb 20 00:21:56 trial077 ceph-mon[39694]: from='mgr.14118 10.20.193.77:0/2628025818' entity='mgr.x'
2026-02-20T00:21:57.157 INFO:teuthology.orchestra.run.trial077.stdout:/usr/bin/ceph: stdout Scheduled mgr update...
2026-02-20T00:21:57.157 INFO:teuthology.orchestra.run.trial077.stdout:/usr/bin/ceph: stderr
2026-02-20T00:21:56.264+0000 7f6e93915640 1 Processor -- start
2026-02-20T00:21:57.158 INFO:teuthology.orchestra.run.trial077.stdout:/usr/bin/ceph: stderr
2026-02-20T00:21:56.264+0000 7f6e93915640 1 -- start start
2026-02-20T00:21:57.158 INFO:teuthology.orchestra.run.trial077.stdout:/usr/bin/ceph: stderr
2026-02-20T00:21:56.264+0000 7f6e93915640 1 --2- >> [v2:10.20.193.77:3300/0,v1:10.20.193.77:6789/0] conn(0x7f6e8c10a9d0 0x7f6e8c10add0 unknown :-1 s=NONE pgs=0 cs=0 l=0 rev1=0 crypto rx=0 tx=0 comp rx=0 tx=0).connect
2026-02-20T00:21:57.158 INFO:teuthology.orchestra.run.trial077.stdout:/usr/bin/ceph: stderr
2026-02-20T00:21:56.264+0000 7f6e93915640 1 -- --> [v2:10.20.193.77:3300/0,v1:10.20.193.77:6789/0] -- mon_getmap magic: 0 -- 0x7f6e8c10b3a0 con 0x7f6e8c10a9d0
2026-02-20T00:21:57.158 INFO:teuthology.orchestra.run.trial077.stdout:/usr/bin/ceph: stderr
2026-02-20T00:21:56.264+0000 7f6e9168a640 1 --2- >> [v2:10.20.193.77:3300/0,v1:10.20.193.77:6789/0] conn(0x7f6e8c10a9d0 0x7f6e8c10add0 unknown :-1 s=BANNER_CONNECTING pgs=0 cs=0 l=0 rev1=0 crypto rx=0 tx=0 comp rx=0 tx=0)._handle_peer_banner_payload supported=3 required=0
2026-02-20T00:21:57.158 INFO:teuthology.orchestra.run.trial077.stdout:/usr/bin/ceph: stderr
2026-02-20T00:21:56.264+0000 7f6e9168a640 1 --2- >> [v2:10.20.193.77:3300/0,v1:10.20.193.77:6789/0] conn(0x7f6e8c10a9d0 0x7f6e8c10add0 unknown :-1 s=HELLO_CONNECTING pgs=0 cs=0 l=0 rev1=1 crypto rx=0 tx=0 comp rx=0 tx=0).handle_hello peer v2:10.20.193.77:3300/0 says I am v2:10.20.193.77:60690/0 (socket says 10.20.193.77:60690)
2026-02-20T00:21:57.158 INFO:teuthology.orchestra.run.trial077.stdout:/usr/bin/ceph: stderr
2026-02-20T00:21:56.264+0000 7f6e9168a640 1 -- 10.20.193.77:0/50623 learned_addr learned my addr 10.20.193.77:0/50623 (peer_addr_for_me v2:10.20.193.77:0/0)
2026-02-20T00:21:57.158 INFO:teuthology.orchestra.run.trial077.stdout:/usr/bin/ceph: stderr
2026-02-20T00:21:56.265+0000 7f6e9168a640 1 -- 10.20.193.77:0/50623 --> [v2:10.20.193.77:3300/0,v1:10.20.193.77:6789/0] -- mon_subscribe({config=0+,monmap=0+}) -- 0x7f6e8c10b6f0 con 0x7f6e8c10a9d0
2026-02-20T00:21:57.158 INFO:teuthology.orchestra.run.trial077.stdout:/usr/bin/ceph: stderr
2026-02-20T00:21:56.265+0000 7f6e9168a640 1 --2- 10.20.193.77:0/50623 >> [v2:10.20.193.77:3300/0,v1:10.20.193.77:6789/0] conn(0x7f6e8c10a9d0 0x7f6e8c10add0 secure :-1 s=READY pgs=47 cs=0 l=1 rev1=1 crypto rx=0x7f6e7c009920 tx=0x7f6e7c02ef20 comp rx=0 tx=0).ready entity=mon.0 client_cookie=85ab0644a7a731f4 server_cookie=0 in_seq=0 out_seq=0
2026-02-20T00:21:57.158 INFO:teuthology.orchestra.run.trial077.stdout:/usr/bin/ceph: stderr
2026-02-20T00:21:56.265+0000 7f6e7bfff640 1 -- 10.20.193.77:0/50623 <== mon.0 v2:10.20.193.77:3300/0 1 ==== mon_map magic: 0 ==== 205+0+0 (secure 0 0 0) 0x7f6e7c03c070 con 0x7f6e8c10a9d0
2026-02-20T00:21:57.158 INFO:teuthology.orchestra.run.trial077.stdout:/usr/bin/ceph: stderr
2026-02-20T00:21:56.265+0000 7f6e7bfff640 1 -- 10.20.193.77:0/50623 <== mon.0 v2:10.20.193.77:3300/0 2 ==== config(26 keys) ==== 1045+0+0 (secure 0 0 0) 0x7f6e7c037440 con 0x7f6e8c10a9d0
2026-02-20T00:21:57.158 INFO:teuthology.orchestra.run.trial077.stdout:/usr/bin/ceph: stderr
2026-02-20T00:21:56.265+0000 7f6e7bfff640 1 -- 10.20.193.77:0/50623 <== mon.0 v2:10.20.193.77:3300/0 3 ==== mon_map magic: 0 ==== 205+0+0 (secure 0 0 0) 0x7f6e7c0354b0 con 0x7f6e8c10a9d0
2026-02-20T00:21:57.158 INFO:teuthology.orchestra.run.trial077.stdout:/usr/bin/ceph: stderr
2026-02-20T00:21:56.266+0000 7f6e93915640 1 -- 10.20.193.77:0/50623 >> [v2:10.20.193.77:3300/0,v1:10.20.193.77:6789/0] conn(0x7f6e8c10a9d0 msgr2=0x7f6e8c10add0 secure :-1 s=STATE_CONNECTION_ESTABLISHED l=1).mark_down
2026-02-20T00:21:57.158 INFO:teuthology.orchestra.run.trial077.stdout:/usr/bin/ceph: stderr
2026-02-20T00:21:56.266+0000 7f6e93915640 1 --2- 10.20.193.77:0/50623 >> [v2:10.20.193.77:3300/0,v1:10.20.193.77:6789/0] conn(0x7f6e8c10a9d0 0x7f6e8c10add0 secure :-1 s=READY pgs=47 cs=0 l=1 rev1=1 crypto rx=0x7f6e7c009920 tx=0x7f6e7c02ef20 comp rx=0 tx=0).stop
2026-02-20T00:21:57.158 INFO:teuthology.orchestra.run.trial077.stdout:/usr/bin/ceph: stderr
2026-02-20T00:21:56.266+0000 7f6e93915640 1 -- 10.20.193.77:0/50623 shutdown_connections
2026-02-20T00:21:57.158 INFO:teuthology.orchestra.run.trial077.stdout:/usr/bin/ceph: stderr
2026-02-20T00:21:56.266+0000 7f6e93915640 1 --2- 10.20.193.77:0/50623 >> [v2:10.20.193.77:3300/0,v1:10.20.193.77:6789/0] conn(0x7f6e8c10a9d0 0x7f6e8c10add0 unknown :-1 s=CLOSED pgs=47 cs=0 l=1 rev1=1 crypto rx=0 tx=0 comp rx=0 tx=0).stop
2026-02-20T00:21:57.158 INFO:teuthology.orchestra.run.trial077.stdout:/usr/bin/ceph: stderr
2026-02-20T00:21:56.266+0000 7f6e93915640 1 -- 10.20.193.77:0/50623 >> 10.20.193.77:0/50623 conn(0x7f6e8c07da30 msgr2=0x7f6e8c07de40 unknown :-1 s=STATE_NONE l=0).mark_down
2026-02-20T00:21:57.158 INFO:teuthology.orchestra.run.trial077.stdout:/usr/bin/ceph: stderr
2026-02-20T00:21:56.266+0000 7f6e93915640 1 -- 10.20.193.77:0/50623 shutdown_connections
2026-02-20T00:21:57.158 INFO:teuthology.orchestra.run.trial077.stdout:/usr/bin/ceph: stderr
2026-02-20T00:21:56.266+0000 7f6e93915640 1 -- 10.20.193.77:0/50623 wait complete.
