2026-02-20T00:26:29.360+0000 7ff4252b9640 1 -- 10.20.193.134:0/2356368781 >> [v2:10.20.193.134:6800/2739273152,v1:10.20.193.134:6801/2739273152] conn(0x7ff3fc03dc40 msgr2=0x7ff3fc040100 unknown :-1 s=STATE_CONNECTING_RE l=1).process reconnect failed to v2:10.20.193.134:6800/2739273152
2026-02-20T00:26:32.508 INFO:teuthology.orchestra.run.trial134.stdout:/usr/bin/ceph: stderr
2026-02-20T00:26:29.360+0000 7ff4252b9640 1 --2- 10.20.193.134:0/2356368781 >> [v2:10.20.193.134:6800/2739273152,v1:10.20.193.134:6801/2739273152] conn(0x7ff3fc03dc40 0x7ff3fc040100 unknown :-1 s=START_CONNECT pgs=0 cs=0 l=1 rev1=0 crypto rx=0 tx=0 comp rx=0 tx=0)._fault waiting 0.400000
2026-02-20T00:26:32.508 INFO:teuthology.orchestra.run.trial134.stdout:/usr/bin/ceph: stderr
2026-02-20T00:26:29.761+0000 7ff4252b9640 1 -- 10.20.193.134:0/2356368781 >> [v2:10.20.193.134:6800/2739273152,v1:10.20.193.134:6801/2739273152] conn(0x7ff3fc03dc40 msgr2=0x7ff3fc040100 unknown :-1 s=STATE_CONNECTING_RE l=1).process reconnect failed to v2:10.20.193.134:6800/2739273152
2026-02-20T00:26:32.508 INFO:teuthology.orchestra.run.trial134.stdout:/usr/bin/ceph: stderr
2026-02-20T00:26:29.761+0000 7ff4252b9640 1 --2- 10.20.193.134:0/2356368781 >> [v2:10.20.193.134:6800/2739273152,v1:10.20.193.134:6801/2739273152] conn(0x7ff3fc03dc40 0x7ff3fc040100 unknown :-1 s=START_CONNECT pgs=0 cs=0 l=1 rev1=0 crypto rx=0 tx=0 comp rx=0 tx=0)._fault waiting 0.800000
2026-02-20T00:26:32.508 INFO:teuthology.orchestra.run.trial134.stdout:/usr/bin/ceph: stderr
2026-02-20T00:26:30.562+0000 7ff4252b9640 1 -- 10.20.193.134:0/2356368781 >> [v2:10.20.193.134:6800/2739273152,v1:10.20.193.134:6801/2739273152] conn(0x7ff3fc03dc40 msgr2=0x7ff3fc040100 unknown :-1 s=STATE_CONNECTING_RE l=1).process reconnect failed to v2:10.20.193.134:6800/2739273152
2026-02-20T00:26:32.508 INFO:teuthology.orchestra.run.trial134.stdout:/usr/bin/ceph: stderr
2026-02-20T00:26:30.562+0000 7ff4252b9640 1 --2- 10.20.193.134:0/2356368781 >> [v2:10.20.193.134:6800/2739273152,v1:10.20.193.134:6801/2739273152] conn(0x7ff3fc03dc40 0x7ff3fc040100 unknown :-1 s=START_CONNECT pgs=0 cs=0 l=1 rev1=0 crypto rx=0 tx=0 comp rx=0 tx=0)._fault waiting 1.600000
2026-02-20T00:26:32.508 INFO:teuthology.orchestra.run.trial134.stdout:/usr/bin/ceph: stderr
2026-02-20T00:26:31.443+0000 7ff40effd640 1 -- 10.20.193.134:0/2356368781 <== mon.0 v2:10.20.193.134:3300/0 6 ==== mgrmap(e 10) ==== 50027+0+0 (secure 0 0 0) 0x7ff4100756c0 con 0x7ff42010a4b0
2026-02-20T00:26:32.508 INFO:teuthology.orchestra.run.trial134.stdout:/usr/bin/ceph: stderr
2026-02-20T00:26:31.443+0000 7ff40effd640 1 -- 10.20.193.134:0/2356368781 >> [v2:10.20.193.134:6800/2739273152,v1:10.20.193.134:6801/2739273152] conn(0x7ff3fc03dc40 msgr2=0x7ff3fc040100 unknown :-1 s=STATE_CONNECTING l=1).mark_down
2026-02-20T00:26:32.508 INFO:teuthology.orchestra.run.trial134.stdout:/usr/bin/ceph: stderr
2026-02-20T00:26:31.443+0000 7ff40effd640 1 --2- 10.20.193.134:0/2356368781 >> [v2:10.20.193.134:6800/2739273152,v1:10.20.193.134:6801/2739273152] conn(0x7ff3fc03dc40 0x7ff3fc040100 unknown :-1 s=START_CONNECT pgs=0 cs=0 l=1 rev1=0 crypto rx=0 tx=0 comp rx=0 tx=0).stop
2026-02-20T00:26:32.508 INFO:teuthology.orchestra.run.trial134.stdout:/usr/bin/ceph: stderr
2026-02-20T00:26:32.447+0000 7ff40effd640 1 -- 10.20.193.134:0/2356368781 <== mon.0 v2:10.20.193.134:3300/0 7 ==== mgrmap(e 11) ==== 50154+0+0 (secure 0 0 0) 0x7ff4100363a0 con 0x7ff42010a4b0
2026-02-20T00:26:32.508 INFO:teuthology.orchestra.run.trial134.stdout:/usr/bin/ceph: stderr
2026-02-20T00:26:32.447+0000 7ff40effd640 1 --2- 10.20.193.134:0/2356368781 >> [v2:10.20.193.134:6800/3306710519,v1:10.20.193.134:6801/3306710519] conn(0x7ff3fc041720 0x7ff3fc043b10 unknown :-1 s=NONE pgs=0 cs=0 l=1 rev1=0 crypto rx=0 tx=0 comp rx=0 tx=0).connect
2026-02-20T00:26:32.508 INFO:teuthology.orchestra.run.trial134.stdout:/usr/bin/ceph: stderr
2026-02-20T00:26:32.447+0000 7ff40effd640 1 -- 10.20.193.134:0/2356368781 --> [v2:10.20.193.134:6800/3306710519,v1:10.20.193.134:6801/3306710519] -- command(tid 0: {"prefix": "get_command_descriptions"}) -- 0x7ff3fc040810 con 0x7ff3fc041720
2026-02-20T00:26:32.509 INFO:teuthology.orchestra.run.trial134.stdout:/usr/bin/ceph: stderr
2026-02-20T00:26:32.447+0000 7ff4252b9640 1 --2- 10.20.193.134:0/2356368781 >> [v2:10.20.193.134:6800/3306710519,v1:10.20.193.134:6801/3306710519] conn(0x7ff3fc041720 0x7ff3fc043b10 unknown :-1 s=BANNER_CONNECTING pgs=0 cs=0 l=1 rev1=0 crypto rx=0 tx=0 comp rx=0 tx=0)._handle_peer_banner_payload supported=3 required=0
2026-02-20T00:26:32.509 INFO:teuthology.orchestra.run.trial134.stdout:/usr/bin/ceph: stderr
2026-02-20T00:26:32.447+0000 7ff4252b9640 1 --2- 10.20.193.134:0/2356368781 >> [v2:10.20.193.134:6800/3306710519,v1:10.20.193.134:6801/3306710519] conn(0x7ff3fc041720 0x7ff3fc043b10 secure :-1 s=READY pgs=1 cs=0 l=1 rev1=1 crypto rx=0x7ff414003a80 tx=0x7ff4140092b0 comp rx=0 tx=0).ready entity=mgr.14150 client_cookie=0 server_cookie=0 in_seq=0 out_seq=0
2026-02-20T00:26:32.509 INFO:teuthology.orchestra.run.trial134.stdout:/usr/bin/ceph: stderr
2026-02-20T00:26:32.448+0000 7ff40effd640 1 -- 10.20.193.134:0/2356368781 <== mgr.14150 v2:10.20.193.134:6800/3306710519 1 ==== command_reply(tid 0: 0 ) ==== 8+0+8901 (secure 0 0 0) 0x7ff3fc040810 con 0x7ff3fc041720
2026-02-20T00:26:32.509 INFO:teuthology.orchestra.run.trial134.stdout:/usr/bin/ceph: stderr
2026-02-20T00:26:32.451+0000 7ff427d45640 1 -- 10.20.193.134:0/2356368781 --> [v2:10.20.193.134:6800/3306710519,v1:10.20.193.134:6801/3306710519] -- command(tid 1: {"prefix": "mgr_status"}) -- 0x7ff42010a8b0 con 0x7ff3fc041720
2026-02-20T00:26:32.509 INFO:teuthology.orchestra.run.trial134.stdout:/usr/bin/ceph: stderr
2026-02-20T00:26:32.451+0000 7ff40effd640 1 -- 10.20.193.134:0/2356368781 <== mgr.14150 v2:10.20.193.134:6800/3306710519 2 ==== command_reply(tid 1: 0 ) ==== 8+0+52 (secure 0 0 0) 0x7ff42010a8b0 con 0x7ff3fc041720
2026-02-20T00:26:32.509 INFO:teuthology.orchestra.run.trial134.stdout:/usr/bin/ceph: stderr
2026-02-20T00:26:32.451+0000 7ff427d45640 1 -- 10.20.193.134:0/2356368781 >> [v2:10.20.193.134:6800/3306710519,v1:10.20.193.134:6801/3306710519] conn(0x7ff3fc041720 msgr2=0x7ff3fc043b10 secure :-1 s=STATE_CONNECTION_ESTABLISHED l=1).mark_down
2026-02-20T00:26:32.509 INFO:teuthology.orchestra.run.trial134.stdout:/usr/bin/ceph: stderr
2026-02-20T00:26:32.451+0000 7ff427d45640 1 --2- 10.20.193.134:0/2356368781 >> [v2:10.20.193.134:6800/3306710519,v1:10.20.193.134:6801/3306710519] conn(0x7ff3fc041720 0x7ff3fc043b10 secure :-1 s=READY pgs=1 cs=0 l=1 rev1=1 crypto rx=0x7ff414003a80 tx=0x7ff4140092b0 comp rx=0 tx=0).stop
2026-02-20T00:26:32.509 INFO:teuthology.orchestra.run.trial134.stdout:/usr/bin/ceph: stderr
2026-02-20T00:26:32.452+0000 7ff427d45640 1 -- 10.20.193.134:0/2356368781 >> [v2:10.20.193.134:3300/0,v1:10.20.193.134:6789/0] conn(0x7ff42010a4b0 msgr2=0x7ff4201a0220 secure :-1 s=STATE_CONNECTION_ESTABLISHED l=1).mark_down
2026-02-20T00:26:32.509 INFO:teuthology.orchestra.run.trial134.stdout:/usr/bin/ceph: stderr
2026-02-20T00:26:32.452+0000 7ff427d45640 1 --2- 10.20.193.134:0/2356368781 >> [v2:10.20.193.134:3300/0,v1:10.20.193.134:6789/0] conn(0x7ff42010a4b0 0x7ff4201a0220 secure :-1 s=READY pgs=60 cs=0 l=1 rev1=1 crypto rx=0x7ff410039000 tx=0x7ff410037820 comp rx=0 tx=0).stop
2026-02-20T00:26:32.509 INFO:teuthology.orchestra.run.trial134.stdout:/usr/bin/ceph: stderr
2026-02-20T00:26:32.452+0000 7ff427d45640 1 -- 10.20.193.134:0/2356368781 shutdown_connections
2026-02-20T00:26:32.509 INFO:teuthology.orchestra.run.trial134.stdout:/usr/bin/ceph: stderr
2026-02-20T00:26:32.452+0000 7ff427d45640 1 --2- 10.20.193.134:0/2356368781 >> [v2:10.20.193.134:6800/3306710519,v1:10.20.193.134:6801/3306710519] conn(0x7ff3fc041720 0x7ff3fc043b10 unknown :-1 s=CLOSED pgs=1 cs=0 l=1 rev1=1 crypto rx=0 tx=0 comp rx=0 tx=0).stop
2026-02-20T00:26:32.509 INFO:teuthology.orchestra.run.trial134.stdout:/usr/bin/ceph: stderr
2026-02-20T00:26:32.452+0000 7ff427d45640 1 --2- 10.20.193.134:0/2356368781 >> [v2:10.20.193.134:6800/2739273152,v1:10.20.193.134:6801/2739273152] conn(0x7ff3fc03dc40 0x7ff3fc040100 unknown :-1 s=CLOSED pgs=0 cs=0 l=1 rev1=0 crypto rx=0 tx=0 comp rx=0 tx=0).stop
2026-02-20T00:26:32.510 INFO:teuthology.orchestra.run.trial134.stdout:/usr/bin/ceph: stderr
2026-02-20T00:26:32.452+0000 7ff427d45640 1 --2- 10.20.193.134:0/2356368781 >> [v2:10.20.193.134:3300/0,v1:10.20.193.134:6789/0] conn(0x7ff42010a4b0 0x7ff4201a0220 unknown :-1 s=CLOSED pgs=60 cs=0 l=1 rev1=1 crypto rx=0 tx=0 comp rx=0 tx=0).stop
2026-02-20T00:26:32.510 INFO:teuthology.orchestra.run.trial134.stdout:/usr/bin/ceph: stderr
2026-02-20T00:26:32.452+0000 7ff427d45640 1 -- 10.20.193.134:0/2356368781 >> 10.20.193.134:0/2356368781 conn(0x7ff42007de20 msgr2=0x7ff420107d50 unknown :-1 s=STATE_NONE l=0).mark_down
2026-02-20T00:26:32.510 INFO:teuthology.orchestra.run.trial134.stdout:/usr/bin/ceph: stderr
2026-02-20T00:26:32.452+0000 7ff427d45640 1 -- 10.20.193.134:0/2356368781 shutdown_connections
2026-02-20T00:26:32.510 INFO:teuthology.orchestra.run.trial134.stdout:/usr/bin/ceph: stderr
2026-02-20T00:26:32.452+0000 7ff427d45640 1 -- 10.20.193.134:0/2356368781 wait complete.
2026-02-20T00:26:32.510 INFO:teuthology.orchestra.run.trial134.stdout:mgr epoch 9 is available
2026-02-20T00:26:32.510 INFO:teuthology.orchestra.run.trial134.stdout:Generating a dashboard self-signed certificate...
2026-02-20T00:26:32.733 INFO:teuthology.orchestra.run.trial134.stdout:/usr/bin/ceph: stdout Self-signed certificate created
2026-02-20T00:26:32.734 INFO:teuthology.orchestra.run.trial134.stdout:/usr/bin/ceph: stderr
2026-02-20T00:26:32.591+0000 7f5569ca5640 1 Processor -- start
2026-02-20T00:26:32.734 INFO:teuthology.orchestra.run.trial134.stdout:/usr/bin/ceph: stderr
2026-02-20T00:26:32.591+0000 7f5569ca5640 1 -- start start
2026-02-20T00:26:32.734 INFO:teuthology.orchestra.run.trial134.stdout:/usr/bin/ceph: stderr
2026-02-20T00:26:32.591+0000 7f5569ca5640 1 --2- >> [v2:10.20.193.134:3300/0,v1:10.20.193.134:6789/0] conn(0x7f5564108210 0x7f5564108610 unknown :-1 s=NONE pgs=0 cs=0 l=0 rev1=0 crypto rx=0 tx=0 comp rx=0 tx=0).connect
2026-02-20T00:26:32.734 INFO:teuthology.orchestra.run.trial134.stdout:/usr/bin/ceph: stderr
2026-02-20T00:26:32.591+0000 7f5569ca5640 1 -- --> [v2:10.20.193.134:3300/0,v1:10.20.193.134:6789/0] -- mon_getmap magic: 0 -- 0x7f5564108be0 con 0x7f5564108210
2026-02-20T00:26:32.734 INFO:teuthology.orchestra.run.trial134.stdout:/usr/bin/ceph: stderr
2026-02-20T00:26:32.591+0000 7f55637fe640 1 --2- >> [v2:10.20.193.134:3300/0,v1:10.20.193.134:6789/0] conn(0x7f5564108210 0x7f5564108610 unknown :-1 s=BANNER_CONNECTING pgs=0 cs=0 l=0 rev1=0 crypto rx=0 tx=0 comp rx=0 tx=0)._handle_peer_banner_payload supported=3 required=0
2026-02-20T00:26:32.734 INFO:teuthology.orchestra.run.trial134.stdout:/usr/bin/ceph: stderr
2026-02-20T00:26:32.591+0000 7f55637fe640 1 --2- >> [v2:10.20.193.134:3300/0,v1:10.20.193.134:6789/0] conn(0x7f5564108210 0x7f5564108610 unknown :-1 s=HELLO_CONNECTING pgs=0 cs=0 l=0 rev1=1 crypto rx=0 tx=0 comp rx=0 tx=0).handle_hello peer v2:10.20.193.134:3300/0 says I am v2:10.20.193.134:40294/0 (socket says 10.20.193.134:40294)
2026-02-20T00:26:32.734 INFO:teuthology.orchestra.run.trial134.stdout:/usr/bin/ceph: stderr
2026-02-20T00:26:32.591+0000 7f55637fe640 1 -- 10.20.193.134:0/1997557341 learned_addr learned my addr 10.20.193.134:0/1997557341 (peer_addr_for_me v2:10.20.193.134:0/0)
2026-02-20T00:26:32.734 INFO:teuthology.orchestra.run.trial134.stdout:/usr/bin/ceph: stderr
2026-02-20T00:26:32.591+0000 7f55637fe640 1 -- 10.20.193.134:0/1997557341 --> [v2:10.20.193.134:3300/0,v1:10.20.193.134:6789/0] -- mon_subscribe({config=0+,monmap=0+}) -- 0x7f55641093c0 con 0x7f5564108210
2026-02-20T00:26:32.734 INFO:teuthology.orchestra.run.trial134.stdout:/usr/bin/ceph: stderr
2026-02-20T00:26:32.592+0000 7f55637fe640 1 --2- 10.20.193.134:0/1997557341 >> [v2:10.20.193.134:3300/0,v1:10.20.193.134:6789/0] conn(0x7f5564108210 0x7f5564108610 secure :-1 s=READY pgs=68 cs=0 l=1 rev1=1 crypto rx=0x7f5550009920 tx=0x7f555002ef20 comp rx=0 tx=0).ready entity=mon.0 client_cookie=c9c57c4a61b36c7e server_cookie=0 in_seq=0 out_seq=0
2026-02-20T00:26:32.734 INFO:teuthology.orchestra.run.trial134.stdout:/usr/bin/ceph: stderr
2026-02-20T00:26:32.592+0000 7f55627fc640 1 -- 10.20.193.134:0/1997557341 <== mon.0 v2:10.20.193.134:3300/0 1 ==== mon_map magic: 0 ==== 205+0+0 (secure 0 0 0) 0x7f555003c070 con 0x7f5564108210
2026-02-20T00:26:32.735 INFO:teuthology.orchestra.run.trial134.stdout:/usr/bin/ceph: stderr
2026-02-20T00:26:32.592+0000 7f55627fc640 1 -- 10.20.193.134:0/1997557341 <== mon.0 v2:10.20.193.134:3300/0 2 ==== config(26 keys) ==== 1076+0+0 (secure 0 0 0) 0x7f5550037440 con 0x7f5564108210
2026-02-20T00:26:32.735 INFO:teuthology.orchestra.run.trial134.stdout:/usr/bin/ceph: stderr
2026-02-20T00:26:32.592+0000 7f55627fc640 1 -- 10.20.193.134:0/1997557341 <== mon.0 v2:10.20.193.134:3300/0 3 ==== mon_map magic: 0 ==== 205+0+0 (secure 0 0 0) 0x7f55500354d0 con 0x7f5564108210
2026-02-20T00:26:32.735 INFO:teuthology.orchestra.run.trial134.stdout:/usr/bin/ceph: stderr
2026-02-20T00:26:32.592+0000 7f5569ca5640 1 -- 10.20.193.134:0/1997557341 >> [v2:10.20.193.134:3300/0,v1:10.20.193.134:6789/0] conn(0x7f5564108210 msgr2=0x7f5564108610 secure :-1 s=STATE_CONNECTION_ESTABLISHED l=1).mark_down
2026-02-20T00:26:32.735 INFO:teuthology.orchestra.run.trial134.stdout:/usr/bin/ceph: stderr
2026-02-20T00:26:32.592+0000 7f5569ca5640 1 --2- 10.20.193.134:0/1997557341 >> [v2:10.20.193.134:3300/0,v1:10.20.193.134:6789/0] conn(0x7f5564108210 0x7f5564108610 secure :-1 s=READY pgs=68 cs=0 l=1 rev1=1 crypto rx=0x7f5550009920 tx=0x7f555002ef20 comp rx=0 tx=0).stop
2026-02-20T00:26:32.735 INFO:teuthology.orchestra.run.trial134.stdout:/usr/bin/ceph: stderr
2026-02-20T00:26:32.592+0000 7f5569ca5640 1 -- 10.20.193.134:0/1997557341 shutdown_connections
2026-02-20T00:26:32.735 INFO:teuthology.orchestra.run.trial134.stdout:/usr/bin/ceph: stderr
2026-02-20T00:26:32.592+0000 7f5569ca5640 1 --2- 10.20.193.134:0/1997557341 >> [v2:10.20.193.134:3300/0,v1:10.20.193.134:6789/0] conn(0x7f5564108210 0x7f5564108610 unknown :-1 s=CLOSED pgs=68 cs=0 l=1 rev1=1 crypto rx=0 tx=0 comp rx=0 tx=0).stop
2026-02-20T00:26:32.735 INFO:teuthology.orchestra.run.trial134.stdout:/usr/bin/ceph: stderr
2026-02-20T00:26:32.592+0000 7f5569ca5640 1 -- 10.20.193.134:0/1997557341 >> 10.20.193.134:0/1997557341 conn(0x7f55641039c0 msgr2=0x7f5564105de0 unknown :-1 s=STATE_NONE l=0).mark_down
2026-02-20T00:26:32.735 INFO:teuthology.orchestra.run.trial134.stdout:/usr/bin/ceph: stderr
2026-02-20T00:26:32.592+0000 7f5569ca5640 1 -- 10.20.193.134:0/1997557341 shutdown_connections
2026-02-20T00:26:32.735 INFO:teuthology.orchestra.run.trial134.stdout:/usr/bin/ceph: stderr
2026-02-20T00:26:32.592+0000 7f5569ca5640 1 -- 10.20.193.134:0/1997557341 wait complete.
2026-02-20T00:26:32.735 INFO:teuthology.orchestra.run.trial134.stdout:/usr/bin/ceph: stderr
2026-02-20T00:26:32.593+0000 7f5569ca5640 1 Processor -- start
2026-02-20T00:26:32.735 INFO:teuthology.orchestra.run.trial134.stdout:/usr/bin/ceph: stderr
2026-02-20T00:26:32.593+0000 7f5569ca5640 1 -- start start
2026-02-20T00:26:32.735 INFO:teuthology.orchestra.run.trial134.stdout:/usr/bin/ceph: stderr
2026-02-20T00:26:32.593+0000 7f5569ca5640 1 --2- >> [v2:10.20.193.134:3300/0,v1:10.20.193.134:6789/0] conn(0x7f5564108210 0x7f556419dfd0 unknown :-1 s=NONE pgs=0 cs=0 l=1 rev1=0 crypto rx=0 tx=0 comp rx=0 tx=0).connect
2026-02-20T00:26:32.736 INFO:teuthology.orchestra.run.trial134.stdout:/usr/bin/ceph: stderr
2026-02-20T00:26:32.593+0000 7f5569ca5640 1 -- --> [v2:10.20.193.134:3300/0,v1:10.20.193.134:6789/0] -- mon_getmap magic: 0 -- 0x7f556410c5f0 con 0x7f5564108210
2026-02-20T00:26:32.736 INFO:teuthology.orchestra.run.trial134.stdout:/usr/bin/ceph: stderr
2026-02-20T00:26:32.593+0000 7f55637fe640 1 --2- >> [v2:10.20.193.134:3300/0,v1:10.20.193.134:6789/0] conn(0x7f5564108210 0x7f556419dfd0 unknown :-1 s=BANNER_CONNECTING pgs=0 cs=0 l=1 rev1=0 crypto rx=0 tx=0 comp rx=0 tx=0)._handle_peer_banner_payload supported=3 required=0
2026-02-20T00:26:32.736 INFO:teuthology.orchestra.run.trial134.stdout:/usr/bin/ceph: stderr
2026-02-20T00:26:32.593+0000 7f55637fe640 1 --2- >> [v2:10.20.193.134:3300/0,v1:10.20.193.134:6789/0] conn(0x7f5564108210 0x7f556419dfd0 unknown :-1 s=HELLO_CONNECTING pgs=0 cs=0 l=1 rev1=1 crypto rx=0 tx=0 comp rx=0 tx=0).handle_hello peer v2:10.20.193.134:3300/0 says I am v2:10.20.193.134:40298/0 (socket says 10.20.193.134:40298)
2026-02-20T00:26:32.736 INFO:teuthology.orchestra.run.trial134.stdout:/usr/bin/ceph: stderr
2026-02-20T00:26:32.593+0000 7f55637fe640 1 -- 10.20.193.134:0/2061845445 learned_addr learned my addr 10.20.193.134:0/2061845445 (peer_addr_for_me v2:10.20.193.134:0/0)
2026-02-20T00:26:32.736 INFO:teuthology.orchestra.run.trial134.stdout:/usr/bin/ceph: stderr
2026-02-20T00:26:32.593+0000 7f55637fe640 1 -- 10.20.193.134:0/2061845445 --> [v2:10.20.193.134:3300/0,v1:10.20.193.134:6789/0] -- mon_subscribe({config=0+,monmap=0+}) -- 0x7f556419e510 con 0x7f5564108210
2026-02-20T00:26:32.736 INFO:teuthology.orchestra.run.trial134.stdout:/usr/bin/ceph: stderr
2026-02-20T00:26:32.593+0000 7f55637fe640 1 --2- 10.20.193.134:0/2061845445 >> [v2:10.20.193.134:3300/0,v1:10.20.193.134:6789/0] conn(0x7f5564108210 0x7f556419dfd0 secure :-1 s=READY pgs=69 cs=0 l=1 rev1=1 crypto rx=0x7f5550009a50 tx=0x7f5550037820 comp rx=0 tx=0).ready entity=mon.0 client_cookie=0 server_cookie=0 in_seq=0 out_seq=0
2026-02-20T00:26:32.736 INFO:teuthology.orchestra.run.trial134.stdout:/usr/bin/ceph: stderr
2026-02-20T00:26:32.593+0000 7f5560ff9640 1 -- 10.20.193.134:0/2061845445 <== mon.0 v2:10.20.193.134:3300/0 1 ==== mon_map magic: 0 ==== 205+0+0 (secure 0 0 0) 0x7f5550047070 con 0x7f5564108210
2026-02-20T00:26:32.736 INFO:teuthology.orchestra.run.trial134.stdout:/usr/bin/ceph: stderr
2026-02-20T00:26:32.593+0000 7f5569ca5640 1 -- 10.20.193.134:0/2061845445 --> [v2:10.20.193.134:3300/0,v1:10.20.193.134:6789/0] -- mon_subscribe({mgrmap=0+}) -- 0x7f556419e7a0 con 0x7f5564108210
2026-02-20T00:26:32.736 INFO:teuthology.orchestra.run.trial134.stdout:/usr/bin/ceph: stderr
2026-02-20T00:26:32.593+0000 7f5560ff9640 1 -- 10.20.193.134:0/2061845445 <== mon.0 v2:10.20.193.134:3300/0 2 ==== config(26 keys) ==== 1076+0+0 (secure 0 0 0) 0x7f5550035da0 con 0x7f5564108210
2026-02-20T00:26:32.736 INFO:teuthology.orchestra.run.trial134.stdout:/usr/bin/ceph: stderr
2026-02-20T00:26:32.593+0000 7f5560ff9640 1 -- 10.20.193.134:0/2061845445 <== mon.0 v2:10.20.193.134:3300/0 3 ==== mon_map magic: 0 ==== 205+0+0 (secure 0 0 0) 0x7f555003c070 con 0x7f5564108210
2026-02-20T00:26:32.736 INFO:teuthology.orchestra.run.trial134.stdout:/usr/bin/ceph: stderr
2026-02-20T00:26:32.593+0000 7f5569ca5640 1 -- 10.20.193.134:0/2061845445 --> [v2:10.20.193.134:3300/0,v1:10.20.193.134:6789/0] -- mon_subscribe({osdmap=0}) -- 0x7f55641a1490 con 0x7f5564108210
2026-02-20T00:26:32.736 INFO:teuthology.orchestra.run.trial134.stdout:/usr/bin/ceph: stderr
2026-02-20T00:26:32.593+0000 7f5569ca5640 1 -- 10.20.193.134:0/2061845445 --> [v2:10.20.193.134:3300/0,v1:10.20.193.134:6789/0] -- mon_command({"prefix": "get_command_descriptions"} v 0) -- 0x7f556419ec80 con 0x7f5564108210
2026-02-20T00:26:32.736 INFO:teuthology.orchestra.run.trial134.stdout:/usr/bin/ceph: stderr
2026-02-20T00:26:32.594+0000 7f5560ff9640 1 -- 10.20.193.134:0/2061845445 <== mon.0 v2:10.20.193.134:3300/0 4 ==== mgrmap(e 11) ==== 50154+0+0 (secure 0 0 0) 0x7f55500426a0 con 0x7f5564108210
2026-02-20T00:26:32.737 INFO:teuthology.orchestra.run.trial134.stdout:/usr/bin/ceph: stderr
2026-02-20T00:26:32.594+0000 7f5560ff9640 1 --2- 10.20.193.134:0/2061845445 >> [v2:10.20.193.134:6800/3306710519,v1:10.20.193.134:6801/3306710519] conn(0x7f553803dad0 0x7f553803ff90 unknown :-1 s=NONE pgs=0 cs=0 l=1 rev1=0 crypto rx=0 tx=0 comp rx=0 tx=0).connect
2026-02-20T00:26:32.737 INFO:teuthology.orchestra.run.trial134.stdout:/usr/bin/ceph: stderr
2026-02-20T00:26:32.594+0000 7f5560ff9640 1 -- 10.20.193.134:0/2061845445 <== mon.0 v2:10.20.193.134:3300/0 5 ==== osd_map(3..3 src has 1..3) ==== 1155+0+0 (secure 0 0 0) 0x7f5550076ad0 con 0x7f5564108210
2026-02-20T00:26:32.737 INFO:teuthology.orchestra.run.trial134.stdout:/usr/bin/ceph: stderr
2026-02-20T00:26:32.594+0000 7f5562ffd640 1 --2- 10.20.193.134:0/2061845445 >> [v2:10.20.193.134:6800/3306710519,v1:10.20.193.134:6801/3306710519] conn(0x7f553803dad0 0x7f553803ff90 unknown :-1 s=BANNER_CONNECTING pgs=0 cs=0 l=1 rev1=0 crypto rx=0 tx=0 comp rx=0 tx=0)._handle_peer_banner_payload supported=3 required=0
2026-02-20T00:26:32.737 INFO:teuthology.orchestra.run.trial134.stdout:/usr/bin/ceph: stderr
2026-02-20T00:26:32.594+0000 7f5562ffd640 1 --2- 10.20.193.134:0/2061845445 >> [v2:10.20.193.134:6800/3306710519,v1:10.20.193.134:6801/3306710519] conn(0x7f553803dad0 0x7f553803ff90 secure :-1 s=READY pgs=7 cs=0 l=1 rev1=1 crypto rx=0x7f55540099c0 tx=0x7f5554006eb0 comp rx=0 tx=0).ready entity=mgr.14150 client_cookie=0 server_cookie=0 in_seq=0 out_seq=0
2026-02-20T00:26:32.737 INFO:teuthology.orchestra.run.trial134.stdout:/usr/bin/ceph: stderr
2026-02-20T00:26:32.597+0000 7f5560ff9640 1 -- 10.20.193.134:0/2061845445 <== mon.0 v2:10.20.193.134:3300/0 6 ==== mon_command_ack([{"prefix": "get_command_descriptions"}]=0 v0) ==== 72+0+195034 (secure 0 0 0) 0x7f556419ec80 con 0x7f5564108210
2026-02-20T00:26:32.737 INFO:teuthology.orchestra.run.trial134.stdout:/usr/bin/ceph: stderr
2026-02-20T00:26:32.680+0000 7f5569ca5640 1 -- 10.20.193.134:0/2061845445 --> [v2:10.20.193.134:6800/3306710519,v1:10.20.193.134:6801/3306710519] -- mgr_command(tid 0: {"prefix": "dashboard create-self-signed-cert", "target": ["mon-mgr", ""]}) -- 0x7f5564104bf0 con 0x7f553803dad0
2026-02-20T00:26:32.737 INFO:teuthology.orchestra.run.trial134.stdout:/usr/bin/ceph: stderr
2026-02-20T00:26:32.707+0000 7f5560ff9640 1 -- 10.20.193.134:0/2061845445 <== mgr.14150 v2:10.20.193.134:6800/3306710519 1 ==== mgr_command_reply(tid 0: 0 ) ==== 8+0+32 (secure 0 0 0) 0x7f5564104bf0 con 0x7f553803dad0
2026-02-20T00:26:32.737 INFO:teuthology.orchestra.run.trial134.stdout:/usr/bin/ceph: stderr
2026-02-20T00:26:32.708+0000 7f5569ca5640 1 -- 10.20.193.134:0/2061845445 >> [v2:10.20.193.134:6800/3306710519,v1:10.20.193.134:6801/3306710519] conn(0x7f553803dad0 msgr2=0x7f553803ff90 secure :-1 s=STATE_CONNECTION_ESTABLISHED l=1).mark_down
2026-02-20T00:26:32.737 INFO:teuthology.orchestra.run.trial134.stdout:/usr/bin/ceph: stderr
2026-02-20T00:26:32.708+0000 7f5569ca5640 1 --2- 10.20.193.134:0/2061845445 >> [v2:10.20.193.134:6800/3306710519,v1:10.20.193.134:6801/3306710519] conn(0x7f553803dad0 0x7f553803ff90 secure :-1 s=READY pgs=7 cs=0 l=1 rev1=1 crypto rx=0x7f55540099c0 tx=0x7f5554006eb0 comp rx=0 tx=0).stop
2026-02-20T00:26:32.737 INFO:teuthology.orchestra.run.trial134.stdout:/usr/bin/ceph: stderr
2026-02-20T00:26:32.708+0000 7f5569ca5640 1 -- 10.20.193.134:0/2061845445 >> [v2:10.20.193.134:3300/0,v1:10.20.193.134:6789/0] conn(0x7f5564108210 msgr2=0x7f556419dfd0 secure :-1 s=STATE_CONNECTION_ESTABLISHED l=1).mark_down
2026-02-20T00:26:32.737 INFO:teuthology.orchestra.run.trial134.stdout:/usr/bin/ceph: stderr
2026-02-20T00:26:32.708+0000 7f5569ca5640 1 --2- 10.20.193.134:0/2061845445 >> [v2:10.20.193.134:3300/0,v1:10.20.193.134:6789/0] conn(0x7f5564108210 0x7f556419dfd0 secure :-1 s=READY pgs=69 cs=0 l=1 rev1=1 crypto rx=0x7f5550009a50 tx=0x7f5550037820 comp rx=0 tx=0).stop
2026-02-20T00:26:32.738 INFO:teuthology.orchestra.run.trial134.stdout:/usr/bin/ceph: stderr
2026-02-20T00:26:32.708+0000 7f5569ca5640 1 -- 10.20.193.134:0/2061845445 shutdown_connections
2026-02-20T00:26:32.738 INFO:teuthology.orchestra.run.trial134.stdout:/usr/bin/ceph: stderr
2026-02-20T00:26:32.708+0000 7f5569ca5640 1 --2- 10.20.193.134:0/2061845445 >> [v2:10.20.193.134:6800/3306710519,v1:10.20.193.134:6801/3306710519] conn(0x7f553803dad0 0x7f553803ff90 unknown :-1 s=CLOSED pgs=7 cs=0 l=1 rev1=1 crypto rx=0 tx=0 comp rx=0 tx=0).stop
2026-02-20T00:26:32.738 INFO:teuthology.orchestra.run.trial134.stdout:/usr/bin/ceph: stderr
2026-02-20T00:26:32.708+0000 7f5569ca5640 1 --2- 10.20.193.134:0/2061845445 >> [v2:10.20.193.134:3300/0,v1:10.20.193.134:6789/0] conn(0x7f5564108210 0x7f556419dfd0 unknown :-1 s=CLOSED pgs=69 cs=0 l=1 rev1=1 crypto rx=0 tx=0 comp rx=0 tx=0).stop
2026-02-20T00:26:32.738 INFO:teuthology.orchestra.run.trial134.stdout:/usr/bin/ceph: stderr
2026-02-20T00:26:32.708+0000 7f5569ca5640 1 -- 10.20.193.134:0/2061845445 >> 10.20.193.134:0/2061845445 conn(0x7f55641039c0 msgr2=0x7f55641044e0 unknown :-1 s=STATE_NONE l=0).mark_down
2026-02-20T00:26:32.738 INFO:teuthology.orchestra.run.trial134.stdout:/usr/bin/ceph: stderr
2026-02-20T00:26:32.708+0000 7f5569ca5640 1 -- 10.20.193.134:0/2061845445 shutdown_connections
2026-02-20T00:26:32.738 INFO:teuthology.orchestra.run.trial134.stdout:/usr/bin/ceph: stderr
2026-02-20T00:26:32.708+0000 7f5569ca5640 1 -- 10.20.193.134:0/2061845445 wait complete.
2026-02-20T00:26:32.738 INFO:teuthology.orchestra.run.trial134.stdout:Creating initial admin user...
2026-02-20T00:26:33.064 INFO:journalctl@ceph.mon.a.trial134.stdout:Feb 20 00:26:32 trial134 ceph-mon[39668]: from='mgr.14150 10.20.193.134:0/4171690643' entity='mgr.x'
2026-02-20T00:26:33.064 INFO:journalctl@ceph.mon.a.trial134.stdout:Feb 20 00:26:32 trial134 ceph-mon[39668]: from='mgr.14150 10.20.193.134:0/4171690643' entity='mgr.x'
2026-02-20T00:26:33.064 INFO:journalctl@ceph.mon.a.trial134.stdout:Feb 20 00:26:32 trial134 ceph-mon[39668]: [20/Feb/2026:00:26:32] ENGINE Bus STARTING
2026-02-20T00:26:33.065 INFO:journalctl@ceph.mon.a.trial134.stdout:Feb 20 00:26:32 trial134 ceph-mon[39668]: from='client.14154 -' entity='client.admin' cmd=[{"prefix": "get_command_descriptions"}]: dispatch
2026-02-20T00:26:33.065 INFO:journalctl@ceph.mon.a.trial134.stdout:Feb 20 00:26:32 trial134 ceph-mon[39668]: mgrmap e11: x(active, since 1.00661s)
2026-02-20T00:26:33.065 INFO:journalctl@ceph.mon.a.trial134.stdout:Feb 20 00:26:32 trial134 ceph-mon[39668]: from='client.14154 -' entity='client.admin' cmd=[{"prefix": "mgr_status"}]: dispatch
2026-02-20T00:26:33.065 INFO:journalctl@ceph.mon.a.trial134.stdout:Feb 20 00:26:32 trial134 ceph-mon[39668]: [20/Feb/2026:00:26:32] ENGINE Serving on https://10.20.193.134:7150
2026-02-20T00:26:33.065 INFO:journalctl@ceph.mon.a.trial134.stdout:Feb 20 00:26:32 trial134 ceph-mon[39668]: [20/Feb/2026:00:26:32] ENGINE Client ('10.20.193.134', 48928) lost — peer dropped the TLS connection suddenly, during handshake: (6, 'TLS/SSL connection has been closed (EOF) (_ssl.c:1147)')
2026-02-20T00:26:33.065 INFO:journalctl@ceph.mon.a.trial134.stdout:Feb 20 00:26:32 trial134 ceph-mon[39668]: [20/Feb/2026:00:26:32] ENGINE Serving on http://10.20.193.134:8765
2026-02-20T00:26:33.065 INFO:journalctl@ceph.mon.a.trial134.stdout:Feb 20 00:26:32 trial134 ceph-mon[39668]: [20/Feb/2026:00:26:32] ENGINE Bus STARTED
2026-02-20T00:26:33.065 INFO:journalctl@ceph.mon.a.trial134.stdout:Feb 20 00:26:32 trial134 ceph-mon[39668]: from='client.14162 -' entity='client.admin' cmd=[{"prefix": "dashboard create-self-signed-cert", "target": ["mon-mgr", ""]}]: dispatch
2026-02-20T00:26:33.065 INFO:journalctl@ceph.mon.a.trial134.stdout:Feb 20 00:26:32 trial134 ceph-mon[39668]: from='mgr.14150 10.20.193.134:0/4171690643' entity='mgr.x'
2026-02-20T00:26:33.065 INFO:journalctl@ceph.mon.a.trial134.stdout:Feb 20 00:26:32 trial134 ceph-mon[39668]: from='mgr.14150 10.20.193.134:0/4171690643' entity='mgr.x'
2026-02-20T00:26:33.088 INFO:teuthology.orchestra.run.trial134.stdout:/usr/bin/ceph: stdout {"username": "admin", "password": "$2b$12$QeIZ00yZ0t3tV04ZIiT3teRlGXH5F/2RN0XvA1RDxQXFqOHSA7QwK", "roles": ["administrator"], "name": null, "email": null, "lastUpdate": 1771547193, "enabled": true, "pwdExpirationDate": null, "pwdUpdateRequired": true}
2026-02-20T00:26:33.089 INFO:teuthology.orchestra.run.trial134.stdout:/usr/bin/ceph: stderr
2026-02-20T00:26:32.827+0000 7f6565611640 1 Processor -- start
2026-02-20T00:26:33.089 INFO:teuthology.orchestra.run.trial134.stdout:/usr/bin/ceph: stderr
2026-02-20T00:26:32.827+0000 7f6565611640 1 -- start start
2026-02-20T00:26:33.089 INFO:teuthology.orchestra.run.trial134.stdout:/usr/bin/ceph: stderr
2026-02-20T00:26:32.827+0000 7f6565611640 1 --2- >> [v2:10.20.193.134:3300/0,v1:10.20.193.134:6789/0] conn(0x7f656010a480 0x7f656010a880 unknown :-1 s=NONE pgs=0 cs=0 l=0 rev1=0 crypto rx=0 tx=0 comp rx=0 tx=0).connect
2026-02-20T00:26:33.089 INFO:teuthology.orchestra.run.trial134.stdout:/usr/bin/ceph: stderr
2026-02-20T00:26:32.827+0000 7f6565611640 1 -- --> [v2:10.20.193.134:3300/0,v1:10.20.193.134:6789/0] -- mon_getmap magic: 0 -- 0x7f656010ae50 con 0x7f656010a480
2026-02-20T00:26:33.089 INFO:teuthology.orchestra.run.trial134.stdout:/usr/bin/ceph: stderr
2026-02-20T00:26:32.827+0000 7f655effd640 1 --2- >> [v2:10.20.193.134:3300/0,v1:10.20.193.134:6789/0] conn(0x7f656010a480 0x7f656010a880 unknown :-1 s=BANNER_CONNECTING pgs=0 cs=0 l=0 rev1=0 crypto rx=0 tx=0 comp rx=0 tx=0)._handle_peer_banner_payload supported=3 required=0
2026-02-20T00:26:33.089 INFO:teuthology.orchestra.run.trial134.stdout:/usr/bin/ceph: stderr
2026-02-20T00:26:32.827+0000 7f655effd640 1 --2- >> [v2:10.20.193.134:3300/0,v1:10.20.193.134:6789/0] conn(0x7f656010a480 0x7f656010a880 unknown :-1 s=HELLO_CONNECTING pgs=0 cs=0 l=0 rev1=1 crypto rx=0 tx=0 comp rx=0 tx=0).handle_hello peer v2:10.20.193.134:3300/0 says I am v2:10.20.193.134:40310/0 (socket says 10.20.193.134:40310)
2026-02-20T00:26:33.089 INFO:teuthology.orchestra.run.trial134.stdout:/usr/bin/ceph: stderr
2026-02-20T00:26:32.827+0000 7f655effd640 1 -- 10.20.193.134:0/3122345283 learned_addr learned my addr 10.20.193.134:0/3122345283 (peer_addr_for_me v2:10.20.193.134:0/0)
2026-02-20T00:26:33.089 INFO:teuthology.orchestra.run.trial134.stdout:/usr/bin/ceph: stderr
2026-02-20T00:26:32.827+0000 7f655effd640 1 -- 10.20.193.134:0/3122345283 --> [v2:10.20.193.134:3300/0,v1:10.20.193.134:6789/0] -- mon_subscribe({config=0+,monmap=0+}) -- 0x7f656010b630 con 0x7f656010a480
2026-02-20T00:26:33.089 INFO:teuthology.orchestra.run.trial134.stdout:/usr/bin/ceph: stderr
2026-02-20T00:26:32.828+0000 7f655effd640 1 --2- 10.20.193.134:0/3122345283 >> [v2:10.20.193.134:3300/0,v1:10.20.193.134:6789/0] conn(0x7f656010a480 0x7f656010a880 secure :-1 s=READY pgs=70 cs=0 l=1 rev1=1 crypto rx=0x7f6554009920 tx=0x7f655402ef20 comp rx=0 tx=0).ready entity=mon.0 client_cookie=9c95e5d177f10f38 server_cookie=0 in_seq=0 out_seq=0
2026-02-20T00:26:33.090 INFO:teuthology.orchestra.run.trial134.stdout:/usr/bin/ceph: stderr
2026-02-20T00:26:32.828+0000 7f655dffb640 1 -- 10.20.193.134:0/3122345283 <== mon.0 v2:10.20.193.134:3300/0 1 ==== mon_map magic: 0 ==== 205+0+0 (secure 0 0 0) 0x7f655403c070 con 0x7f656010a480
2026-02-20T00:26:33.090 INFO:teuthology.orchestra.run.trial134.stdout:/usr/bin/ceph: stderr
2026-02-20T00:26:32.828+0000 7f655dffb640 1 -- 10.20.193.134:0/3122345283 <== mon.0 v2:10.20.193.134:3300/0 2 ==== config(26 keys) ==== 1076+0+0 (secure 0 0 0) 0x7f6554037440 con 0x7f656010a480
2026-02-20T00:26:33.090 INFO:teuthology.orchestra.run.trial134.stdout:/usr/bin/ceph: stderr
2026-02-20T00:26:32.828+0000 7f655dffb640 1 -- 10.20.193.134:0/3122345283 <== mon.0 v2:10.20.193.134:3300/0 3 ==== mon_map magic: 0 ==== 205+0+0 (secure 0 0 0) 0x7f65540354d0 con 0x7f656010a480
2026-02-20T00:26:33.090 INFO:teuthology.orchestra.run.trial134.stdout:/usr/bin/ceph: stderr
2026-02-20T00:26:32.828+0000 7f6565611640 1 -- 10.20.193.134:0/3122345283 >> [v2:10.20.193.134:3300/0,v1:10.20.193.134:6789/0] conn(0x7f656010a480 msgr2=0x7f656010a880 secure :-1 s=STATE_CONNECTION_ESTABLISHED l=1).mark_down
2026-02-20T00:26:33.090 INFO:teuthology.orchestra.run.trial134.stdout:/usr/bin/ceph: stderr
2026-02-20T00:26:32.828+0000 7f6565611640 1 --2- 10.20.193.134:0/3122345283 >> [v2:10.20.193.134:3300/0,v1:10.20.193.134:6789/0] conn(0x7f656010a480 0x7f656010a880 secure :-1 s=READY pgs=70 cs=0 l=1 rev1=1 crypto rx=0x7f6554009920 tx=0x7f655402ef20 comp rx=0 tx=0).stop
2026-02-20T00:26:33.090 INFO:teuthology.orchestra.run.trial134.stdout:/usr/bin/ceph: stderr
2026-02-20T00:26:32.828+0000 7f6565611640 1 -- 10.20.193.134:0/3122345283 shutdown_connections
2026-02-20T00:26:33.090 INFO:teuthology.orchestra.run.trial134.stdout:/usr/bin/ceph: stderr
2026-02-20T00:26:32.828+0000 7f6565611640 1 --2- 10.20.193.134:0/3122345283 >> [v2:10.20.193.134:3300/0,v1:10.20.193.134:6789/0] conn(0x7f656010a480 0x7f656010a880 unknown :-1 s=CLOSED pgs=70 cs=0 l=1 rev1=1 crypto rx=0 tx=0 comp rx=0 tx=0).stop
2026-02-20T00:26:33.090 INFO:teuthology.orchestra.run.trial134.stdout:/usr/bin/ceph: stderr
2026-02-20T00:26:32.828+0000 7f6565611640 1 -- 10.20.193.134:0/3122345283 >> 10.20.193.134:0/3122345283 conn(0x7f656007dbd0 msgr2=0x7f65601086a0 unknown :-1 s=STATE_NONE l=0).mark_down
2026-02-20T00:26:33.090 INFO:teuthology.orchestra.run.trial134.stdout:/usr/bin/ceph: stderr
2026-02-20T00:26:32.828+0000 7f6565611640 1 -- 10.20.193.134:0/3122345283 shutdown_connections
2026-02-20T00:26:33.090 INFO:teuthology.orchestra.run.trial134.stdout:/usr/bin/ceph: stderr
2026-02-20T00:26:32.828+0000 7f6565611640 1 -- 10.20.193.134:0/3122345283 wait complete.
2026-02-20T00:26:33.090 INFO:teuthology.orchestra.run.trial134.stdout:/usr/bin/ceph: stderr
2026-02-20T00:26:32.829+0000 7f6565611640 1 Processor -- start
2026-02-20T00:26:33.090 INFO:teuthology.orchestra.run.trial134.stdout:/usr/bin/ceph: stderr
2026-02-20T00:26:32.829+0000 7f6565611640 1 -- start start
2026-02-20T00:26:33.091 INFO:teuthology.orchestra.run.trial134.stdout:/usr/bin/ceph: stderr
2026-02-20T00:26:32.829+0000 7f6565611640 1 --2- >> [v2:10.20.193.134:3300/0,v1:10.20.193.134:6789/0] conn(0x7f656010a480 0x7f65601a0270 unknown :-1 s=NONE pgs=0 cs=0 l=1 rev1=0 crypto rx=0 tx=0 comp rx=0 tx=0).connect
2026-02-20T00:26:33.091 INFO:teuthology.orchestra.run.trial134.stdout:/usr/bin/ceph: stderr
2026-02-20T00:26:32.829+0000 7f6565611640 1 -- --> [v2:10.20.193.134:3300/0,v1:10.20.193.134:6789/0] -- mon_getmap magic: 0 -- 0x7f656010e860 con 0x7f656010a480
2026-02-20T00:26:33.091 INFO:teuthology.orchestra.run.trial134.stdout:/usr/bin/ceph: stderr
2026-02-20T00:26:32.829+0000 7f655effd640 1 --2- >> [v2:10.20.193.134:3300/0,v1:10.20.193.134:6789/0] conn(0x7f656010a480 0x7f65601a0270 unknown :-1 s=BANNER_CONNECTING pgs=0 cs=0 l=1 rev1=0 crypto rx=0 tx=0 comp rx=0 tx=0)._handle_peer_banner_payload supported=3 required=0
2026-02-20T00:26:33.091 INFO:teuthology.orchestra.run.trial134.stdout:/usr/bin/ceph: stderr
2026-02-20T00:26:32.829+0000 7f655effd640 1 --2- >> [v2:10.20.193.134:3300/0,v1:10.20.193.134:6789/0] conn(0x7f656010a480 0x7f65601a0270 unknown :-1 s=HELLO_CONNECTING pgs=0 cs=0 l=1 rev1=1 crypto rx=0 tx=0 comp rx=0 tx=0).handle_hello peer v2:10.20.193.134:3300/0 says I am v2:10.20.193.134:40316/0 (socket says 10.20.193.134:40316)
2026-02-20T00:26:33.091 INFO:teuthology.orchestra.run.trial134.stdout:/usr/bin/ceph: stderr
2026-02-20T00:26:32.829+0000 7f655effd640 1 -- 10.20.193.134:0/19980156 learned_addr learned my addr 10.20.193.134:0/19980156 (peer_addr_for_me v2:10.20.193.134:0/0)
2026-02-20T00:26:33.091 INFO:teuthology.orchestra.run.trial134.stdout:/usr/bin/ceph: stderr
2026-02-20T00:26:32.829+0000 7f655effd640 1 -- 10.20.193.134:0/19980156 --> [v2:10.20.193.134:3300/0,v1:10.20.193.134:6789/0] -- mon_subscribe({config=0+,monmap=0+}) -- 0x7f65601a07b0 con 0x7f656010a480
2026-02-20T00:26:33.091 INFO:teuthology.orchestra.run.trial134.stdout:/usr/bin/ceph: stderr
2026-02-20T00:26:32.829+0000 7f655effd640 1 --2- 10.20.193.134:0/19980156 >> [v2:10.20.193.134:3300/0,v1:10.20.193.134:6789/0] conn(0x7f656010a480 0x7f65601a0270 secure :-1 s=READY pgs=71 cs=0 l=1 rev1=1 crypto rx=0x7f6554039000 tx=0x7f6554037820 comp rx=0 tx=0).ready entity=mon.0 client_cookie=0 server_cookie=0 in_seq=0 out_seq=0
2026-02-20T00:26:33.091 INFO:teuthology.orchestra.run.trial134.stdout:/usr/bin/ceph: stderr
2026-02-20T00:26:32.829+0000 7f653ffff640 1 -- 10.20.193.134:0/19980156 <== mon.0 v2:10.20.193.134:3300/0 1 ==== mon_map magic: 0 ==== 205+0+0 (secure 0 0 0) 0x7f6554047070 con 0x7f656010a480
2026-02-20T00:26:33.091 INFO:teuthology.orchestra.run.trial134.stdout:/usr/bin/ceph: stderr
2026-02-20T00:26:32.829+0000 7f653ffff640 1 -- 10.20.193.134:0/19980156 <== mon.0 v2:10.20.193.134:3300/0 2 ==== config(26 keys) ==== 1076+0+0 (secure 0 0 0) 0x7f6554035df0 con 0x7f656010a480
2026-02-20T00:26:33.091 INFO:teuthology.orchestra.run.trial134.stdout:/usr/bin/ceph: stderr
2026-02-20T00:26:32.829+0000 7f6565611640 1 -- 10.20.193.134:0/19980156 --> [v2:10.20.193.134:3300/0,v1:10.20.193.134:6789/0] -- mon_subscribe({mgrmap=0+}) -- 0x7f65601a0a40 con 0x7f656010a480
2026-02-20T00:26:33.091 INFO:teuthology.orchestra.run.trial134.stdout:/usr/bin/ceph: stderr
2026-02-20T00:26:32.829+0000 7f653ffff640 1 -- 10.20.193.134:0/19980156 <== mon.0 v2:10.20.193.134:3300/0 3 ==== mon_map magic: 0 ==== 205+0+0 (secure 0 0 0) 0x7f655403c070 con 0x7f656010a480
2026-02-20T00:26:33.091 INFO:teuthology.orchestra.run.trial134.stdout:/usr/bin/ceph: stderr
2026-02-20T00:26:32.829+0000 7f6565611640 1 -- 10.20.193.134:0/19980156 --> [v2:10.20.193.134:3300/0,v1:10.20.193.134:6789/0] -- mon_subscribe({osdmap=0}) -- 0x7f65601a3730 con 0x7f656010a480
2026-02-20T00:26:33.092 INFO:teuthology.orchestra.run.trial134.stdout:/usr/bin/ceph: stderr
2026-02-20T00:26:32.830+0000 7f6565611640 1 -- 10.20.193.134:0/19980156 --> [v2:10.20.193.134:3300/0,v1:10.20.193.134:6789/0] -- mon_command({"prefix": "get_command_descriptions"} v 0) -- 0x7f656010a900 con 0x7f656010a480
2026-02-20T00:26:33.092 INFO:teuthology.orchestra.run.trial134.stdout:/usr/bin/ceph: stderr
2026-02-20T00:26:32.830+0000 7f653ffff640 1 -- 10.20.193.134:0/19980156 <== mon.0 v2:10.20.193.134:3300/0 4 ==== mgrmap(e 11) ==== 50154+0+0 (secure 0 0 0) 0x7f6554042640 con 0x7f656010a480
2026-02-20T00:26:33.092 INFO:teuthology.orchestra.run.trial134.stdout:/usr/bin/ceph: stderr
2026-02-20T00:26:32.830+0000 7f653ffff640 1 --2- 10.20.193.134:0/19980156 >> [v2:10.20.193.134:6800/3306710519,v1:10.20.193.134:6801/3306710519] conn(0x7f653403db20 0x7f653403ffe0 unknown :-1 s=NONE pgs=0 cs=0 l=1 rev1=0 crypto rx=0 tx=0 comp rx=0 tx=0).connect
2026-02-20T00:26:33.092 INFO:teuthology.orchestra.run.trial134.stdout:/usr/bin/ceph: stderr
2026-02-20T00:26:32.830+0000 7f653ffff640 1 -- 10.20.193.134:0/19980156 <== mon.0 v2:10.20.193.134:3300/0 5 ==== osd_map(3..3 src has 1..3) ==== 1155+0+0 (secure 0 0 0) 0x7f6554076b60 con 0x7f656010a480
2026-02-20T00:26:33.092 INFO:teuthology.orchestra.run.trial134.stdout:/usr/bin/ceph: stderr
2026-02-20T00:26:32.830+0000 7f655e7fc640 1 --2- 10.20.193.134:0/19980156 >> [v2:10.20.193.134:6800/3306710519,v1:10.20.193.134:6801/3306710519] conn(0x7f653403db20 0x7f653403ffe0 unknown :-1 s=BANNER_CONNECTING pgs=0 cs=0 l=1 rev1=0 crypto rx=0 tx=0 comp rx=0 tx=0)._handle_peer_banner_payload supported=3 required=0
2026-02-20T00:26:33.092 INFO:teuthology.orchestra.run.trial134.stdout:/usr/bin/ceph: stderr
2026-02-20T00:26:32.830+0000 7f655e7fc640 1 --2- 10.20.193.134:0/19980156 >> [v2:10.20.193.134:6800/3306710519,v1:10.20.193.134:6801/3306710519] conn(0x7f653403db20 0x7f653403ffe0 secure :-1 s=READY pgs=8 cs=0 l=1 rev1=1 crypto rx=0x7f65480099c0 tx=0x7f6548006eb0 comp rx=0 tx=0).ready entity=mgr.14150 client_cookie=0 server_cookie=0 in_seq=0 out_seq=0
2026-02-20T00:26:33.092 INFO:teuthology.orchestra.run.trial134.stdout:/usr/bin/ceph: stderr
2026-02-20T00:26:32.833+0000 7f653ffff640 1 -- 10.20.193.134:0/19980156 <== mon.0 v2:10.20.193.134:3300/0 6 ==== mon_command_ack([{"prefix": "get_command_descriptions"}]=0 v0) ==== 72+0+195034 (secure 0 0 0) 0x7f6554033c90 con 0x7f656010a480
2026-02-20T00:26:33.092 INFO:teuthology.orchestra.run.trial134.stdout:/usr/bin/ceph: stderr
2026-02-20T00:26:32.922+0000 7f6565611640 1 -- 10.20.193.134:0/19980156 --> [v2:10.20.193.134:6800/3306710519,v1:10.20.193.134:6801/3306710519] -- mgr_command(tid 0: {"prefix": "dashboard ac-user-create", "username": "admin", "rolename": "administrator", "force_password": true, "pwd_update_required": true, "target": ["mon-mgr", ""]}) -- 0x7f6560108630 con 0x7f653403db20
2026-02-20T00:26:33.092 INFO:teuthology.orchestra.run.trial134.stdout:/usr/bin/ceph: stderr
2026-02-20T00:26:33.062+0000 7f653ffff640 1 -- 10.20.193.134:0/19980156 <== mgr.14150 v2:10.20.193.134:6800/3306710519 1 ==== mgr_command_reply(tid 0: 0 ) ==== 8+0+252 (secure 0 0 0) 0x7f6560108630 con 0x7f653403db20
2026-02-20T00:26:33.092 INFO:teuthology.orchestra.run.trial134.stdout:/usr/bin/ceph: stderr
2026-02-20T00:26:33.063+0000 7f6565611640 1 -- 10.20.193.134:0/19980156 >> [v2:10.20.193.134:6800/3306710519,v1:10.20.193.134:6801/3306710519] conn(0x7f653403db20 msgr2=0x7f653403ffe0 secure :-1 s=STATE_CONNECTION_ESTABLISHED l=1).mark_down
2026-02-20T00:26:33.092 INFO:teuthology.orchestra.run.trial134.stdout:/usr/bin/ceph: stderr
2026-02-20T00:26:33.063+0000 7f6565611640 1 --2- 10.20.193.134:0/19980156 >> [v2:10.20.193.134:6800/3306710519,v1:10.20.193.134:6801/3306710519] conn(0x7f653403db20 0x7f653403ffe0 secure :-1 s=READY pgs=8 cs=0 l=1 rev1=1 crypto rx=0x7f65480099c0 tx=0x7f6548006eb0 comp rx=0 tx=0).stop
2026-02-20T00:26:33.092 INFO:teuthology.orchestra.run.trial134.stdout:/usr/bin/ceph: stderr
2026-02-20T00:26:33.063+0000 7f6565611640 1 -- 10.20.193.134:0/19980156 >> [v2:10.20.193.134:3300/0,v1:10.20.193.134:6789/0] conn(0x7f656010a480 msgr2=0x7f65601a0270 secure :-1 s=STATE_CONNECTION_ESTABLISHED l=1).mark_down
2026-02-20T00:26:33.093 INFO:teuthology.orchestra.run.trial134.stdout:/usr/bin/ceph: stderr
2026-02-20T00:26:33.063+0000 7f6565611640 1 --2- 10.20.193.134:0/19980156 >> [v2:10.20.193.134:3300/0,v1:10.20.193.134:6789/0] conn(0x7f656010a480 0x7f65601a0270 secure :-1 s=READY pgs=71 cs=0 l=1 rev1=1 crypto rx=0x7f6554039000 tx=0x7f6554037820 comp rx=0 tx=0).stop
2026-02-20T00:26:33.093 INFO:teuthology.orchestra.run.trial134.stdout:/usr/bin/ceph: stderr
2026-02-20T00:26:33.063+0000 7f6565611640 1 -- 10.20.193.134:0/19980156 shutdown_connections
2026-02-20T00:26:33.093 INFO:teuthology.orchestra.run.trial134.stdout:/usr/bin/ceph: stderr
2026-02-20T00:26:33.063+0000 7f6565611640 1 --2- 10.20.193.134:0/19980156 >> [v2:10.20.193.134:6800/3306710519,v1:10.20.193.134:6801/3306710519] conn(0x7f653403db20 0x7f653403ffe0 unknown :-1 s=CLOSED pgs=8 cs=0 l=1 rev1=1 crypto rx=0 tx=0 comp rx=0 tx=0).stop
2026-02-20T00:26:33.093 INFO:teuthology.orchestra.run.trial134.stdout:/usr/bin/ceph: stderr
2026-02-20T00:26:33.063+0000 7f6565611640 1 --2- 10.20.193.134:0/19980156 >> [v2:10.20.193.134:3300/0,v1:10.20.193.134:6789/0] conn(0x7f656010a480 0x7f65601a0270 unknown :-1 s=CLOSED pgs=71 cs=0 l=1 rev1=1 crypto rx=0 tx=0 comp rx=0 tx=0).stop
2026-02-20T00:26:33.093 INFO:teuthology.orchestra.run.trial134.stdout:/usr/bin/ceph: stderr
2026-02-20T00:26:33.063+0000 7f6565611640 1 -- 10.20.193.134:0/19980156 >> 10.20.193.134:0/19980156 conn(0x7f656007dbd0 msgr2=0x7f6560107f20 unknown :-1 s=STATE_NONE l=0).mark_down
2026-02-20T00:26:33.093 INFO:teuthology.orchestra.run.trial134.stdout:/usr/bin/ceph: stderr
2026-02-20T00:26:33.063+0000 7f6565611640 1 -- 10.20.193.134:0/19980156 shutdown_connections
2026-02-20T00:26:33.093 INFO:teuthology.orchestra.run.trial134.stdout:/usr/bin/ceph: stderr
2026-02-20T00:26:33.063+0000 7f6565611640 1 -- 10.20.193.134:0/19980156 wait complete.
2026-02-20T00:26:33.093 INFO:teuthology.orchestra.run.trial134.stdout:Fetching dashboard port number...
2026-02-20T00:26:33.294 INFO:teuthology.orchestra.run.trial134.stdout:/usr/bin/ceph: stdout 8443
2026-02-20T00:26:33.295 INFO:teuthology.orchestra.run.trial134.stdout:/usr/bin/ceph: stderr
2026-02-20T00:26:33.178+0000 7fa31542e640 1 Processor -- start
2026-02-20T00:26:33.295 INFO:teuthology.orchestra.run.trial134.stdout:/usr/bin/ceph: stderr
2026-02-20T00:26:33.178+0000 7fa31542e640 1 -- start start
2026-02-20T00:26:33.295 INFO:teuthology.orchestra.run.trial134.stdout:/usr/bin/ceph: stderr
2026-02-20T00:26:33.179+0000 7fa31542e640 1 --2- >> [v2:10.20.193.134:3300/0,v1:10.20.193.134:6789/0] conn(0x7fa310108210 0x7fa310108610 unknown :-1 s=NONE pgs=0 cs=0 l=0 rev1=0 crypto rx=0 tx=0 comp rx=0 tx=0).connect
2026-02-20T00:26:33.295 INFO:teuthology.orchestra.run.trial134.stdout:/usr/bin/ceph: stderr
2026-02-20T00:26:33.179+0000 7fa31542e640 1 -- --> [v2:10.20.193.134:3300/0,v1:10.20.193.134:6789/0] -- mon_getmap magic: 0 -- 0x7fa310108be0 con 0x7fa310108210
2026-02-20T00:26:33.295 INFO:teuthology.orchestra.run.trial134.stdout:/usr/bin/ceph: stderr
2026-02-20T00:26:33.179+0000 7fa30effd640 1 --2- >> [v2:10.20.193.134:3300/0,v1:10.20.193.134:6789/0] conn(0x7fa310108210 0x7fa310108610 unknown :-1 s=BANNER_CONNECTING pgs=0 cs=0 l=0 rev1=0 crypto rx=0 tx=0 comp rx=0 tx=0)._handle_peer_banner_payload supported=3 required=0
2026-02-20T00:26:33.296 INFO:teuthology.orchestra.run.trial134.stdout:/usr/bin/ceph: stderr
2026-02-20T00:26:33.179+0000 7fa30effd640 1 --2- >> [v2:10.20.193.134:3300/0,v1:10.20.193.134:6789/0] conn(0x7fa310108210 0x7fa310108610 unknown :-1 s=HELLO_CONNECTING pgs=0 cs=0 l=0 rev1=1 crypto rx=0 tx=0 comp rx=0 tx=0).handle_hello peer v2:10.20.193.134:3300/0 says I am v2:10.20.193.134:40332/0 (socket says 10.20.193.134:40332)
2026-02-20T00:26:33.296 INFO:teuthology.orchestra.run.trial134.stdout:/usr/bin/ceph: stderr
2026-02-20T00:26:33.179+0000 7fa30effd640 1 -- 10.20.193.134:0/1397610435 learned_addr learned my addr 10.20.193.134:0/1397610435 (peer_addr_for_me v2:10.20.193.134:0/0)
2026-02-20T00:26:33.296 INFO:teuthology.orchestra.run.trial134.stdout:/usr/bin/ceph: stderr
2026-02-20T00:26:33.179+0000 7fa30effd640 1 -- 10.20.193.134:0/1397610435 --> [v2:10.20.193.134:3300/0,v1:10.20.193.134:6789/0] -- mon_subscribe({config=0+,monmap=0+}) -- 0x7fa3101093c0 con 0x7fa310108210
2026-02-20T00:26:33.296 INFO:teuthology.orchestra.run.trial134.stdout:/usr/bin/ceph: stderr
2026-02-20T00:26:33.179+0000 7fa30effd640 1 --2- 10.20.193.134:0/1397610435 >> [v2:10.20.193.134:3300/0,v1:10.20.193.134:6789/0] conn(0x7fa310108210 0x7fa310108610 secure :-1 s=READY pgs=72 cs=0 l=1 rev1=1 crypto rx=0x7fa304009920 tx=0x7fa30402ef20 comp rx=0 tx=0).ready entity=mon.0 client_cookie=92fd31b68da32492 server_cookie=0 in_seq=0 out_seq=0
2026-02-20T00:26:33.296 INFO:teuthology.orchestra.run.trial134.stdout:/usr/bin/ceph: stderr
2026-02-20T00:26:33.179+0000 7fa30dffb640 1 -- 10.20.193.134:0/1397610435 <== mon.0 v2:10.20.193.134:3300/0 1 ==== mon_map magic: 0 ==== 205+0+0 (secure 0 0 0) 0x7fa30403c070 con 0x7fa310108210
2026-02-20T00:26:33.296 INFO:teuthology.orchestra.run.trial134.stdout:/usr/bin/ceph: stderr
2026-02-20T00:26:33.179+0000 7fa30dffb640 1 -- 10.20.193.134:0/1397610435 <== mon.0 v2:10.20.193.134:3300/0 2 ==== config(26 keys) ==== 1076+0+0 (secure 0 0 0) 0x7fa304037440 con 0x7fa310108210
2026-02-20T00:26:33.296 INFO:teuthology.orchestra.run.trial134.stdout:/usr/bin/ceph: stderr
2026-02-20T00:26:33.179+0000 7fa30dffb640 1 -- 10.20.193.134:0/1397610435 <== mon.0 v2:10.20.193.134:3300/0 3 ==== mon_map magic: 0 ==== 205+0+0 (secure 0 0 0) 0x7fa3040354d0 con 0x7fa310108210
2026-02-20T00:26:33.297 INFO:teuthology.orchestra.run.trial134.stdout:/usr/bin/ceph: stderr
2026-02-20T00:26:33.180+0000 7fa31542e640 1 -- 10.20.193.134:0/1397610435 >> [v2:10.20.193.134:3300/0,v1:10.20.193.134:6789/0] conn(0x7fa310108210 msgr2=0x7fa310108610 secure :-1 s=STATE_CONNECTION_ESTABLISHED l=1).mark_down
2026-02-20T00:26:33.297 INFO:teuthology.orchestra.run.trial134.stdout:/usr/bin/ceph: stderr
2026-02-20T00:26:33.180+0000 7fa31542e640 1 --2- 10.20.193.134:0/1397610435 >> [v2:10.20.193.134:3300/0,v1:10.20.193.134:6789/0] conn(0x7fa310108210 0x7fa310108610 secure :-1 s=READY pgs=72 cs=0 l=1 rev1=1 crypto rx=0x7fa304009920 tx=0x7fa30402ef20 comp rx=0 tx=0).stop
2026-02-20T00:26:33.297 INFO:teuthology.orchestra.run.trial134.stdout:/usr/bin/ceph: stderr
2026-02-20T00:26:33.180+0000 7fa31542e640 1 -- 10.20.193.134:0/1397610435 shutdown_connections
2026-02-20T00:26:33.297 INFO:teuthology.orchestra.run.trial134.stdout:/usr/bin/ceph: stderr
2026-02-20T00:26:33.180+0000 7fa31542e640 1 --2- 10.20.193.134:0/1397610435 >> [v2:10.20.193.134:3300/0,v1:10.20.193.134:6789/0] conn(0x7fa310108210 0x7fa310108610 unknown :-1 s=CLOSED pgs=72 cs=0 l=1 rev1=1 crypto rx=0 tx=0 comp rx=0 tx=0).stop
2026-02-20T00:26:33.297 INFO:teuthology.orchestra.run.trial134.stdout:/usr/bin/ceph: stderr
2026-02-20T00:26:33.180+0000 7fa31542e640 1 -- 10.20.193.134:0/1397610435 >> 10.20.193.134:0/1397610435 conn(0x7fa3101039c0 msgr2=0x7fa310105de0 unknown :-1 s=STATE_NONE l=0).mark_down
2026-02-20T00:26:33.297 INFO:teuthology.orchestra.run.trial134.stdout:/usr/bin/ceph: stderr
2026-02-20T00:26:33.180+0000 7fa31542e640 1 -- 10.20.193.134:0/1397610435 shutdown_connections
2026-02-20T00:26:33.298 INFO:teuthology.orchestra.run.trial134.stdout:/usr/bin/ceph: stderr
2026-02-20T00:26:33.180+0000 7fa31542e640 1 -- 10.20.193.134:0/1397610435 wait complete.
2026-02-20T00:26:33.298 INFO:teuthology.orchestra.run.trial134.stdout:/usr/bin/ceph: stderr
2026-02-20T00:26:33.180+0000 7fa31542e640 1 Processor -- start
2026-02-20T00:26:33.298 INFO:teuthology.orchestra.run.trial134.stdout:/usr/bin/ceph: stderr
2026-02-20T00:26:33.180+0000 7fa31542e640 1 -- start start
2026-02-20T00:26:33.298 INFO:teuthology.orchestra.run.trial134.stdout:/usr/bin/ceph: stderr
2026-02-20T00:26:33.180+0000 7fa31542e640 1 --2- >> [v2:10.20.193.134:3300/0,v1:10.20.193.134:6789/0] conn(0x7fa310108210 0x7fa31007dbc0 unknown :-1 s=NONE pgs=0 cs=0 l=1 rev1=0 crypto rx=0 tx=0 comp rx=0 tx=0).connect
2026-02-20T00:26:33.298 INFO:teuthology.orchestra.run.trial134.stdout:/usr/bin/ceph: stderr
2026-02-20T00:26:33.180+0000 7fa31542e640 1 -- --> [v2:10.20.193.134:3300/0,v1:10.20.193.134:6789/0] -- mon_getmap magic: 0 -- 0x7fa31010c5f0 con 0x7fa310108210
2026-02-20T00:26:33.298 INFO:teuthology.orchestra.run.trial134.stdout:/usr/bin/ceph: stderr
