2026-02-20T00:31:57.930 INFO:teuthology.orchestra.run.trial017.stdout:/usr/bin/ceph: stderr
2026-02-20T00:31:57.800+0000 7f84c9ffb640 1 -- 10.20.193.17:0/96330243 <== mon.0 v2:10.20.193.17:3300/0 3 ==== mon_map magic: 0 ==== 205+0+0 (secure 0 0 0) 0x7f84c00354b0 con 0x7f84cc10a280
2026-02-20T00:31:57.930 INFO:teuthology.orchestra.run.trial017.stdout:/usr/bin/ceph: stderr
2026-02-20T00:31:57.801+0000 7f84cbfff640 1 -- 10.20.193.17:0/96330243 >> [v2:10.20.193.17:3300/0,v1:10.20.193.17:6789/0] conn(0x7f84cc10a280 msgr2=0x7f84cc10a680 secure :-1 s=STATE_CONNECTION_ESTABLISHED l=1).mark_down
2026-02-20T00:31:57.930 INFO:teuthology.orchestra.run.trial017.stdout:/usr/bin/ceph: stderr
2026-02-20T00:31:57.801+0000 7f84cbfff640 1 --2- 10.20.193.17:0/96330243 >> [v2:10.20.193.17:3300/0,v1:10.20.193.17:6789/0] conn(0x7f84cc10a280 0x7f84cc10a680 secure :-1 s=READY pgs=7 cs=0 l=1 rev1=1 crypto rx=0x7f84c0009920 tx=0x7f84c002ef20 comp rx=0 tx=0).stop
2026-02-20T00:31:57.930 INFO:teuthology.orchestra.run.trial017.stdout:/usr/bin/ceph: stderr
2026-02-20T00:31:57.801+0000 7f84cbfff640 1 -- 10.20.193.17:0/96330243 shutdown_connections
2026-02-20T00:31:57.930 INFO:teuthology.orchestra.run.trial017.stdout:/usr/bin/ceph: stderr
2026-02-20T00:31:57.801+0000 7f84cbfff640 1 --2- 10.20.193.17:0/96330243 >> [v2:10.20.193.17:3300/0,v1:10.20.193.17:6789/0] conn(0x7f84cc10a280 0x7f84cc10a680 unknown :-1 s=CLOSED pgs=7 cs=0 l=1 rev1=1 crypto rx=0 tx=0 comp rx=0 tx=0).stop
2026-02-20T00:31:57.930 INFO:teuthology.orchestra.run.trial017.stdout:/usr/bin/ceph: stderr
2026-02-20T00:31:57.801+0000 7f84cbfff640 1 -- 10.20.193.17:0/96330243 >> 10.20.193.17:0/96330243 conn(0x7f84cc07d760 msgr2=0x7f84cc07db70 unknown :-1 s=STATE_NONE l=0).mark_down
2026-02-20T00:31:57.930 INFO:teuthology.orchestra.run.trial017.stdout:/usr/bin/ceph: stderr
2026-02-20T00:31:57.801+0000 7f84cbfff640 1 -- 10.20.193.17:0/96330243 shutdown_connections
2026-02-20T00:31:57.930 INFO:teuthology.orchestra.run.trial017.stdout:/usr/bin/ceph: stderr
2026-02-20T00:31:57.801+0000 7f84cbfff640 1 -- 10.20.193.17:0/96330243 wait complete.
2026-02-20T00:31:57.930 INFO:teuthology.orchestra.run.trial017.stdout:/usr/bin/ceph: stderr
2026-02-20T00:31:57.802+0000 7f84cbfff640 1 Processor -- start
2026-02-20T00:31:57.930 INFO:teuthology.orchestra.run.trial017.stdout:/usr/bin/ceph: stderr
2026-02-20T00:31:57.802+0000 7f84cbfff640 1 -- start start
2026-02-20T00:31:57.930 INFO:teuthology.orchestra.run.trial017.stdout:/usr/bin/ceph: stderr
2026-02-20T00:31:57.802+0000 7f84cbfff640 1 --2- >> [v2:10.20.193.17:3300/0,v1:10.20.193.17:6789/0] conn(0x7f84cc10a280 0x7f84cc1a0480 unknown :-1 s=NONE pgs=0 cs=0 l=1 rev1=0 crypto rx=0 tx=0 comp rx=0 tx=0).connect
2026-02-20T00:31:57.930 INFO:teuthology.orchestra.run.trial017.stdout:/usr/bin/ceph: stderr
2026-02-20T00:31:57.802+0000 7f84cbfff640 1 -- --> [v2:10.20.193.17:3300/0,v1:10.20.193.17:6789/0] -- mon_getmap magic: 0 -- 0x7f84cc10e6b0 con 0x7f84cc10a280
2026-02-20T00:31:57.931 INFO:teuthology.orchestra.run.trial017.stdout:/usr/bin/ceph: stderr
2026-02-20T00:31:57.802+0000 7f84caffd640 1 --2- >> [v2:10.20.193.17:3300/0,v1:10.20.193.17:6789/0] conn(0x7f84cc10a280 0x7f84cc1a0480 unknown :-1 s=BANNER_CONNECTING pgs=0 cs=0 l=1 rev1=0 crypto rx=0 tx=0 comp rx=0 tx=0)._handle_peer_banner_payload supported=3 required=0
2026-02-20T00:31:57.931 INFO:teuthology.orchestra.run.trial017.stdout:/usr/bin/ceph: stderr
2026-02-20T00:31:57.802+0000 7f84caffd640 1 --2- >> [v2:10.20.193.17:3300/0,v1:10.20.193.17:6789/0] conn(0x7f84cc10a280 0x7f84cc1a0480 unknown :-1 s=HELLO_CONNECTING pgs=0 cs=0 l=1 rev1=1 crypto rx=0 tx=0 comp rx=0 tx=0).handle_hello peer v2:10.20.193.17:3300/0 says I am v2:10.20.193.17:59258/0 (socket says 10.20.193.17:59258)
2026-02-20T00:31:57.931 INFO:teuthology.orchestra.run.trial017.stdout:/usr/bin/ceph: stderr
2026-02-20T00:31:57.802+0000 7f84caffd640 1 -- 10.20.193.17:0/3218418592 learned_addr learned my addr 10.20.193.17:0/3218418592 (peer_addr_for_me v2:10.20.193.17:0/0)
2026-02-20T00:31:57.931 INFO:teuthology.orchestra.run.trial017.stdout:/usr/bin/ceph: stderr
2026-02-20T00:31:57.802+0000 7f84caffd640 1 -- 10.20.193.17:0/3218418592 --> [v2:10.20.193.17:3300/0,v1:10.20.193.17:6789/0] -- mon_subscribe({config=0+,monmap=0+}) -- 0x7f84cc1a09c0 con 0x7f84cc10a280
2026-02-20T00:31:57.931 INFO:teuthology.orchestra.run.trial017.stdout:/usr/bin/ceph: stderr
2026-02-20T00:31:57.803+0000 7f84caffd640 1 --2- 10.20.193.17:0/3218418592 >> [v2:10.20.193.17:3300/0,v1:10.20.193.17:6789/0] conn(0x7f84cc10a280 0x7f84cc1a0480 secure :-1 s=READY pgs=8 cs=0 l=1 rev1=1 crypto rx=0x7f84c0037cd0 tx=0x7f84c0037b90 comp rx=0 tx=0).ready entity=mon.0 client_cookie=0 server_cookie=0 in_seq=0 out_seq=0
2026-02-20T00:31:57.931 INFO:teuthology.orchestra.run.trial017.stdout:/usr/bin/ceph: stderr
2026-02-20T00:31:57.803+0000 7f84abfff640 1 -- 10.20.193.17:0/3218418592 <== mon.0 v2:10.20.193.17:3300/0 1 ==== mon_map magic: 0 ==== 205+0+0 (secure 0 0 0) 0x7f84c0045070 con 0x7f84cc10a280
2026-02-20T00:31:57.931 INFO:teuthology.orchestra.run.trial017.stdout:/usr/bin/ceph: stderr
2026-02-20T00:31:57.803+0000 7f84abfff640 1 -- 10.20.193.17:0/3218418592 <== mon.0 v2:10.20.193.17:3300/0 2 ==== config(26 keys) ==== 1045+0+0 (secure 0 0 0) 0x7f84c0040450 con 0x7f84cc10a280
2026-02-20T00:31:57.931 INFO:teuthology.orchestra.run.trial017.stdout:/usr/bin/ceph: stderr
2026-02-20T00:31:57.803+0000 7f84abfff640 1 -- 10.20.193.17:0/3218418592 <== mon.0 v2:10.20.193.17:3300/0 3 ==== mon_map magic: 0 ==== 205+0+0 (secure 0 0 0) 0x7f84c003c070 con 0x7f84cc10a280
2026-02-20T00:31:57.931 INFO:teuthology.orchestra.run.trial017.stdout:/usr/bin/ceph: stderr
2026-02-20T00:31:57.803+0000 7f84cbfff640 1 -- 10.20.193.17:0/3218418592 --> [v2:10.20.193.17:3300/0,v1:10.20.193.17:6789/0] -- mon_subscribe({mgrmap=0+}) -- 0x7f84cc1a0c50 con 0x7f84cc10a280
2026-02-20T00:31:57.931 INFO:teuthology.orchestra.run.trial017.stdout:/usr/bin/ceph: stderr
2026-02-20T00:31:57.803+0000 7f84cbfff640 1 -- 10.20.193.17:0/3218418592 --> [v2:10.20.193.17:3300/0,v1:10.20.193.17:6789/0] -- mon_subscribe({osdmap=0}) -- 0x7f84cc1a3940 con 0x7f84cc10a280
2026-02-20T00:31:57.932 INFO:teuthology.orchestra.run.trial017.stdout:/usr/bin/ceph: stderr
2026-02-20T00:31:57.803+0000 7f84abfff640 1 -- 10.20.193.17:0/3218418592 <== mon.0 v2:10.20.193.17:3300/0 4 ==== mgrmap(e 1) ==== 811+0+0 (secure 0 0 0) 0x7f84c003e5f0 con 0x7f84cc10a280
2026-02-20T00:31:57.932 INFO:teuthology.orchestra.run.trial017.stdout:/usr/bin/ceph: stderr
2026-02-20T00:31:57.803+0000 7f84abfff640 1 -- 10.20.193.17:0/3218418592 <== mon.0 v2:10.20.193.17:3300/0 5 ==== osd_map(1..1 src has 1..1) ==== 725+0+0 (secure 0 0 0) 0x7f84c004a9f0 con 0x7f84cc10a280
2026-02-20T00:31:57.932 INFO:teuthology.orchestra.run.trial017.stdout:/usr/bin/ceph: stderr
2026-02-20T00:31:57.803+0000 7f84cbfff640 1 -- 10.20.193.17:0/3218418592 --> [v2:10.20.193.17:3300/0,v1:10.20.193.17:6789/0] -- mon_command({"prefix": "get_command_descriptions"} v 0) -- 0x7f84cc10a700 con 0x7f84cc10a280
2026-02-20T00:31:57.932 INFO:teuthology.orchestra.run.trial017.stdout:/usr/bin/ceph: stderr
2026-02-20T00:31:57.805+0000 7f84abfff640 1 -- 10.20.193.17:0/3218418592 <== mon.0 v2:10.20.193.17:3300/0 6 ==== mon_command_ack([{"prefix": "get_command_descriptions"}]=0 v0) ==== 72+0+75931 (secure 0 0 0) 0x7f84c0040600 con 0x7f84cc10a280
2026-02-20T00:31:57.932 INFO:teuthology.orchestra.run.trial017.stdout:/usr/bin/ceph: stderr
2026-02-20T00:31:57.836+0000 7f84cbfff640 1 -- 10.20.193.17:0/3218418592 --> [v2:10.20.193.17:3300/0,v1:10.20.193.17:6789/0] -- mon_command({"prefix": "status", "format": "json-pretty"} v 0) -- 0x7f84cc199b20 con 0x7f84cc10a280
2026-02-20T00:31:57.932 INFO:teuthology.orchestra.run.trial017.stdout:/usr/bin/ceph: stderr
2026-02-20T00:31:57.837+0000 7f84abfff640 1 -- 10.20.193.17:0/3218418592 <== mon.0 v2:10.20.193.17:3300/0 7 ==== mon_command_ack([{"prefix": "status", "format": "json-pretty"}]=0 v0) ==== 79+0+1291 (secure 0 0 0) 0x7f84c0040920 con 0x7f84cc10a280
2026-02-20T00:31:57.932 INFO:teuthology.orchestra.run.trial017.stdout:/usr/bin/ceph: stderr
2026-02-20T00:31:57.837+0000 7f84cbfff640 1 -- 10.20.193.17:0/3218418592 >> [v2:10.20.193.17:3300/0,v1:10.20.193.17:6789/0] conn(0x7f84cc10a280 msgr2=0x7f84cc1a0480 secure :-1 s=STATE_CONNECTION_ESTABLISHED l=1).mark_down
2026-02-20T00:31:57.932 INFO:teuthology.orchestra.run.trial017.stdout:/usr/bin/ceph: stderr
2026-02-20T00:31:57.837+0000 7f84cbfff640 1 --2- 10.20.193.17:0/3218418592 >> [v2:10.20.193.17:3300/0,v1:10.20.193.17:6789/0] conn(0x7f84cc10a280 0x7f84cc1a0480 secure :-1 s=READY pgs=8 cs=0 l=1 rev1=1 crypto rx=0x7f84c0037cd0 tx=0x7f84c0037b90 comp rx=0 tx=0).stop
2026-02-20T00:31:57.932 INFO:teuthology.orchestra.run.trial017.stdout:/usr/bin/ceph: stderr
2026-02-20T00:31:57.837+0000 7f84cbfff640 1 -- 10.20.193.17:0/3218418592 shutdown_connections
2026-02-20T00:31:57.932 INFO:teuthology.orchestra.run.trial017.stdout:/usr/bin/ceph: stderr
2026-02-20T00:31:57.837+0000 7f84cbfff640 1 --2- 10.20.193.17:0/3218418592 >> [v2:10.20.193.17:3300/0,v1:10.20.193.17:6789/0] conn(0x7f84cc10a280 0x7f84cc1a0480 unknown :-1 s=CLOSED pgs=8 cs=0 l=1 rev1=1 crypto rx=0 tx=0 comp rx=0 tx=0).stop
2026-02-20T00:31:57.932 INFO:teuthology.orchestra.run.trial017.stdout:/usr/bin/ceph: stderr
2026-02-20T00:31:57.837+0000 7f84cbfff640 1 -- 10.20.193.17:0/3218418592 >> 10.20.193.17:0/3218418592 conn(0x7f84cc07d760 msgr2=0x7f84cc1079b0 unknown :-1 s=STATE_NONE l=0).mark_down
2026-02-20T00:31:57.932 INFO:teuthology.orchestra.run.trial017.stdout:/usr/bin/ceph: stderr
2026-02-20T00:31:57.838+0000 7f84cbfff640 1 -- 10.20.193.17:0/3218418592 shutdown_connections
2026-02-20T00:31:57.933 INFO:teuthology.orchestra.run.trial017.stdout:/usr/bin/ceph: stderr
2026-02-20T00:31:57.838+0000 7f84cbfff640 1 -- 10.20.193.17:0/3218418592 wait complete.
2026-02-20T00:31:57.933 INFO:teuthology.orchestra.run.trial017.stdout:mgr not available, waiting (2/15)...
2026-02-20T00:31:58.244 INFO:journalctl@ceph.mon.a.trial017.stdout:Feb 20 00:31:57 trial017 ceph-mon[37389]: from='client.? 10.20.193.17:0/3218418592' entity='client.admin' cmd=[{"prefix": "status", "format": "json-pretty"}]: dispatch
2026-02-20T00:31:58.744 INFO:journalctl@ceph.mgr.x.trial017.stdout:Feb 20 00:31:58 trial017 ceph-83b64958-0df3-11f1-826a-d404e6e7d460-mgr-x[37626]:
2026-02-20T00:31:58.334+0000 7f2dc46ab140 -1 mgr[py] Module volumes has missing NOTIFY_TYPES member
2026-02-20T00:31:58.745 INFO:journalctl@ceph.mgr.x.trial017.stdout:Feb 20 00:31:58 trial017 ceph-83b64958-0df3-11f1-826a-d404e6e7d460-mgr-x[37626]:
2026-02-20T00:31:58.374+0000 7f2dc46ab140 -1 mgr[py] Module zabbix has missing NOTIFY_TYPES member
2026-02-20T00:31:59.244 INFO:journalctl@ceph.mgr.x.trial017.stdout:Feb 20 00:31:58 trial017 ceph-83b64958-0df3-11f1-826a-d404e6e7d460-mgr-x[37626]:
2026-02-20T00:31:58.957+0000 7f2dc46ab140 -1 mgr[py] Module influx has missing NOTIFY_TYPES member
2026-02-20T00:31:59.245 INFO:journalctl@ceph.mon.a.trial017.stdout:Feb 20 00:31:59 trial017 ceph-mon[37389]: Activating manager daemon x
2026-02-20T00:31:59.245 INFO:journalctl@ceph.mon.a.trial017.stdout:Feb 20 00:31:59 trial017 ceph-mon[37389]: mgrmap e2: x(active, starting, since 0.00356847s)
2026-02-20T00:31:59.245 INFO:journalctl@ceph.mon.a.trial017.stdout:Feb 20 00:31:59 trial017 ceph-mon[37389]: from='mgr.14100 10.20.193.17:0/2774395364' entity='mgr.x' cmd=[{"prefix": "mds metadata"}]: dispatch
2026-02-20T00:31:59.245 INFO:journalctl@ceph.mon.a.trial017.stdout:Feb 20 00:31:59 trial017 ceph-mon[37389]: from='mgr.14100 10.20.193.17:0/2774395364' entity='mgr.x' cmd=[{"prefix": "osd metadata"}]: dispatch
2026-02-20T00:31:59.245 INFO:journalctl@ceph.mon.a.trial017.stdout:Feb 20 00:31:59 trial017 ceph-mon[37389]: from='mgr.14100 10.20.193.17:0/2774395364' entity='mgr.x' cmd=[{"prefix": "mon metadata"}]: dispatch
2026-02-20T00:31:59.245 INFO:journalctl@ceph.mon.a.trial017.stdout:Feb 20 00:31:59 trial017 ceph-mon[37389]: from='mgr.14100 10.20.193.17:0/2774395364' entity='mgr.x' cmd=[{"prefix": "mon metadata", "id": "a"}]: dispatch
2026-02-20T00:31:59.246 INFO:journalctl@ceph.mon.a.trial017.stdout:Feb 20 00:31:59 trial017 ceph-mon[37389]: from='mgr.14100 10.20.193.17:0/2774395364' entity='mgr.x' cmd=[{"prefix": "mgr metadata", "who": "x", "id": "x"}]: dispatch
2026-02-20T00:31:59.246 INFO:journalctl@ceph.mon.a.trial017.stdout:Feb 20 00:31:59 trial017 ceph-mon[37389]: Manager daemon x is now available
2026-02-20T00:31:59.246 INFO:journalctl@ceph.mon.a.trial017.stdout:Feb 20 00:31:59 trial017 ceph-mon[37389]: from='mgr.14100 10.20.193.17:0/2774395364' entity='mgr.x' cmd=[{"prefix":"config rm","who":"mgr","name":"mgr/rbd_support/x/mirror_snapshot_schedule"}]: dispatch
2026-02-20T00:31:59.246 INFO:journalctl@ceph.mon.a.trial017.stdout:Feb 20 00:31:59 trial017 ceph-mon[37389]: from='mgr.14100 10.20.193.17:0/2774395364' entity='mgr.x' cmd=[{"prefix":"config rm","who":"mgr","name":"mgr/rbd_support/x/trash_purge_schedule"}]: dispatch
2026-02-20T00:31:59.246 INFO:journalctl@ceph.mon.a.trial017.stdout:Feb 20 00:31:59 trial017 ceph-mon[37389]: from='mgr.14100 10.20.193.17:0/2774395364' entity='mgr.x'
2026-02-20T00:31:59.246 INFO:journalctl@ceph.mon.a.trial017.stdout:Feb 20 00:31:59 trial017 ceph-mon[37389]: from='mgr.14100 10.20.193.17:0/2774395364' entity='mgr.x'
2026-02-20T00:31:59.246 INFO:journalctl@ceph.mon.a.trial017.stdout:Feb 20 00:31:59 trial017 ceph-mon[37389]: from='mgr.14100 10.20.193.17:0/2774395364' entity='mgr.x'
2026-02-20T00:32:00.353 INFO:teuthology.orchestra.run.trial017.stdout:/usr/bin/ceph: stdout
2026-02-20T00:32:00.353 INFO:teuthology.orchestra.run.trial017.stdout:/usr/bin/ceph: stdout {
2026-02-20T00:32:00.353 INFO:teuthology.orchestra.run.trial017.stdout:/usr/bin/ceph: stdout "fsid": "83b64958-0df3-11f1-826a-d404e6e7d460",
2026-02-20T00:32:00.353 INFO:teuthology.orchestra.run.trial017.stdout:/usr/bin/ceph: stdout "health": {
2026-02-20T00:32:00.354 INFO:teuthology.orchestra.run.trial017.stdout:/usr/bin/ceph: stdout "status": "HEALTH_OK",
2026-02-20T00:32:00.354 INFO:teuthology.orchestra.run.trial017.stdout:/usr/bin/ceph: stdout "checks": {},
2026-02-20T00:32:00.354 INFO:teuthology.orchestra.run.trial017.stdout:/usr/bin/ceph: stdout "mutes": []
2026-02-20T00:32:00.354 INFO:teuthology.orchestra.run.trial017.stdout:/usr/bin/ceph: stdout },
2026-02-20T00:32:00.354 INFO:teuthology.orchestra.run.trial017.stdout:/usr/bin/ceph: stdout "election_epoch": 5,
2026-02-20T00:32:00.354 INFO:teuthology.orchestra.run.trial017.stdout:/usr/bin/ceph: stdout "quorum": [
2026-02-20T00:32:00.354 INFO:teuthology.orchestra.run.trial017.stdout:/usr/bin/ceph: stdout 0
2026-02-20T00:32:00.354 INFO:teuthology.orchestra.run.trial017.stdout:/usr/bin/ceph: stdout ],
2026-02-20T00:32:00.354 INFO:teuthology.orchestra.run.trial017.stdout:/usr/bin/ceph: stdout "quorum_names": [
2026-02-20T00:32:00.354 INFO:teuthology.orchestra.run.trial017.stdout:/usr/bin/ceph: stdout "a"
2026-02-20T00:32:00.354 INFO:teuthology.orchestra.run.trial017.stdout:/usr/bin/ceph: stdout ],
2026-02-20T00:32:00.355 INFO:teuthology.orchestra.run.trial017.stdout:/usr/bin/ceph: stdout "quorum_age": 5,
2026-02-20T00:32:00.355 INFO:teuthology.orchestra.run.trial017.stdout:/usr/bin/ceph: stdout "monmap": {
2026-02-20T00:32:00.355 INFO:teuthology.orchestra.run.trial017.stdout:/usr/bin/ceph: stdout "epoch": 1,
2026-02-20T00:32:00.355 INFO:teuthology.orchestra.run.trial017.stdout:/usr/bin/ceph: stdout "min_mon_release_name": "squid",
2026-02-20T00:32:00.355 INFO:teuthology.orchestra.run.trial017.stdout:/usr/bin/ceph: stdout "num_mons": 1
2026-02-20T00:32:00.355 INFO:teuthology.orchestra.run.trial017.stdout:/usr/bin/ceph: stdout },
2026-02-20T00:32:00.355 INFO:teuthology.orchestra.run.trial017.stdout:/usr/bin/ceph: stdout "osdmap": {
2026-02-20T00:32:00.355 INFO:teuthology.orchestra.run.trial017.stdout:/usr/bin/ceph: stdout "epoch": 1,
2026-02-20T00:32:00.355 INFO:teuthology.orchestra.run.trial017.stdout:/usr/bin/ceph: stdout "num_osds": 0,
2026-02-20T00:32:00.355 INFO:teuthology.orchestra.run.trial017.stdout:/usr/bin/ceph: stdout "num_up_osds": 0,
2026-02-20T00:32:00.355 INFO:teuthology.orchestra.run.trial017.stdout:/usr/bin/ceph: stdout "osd_up_since": 0,
2026-02-20T00:32:00.355 INFO:teuthology.orchestra.run.trial017.stdout:/usr/bin/ceph: stdout "num_in_osds": 0,
2026-02-20T00:32:00.356 INFO:teuthology.orchestra.run.trial017.stdout:/usr/bin/ceph: stdout "osd_in_since": 0,
2026-02-20T00:32:00.356 INFO:teuthology.orchestra.run.trial017.stdout:/usr/bin/ceph: stdout "num_remapped_pgs": 0
2026-02-20T00:32:00.356 INFO:teuthology.orchestra.run.trial017.stdout:/usr/bin/ceph: stdout },
2026-02-20T00:32:00.356 INFO:teuthology.orchestra.run.trial017.stdout:/usr/bin/ceph: stdout "pgmap": {
2026-02-20T00:32:00.356 INFO:teuthology.orchestra.run.trial017.stdout:/usr/bin/ceph: stdout "pgs_by_state": [],
2026-02-20T00:32:00.356 INFO:teuthology.orchestra.run.trial017.stdout:/usr/bin/ceph: stdout "num_pgs": 0,
2026-02-20T00:32:00.356 INFO:teuthology.orchestra.run.trial017.stdout:/usr/bin/ceph: stdout "num_pools": 0,
2026-02-20T00:32:00.356 INFO:teuthology.orchestra.run.trial017.stdout:/usr/bin/ceph: stdout "num_objects": 0,
2026-02-20T00:32:00.356 INFO:teuthology.orchestra.run.trial017.stdout:/usr/bin/ceph: stdout "data_bytes": 0,
2026-02-20T00:32:00.356 INFO:teuthology.orchestra.run.trial017.stdout:/usr/bin/ceph: stdout "bytes_used": 0,
2026-02-20T00:32:00.356 INFO:teuthology.orchestra.run.trial017.stdout:/usr/bin/ceph: stdout "bytes_avail": 0,
2026-02-20T00:32:00.356 INFO:teuthology.orchestra.run.trial017.stdout:/usr/bin/ceph: stdout "bytes_total": 0
2026-02-20T00:32:00.356 INFO:teuthology.orchestra.run.trial017.stdout:/usr/bin/ceph: stdout },
2026-02-20T00:32:00.357 INFO:teuthology.orchestra.run.trial017.stdout:/usr/bin/ceph: stdout "fsmap": {
2026-02-20T00:32:00.357 INFO:teuthology.orchestra.run.trial017.stdout:/usr/bin/ceph: stdout "epoch": 1,
2026-02-20T00:32:00.357 INFO:teuthology.orchestra.run.trial017.stdout:/usr/bin/ceph: stdout "btime": "2026-02-20T00:31:52:750977+0000",
2026-02-20T00:32:00.357 INFO:teuthology.orchestra.run.trial017.stdout:/usr/bin/ceph: stdout "by_rank": [],
2026-02-20T00:32:00.357 INFO:teuthology.orchestra.run.trial017.stdout:/usr/bin/ceph: stdout "up:standby": 0
2026-02-20T00:32:00.357 INFO:teuthology.orchestra.run.trial017.stdout:/usr/bin/ceph: stdout },
2026-02-20T00:32:00.357 INFO:teuthology.orchestra.run.trial017.stdout:/usr/bin/ceph: stdout "mgrmap": {
2026-02-20T00:32:00.357 INFO:teuthology.orchestra.run.trial017.stdout:/usr/bin/ceph: stdout "available": true,
2026-02-20T00:32:00.357 INFO:teuthology.orchestra.run.trial017.stdout:/usr/bin/ceph: stdout "num_standbys": 0,
2026-02-20T00:32:00.357 INFO:teuthology.orchestra.run.trial017.stdout:/usr/bin/ceph: stdout "modules": [
2026-02-20T00:32:00.357 INFO:teuthology.orchestra.run.trial017.stdout:/usr/bin/ceph: stdout "iostat",
2026-02-20T00:32:00.357 INFO:teuthology.orchestra.run.trial017.stdout:/usr/bin/ceph: stdout "nfs",
2026-02-20T00:32:00.358 INFO:teuthology.orchestra.run.trial017.stdout:/usr/bin/ceph: stdout "restful"
2026-02-20T00:32:00.358 INFO:teuthology.orchestra.run.trial017.stdout:/usr/bin/ceph: stdout ],
2026-02-20T00:32:00.358 INFO:teuthology.orchestra.run.trial017.stdout:/usr/bin/ceph: stdout "services": {}
2026-02-20T00:32:00.358 INFO:teuthology.orchestra.run.trial017.stdout:/usr/bin/ceph: stdout },
2026-02-20T00:32:00.358 INFO:teuthology.orchestra.run.trial017.stdout:/usr/bin/ceph: stdout "servicemap": {
2026-02-20T00:32:00.358 INFO:teuthology.orchestra.run.trial017.stdout:/usr/bin/ceph: stdout "epoch": 1,
2026-02-20T00:32:00.358 INFO:teuthology.orchestra.run.trial017.stdout:/usr/bin/ceph: stdout "modified": "2026-02-20T00:31:52.751566+0000",
2026-02-20T00:32:00.358 INFO:teuthology.orchestra.run.trial017.stdout:/usr/bin/ceph: stdout "services": {}
2026-02-20T00:32:00.358 INFO:teuthology.orchestra.run.trial017.stdout:/usr/bin/ceph: stdout },
2026-02-20T00:32:00.358 INFO:teuthology.orchestra.run.trial017.stdout:/usr/bin/ceph: stdout "progress_events": {}
2026-02-20T00:32:00.358 INFO:teuthology.orchestra.run.trial017.stdout:/usr/bin/ceph: stdout }
2026-02-20T00:32:00.358 INFO:teuthology.orchestra.run.trial017.stdout:/usr/bin/ceph: stderr
2026-02-20T00:32:00.092+0000 7f6fb7577640 1 Processor -- start
2026-02-20T00:32:00.358 INFO:teuthology.orchestra.run.trial017.stdout:/usr/bin/ceph: stderr
2026-02-20T00:32:00.092+0000 7f6fb7577640 1 -- start start
2026-02-20T00:32:00.359 INFO:teuthology.orchestra.run.trial017.stdout:/usr/bin/ceph: stderr
2026-02-20T00:32:00.093+0000 7f6fb7577640 1 --2- >> [v2:10.20.193.17:3300/0,v1:10.20.193.17:6789/0] conn(0x7f6fb8073630 0x7f6fb8073a30 unknown :-1 s=NONE pgs=0 cs=0 l=0 rev1=0 crypto rx=0 tx=0 comp rx=0 tx=0).connect
2026-02-20T00:32:00.359 INFO:teuthology.orchestra.run.trial017.stdout:/usr/bin/ceph: stderr
2026-02-20T00:32:00.093+0000 7f6fb7577640 1 -- --> [v2:10.20.193.17:3300/0,v1:10.20.193.17:6789/0] -- mon_getmap magic: 0 -- 0x7f6fb8074e20 con 0x7f6fb8073630
2026-02-20T00:32:00.359 INFO:teuthology.orchestra.run.trial017.stdout:/usr/bin/ceph: stderr
2026-02-20T00:32:00.093+0000 7f6fb6575640 1 --2- >> [v2:10.20.193.17:3300/0,v1:10.20.193.17:6789/0] conn(0x7f6fb8073630 0x7f6fb8073a30 unknown :-1 s=BANNER_CONNECTING pgs=0 cs=0 l=0 rev1=0 crypto rx=0 tx=0 comp rx=0 tx=0)._handle_peer_banner_payload supported=3 required=0
2026-02-20T00:32:00.359 INFO:teuthology.orchestra.run.trial017.stdout:/usr/bin/ceph: stderr
2026-02-20T00:32:00.093+0000 7f6fb6575640 1 --2- >> [v2:10.20.193.17:3300/0,v1:10.20.193.17:6789/0] conn(0x7f6fb8073630 0x7f6fb8073a30 unknown :-1 s=HELLO_CONNECTING pgs=0 cs=0 l=0 rev1=1 crypto rx=0 tx=0 comp rx=0 tx=0).handle_hello peer v2:10.20.193.17:3300/0 says I am v2:10.20.193.17:59336/0 (socket says 10.20.193.17:59336)
2026-02-20T00:32:00.359 INFO:teuthology.orchestra.run.trial017.stdout:/usr/bin/ceph: stderr
2026-02-20T00:32:00.093+0000 7f6fb6575640 1 -- 10.20.193.17:0/2933978115 learned_addr learned my addr 10.20.193.17:0/2933978115 (peer_addr_for_me v2:10.20.193.17:0/0)
2026-02-20T00:32:00.359 INFO:teuthology.orchestra.run.trial017.stdout:/usr/bin/ceph: stderr
2026-02-20T00:32:00.093+0000 7f6fb6575640 1 -- 10.20.193.17:0/2933978115 --> [v2:10.20.193.17:3300/0,v1:10.20.193.17:6789/0] -- mon_subscribe({config=0+,monmap=0+}) -- 0x7f6fb8073f70 con 0x7f6fb8073630
2026-02-20T00:32:00.359 INFO:teuthology.orchestra.run.trial017.stdout:/usr/bin/ceph: stderr
2026-02-20T00:32:00.094+0000 7f6fb6575640 1 --2- 10.20.193.17:0/2933978115 >> [v2:10.20.193.17:3300/0,v1:10.20.193.17:6789/0] conn(0x7f6fb8073630 0x7f6fb8073a30 secure :-1 s=READY pgs=16 cs=0 l=1 rev1=1 crypto rx=0x7f6fac009920 tx=0x7f6fac02ef20 comp rx=0 tx=0).ready entity=mon.0 client_cookie=226357dbc6ad5e85 server_cookie=0 in_seq=0 out_seq=0
2026-02-20T00:32:00.359 INFO:teuthology.orchestra.run.trial017.stdout:/usr/bin/ceph: stderr
2026-02-20T00:32:00.094+0000 7f6fb5573640 1 -- 10.20.193.17:0/2933978115 <== mon.0 v2:10.20.193.17:3300/0 1 ==== mon_map magic: 0 ==== 205+0+0 (secure 0 0 0) 0x7f6fac03c070 con 0x7f6fb8073630
2026-02-20T00:32:00.359 INFO:teuthology.orchestra.run.trial017.stdout:/usr/bin/ceph: stderr
2026-02-20T00:32:00.094+0000 7f6fb5573640 1 -- 10.20.193.17:0/2933978115 <== mon.0 v2:10.20.193.17:3300/0 2 ==== config(26 keys) ==== 1045+0+0 (secure 0 0 0) 0x7f6fac037440 con 0x7f6fb8073630
2026-02-20T00:32:00.359 INFO:teuthology.orchestra.run.trial017.stdout:/usr/bin/ceph: stderr
2026-02-20T00:32:00.094+0000 7f6fb5573640 1 -- 10.20.193.17:0/2933978115 <== mon.0 v2:10.20.193.17:3300/0 3 ==== mon_map magic: 0 ==== 205+0+0 (secure 0 0 0) 0x7f6fac0354b0 con 0x7f6fb8073630
2026-02-20T00:32:00.359 INFO:teuthology.orchestra.run.trial017.stdout:/usr/bin/ceph: stderr
2026-02-20T00:32:00.094+0000 7f6fb7577640 1 -- 10.20.193.17:0/2933978115 >> [v2:10.20.193.17:3300/0,v1:10.20.193.17:6789/0] conn(0x7f6fb8073630 msgr2=0x7f6fb8073a30 secure :-1 s=STATE_CONNECTION_ESTABLISHED l=1).mark_down
2026-02-20T00:32:00.360 INFO:teuthology.orchestra.run.trial017.stdout:/usr/bin/ceph: stderr
2026-02-20T00:32:00.094+0000 7f6fb7577640 1 --2- 10.20.193.17:0/2933978115 >> [v2:10.20.193.17:3300/0,v1:10.20.193.17:6789/0] conn(0x7f6fb8073630 0x7f6fb8073a30 secure :-1 s=READY pgs=16 cs=0 l=1 rev1=1 crypto rx=0x7f6fac009920 tx=0x7f6fac02ef20 comp rx=0 tx=0).stop
2026-02-20T00:32:00.360 INFO:teuthology.orchestra.run.trial017.stdout:/usr/bin/ceph: stderr
2026-02-20T00:32:00.094+0000 7f6fb7577640 1 -- 10.20.193.17:0/2933978115 shutdown_connections
2026-02-20T00:32:00.360 INFO:teuthology.orchestra.run.trial017.stdout:/usr/bin/ceph: stderr
2026-02-20T00:32:00.094+0000 7f6fb7577640 1 --2- 10.20.193.17:0/2933978115 >> [v2:10.20.193.17:3300/0,v1:10.20.193.17:6789/0] conn(0x7f6fb8073630 0x7f6fb8073a30 unknown :-1 s=CLOSED pgs=16 cs=0 l=1 rev1=1 crypto rx=0 tx=0 comp rx=0 tx=0).stop
2026-02-20T00:32:00.360 INFO:teuthology.orchestra.run.trial017.stdout:/usr/bin/ceph: stderr
2026-02-20T00:32:00.094+0000 7f6fb7577640 1 -- 10.20.193.17:0/2933978115 >> 10.20.193.17:0/2933978115 conn(0x7f6fb806f6d0 msgr2=0x7f6fb8071b10 unknown :-1 s=STATE_NONE l=0).mark_down
2026-02-20T00:32:00.360 INFO:teuthology.orchestra.run.trial017.stdout:/usr/bin/ceph: stderr
2026-02-20T00:32:00.095+0000 7f6fb7577640 1 -- 10.20.193.17:0/2933978115 shutdown_connections
2026-02-20T00:32:00.360 INFO:teuthology.orchestra.run.trial017.stdout:/usr/bin/ceph: stderr
2026-02-20T00:32:00.095+0000 7f6fb7577640 1 -- 10.20.193.17:0/2933978115 wait complete.
2026-02-20T00:32:00.360 INFO:teuthology.orchestra.run.trial017.stdout:/usr/bin/ceph: stderr
2026-02-20T00:32:00.096+0000 7f6fb7577640 1 Processor -- start
2026-02-20T00:32:00.360 INFO:teuthology.orchestra.run.trial017.stdout:/usr/bin/ceph: stderr
2026-02-20T00:32:00.096+0000 7f6fb7577640 1 -- start start
2026-02-20T00:32:00.360 INFO:teuthology.orchestra.run.trial017.stdout:/usr/bin/ceph: stderr
2026-02-20T00:32:00.096+0000 7f6fb7577640 1 --2- >> [v2:10.20.193.17:3300/0,v1:10.20.193.17:6789/0] conn(0x7f6fb8073630 0x7f6fb81a8f00 unknown :-1 s=NONE pgs=0 cs=0 l=1 rev1=0 crypto rx=0 tx=0 comp rx=0 tx=0).connect
2026-02-20T00:32:00.360 INFO:teuthology.orchestra.run.trial017.stdout:/usr/bin/ceph: stderr
2026-02-20T00:32:00.096+0000 7f6fb7577640 1 -- --> [v2:10.20.193.17:3300/0,v1:10.20.193.17:6789/0] -- mon_getmap magic: 0 -- 0x7f6fb8114cf0 con 0x7f6fb8073630
2026-02-20T00:32:00.360 INFO:teuthology.orchestra.run.trial017.stdout:/usr/bin/ceph: stderr
2026-02-20T00:32:00.096+0000 7f6fb6575640 1 --2- >> [v2:10.20.193.17:3300/0,v1:10.20.193.17:6789/0] conn(0x7f6fb8073630 0x7f6fb81a8f00 unknown :-1 s=BANNER_CONNECTING pgs=0 cs=0 l=1 rev1=0 crypto rx=0 tx=0 comp rx=0 tx=0)._handle_peer_banner_payload supported=3 required=0
2026-02-20T00:32:00.360 INFO:teuthology.orchestra.run.trial017.stdout:/usr/bin/ceph: stderr
2026-02-20T00:32:00.096+0000 7f6fb6575640 1 --2- >> [v2:10.20.193.17:3300/0,v1:10.20.193.17:6789/0] conn(0x7f6fb8073630 0x7f6fb81a8f00 unknown :-1 s=HELLO_CONNECTING pgs=0 cs=0 l=1 rev1=1 crypto rx=0 tx=0 comp rx=0 tx=0).handle_hello peer v2:10.20.193.17:3300/0 says I am v2:10.20.193.17:59338/0 (socket says 10.20.193.17:59338)
2026-02-20T00:32:00.361 INFO:teuthology.orchestra.run.trial017.stdout:/usr/bin/ceph: stderr
2026-02-20T00:32:00.096+0000 7f6fb6575640 1 -- 10.20.193.17:0/3882792383 learned_addr learned my addr 10.20.193.17:0/3882792383 (peer_addr_for_me v2:10.20.193.17:0/0)
2026-02-20T00:32:00.361 INFO:teuthology.orchestra.run.trial017.stdout:/usr/bin/ceph: stderr
2026-02-20T00:32:00.097+0000 7f6fb6575640 1 -- 10.20.193.17:0/3882792383 --> [v2:10.20.193.17:3300/0,v1:10.20.193.17:6789/0] -- mon_subscribe({config=0+,monmap=0+}) -- 0x7f6fb81a9440 con 0x7f6fb8073630
2026-02-20T00:32:00.361 INFO:teuthology.orchestra.run.trial017.stdout:/usr/bin/ceph: stderr
2026-02-20T00:32:00.097+0000 7f6fb6575640 1 --2- 10.20.193.17:0/3882792383 >> [v2:10.20.193.17:3300/0,v1:10.20.193.17:6789/0] conn(0x7f6fb8073630 0x7f6fb81a8f00 secure :-1 s=READY pgs=17 cs=0 l=1 rev1=1 crypto rx=0x7f6fac006fd0 tx=0x7f6fac037bb0 comp rx=0 tx=0).ready entity=mon.0 client_cookie=0 server_cookie=0 in_seq=0 out_seq=0
2026-02-20T00:32:00.361 INFO:teuthology.orchestra.run.trial017.stdout:/usr/bin/ceph: stderr
2026-02-20T00:32:00.097+0000 7f6f9f7fe640 1 -- 10.20.193.17:0/3882792383 <== mon.0 v2:10.20.193.17:3300/0 1 ==== mon_map magic: 0 ==== 205+0+0 (secure 0 0 0) 0x7f6fac045070 con 0x7f6fb8073630
2026-02-20T00:32:00.361 INFO:teuthology.orchestra.run.trial017.stdout:/usr/bin/ceph: stderr
2026-02-20T00:32:00.097+0000 7f6f9f7fe640 1 -- 10.20.193.17:0/3882792383 <== mon.0 v2:10.20.193.17:3300/0 2 ==== config(26 keys) ==== 1045+0+0 (secure 0 0 0) 0x7f6fac040450 con 0x7f6fb8073630
2026-02-20T00:32:00.361 INFO:teuthology.orchestra.run.trial017.stdout:/usr/bin/ceph: stderr
2026-02-20T00:32:00.097+0000 7f6f9f7fe640 1 -- 10.20.193.17:0/3882792383 <== mon.0 v2:10.20.193.17:3300/0 3 ==== mon_map magic: 0 ==== 205+0+0 (secure 0 0 0) 0x7f6fac03c070 con 0x7f6fb8073630
2026-02-20T00:32:00.361 INFO:teuthology.orchestra.run.trial017.stdout:/usr/bin/ceph: stderr
2026-02-20T00:32:00.097+0000 7f6fb7577640 1 -- 10.20.193.17:0/3882792383 --> [v2:10.20.193.17:3300/0,v1:10.20.193.17:6789/0] -- mon_subscribe({mgrmap=0+}) -- 0x7f6fb81a96d0 con 0x7f6fb8073630
2026-02-20T00:32:00.361 INFO:teuthology.orchestra.run.trial017.stdout:/usr/bin/ceph: stderr
2026-02-20T00:32:00.097+0000 7f6fb7577640 1 -- 10.20.193.17:0/3882792383 --> [v2:10.20.193.17:3300/0,v1:10.20.193.17:6789/0] -- mon_subscribe({osdmap=0}) -- 0x7f6fb81ac3c0 con 0x7f6fb8073630
2026-02-20T00:32:00.361 INFO:teuthology.orchestra.run.trial017.stdout:/usr/bin/ceph: stderr
2026-02-20T00:32:00.097+0000 7f6fb7577640 1 -- 10.20.193.17:0/3882792383 --> [v2:10.20.193.17:3300/0,v1:10.20.193.17:6789/0] -- mon_command({"prefix": "get_command_descriptions"} v 0) -- 0x7f6fb8073ab0 con 0x7f6fb8073630
2026-02-20T00:32:00.361 INFO:teuthology.orchestra.run.trial017.stdout:/usr/bin/ceph: stderr
2026-02-20T00:32:00.098+0000 7f6f9f7fe640 1 -- 10.20.193.17:0/3882792383 <== mon.0 v2:10.20.193.17:3300/0 4 ==== mgrmap(e 3) ==== 50130+0+0 (secure 0 0 0) 0x7f6fac035b70 con 0x7f6fb8073630
2026-02-20T00:32:00.361 INFO:teuthology.orchestra.run.trial017.stdout:/usr/bin/ceph: stderr
2026-02-20T00:32:00.098+0000 7f6f9f7fe640 1 --2- 10.20.193.17:0/3882792383 >> [v2:10.20.193.17:6800/2831825221,v1:10.20.193.17:6801/2831825221] conn(0x7f6f9003da80 0x7f6f9003ff40 unknown :-1 s=NONE pgs=0 cs=0 l=1 rev1=0 crypto rx=0 tx=0 comp rx=0 tx=0).connect
2026-02-20T00:32:00.361 INFO:teuthology.orchestra.run.trial017.stdout:/usr/bin/ceph: stderr
2026-02-20T00:32:00.098+0000 7f6f9f7fe640 1 -- 10.20.193.17:0/3882792383 <== mon.0 v2:10.20.193.17:3300/0 5 ==== osd_map(1..1 src has 1..1) ==== 725+0+0 (secure 0 0 0) 0x7f6fac076580 con 0x7f6fb8073630
2026-02-20T00:32:00.362 INFO:teuthology.orchestra.run.trial017.stdout:/usr/bin/ceph: stderr
2026-02-20T00:32:00.099+0000 7f6fb5d74640 1 --2- 10.20.193.17:0/3882792383 >> [v2:10.20.193.17:6800/2831825221,v1:10.20.193.17:6801/2831825221] conn(0x7f6f9003da80 0x7f6f9003ff40 unknown :-1 s=BANNER_CONNECTING pgs=0 cs=0 l=1 rev1=0 crypto rx=0 tx=0 comp rx=0 tx=0)._handle_peer_banner_payload supported=3 required=0
2026-02-20T00:32:00.362 INFO:teuthology.orchestra.run.trial017.stdout:/usr/bin/ceph: stderr
2026-02-20T00:32:00.099+0000 7f6fb5d74640 1 --2- 10.20.193.17:0/3882792383 >> [v2:10.20.193.17:6800/2831825221,v1:10.20.193.17:6801/2831825221] conn(0x7f6f9003da80 0x7f6f9003ff40 secure :-1 s=READY pgs=6 cs=0 l=1 rev1=1 crypto rx=0x7f6fa00099c0 tx=0x7f6fa0006eb0 comp rx=0 tx=0).ready entity=mgr.14100 client_cookie=0 server_cookie=0 in_seq=0 out_seq=0
2026-02-20T00:32:00.362 INFO:teuthology.orchestra.run.trial017.stdout:/usr/bin/ceph: stderr
2026-02-20T00:32:00.102+0000 7f6f9f7fe640 1 -- 10.20.193.17:0/3882792383 <== mon.0 v2:10.20.193.17:3300/0 6 ==== mon_command_ack([{"prefix": "get_command_descriptions"}]=0 v0) ==== 72+0+195034 (secure 0 0 0) 0x7f6fac048360 con 0x7f6fb8073630
2026-02-20T00:32:00.362 INFO:teuthology.orchestra.run.trial017.stdout:/usr/bin/ceph: stderr
2026-02-20T00:32:00.226+0000 7f6fb7577640 1 -- 10.20.193.17:0/3882792383 --> [v2:10.20.193.17:3300/0,v1:10.20.193.17:6789/0] -- mon_command({"prefix": "status", "format": "json-pretty"} v 0) -- 0x7f6fb81a2810 con 0x7f6fb8073630
2026-02-20T00:32:00.362 INFO:teuthology.orchestra.run.trial017.stdout:/usr/bin/ceph: stderr
2026-02-20T00:32:00.226+0000 7f6f9f7fe640 1 -- 10.20.193.17:0/3882792383 <== mon.0 v2:10.20.193.17:3300/0 7 ==== mon_command_ack([{"prefix": "status", "format": "json-pretty"}]=0 v0) ==== 79+0+1290 (secure 0 0 0) 0x7f6fac03b170 con 0x7f6fb8073630
2026-02-20T00:32:00.362 INFO:teuthology.orchestra.run.trial017.stdout:/usr/bin/ceph: stderr
2026-02-20T00:32:00.227+0000 7f6fb7577640 1 -- 10.20.193.17:0/3882792383 >> [v2:10.20.193.17:6800/2831825221,v1:10.20.193.17:6801/2831825221] conn(0x7f6f9003da80 msgr2=0x7f6f9003ff40 secure :-1 s=STATE_CONNECTION_ESTABLISHED l=1).mark_down
2026-02-20T00:32:00.362 INFO:teuthology.orchestra.run.trial017.stdout:/usr/bin/ceph: stderr
2026-02-20T00:32:00.227+0000 7f6fb7577640 1 --2- 10.20.193.17:0/3882792383 >> [v2:10.20.193.17:6800/2831825221,v1:10.20.193.17:6801/2831825221] conn(0x7f6f9003da80 0x7f6f9003ff40 secure :-1 s=READY pgs=6 cs=0 l=1 rev1=1 crypto rx=0x7f6fa00099c0 tx=0x7f6fa0006eb0 comp rx=0 tx=0).stop
2026-02-20T00:32:00.362 INFO:teuthology.orchestra.run.trial017.stdout:/usr/bin/ceph: stderr
2026-02-20T00:32:00.227+0000 7f6fb7577640 1 -- 10.20.193.17:0/3882792383 >> [v2:10.20.193.17:3300/0,v1:10.20.193.17:6789/0] conn(0x7f6fb8073630 msgr2=0x7f6fb81a8f00 secure :-1 s=STATE_CONNECTION_ESTABLISHED l=1).mark_down
2026-02-20T00:32:00.362 INFO:teuthology.orchestra.run.trial017.stdout:/usr/bin/ceph: stderr
2026-02-20T00:32:00.227+0000 7f6fb7577640 1 --2- 10.20.193.17:0/3882792383 >> [v2:10.20.193.17:3300/0,v1:10.20.193.17:6789/0] conn(0x7f6fb8073630 0x7f6fb81a8f00 secure :-1 s=READY pgs=17 cs=0 l=1 rev1=1 crypto rx=0x7f6fac006fd0 tx=0x7f6fac037bb0 comp rx=0 tx=0).stop
2026-02-20T00:32:00.362 INFO:teuthology.orchestra.run.trial017.stdout:/usr/bin/ceph: stderr
2026-02-20T00:32:00.228+0000 7f6fb7577640 1 -- 10.20.193.17:0/3882792383 shutdown_connections
2026-02-20T00:32:00.362 INFO:teuthology.orchestra.run.trial017.stdout:/usr/bin/ceph: stderr
2026-02-20T00:32:00.228+0000 7f6fb7577640 1 --2- 10.20.193.17:0/3882792383 >> [v2:10.20.193.17:6800/2831825221,v1:10.20.193.17:6801/2831825221] conn(0x7f6f9003da80 0x7f6f9003ff40 unknown :-1 s=CLOSED pgs=6 cs=0 l=1 rev1=1 crypto rx=0 tx=0 comp rx=0 tx=0).stop
2026-02-20T00:32:00.362 INFO:teuthology.orchestra.run.trial017.stdout:/usr/bin/ceph: stderr
2026-02-20T00:32:00.228+0000 7f6fb7577640 1 --2- 10.20.193.17:0/3882792383 >> [v2:10.20.193.17:3300/0,v1:10.20.193.17:6789/0] conn(0x7f6fb8073630 0x7f6fb81a8f00 unknown :-1 s=CLOSED pgs=17 cs=0 l=1 rev1=1 crypto rx=0 tx=0 comp rx=0 tx=0).stop
2026-02-20T00:32:00.363 INFO:teuthology.orchestra.run.trial017.stdout:/usr/bin/ceph: stderr
2026-02-20T00:32:00.228+0000 7f6fb7577640 1 -- 10.20.193.17:0/3882792383 >> 10.20.193.17:0/3882792383 conn(0x7f6fb806f6d0 msgr2=0x7f6fb8071520 unknown :-1 s=STATE_NONE l=0).mark_down
2026-02-20T00:32:00.363 INFO:teuthology.orchestra.run.trial017.stdout:/usr/bin/ceph: stderr
2026-02-20T00:32:00.228+0000 7f6fb7577640 1 -- 10.20.193.17:0/3882792383 shutdown_connections
2026-02-20T00:32:00.363 INFO:teuthology.orchestra.run.trial017.stdout:/usr/bin/ceph: stderr
2026-02-20T00:32:00.228+0000 7f6fb7577640 1 -- 10.20.193.17:0/3882792383 wait complete.
2026-02-20T00:32:00.363 INFO:teuthology.orchestra.run.trial017.stdout:mgr is available
2026-02-20T00:32:00.686 INFO:teuthology.orchestra.run.trial017.stdout:/usr/bin/ceph: stdout
2026-02-20T00:32:00.686 INFO:teuthology.orchestra.run.trial017.stdout:/usr/bin/ceph: stdout [global]
2026-02-20T00:32:00.686 INFO:teuthology.orchestra.run.trial017.stdout:/usr/bin/ceph: stdout fsid = 83b64958-0df3-11f1-826a-d404e6e7d460
2026-02-20T00:32:00.686 INFO:teuthology.orchestra.run.trial017.stdout:/usr/bin/ceph: stdout mon_cluster_log_file_level = debug
2026-02-20T00:32:00.687 INFO:teuthology.orchestra.run.trial017.stdout:/usr/bin/ceph: stdout mon_host = [v2:10.20.193.17:3300,v1:10.20.193.17:6789]
2026-02-20T00:32:00.687 INFO:teuthology.orchestra.run.trial017.stdout:/usr/bin/ceph: stdout mon_osd_allow_pg_remap = true
2026-02-20T00:32:00.687 INFO:teuthology.orchestra.run.trial017.stdout:/usr/bin/ceph: stdout mon_osd_allow_primary_affinity = true
2026-02-20T00:32:00.687 INFO:teuthology.orchestra.run.trial017.stdout:/usr/bin/ceph: stdout mon_warn_on_no_sortbitwise = false
2026-02-20T00:32:00.687 INFO:teuthology.orchestra.run.trial017.stdout:/usr/bin/ceph: stdout osd_crush_chooseleaf_type = 0
2026-02-20T00:32:00.687 INFO:teuthology.orchestra.run.trial017.stdout:/usr/bin/ceph: stdout
2026-02-20T00:32:00.687 INFO:teuthology.orchestra.run.trial017.stdout:/usr/bin/ceph: stdout [mgr]
2026-02-20T00:32:00.687 INFO:teuthology.orchestra.run.trial017.stdout:/usr/bin/ceph: stdout mgr/telemetry/nag = false
2026-02-20T00:32:00.687 INFO:teuthology.orchestra.run.trial017.stdout:/usr/bin/ceph: stdout
2026-02-20T00:32:00.687 INFO:teuthology.orchestra.run.trial017.stdout:/usr/bin/ceph: stdout [osd]
2026-02-20T00:32:00.687 INFO:teuthology.orchestra.run.trial017.stdout:/usr/bin/ceph: stdout mon_osd_backfillfull_ratio = 0.85
2026-02-20T00:32:00.687 INFO:teuthology.orchestra.run.trial017.stdout:/usr/bin/ceph: stdout mon_osd_full_ratio = 0.9
2026-02-20T00:32:00.688 INFO:teuthology.orchestra.run.trial017.stdout:/usr/bin/ceph: stdout mon_osd_nearfull_ratio = 0.8
2026-02-20T00:32:00.688 INFO:teuthology.orchestra.run.trial017.stdout:/usr/bin/ceph: stdout osd_map_max_advance = 10
2026-02-20T00:32:00.688 INFO:teuthology.orchestra.run.trial017.stdout:/usr/bin/ceph: stdout osd_sloppy_crc = true
2026-02-20T00:32:00.688 INFO:teuthology.orchestra.run.trial017.stdout:/usr/bin/ceph: stderr
2026-02-20T00:32:00.504+0000 7f814f3df640 1 Processor -- start
2026-02-20T00:32:00.688 INFO:teuthology.orchestra.run.trial017.stdout:/usr/bin/ceph: stderr
2026-02-20T00:32:00.505+0000 7f814f3df640 1 -- start start
2026-02-20T00:32:00.688 INFO:teuthology.orchestra.run.trial017.stdout:/usr/bin/ceph: stderr
2026-02-20T00:32:00.505+0000 7f814f3df640 1 --2- >> [v2:10.20.193.17:3300/0,v1:10.20.193.17:6789/0] conn(0x7f814810a280 0x7f814810a680 unknown :-1 s=NONE pgs=0 cs=0 l=0 rev1=0 crypto rx=0 tx=0 comp rx=0 tx=0).connect
2026-02-20T00:32:00.688 INFO:teuthology.orchestra.run.trial017.stdout:/usr/bin/ceph: stderr
2026-02-20T00:32:00.505+0000 7f814f3df640 1 -- --> [v2:10.20.193.17:3300/0,v1:10.20.193.17:6789/0] -- mon_getmap magic: 0 -- 0x7f814810ac50 con 0x7f814810a280
2026-02-20T00:32:00.688 INFO:teuthology.orchestra.run.trial017.stdout:/usr/bin/ceph: stderr
2026-02-20T00:32:00.505+0000 7f814e3dd640 1 --2- >> [v2:10.20.193.17:3300/0,v1:10.20.193.17:6789/0] conn(0x7f814810a280 0x7f814810a680 unknown :-1 s=BANNER_CONNECTING pgs=0 cs=0 l=0 rev1=0 crypto rx=0 tx=0 comp rx=0 tx=0)._handle_peer_banner_payload supported=3 required=0
2026-02-20T00:32:00.688 INFO:teuthology.orchestra.run.trial017.stdout:/usr/bin/ceph: stderr
2026-02-20T00:32:00.505+0000 7f814e3dd640 1 --2- >> [v2:10.20.193.17:3300/0,v1:10.20.193.17:6789/0] conn(0x7f814810a280 0x7f814810a680 unknown :-1 s=HELLO_CONNECTING pgs=0 cs=0 l=0 rev1=1 crypto rx=0 tx=0 comp rx=0 tx=0).handle_hello peer v2:10.20.193.17:3300/0 says I am v2:10.20.193.17:59344/0 (socket says 10.20.193.17:59344)
2026-02-20T00:32:00.688 INFO:teuthology.orchestra.run.trial017.stdout:/usr/bin/ceph: stderr
2026-02-20T00:32:00.505+0000 7f814e3dd640 1 -- 10.20.193.17:0/66358237 learned_addr learned my addr 10.20.193.17:0/66358237 (peer_addr_for_me v2:10.20.193.17:0/0)
2026-02-20T00:32:00.688 INFO:teuthology.orchestra.run.trial017.stdout:/usr/bin/ceph: stderr
2026-02-20T00:32:00.505+0000 7f814e3dd640 1 -- 10.20.193.17:0/66358237 --> [v2:10.20.193.17:3300/0,v1:10.20.193.17:6789/0] -- mon_subscribe({config=0+,monmap=0+}) -- 0x7f814810b480 con 0x7f814810a280
2026-02-20T00:32:00.689 INFO:teuthology.orchestra.run.trial017.stdout:/usr/bin/ceph: stderr
2026-02-20T00:32:00.506+0000 7f814e3dd640 1 --2- 10.20.193.17:0/66358237 >> [v2:10.20.193.17:3300/0,v1:10.20.193.17:6789/0] conn(0x7f814810a280 0x7f814810a680 secure :-1 s=READY pgs=18 cs=0 l=1 rev1=1 crypto rx=0x7f8138009920 tx=0x7f813802ef20 comp rx=0 tx=0).ready entity=mon.0 client_cookie=72a623a7a846c2c3 server_cookie=0 in_seq=0 out_seq=0
2026-02-20T00:32:00.689 INFO:teuthology.orchestra.run.trial017.stdout:/usr/bin/ceph: stderr
2026-02-20T00:32:00.506+0000 7f814d3db640 1 -- 10.20.193.17:0/66358237 <== mon.0 v2:10.20.193.17:3300/0 1 ==== mon_map magic: 0 ==== 205+0+0 (secure 0 0 0) 0x7f813803c070 con 0x7f814810a280
2026-02-20T00:32:00.689 INFO:teuthology.orchestra.run.trial017.stdout:/usr/bin/ceph: stderr
2026-02-20T00:32:00.506+0000 7f814d3db640 1 -- 10.20.193.17:0/66358237 <== mon.0 v2:10.20.193.17:3300/0 2 ==== config(26 keys) ==== 1045+0+0 (secure 0 0 0) 0x7f8138037440 con 0x7f814810a280
2026-02-20T00:32:00.689 INFO:teuthology.orchestra.run.trial017.stdout:/usr/bin/ceph: stderr
2026-02-20T00:32:00.506+0000 7f814d3db640 1 -- 10.20.193.17:0/66358237 <== mon.0 v2:10.20.193.17:3300/0 3 ==== mon_map magic: 0 ==== 205+0+0 (secure 0 0 0) 0x7f81380354b0 con 0x7f814810a280
2026-02-20T00:32:00.689 INFO:teuthology.orchestra.run.trial017.stdout:/usr/bin/ceph: stderr
2026-02-20T00:32:00.507+0000 7f814f3df640 1 -- 10.20.193.17:0/66358237 >> [v2:10.20.193.17:3300/0,v1:10.20.193.17:6789/0] conn(0x7f814810a280 msgr2=0x7f814810a680 secure :-1 s=STATE_CONNECTION_ESTABLISHED l=1).mark_down
2026-02-20T00:32:00.689 INFO:teuthology.orchestra.run.trial017.stdout:/usr/bin/ceph: stderr
2026-02-20T00:32:00.507+0000 7f814f3df640 1 --2- 10.20.193.17:0/66358237 >> [v2:10.20.193.17:3300/0,v1:10.20.193.17:6789/0] conn(0x7f814810a280 0x7f814810a680 secure :-1 s=READY pgs=18 cs=0 l=1 rev1=1 crypto rx=0x7f8138009920 tx=0x7f813802ef20 comp rx=0 tx=0).stop
2026-02-20T00:32:00.689 INFO:teuthology.orchestra.run.trial017.stdout:/usr/bin/ceph: stderr
2026-02-20T00:32:00.507+0000 7f814f3df640 1 -- 10.20.193.17:0/66358237 shutdown_connections
2026-02-20T00:32:00.689 INFO:teuthology.orchestra.run.trial017.stdout:/usr/bin/ceph: stderr
2026-02-20T00:32:00.507+0000 7f814f3df640 1 --2- 10.20.193.17:0/66358237 >> [v2:10.20.193.17:3300/0,v1:10.20.193.17:6789/0] conn(0x7f814810a280 0x7f814810a680 unknown :-1 s=CLOSED pgs=18 cs=0 l=1 rev1=1 crypto rx=0 tx=0 comp rx=0 tx=0).stop
2026-02-20T00:32:00.689 INFO:teuthology.orchestra.run.trial017.stdout:/usr/bin/ceph: stderr
2026-02-20T00:32:00.507+0000 7f814f3df640 1 -- 10.20.193.17:0/66358237 >> 10.20.193.17:0/66358237 conn(0x7f814807d760 msgr2=0x7f814807db70 unknown :-1 s=STATE_NONE l=0).mark_down
2026-02-20T00:32:00.689 INFO:teuthology.orchestra.run.trial017.stdout:/usr/bin/ceph: stderr
2026-02-20T00:32:00.507+0000 7f814f3df640 1 -- 10.20.193.17:0/66358237 shutdown_connections
2026-02-20T00:32:00.689 INFO:teuthology.orchestra.run.trial017.stdout:/usr/bin/ceph: stderr
2026-02-20T00:32:00.507+0000 7f814f3df640 1 -- 10.20.193.17:0/66358237 wait complete.
2026-02-20T00:32:00.689 INFO:teuthology.orchestra.run.trial017.stdout:/usr/bin/ceph: stderr
2026-02-20T00:32:00.507+0000 7f814f3df640 1 Processor -- start
2026-02-20T00:32:00.690 INFO:teuthology.orchestra.run.trial017.stdout:/usr/bin/ceph: stderr
2026-02-20T00:32:00.508+0000 7f814f3df640 1 -- start start
2026-02-20T00:32:00.690 INFO:teuthology.orchestra.run.trial017.stdout:/usr/bin/ceph: stderr
2026-02-20T00:32:00.508+0000 7f814f3df640 1 --2- >> [v2:10.20.193.17:3300/0,v1:10.20.193.17:6789/0] conn(0x7f814810a280 0x7f81481a0480 unknown :-1 s=NONE pgs=0 cs=0 l=1 rev1=0 crypto rx=0 tx=0 comp rx=0 tx=0).connect
2026-02-20T00:32:00.690 INFO:teuthology.orchestra.run.trial017.stdout:/usr/bin/ceph: stderr
2026-02-20T00:32:00.508+0000 7f814f3df640 1 -- --> [v2:10.20.193.17:3300/0,v1:10.20.193.17:6789/0] -- mon_getmap magic: 0 -- 0x7f814810e6b0 con 0x7f814810a280
2026-02-20T00:32:00.690 INFO:teuthology.orchestra.run.trial017.stdout:/usr/bin/ceph: stderr
2026-02-20T00:32:00.508+0000 7f814e3dd640 1 --2- >> [v2:10.20.193.17:3300/0,v1:10.20.193.17:6789/0] conn(0x7f814810a280 0x7f81481a0480 unknown :-1 s=BANNER_CONNECTING pgs=0 cs=0 l=1 rev1=0 crypto rx=0 tx=0 comp rx=0 tx=0)._handle_peer_banner_payload supported=3 required=0
2026-02-20T00:32:00.690 INFO:teuthology.orchestra.run.trial017.stdout:/usr/bin/ceph: stderr
2026-02-20T00:32:00.508+0000 7f814e3dd640 1 --2- >> [v2:10.20.193.17:3300/0,v1:10.20.193.17:6789/0] conn(0x7f814810a280 0x7f81481a0480 unknown :-1 s=HELLO_CONNECTING pgs=0 cs=0 l=1 rev1=1 crypto rx=0 tx=0 comp rx=0 tx=0).handle_hello peer v2:10.20.193.17:3300/0 says I am v2:10.20.193.17:59358/0 (socket says 10.20.193.17:59358)
2026-02-20T00:32:00.690 INFO:teuthology.orchestra.run.trial017.stdout:/usr/bin/ceph: stderr
2026-02-20T00:32:00.508+0000 7f814e3dd640 1 -- 10.20.193.17:0/581222386 learned_addr learned my addr 10.20.193.17:0/581222386 (peer_addr_for_me v2:10.20.193.17:0/0)
2026-02-20T00:32:00.690 INFO:teuthology.orchestra.run.trial017.stdout:/usr/bin/ceph: stderr
2026-02-20T00:32:00.508+0000 7f814e3dd640 1 -- 10.20.193.17:0/581222386 --> [v2:10.20.193.17:3300/0,v1:10.20.193.17:6789/0] -- mon_subscribe({config=0+,monmap=0+}) -- 0x7f81481a09c0 con 0x7f814810a280
2026-02-20T00:32:00.690 INFO:teuthology.orchestra.run.trial017.stdout:/usr/bin/ceph: stderr
2026-02-20T00:32:00.509+0000 7f814e3dd640 1 --2- 10.20.193.17:0/581222386 >> [v2:10.20.193.17:3300/0,v1:10.20.193.17:6789/0] conn(0x7f814810a280 0x7f81481a0480 secure :-1 s=READY pgs=19 cs=0 l=1 rev1=1 crypto rx=0x7f8138037cd0 tx=0x7f8138037b90 comp rx=0 tx=0).ready entity=mon.0 client_cookie=0 server_cookie=0 in_seq=0 out_seq=0
2026-02-20T00:32:00.690 INFO:teuthology.orchestra.run.trial017.stdout:/usr/bin/ceph: stderr
2026-02-20T00:32:00.509+0000 7f812f7fe640 1 -- 10.20.193.17:0/581222386 <== mon.0 v2:10.20.193.17:3300/0 1 ==== mon_map magic: 0 ==== 205+0+0 (secure 0 0 0) 0x7f8138045070 con 0x7f814810a280
2026-02-20T00:32:00.690 INFO:teuthology.orchestra.run.trial017.stdout:/usr/bin/ceph: stderr
2026-02-20T00:32:00.509+0000 7f812f7fe640 1 -- 10.20.193.17:0/581222386 <== mon.0 v2:10.20.193.17:3300/0 2 ==== config(26 keys) ==== 1045+0+0 (secure 0 0 0) 0x7f8138040450 con 0x7f814810a280
2026-02-20T00:32:00.690 INFO:teuthology.orchestra.run.trial017.stdout:/usr/bin/ceph: stderr
2026-02-20T00:32:00.509+0000 7f812f7fe640 1 -- 10.20.193.17:0/581222386 <== mon.0 v2:10.20.193.17:3300/0 3 ==== mon_map magic: 0 ==== 205+0+0 (secure 0 0 0) 0x7f813803c070 con 0x7f814810a280
2026-02-20T00:32:00.690 INFO:teuthology.orchestra.run.trial017.stdout:/usr/bin/ceph: stderr
2026-02-20T00:32:00.509+0000 7f814f3df640 1 -- 10.20.193.17:0/581222386 --> [v2:10.20.193.17:3300/0,v1:10.20.193.17:6789/0] -- mon_subscribe({mgrmap=0+}) -- 0x7f81481a0c50 con 0x7f814810a280
2026-02-20T00:32:00.691 INFO:teuthology.orchestra.run.trial017.stdout:/usr/bin/ceph: stderr
2026-02-20T00:32:00.509+0000 7f814f3df640 1 -- 10.20.193.17:0/581222386 --> [v2:10.20.193.17:3300/0,v1:10.20.193.17:6789/0] -- mon_subscribe({osdmap=0}) -- 0x7f81481a3940 con 0x7f814810a280
2026-02-20T00:32:00.691 INFO:teuthology.orchestra.run.trial017.stdout:/usr/bin/ceph: stderr
2026-02-20T00:32:00.510+0000 7f814f3df640 1 -- 10.20.193.17:0/581222386 --> [v2:10.20.193.17:3300/0,v1:10.20.193.17:6789/0] -- mon_command({"prefix": "get_command_descriptions"} v 0) -- 0x7f814810a700 con 0x7f814810a280
2026-02-20T00:32:00.691 INFO:teuthology.orchestra.run.trial017.stdout:/usr/bin/ceph: stderr
2026-02-20T00:32:00.510+0000 7f812f7fe640 1 -- 10.20.193.17:0/581222386 <== mon.0 v2:10.20.193.17:3300/0 4 ==== mgrmap(e 3) ==== 50130+0+0 (secure 0 0 0) 0x7f8138040920 con 0x7f814810a280
2026-02-20T00:32:00.691 INFO:teuthology.orchestra.run.trial017.stdout:/usr/bin/ceph: stderr
2026-02-20T00:32:00.510+0000 7f812f7fe640 1 --2- 10.20.193.17:0/581222386 >> [v2:10.20.193.17:6800/2831825221,v1:10.20.193.17:6801/2831825221] conn(0x7f812403dad0 0x7f812403ff90 unknown :-1 s=NONE pgs=0 cs=0 l=1 rev1=0 crypto rx=0 tx=0 comp rx=0 tx=0).connect
2026-02-20T00:32:00.691 INFO:teuthology.orchestra.run.trial017.stdout:/usr/bin/ceph: stderr
2026-02-20T00:32:00.510+0000 7f812f7fe640 1 -- 10.20.193.17:0/581222386 <== mon.0 v2:10.20.193.17:3300/0 5 ==== osd_map(1..1 src has 1..1) ==== 725+0+0 (secure 0 0 0) 0x7f8138076390 con 0x7f814810a280
2026-02-20T00:32:00.691 INFO:teuthology.orchestra.run.trial017.stdout:/usr/bin/ceph: stderr
2026-02-20T00:32:00.510+0000 7f814dbdc640 1 --2- 10.20.193.17:0/581222386 >> [v2:10.20.193.17:6800/2831825221,v1:10.20.193.17:6801/2831825221] conn(0x7f812403dad0 0x7f812403ff90 unknown :-1 s=BANNER_CONNECTING pgs=0 cs=0 l=1 rev1=0 crypto rx=0 tx=0 comp rx=0 tx=0)._handle_peer_banner_payload supported=3 required=0
2026-02-20T00:32:00.691 INFO:teuthology.orchestra.run.trial017.stdout:/usr/bin/ceph: stderr
2026-02-20T00:32:00.511+0000 7f814dbdc640 1 --2- 10.20.193.17:0/581222386 >> [v2:10.20.193.17:6800/2831825221,v1:10.20.193.17:6801/2831825221] conn(0x7f812403dad0 0x7f812403ff90 secure :-1 s=READY pgs=7 cs=0 l=1 rev1=1 crypto rx=0x7f813c0099c0 tx=0x7f813c006eb0 comp rx=0 tx=0).ready entity=mgr.14100 client_cookie=0 server_cookie=0 in_seq=0 out_seq=0
2026-02-20T00:32:00.691 INFO:teuthology.orchestra.run.trial017.stdout:/usr/bin/ceph: stderr
2026-02-20T00:32:00.513+0000 7f812f7fe640 1 -- 10.20.193.17:0/581222386 <== mon.0 v2:10.20.193.17:3300/0 6 ==== mon_command_ack([{"prefix": "get_command_descriptions"}]=0 v0) ==== 72+0+195034 (secure 0 0 0) 0x7f8138033200 con 0x7f814810a280
2026-02-20T00:32:00.691 INFO:teuthology.orchestra.run.trial017.stdout:/usr/bin/ceph: stderr
2026-02-20T00:32:00.604+0000 7f814f3df640 1 -- 10.20.193.17:0/581222386 --> [v2:10.20.193.17:3300/0,v1:10.20.193.17:6789/0] -- mon_command({"prefix": "config assimilate-conf"} v 0) -- 0x7f8148199bd0 con 0x7f814810a280
2026-02-20T00:32:00.691 INFO:teuthology.orchestra.run.trial017.stdout:/usr/bin/ceph: stderr
