2026-02-20T00:31:54.474+0000 7f8cdf7fe640 1 -- 10.20.193.59:0/3286546579 <== mon.0 v2:10.20.193.59:3300/0 6 ==== mgrmap(e 10) ==== 50027+0+0 (secure 0 0 0) 0x7f8cec035900 con 0x7f8cf810aa00
2026-02-20T00:31:55.514 INFO:teuthology.orchestra.run.trial059.stdout:/usr/bin/ceph: stderr
2026-02-20T00:31:54.474+0000 7f8cdf7fe640 1 -- 10.20.193.59:0/3286546579 >> [v2:10.20.193.59:6800/1010070359,v1:10.20.193.59:6801/1010070359] conn(0x7f8cd003dc40 msgr2=0x7f8cd0040100 unknown :-1 s=STATE_CONNECTING l=1).mark_down
2026-02-20T00:31:55.514 INFO:teuthology.orchestra.run.trial059.stdout:/usr/bin/ceph: stderr
2026-02-20T00:31:54.474+0000 7f8cdf7fe640 1 --2- 10.20.193.59:0/3286546579 >> [v2:10.20.193.59:6800/1010070359,v1:10.20.193.59:6801/1010070359] conn(0x7f8cd003dc40 0x7f8cd0040100 unknown :-1 s=START_CONNECT pgs=0 cs=0 l=1 rev1=0 crypto rx=0 tx=0 comp rx=0 tx=0).stop
2026-02-20T00:31:55.514 INFO:teuthology.orchestra.run.trial059.stdout:/usr/bin/ceph: stderr
2026-02-20T00:31:55.475+0000 7f8cdf7fe640 1 -- 10.20.193.59:0/3286546579 <== mon.0 v2:10.20.193.59:3300/0 7 ==== mgrmap(e 11) ==== 50154+0+0 (secure 0 0 0) 0x7f8cec078820 con 0x7f8cf810aa00
2026-02-20T00:31:55.514 INFO:teuthology.orchestra.run.trial059.stdout:/usr/bin/ceph: stderr
2026-02-20T00:31:55.475+0000 7f8cdf7fe640 1 --2- 10.20.193.59:0/3286546579 >> [v2:10.20.193.59:6800/2013934157,v1:10.20.193.59:6801/2013934157] conn(0x7f8cd0041720 0x7f8cd0043b10 unknown :-1 s=NONE pgs=0 cs=0 l=1 rev1=0 crypto rx=0 tx=0 comp rx=0 tx=0).connect
2026-02-20T00:31:55.514 INFO:teuthology.orchestra.run.trial059.stdout:/usr/bin/ceph: stderr
2026-02-20T00:31:55.475+0000 7f8cdf7fe640 1 -- 10.20.193.59:0/3286546579 --> [v2:10.20.193.59:6800/2013934157,v1:10.20.193.59:6801/2013934157] -- command(tid 0: {"prefix": "get_command_descriptions"}) -- 0x7f8cd0040810 con 0x7f8cd0041720
2026-02-20T00:31:55.514 INFO:teuthology.orchestra.run.trial059.stdout:/usr/bin/ceph: stderr
2026-02-20T00:31:55.475+0000 7f8cf5d74640 1 --2- 10.20.193.59:0/3286546579 >> [v2:10.20.193.59:6800/2013934157,v1:10.20.193.59:6801/2013934157] conn(0x7f8cd0041720 0x7f8cd0043b10 unknown :-1 s=BANNER_CONNECTING pgs=0 cs=0 l=1 rev1=0 crypto rx=0 tx=0 comp rx=0 tx=0)._handle_peer_banner_payload supported=3 required=0
2026-02-20T00:31:55.514 INFO:teuthology.orchestra.run.trial059.stdout:/usr/bin/ceph: stderr
2026-02-20T00:31:55.476+0000 7f8cf5d74640 1 --2- 10.20.193.59:0/3286546579 >> [v2:10.20.193.59:6800/2013934157,v1:10.20.193.59:6801/2013934157] conn(0x7f8cd0041720 0x7f8cd0043b10 secure :-1 s=READY pgs=4 cs=0 l=1 rev1=1 crypto rx=0x7f8ce0003a80 tx=0x7f8ce00092b0 comp rx=0 tx=0).ready entity=mgr.14150 client_cookie=0 server_cookie=0 in_seq=0 out_seq=0
2026-02-20T00:31:55.514 INFO:teuthology.orchestra.run.trial059.stdout:/usr/bin/ceph: stderr
2026-02-20T00:31:55.476+0000 7f8cdf7fe640 1 -- 10.20.193.59:0/3286546579 <== mgr.14150 v2:10.20.193.59:6800/2013934157 1 ==== command_reply(tid 0: 0 ) ==== 8+0+8901 (secure 0 0 0) 0x7f8cd0040810 con 0x7f8cd0041720
2026-02-20T00:31:55.514 INFO:teuthology.orchestra.run.trial059.stdout:/usr/bin/ceph: stderr
2026-02-20T00:31:55.480+0000 7f8cfca52640 1 -- 10.20.193.59:0/3286546579 --> [v2:10.20.193.59:6800/2013934157,v1:10.20.193.59:6801/2013934157] -- command(tid 1: {"prefix": "mgr_status"}) -- 0x7f8cf810ae80 con 0x7f8cd0041720
2026-02-20T00:31:55.515 INFO:teuthology.orchestra.run.trial059.stdout:/usr/bin/ceph: stderr
2026-02-20T00:31:55.480+0000 7f8cdf7fe640 1 -- 10.20.193.59:0/3286546579 <== mgr.14150 v2:10.20.193.59:6800/2013934157 2 ==== command_reply(tid 1: 0 ) ==== 8+0+52 (secure 0 0 0) 0x7f8cf810ae80 con 0x7f8cd0041720
2026-02-20T00:31:55.515 INFO:teuthology.orchestra.run.trial059.stdout:/usr/bin/ceph: stderr
2026-02-20T00:31:55.480+0000 7f8cfca52640 1 -- 10.20.193.59:0/3286546579 >> [v2:10.20.193.59:6800/2013934157,v1:10.20.193.59:6801/2013934157] conn(0x7f8cd0041720 msgr2=0x7f8cd0043b10 secure :-1 s=STATE_CONNECTION_ESTABLISHED l=1).mark_down
2026-02-20T00:31:55.515 INFO:teuthology.orchestra.run.trial059.stdout:/usr/bin/ceph: stderr
2026-02-20T00:31:55.480+0000 7f8cfca52640 1 --2- 10.20.193.59:0/3286546579 >> [v2:10.20.193.59:6800/2013934157,v1:10.20.193.59:6801/2013934157] conn(0x7f8cd0041720 0x7f8cd0043b10 secure :-1 s=READY pgs=4 cs=0 l=1 rev1=1 crypto rx=0x7f8ce0003a80 tx=0x7f8ce00092b0 comp rx=0 tx=0).stop
2026-02-20T00:31:55.515 INFO:teuthology.orchestra.run.trial059.stdout:/usr/bin/ceph: stderr
2026-02-20T00:31:55.480+0000 7f8cfca52640 1 -- 10.20.193.59:0/3286546579 >> [v2:10.20.193.59:3300/0,v1:10.20.193.59:6789/0] conn(0x7f8cf810aa00 msgr2=0x7f8cf81a0430 secure :-1 s=STATE_CONNECTION_ESTABLISHED l=1).mark_down
2026-02-20T00:31:55.515 INFO:teuthology.orchestra.run.trial059.stdout:/usr/bin/ceph: stderr
2026-02-20T00:31:55.480+0000 7f8cfca52640 1 --2- 10.20.193.59:0/3286546579 >> [v2:10.20.193.59:3300/0,v1:10.20.193.59:6789/0] conn(0x7f8cf810aa00 0x7f8cf81a0430 secure :-1 s=READY pgs=60 cs=0 l=1 rev1=1 crypto rx=0x7f8cec009a50 tx=0x7f8cec037820 comp rx=0 tx=0).stop
2026-02-20T00:31:55.515 INFO:teuthology.orchestra.run.trial059.stdout:/usr/bin/ceph: stderr
2026-02-20T00:31:55.480+0000 7f8cfca52640 1 -- 10.20.193.59:0/3286546579 shutdown_connections
2026-02-20T00:31:55.515 INFO:teuthology.orchestra.run.trial059.stdout:/usr/bin/ceph: stderr
2026-02-20T00:31:55.480+0000 7f8cfca52640 1 --2- 10.20.193.59:0/3286546579 >> [v2:10.20.193.59:6800/2013934157,v1:10.20.193.59:6801/2013934157] conn(0x7f8cd0041720 0x7f8cd0043b10 unknown :-1 s=CLOSED pgs=4 cs=0 l=1 rev1=1 crypto rx=0 tx=0 comp rx=0 tx=0).stop
2026-02-20T00:31:55.515 INFO:teuthology.orchestra.run.trial059.stdout:/usr/bin/ceph: stderr
2026-02-20T00:31:55.480+0000 7f8cfca52640 1 --2- 10.20.193.59:0/3286546579 >> [v2:10.20.193.59:6800/1010070359,v1:10.20.193.59:6801/1010070359] conn(0x7f8cd003dc40 0x7f8cd0040100 unknown :-1 s=CLOSED pgs=0 cs=0 l=1 rev1=0 crypto rx=0 tx=0 comp rx=0 tx=0).stop
2026-02-20T00:31:55.515 INFO:teuthology.orchestra.run.trial059.stdout:/usr/bin/ceph: stderr
2026-02-20T00:31:55.480+0000 7f8cfca52640 1 --2- 10.20.193.59:0/3286546579 >> [v2:10.20.193.59:3300/0,v1:10.20.193.59:6789/0] conn(0x7f8cf810aa00 0x7f8cf81a0430 unknown :-1 s=CLOSED pgs=60 cs=0 l=1 rev1=1 crypto rx=0 tx=0 comp rx=0 tx=0).stop
2026-02-20T00:31:55.515 INFO:teuthology.orchestra.run.trial059.stdout:/usr/bin/ceph: stderr
2026-02-20T00:31:55.480+0000 7f8cfca52640 1 -- 10.20.193.59:0/3286546579 >> 10.20.193.59:0/3286546579 conn(0x7f8cf807dae0 msgr2=0x7f8cf8108610 unknown :-1 s=STATE_NONE l=0).mark_down
2026-02-20T00:31:55.515 INFO:teuthology.orchestra.run.trial059.stdout:/usr/bin/ceph: stderr
2026-02-20T00:31:55.480+0000 7f8cfca52640 1 -- 10.20.193.59:0/3286546579 shutdown_connections
2026-02-20T00:31:55.515 INFO:teuthology.orchestra.run.trial059.stdout:/usr/bin/ceph: stderr
2026-02-20T00:31:55.480+0000 7f8cfca52640 1 -- 10.20.193.59:0/3286546579 wait complete.
2026-02-20T00:31:55.516 INFO:teuthology.orchestra.run.trial059.stdout:mgr epoch 9 is available
2026-02-20T00:31:55.516 INFO:teuthology.orchestra.run.trial059.stdout:Generating a dashboard self-signed certificate...
2026-02-20T00:31:55.754 INFO:teuthology.orchestra.run.trial059.stdout:/usr/bin/ceph: stdout Self-signed certificate created
2026-02-20T00:31:55.754 INFO:teuthology.orchestra.run.trial059.stdout:/usr/bin/ceph: stderr
2026-02-20T00:31:55.598+0000 7fd30690c640 1 Processor -- start
2026-02-20T00:31:55.754 INFO:teuthology.orchestra.run.trial059.stdout:/usr/bin/ceph: stderr
2026-02-20T00:31:55.598+0000 7fd30690c640 1 -- start start
2026-02-20T00:31:55.755 INFO:teuthology.orchestra.run.trial059.stdout:/usr/bin/ceph: stderr
2026-02-20T00:31:55.598+0000 7fd30690c640 1 --2- >> [v2:10.20.193.59:3300/0,v1:10.20.193.59:6789/0] conn(0x7fd30010aa00 0x7fd30010ae00 unknown :-1 s=NONE pgs=0 cs=0 l=0 rev1=0 crypto rx=0 tx=0 comp rx=0 tx=0).connect
2026-02-20T00:31:55.755 INFO:teuthology.orchestra.run.trial059.stdout:/usr/bin/ceph: stderr
2026-02-20T00:31:55.598+0000 7fd30690c640 1 -- --> [v2:10.20.193.59:3300/0,v1:10.20.193.59:6789/0] -- mon_getmap magic: 0 -- 0x7fd30010b3d0 con 0x7fd30010aa00
2026-02-20T00:31:55.755 INFO:teuthology.orchestra.run.trial059.stdout:/usr/bin/ceph: stderr
2026-02-20T00:31:55.599+0000 7fd2fffff640 1 --2- >> [v2:10.20.193.59:3300/0,v1:10.20.193.59:6789/0] conn(0x7fd30010aa00 0x7fd30010ae00 unknown :-1 s=BANNER_CONNECTING pgs=0 cs=0 l=0 rev1=0 crypto rx=0 tx=0 comp rx=0 tx=0)._handle_peer_banner_payload supported=3 required=0
2026-02-20T00:31:55.755 INFO:teuthology.orchestra.run.trial059.stdout:/usr/bin/ceph: stderr
2026-02-20T00:31:55.599+0000 7fd2fffff640 1 --2- >> [v2:10.20.193.59:3300/0,v1:10.20.193.59:6789/0] conn(0x7fd30010aa00 0x7fd30010ae00 unknown :-1 s=HELLO_CONNECTING pgs=0 cs=0 l=0 rev1=1 crypto rx=0 tx=0 comp rx=0 tx=0).handle_hello peer v2:10.20.193.59:3300/0 says I am v2:10.20.193.59:36220/0 (socket says 10.20.193.59:36220)
2026-02-20T00:31:55.755 INFO:teuthology.orchestra.run.trial059.stdout:/usr/bin/ceph: stderr
2026-02-20T00:31:55.599+0000 7fd2fffff640 1 -- 10.20.193.59:0/651309889 learned_addr learned my addr 10.20.193.59:0/651309889 (peer_addr_for_me v2:10.20.193.59:0/0)
2026-02-20T00:31:55.755 INFO:teuthology.orchestra.run.trial059.stdout:/usr/bin/ceph: stderr
2026-02-20T00:31:55.599+0000 7fd2fffff640 1 -- 10.20.193.59:0/651309889 --> [v2:10.20.193.59:3300/0,v1:10.20.193.59:6789/0] -- mon_subscribe({config=0+,monmap=0+}) -- 0x7fd30010b7c0 con 0x7fd30010aa00
2026-02-20T00:31:55.755 INFO:teuthology.orchestra.run.trial059.stdout:/usr/bin/ceph: stderr
2026-02-20T00:31:55.599+0000 7fd2fffff640 1 --2- 10.20.193.59:0/651309889 >> [v2:10.20.193.59:3300/0,v1:10.20.193.59:6789/0] conn(0x7fd30010aa00 0x7fd30010ae00 secure :-1 s=READY pgs=68 cs=0 l=1 rev1=1 crypto rx=0x7fd2ec009920 tx=0x7fd2ec02ef20 comp rx=0 tx=0).ready entity=mon.0 client_cookie=d5f8b99da0e4abff server_cookie=0 in_seq=0 out_seq=0
2026-02-20T00:31:55.755 INFO:teuthology.orchestra.run.trial059.stdout:/usr/bin/ceph: stderr
2026-02-20T00:31:55.599+0000 7fd2feffd640 1 -- 10.20.193.59:0/651309889 <== mon.0 v2:10.20.193.59:3300/0 1 ==== mon_map magic: 0 ==== 205+0+0 (secure 0 0 0) 0x7fd2ec03c070 con 0x7fd30010aa00
2026-02-20T00:31:55.755 INFO:teuthology.orchestra.run.trial059.stdout:/usr/bin/ceph: stderr
2026-02-20T00:31:55.599+0000 7fd2feffd640 1 -- 10.20.193.59:0/651309889 <== mon.0 v2:10.20.193.59:3300/0 2 ==== config(26 keys) ==== 1076+0+0 (secure 0 0 0) 0x7fd2ec037440 con 0x7fd30010aa00
2026-02-20T00:31:55.755 INFO:teuthology.orchestra.run.trial059.stdout:/usr/bin/ceph: stderr
2026-02-20T00:31:55.599+0000 7fd2feffd640 1 -- 10.20.193.59:0/651309889 <== mon.0 v2:10.20.193.59:3300/0 3 ==== mon_map magic: 0 ==== 205+0+0 (secure 0 0 0) 0x7fd2ec0354d0 con 0x7fd30010aa00
2026-02-20T00:31:55.755 INFO:teuthology.orchestra.run.trial059.stdout:/usr/bin/ceph: stderr
2026-02-20T00:31:55.600+0000 7fd30690c640 1 -- 10.20.193.59:0/651309889 >> [v2:10.20.193.59:3300/0,v1:10.20.193.59:6789/0] conn(0x7fd30010aa00 msgr2=0x7fd30010ae00 secure :-1 s=STATE_CONNECTION_ESTABLISHED l=1).mark_down
2026-02-20T00:31:55.756 INFO:teuthology.orchestra.run.trial059.stdout:/usr/bin/ceph: stderr
2026-02-20T00:31:55.600+0000 7fd30690c640 1 --2- 10.20.193.59:0/651309889 >> [v2:10.20.193.59:3300/0,v1:10.20.193.59:6789/0] conn(0x7fd30010aa00 0x7fd30010ae00 secure :-1 s=READY pgs=68 cs=0 l=1 rev1=1 crypto rx=0x7fd2ec009920 tx=0x7fd2ec02ef20 comp rx=0 tx=0).stop
2026-02-20T00:31:55.756 INFO:teuthology.orchestra.run.trial059.stdout:/usr/bin/ceph: stderr
2026-02-20T00:31:55.600+0000 7fd30690c640 1 -- 10.20.193.59:0/651309889 shutdown_connections
2026-02-20T00:31:55.756 INFO:teuthology.orchestra.run.trial059.stdout:/usr/bin/ceph: stderr
2026-02-20T00:31:55.600+0000 7fd30690c640 1 --2- 10.20.193.59:0/651309889 >> [v2:10.20.193.59:3300/0,v1:10.20.193.59:6789/0] conn(0x7fd30010aa00 0x7fd30010ae00 unknown :-1 s=CLOSED pgs=68 cs=0 l=1 rev1=1 crypto rx=0 tx=0 comp rx=0 tx=0).stop
2026-02-20T00:31:55.756 INFO:teuthology.orchestra.run.trial059.stdout:/usr/bin/ceph: stderr
2026-02-20T00:31:55.600+0000 7fd30690c640 1 -- 10.20.193.59:0/651309889 >> 10.20.193.59:0/651309889 conn(0x7fd30007db00 msgr2=0x7fd30007df10 unknown :-1 s=STATE_NONE l=0).mark_down
2026-02-20T00:31:55.756 INFO:teuthology.orchestra.run.trial059.stdout:/usr/bin/ceph: stderr
2026-02-20T00:31:55.600+0000 7fd30690c640 1 -- 10.20.193.59:0/651309889 shutdown_connections
2026-02-20T00:31:55.756 INFO:teuthology.orchestra.run.trial059.stdout:/usr/bin/ceph: stderr
2026-02-20T00:31:55.600+0000 7fd30690c640 1 -- 10.20.193.59:0/651309889 wait complete.
2026-02-20T00:31:55.756 INFO:teuthology.orchestra.run.trial059.stdout:/usr/bin/ceph: stderr
2026-02-20T00:31:55.600+0000 7fd30690c640 1 Processor -- start
2026-02-20T00:31:55.756 INFO:teuthology.orchestra.run.trial059.stdout:/usr/bin/ceph: stderr
2026-02-20T00:31:55.600+0000 7fd30690c640 1 -- start start
2026-02-20T00:31:55.756 INFO:teuthology.orchestra.run.trial059.stdout:/usr/bin/ceph: stderr
2026-02-20T00:31:55.600+0000 7fd30690c640 1 --2- >> [v2:10.20.193.59:3300/0,v1:10.20.193.59:6789/0] conn(0x7fd30010aa00 0x7fd3001a0440 unknown :-1 s=NONE pgs=0 cs=0 l=1 rev1=0 crypto rx=0 tx=0 comp rx=0 tx=0).connect
2026-02-20T00:31:55.756 INFO:teuthology.orchestra.run.trial059.stdout:/usr/bin/ceph: stderr
2026-02-20T00:31:55.600+0000 7fd30690c640 1 -- --> [v2:10.20.193.59:3300/0,v1:10.20.193.59:6789/0] -- mon_getmap magic: 0 -- 0x7fd30010e9f0 con 0x7fd30010aa00
2026-02-20T00:31:55.756 INFO:teuthology.orchestra.run.trial059.stdout:/usr/bin/ceph: stderr
2026-02-20T00:31:55.600+0000 7fd2fffff640 1 --2- >> [v2:10.20.193.59:3300/0,v1:10.20.193.59:6789/0] conn(0x7fd30010aa00 0x7fd3001a0440 unknown :-1 s=BANNER_CONNECTING pgs=0 cs=0 l=1 rev1=0 crypto rx=0 tx=0 comp rx=0 tx=0)._handle_peer_banner_payload supported=3 required=0
2026-02-20T00:31:55.756 INFO:teuthology.orchestra.run.trial059.stdout:/usr/bin/ceph: stderr
2026-02-20T00:31:55.600+0000 7fd2fffff640 1 --2- >> [v2:10.20.193.59:3300/0,v1:10.20.193.59:6789/0] conn(0x7fd30010aa00 0x7fd3001a0440 unknown :-1 s=HELLO_CONNECTING pgs=0 cs=0 l=1 rev1=1 crypto rx=0 tx=0 comp rx=0 tx=0).handle_hello peer v2:10.20.193.59:3300/0 says I am v2:10.20.193.59:36236/0 (socket says 10.20.193.59:36236)
2026-02-20T00:31:55.757 INFO:teuthology.orchestra.run.trial059.stdout:/usr/bin/ceph: stderr
2026-02-20T00:31:55.600+0000 7fd2fffff640 1 -- 10.20.193.59:0/2657337232 learned_addr learned my addr 10.20.193.59:0/2657337232 (peer_addr_for_me v2:10.20.193.59:0/0)
2026-02-20T00:31:55.757 INFO:teuthology.orchestra.run.trial059.stdout:/usr/bin/ceph: stderr
2026-02-20T00:31:55.600+0000 7fd2fffff640 1 -- 10.20.193.59:0/2657337232 --> [v2:10.20.193.59:3300/0,v1:10.20.193.59:6789/0] -- mon_subscribe({config=0+,monmap=0+}) -- 0x7fd3001a0980 con 0x7fd30010aa00
2026-02-20T00:31:55.757 INFO:teuthology.orchestra.run.trial059.stdout:/usr/bin/ceph: stderr
2026-02-20T00:31:55.600+0000 7fd2fffff640 1 --2- 10.20.193.59:0/2657337232 >> [v2:10.20.193.59:3300/0,v1:10.20.193.59:6789/0] conn(0x7fd30010aa00 0x7fd3001a0440 secure :-1 s=READY pgs=69 cs=0 l=1 rev1=1 crypto rx=0x7fd2ec039000 tx=0x7fd2ec037820 comp rx=0 tx=0).ready entity=mon.0 client_cookie=0 server_cookie=0 in_seq=0 out_seq=0
2026-02-20T00:31:55.757 INFO:teuthology.orchestra.run.trial059.stdout:/usr/bin/ceph: stderr
2026-02-20T00:31:55.600+0000 7fd2fd7fa640 1 -- 10.20.193.59:0/2657337232 <== mon.0 v2:10.20.193.59:3300/0 1 ==== mon_map magic: 0 ==== 205+0+0 (secure 0 0 0) 0x7fd2ec047070 con 0x7fd30010aa00
2026-02-20T00:31:55.757 INFO:teuthology.orchestra.run.trial059.stdout:/usr/bin/ceph: stderr
2026-02-20T00:31:55.601+0000 7fd2fd7fa640 1 -- 10.20.193.59:0/2657337232 <== mon.0 v2:10.20.193.59:3300/0 2 ==== config(26 keys) ==== 1076+0+0 (secure 0 0 0) 0x7fd2ec035df0 con 0x7fd30010aa00
2026-02-20T00:31:55.757 INFO:teuthology.orchestra.run.trial059.stdout:/usr/bin/ceph: stderr
2026-02-20T00:31:55.601+0000 7fd2fd7fa640 1 -- 10.20.193.59:0/2657337232 <== mon.0 v2:10.20.193.59:3300/0 3 ==== mon_map magic: 0 ==== 205+0+0 (secure 0 0 0) 0x7fd2ec03c070 con 0x7fd30010aa00
2026-02-20T00:31:55.757 INFO:teuthology.orchestra.run.trial059.stdout:/usr/bin/ceph: stderr
2026-02-20T00:31:55.601+0000 7fd30690c640 1 -- 10.20.193.59:0/2657337232 --> [v2:10.20.193.59:3300/0,v1:10.20.193.59:6789/0] -- mon_subscribe({mgrmap=0+}) -- 0x7fd3001a0c10 con 0x7fd30010aa00
2026-02-20T00:31:55.757 INFO:teuthology.orchestra.run.trial059.stdout:/usr/bin/ceph: stderr
2026-02-20T00:31:55.601+0000 7fd30690c640 1 -- 10.20.193.59:0/2657337232 --> [v2:10.20.193.59:3300/0,v1:10.20.193.59:6789/0] -- mon_subscribe({osdmap=0}) -- 0x7fd3001a3900 con 0x7fd30010aa00
2026-02-20T00:31:55.757 INFO:teuthology.orchestra.run.trial059.stdout:/usr/bin/ceph: stderr
2026-02-20T00:31:55.601+0000 7fd30690c640 1 -- 10.20.193.59:0/2657337232 --> [v2:10.20.193.59:3300/0,v1:10.20.193.59:6789/0] -- mon_command({"prefix": "get_command_descriptions"} v 0) -- 0x7fd30010ae80 con 0x7fd30010aa00
2026-02-20T00:31:55.757 INFO:teuthology.orchestra.run.trial059.stdout:/usr/bin/ceph: stderr
2026-02-20T00:31:55.601+0000 7fd2fd7fa640 1 -- 10.20.193.59:0/2657337232 <== mon.0 v2:10.20.193.59:3300/0 4 ==== mgrmap(e 11) ==== 50154+0+0 (secure 0 0 0) 0x7fd2ec042640 con 0x7fd30010aa00
2026-02-20T00:31:55.757 INFO:teuthology.orchestra.run.trial059.stdout:/usr/bin/ceph: stderr
2026-02-20T00:31:55.601+0000 7fd2fd7fa640 1 --2- 10.20.193.59:0/2657337232 >> [v2:10.20.193.59:6800/2013934157,v1:10.20.193.59:6801/2013934157] conn(0x7fd2d403db20 0x7fd2d403ffe0 unknown :-1 s=NONE pgs=0 cs=0 l=1 rev1=0 crypto rx=0 tx=0 comp rx=0 tx=0).connect
2026-02-20T00:31:55.757 INFO:teuthology.orchestra.run.trial059.stdout:/usr/bin/ceph: stderr
2026-02-20T00:31:55.601+0000 7fd2fd7fa640 1 -- 10.20.193.59:0/2657337232 <== mon.0 v2:10.20.193.59:3300/0 5 ==== osd_map(3..3 src has 1..3) ==== 1155+0+0 (secure 0 0 0) 0x7fd2ec076b60 con 0x7fd30010aa00
2026-02-20T00:31:55.758 INFO:teuthology.orchestra.run.trial059.stdout:/usr/bin/ceph: stderr
2026-02-20T00:31:55.601+0000 7fd2ff7fe640 1 --2- 10.20.193.59:0/2657337232 >> [v2:10.20.193.59:6800/2013934157,v1:10.20.193.59:6801/2013934157] conn(0x7fd2d403db20 0x7fd2d403ffe0 unknown :-1 s=BANNER_CONNECTING pgs=0 cs=0 l=1 rev1=0 crypto rx=0 tx=0 comp rx=0 tx=0)._handle_peer_banner_payload supported=3 required=0
2026-02-20T00:31:55.758 INFO:teuthology.orchestra.run.trial059.stdout:/usr/bin/ceph: stderr
2026-02-20T00:31:55.602+0000 7fd2ff7fe640 1 --2- 10.20.193.59:0/2657337232 >> [v2:10.20.193.59:6800/2013934157,v1:10.20.193.59:6801/2013934157] conn(0x7fd2d403db20 0x7fd2d403ffe0 secure :-1 s=READY pgs=7 cs=0 l=1 rev1=1 crypto rx=0x7fd2f00099c0 tx=0x7fd2f0006eb0 comp rx=0 tx=0).ready entity=mgr.14150 client_cookie=0 server_cookie=0 in_seq=0 out_seq=0
2026-02-20T00:31:55.758 INFO:teuthology.orchestra.run.trial059.stdout:/usr/bin/ceph: stderr
2026-02-20T00:31:55.604+0000 7fd2fd7fa640 1 -- 10.20.193.59:0/2657337232 <== mon.0 v2:10.20.193.59:3300/0 6 ==== mon_command_ack([{"prefix": "get_command_descriptions"}]=0 v0) ==== 72+0+195034 (secure 0 0 0) 0x7fd2ec0342a0 con 0x7fd30010aa00
2026-02-20T00:31:55.758 INFO:teuthology.orchestra.run.trial059.stdout:/usr/bin/ceph: stderr
2026-02-20T00:31:55.691+0000 7fd30690c640 1 -- 10.20.193.59:0/2657337232 --> [v2:10.20.193.59:6800/2013934157,v1:10.20.193.59:6801/2013934157] -- mgr_command(tid 0: {"prefix": "dashboard create-self-signed-cert", "target": ["mon-mgr", ""]}) -- 0x7fd300108d30 con 0x7fd2d403db20
2026-02-20T00:31:55.758 INFO:teuthology.orchestra.run.trial059.stdout:/usr/bin/ceph: stderr
2026-02-20T00:31:55.729+0000 7fd2fd7fa640 1 -- 10.20.193.59:0/2657337232 <== mgr.14150 v2:10.20.193.59:6800/2013934157 1 ==== mgr_command_reply(tid 0: 0 ) ==== 8+0+32 (secure 0 0 0) 0x7fd300108d30 con 0x7fd2d403db20
2026-02-20T00:31:55.758 INFO:teuthology.orchestra.run.trial059.stdout:/usr/bin/ceph: stderr
2026-02-20T00:31:55.730+0000 7fd30690c640 1 -- 10.20.193.59:0/2657337232 >> [v2:10.20.193.59:6800/2013934157,v1:10.20.193.59:6801/2013934157] conn(0x7fd2d403db20 msgr2=0x7fd2d403ffe0 secure :-1 s=STATE_CONNECTION_ESTABLISHED l=1).mark_down
2026-02-20T00:31:55.758 INFO:teuthology.orchestra.run.trial059.stdout:/usr/bin/ceph: stderr
2026-02-20T00:31:55.730+0000 7fd30690c640 1 --2- 10.20.193.59:0/2657337232 >> [v2:10.20.193.59:6800/2013934157,v1:10.20.193.59:6801/2013934157] conn(0x7fd2d403db20 0x7fd2d403ffe0 secure :-1 s=READY pgs=7 cs=0 l=1 rev1=1 crypto rx=0x7fd2f00099c0 tx=0x7fd2f0006eb0 comp rx=0 tx=0).stop
2026-02-20T00:31:55.758 INFO:teuthology.orchestra.run.trial059.stdout:/usr/bin/ceph: stderr
2026-02-20T00:31:55.730+0000 7fd30690c640 1 -- 10.20.193.59:0/2657337232 >> [v2:10.20.193.59:3300/0,v1:10.20.193.59:6789/0] conn(0x7fd30010aa00 msgr2=0x7fd3001a0440 secure :-1 s=STATE_CONNECTION_ESTABLISHED l=1).mark_down
2026-02-20T00:31:55.759 INFO:teuthology.orchestra.run.trial059.stdout:/usr/bin/ceph: stderr
2026-02-20T00:31:55.730+0000 7fd30690c640 1 --2- 10.20.193.59:0/2657337232 >> [v2:10.20.193.59:3300/0,v1:10.20.193.59:6789/0] conn(0x7fd30010aa00 0x7fd3001a0440 secure :-1 s=READY pgs=69 cs=0 l=1 rev1=1 crypto rx=0x7fd2ec039000 tx=0x7fd2ec037820 comp rx=0 tx=0).stop
2026-02-20T00:31:55.759 INFO:teuthology.orchestra.run.trial059.stdout:/usr/bin/ceph: stderr
2026-02-20T00:31:55.730+0000 7fd30690c640 1 -- 10.20.193.59:0/2657337232 shutdown_connections
2026-02-20T00:31:55.759 INFO:teuthology.orchestra.run.trial059.stdout:/usr/bin/ceph: stderr
2026-02-20T00:31:55.730+0000 7fd30690c640 1 --2- 10.20.193.59:0/2657337232 >> [v2:10.20.193.59:6800/2013934157,v1:10.20.193.59:6801/2013934157] conn(0x7fd2d403db20 0x7fd2d403ffe0 unknown :-1 s=CLOSED pgs=7 cs=0 l=1 rev1=1 crypto rx=0 tx=0 comp rx=0 tx=0).stop
2026-02-20T00:31:55.759 INFO:teuthology.orchestra.run.trial059.stdout:/usr/bin/ceph: stderr
2026-02-20T00:31:55.730+0000 7fd30690c640 1 --2- 10.20.193.59:0/2657337232 >> [v2:10.20.193.59:3300/0,v1:10.20.193.59:6789/0] conn(0x7fd30010aa00 0x7fd3001a0440 unknown :-1 s=CLOSED pgs=69 cs=0 l=1 rev1=1 crypto rx=0 tx=0 comp rx=0 tx=0).stop
2026-02-20T00:31:55.759 INFO:teuthology.orchestra.run.trial059.stdout:/usr/bin/ceph: stderr
2026-02-20T00:31:55.730+0000 7fd30690c640 1 -- 10.20.193.59:0/2657337232 >> 10.20.193.59:0/2657337232 conn(0x7fd30007db00 msgr2=0x7fd300108620 unknown :-1 s=STATE_NONE l=0).mark_down
2026-02-20T00:31:55.759 INFO:teuthology.orchestra.run.trial059.stdout:/usr/bin/ceph: stderr
2026-02-20T00:31:55.730+0000 7fd30690c640 1 -- 10.20.193.59:0/2657337232 shutdown_connections
2026-02-20T00:31:55.760 INFO:teuthology.orchestra.run.trial059.stdout:/usr/bin/ceph: stderr
2026-02-20T00:31:55.730+0000 7fd30690c640 1 -- 10.20.193.59:0/2657337232 wait complete.
2026-02-20T00:31:55.760 INFO:teuthology.orchestra.run.trial059.stdout:Creating initial admin user...
2026-02-20T00:31:56.079 INFO:journalctl@ceph.mon.a.trial059.stdout:Feb 20 00:31:55 trial059 ceph-mon[39696]: from='mgr.14150 10.20.193.59:0/357989301' entity='mgr.x'
2026-02-20T00:31:56.079 INFO:journalctl@ceph.mon.a.trial059.stdout:Feb 20 00:31:55 trial059 ceph-mon[39696]: [20/Feb/2026:00:31:55] ENGINE Bus STARTING
2026-02-20T00:31:56.079 INFO:journalctl@ceph.mon.a.trial059.stdout:Feb 20 00:31:55 trial059 ceph-mon[39696]: [20/Feb/2026:00:31:55] ENGINE Serving on http://10.20.193.59:8765
2026-02-20T00:31:56.079 INFO:journalctl@ceph.mon.a.trial059.stdout:Feb 20 00:31:55 trial059 ceph-mon[39696]: from='mgr.14150 10.20.193.59:0/357989301' entity='mgr.x'
2026-02-20T00:31:56.079 INFO:journalctl@ceph.mon.a.trial059.stdout:Feb 20 00:31:55 trial059 ceph-mon[39696]: [20/Feb/2026:00:31:55] ENGINE Serving on https://10.20.193.59:7150
2026-02-20T00:31:56.079 INFO:journalctl@ceph.mon.a.trial059.stdout:Feb 20 00:31:55 trial059 ceph-mon[39696]: [20/Feb/2026:00:31:55] ENGINE Bus STARTED
2026-02-20T00:31:56.079 INFO:journalctl@ceph.mon.a.trial059.stdout:Feb 20 00:31:55 trial059 ceph-mon[39696]: [20/Feb/2026:00:31:55] ENGINE Client ('10.20.193.59', 60464) lost — peer dropped the TLS connection suddenly, during handshake: (6, 'TLS/SSL connection has been closed (EOF) (_ssl.c:1147)')
2026-02-20T00:31:56.080 INFO:journalctl@ceph.mon.a.trial059.stdout:Feb 20 00:31:55 trial059 ceph-mon[39696]: from='client.14154 -' entity='client.admin' cmd=[{"prefix": "get_command_descriptions"}]: dispatch
2026-02-20T00:31:56.080 INFO:journalctl@ceph.mon.a.trial059.stdout:Feb 20 00:31:55 trial059 ceph-mon[39696]: mgrmap e11: x(active, since 1.00441s)
2026-02-20T00:31:56.080 INFO:journalctl@ceph.mon.a.trial059.stdout:Feb 20 00:31:55 trial059 ceph-mon[39696]: from='client.14154 -' entity='client.admin' cmd=[{"prefix": "mgr_status"}]: dispatch
2026-02-20T00:31:56.080 INFO:journalctl@ceph.mon.a.trial059.stdout:Feb 20 00:31:55 trial059 ceph-mon[39696]: from='client.14162 -' entity='client.admin' cmd=[{"prefix": "dashboard create-self-signed-cert", "target": ["mon-mgr", ""]}]: dispatch
2026-02-20T00:31:56.080 INFO:journalctl@ceph.mon.a.trial059.stdout:Feb 20 00:31:55 trial059 ceph-mon[39696]: from='mgr.14150 10.20.193.59:0/357989301' entity='mgr.x'
2026-02-20T00:31:56.080 INFO:journalctl@ceph.mon.a.trial059.stdout:Feb 20 00:31:55 trial059 ceph-mon[39696]: from='mgr.14150 10.20.193.59:0/357989301' entity='mgr.x'
2026-02-20T00:31:56.104 INFO:teuthology.orchestra.run.trial059.stdout:/usr/bin/ceph: stdout {"username": "admin", "password": "$2b$12$VHTKLrexc0FHkAxQWcnCf.zkOPaewiLNCHoFoKC6OcwR1gkwMgK4.", "roles": ["administrator"], "name": null, "email": null, "lastUpdate": 1771547516, "enabled": true, "pwdExpirationDate": null, "pwdUpdateRequired": true}
2026-02-20T00:31:56.104 INFO:teuthology.orchestra.run.trial059.stdout:/usr/bin/ceph: stderr
2026-02-20T00:31:55.843+0000 7f04614f7640 1 Processor -- start
2026-02-20T00:31:56.104 INFO:teuthology.orchestra.run.trial059.stdout:/usr/bin/ceph: stderr
2026-02-20T00:31:55.843+0000 7f04614f7640 1 -- start start
2026-02-20T00:31:56.104 INFO:teuthology.orchestra.run.trial059.stdout:/usr/bin/ceph: stderr
2026-02-20T00:31:55.844+0000 7f04614f7640 1 --2- >> [v2:10.20.193.59:3300/0,v1:10.20.193.59:6789/0] conn(0x7f045c111380 0x7f045c111780 unknown :-1 s=NONE pgs=0 cs=0 l=0 rev1=0 crypto rx=0 tx=0 comp rx=0 tx=0).connect
2026-02-20T00:31:56.104 INFO:teuthology.orchestra.run.trial059.stdout:/usr/bin/ceph: stderr
2026-02-20T00:31:55.844+0000 7f04614f7640 1 -- --> [v2:10.20.193.59:3300/0,v1:10.20.193.59:6789/0] -- mon_getmap magic: 0 -- 0x7f045c111d50 con 0x7f045c111380
2026-02-20T00:31:56.104 INFO:teuthology.orchestra.run.trial059.stdout:/usr/bin/ceph: stderr
2026-02-20T00:31:55.844+0000 7f045affd640 1 --2- >> [v2:10.20.193.59:3300/0,v1:10.20.193.59:6789/0] conn(0x7f045c111380 0x7f045c111780 unknown :-1 s=BANNER_CONNECTING pgs=0 cs=0 l=0 rev1=0 crypto rx=0 tx=0 comp rx=0 tx=0)._handle_peer_banner_payload supported=3 required=0
2026-02-20T00:31:56.104 INFO:teuthology.orchestra.run.trial059.stdout:/usr/bin/ceph: stderr
2026-02-20T00:31:55.844+0000 7f045affd640 1 --2- >> [v2:10.20.193.59:3300/0,v1:10.20.193.59:6789/0] conn(0x7f045c111380 0x7f045c111780 unknown :-1 s=HELLO_CONNECTING pgs=0 cs=0 l=0 rev1=1 crypto rx=0 tx=0 comp rx=0 tx=0).handle_hello peer v2:10.20.193.59:3300/0 says I am v2:10.20.193.59:36244/0 (socket says 10.20.193.59:36244)
2026-02-20T00:31:56.104 INFO:teuthology.orchestra.run.trial059.stdout:/usr/bin/ceph: stderr
2026-02-20T00:31:55.844+0000 7f045affd640 1 -- 10.20.193.59:0/2167398180 learned_addr learned my addr 10.20.193.59:0/2167398180 (peer_addr_for_me v2:10.20.193.59:0/0)
2026-02-20T00:31:56.105 INFO:teuthology.orchestra.run.trial059.stdout:/usr/bin/ceph: stderr
2026-02-20T00:31:55.844+0000 7f045affd640 1 -- 10.20.193.59:0/2167398180 --> [v2:10.20.193.59:3300/0,v1:10.20.193.59:6789/0] -- mon_subscribe({config=0+,monmap=0+}) -- 0x7f045c111ed0 con 0x7f045c111380
2026-02-20T00:31:56.105 INFO:teuthology.orchestra.run.trial059.stdout:/usr/bin/ceph: stderr
2026-02-20T00:31:55.844+0000 7f045affd640 1 --2- 10.20.193.59:0/2167398180 >> [v2:10.20.193.59:3300/0,v1:10.20.193.59:6789/0] conn(0x7f045c111380 0x7f045c111780 secure :-1 s=READY pgs=70 cs=0 l=1 rev1=1 crypto rx=0x7f0450009920 tx=0x7f045002ef20 comp rx=0 tx=0).ready entity=mon.0 client_cookie=1ab10f48d2012322 server_cookie=0 in_seq=0 out_seq=0
2026-02-20T00:31:56.105 INFO:teuthology.orchestra.run.trial059.stdout:/usr/bin/ceph: stderr
2026-02-20T00:31:55.844+0000 7f0459ffb640 1 -- 10.20.193.59:0/2167398180 <== mon.0 v2:10.20.193.59:3300/0 1 ==== mon_map magic: 0 ==== 205+0+0 (secure 0 0 0) 0x7f045003c070 con 0x7f045c111380
2026-02-20T00:31:56.105 INFO:teuthology.orchestra.run.trial059.stdout:/usr/bin/ceph: stderr
2026-02-20T00:31:55.844+0000 7f0459ffb640 1 -- 10.20.193.59:0/2167398180 <== mon.0 v2:10.20.193.59:3300/0 2 ==== config(26 keys) ==== 1076+0+0 (secure 0 0 0) 0x7f0450037440 con 0x7f045c111380
2026-02-20T00:31:56.105 INFO:teuthology.orchestra.run.trial059.stdout:/usr/bin/ceph: stderr
2026-02-20T00:31:55.844+0000 7f0459ffb640 1 -- 10.20.193.59:0/2167398180 <== mon.0 v2:10.20.193.59:3300/0 3 ==== mon_map magic: 0 ==== 205+0+0 (secure 0 0 0) 0x7f04500354d0 con 0x7f045c111380
2026-02-20T00:31:56.105 INFO:teuthology.orchestra.run.trial059.stdout:/usr/bin/ceph: stderr
2026-02-20T00:31:55.845+0000 7f04614f7640 1 -- 10.20.193.59:0/2167398180 >> [v2:10.20.193.59:3300/0,v1:10.20.193.59:6789/0] conn(0x7f045c111380 msgr2=0x7f045c111780 secure :-1 s=STATE_CONNECTION_ESTABLISHED l=1).mark_down
2026-02-20T00:31:56.105 INFO:teuthology.orchestra.run.trial059.stdout:/usr/bin/ceph: stderr
2026-02-20T00:31:55.845+0000 7f04614f7640 1 --2- 10.20.193.59:0/2167398180 >> [v2:10.20.193.59:3300/0,v1:10.20.193.59:6789/0] conn(0x7f045c111380 0x7f045c111780 secure :-1 s=READY pgs=70 cs=0 l=1 rev1=1 crypto rx=0x7f0450009920 tx=0x7f045002ef20 comp rx=0 tx=0).stop
2026-02-20T00:31:56.105 INFO:teuthology.orchestra.run.trial059.stdout:/usr/bin/ceph: stderr
2026-02-20T00:31:55.845+0000 7f04614f7640 1 -- 10.20.193.59:0/2167398180 shutdown_connections
2026-02-20T00:31:56.105 INFO:teuthology.orchestra.run.trial059.stdout:/usr/bin/ceph: stderr
2026-02-20T00:31:55.845+0000 7f04614f7640 1 --2- 10.20.193.59:0/2167398180 >> [v2:10.20.193.59:3300/0,v1:10.20.193.59:6789/0] conn(0x7f045c111380 0x7f045c111780 unknown :-1 s=CLOSED pgs=70 cs=0 l=1 rev1=1 crypto rx=0 tx=0 comp rx=0 tx=0).stop
2026-02-20T00:31:56.105 INFO:teuthology.orchestra.run.trial059.stdout:/usr/bin/ceph: stderr
2026-02-20T00:31:55.845+0000 7f04614f7640 1 -- 10.20.193.59:0/2167398180 >> 10.20.193.59:0/2167398180 conn(0x7f045c070650 msgr2=0x7f045c072a90 unknown :-1 s=STATE_NONE l=0).mark_down
2026-02-20T00:31:56.105 INFO:teuthology.orchestra.run.trial059.stdout:/usr/bin/ceph: stderr
2026-02-20T00:31:55.845+0000 7f04614f7640 1 -- 10.20.193.59:0/2167398180 shutdown_connections
2026-02-20T00:31:56.105 INFO:teuthology.orchestra.run.trial059.stdout:/usr/bin/ceph: stderr
2026-02-20T00:31:55.845+0000 7f04614f7640 1 -- 10.20.193.59:0/2167398180 wait complete.
2026-02-20T00:31:56.106 INFO:teuthology.orchestra.run.trial059.stdout:/usr/bin/ceph: stderr
2026-02-20T00:31:55.845+0000 7f04614f7640 1 Processor -- start
2026-02-20T00:31:56.106 INFO:teuthology.orchestra.run.trial059.stdout:/usr/bin/ceph: stderr
2026-02-20T00:31:55.845+0000 7f04614f7640 1 -- start start
2026-02-20T00:31:56.106 INFO:teuthology.orchestra.run.trial059.stdout:/usr/bin/ceph: stderr
2026-02-20T00:31:55.845+0000 7f04614f7640 1 --2- >> [v2:10.20.193.59:3300/0,v1:10.20.193.59:6789/0] conn(0x7f045c111380 0x7f045c06f470 unknown :-1 s=NONE pgs=0 cs=0 l=1 rev1=0 crypto rx=0 tx=0 comp rx=0 tx=0).connect
2026-02-20T00:31:56.106 INFO:teuthology.orchestra.run.trial059.stdout:/usr/bin/ceph: stderr
2026-02-20T00:31:55.845+0000 7f04614f7640 1 -- --> [v2:10.20.193.59:3300/0,v1:10.20.193.59:6789/0] -- mon_getmap magic: 0 -- 0x7f045c112e20 con 0x7f045c111380
2026-02-20T00:31:56.106 INFO:teuthology.orchestra.run.trial059.stdout:/usr/bin/ceph: stderr
2026-02-20T00:31:55.845+0000 7f045affd640 1 --2- >> [v2:10.20.193.59:3300/0,v1:10.20.193.59:6789/0] conn(0x7f045c111380 0x7f045c06f470 unknown :-1 s=BANNER_CONNECTING pgs=0 cs=0 l=1 rev1=0 crypto rx=0 tx=0 comp rx=0 tx=0)._handle_peer_banner_payload supported=3 required=0
2026-02-20T00:31:56.106 INFO:teuthology.orchestra.run.trial059.stdout:/usr/bin/ceph: stderr
2026-02-20T00:31:55.845+0000 7f045affd640 1 --2- >> [v2:10.20.193.59:3300/0,v1:10.20.193.59:6789/0] conn(0x7f045c111380 0x7f045c06f470 unknown :-1 s=HELLO_CONNECTING pgs=0 cs=0 l=1 rev1=1 crypto rx=0 tx=0 comp rx=0 tx=0).handle_hello peer v2:10.20.193.59:3300/0 says I am v2:10.20.193.59:36256/0 (socket says 10.20.193.59:36256)
2026-02-20T00:31:56.106 INFO:teuthology.orchestra.run.trial059.stdout:/usr/bin/ceph: stderr
2026-02-20T00:31:55.845+0000 7f045affd640 1 -- 10.20.193.59:0/1171139049 learned_addr learned my addr 10.20.193.59:0/1171139049 (peer_addr_for_me v2:10.20.193.59:0/0)
2026-02-20T00:31:56.106 INFO:teuthology.orchestra.run.trial059.stdout:/usr/bin/ceph: stderr
2026-02-20T00:31:55.845+0000 7f045affd640 1 -- 10.20.193.59:0/1171139049 --> [v2:10.20.193.59:3300/0,v1:10.20.193.59:6789/0] -- mon_subscribe({config=0+,monmap=0+}) -- 0x7f045c06f9b0 con 0x7f045c111380
2026-02-20T00:31:56.106 INFO:teuthology.orchestra.run.trial059.stdout:/usr/bin/ceph: stderr
2026-02-20T00:31:55.846+0000 7f045affd640 1 --2- 10.20.193.59:0/1171139049 >> [v2:10.20.193.59:3300/0,v1:10.20.193.59:6789/0] conn(0x7f045c111380 0x7f045c06f470 secure :-1 s=READY pgs=71 cs=0 l=1 rev1=1 crypto rx=0x7f0450039000 tx=0x7f0450037820 comp rx=0 tx=0).ready entity=mon.0 client_cookie=0 server_cookie=0 in_seq=0 out_seq=0
2026-02-20T00:31:56.106 INFO:teuthology.orchestra.run.trial059.stdout:/usr/bin/ceph: stderr
2026-02-20T00:31:55.846+0000 7f043bfff640 1 -- 10.20.193.59:0/1171139049 <== mon.0 v2:10.20.193.59:3300/0 1 ==== mon_map magic: 0 ==== 205+0+0 (secure 0 0 0) 0x7f0450047070 con 0x7f045c111380
2026-02-20T00:31:56.106 INFO:teuthology.orchestra.run.trial059.stdout:/usr/bin/ceph: stderr
2026-02-20T00:31:55.846+0000 7f043bfff640 1 -- 10.20.193.59:0/1171139049 <== mon.0 v2:10.20.193.59:3300/0 2 ==== config(26 keys) ==== 1076+0+0 (secure 0 0 0) 0x7f0450035df0 con 0x7f045c111380
2026-02-20T00:31:56.106 INFO:teuthology.orchestra.run.trial059.stdout:/usr/bin/ceph: stderr
2026-02-20T00:31:55.846+0000 7f04614f7640 1 -- 10.20.193.59:0/1171139049 --> [v2:10.20.193.59:3300/0,v1:10.20.193.59:6789/0] -- mon_subscribe({mgrmap=0+}) -- 0x7f045c06dba0 con 0x7f045c111380
2026-02-20T00:31:56.107 INFO:teuthology.orchestra.run.trial059.stdout:/usr/bin/ceph: stderr
2026-02-20T00:31:55.846+0000 7f043bfff640 1 -- 10.20.193.59:0/1171139049 <== mon.0 v2:10.20.193.59:3300/0 3 ==== mon_map magic: 0 ==== 205+0+0 (secure 0 0 0) 0x7f045003c070 con 0x7f045c111380
2026-02-20T00:31:56.107 INFO:teuthology.orchestra.run.trial059.stdout:/usr/bin/ceph: stderr
2026-02-20T00:31:55.846+0000 7f04614f7640 1 -- 10.20.193.59:0/1171139049 --> [v2:10.20.193.59:3300/0,v1:10.20.193.59:6789/0] -- mon_subscribe({osdmap=0}) -- 0x7f045c06e080 con 0x7f045c111380
2026-02-20T00:31:56.107 INFO:teuthology.orchestra.run.trial059.stdout:/usr/bin/ceph: stderr
2026-02-20T00:31:55.846+0000 7f04614f7640 1 -- 10.20.193.59:0/1171139049 --> [v2:10.20.193.59:3300/0,v1:10.20.193.59:6789/0] -- mon_command({"prefix": "get_command_descriptions"} v 0) -- 0x7f045c111800 con 0x7f045c111380
2026-02-20T00:31:56.107 INFO:teuthology.orchestra.run.trial059.stdout:/usr/bin/ceph: stderr
2026-02-20T00:31:55.846+0000 7f043bfff640 1 -- 10.20.193.59:0/1171139049 <== mon.0 v2:10.20.193.59:3300/0 4 ==== mgrmap(e 11) ==== 50154+0+0 (secure 0 0 0) 0x7f045004c440 con 0x7f045c111380
2026-02-20T00:31:56.107 INFO:teuthology.orchestra.run.trial059.stdout:/usr/bin/ceph: stderr
2026-02-20T00:31:55.846+0000 7f043bfff640 1 --2- 10.20.193.59:0/1171139049 >> [v2:10.20.193.59:6800/2013934157,v1:10.20.193.59:6801/2013934157] conn(0x7f043003db20 0x7f043003ffe0 unknown :-1 s=NONE pgs=0 cs=0 l=1 rev1=0 crypto rx=0 tx=0 comp rx=0 tx=0).connect
2026-02-20T00:31:56.107 INFO:teuthology.orchestra.run.trial059.stdout:/usr/bin/ceph: stderr
2026-02-20T00:31:55.846+0000 7f043bfff640 1 -- 10.20.193.59:0/1171139049 <== mon.0 v2:10.20.193.59:3300/0 5 ==== osd_map(3..3 src has 1..3) ==== 1155+0+0 (secure 0 0 0) 0x7f0450076be0 con 0x7f045c111380
2026-02-20T00:31:56.107 INFO:teuthology.orchestra.run.trial059.stdout:/usr/bin/ceph: stderr
2026-02-20T00:31:55.846+0000 7f045a7fc640 1 --2- 10.20.193.59:0/1171139049 >> [v2:10.20.193.59:6800/2013934157,v1:10.20.193.59:6801/2013934157] conn(0x7f043003db20 0x7f043003ffe0 unknown :-1 s=BANNER_CONNECTING pgs=0 cs=0 l=1 rev1=0 crypto rx=0 tx=0 comp rx=0 tx=0)._handle_peer_banner_payload supported=3 required=0
2026-02-20T00:31:56.107 INFO:teuthology.orchestra.run.trial059.stdout:/usr/bin/ceph: stderr
2026-02-20T00:31:55.847+0000 7f045a7fc640 1 --2- 10.20.193.59:0/1171139049 >> [v2:10.20.193.59:6800/2013934157,v1:10.20.193.59:6801/2013934157] conn(0x7f043003db20 0x7f043003ffe0 secure :-1 s=READY pgs=8 cs=0 l=1 rev1=1 crypto rx=0x7f04440099c0 tx=0x7f0444006eb0 comp rx=0 tx=0).ready entity=mgr.14150 client_cookie=0 server_cookie=0 in_seq=0 out_seq=0
2026-02-20T00:31:56.107 INFO:teuthology.orchestra.run.trial059.stdout:/usr/bin/ceph: stderr
2026-02-20T00:31:55.849+0000 7f043bfff640 1 -- 10.20.193.59:0/1171139049 <== mon.0 v2:10.20.193.59:3300/0 6 ==== mon_command_ack([{"prefix": "get_command_descriptions"}]=0 v0) ==== 72+0+195034 (secure 0 0 0) 0x7f0450042440 con 0x7f045c111380
2026-02-20T00:31:56.107 INFO:teuthology.orchestra.run.trial059.stdout:/usr/bin/ceph: stderr
2026-02-20T00:31:55.937+0000 7f04614f7640 1 -- 10.20.193.59:0/1171139049 --> [v2:10.20.193.59:6800/2013934157,v1:10.20.193.59:6801/2013934157] -- mgr_command(tid 0: {"prefix": "dashboard ac-user-create", "username": "admin", "rolename": "administrator", "force_password": true, "pwd_update_required": true, "target": ["mon-mgr", ""]}) -- 0x7f045c06e870 con 0x7f043003db20
2026-02-20T00:31:56.107 INFO:teuthology.orchestra.run.trial059.stdout:/usr/bin/ceph: stderr
2026-02-20T00:31:56.078+0000 7f043bfff640 1 -- 10.20.193.59:0/1171139049 <== mgr.14150 v2:10.20.193.59:6800/2013934157 1 ==== mgr_command_reply(tid 0: 0 ) ==== 8+0+252 (secure 0 0 0) 0x7f045c06e870 con 0x7f043003db20
2026-02-20T00:31:56.108 INFO:teuthology.orchestra.run.trial059.stdout:/usr/bin/ceph: stderr
2026-02-20T00:31:56.079+0000 7f04614f7640 1 -- 10.20.193.59:0/1171139049 >> [v2:10.20.193.59:6800/2013934157,v1:10.20.193.59:6801/2013934157] conn(0x7f043003db20 msgr2=0x7f043003ffe0 secure :-1 s=STATE_CONNECTION_ESTABLISHED l=1).mark_down
2026-02-20T00:31:56.108 INFO:teuthology.orchestra.run.trial059.stdout:/usr/bin/ceph: stderr
2026-02-20T00:31:56.079+0000 7f04614f7640 1 --2- 10.20.193.59:0/1171139049 >> [v2:10.20.193.59:6800/2013934157,v1:10.20.193.59:6801/2013934157] conn(0x7f043003db20 0x7f043003ffe0 secure :-1 s=READY pgs=8 cs=0 l=1 rev1=1 crypto rx=0x7f04440099c0 tx=0x7f0444006eb0 comp rx=0 tx=0).stop
2026-02-20T00:31:56.108 INFO:teuthology.orchestra.run.trial059.stdout:/usr/bin/ceph: stderr
2026-02-20T00:31:56.079+0000 7f04614f7640 1 -- 10.20.193.59:0/1171139049 >> [v2:10.20.193.59:3300/0,v1:10.20.193.59:6789/0] conn(0x7f045c111380 msgr2=0x7f045c06f470 secure :-1 s=STATE_CONNECTION_ESTABLISHED l=1).mark_down
2026-02-20T00:31:56.108 INFO:teuthology.orchestra.run.trial059.stdout:/usr/bin/ceph: stderr
2026-02-20T00:31:56.079+0000 7f04614f7640 1 --2- 10.20.193.59:0/1171139049 >> [v2:10.20.193.59:3300/0,v1:10.20.193.59:6789/0] conn(0x7f045c111380 0x7f045c06f470 secure :-1 s=READY pgs=71 cs=0 l=1 rev1=1 crypto rx=0x7f0450039000 tx=0x7f0450037820 comp rx=0 tx=0).stop
2026-02-20T00:31:56.108 INFO:teuthology.orchestra.run.trial059.stdout:/usr/bin/ceph: stderr
2026-02-20T00:31:56.079+0000 7f04614f7640 1 -- 10.20.193.59:0/1171139049 shutdown_connections
2026-02-20T00:31:56.108 INFO:teuthology.orchestra.run.trial059.stdout:/usr/bin/ceph: stderr
2026-02-20T00:31:56.079+0000 7f04614f7640 1 --2- 10.20.193.59:0/1171139049 >> [v2:10.20.193.59:6800/2013934157,v1:10.20.193.59:6801/2013934157] conn(0x7f043003db20 0x7f043003ffe0 unknown :-1 s=CLOSED pgs=8 cs=0 l=1 rev1=1 crypto rx=0 tx=0 comp rx=0 tx=0).stop
2026-02-20T00:31:56.108 INFO:teuthology.orchestra.run.trial059.stdout:/usr/bin/ceph: stderr
2026-02-20T00:31:56.079+0000 7f04614f7640 1 --2- 10.20.193.59:0/1171139049 >> [v2:10.20.193.59:3300/0,v1:10.20.193.59:6789/0] conn(0x7f045c111380 0x7f045c06f470 unknown :-1 s=CLOSED pgs=71 cs=0 l=1 rev1=1 crypto rx=0 tx=0 comp rx=0 tx=0).stop
2026-02-20T00:31:56.108 INFO:teuthology.orchestra.run.trial059.stdout:/usr/bin/ceph: stderr
2026-02-20T00:31:56.079+0000 7f04614f7640 1 -- 10.20.193.59:0/1171139049 >> 10.20.193.59:0/1171139049 conn(0x7f045c070650 msgr2=0x7f045c071190 unknown :-1 s=STATE_NONE l=0).mark_down
2026-02-20T00:31:56.108 INFO:teuthology.orchestra.run.trial059.stdout:/usr/bin/ceph: stderr
2026-02-20T00:31:56.079+0000 7f04614f7640 1 -- 10.20.193.59:0/1171139049 shutdown_connections
2026-02-20T00:31:56.108 INFO:teuthology.orchestra.run.trial059.stdout:/usr/bin/ceph: stderr
2026-02-20T00:31:56.079+0000 7f04614f7640 1 -- 10.20.193.59:0/1171139049 wait complete.
2026-02-20T00:31:56.108 INFO:teuthology.orchestra.run.trial059.stdout:Fetching dashboard port number...
2026-02-20T00:31:56.306 INFO:teuthology.orchestra.run.trial059.stdout:/usr/bin/ceph: stdout 8443
2026-02-20T00:31:56.307 INFO:teuthology.orchestra.run.trial059.stdout:/usr/bin/ceph: stderr
2026-02-20T00:31:56.192+0000 7fef52fce640 1 Processor -- start
2026-02-20T00:31:56.307 INFO:teuthology.orchestra.run.trial059.stdout:/usr/bin/ceph: stderr
2026-02-20T00:31:56.192+0000 7fef52fce640 1 -- start start
2026-02-20T00:31:56.307 INFO:teuthology.orchestra.run.trial059.stdout:/usr/bin/ceph: stderr
2026-02-20T00:31:56.192+0000 7fef52fce640 1 --2- >> [v2:10.20.193.59:3300/0,v1:10.20.193.59:6789/0] conn(0x7fef4c10aa00 0x7fef4c10ae00 unknown :-1 s=NONE pgs=0 cs=0 l=0 rev1=0 crypto rx=0 tx=0 comp rx=0 tx=0).connect
2026-02-20T00:31:56.307 INFO:teuthology.orchestra.run.trial059.stdout:/usr/bin/ceph: stderr
2026-02-20T00:31:56.192+0000 7fef52fce640 1 -- --> [v2:10.20.193.59:3300/0,v1:10.20.193.59:6789/0] -- mon_getmap magic: 0 -- 0x7fef4c10b3d0 con 0x7fef4c10aa00
2026-02-20T00:31:56.307 INFO:teuthology.orchestra.run.trial059.stdout:/usr/bin/ceph: stderr
2026-02-20T00:31:56.192+0000 7fef50d43640 1 --2- >> [v2:10.20.193.59:3300/0,v1:10.20.193.59:6789/0] conn(0x7fef4c10aa00 0x7fef4c10ae00 unknown :-1 s=BANNER_CONNECTING pgs=0 cs=0 l=0 rev1=0 crypto rx=0 tx=0 comp rx=0 tx=0)._handle_peer_banner_payload supported=3 required=0
2026-02-20T00:31:56.307 INFO:teuthology.orchestra.run.trial059.stdout:/usr/bin/ceph: stderr
2026-02-20T00:31:56.192+0000 7fef50d43640 1 --2- >> [v2:10.20.193.59:3300/0,v1:10.20.193.59:6789/0] conn(0x7fef4c10aa00 0x7fef4c10ae00 unknown :-1 s=HELLO_CONNECTING pgs=0 cs=0 l=0 rev1=1 crypto rx=0 tx=0 comp rx=0 tx=0).handle_hello peer v2:10.20.193.59:3300/0 says I am v2:10.20.193.59:58336/0 (socket says 10.20.193.59:58336)
2026-02-20T00:31:56.307 INFO:teuthology.orchestra.run.trial059.stdout:/usr/bin/ceph: stderr
2026-02-20T00:31:56.192+0000 7fef50d43640 1 -- 10.20.193.59:0/280995994 learned_addr learned my addr 10.20.193.59:0/280995994 (peer_addr_for_me v2:10.20.193.59:0/0)
2026-02-20T00:31:56.307 INFO:teuthology.orchestra.run.trial059.stdout:/usr/bin/ceph: stderr
2026-02-20T00:31:56.192+0000 7fef50d43640 1 -- 10.20.193.59:0/280995994 --> [v2:10.20.193.59:3300/0,v1:10.20.193.59:6789/0] -- mon_subscribe({config=0+,monmap=0+}) -- 0x7fef4c10b7c0 con 0x7fef4c10aa00
2026-02-20T00:31:56.307 INFO:teuthology.orchestra.run.trial059.stdout:/usr/bin/ceph: stderr
2026-02-20T00:31:56.193+0000 7fef50d43640 1 --2- 10.20.193.59:0/280995994 >> [v2:10.20.193.59:3300/0,v1:10.20.193.59:6789/0] conn(0x7fef4c10aa00 0x7fef4c10ae00 secure :-1 s=READY pgs=72 cs=0 l=1 rev1=1 crypto rx=0x7fef3c009920 tx=0x7fef3c02ef20 comp rx=0 tx=0).ready entity=mon.0 client_cookie=381c87385171bcb0 server_cookie=0 in_seq=0 out_seq=0
2026-02-20T00:31:56.308 INFO:teuthology.orchestra.run.trial059.stdout:/usr/bin/ceph: stderr
2026-02-20T00:31:56.193+0000 7fef437fe640 1 -- 10.20.193.59:0/280995994 <== mon.0 v2:10.20.193.59:3300/0 1 ==== mon_map magic: 0 ==== 205+0+0 (secure 0 0 0) 0x7fef3c03c070 con 0x7fef4c10aa00
2026-02-20T00:31:56.308 INFO:teuthology.orchestra.run.trial059.stdout:/usr/bin/ceph: stderr
2026-02-20T00:31:56.193+0000 7fef437fe640 1 -- 10.20.193.59:0/280995994 <== mon.0 v2:10.20.193.59:3300/0 2 ==== config(26 keys) ==== 1076+0+0 (secure 0 0 0) 0x7fef3c037440 con 0x7fef4c10aa00
2026-02-20T00:31:56.308 INFO:teuthology.orchestra.run.trial059.stdout:/usr/bin/ceph: stderr
2026-02-20T00:31:56.193+0000 7fef437fe640 1 -- 10.20.193.59:0/280995994 <== mon.0 v2:10.20.193.59:3300/0 3 ==== mon_map magic: 0 ==== 205+0+0 (secure 0 0 0) 0x7fef3c0354d0 con 0x7fef4c10aa00
2026-02-20T00:31:56.308 INFO:teuthology.orchestra.run.trial059.stdout:/usr/bin/ceph: stderr
2026-02-20T00:31:56.193+0000 7fef52fce640 1 -- 10.20.193.59:0/280995994 >> [v2:10.20.193.59:3300/0,v1:10.20.193.59:6789/0] conn(0x7fef4c10aa00 msgr2=0x7fef4c10ae00 secure :-1 s=STATE_CONNECTION_ESTABLISHED l=1).mark_down
2026-02-20T00:31:56.308 INFO:teuthology.orchestra.run.trial059.stdout:/usr/bin/ceph: stderr
2026-02-20T00:31:56.193+0000 7fef52fce640 1 --2- 10.20.193.59:0/280995994 >> [v2:10.20.193.59:3300/0,v1:10.20.193.59:6789/0] conn(0x7fef4c10aa00 0x7fef4c10ae00 secure :-1 s=READY pgs=72 cs=0 l=1 rev1=1 crypto rx=0x7fef3c009920 tx=0x7fef3c02ef20 comp rx=0 tx=0).stop
2026-02-20T00:31:56.308 INFO:teuthology.orchestra.run.trial059.stdout:/usr/bin/ceph: stderr
2026-02-20T00:31:56.193+0000 7fef52fce640 1 -- 10.20.193.59:0/280995994 shutdown_connections
2026-02-20T00:31:56.308 INFO:teuthology.orchestra.run.trial059.stdout:/usr/bin/ceph: stderr
2026-02-20T00:31:56.193+0000 7fef52fce640 1 --2- 10.20.193.59:0/280995994 >> [v2:10.20.193.59:3300/0,v1:10.20.193.59:6789/0] conn(0x7fef4c10aa00 0x7fef4c10ae00 unknown :-1 s=CLOSED pgs=72 cs=0 l=1 rev1=1 crypto rx=0 tx=0 comp rx=0 tx=0).stop
2026-02-20T00:31:56.308 INFO:teuthology.orchestra.run.trial059.stdout:/usr/bin/ceph: stderr
2026-02-20T00:31:56.193+0000 7fef52fce640 1 -- 10.20.193.59:0/280995994 >> 10.20.193.59:0/280995994 conn(0x7fef4c07db00 msgr2=0x7fef4c07df10 unknown :-1 s=STATE_NONE l=0).mark_down
2026-02-20T00:31:56.308 INFO:teuthology.orchestra.run.trial059.stdout:/usr/bin/ceph: stderr
2026-02-20T00:31:56.193+0000 7fef52fce640 1 -- 10.20.193.59:0/280995994 shutdown_connections
2026-02-20T00:31:56.308 INFO:teuthology.orchestra.run.trial059.stdout:/usr/bin/ceph: stderr
2026-02-20T00:31:56.193+0000 7fef52fce640 1 -- 10.20.193.59:0/280995994 wait complete.
2026-02-20T00:31:56.309 INFO:teuthology.orchestra.run.trial059.stdout:/usr/bin/ceph: stderr
2026-02-20T00:31:56.193+0000 7fef52fce640 1 Processor -- start
2026-02-20T00:31:56.309 INFO:teuthology.orchestra.run.trial059.stdout:/usr/bin/ceph: stderr
2026-02-20T00:31:56.193+0000 7fef52fce640 1 -- start start
2026-02-20T00:31:56.309 INFO:teuthology.orchestra.run.trial059.stdout:/usr/bin/ceph: stderr
2026-02-20T00:31:56.194+0000 7fef52fce640 1 --2- >> [v2:10.20.193.59:3300/0,v1:10.20.193.59:6789/0] conn(0x7fef4c10aa00 0x7fef4c1a0440 unknown :-1 s=NONE pgs=0 cs=0 l=1 rev1=0 crypto rx=0 tx=0 comp rx=0 tx=0).connect
2026-02-20T00:31:56.309 INFO:teuthology.orchestra.run.trial059.stdout:/usr/bin/ceph: stderr
2026-02-20T00:31:56.194+0000 7fef52fce640 1 -- --> [v2:10.20.193.59:3300/0,v1:10.20.193.59:6789/0] -- mon_getmap magic: 0 -- 0x7fef4c10e9f0 con 0x7fef4c10aa00
2026-02-20T00:31:56.309 INFO:teuthology.orchestra.run.trial059.stdout:/usr/bin/ceph: stderr
2026-02-20T00:31:56.194+0000 7fef50d43640 1 --2- >> [v2:10.20.193.59:3300/0,v1:10.20.193.59:6789/0] conn(0x7fef4c10aa00 0x7fef4c1a0440 unknown :-1 s=BANNER_CONNECTING pgs=0 cs=0 l=1 rev1=0 crypto rx=0 tx=0 comp rx=0 tx=0)._handle_peer_banner_payload supported=3 required=0
2026-02-20T00:31:56.309 INFO:teuthology.orchestra.run.trial059.stdout:/usr/bin/ceph: stderr
2026-02-20T00:31:56.194+0000 7fef50d43640 1 --2- >> [v2:10.20.193.59:3300/0,v1:10.20.193.59:6789/0] conn(0x7fef4c10aa00 0x7fef4c1a0440 unknown :-1 s=HELLO_CONNECTING pgs=0 cs=0 l=1 rev1=1 crypto rx=0 tx=0 comp rx=0 tx=0).handle_hello peer v2:10.20.193.59:3300/0 says I am v2:10.20.193.59:58352/0 (socket says 10.20.193.59:58352)
2026-02-20T00:31:56.309 INFO:teuthology.orchestra.run.trial059.stdout:/usr/bin/ceph: stderr
2026-02-20T00:31:56.194+0000 7fef50d43640 1 -- 10.20.193.59:0/3825604088 learned_addr learned my addr 10.20.193.59:0/3825604088 (peer_addr_for_me v2:10.20.193.59:0/0)
2026-02-20T00:31:56.309 INFO:teuthology.orchestra.run.trial059.stdout:/usr/bin/ceph: stderr
2026-02-20T00:31:56.194+0000 7fef50d43640 1 -- 10.20.193.59:0/3825604088 --> [v2:10.20.193.59:3300/0,v1:10.20.193.59:6789/0] -- mon_subscribe({config=0+,monmap=0+}) -- 0x7fef4c1a0980 con 0x7fef4c10aa00
2026-02-20T00:31:56.309 INFO:teuthology.orchestra.run.trial059.stdout:/usr/bin/ceph: stderr
2026-02-20T00:31:56.194+0000 7fef50d43640 1 --2- 10.20.193.59:0/3825604088 >> [v2:10.20.193.59:3300/0,v1:10.20.193.59:6789/0] conn(0x7fef4c10aa00 0x7fef4c1a0440 secure :-1 s=READY pgs=73 cs=0 l=1 rev1=1 crypto rx=0x7fef3c039000 tx=0x7fef3c037820 comp rx=0 tx=0).ready entity=mon.0 client_cookie=0 server_cookie=0 in_seq=0 out_seq=0
2026-02-20T00:31:56.309 INFO:teuthology.orchestra.run.trial059.stdout:/usr/bin/ceph: stderr
2026-02-20T00:31:56.194+0000 7fef41ffb640 1 -- 10.20.193.59:0/3825604088 <== mon.0 v2:10.20.193.59:3300/0 1 ==== mon_map magic: 0 ==== 205+0+0 (secure 0 0 0) 0x7fef3c047070 con 0x7fef4c10aa00
2026-02-20T00:31:56.309 INFO:teuthology.orchestra.run.trial059.stdout:/usr/bin/ceph: stderr
2026-02-20T00:31:56.194+0000 7fef41ffb640 1 -- 10.20.193.59:0/3825604088 <== mon.0 v2:10.20.193.59:3300/0 2 ==== config(26 keys) ==== 1076+0+0 (secure 0 0 0) 0x7fef3c035df0 con 0x7fef4c10aa00
2026-02-20T00:31:56.309 INFO:teuthology.orchestra.run.trial059.stdout:/usr/bin/ceph: stderr
2026-02-20T00:31:56.194+0000 7fef52fce640 1 -- 10.20.193.59:0/3825604088 --> [v2:10.20.193.59:3300/0,v1:10.20.193.59:6789/0] -- mon_subscribe({mgrmap=0+}) -- 0x7fef4c1a0c10 con 0x7fef4c10aa00
2026-02-20T00:31:56.310 INFO:teuthology.orchestra.run.trial059.stdout:/usr/bin/ceph: stderr
