2026-02-20T00:31:50.841+0000 7f661830a640 1 -- --> [v2:10.20.193.59:3300/0,v1:10.20.193.59:6789/0] -- mon_getmap magic: 0 -- 0x7f661010ea00 con 0x7f661010aa00
2026-02-20T00:31:52.116 INFO:teuthology.orchestra.run.trial059.stdout:/usr/bin/ceph: stderr
2026-02-20T00:31:50.841+0000 7f661607f640 1 --2- >> [v2:10.20.193.59:3300/0,v1:10.20.193.59:6789/0] conn(0x7f661010aa00 0x7f66101a0450 unknown :-1 s=BANNER_CONNECTING pgs=0 cs=0 l=1 rev1=0 crypto rx=0 tx=0 comp rx=0 tx=0)._handle_peer_banner_payload supported=3 required=0
2026-02-20T00:31:52.116 INFO:teuthology.orchestra.run.trial059.stdout:/usr/bin/ceph: stderr
2026-02-20T00:31:50.841+0000 7f661607f640 1 --2- >> [v2:10.20.193.59:3300/0,v1:10.20.193.59:6789/0] conn(0x7f661010aa00 0x7f66101a0450 unknown :-1 s=HELLO_CONNECTING pgs=0 cs=0 l=1 rev1=1 crypto rx=0 tx=0 comp rx=0 tx=0).handle_hello peer v2:10.20.193.59:3300/0 says I am v2:10.20.193.59:36102/0 (socket says 10.20.193.59:36102)
2026-02-20T00:31:52.116 INFO:teuthology.orchestra.run.trial059.stdout:/usr/bin/ceph: stderr
2026-02-20T00:31:50.841+0000 7f661607f640 1 -- 10.20.193.59:0/2589516473 learned_addr learned my addr 10.20.193.59:0/2589516473 (peer_addr_for_me v2:10.20.193.59:0/0)
2026-02-20T00:31:52.116 INFO:teuthology.orchestra.run.trial059.stdout:/usr/bin/ceph: stderr
2026-02-20T00:31:50.841+0000 7f661607f640 1 -- 10.20.193.59:0/2589516473 --> [v2:10.20.193.59:3300/0,v1:10.20.193.59:6789/0] -- mon_subscribe({config=0+,monmap=0+}) -- 0x7f66101a0990 con 0x7f661010aa00
2026-02-20T00:31:52.117 INFO:teuthology.orchestra.run.trial059.stdout:/usr/bin/ceph: stderr
2026-02-20T00:31:50.841+0000 7f661607f640 1 --2- 10.20.193.59:0/2589516473 >> [v2:10.20.193.59:3300/0,v1:10.20.193.59:6789/0] conn(0x7f661010aa00 0x7f66101a0450 secure :-1 s=READY pgs=54 cs=0 l=1 rev1=1 crypto rx=0x7f6600039000 tx=0x7f6600037820 comp rx=0 tx=0).ready entity=mon.0 client_cookie=0 server_cookie=0 in_seq=0 out_seq=0
2026-02-20T00:31:52.117 INFO:teuthology.orchestra.run.trial059.stdout:/usr/bin/ceph: stderr
2026-02-20T00:31:50.841+0000 7f65f77fe640 1 -- 10.20.193.59:0/2589516473 <== mon.0 v2:10.20.193.59:3300/0 1 ==== mon_map magic: 0 ==== 205+0+0 (secure 0 0 0) 0x7f6600047070 con 0x7f661010aa00
2026-02-20T00:31:52.117 INFO:teuthology.orchestra.run.trial059.stdout:/usr/bin/ceph: stderr
2026-02-20T00:31:50.841+0000 7f65f77fe640 1 -- 10.20.193.59:0/2589516473 <== mon.0 v2:10.20.193.59:3300/0 2 ==== config(26 keys) ==== 1076+0+0 (secure 0 0 0) 0x7f6600035df0 con 0x7f661010aa00
2026-02-20T00:31:52.117 INFO:teuthology.orchestra.run.trial059.stdout:/usr/bin/ceph: stderr
2026-02-20T00:31:50.841+0000 7f661830a640 1 -- 10.20.193.59:0/2589516473 --> [v2:10.20.193.59:3300/0,v1:10.20.193.59:6789/0] -- mon_subscribe({mgrmap=0+}) -- 0x7f66101a0c20 con 0x7f661010aa00
2026-02-20T00:31:52.117 INFO:teuthology.orchestra.run.trial059.stdout:/usr/bin/ceph: stderr
2026-02-20T00:31:50.841+0000 7f65f77fe640 1 -- 10.20.193.59:0/2589516473 <== mon.0 v2:10.20.193.59:3300/0 3 ==== mon_map magic: 0 ==== 205+0+0 (secure 0 0 0) 0x7f660003c070 con 0x7f661010aa00
2026-02-20T00:31:52.117 INFO:teuthology.orchestra.run.trial059.stdout:/usr/bin/ceph: stderr
2026-02-20T00:31:50.841+0000 7f661830a640 1 -- 10.20.193.59:0/2589516473 --> [v2:10.20.193.59:3300/0,v1:10.20.193.59:6789/0] -- mon_subscribe({osdmap=0}) -- 0x7f66101a3910 con 0x7f661010aa00
2026-02-20T00:31:52.117 INFO:teuthology.orchestra.run.trial059.stdout:/usr/bin/ceph: stderr
2026-02-20T00:31:50.842+0000 7f661830a640 1 -- 10.20.193.59:0/2589516473 --> [v2:10.20.193.59:3300/0,v1:10.20.193.59:6789/0] -- mon_command({"prefix": "get_command_descriptions"} v 0) -- 0x7f661010ae80 con 0x7f661010aa00
2026-02-20T00:31:52.117 INFO:teuthology.orchestra.run.trial059.stdout:/usr/bin/ceph: stderr
2026-02-20T00:31:50.842+0000 7f65f77fe640 1 -- 10.20.193.59:0/2589516473 <== mon.0 v2:10.20.193.59:3300/0 4 ==== mgrmap(e 8) ==== 50247+0+0 (secure 0 0 0) 0x7f6600042640 con 0x7f661010aa00
2026-02-20T00:31:52.117 INFO:teuthology.orchestra.run.trial059.stdout:/usr/bin/ceph: stderr
2026-02-20T00:31:50.842+0000 7f65f77fe640 1 --2- 10.20.193.59:0/2589516473 >> [v2:10.20.193.59:6800/1010070359,v1:10.20.193.59:6801/1010070359] conn(0x7f65ec03dbf0 0x7f65ec0400b0 unknown :-1 s=NONE pgs=0 cs=0 l=1 rev1=0 crypto rx=0 tx=0 comp rx=0 tx=0).connect
2026-02-20T00:31:52.117 INFO:teuthology.orchestra.run.trial059.stdout:/usr/bin/ceph: stderr
2026-02-20T00:31:50.842+0000 7f65f77fe640 1 -- 10.20.193.59:0/2589516473 <== mon.0 v2:10.20.193.59:3300/0 5 ==== osd_map(2..2 src has 1..2) ==== 940+0+0 (secure 0 0 0) 0x7f66000768a0 con 0x7f661010aa00
2026-02-20T00:31:52.117 INFO:teuthology.orchestra.run.trial059.stdout:/usr/bin/ceph: stderr
2026-02-20T00:31:50.842+0000 7f661587e640 1 --2- 10.20.193.59:0/2589516473 >> [v2:10.20.193.59:6800/1010070359,v1:10.20.193.59:6801/1010070359] conn(0x7f65ec03dbf0 0x7f65ec0400b0 unknown :-1 s=BANNER_CONNECTING pgs=0 cs=0 l=1 rev1=0 crypto rx=0 tx=0 comp rx=0 tx=0)._handle_peer_banner_payload supported=3 required=0
2026-02-20T00:31:52.117 INFO:teuthology.orchestra.run.trial059.stdout:/usr/bin/ceph: stderr
2026-02-20T00:31:50.842+0000 7f661587e640 1 --2- 10.20.193.59:0/2589516473 >> [v2:10.20.193.59:6800/1010070359,v1:10.20.193.59:6801/1010070359] conn(0x7f65ec03dbf0 0x7f65ec0400b0 secure :-1 s=READY pgs=16 cs=0 l=1 rev1=1 crypto rx=0x7f66040099c0 tx=0x7f6604006eb0 comp rx=0 tx=0).ready entity=mgr.14118 client_cookie=0 server_cookie=0 in_seq=0 out_seq=0
2026-02-20T00:31:52.118 INFO:teuthology.orchestra.run.trial059.stdout:/usr/bin/ceph: stderr
2026-02-20T00:31:50.845+0000 7f65f77fe640 1 -- 10.20.193.59:0/2589516473 <== mon.0 v2:10.20.193.59:3300/0 6 ==== mon_command_ack([{"prefix": "get_command_descriptions"}]=0 v0) ==== 72+0+195034 (secure 0 0 0) 0x7f66000342a0 con 0x7f661010aa00
2026-02-20T00:31:52.118 INFO:teuthology.orchestra.run.trial059.stdout:/usr/bin/ceph: stderr
2026-02-20T00:31:50.947+0000 7f661830a640 1 -- 10.20.193.59:0/2589516473 --> [v2:10.20.193.59:3300/0,v1:10.20.193.59:6789/0] -- mon_command({"prefix": "mgr module enable", "module": "dashboard"} v 0) -- 0x7f66101a3fb0 con 0x7f661010aa00
2026-02-20T00:31:52.118 INFO:teuthology.orchestra.run.trial059.stdout:/usr/bin/ceph: stderr
2026-02-20T00:31:51.779+0000 7f65f77fe640 1 -- 10.20.193.59:0/2589516473 <== mon.0 v2:10.20.193.59:3300/0 7 ==== mon_command_ack([{"prefix": "mgr module enable", "module": "dashboard"}]=0 v9) ==== 88+0+0 (secure 0 0 0) 0x7f6600033c90 con 0x7f661010aa00
2026-02-20T00:31:52.118 INFO:teuthology.orchestra.run.trial059.stdout:/usr/bin/ceph: stderr
2026-02-20T00:31:51.780+0000 7f65f77fe640 1 -- 10.20.193.59:0/2589516473 <== mon.0 v2:10.20.193.59:3300/0 8 ==== mgrmap(e 9) ==== 50260+0+0 (secure 0 0 0) 0x7f6600078ce0 con 0x7f661010aa00
2026-02-20T00:31:52.118 INFO:teuthology.orchestra.run.trial059.stdout:/usr/bin/ceph: stderr
2026-02-20T00:31:51.781+0000 7f661830a640 1 -- 10.20.193.59:0/2589516473 >> [v2:10.20.193.59:6800/1010070359,v1:10.20.193.59:6801/1010070359] conn(0x7f65ec03dbf0 msgr2=0x7f65ec0400b0 secure :-1 s=STATE_CONNECTION_ESTABLISHED l=1).mark_down
2026-02-20T00:31:52.118 INFO:teuthology.orchestra.run.trial059.stdout:/usr/bin/ceph: stderr
2026-02-20T00:31:51.781+0000 7f661830a640 1 --2- 10.20.193.59:0/2589516473 >> [v2:10.20.193.59:6800/1010070359,v1:10.20.193.59:6801/1010070359] conn(0x7f65ec03dbf0 0x7f65ec0400b0 secure :-1 s=READY pgs=16 cs=0 l=1 rev1=1 crypto rx=0x7f66040099c0 tx=0x7f6604006eb0 comp rx=0 tx=0).stop
2026-02-20T00:31:52.118 INFO:teuthology.orchestra.run.trial059.stdout:/usr/bin/ceph: stderr
2026-02-20T00:31:51.781+0000 7f661830a640 1 -- 10.20.193.59:0/2589516473 >> [v2:10.20.193.59:3300/0,v1:10.20.193.59:6789/0] conn(0x7f661010aa00 msgr2=0x7f66101a0450 secure :-1 s=STATE_CONNECTION_ESTABLISHED l=1).mark_down
2026-02-20T00:31:52.118 INFO:teuthology.orchestra.run.trial059.stdout:/usr/bin/ceph: stderr
2026-02-20T00:31:51.781+0000 7f661830a640 1 --2- 10.20.193.59:0/2589516473 >> [v2:10.20.193.59:3300/0,v1:10.20.193.59:6789/0] conn(0x7f661010aa00 0x7f66101a0450 secure :-1 s=READY pgs=54 cs=0 l=1 rev1=1 crypto rx=0x7f6600039000 tx=0x7f6600037820 comp rx=0 tx=0).stop
2026-02-20T00:31:52.118 INFO:teuthology.orchestra.run.trial059.stdout:/usr/bin/ceph: stderr
2026-02-20T00:31:51.781+0000 7f661830a640 1 -- 10.20.193.59:0/2589516473 shutdown_connections
2026-02-20T00:31:52.118 INFO:teuthology.orchestra.run.trial059.stdout:/usr/bin/ceph: stderr
2026-02-20T00:31:51.781+0000 7f661830a640 1 --2- 10.20.193.59:0/2589516473 >> [v2:10.20.193.59:6800/1010070359,v1:10.20.193.59:6801/1010070359] conn(0x7f65ec03dbf0 0x7f65ec0400b0 unknown :-1 s=CLOSED pgs=16 cs=0 l=1 rev1=1 crypto rx=0 tx=0 comp rx=0 tx=0).stop
2026-02-20T00:31:52.118 INFO:teuthology.orchestra.run.trial059.stdout:/usr/bin/ceph: stderr
2026-02-20T00:31:51.781+0000 7f661830a640 1 --2- 10.20.193.59:0/2589516473 >> [v2:10.20.193.59:3300/0,v1:10.20.193.59:6789/0] conn(0x7f661010aa00 0x7f66101a0450 unknown :-1 s=CLOSED pgs=54 cs=0 l=1 rev1=1 crypto rx=0 tx=0 comp rx=0 tx=0).stop
2026-02-20T00:31:52.118 INFO:teuthology.orchestra.run.trial059.stdout:/usr/bin/ceph: stderr
2026-02-20T00:31:51.782+0000 7f661830a640 1 -- 10.20.193.59:0/2589516473 >> 10.20.193.59:0/2589516473 conn(0x7f661007dae0 msgr2=0x7f6610108630 unknown :-1 s=STATE_NONE l=0).mark_down
2026-02-20T00:31:52.119 INFO:teuthology.orchestra.run.trial059.stdout:/usr/bin/ceph: stderr
2026-02-20T00:31:51.782+0000 7f661830a640 1 -- 10.20.193.59:0/2589516473 shutdown_connections
2026-02-20T00:31:52.119 INFO:teuthology.orchestra.run.trial059.stdout:/usr/bin/ceph: stderr
2026-02-20T00:31:51.782+0000 7f661830a640 1 -- 10.20.193.59:0/2589516473 wait complete.
2026-02-20T00:31:52.586 INFO:journalctl@ceph.mgr.x.trial059.stdout:Feb 20 00:31:52 trial059 ceph-789489fc-0df3-11f1-9c27-d404e6e7d460-mgr-x[39968]:
2026-02-20T00:31:52.351+0000 7fcc5d84c140 -1 mgr[py] Module prometheus has missing NOTIFY_TYPES member
2026-02-20T00:31:52.586 INFO:journalctl@ceph.mgr.x.trial059.stdout:Feb 20 00:31:52 trial059 ceph-789489fc-0df3-11f1-9c27-d404e6e7d460-mgr-x[39968]:
2026-02-20T00:31:52.386+0000 7fcc5d84c140 -1 mgr[py] Module balancer has missing NOTIFY_TYPES member
2026-02-20T00:31:52.586 INFO:journalctl@ceph.mgr.x.trial059.stdout:Feb 20 00:31:52 trial059 ceph-789489fc-0df3-11f1-9c27-d404e6e7d460-mgr-x[39968]:
2026-02-20T00:31:52.428+0000 7fcc5d84c140 -1 mgr[py] Module rbd_support has missing NOTIFY_TYPES member
2026-02-20T00:31:52.587 INFO:journalctl@ceph.mgr.x.trial059.stdout:Feb 20 00:31:52 trial059 ceph-789489fc-0df3-11f1-9c27-d404e6e7d460-mgr-x[39968]:
2026-02-20T00:31:52.460+0000 7fcc5d84c140 -1 mgr[py] Module devicehealth has missing NOTIFY_TYPES member
2026-02-20T00:31:52.587 INFO:journalctl@ceph.mgr.x.trial059.stdout:Feb 20 00:31:52 trial059 ceph-789489fc-0df3-11f1-9c27-d404e6e7d460-mgr-x[39968]:
2026-02-20T00:31:52.495+0000 7fcc5d84c140 -1 mgr[py] Module alerts has missing NOTIFY_TYPES member
2026-02-20T00:31:52.587 INFO:journalctl@ceph.mgr.x.trial059.stdout:Feb 20 00:31:52 trial059 ceph-789489fc-0df3-11f1-9c27-d404e6e7d460-mgr-x[39968]:
2026-02-20T00:31:52.562+0000 7fcc5d84c140 -1 mgr[py] Module telemetry has missing NOTIFY_TYPES member
2026-02-20T00:31:52.608 INFO:teuthology.orchestra.run.trial059.stdout:/usr/bin/ceph: stdout {
2026-02-20T00:31:52.613 INFO:teuthology.orchestra.run.trial059.stdout:/usr/bin/ceph: stdout "epoch": 9,
2026-02-20T00:31:52.613 INFO:teuthology.orchestra.run.trial059.stdout:/usr/bin/ceph: stdout "available": true,
2026-02-20T00:31:52.614 INFO:teuthology.orchestra.run.trial059.stdout:/usr/bin/ceph: stdout "active_name": "x",
2026-02-20T00:31:52.614 INFO:teuthology.orchestra.run.trial059.stdout:/usr/bin/ceph: stdout "num_standby": 0
2026-02-20T00:31:52.614 INFO:teuthology.orchestra.run.trial059.stdout:/usr/bin/ceph: stdout }
2026-02-20T00:31:52.614 INFO:teuthology.orchestra.run.trial059.stdout:/usr/bin/ceph: stderr
2026-02-20T00:31:52.464+0000 7f967c2ac640 1 Processor -- start
2026-02-20T00:31:52.614 INFO:teuthology.orchestra.run.trial059.stdout:/usr/bin/ceph: stderr
2026-02-20T00:31:52.464+0000 7f967c2ac640 1 -- start start
2026-02-20T00:31:52.614 INFO:teuthology.orchestra.run.trial059.stdout:/usr/bin/ceph: stderr
2026-02-20T00:31:52.464+0000 7f967c2ac640 1 --2- >> [v2:10.20.193.59:3300/0,v1:10.20.193.59:6789/0] conn(0x7f967407ee40 0x7f967407d2a0 unknown :-1 s=NONE pgs=0 cs=0 l=0 rev1=0 crypto rx=0 tx=0 comp rx=0 tx=0).connect
2026-02-20T00:31:52.614 INFO:teuthology.orchestra.run.trial059.stdout:/usr/bin/ceph: stderr
2026-02-20T00:31:52.464+0000 7f967c2ac640 1 -- --> [v2:10.20.193.59:3300/0,v1:10.20.193.59:6789/0] -- mon_getmap magic: 0 -- 0x7f967407d7e0 con 0x7f967407ee40
2026-02-20T00:31:52.614 INFO:teuthology.orchestra.run.trial059.stdout:/usr/bin/ceph: stderr
2026-02-20T00:31:52.464+0000 7f967a021640 1 --2- >> [v2:10.20.193.59:3300/0,v1:10.20.193.59:6789/0] conn(0x7f967407ee40 0x7f967407d2a0 unknown :-1 s=BANNER_CONNECTING pgs=0 cs=0 l=0 rev1=0 crypto rx=0 tx=0 comp rx=0 tx=0)._handle_peer_banner_payload supported=3 required=0
2026-02-20T00:31:52.614 INFO:teuthology.orchestra.run.trial059.stdout:/usr/bin/ceph: stderr
2026-02-20T00:31:52.464+0000 7f967a021640 1 --2- >> [v2:10.20.193.59:3300/0,v1:10.20.193.59:6789/0] conn(0x7f967407ee40 0x7f967407d2a0 unknown :-1 s=HELLO_CONNECTING pgs=0 cs=0 l=0 rev1=1 crypto rx=0 tx=0 comp rx=0 tx=0).handle_hello peer v2:10.20.193.59:3300/0 says I am v2:10.20.193.59:36132/0 (socket says 10.20.193.59:36132)
2026-02-20T00:31:52.614 INFO:teuthology.orchestra.run.trial059.stdout:/usr/bin/ceph: stderr
2026-02-20T00:31:52.464+0000 7f967a021640 1 -- 10.20.193.59:0/1764869556 learned_addr learned my addr 10.20.193.59:0/1764869556 (peer_addr_for_me v2:10.20.193.59:0/0)
2026-02-20T00:31:52.614 INFO:teuthology.orchestra.run.trial059.stdout:/usr/bin/ceph: stderr
2026-02-20T00:31:52.464+0000 7f967a021640 1 -- 10.20.193.59:0/1764869556 --> [v2:10.20.193.59:3300/0,v1:10.20.193.59:6789/0] -- mon_subscribe({config=0+,monmap=0+}) -- 0x7f967407d960 con 0x7f967407ee40
2026-02-20T00:31:52.615 INFO:teuthology.orchestra.run.trial059.stdout:/usr/bin/ceph: stderr
2026-02-20T00:31:52.465+0000 7f967a021640 1 --2- 10.20.193.59:0/1764869556 >> [v2:10.20.193.59:3300/0,v1:10.20.193.59:6789/0] conn(0x7f967407ee40 0x7f967407d2a0 secure :-1 s=READY pgs=57 cs=0 l=1 rev1=1 crypto rx=0x7f9664009920 tx=0x7f966402ef20 comp rx=0 tx=0).ready entity=mon.0 client_cookie=2ec393cb992a8e97 server_cookie=0 in_seq=0 out_seq=0
2026-02-20T00:31:52.615 INFO:teuthology.orchestra.run.trial059.stdout:/usr/bin/ceph: stderr
2026-02-20T00:31:52.465+0000 7f967901f640 1 -- 10.20.193.59:0/1764869556 <== mon.0 v2:10.20.193.59:3300/0 1 ==== mon_map magic: 0 ==== 205+0+0 (secure 0 0 0) 0x7f966403c070 con 0x7f967407ee40
2026-02-20T00:31:52.615 INFO:teuthology.orchestra.run.trial059.stdout:/usr/bin/ceph: stderr
2026-02-20T00:31:52.465+0000 7f967901f640 1 -- 10.20.193.59:0/1764869556 <== mon.0 v2:10.20.193.59:3300/0 2 ==== config(26 keys) ==== 1076+0+0 (secure 0 0 0) 0x7f9664037440 con 0x7f967407ee40
2026-02-20T00:31:52.615 INFO:teuthology.orchestra.run.trial059.stdout:/usr/bin/ceph: stderr
2026-02-20T00:31:52.465+0000 7f967901f640 1 -- 10.20.193.59:0/1764869556 <== mon.0 v2:10.20.193.59:3300/0 3 ==== mon_map magic: 0 ==== 205+0+0 (secure 0 0 0) 0x7f96640354d0 con 0x7f967407ee40
2026-02-20T00:31:52.615 INFO:teuthology.orchestra.run.trial059.stdout:/usr/bin/ceph: stderr
2026-02-20T00:31:52.465+0000 7f967c2ac640 1 -- 10.20.193.59:0/1764869556 >> [v2:10.20.193.59:3300/0,v1:10.20.193.59:6789/0] conn(0x7f967407ee40 msgr2=0x7f967407d2a0 secure :-1 s=STATE_CONNECTION_ESTABLISHED l=1).mark_down
2026-02-20T00:31:52.615 INFO:teuthology.orchestra.run.trial059.stdout:/usr/bin/ceph: stderr
2026-02-20T00:31:52.465+0000 7f967c2ac640 1 --2- 10.20.193.59:0/1764869556 >> [v2:10.20.193.59:3300/0,v1:10.20.193.59:6789/0] conn(0x7f967407ee40 0x7f967407d2a0 secure :-1 s=READY pgs=57 cs=0 l=1 rev1=1 crypto rx=0x7f9664009920 tx=0x7f966402ef20 comp rx=0 tx=0).stop
2026-02-20T00:31:52.615 INFO:teuthology.orchestra.run.trial059.stdout:/usr/bin/ceph: stderr
2026-02-20T00:31:52.465+0000 7f967c2ac640 1 -- 10.20.193.59:0/1764869556 shutdown_connections
2026-02-20T00:31:52.615 INFO:teuthology.orchestra.run.trial059.stdout:/usr/bin/ceph: stderr
2026-02-20T00:31:52.465+0000 7f967c2ac640 1 --2- 10.20.193.59:0/1764869556 >> [v2:10.20.193.59:3300/0,v1:10.20.193.59:6789/0] conn(0x7f967407ee40 0x7f967407d2a0 unknown :-1 s=CLOSED pgs=57 cs=0 l=1 rev1=1 crypto rx=0 tx=0 comp rx=0 tx=0).stop
2026-02-20T00:31:52.615 INFO:teuthology.orchestra.run.trial059.stdout:/usr/bin/ceph: stderr
2026-02-20T00:31:52.465+0000 7f967c2ac640 1 -- 10.20.193.59:0/1764869556 >> 10.20.193.59:0/1764869556 conn(0x7f9674103b10 msgr2=0x7f9674105f30 unknown :-1 s=STATE_NONE l=0).mark_down
2026-02-20T00:31:52.615 INFO:teuthology.orchestra.run.trial059.stdout:/usr/bin/ceph: stderr
2026-02-20T00:31:52.465+0000 7f967c2ac640 1 -- 10.20.193.59:0/1764869556 shutdown_connections
2026-02-20T00:31:52.615 INFO:teuthology.orchestra.run.trial059.stdout:/usr/bin/ceph: stderr
2026-02-20T00:31:52.465+0000 7f967c2ac640 1 -- 10.20.193.59:0/1764869556 wait complete.
2026-02-20T00:31:52.616 INFO:teuthology.orchestra.run.trial059.stdout:/usr/bin/ceph: stderr
2026-02-20T00:31:52.466+0000 7f967c2ac640 1 Processor -- start
2026-02-20T00:31:52.616 INFO:teuthology.orchestra.run.trial059.stdout:/usr/bin/ceph: stderr
2026-02-20T00:31:52.466+0000 7f967c2ac640 1 -- start start
2026-02-20T00:31:52.616 INFO:teuthology.orchestra.run.trial059.stdout:/usr/bin/ceph: stderr
2026-02-20T00:31:52.466+0000 7f967c2ac640 1 --2- >> [v2:10.20.193.59:3300/0,v1:10.20.193.59:6789/0] conn(0x7f967407ee40 0x7f96741a03d0 unknown :-1 s=NONE pgs=0 cs=0 l=1 rev1=0 crypto rx=0 tx=0 comp rx=0 tx=0).connect
2026-02-20T00:31:52.616 INFO:teuthology.orchestra.run.trial059.stdout:/usr/bin/ceph: stderr
2026-02-20T00:31:52.466+0000 7f967c2ac640 1 -- --> [v2:10.20.193.59:3300/0,v1:10.20.193.59:6789/0] -- mon_getmap magic: 0 -- 0x7f967410e8c0 con 0x7f967407ee40
2026-02-20T00:31:52.616 INFO:teuthology.orchestra.run.trial059.stdout:/usr/bin/ceph: stderr
2026-02-20T00:31:52.466+0000 7f967a021640 1 --2- >> [v2:10.20.193.59:3300/0,v1:10.20.193.59:6789/0] conn(0x7f967407ee40 0x7f96741a03d0 unknown :-1 s=BANNER_CONNECTING pgs=0 cs=0 l=1 rev1=0 crypto rx=0 tx=0 comp rx=0 tx=0)._handle_peer_banner_payload supported=3 required=0
2026-02-20T00:31:52.616 INFO:teuthology.orchestra.run.trial059.stdout:/usr/bin/ceph: stderr
2026-02-20T00:31:52.466+0000 7f967a021640 1 --2- >> [v2:10.20.193.59:3300/0,v1:10.20.193.59:6789/0] conn(0x7f967407ee40 0x7f96741a03d0 unknown :-1 s=HELLO_CONNECTING pgs=0 cs=0 l=1 rev1=1 crypto rx=0 tx=0 comp rx=0 tx=0).handle_hello peer v2:10.20.193.59:3300/0 says I am v2:10.20.193.59:36148/0 (socket says 10.20.193.59:36148)
2026-02-20T00:31:52.616 INFO:teuthology.orchestra.run.trial059.stdout:/usr/bin/ceph: stderr
2026-02-20T00:31:52.466+0000 7f967a021640 1 -- 10.20.193.59:0/486983309 learned_addr learned my addr 10.20.193.59:0/486983309 (peer_addr_for_me v2:10.20.193.59:0/0)
2026-02-20T00:31:52.616 INFO:teuthology.orchestra.run.trial059.stdout:/usr/bin/ceph: stderr
2026-02-20T00:31:52.466+0000 7f967a021640 1 -- 10.20.193.59:0/486983309 --> [v2:10.20.193.59:3300/0,v1:10.20.193.59:6789/0] -- mon_subscribe({config=0+,monmap=0+}) -- 0x7f96741a0910 con 0x7f967407ee40
2026-02-20T00:31:52.616 INFO:teuthology.orchestra.run.trial059.stdout:/usr/bin/ceph: stderr
2026-02-20T00:31:52.466+0000 7f967a021640 1 --2- 10.20.193.59:0/486983309 >> [v2:10.20.193.59:3300/0,v1:10.20.193.59:6789/0] conn(0x7f967407ee40 0x7f96741a03d0 secure :-1 s=READY pgs=58 cs=0 l=1 rev1=1 crypto rx=0x7f9664039000 tx=0x7f9664037820 comp rx=0 tx=0).ready entity=mon.0 client_cookie=0 server_cookie=0 in_seq=0 out_seq=0
2026-02-20T00:31:52.616 INFO:teuthology.orchestra.run.trial059.stdout:/usr/bin/ceph: stderr
2026-02-20T00:31:52.466+0000 7f965b7fe640 1 -- 10.20.193.59:0/486983309 <== mon.0 v2:10.20.193.59:3300/0 1 ==== mon_map magic: 0 ==== 205+0+0 (secure 0 0 0) 0x7f9664047070 con 0x7f967407ee40
2026-02-20T00:31:52.616 INFO:teuthology.orchestra.run.trial059.stdout:/usr/bin/ceph: stderr
2026-02-20T00:31:52.466+0000 7f967c2ac640 1 -- 10.20.193.59:0/486983309 --> [v2:10.20.193.59:3300/0,v1:10.20.193.59:6789/0] -- mon_subscribe({mgrmap=0+}) -- 0x7f96741a0ba0 con 0x7f967407ee40
2026-02-20T00:31:52.616 INFO:teuthology.orchestra.run.trial059.stdout:/usr/bin/ceph: stderr
2026-02-20T00:31:52.466+0000 7f965b7fe640 1 -- 10.20.193.59:0/486983309 <== mon.0 v2:10.20.193.59:3300/0 2 ==== config(26 keys) ==== 1076+0+0 (secure 0 0 0) 0x7f9664035df0 con 0x7f967407ee40
2026-02-20T00:31:52.617 INFO:teuthology.orchestra.run.trial059.stdout:/usr/bin/ceph: stderr
2026-02-20T00:31:52.466+0000 7f965b7fe640 1 -- 10.20.193.59:0/486983309 <== mon.0 v2:10.20.193.59:3300/0 3 ==== mon_map magic: 0 ==== 205+0+0 (secure 0 0 0) 0x7f966403c070 con 0x7f967407ee40
2026-02-20T00:31:52.617 INFO:teuthology.orchestra.run.trial059.stdout:/usr/bin/ceph: stderr
2026-02-20T00:31:52.466+0000 7f967c2ac640 1 -- 10.20.193.59:0/486983309 --> [v2:10.20.193.59:3300/0,v1:10.20.193.59:6789/0] -- mon_subscribe({osdmap=0}) -- 0x7f96741a3890 con 0x7f967407ee40
2026-02-20T00:31:52.617 INFO:teuthology.orchestra.run.trial059.stdout:/usr/bin/ceph: stderr
2026-02-20T00:31:52.467+0000 7f967c2ac640 1 -- 10.20.193.59:0/486983309 --> [v2:10.20.193.59:3300/0,v1:10.20.193.59:6789/0] -- mon_command({"prefix": "get_command_descriptions"} v 0) -- 0x7f967407d320 con 0x7f967407ee40
2026-02-20T00:31:52.617 INFO:teuthology.orchestra.run.trial059.stdout:/usr/bin/ceph: stderr
2026-02-20T00:31:52.467+0000 7f965b7fe640 1 -- 10.20.193.59:0/486983309 <== mon.0 v2:10.20.193.59:3300/0 4 ==== mgrmap(e 9) ==== 50260+0+0 (secure 0 0 0) 0x7f9664042640 con 0x7f967407ee40
2026-02-20T00:31:52.617 INFO:teuthology.orchestra.run.trial059.stdout:/usr/bin/ceph: stderr
2026-02-20T00:31:52.467+0000 7f965b7fe640 1 --2- 10.20.193.59:0/486983309 >> [v2:10.20.193.59:6800/1010070359,v1:10.20.193.59:6801/1010070359] conn(0x7f965003dbf0 0x7f96500400b0 unknown :-1 s=NONE pgs=0 cs=0 l=1 rev1=0 crypto rx=0 tx=0 comp rx=0 tx=0).connect
2026-02-20T00:31:52.617 INFO:teuthology.orchestra.run.trial059.stdout:/usr/bin/ceph: stderr
2026-02-20T00:31:52.467+0000 7f965b7fe640 1 -- 10.20.193.59:0/486983309 <== mon.0 v2:10.20.193.59:3300/0 5 ==== osd_map(2..2 src has 1..2) ==== 940+0+0 (secure 0 0 0) 0x7f96640768c0 con 0x7f967407ee40
2026-02-20T00:31:52.617 INFO:teuthology.orchestra.run.trial059.stdout:/usr/bin/ceph: stderr
2026-02-20T00:31:52.467+0000 7f9679820640 1 -- 10.20.193.59:0/486983309 >> [v2:10.20.193.59:6800/1010070359,v1:10.20.193.59:6801/1010070359] conn(0x7f965003dbf0 msgr2=0x7f96500400b0 unknown :-1 s=STATE_CONNECTING_RE l=1).process reconnect failed to v2:10.20.193.59:6800/1010070359
2026-02-20T00:31:52.617 INFO:teuthology.orchestra.run.trial059.stdout:/usr/bin/ceph: stderr
2026-02-20T00:31:52.467+0000 7f9679820640 1 --2- 10.20.193.59:0/486983309 >> [v2:10.20.193.59:6800/1010070359,v1:10.20.193.59:6801/1010070359] conn(0x7f965003dbf0 0x7f96500400b0 unknown :-1 s=START_CONNECT pgs=0 cs=0 l=1 rev1=0 crypto rx=0 tx=0 comp rx=0 tx=0)._fault waiting 0.200000
2026-02-20T00:31:52.617 INFO:teuthology.orchestra.run.trial059.stdout:/usr/bin/ceph: stderr
2026-02-20T00:31:52.470+0000 7f965b7fe640 1 -- 10.20.193.59:0/486983309 <== mon.0 v2:10.20.193.59:3300/0 6 ==== mon_command_ack([{"prefix": "get_command_descriptions"}]=0 v0) ==== 72+0+195034 (secure 0 0 0) 0x7f96640342a0 con 0x7f967407ee40
2026-02-20T00:31:52.617 INFO:teuthology.orchestra.run.trial059.stdout:/usr/bin/ceph: stderr
2026-02-20T00:31:52.586+0000 7f967c2ac640 1 -- 10.20.193.59:0/486983309 --> [v2:10.20.193.59:3300/0,v1:10.20.193.59:6789/0] -- mon_command({"prefix": "mgr stat"} v 0) -- 0x7f96741a3f30 con 0x7f967407ee40
2026-02-20T00:31:52.617 INFO:teuthology.orchestra.run.trial059.stdout:/usr/bin/ceph: stderr
2026-02-20T00:31:52.586+0000 7f965b7fe640 1 -- 10.20.193.59:0/486983309 <== mon.0 v2:10.20.193.59:3300/0 7 ==== mon_command_ack([{"prefix": "mgr stat"}]=0 v9) ==== 56+0+88 (secure 0 0 0) 0x7f9664033c90 con 0x7f967407ee40
2026-02-20T00:31:52.617 INFO:teuthology.orchestra.run.trial059.stdout:/usr/bin/ceph: stderr
2026-02-20T00:31:52.588+0000 7f967c2ac640 1 -- 10.20.193.59:0/486983309 >> [v2:10.20.193.59:6800/1010070359,v1:10.20.193.59:6801/1010070359] conn(0x7f965003dbf0 msgr2=0x7f96500400b0 unknown :-1 s=STATE_CONNECTING l=1).mark_down
2026-02-20T00:31:52.618 INFO:teuthology.orchestra.run.trial059.stdout:/usr/bin/ceph: stderr
2026-02-20T00:31:52.588+0000 7f967c2ac640 1 --2- 10.20.193.59:0/486983309 >> [v2:10.20.193.59:6800/1010070359,v1:10.20.193.59:6801/1010070359] conn(0x7f965003dbf0 0x7f96500400b0 unknown :-1 s=START_CONNECT pgs=0 cs=0 l=1 rev1=0 crypto rx=0 tx=0 comp rx=0 tx=0).stop
2026-02-20T00:31:52.618 INFO:teuthology.orchestra.run.trial059.stdout:/usr/bin/ceph: stderr
2026-02-20T00:31:52.588+0000 7f967c2ac640 1 -- 10.20.193.59:0/486983309 >> [v2:10.20.193.59:3300/0,v1:10.20.193.59:6789/0] conn(0x7f967407ee40 msgr2=0x7f96741a03d0 secure :-1 s=STATE_CONNECTION_ESTABLISHED l=1).mark_down
2026-02-20T00:31:52.618 INFO:teuthology.orchestra.run.trial059.stdout:/usr/bin/ceph: stderr
2026-02-20T00:31:52.588+0000 7f967c2ac640 1 --2- 10.20.193.59:0/486983309 >> [v2:10.20.193.59:3300/0,v1:10.20.193.59:6789/0] conn(0x7f967407ee40 0x7f96741a03d0 secure :-1 s=READY pgs=58 cs=0 l=1 rev1=1 crypto rx=0x7f9664039000 tx=0x7f9664037820 comp rx=0 tx=0).stop
2026-02-20T00:31:52.618 INFO:teuthology.orchestra.run.trial059.stdout:/usr/bin/ceph: stderr
2026-02-20T00:31:52.588+0000 7f967c2ac640 1 -- 10.20.193.59:0/486983309 shutdown_connections
2026-02-20T00:31:52.618 INFO:teuthology.orchestra.run.trial059.stdout:/usr/bin/ceph: stderr
2026-02-20T00:31:52.588+0000 7f967c2ac640 1 --2- 10.20.193.59:0/486983309 >> [v2:10.20.193.59:6800/1010070359,v1:10.20.193.59:6801/1010070359] conn(0x7f965003dbf0 0x7f96500400b0 unknown :-1 s=CLOSED pgs=0 cs=0 l=1 rev1=0 crypto rx=0 tx=0 comp rx=0 tx=0).stop
2026-02-20T00:31:52.618 INFO:teuthology.orchestra.run.trial059.stdout:/usr/bin/ceph: stderr
2026-02-20T00:31:52.588+0000 7f967c2ac640 1 --2- 10.20.193.59:0/486983309 >> [v2:10.20.193.59:3300/0,v1:10.20.193.59:6789/0] conn(0x7f967407ee40 0x7f96741a03d0 unknown :-1 s=CLOSED pgs=58 cs=0 l=1 rev1=1 crypto rx=0 tx=0 comp rx=0 tx=0).stop
2026-02-20T00:31:52.618 INFO:teuthology.orchestra.run.trial059.stdout:/usr/bin/ceph: stderr
2026-02-20T00:31:52.588+0000 7f967c2ac640 1 -- 10.20.193.59:0/486983309 >> 10.20.193.59:0/486983309 conn(0x7f9674103b10 msgr2=0x7f96741046a0 unknown :-1 s=STATE_NONE l=0).mark_down
2026-02-20T00:31:52.618 INFO:teuthology.orchestra.run.trial059.stdout:/usr/bin/ceph: stderr
2026-02-20T00:31:52.588+0000 7f967c2ac640 1 -- 10.20.193.59:0/486983309 shutdown_connections
2026-02-20T00:31:52.618 INFO:teuthology.orchestra.run.trial059.stdout:/usr/bin/ceph: stderr
2026-02-20T00:31:52.588+0000 7f967c2ac640 1 -- 10.20.193.59:0/486983309 wait complete.
2026-02-20T00:31:52.618 INFO:teuthology.orchestra.run.trial059.stdout:Waiting for the mgr to restart...
2026-02-20T00:31:52.618 INFO:teuthology.orchestra.run.trial059.stdout:Waiting for mgr epoch 9...
2026-02-20T00:31:52.866 INFO:journalctl@ceph.mon.a.trial059.stdout:Feb 20 00:31:52 trial059 ceph-mon[39696]: from='client.? 10.20.193.59:0/2589516473' entity='client.admin' cmd='[{"prefix": "mgr module enable", "module": "dashboard"}]': finished
2026-02-20T00:31:52.867 INFO:journalctl@ceph.mon.a.trial059.stdout:Feb 20 00:31:52 trial059 ceph-mon[39696]: mgrmap e9: x(active, since 5s)
2026-02-20T00:31:52.867 INFO:journalctl@ceph.mon.a.trial059.stdout:Feb 20 00:31:52 trial059 ceph-mon[39696]: from='client.? 10.20.193.59:0/486983309' entity='client.admin' cmd=[{"prefix": "mgr stat"}]: dispatch
2026-02-20T00:31:52.867 INFO:journalctl@ceph.mgr.x.trial059.stdout:Feb 20 00:31:52 trial059 ceph-789489fc-0df3-11f1-9c27-d404e6e7d460-mgr-x[39968]: /lib64/python3.9/site-packages/scipy/__init__.py:73: UserWarning: NumPy was imported from a Python sub-interpreter but NumPy does not properly support sub-interpreters. This will likely work for most users but might cause hard to track down issues or subtle bugs. A common user of the rare sub-interpreter feature is wsgi which also allows single-interpreter mode.
2026-02-20T00:31:52.867 INFO:journalctl@ceph.mgr.x.trial059.stdout:Feb 20 00:31:52 trial059 ceph-789489fc-0df3-11f1-9c27-d404e6e7d460-mgr-x[39968]: Improvements in the case of bugs are welcome, but is not on the NumPy roadmap, and full support may require significant effort to achieve.
2026-02-20T00:31:52.867 INFO:journalctl@ceph.mgr.x.trial059.stdout:Feb 20 00:31:52 trial059 ceph-789489fc-0df3-11f1-9c27-d404e6e7d460-mgr-x[39968]: from numpy import show_config as show_numpy_config
2026-02-20T00:31:52.867 INFO:journalctl@ceph.mgr.x.trial059.stdout:Feb 20 00:31:52 trial059 ceph-789489fc-0df3-11f1-9c27-d404e6e7d460-mgr-x[39968]:
2026-02-20T00:31:52.638+0000 7fcc5d84c140 -1 mgr[py] Module diskprediction_local has missing NOTIFY_TYPES member
2026-02-20T00:31:52.867 INFO:journalctl@ceph.mgr.x.trial059.stdout:Feb 20 00:31:52 trial059 ceph-789489fc-0df3-11f1-9c27-d404e6e7d460-mgr-x[39968]:
2026-02-20T00:31:52.673+0000 7fcc5d84c140 -1 mgr[py] Module status has missing NOTIFY_TYPES member
2026-02-20T00:31:52.868 INFO:journalctl@ceph.mgr.x.trial059.stdout:Feb 20 00:31:52 trial059 ceph-789489fc-0df3-11f1-9c27-d404e6e7d460-mgr-x[39968]:
2026-02-20T00:31:52.771+0000 7fcc5d84c140 -1 mgr[py] Module rgw has missing NOTIFY_TYPES member
2026-02-20T00:31:52.868 INFO:journalctl@ceph.mgr.x.trial059.stdout:Feb 20 00:31:52 trial059 ceph-789489fc-0df3-11f1-9c27-d404e6e7d460-mgr-x[39968]:
2026-02-20T00:31:52.831+0000 7fcc5d84c140 -1 mgr[py] Module iostat has missing NOTIFY_TYPES member
2026-02-20T00:31:52.868 INFO:journalctl@ceph.mgr.x.trial059.stdout:Feb 20 00:31:52 trial059 ceph-789489fc-0df3-11f1-9c27-d404e6e7d460-mgr-x[39968]:
2026-02-20T00:31:52.866+0000 7fcc5d84c140 -1 mgr[py] Module pg_autoscaler has missing NOTIFY_TYPES member
2026-02-20T00:31:53.135 INFO:journalctl@ceph.mgr.x.trial059.stdout:Feb 20 00:31:52 trial059 ceph-789489fc-0df3-11f1-9c27-d404e6e7d460-mgr-x[39968]:
2026-02-20T00:31:52.899+0000 7fcc5d84c140 -1 mgr[py] Module osd_perf_query has missing NOTIFY_TYPES member
2026-02-20T00:31:53.135 INFO:journalctl@ceph.mgr.x.trial059.stdout:Feb 20 00:31:52 trial059 ceph-789489fc-0df3-11f1-9c27-d404e6e7d460-mgr-x[39968]:
2026-02-20T00:31:52.933+0000 7fcc5d84c140 -1 mgr[py] Module crash has missing NOTIFY_TYPES member
2026-02-20T00:31:53.135 INFO:journalctl@ceph.mgr.x.trial059.stdout:Feb 20 00:31:52 trial059 ceph-789489fc-0df3-11f1-9c27-d404e6e7d460-mgr-x[39968]:
2026-02-20T00:31:52.963+0000 7fcc5d84c140 -1 mgr[py] Module progress has missing NOTIFY_TYPES member
2026-02-20T00:31:53.456 INFO:journalctl@ceph.mgr.x.trial059.stdout:Feb 20 00:31:53 trial059 ceph-789489fc-0df3-11f1-9c27-d404e6e7d460-mgr-x[39968]:
2026-02-20T00:31:53.200+0000 7fcc5d84c140 -1 mgr[py] Module rook has missing NOTIFY_TYPES member
2026-02-20T00:31:53.456 INFO:journalctl@ceph.mgr.x.trial059.stdout:Feb 20 00:31:53 trial059 ceph-789489fc-0df3-11f1-9c27-d404e6e7d460-mgr-x[39968]:
2026-02-20T00:31:53.300+0000 7fcc5d84c140 -1 mgr[py] Module nfs has missing NOTIFY_TYPES member
2026-02-20T00:31:53.456 INFO:journalctl@ceph.mgr.x.trial059.stdout:Feb 20 00:31:53 trial059 ceph-789489fc-0df3-11f1-9c27-d404e6e7d460-mgr-x[39968]:
2026-02-20T00:31:53.331+0000 7fcc5d84c140 -1 mgr[py] Module telegraf has missing NOTIFY_TYPES member
2026-02-20T00:31:53.456 INFO:journalctl@ceph.mgr.x.trial059.stdout:Feb 20 00:31:53 trial059 ceph-789489fc-0df3-11f1-9c27-d404e6e7d460-mgr-x[39968]:
2026-02-20T00:31:53.362+0000 7fcc5d84c140 -1 mgr[py] Module selftest has missing NOTIFY_TYPES member
2026-02-20T00:31:53.457 INFO:journalctl@ceph.mgr.x.trial059.stdout:Feb 20 00:31:53 trial059 ceph-789489fc-0df3-11f1-9c27-d404e6e7d460-mgr-x[39968]:
2026-02-20T00:31:53.456+0000 7fcc5d84c140 -1 mgr[py] Module test_orchestrator has missing NOTIFY_TYPES member
2026-02-20T00:31:53.885 INFO:journalctl@ceph.mgr.x.trial059.stdout:Feb 20 00:31:53 trial059 ceph-789489fc-0df3-11f1-9c27-d404e6e7d460-mgr-x[39968]:
2026-02-20T00:31:53.485+0000 7fcc5d84c140 -1 mgr[py] Module osd_support has missing NOTIFY_TYPES member
2026-02-20T00:31:53.885 INFO:journalctl@ceph.mgr.x.trial059.stdout:Feb 20 00:31:53 trial059 ceph-789489fc-0df3-11f1-9c27-d404e6e7d460-mgr-x[39968]:
2026-02-20T00:31:53.578+0000 7fcc5d84c140 -1 mgr[py] Module orchestrator has missing NOTIFY_TYPES member
2026-02-20T00:31:54.385 INFO:journalctl@ceph.mgr.x.trial059.stdout:Feb 20 00:31:54 trial059 ceph-789489fc-0df3-11f1-9c27-d404e6e7d460-mgr-x[39968]:
2026-02-20T00:31:54.044+0000 7fcc5d84c140 -1 mgr[py] Module volumes has missing NOTIFY_TYPES member
2026-02-20T00:31:54.385 INFO:journalctl@ceph.mgr.x.trial059.stdout:Feb 20 00:31:54 trial059 ceph-789489fc-0df3-11f1-9c27-d404e6e7d460-mgr-x[39968]:
2026-02-20T00:31:54.074+0000 7fcc5d84c140 -1 mgr[py] Module zabbix has missing NOTIFY_TYPES member
2026-02-20T00:31:54.829 INFO:journalctl@ceph.mgr.x.trial059.stdout:Feb 20 00:31:54 trial059 ceph-789489fc-0df3-11f1-9c27-d404e6e7d460-mgr-x[39968]:
2026-02-20T00:31:54.471+0000 7fcc5d84c140 -1 mgr[py] Module influx has missing NOTIFY_TYPES member
2026-02-20T00:31:54.830 INFO:journalctl@ceph.mon.a.trial059.stdout:Feb 20 00:31:54 trial059 ceph-mon[39696]: Active manager daemon x restarted
2026-02-20T00:31:54.830 INFO:journalctl@ceph.mon.a.trial059.stdout:Feb 20 00:31:54 trial059 ceph-mon[39696]: Activating manager daemon x
2026-02-20T00:31:54.830 INFO:journalctl@ceph.mon.a.trial059.stdout:Feb 20 00:31:54 trial059 ceph-mon[39696]: osdmap e3: 0 total, 0 up, 0 in
2026-02-20T00:31:54.830 INFO:journalctl@ceph.mon.a.trial059.stdout:Feb 20 00:31:54 trial059 ceph-mon[39696]: mgrmap e10: x(active, starting, since 0.00249328s)
2026-02-20T00:31:54.830 INFO:journalctl@ceph.mon.a.trial059.stdout:Feb 20 00:31:54 trial059 ceph-mon[39696]: from='mgr.14150 10.20.193.59:0/357989301' entity='mgr.x' cmd=[{"prefix": "mon metadata", "id": "a"}]: dispatch
2026-02-20T00:31:54.830 INFO:journalctl@ceph.mon.a.trial059.stdout:Feb 20 00:31:54 trial059 ceph-mon[39696]: from='mgr.14150 10.20.193.59:0/357989301' entity='mgr.x' cmd=[{"prefix": "mgr metadata", "who": "x", "id": "x"}]: dispatch
2026-02-20T00:31:54.830 INFO:journalctl@ceph.mon.a.trial059.stdout:Feb 20 00:31:54 trial059 ceph-mon[39696]: from='mgr.14150 10.20.193.59:0/357989301' entity='mgr.x' cmd=[{"prefix": "mds metadata"}]: dispatch
2026-02-20T00:31:54.830 INFO:journalctl@ceph.mon.a.trial059.stdout:Feb 20 00:31:54 trial059 ceph-mon[39696]: from='mgr.14150 10.20.193.59:0/357989301' entity='mgr.x' cmd=[{"prefix": "osd metadata"}]: dispatch
2026-02-20T00:31:54.830 INFO:journalctl@ceph.mon.a.trial059.stdout:Feb 20 00:31:54 trial059 ceph-mon[39696]: from='mgr.14150 10.20.193.59:0/357989301' entity='mgr.x' cmd=[{"prefix": "mon metadata"}]: dispatch
2026-02-20T00:31:54.830 INFO:journalctl@ceph.mon.a.trial059.stdout:Feb 20 00:31:54 trial059 ceph-mon[39696]: Manager daemon x is now available
2026-02-20T00:31:54.830 INFO:journalctl@ceph.mon.a.trial059.stdout:Feb 20 00:31:54 trial059 ceph-mon[39696]: from='mgr.14150 10.20.193.59:0/357989301' entity='mgr.x' cmd=[{"prefix": "config dump", "format": "json"}]: dispatch
2026-02-20T00:31:54.830 INFO:journalctl@ceph.mon.a.trial059.stdout:Feb 20 00:31:54 trial059 ceph-mon[39696]: from='mgr.14150 10.20.193.59:0/357989301' entity='mgr.x' cmd=[{"prefix":"config rm","who":"mgr","name":"mgr/rbd_support/x/mirror_snapshot_schedule"}]: dispatch
2026-02-20T00:31:54.830 INFO:journalctl@ceph.mon.a.trial059.stdout:Feb 20 00:31:54 trial059 ceph-mon[39696]: from='mgr.14150 10.20.193.59:0/357989301' entity='mgr.x' cmd=[{"prefix":"config rm","who":"mgr","name":"mgr/rbd_support/x/trash_purge_schedule"}]: dispatch
2026-02-20T00:31:55.509 INFO:teuthology.orchestra.run.trial059.stdout:/usr/bin/ceph: stdout {
2026-02-20T00:31:55.509 INFO:teuthology.orchestra.run.trial059.stdout:/usr/bin/ceph: stdout "mgrmap_epoch": 11,
2026-02-20T00:31:55.509 INFO:teuthology.orchestra.run.trial059.stdout:/usr/bin/ceph: stdout "initialized": true
2026-02-20T00:31:55.509 INFO:teuthology.orchestra.run.trial059.stdout:/usr/bin/ceph: stdout }
2026-02-20T00:31:55.510 INFO:teuthology.orchestra.run.trial059.stdout:/usr/bin/ceph: stderr
2026-02-20T00:31:52.716+0000 7f8cfca52640 1 Processor -- start
2026-02-20T00:31:55.510 INFO:teuthology.orchestra.run.trial059.stdout:/usr/bin/ceph: stderr
2026-02-20T00:31:52.716+0000 7f8cfca52640 1 -- start start
2026-02-20T00:31:55.510 INFO:teuthology.orchestra.run.trial059.stdout:/usr/bin/ceph: stderr
2026-02-20T00:31:52.716+0000 7f8cfca52640 1 --2- >> [v2:10.20.193.59:3300/0,v1:10.20.193.59:6789/0] conn(0x7f8cf810aa00 0x7f8cf810ae00 unknown :-1 s=NONE pgs=0 cs=0 l=0 rev1=0 crypto rx=0 tx=0 comp rx=0 tx=0).connect
2026-02-20T00:31:55.510 INFO:teuthology.orchestra.run.trial059.stdout:/usr/bin/ceph: stderr
2026-02-20T00:31:52.716+0000 7f8cfca52640 1 -- --> [v2:10.20.193.59:3300/0,v1:10.20.193.59:6789/0] -- mon_getmap magic: 0 -- 0x7f8cf810b3d0 con 0x7f8cf810aa00
2026-02-20T00:31:55.510 INFO:teuthology.orchestra.run.trial059.stdout:/usr/bin/ceph: stderr
2026-02-20T00:31:52.717+0000 7f8cf6575640 1 --2- >> [v2:10.20.193.59:3300/0,v1:10.20.193.59:6789/0] conn(0x7f8cf810aa00 0x7f8cf810ae00 unknown :-1 s=BANNER_CONNECTING pgs=0 cs=0 l=0 rev1=0 crypto rx=0 tx=0 comp rx=0 tx=0)._handle_peer_banner_payload supported=3 required=0
2026-02-20T00:31:55.510 INFO:teuthology.orchestra.run.trial059.stdout:/usr/bin/ceph: stderr
2026-02-20T00:31:52.717+0000 7f8cf6575640 1 --2- >> [v2:10.20.193.59:3300/0,v1:10.20.193.59:6789/0] conn(0x7f8cf810aa00 0x7f8cf810ae00 unknown :-1 s=HELLO_CONNECTING pgs=0 cs=0 l=0 rev1=1 crypto rx=0 tx=0 comp rx=0 tx=0).handle_hello peer v2:10.20.193.59:3300/0 says I am v2:10.20.193.59:36152/0 (socket says 10.20.193.59:36152)
2026-02-20T00:31:55.510 INFO:teuthology.orchestra.run.trial059.stdout:/usr/bin/ceph: stderr
2026-02-20T00:31:52.717+0000 7f8cf6575640 1 -- 10.20.193.59:0/2579688795 learned_addr learned my addr 10.20.193.59:0/2579688795 (peer_addr_for_me v2:10.20.193.59:0/0)
2026-02-20T00:31:55.510 INFO:teuthology.orchestra.run.trial059.stdout:/usr/bin/ceph: stderr
2026-02-20T00:31:52.717+0000 7f8cf6575640 1 -- 10.20.193.59:0/2579688795 --> [v2:10.20.193.59:3300/0,v1:10.20.193.59:6789/0] -- mon_subscribe({config=0+,monmap=0+}) -- 0x7f8cf810b7d0 con 0x7f8cf810aa00
2026-02-20T00:31:55.510 INFO:teuthology.orchestra.run.trial059.stdout:/usr/bin/ceph: stderr
2026-02-20T00:31:52.717+0000 7f8cf6575640 1 --2- 10.20.193.59:0/2579688795 >> [v2:10.20.193.59:3300/0,v1:10.20.193.59:6789/0] conn(0x7f8cf810aa00 0x7f8cf810ae00 secure :-1 s=READY pgs=59 cs=0 l=1 rev1=1 crypto rx=0x7f8cec009920 tx=0x7f8cec02ef20 comp rx=0 tx=0).ready entity=mon.0 client_cookie=d5e5d4d9f05e80e9 server_cookie=0 in_seq=0 out_seq=0
2026-02-20T00:31:55.510 INFO:teuthology.orchestra.run.trial059.stdout:/usr/bin/ceph: stderr
2026-02-20T00:31:52.717+0000 7f8cf5573640 1 -- 10.20.193.59:0/2579688795 <== mon.0 v2:10.20.193.59:3300/0 1 ==== mon_map magic: 0 ==== 205+0+0 (secure 0 0 0) 0x7f8cec03c070 con 0x7f8cf810aa00
2026-02-20T00:31:55.511 INFO:teuthology.orchestra.run.trial059.stdout:/usr/bin/ceph: stderr
2026-02-20T00:31:52.717+0000 7f8cf5573640 1 -- 10.20.193.59:0/2579688795 <== mon.0 v2:10.20.193.59:3300/0 2 ==== config(26 keys) ==== 1076+0+0 (secure 0 0 0) 0x7f8cec037440 con 0x7f8cf810aa00
2026-02-20T00:31:55.511 INFO:teuthology.orchestra.run.trial059.stdout:/usr/bin/ceph: stderr
2026-02-20T00:31:52.717+0000 7f8cf5573640 1 -- 10.20.193.59:0/2579688795 <== mon.0 v2:10.20.193.59:3300/0 3 ==== mon_map magic: 0 ==== 205+0+0 (secure 0 0 0) 0x7f8cec0354d0 con 0x7f8cf810aa00
2026-02-20T00:31:55.511 INFO:teuthology.orchestra.run.trial059.stdout:/usr/bin/ceph: stderr
2026-02-20T00:31:52.718+0000 7f8cfca52640 1 -- 10.20.193.59:0/2579688795 >> [v2:10.20.193.59:3300/0,v1:10.20.193.59:6789/0] conn(0x7f8cf810aa00 msgr2=0x7f8cf810ae00 secure :-1 s=STATE_CONNECTION_ESTABLISHED l=1).mark_down
2026-02-20T00:31:55.511 INFO:teuthology.orchestra.run.trial059.stdout:/usr/bin/ceph: stderr
2026-02-20T00:31:52.718+0000 7f8cfca52640 1 --2- 10.20.193.59:0/2579688795 >> [v2:10.20.193.59:3300/0,v1:10.20.193.59:6789/0] conn(0x7f8cf810aa00 0x7f8cf810ae00 secure :-1 s=READY pgs=59 cs=0 l=1 rev1=1 crypto rx=0x7f8cec009920 tx=0x7f8cec02ef20 comp rx=0 tx=0).stop
2026-02-20T00:31:55.511 INFO:teuthology.orchestra.run.trial059.stdout:/usr/bin/ceph: stderr
2026-02-20T00:31:52.718+0000 7f8cfca52640 1 -- 10.20.193.59:0/2579688795 shutdown_connections
2026-02-20T00:31:55.511 INFO:teuthology.orchestra.run.trial059.stdout:/usr/bin/ceph: stderr
2026-02-20T00:31:52.718+0000 7f8cfca52640 1 --2- 10.20.193.59:0/2579688795 >> [v2:10.20.193.59:3300/0,v1:10.20.193.59:6789/0] conn(0x7f8cf810aa00 0x7f8cf810ae00 unknown :-1 s=CLOSED pgs=59 cs=0 l=1 rev1=1 crypto rx=0 tx=0 comp rx=0 tx=0).stop
2026-02-20T00:31:55.511 INFO:teuthology.orchestra.run.trial059.stdout:/usr/bin/ceph: stderr
2026-02-20T00:31:52.718+0000 7f8cfca52640 1 -- 10.20.193.59:0/2579688795 >> 10.20.193.59:0/2579688795 conn(0x7f8cf807dae0 msgr2=0x7f8cf807def0 unknown :-1 s=STATE_NONE l=0).mark_down
2026-02-20T00:31:55.511 INFO:teuthology.orchestra.run.trial059.stdout:/usr/bin/ceph: stderr
2026-02-20T00:31:52.718+0000 7f8cfca52640 1 -- 10.20.193.59:0/2579688795 shutdown_connections
2026-02-20T00:31:55.511 INFO:teuthology.orchestra.run.trial059.stdout:/usr/bin/ceph: stderr
2026-02-20T00:31:52.718+0000 7f8cfca52640 1 -- 10.20.193.59:0/2579688795 wait complete.
2026-02-20T00:31:55.511 INFO:teuthology.orchestra.run.trial059.stdout:/usr/bin/ceph: stderr
2026-02-20T00:31:52.718+0000 7f8cfca52640 1 Processor -- start
2026-02-20T00:31:55.511 INFO:teuthology.orchestra.run.trial059.stdout:/usr/bin/ceph: stderr
2026-02-20T00:31:52.718+0000 7f8cfca52640 1 -- start start
2026-02-20T00:31:55.512 INFO:teuthology.orchestra.run.trial059.stdout:/usr/bin/ceph: stderr
2026-02-20T00:31:52.718+0000 7f8cfca52640 1 --2- >> [v2:10.20.193.59:3300/0,v1:10.20.193.59:6789/0] conn(0x7f8cf810aa00 0x7f8cf81a0430 unknown :-1 s=NONE pgs=0 cs=0 l=1 rev1=0 crypto rx=0 tx=0 comp rx=0 tx=0).connect
2026-02-20T00:31:55.512 INFO:teuthology.orchestra.run.trial059.stdout:/usr/bin/ceph: stderr
2026-02-20T00:31:52.718+0000 7f8cfca52640 1 -- --> [v2:10.20.193.59:3300/0,v1:10.20.193.59:6789/0] -- mon_getmap magic: 0 -- 0x7f8cf810ea00 con 0x7f8cf810aa00
2026-02-20T00:31:55.512 INFO:teuthology.orchestra.run.trial059.stdout:/usr/bin/ceph: stderr
2026-02-20T00:31:52.718+0000 7f8cf6575640 1 --2- >> [v2:10.20.193.59:3300/0,v1:10.20.193.59:6789/0] conn(0x7f8cf810aa00 0x7f8cf81a0430 unknown :-1 s=BANNER_CONNECTING pgs=0 cs=0 l=1 rev1=0 crypto rx=0 tx=0 comp rx=0 tx=0)._handle_peer_banner_payload supported=3 required=0
2026-02-20T00:31:55.512 INFO:teuthology.orchestra.run.trial059.stdout:/usr/bin/ceph: stderr
2026-02-20T00:31:52.718+0000 7f8cf6575640 1 --2- >> [v2:10.20.193.59:3300/0,v1:10.20.193.59:6789/0] conn(0x7f8cf810aa00 0x7f8cf81a0430 unknown :-1 s=HELLO_CONNECTING pgs=0 cs=0 l=1 rev1=1 crypto rx=0 tx=0 comp rx=0 tx=0).handle_hello peer v2:10.20.193.59:3300/0 says I am v2:10.20.193.59:36154/0 (socket says 10.20.193.59:36154)
2026-02-20T00:31:55.512 INFO:teuthology.orchestra.run.trial059.stdout:/usr/bin/ceph: stderr
2026-02-20T00:31:52.718+0000 7f8cf6575640 1 -- 10.20.193.59:0/3286546579 learned_addr learned my addr 10.20.193.59:0/3286546579 (peer_addr_for_me v2:10.20.193.59:0/0)
2026-02-20T00:31:55.512 INFO:teuthology.orchestra.run.trial059.stdout:/usr/bin/ceph: stderr
2026-02-20T00:31:52.718+0000 7f8cf6575640 1 -- 10.20.193.59:0/3286546579 --> [v2:10.20.193.59:3300/0,v1:10.20.193.59:6789/0] -- mon_subscribe({config=0+,monmap=0+}) -- 0x7f8cf81a0970 con 0x7f8cf810aa00
2026-02-20T00:31:55.512 INFO:teuthology.orchestra.run.trial059.stdout:/usr/bin/ceph: stderr
2026-02-20T00:31:52.719+0000 7f8cf6575640 1 --2- 10.20.193.59:0/3286546579 >> [v2:10.20.193.59:3300/0,v1:10.20.193.59:6789/0] conn(0x7f8cf810aa00 0x7f8cf81a0430 secure :-1 s=READY pgs=60 cs=0 l=1 rev1=1 crypto rx=0x7f8cec009a50 tx=0x7f8cec037820 comp rx=0 tx=0).ready entity=mon.0 client_cookie=0 server_cookie=0 in_seq=0 out_seq=0
2026-02-20T00:31:55.512 INFO:teuthology.orchestra.run.trial059.stdout:/usr/bin/ceph: stderr
2026-02-20T00:31:52.719+0000 7f8cdf7fe640 1 -- 10.20.193.59:0/3286546579 <== mon.0 v2:10.20.193.59:3300/0 1 ==== mon_map magic: 0 ==== 205+0+0 (secure 0 0 0) 0x7f8cec047070 con 0x7f8cf810aa00
2026-02-20T00:31:55.512 INFO:teuthology.orchestra.run.trial059.stdout:/usr/bin/ceph: stderr
2026-02-20T00:31:52.719+0000 7f8cdf7fe640 1 -- 10.20.193.59:0/3286546579 <== mon.0 v2:10.20.193.59:3300/0 2 ==== config(26 keys) ==== 1076+0+0 (secure 0 0 0) 0x7f8cec035da0 con 0x7f8cf810aa00
2026-02-20T00:31:55.512 INFO:teuthology.orchestra.run.trial059.stdout:/usr/bin/ceph: stderr
2026-02-20T00:31:52.719+0000 7f8cfca52640 1 -- 10.20.193.59:0/3286546579 --> [v2:10.20.193.59:3300/0,v1:10.20.193.59:6789/0] -- mon_subscribe({mgrmap=0+}) -- 0x7f8cf81a0c00 con 0x7f8cf810aa00
2026-02-20T00:31:55.512 INFO:teuthology.orchestra.run.trial059.stdout:/usr/bin/ceph: stderr
2026-02-20T00:31:52.719+0000 7f8cdf7fe640 1 -- 10.20.193.59:0/3286546579 <== mon.0 v2:10.20.193.59:3300/0 3 ==== mon_map magic: 0 ==== 205+0+0 (secure 0 0 0) 0x7f8cec03c070 con 0x7f8cf810aa00
2026-02-20T00:31:55.513 INFO:teuthology.orchestra.run.trial059.stdout:/usr/bin/ceph: stderr
2026-02-20T00:31:52.719+0000 7f8cfca52640 1 -- 10.20.193.59:0/3286546579 --> [v2:10.20.193.59:3300/0,v1:10.20.193.59:6789/0] -- mon_subscribe({osdmap=0}) -- 0x7f8cf81a38f0 con 0x7f8cf810aa00
2026-02-20T00:31:55.513 INFO:teuthology.orchestra.run.trial059.stdout:/usr/bin/ceph: stderr
2026-02-20T00:31:52.719+0000 7f8cdf7fe640 1 -- 10.20.193.59:0/3286546579 <== mon.0 v2:10.20.193.59:3300/0 4 ==== mgrmap(e 9) ==== 50260+0+0 (secure 0 0 0) 0x7f8cec0426a0 con 0x7f8cf810aa00
2026-02-20T00:31:55.513 INFO:teuthology.orchestra.run.trial059.stdout:/usr/bin/ceph: stderr
2026-02-20T00:31:52.720+0000 7f8cdf7fe640 1 --2- 10.20.193.59:0/3286546579 >> [v2:10.20.193.59:6800/1010070359,v1:10.20.193.59:6801/1010070359] conn(0x7f8cd003dc40 0x7f8cd0040100 unknown :-1 s=NONE pgs=0 cs=0 l=1 rev1=0 crypto rx=0 tx=0 comp rx=0 tx=0).connect
2026-02-20T00:31:55.513 INFO:teuthology.orchestra.run.trial059.stdout:/usr/bin/ceph: stderr
2026-02-20T00:31:52.720+0000 7f8cdf7fe640 1 -- 10.20.193.59:0/3286546579 --> [v2:10.20.193.59:6800/1010070359,v1:10.20.193.59:6801/1010070359] -- command(tid 0: {"prefix": "get_command_descriptions"}) -- 0x7f8cd0040810 con 0x7f8cd003dc40
2026-02-20T00:31:55.513 INFO:teuthology.orchestra.run.trial059.stdout:/usr/bin/ceph: stderr
2026-02-20T00:31:52.720+0000 7f8cf5d74640 1 -- 10.20.193.59:0/3286546579 >> [v2:10.20.193.59:6800/1010070359,v1:10.20.193.59:6801/1010070359] conn(0x7f8cd003dc40 msgr2=0x7f8cd0040100 unknown :-1 s=STATE_CONNECTING_RE l=1).process reconnect failed to v2:10.20.193.59:6800/1010070359
2026-02-20T00:31:55.513 INFO:teuthology.orchestra.run.trial059.stdout:/usr/bin/ceph: stderr
2026-02-20T00:31:52.720+0000 7f8cdf7fe640 1 -- 10.20.193.59:0/3286546579 <== mon.0 v2:10.20.193.59:3300/0 5 ==== osd_map(2..2 src has 1..2) ==== 940+0+0 (secure 0 0 0) 0x7f8cec076cd0 con 0x7f8cf810aa00
2026-02-20T00:31:55.513 INFO:teuthology.orchestra.run.trial059.stdout:/usr/bin/ceph: stderr
2026-02-20T00:31:52.720+0000 7f8cf5d74640 1 --2- 10.20.193.59:0/3286546579 >> [v2:10.20.193.59:6800/1010070359,v1:10.20.193.59:6801/1010070359] conn(0x7f8cd003dc40 0x7f8cd0040100 unknown :-1 s=START_CONNECT pgs=0 cs=0 l=1 rev1=0 crypto rx=0 tx=0 comp rx=0 tx=0)._fault waiting 0.200000
2026-02-20T00:31:55.513 INFO:teuthology.orchestra.run.trial059.stdout:/usr/bin/ceph: stderr
2026-02-20T00:31:52.921+0000 7f8cf5d74640 1 -- 10.20.193.59:0/3286546579 >> [v2:10.20.193.59:6800/1010070359,v1:10.20.193.59:6801/1010070359] conn(0x7f8cd003dc40 msgr2=0x7f8cd0040100 unknown :-1 s=STATE_CONNECTING_RE l=1).process reconnect failed to v2:10.20.193.59:6800/1010070359
2026-02-20T00:31:55.513 INFO:teuthology.orchestra.run.trial059.stdout:/usr/bin/ceph: stderr
2026-02-20T00:31:52.921+0000 7f8cf5d74640 1 --2- 10.20.193.59:0/3286546579 >> [v2:10.20.193.59:6800/1010070359,v1:10.20.193.59:6801/1010070359] conn(0x7f8cd003dc40 0x7f8cd0040100 unknown :-1 s=START_CONNECT pgs=0 cs=0 l=1 rev1=0 crypto rx=0 tx=0 comp rx=0 tx=0)._fault waiting 0.400000
2026-02-20T00:31:55.513 INFO:teuthology.orchestra.run.trial059.stdout:/usr/bin/ceph: stderr
2026-02-20T00:31:53.322+0000 7f8cf5d74640 1 -- 10.20.193.59:0/3286546579 >> [v2:10.20.193.59:6800/1010070359,v1:10.20.193.59:6801/1010070359] conn(0x7f8cd003dc40 msgr2=0x7f8cd0040100 unknown :-1 s=STATE_CONNECTING_RE l=1).process reconnect failed to v2:10.20.193.59:6800/1010070359
2026-02-20T00:31:55.513 INFO:teuthology.orchestra.run.trial059.stdout:/usr/bin/ceph: stderr
2026-02-20T00:31:53.322+0000 7f8cf5d74640 1 --2- 10.20.193.59:0/3286546579 >> [v2:10.20.193.59:6800/1010070359,v1:10.20.193.59:6801/1010070359] conn(0x7f8cd003dc40 0x7f8cd0040100 unknown :-1 s=START_CONNECT pgs=0 cs=0 l=1 rev1=0 crypto rx=0 tx=0 comp rx=0 tx=0)._fault waiting 0.800000
2026-02-20T00:31:55.513 INFO:teuthology.orchestra.run.trial059.stdout:/usr/bin/ceph: stderr
2026-02-20T00:31:54.123+0000 7f8cf5d74640 1 -- 10.20.193.59:0/3286546579 >> [v2:10.20.193.59:6800/1010070359,v1:10.20.193.59:6801/1010070359] conn(0x7f8cd003dc40 msgr2=0x7f8cd0040100 unknown :-1 s=STATE_CONNECTING_RE l=1).process reconnect failed to v2:10.20.193.59:6800/1010070359
2026-02-20T00:31:55.514 INFO:teuthology.orchestra.run.trial059.stdout:/usr/bin/ceph: stderr
2026-02-20T00:31:54.123+0000 7f8cf5d74640 1 --2- 10.20.193.59:0/3286546579 >> [v2:10.20.193.59:6800/1010070359,v1:10.20.193.59:6801/1010070359] conn(0x7f8cd003dc40 0x7f8cd0040100 unknown :-1 s=START_CONNECT pgs=0 cs=0 l=1 rev1=0 crypto rx=0 tx=0 comp rx=0 tx=0)._fault waiting 1.600000
2026-02-20T00:31:55.514 INFO:teuthology.orchestra.run.trial059.stdout:/usr/bin/ceph: stderr
