2026-02-20T00:31:48.011+0000 7f3f2d0dc640 1 -- 10.20.193.59:0/764829057 --> [v2:10.20.193.59:3300/0,v1:10.20.193.59:6789/0] -- mon_subscribe({config=0+,monmap=0+}) -- 0x7f3f281a09d0 con 0x7f3f2810aa00
2026-02-20T00:31:48.125 INFO:teuthology.orchestra.run.trial059.stdout:/usr/bin/ceph: stderr
2026-02-20T00:31:48.011+0000 7f3f2d0dc640 1 --2- 10.20.193.59:0/764829057 >> [v2:10.20.193.59:3300/0,v1:10.20.193.59:6789/0] conn(0x7f3f2810aa00 0x7f3f281a0490 secure :-1 s=READY pgs=42 cs=0 l=1 rev1=1 crypto rx=0x7f3f18006fd0 tx=0x7f3f18037bb0 comp rx=0 tx=0).ready entity=mon.0 client_cookie=0 server_cookie=0 in_seq=0 out_seq=0
2026-02-20T00:31:48.125 INFO:teuthology.orchestra.run.trial059.stdout:/usr/bin/ceph: stderr
2026-02-20T00:31:48.011+0000 7f3f167fc640 1 -- 10.20.193.59:0/764829057 <== mon.0 v2:10.20.193.59:3300/0 1 ==== mon_map magic: 0 ==== 205+0+0 (secure 0 0 0) 0x7f3f18045070 con 0x7f3f2810aa00
2026-02-20T00:31:48.126 INFO:teuthology.orchestra.run.trial059.stdout:/usr/bin/ceph: stderr
2026-02-20T00:31:48.011+0000 7f3f167fc640 1 -- 10.20.193.59:0/764829057 <== mon.0 v2:10.20.193.59:3300/0 2 ==== config(26 keys) ==== 1045+0+0 (secure 0 0 0) 0x7f3f18040450 con 0x7f3f2810aa00
2026-02-20T00:31:48.126 INFO:teuthology.orchestra.run.trial059.stdout:/usr/bin/ceph: stderr
2026-02-20T00:31:48.011+0000 7f3f2f367640 1 -- 10.20.193.59:0/764829057 --> [v2:10.20.193.59:3300/0,v1:10.20.193.59:6789/0] -- mon_subscribe({mgrmap=0+}) -- 0x7f3f281a0c60 con 0x7f3f2810aa00
2026-02-20T00:31:48.126 INFO:teuthology.orchestra.run.trial059.stdout:/usr/bin/ceph: stderr
2026-02-20T00:31:48.011+0000 7f3f167fc640 1 -- 10.20.193.59:0/764829057 <== mon.0 v2:10.20.193.59:3300/0 3 ==== mon_map magic: 0 ==== 205+0+0 (secure 0 0 0) 0x7f3f1803c070 con 0x7f3f2810aa00
2026-02-20T00:31:48.126 INFO:teuthology.orchestra.run.trial059.stdout:/usr/bin/ceph: stderr
2026-02-20T00:31:48.011+0000 7f3f2f367640 1 -- 10.20.193.59:0/764829057 --> [v2:10.20.193.59:3300/0,v1:10.20.193.59:6789/0] -- mon_subscribe({osdmap=0}) -- 0x7f3f281a3950 con 0x7f3f2810aa00
2026-02-20T00:31:48.126 INFO:teuthology.orchestra.run.trial059.stdout:/usr/bin/ceph: stderr
2026-02-20T00:31:48.011+0000 7f3f2f367640 1 -- 10.20.193.59:0/764829057 --> [v2:10.20.193.59:3300/0,v1:10.20.193.59:6789/0] -- mon_command({"prefix": "get_command_descriptions"} v 0) -- 0x7f3f2810ae80 con 0x7f3f2810aa00
2026-02-20T00:31:48.126 INFO:teuthology.orchestra.run.trial059.stdout:/usr/bin/ceph: stderr
2026-02-20T00:31:48.011+0000 7f3f167fc640 1 -- 10.20.193.59:0/764829057 <== mon.0 v2:10.20.193.59:3300/0 4 ==== mgrmap(e 7) ==== 50141+0+0 (secure 0 0 0) 0x7f3f18035af0 con 0x7f3f2810aa00
2026-02-20T00:31:48.126 INFO:teuthology.orchestra.run.trial059.stdout:/usr/bin/ceph: stderr
2026-02-20T00:31:48.012+0000 7f3f167fc640 1 --2- 10.20.193.59:0/764829057 >> [v2:10.20.193.59:6800/1010070359,v1:10.20.193.59:6801/1010070359] conn(0x7f3f0403da80 0x7f3f0403ff40 unknown :-1 s=NONE pgs=0 cs=0 l=1 rev1=0 crypto rx=0 tx=0 comp rx=0 tx=0).connect
2026-02-20T00:31:48.126 INFO:teuthology.orchestra.run.trial059.stdout:/usr/bin/ceph: stderr
2026-02-20T00:31:48.012+0000 7f3f167fc640 1 -- 10.20.193.59:0/764829057 <== mon.0 v2:10.20.193.59:3300/0 5 ==== osd_map(2..2 src has 1..2) ==== 940+0+0 (secure 0 0 0) 0x7f3f18076490 con 0x7f3f2810aa00
2026-02-20T00:31:48.126 INFO:teuthology.orchestra.run.trial059.stdout:/usr/bin/ceph: stderr
2026-02-20T00:31:48.012+0000 7f3f2c8db640 1 --2- 10.20.193.59:0/764829057 >> [v2:10.20.193.59:6800/1010070359,v1:10.20.193.59:6801/1010070359] conn(0x7f3f0403da80 0x7f3f0403ff40 unknown :-1 s=BANNER_CONNECTING pgs=0 cs=0 l=1 rev1=0 crypto rx=0 tx=0 comp rx=0 tx=0)._handle_peer_banner_payload supported=3 required=0
2026-02-20T00:31:48.126 INFO:teuthology.orchestra.run.trial059.stdout:/usr/bin/ceph: stderr
2026-02-20T00:31:48.012+0000 7f3f2c8db640 1 --2- 10.20.193.59:0/764829057 >> [v2:10.20.193.59:6800/1010070359,v1:10.20.193.59:6801/1010070359] conn(0x7f3f0403da80 0x7f3f0403ff40 secure :-1 s=READY pgs=10 cs=0 l=1 rev1=1 crypto rx=0x7f3f1c0099c0 tx=0x7f3f1c006eb0 comp rx=0 tx=0).ready entity=mgr.14118 client_cookie=0 server_cookie=0 in_seq=0 out_seq=0
2026-02-20T00:31:48.126 INFO:teuthology.orchestra.run.trial059.stdout:/usr/bin/ceph: stderr
2026-02-20T00:31:48.014+0000 7f3f167fc640 1 -- 10.20.193.59:0/764829057 <== mon.0 v2:10.20.193.59:3300/0 6 ==== mon_command_ack([{"prefix": "get_command_descriptions"}]=0 v0) ==== 72+0+195034 (secure 0 0 0) 0x7f3f18033200 con 0x7f3f2810aa00
2026-02-20T00:31:48.127 INFO:teuthology.orchestra.run.trial059.stdout:/usr/bin/ceph: stderr
2026-02-20T00:31:48.097+0000 7f3f2f367640 1 -- 10.20.193.59:0/764829057 --> [v2:10.20.193.59:6800/1010070359,v1:10.20.193.59:6801/1010070359] -- mgr_command(tid 0: {"prefix": "cephadm get-pub-key", "target": ["mon-mgr", ""]}) -- 0x7f3f28108df0 con 0x7f3f0403da80
2026-02-20T00:31:48.127 INFO:teuthology.orchestra.run.trial059.stdout:/usr/bin/ceph: stderr
2026-02-20T00:31:48.098+0000 7f3f167fc640 1 -- 10.20.193.59:0/764829057 <== mgr.14118 v2:10.20.193.59:6800/1010070359 1 ==== mgr_command_reply(tid 0: 0 ) ==== 8+0+123 (secure 0 0 0) 0x7f3f28108df0 con 0x7f3f0403da80
2026-02-20T00:31:48.127 INFO:teuthology.orchestra.run.trial059.stdout:/usr/bin/ceph: stderr
2026-02-20T00:31:48.099+0000 7f3f2f367640 1 -- 10.20.193.59:0/764829057 >> [v2:10.20.193.59:6800/1010070359,v1:10.20.193.59:6801/1010070359] conn(0x7f3f0403da80 msgr2=0x7f3f0403ff40 secure :-1 s=STATE_CONNECTION_ESTABLISHED l=1).mark_down
2026-02-20T00:31:48.127 INFO:teuthology.orchestra.run.trial059.stdout:/usr/bin/ceph: stderr
2026-02-20T00:31:48.099+0000 7f3f2f367640 1 --2- 10.20.193.59:0/764829057 >> [v2:10.20.193.59:6800/1010070359,v1:10.20.193.59:6801/1010070359] conn(0x7f3f0403da80 0x7f3f0403ff40 secure :-1 s=READY pgs=10 cs=0 l=1 rev1=1 crypto rx=0x7f3f1c0099c0 tx=0x7f3f1c006eb0 comp rx=0 tx=0).stop
2026-02-20T00:31:48.127 INFO:teuthology.orchestra.run.trial059.stdout:/usr/bin/ceph: stderr
2026-02-20T00:31:48.099+0000 7f3f2f367640 1 -- 10.20.193.59:0/764829057 >> [v2:10.20.193.59:3300/0,v1:10.20.193.59:6789/0] conn(0x7f3f2810aa00 msgr2=0x7f3f281a0490 secure :-1 s=STATE_CONNECTION_ESTABLISHED l=1).mark_down
2026-02-20T00:31:48.127 INFO:teuthology.orchestra.run.trial059.stdout:/usr/bin/ceph: stderr
2026-02-20T00:31:48.099+0000 7f3f2f367640 1 --2- 10.20.193.59:0/764829057 >> [v2:10.20.193.59:3300/0,v1:10.20.193.59:6789/0] conn(0x7f3f2810aa00 0x7f3f281a0490 secure :-1 s=READY pgs=42 cs=0 l=1 rev1=1 crypto rx=0x7f3f18006fd0 tx=0x7f3f18037bb0 comp rx=0 tx=0).stop
2026-02-20T00:31:48.127 INFO:teuthology.orchestra.run.trial059.stdout:/usr/bin/ceph: stderr
2026-02-20T00:31:48.099+0000 7f3f2f367640 1 -- 10.20.193.59:0/764829057 shutdown_connections
2026-02-20T00:31:48.127 INFO:teuthology.orchestra.run.trial059.stdout:/usr/bin/ceph: stderr
2026-02-20T00:31:48.099+0000 7f3f2f367640 1 --2- 10.20.193.59:0/764829057 >> [v2:10.20.193.59:6800/1010070359,v1:10.20.193.59:6801/1010070359] conn(0x7f3f0403da80 0x7f3f0403ff40 unknown :-1 s=CLOSED pgs=10 cs=0 l=1 rev1=1 crypto rx=0 tx=0 comp rx=0 tx=0).stop
2026-02-20T00:31:48.127 INFO:teuthology.orchestra.run.trial059.stdout:/usr/bin/ceph: stderr
2026-02-20T00:31:48.099+0000 7f3f2f367640 1 --2- 10.20.193.59:0/764829057 >> [v2:10.20.193.59:3300/0,v1:10.20.193.59:6789/0] conn(0x7f3f2810aa00 0x7f3f281a0490 unknown :-1 s=CLOSED pgs=42 cs=0 l=1 rev1=1 crypto rx=0 tx=0 comp rx=0 tx=0).stop
2026-02-20T00:31:48.127 INFO:teuthology.orchestra.run.trial059.stdout:/usr/bin/ceph: stderr
2026-02-20T00:31:48.099+0000 7f3f2f367640 1 -- 10.20.193.59:0/764829057 >> 10.20.193.59:0/764829057 conn(0x7f3f2807dae0 msgr2=0x7f3f281086e0 unknown :-1 s=STATE_NONE l=0).mark_down
2026-02-20T00:31:48.127 INFO:teuthology.orchestra.run.trial059.stdout:/usr/bin/ceph: stderr
2026-02-20T00:31:48.099+0000 7f3f2f367640 1 -- 10.20.193.59:0/764829057 shutdown_connections
2026-02-20T00:31:48.128 INFO:teuthology.orchestra.run.trial059.stdout:/usr/bin/ceph: stderr
2026-02-20T00:31:48.099+0000 7f3f2f367640 1 -- 10.20.193.59:0/764829057 wait complete.
2026-02-20T00:31:48.128 INFO:teuthology.orchestra.run.trial059.stdout:Wrote public SSH key to /home/ubuntu/cephtest/ceph.pub
2026-02-20T00:31:48.128 INFO:teuthology.orchestra.run.trial059.stdout:Adding key to root@localhost authorized_keys...
2026-02-20T00:31:48.128 INFO:teuthology.orchestra.run.trial059.stdout:Adding host trial059...
2026-02-20T00:31:48.628 INFO:journalctl@ceph.mon.a.trial059.stdout:Feb 20 00:31:48 trial059 ceph-mon[39696]: from='client.14122 -' entity='client.admin' cmd=[{"prefix": "get_command_descriptions"}]: dispatch
2026-02-20T00:31:48.629 INFO:journalctl@ceph.mon.a.trial059.stdout:Feb 20 00:31:48 trial059 ceph-mon[39696]: from='client.14122 -' entity='client.admin' cmd=[{"prefix": "mgr_status"}]: dispatch
2026-02-20T00:31:48.629 INFO:journalctl@ceph.mon.a.trial059.stdout:Feb 20 00:31:48 trial059 ceph-mon[39696]: from='client.14130 -' entity='client.admin' cmd=[{"prefix": "orch set backend", "module_name": "cephadm", "target": ["mon-mgr", ""]}]: dispatch
2026-02-20T00:31:48.629 INFO:journalctl@ceph.mon.a.trial059.stdout:Feb 20 00:31:48 trial059 ceph-mon[39696]: from='mgr.14118 10.20.193.59:0/3940798540' entity='mgr.x'
2026-02-20T00:31:48.629 INFO:journalctl@ceph.mon.a.trial059.stdout:Feb 20 00:31:48 trial059 ceph-mon[39696]: from='mgr.14118 10.20.193.59:0/3940798540' entity='mgr.x' cmd=[{"prefix": "config dump", "format": "json"}]: dispatch
2026-02-20T00:31:48.629 INFO:journalctl@ceph.mon.a.trial059.stdout:Feb 20 00:31:48 trial059 ceph-mon[39696]: from='mgr.14118 10.20.193.59:0/3940798540' entity='mgr.x' cmd=[{"prefix": "config dump", "format": "json"}]: dispatch
2026-02-20T00:31:48.629 INFO:journalctl@ceph.mon.a.trial059.stdout:Feb 20 00:31:48 trial059 ceph-mon[39696]: from='mgr.14118 10.20.193.59:0/3940798540' entity='mgr.x'
2026-02-20T00:31:48.629 INFO:journalctl@ceph.mon.a.trial059.stdout:Feb 20 00:31:48 trial059 ceph-mon[39696]: from='mgr.14118 10.20.193.59:0/3940798540' entity='mgr.x'
2026-02-20T00:31:49.789 INFO:journalctl@ceph.mon.a.trial059.stdout:Feb 20 00:31:49 trial059 ceph-mon[39696]: [20/Feb/2026:00:31:47] ENGINE Bus STARTING
2026-02-20T00:31:49.789 INFO:journalctl@ceph.mon.a.trial059.stdout:Feb 20 00:31:49 trial059 ceph-mon[39696]: from='client.14132 -' entity='client.admin' cmd=[{"prefix": "cephadm set-user", "user": "root", "target": ["mon-mgr", ""]}]: dispatch
2026-02-20T00:31:49.789 INFO:journalctl@ceph.mon.a.trial059.stdout:Feb 20 00:31:49 trial059 ceph-mon[39696]: [20/Feb/2026:00:31:47] ENGINE Serving on https://10.20.193.59:7150
2026-02-20T00:31:49.790 INFO:journalctl@ceph.mon.a.trial059.stdout:Feb 20 00:31:49 trial059 ceph-mon[39696]: [20/Feb/2026:00:31:47] ENGINE Client ('10.20.193.59', 60436) lost — peer dropped the TLS connection suddenly, during handshake: (6, 'TLS/SSL connection has been closed (EOF) (_ssl.c:1147)')
2026-02-20T00:31:49.790 INFO:journalctl@ceph.mon.a.trial059.stdout:Feb 20 00:31:49 trial059 ceph-mon[39696]: from='client.14134 -' entity='client.admin' cmd=[{"prefix": "cephadm generate-key", "target": ["mon-mgr", ""]}]: dispatch
2026-02-20T00:31:49.790 INFO:journalctl@ceph.mon.a.trial059.stdout:Feb 20 00:31:49 trial059 ceph-mon[39696]: Generating ssh key...
2026-02-20T00:31:49.790 INFO:journalctl@ceph.mon.a.trial059.stdout:Feb 20 00:31:49 trial059 ceph-mon[39696]: [20/Feb/2026:00:31:47] ENGINE Serving on http://10.20.193.59:8765
2026-02-20T00:31:49.790 INFO:journalctl@ceph.mon.a.trial059.stdout:Feb 20 00:31:49 trial059 ceph-mon[39696]: [20/Feb/2026:00:31:47] ENGINE Bus STARTED
2026-02-20T00:31:49.790 INFO:journalctl@ceph.mon.a.trial059.stdout:Feb 20 00:31:49 trial059 ceph-mon[39696]: from='client.14136 -' entity='client.admin' cmd=[{"prefix": "cephadm get-pub-key", "target": ["mon-mgr", ""]}]: dispatch
2026-02-20T00:31:49.790 INFO:journalctl@ceph.mon.a.trial059.stdout:Feb 20 00:31:49 trial059 ceph-mon[39696]: from='client.14138 -' entity='client.admin' cmd=[{"prefix": "orch host add", "hostname": "trial059", "addr": "10.20.193.59", "target": ["mon-mgr", ""]}]: dispatch
2026-02-20T00:31:49.790 INFO:journalctl@ceph.mon.a.trial059.stdout:Feb 20 00:31:49 trial059 ceph-mon[39696]: mgrmap e8: x(active, since 2s)
2026-02-20T00:31:49.837 INFO:teuthology.orchestra.run.trial059.stdout:/usr/bin/ceph: stdout Added host 'trial059' with addr '10.20.193.59'
2026-02-20T00:31:49.837 INFO:teuthology.orchestra.run.trial059.stdout:/usr/bin/ceph: stderr
2026-02-20T00:31:48.211+0000 7f1531748640 1 Processor -- start
2026-02-20T00:31:49.837 INFO:teuthology.orchestra.run.trial059.stdout:/usr/bin/ceph: stderr
2026-02-20T00:31:48.211+0000 7f1531748640 1 -- start start
2026-02-20T00:31:49.837 INFO:teuthology.orchestra.run.trial059.stdout:/usr/bin/ceph: stderr
2026-02-20T00:31:48.211+0000 7f1531748640 1 --2- >> [v2:10.20.193.59:3300/0,v1:10.20.193.59:6789/0] conn(0x7f152c10aa00 0x7f152c10ae00 unknown :-1 s=NONE pgs=0 cs=0 l=0 rev1=0 crypto rx=0 tx=0 comp rx=0 tx=0).connect
2026-02-20T00:31:49.838 INFO:teuthology.orchestra.run.trial059.stdout:/usr/bin/ceph: stderr
2026-02-20T00:31:48.211+0000 7f1531748640 1 -- --> [v2:10.20.193.59:3300/0,v1:10.20.193.59:6789/0] -- mon_getmap magic: 0 -- 0x7f152c10b3d0 con 0x7f152c10aa00
2026-02-20T00:31:49.838 INFO:teuthology.orchestra.run.trial059.stdout:/usr/bin/ceph: stderr
2026-02-20T00:31:48.211+0000 7f152affd640 1 --2- >> [v2:10.20.193.59:3300/0,v1:10.20.193.59:6789/0] conn(0x7f152c10aa00 0x7f152c10ae00 unknown :-1 s=BANNER_CONNECTING pgs=0 cs=0 l=0 rev1=0 crypto rx=0 tx=0 comp rx=0 tx=0)._handle_peer_banner_payload supported=3 required=0
2026-02-20T00:31:49.838 INFO:teuthology.orchestra.run.trial059.stdout:/usr/bin/ceph: stderr
2026-02-20T00:31:48.211+0000 7f152affd640 1 --2- >> [v2:10.20.193.59:3300/0,v1:10.20.193.59:6789/0] conn(0x7f152c10aa00 0x7f152c10ae00 unknown :-1 s=HELLO_CONNECTING pgs=0 cs=0 l=0 rev1=1 crypto rx=0 tx=0 comp rx=0 tx=0).handle_hello peer v2:10.20.193.59:3300/0 says I am v2:10.20.193.59:36026/0 (socket says 10.20.193.59:36026)
2026-02-20T00:31:49.838 INFO:teuthology.orchestra.run.trial059.stdout:/usr/bin/ceph: stderr
2026-02-20T00:31:48.211+0000 7f152affd640 1 -- 10.20.193.59:0/605757223 learned_addr learned my addr 10.20.193.59:0/605757223 (peer_addr_for_me v2:10.20.193.59:0/0)
2026-02-20T00:31:49.838 INFO:teuthology.orchestra.run.trial059.stdout:/usr/bin/ceph: stderr
2026-02-20T00:31:48.212+0000 7f152affd640 1 -- 10.20.193.59:0/605757223 --> [v2:10.20.193.59:3300/0,v1:10.20.193.59:6789/0] -- mon_subscribe({config=0+,monmap=0+}) -- 0x7f152c10b7d0 con 0x7f152c10aa00
2026-02-20T00:31:49.838 INFO:teuthology.orchestra.run.trial059.stdout:/usr/bin/ceph: stderr
2026-02-20T00:31:48.212+0000 7f152affd640 1 --2- 10.20.193.59:0/605757223 >> [v2:10.20.193.59:3300/0,v1:10.20.193.59:6789/0] conn(0x7f152c10aa00 0x7f152c10ae00 secure :-1 s=READY pgs=43 cs=0 l=1 rev1=1 crypto rx=0x7f1520009920 tx=0x7f152002ef20 comp rx=0 tx=0).ready entity=mon.0 client_cookie=51f0802241180c1f server_cookie=0 in_seq=0 out_seq=0
2026-02-20T00:31:49.838 INFO:teuthology.orchestra.run.trial059.stdout:/usr/bin/ceph: stderr
2026-02-20T00:31:48.212+0000 7f1529ffb640 1 -- 10.20.193.59:0/605757223 <== mon.0 v2:10.20.193.59:3300/0 1 ==== mon_map magic: 0 ==== 205+0+0 (secure 0 0 0) 0x7f152003c070 con 0x7f152c10aa00
2026-02-20T00:31:49.838 INFO:teuthology.orchestra.run.trial059.stdout:/usr/bin/ceph: stderr
2026-02-20T00:31:48.212+0000 7f1529ffb640 1 -- 10.20.193.59:0/605757223 <== mon.0 v2:10.20.193.59:3300/0 2 ==== config(26 keys) ==== 1045+0+0 (secure 0 0 0) 0x7f1520037440 con 0x7f152c10aa00
2026-02-20T00:31:49.838 INFO:teuthology.orchestra.run.trial059.stdout:/usr/bin/ceph: stderr
2026-02-20T00:31:48.212+0000 7f1529ffb640 1 -- 10.20.193.59:0/605757223 <== mon.0 v2:10.20.193.59:3300/0 3 ==== mon_map magic: 0 ==== 205+0+0 (secure 0 0 0) 0x7f15200354b0 con 0x7f152c10aa00
2026-02-20T00:31:49.838 INFO:teuthology.orchestra.run.trial059.stdout:/usr/bin/ceph: stderr
2026-02-20T00:31:48.212+0000 7f1531748640 1 -- 10.20.193.59:0/605757223 >> [v2:10.20.193.59:3300/0,v1:10.20.193.59:6789/0] conn(0x7f152c10aa00 msgr2=0x7f152c10ae00 secure :-1 s=STATE_CONNECTION_ESTABLISHED l=1).mark_down
2026-02-20T00:31:49.838 INFO:teuthology.orchestra.run.trial059.stdout:/usr/bin/ceph: stderr
2026-02-20T00:31:48.212+0000 7f1531748640 1 --2- 10.20.193.59:0/605757223 >> [v2:10.20.193.59:3300/0,v1:10.20.193.59:6789/0] conn(0x7f152c10aa00 0x7f152c10ae00 secure :-1 s=READY pgs=43 cs=0 l=1 rev1=1 crypto rx=0x7f1520009920 tx=0x7f152002ef20 comp rx=0 tx=0).stop
2026-02-20T00:31:49.838 INFO:teuthology.orchestra.run.trial059.stdout:/usr/bin/ceph: stderr
2026-02-20T00:31:48.212+0000 7f1531748640 1 -- 10.20.193.59:0/605757223 shutdown_connections
2026-02-20T00:31:49.839 INFO:teuthology.orchestra.run.trial059.stdout:/usr/bin/ceph: stderr
2026-02-20T00:31:48.212+0000 7f1531748640 1 --2- 10.20.193.59:0/605757223 >> [v2:10.20.193.59:3300/0,v1:10.20.193.59:6789/0] conn(0x7f152c10aa00 0x7f152c10ae00 unknown :-1 s=CLOSED pgs=43 cs=0 l=1 rev1=1 crypto rx=0 tx=0 comp rx=0 tx=0).stop
2026-02-20T00:31:49.839 INFO:teuthology.orchestra.run.trial059.stdout:/usr/bin/ceph: stderr
2026-02-20T00:31:48.212+0000 7f1531748640 1 -- 10.20.193.59:0/605757223 >> 10.20.193.59:0/605757223 conn(0x7f152c07dae0 msgr2=0x7f152c07def0 unknown :-1 s=STATE_NONE l=0).mark_down
2026-02-20T00:31:49.839 INFO:teuthology.orchestra.run.trial059.stdout:/usr/bin/ceph: stderr
2026-02-20T00:31:48.212+0000 7f1531748640 1 -- 10.20.193.59:0/605757223 shutdown_connections
2026-02-20T00:31:49.839 INFO:teuthology.orchestra.run.trial059.stdout:/usr/bin/ceph: stderr
2026-02-20T00:31:48.212+0000 7f1531748640 1 -- 10.20.193.59:0/605757223 wait complete.
2026-02-20T00:31:49.839 INFO:teuthology.orchestra.run.trial059.stdout:/usr/bin/ceph: stderr
2026-02-20T00:31:48.213+0000 7f1531748640 1 Processor -- start
2026-02-20T00:31:49.839 INFO:teuthology.orchestra.run.trial059.stdout:/usr/bin/ceph: stderr
2026-02-20T00:31:48.213+0000 7f1531748640 1 -- start start
2026-02-20T00:31:49.839 INFO:teuthology.orchestra.run.trial059.stdout:/usr/bin/ceph: stderr
2026-02-20T00:31:48.213+0000 7f1531748640 1 --2- >> [v2:10.20.193.59:3300/0,v1:10.20.193.59:6789/0] conn(0x7f152c10aa00 0x7f152c1a0490 unknown :-1 s=NONE pgs=0 cs=0 l=1 rev1=0 crypto rx=0 tx=0 comp rx=0 tx=0).connect
2026-02-20T00:31:49.839 INFO:teuthology.orchestra.run.trial059.stdout:/usr/bin/ceph: stderr
2026-02-20T00:31:48.213+0000 7f1531748640 1 -- --> [v2:10.20.193.59:3300/0,v1:10.20.193.59:6789/0] -- mon_getmap magic: 0 -- 0x7f152c10ea00 con 0x7f152c10aa00
2026-02-20T00:31:49.839 INFO:teuthology.orchestra.run.trial059.stdout:/usr/bin/ceph: stderr
2026-02-20T00:31:48.213+0000 7f152affd640 1 --2- >> [v2:10.20.193.59:3300/0,v1:10.20.193.59:6789/0] conn(0x7f152c10aa00 0x7f152c1a0490 unknown :-1 s=BANNER_CONNECTING pgs=0 cs=0 l=1 rev1=0 crypto rx=0 tx=0 comp rx=0 tx=0)._handle_peer_banner_payload supported=3 required=0
2026-02-20T00:31:49.839 INFO:teuthology.orchestra.run.trial059.stdout:/usr/bin/ceph: stderr
2026-02-20T00:31:48.213+0000 7f152affd640 1 --2- >> [v2:10.20.193.59:3300/0,v1:10.20.193.59:6789/0] conn(0x7f152c10aa00 0x7f152c1a0490 unknown :-1 s=HELLO_CONNECTING pgs=0 cs=0 l=1 rev1=1 crypto rx=0 tx=0 comp rx=0 tx=0).handle_hello peer v2:10.20.193.59:3300/0 says I am v2:10.20.193.59:36034/0 (socket says 10.20.193.59:36034)
2026-02-20T00:31:49.839 INFO:teuthology.orchestra.run.trial059.stdout:/usr/bin/ceph: stderr
2026-02-20T00:31:48.213+0000 7f152affd640 1 -- 10.20.193.59:0/2888848798 learned_addr learned my addr 10.20.193.59:0/2888848798 (peer_addr_for_me v2:10.20.193.59:0/0)
2026-02-20T00:31:49.839 INFO:teuthology.orchestra.run.trial059.stdout:/usr/bin/ceph: stderr
2026-02-20T00:31:48.213+0000 7f152affd640 1 -- 10.20.193.59:0/2888848798 --> [v2:10.20.193.59:3300/0,v1:10.20.193.59:6789/0] -- mon_subscribe({config=0+,monmap=0+}) -- 0x7f152c1a09d0 con 0x7f152c10aa00
2026-02-20T00:31:49.840 INFO:teuthology.orchestra.run.trial059.stdout:/usr/bin/ceph: stderr
2026-02-20T00:31:48.213+0000 7f152affd640 1 --2- 10.20.193.59:0/2888848798 >> [v2:10.20.193.59:3300/0,v1:10.20.193.59:6789/0] conn(0x7f152c10aa00 0x7f152c1a0490 secure :-1 s=READY pgs=44 cs=0 l=1 rev1=1 crypto rx=0x7f1520006fd0 tx=0x7f1520037bb0 comp rx=0 tx=0).ready entity=mon.0 client_cookie=0 server_cookie=0 in_seq=0 out_seq=0
2026-02-20T00:31:49.840 INFO:teuthology.orchestra.run.trial059.stdout:/usr/bin/ceph: stderr
2026-02-20T00:31:48.213+0000 7f150bfff640 1 -- 10.20.193.59:0/2888848798 <== mon.0 v2:10.20.193.59:3300/0 1 ==== mon_map magic: 0 ==== 205+0+0 (secure 0 0 0) 0x7f1520045070 con 0x7f152c10aa00
2026-02-20T00:31:49.840 INFO:teuthology.orchestra.run.trial059.stdout:/usr/bin/ceph: stderr
2026-02-20T00:31:48.213+0000 7f150bfff640 1 -- 10.20.193.59:0/2888848798 <== mon.0 v2:10.20.193.59:3300/0 2 ==== config(26 keys) ==== 1045+0+0 (secure 0 0 0) 0x7f1520040450 con 0x7f152c10aa00
2026-02-20T00:31:49.840 INFO:teuthology.orchestra.run.trial059.stdout:/usr/bin/ceph: stderr
2026-02-20T00:31:48.213+0000 7f1531748640 1 -- 10.20.193.59:0/2888848798 --> [v2:10.20.193.59:3300/0,v1:10.20.193.59:6789/0] -- mon_subscribe({mgrmap=0+}) -- 0x7f152c1a0c60 con 0x7f152c10aa00
2026-02-20T00:31:49.840 INFO:teuthology.orchestra.run.trial059.stdout:/usr/bin/ceph: stderr
2026-02-20T00:31:48.213+0000 7f150bfff640 1 -- 10.20.193.59:0/2888848798 <== mon.0 v2:10.20.193.59:3300/0 3 ==== mon_map magic: 0 ==== 205+0+0 (secure 0 0 0) 0x7f152003c070 con 0x7f152c10aa00
2026-02-20T00:31:49.840 INFO:teuthology.orchestra.run.trial059.stdout:/usr/bin/ceph: stderr
2026-02-20T00:31:48.213+0000 7f1531748640 1 -- 10.20.193.59:0/2888848798 --> [v2:10.20.193.59:3300/0,v1:10.20.193.59:6789/0] -- mon_subscribe({osdmap=0}) -- 0x7f152c1a3950 con 0x7f152c10aa00
2026-02-20T00:31:49.840 INFO:teuthology.orchestra.run.trial059.stdout:/usr/bin/ceph: stderr
2026-02-20T00:31:48.214+0000 7f1531748640 1 -- 10.20.193.59:0/2888848798 --> [v2:10.20.193.59:3300/0,v1:10.20.193.59:6789/0] -- mon_command({"prefix": "get_command_descriptions"} v 0) -- 0x7f152c10ae80 con 0x7f152c10aa00
2026-02-20T00:31:49.840 INFO:teuthology.orchestra.run.trial059.stdout:/usr/bin/ceph: stderr
2026-02-20T00:31:48.214+0000 7f150bfff640 1 -- 10.20.193.59:0/2888848798 <== mon.0 v2:10.20.193.59:3300/0 4 ==== mgrmap(e 7) ==== 50141+0+0 (secure 0 0 0) 0x7f1520052080 con 0x7f152c10aa00
2026-02-20T00:31:49.840 INFO:teuthology.orchestra.run.trial059.stdout:/usr/bin/ceph: stderr
2026-02-20T00:31:48.214+0000 7f150bfff640 1 --2- 10.20.193.59:0/2888848798 >> [v2:10.20.193.59:6800/1010070359,v1:10.20.193.59:6801/1010070359] conn(0x7f150003da80 0x7f150003ff40 unknown :-1 s=NONE pgs=0 cs=0 l=1 rev1=0 crypto rx=0 tx=0 comp rx=0 tx=0).connect
2026-02-20T00:31:49.840 INFO:teuthology.orchestra.run.trial059.stdout:/usr/bin/ceph: stderr
2026-02-20T00:31:48.214+0000 7f150bfff640 1 -- 10.20.193.59:0/2888848798 <== mon.0 v2:10.20.193.59:3300/0 5 ==== osd_map(2..2 src has 1..2) ==== 940+0+0 (secure 0 0 0) 0x7f15200768c0 con 0x7f152c10aa00
2026-02-20T00:31:49.840 INFO:teuthology.orchestra.run.trial059.stdout:/usr/bin/ceph: stderr
2026-02-20T00:31:48.214+0000 7f152a7fc640 1 --2- 10.20.193.59:0/2888848798 >> [v2:10.20.193.59:6800/1010070359,v1:10.20.193.59:6801/1010070359] conn(0x7f150003da80 0x7f150003ff40 unknown :-1 s=BANNER_CONNECTING pgs=0 cs=0 l=1 rev1=0 crypto rx=0 tx=0 comp rx=0 tx=0)._handle_peer_banner_payload supported=3 required=0
2026-02-20T00:31:49.841 INFO:teuthology.orchestra.run.trial059.stdout:/usr/bin/ceph: stderr
2026-02-20T00:31:48.214+0000 7f152a7fc640 1 --2- 10.20.193.59:0/2888848798 >> [v2:10.20.193.59:6800/1010070359,v1:10.20.193.59:6801/1010070359] conn(0x7f150003da80 0x7f150003ff40 secure :-1 s=READY pgs=11 cs=0 l=1 rev1=1 crypto rx=0x7f15140099c0 tx=0x7f1514006eb0 comp rx=0 tx=0).ready entity=mgr.14118 client_cookie=0 server_cookie=0 in_seq=0 out_seq=0
2026-02-20T00:31:49.841 INFO:teuthology.orchestra.run.trial059.stdout:/usr/bin/ceph: stderr
2026-02-20T00:31:48.216+0000 7f150bfff640 1 -- 10.20.193.59:0/2888848798 <== mon.0 v2:10.20.193.59:3300/0 6 ==== mon_command_ack([{"prefix": "get_command_descriptions"}]=0 v0) ==== 72+0+195034 (secure 0 0 0) 0x7f15200342a0 con 0x7f152c10aa00
2026-02-20T00:31:49.841 INFO:teuthology.orchestra.run.trial059.stdout:/usr/bin/ceph: stderr
2026-02-20T00:31:48.301+0000 7f1531748640 1 -- 10.20.193.59:0/2888848798 --> [v2:10.20.193.59:6800/1010070359,v1:10.20.193.59:6801/1010070359] -- mgr_command(tid 0: {"prefix": "orch host add", "hostname": "trial059", "addr": "10.20.193.59", "target": ["mon-mgr", ""]}) -- 0x7f152c108df0 con 0x7f150003da80
2026-02-20T00:31:49.841 INFO:teuthology.orchestra.run.trial059.stdout:/usr/bin/ceph: stderr
2026-02-20T00:31:48.901+0000 7f150bfff640 1 -- 10.20.193.59:0/2888848798 <== mon.0 v2:10.20.193.59:3300/0 7 ==== mgrmap(e 8) ==== 50247+0+0 (secure 0 0 0) 0x7f15200754d0 con 0x7f152c10aa00
2026-02-20T00:31:49.841 INFO:teuthology.orchestra.run.trial059.stdout:/usr/bin/ceph: stderr
2026-02-20T00:31:49.789+0000 7f150bfff640 1 -- 10.20.193.59:0/2888848798 <== mgr.14118 v2:10.20.193.59:6800/1010070359 1 ==== mgr_command_reply(tid 0: 0 ) ==== 8+0+47 (secure 0 0 0) 0x7f152c108df0 con 0x7f150003da80
2026-02-20T00:31:49.841 INFO:teuthology.orchestra.run.trial059.stdout:/usr/bin/ceph: stderr
2026-02-20T00:31:49.791+0000 7f1531748640 1 -- 10.20.193.59:0/2888848798 >> [v2:10.20.193.59:6800/1010070359,v1:10.20.193.59:6801/1010070359] conn(0x7f150003da80 msgr2=0x7f150003ff40 secure :-1 s=STATE_CONNECTION_ESTABLISHED l=1).mark_down
2026-02-20T00:31:49.841 INFO:teuthology.orchestra.run.trial059.stdout:/usr/bin/ceph: stderr
2026-02-20T00:31:49.791+0000 7f1531748640 1 --2- 10.20.193.59:0/2888848798 >> [v2:10.20.193.59:6800/1010070359,v1:10.20.193.59:6801/1010070359] conn(0x7f150003da80 0x7f150003ff40 secure :-1 s=READY pgs=11 cs=0 l=1 rev1=1 crypto rx=0x7f15140099c0 tx=0x7f1514006eb0 comp rx=0 tx=0).stop
2026-02-20T00:31:49.841 INFO:teuthology.orchestra.run.trial059.stdout:/usr/bin/ceph: stderr
2026-02-20T00:31:49.791+0000 7f1531748640 1 -- 10.20.193.59:0/2888848798 >> [v2:10.20.193.59:3300/0,v1:10.20.193.59:6789/0] conn(0x7f152c10aa00 msgr2=0x7f152c1a0490 secure :-1 s=STATE_CONNECTION_ESTABLISHED l=1).mark_down
2026-02-20T00:31:49.841 INFO:teuthology.orchestra.run.trial059.stdout:/usr/bin/ceph: stderr
2026-02-20T00:31:49.791+0000 7f1531748640 1 --2- 10.20.193.59:0/2888848798 >> [v2:10.20.193.59:3300/0,v1:10.20.193.59:6789/0] conn(0x7f152c10aa00 0x7f152c1a0490 secure :-1 s=READY pgs=44 cs=0 l=1 rev1=1 crypto rx=0x7f1520006fd0 tx=0x7f1520037bb0 comp rx=0 tx=0).stop
2026-02-20T00:31:49.841 INFO:teuthology.orchestra.run.trial059.stdout:/usr/bin/ceph: stderr
2026-02-20T00:31:49.791+0000 7f1531748640 1 -- 10.20.193.59:0/2888848798 shutdown_connections
2026-02-20T00:31:49.841 INFO:teuthology.orchestra.run.trial059.stdout:/usr/bin/ceph: stderr
2026-02-20T00:31:49.791+0000 7f1531748640 1 --2- 10.20.193.59:0/2888848798 >> [v2:10.20.193.59:6800/1010070359,v1:10.20.193.59:6801/1010070359] conn(0x7f150003da80 0x7f150003ff40 unknown :-1 s=CLOSED pgs=11 cs=0 l=1 rev1=1 crypto rx=0 tx=0 comp rx=0 tx=0).stop
2026-02-20T00:31:49.841 INFO:teuthology.orchestra.run.trial059.stdout:/usr/bin/ceph: stderr
2026-02-20T00:31:49.791+0000 7f1531748640 1 --2- 10.20.193.59:0/2888848798 >> [v2:10.20.193.59:3300/0,v1:10.20.193.59:6789/0] conn(0x7f152c10aa00 0x7f152c1a0490 unknown :-1 s=CLOSED pgs=44 cs=0 l=1 rev1=1 crypto rx=0 tx=0 comp rx=0 tx=0).stop
2026-02-20T00:31:49.842 INFO:teuthology.orchestra.run.trial059.stdout:/usr/bin/ceph: stderr
2026-02-20T00:31:49.791+0000 7f1531748640 1 -- 10.20.193.59:0/2888848798 >> 10.20.193.59:0/2888848798 conn(0x7f152c07dae0 msgr2=0x7f152c1086e0 unknown :-1 s=STATE_NONE l=0).mark_down
2026-02-20T00:31:49.842 INFO:teuthology.orchestra.run.trial059.stdout:/usr/bin/ceph: stderr
2026-02-20T00:31:49.791+0000 7f1531748640 1 -- 10.20.193.59:0/2888848798 shutdown_connections
2026-02-20T00:31:49.842 INFO:teuthology.orchestra.run.trial059.stdout:/usr/bin/ceph: stderr
2026-02-20T00:31:49.791+0000 7f1531748640 1 -- 10.20.193.59:0/2888848798 wait complete.
2026-02-20T00:31:49.842 INFO:teuthology.orchestra.run.trial059.stdout:Deploying unmanaged mon service...
2026-02-20T00:31:50.074 INFO:teuthology.orchestra.run.trial059.stdout:/usr/bin/ceph: stdout Scheduled mon update...
2026-02-20T00:31:50.074 INFO:teuthology.orchestra.run.trial059.stdout:/usr/bin/ceph: stderr
2026-02-20T00:31:49.950+0000 7fdd641fc640 1 Processor -- start
2026-02-20T00:31:50.074 INFO:teuthology.orchestra.run.trial059.stdout:/usr/bin/ceph: stderr
2026-02-20T00:31:49.950+0000 7fdd641fc640 1 -- start start
2026-02-20T00:31:50.074 INFO:teuthology.orchestra.run.trial059.stdout:/usr/bin/ceph: stderr
2026-02-20T00:31:49.950+0000 7fdd641fc640 1 --2- >> [v2:10.20.193.59:3300/0,v1:10.20.193.59:6789/0] conn(0x7fdd5c10aa00 0x7fdd5c10ae00 unknown :-1 s=NONE pgs=0 cs=0 l=0 rev1=0 crypto rx=0 tx=0 comp rx=0 tx=0).connect
2026-02-20T00:31:50.074 INFO:teuthology.orchestra.run.trial059.stdout:/usr/bin/ceph: stderr
2026-02-20T00:31:49.950+0000 7fdd641fc640 1 -- --> [v2:10.20.193.59:3300/0,v1:10.20.193.59:6789/0] -- mon_getmap magic: 0 -- 0x7fdd5c10b3d0 con 0x7fdd5c10aa00
2026-02-20T00:31:50.074 INFO:teuthology.orchestra.run.trial059.stdout:/usr/bin/ceph: stderr
2026-02-20T00:31:49.951+0000 7fdd61f71640 1 --2- >> [v2:10.20.193.59:3300/0,v1:10.20.193.59:6789/0] conn(0x7fdd5c10aa00 0x7fdd5c10ae00 unknown :-1 s=BANNER_CONNECTING pgs=0 cs=0 l=0 rev1=0 crypto rx=0 tx=0 comp rx=0 tx=0)._handle_peer_banner_payload supported=3 required=0
2026-02-20T00:31:50.075 INFO:teuthology.orchestra.run.trial059.stdout:/usr/bin/ceph: stderr
2026-02-20T00:31:49.951+0000 7fdd61f71640 1 --2- >> [v2:10.20.193.59:3300/0,v1:10.20.193.59:6789/0] conn(0x7fdd5c10aa00 0x7fdd5c10ae00 unknown :-1 s=HELLO_CONNECTING pgs=0 cs=0 l=0 rev1=1 crypto rx=0 tx=0 comp rx=0 tx=0).handle_hello peer v2:10.20.193.59:3300/0 says I am v2:10.20.193.59:36040/0 (socket says 10.20.193.59:36040)
2026-02-20T00:31:50.075 INFO:teuthology.orchestra.run.trial059.stdout:/usr/bin/ceph: stderr
2026-02-20T00:31:49.951+0000 7fdd61f71640 1 -- 10.20.193.59:0/1628856558 learned_addr learned my addr 10.20.193.59:0/1628856558 (peer_addr_for_me v2:10.20.193.59:0/0)
2026-02-20T00:31:50.075 INFO:teuthology.orchestra.run.trial059.stdout:/usr/bin/ceph: stderr
2026-02-20T00:31:49.951+0000 7fdd61f71640 1 -- 10.20.193.59:0/1628856558 --> [v2:10.20.193.59:3300/0,v1:10.20.193.59:6789/0] -- mon_subscribe({config=0+,monmap=0+}) -- 0x7fdd5c10b7c0 con 0x7fdd5c10aa00
2026-02-20T00:31:50.075 INFO:teuthology.orchestra.run.trial059.stdout:/usr/bin/ceph: stderr
2026-02-20T00:31:49.951+0000 7fdd61f71640 1 --2- 10.20.193.59:0/1628856558 >> [v2:10.20.193.59:3300/0,v1:10.20.193.59:6789/0] conn(0x7fdd5c10aa00 0x7fdd5c10ae00 secure :-1 s=READY pgs=45 cs=0 l=1 rev1=1 crypto rx=0x7fdd4c009920 tx=0x7fdd4c02ef20 comp rx=0 tx=0).ready entity=mon.0 client_cookie=606ea1927caa155c server_cookie=0 in_seq=0 out_seq=0
2026-02-20T00:31:50.075 INFO:teuthology.orchestra.run.trial059.stdout:/usr/bin/ceph: stderr
2026-02-20T00:31:49.951+0000 7fdd60f6f640 1 -- 10.20.193.59:0/1628856558 <== mon.0 v2:10.20.193.59:3300/0 1 ==== mon_map magic: 0 ==== 205+0+0 (secure 0 0 0) 0x7fdd4c03c070 con 0x7fdd5c10aa00
2026-02-20T00:31:50.075 INFO:teuthology.orchestra.run.trial059.stdout:/usr/bin/ceph: stderr
2026-02-20T00:31:49.951+0000 7fdd60f6f640 1 -- 10.20.193.59:0/1628856558 <== mon.0 v2:10.20.193.59:3300/0 2 ==== config(26 keys) ==== 1045+0+0 (secure 0 0 0) 0x7fdd4c037440 con 0x7fdd5c10aa00
2026-02-20T00:31:50.075 INFO:teuthology.orchestra.run.trial059.stdout:/usr/bin/ceph: stderr
2026-02-20T00:31:49.951+0000 7fdd60f6f640 1 -- 10.20.193.59:0/1628856558 <== mon.0 v2:10.20.193.59:3300/0 3 ==== mon_map magic: 0 ==== 205+0+0 (secure 0 0 0) 0x7fdd4c0354b0 con 0x7fdd5c10aa00
2026-02-20T00:31:50.075 INFO:teuthology.orchestra.run.trial059.stdout:/usr/bin/ceph: stderr
2026-02-20T00:31:49.952+0000 7fdd641fc640 1 -- 10.20.193.59:0/1628856558 >> [v2:10.20.193.59:3300/0,v1:10.20.193.59:6789/0] conn(0x7fdd5c10aa00 msgr2=0x7fdd5c10ae00 secure :-1 s=STATE_CONNECTION_ESTABLISHED l=1).mark_down
2026-02-20T00:31:50.075 INFO:teuthology.orchestra.run.trial059.stdout:/usr/bin/ceph: stderr
2026-02-20T00:31:49.952+0000 7fdd641fc640 1 --2- 10.20.193.59:0/1628856558 >> [v2:10.20.193.59:3300/0,v1:10.20.193.59:6789/0] conn(0x7fdd5c10aa00 0x7fdd5c10ae00 secure :-1 s=READY pgs=45 cs=0 l=1 rev1=1 crypto rx=0x7fdd4c009920 tx=0x7fdd4c02ef20 comp rx=0 tx=0).stop
2026-02-20T00:31:50.075 INFO:teuthology.orchestra.run.trial059.stdout:/usr/bin/ceph: stderr
2026-02-20T00:31:49.952+0000 7fdd641fc640 1 -- 10.20.193.59:0/1628856558 shutdown_connections
2026-02-20T00:31:50.076 INFO:teuthology.orchestra.run.trial059.stdout:/usr/bin/ceph: stderr
2026-02-20T00:31:49.952+0000 7fdd641fc640 1 --2- 10.20.193.59:0/1628856558 >> [v2:10.20.193.59:3300/0,v1:10.20.193.59:6789/0] conn(0x7fdd5c10aa00 0x7fdd5c10ae00 unknown :-1 s=CLOSED pgs=45 cs=0 l=1 rev1=1 crypto rx=0 tx=0 comp rx=0 tx=0).stop
2026-02-20T00:31:50.076 INFO:teuthology.orchestra.run.trial059.stdout:/usr/bin/ceph: stderr
2026-02-20T00:31:49.952+0000 7fdd641fc640 1 -- 10.20.193.59:0/1628856558 >> 10.20.193.59:0/1628856558 conn(0x7fdd5c07db00 msgr2=0x7fdd5c07df10 unknown :-1 s=STATE_NONE l=0).mark_down
2026-02-20T00:31:50.076 INFO:teuthology.orchestra.run.trial059.stdout:/usr/bin/ceph: stderr
2026-02-20T00:31:49.952+0000 7fdd641fc640 1 -- 10.20.193.59:0/1628856558 shutdown_connections
2026-02-20T00:31:50.076 INFO:teuthology.orchestra.run.trial059.stdout:/usr/bin/ceph: stderr
2026-02-20T00:31:49.952+0000 7fdd641fc640 1 -- 10.20.193.59:0/1628856558 wait complete.
2026-02-20T00:31:50.076 INFO:teuthology.orchestra.run.trial059.stdout:/usr/bin/ceph: stderr
2026-02-20T00:31:49.952+0000 7fdd641fc640 1 Processor -- start
2026-02-20T00:31:50.076 INFO:teuthology.orchestra.run.trial059.stdout:/usr/bin/ceph: stderr
2026-02-20T00:31:49.952+0000 7fdd641fc640 1 -- start start
2026-02-20T00:31:50.076 INFO:teuthology.orchestra.run.trial059.stdout:/usr/bin/ceph: stderr
2026-02-20T00:31:49.952+0000 7fdd641fc640 1 --2- >> [v2:10.20.193.59:3300/0,v1:10.20.193.59:6789/0] conn(0x7fdd5c10aa00 0x7fdd5c1a0410 unknown :-1 s=NONE pgs=0 cs=0 l=1 rev1=0 crypto rx=0 tx=0 comp rx=0 tx=0).connect
2026-02-20T00:31:50.076 INFO:teuthology.orchestra.run.trial059.stdout:/usr/bin/ceph: stderr
2026-02-20T00:31:49.952+0000 7fdd641fc640 1 -- --> [v2:10.20.193.59:3300/0,v1:10.20.193.59:6789/0] -- mon_getmap magic: 0 -- 0x7fdd5c10e9f0 con 0x7fdd5c10aa00
2026-02-20T00:31:50.076 INFO:teuthology.orchestra.run.trial059.stdout:/usr/bin/ceph: stderr
2026-02-20T00:31:49.952+0000 7fdd61f71640 1 --2- >> [v2:10.20.193.59:3300/0,v1:10.20.193.59:6789/0] conn(0x7fdd5c10aa00 0x7fdd5c1a0410 unknown :-1 s=BANNER_CONNECTING pgs=0 cs=0 l=1 rev1=0 crypto rx=0 tx=0 comp rx=0 tx=0)._handle_peer_banner_payload supported=3 required=0
2026-02-20T00:31:50.076 INFO:teuthology.orchestra.run.trial059.stdout:/usr/bin/ceph: stderr
2026-02-20T00:31:49.952+0000 7fdd61f71640 1 --2- >> [v2:10.20.193.59:3300/0,v1:10.20.193.59:6789/0] conn(0x7fdd5c10aa00 0x7fdd5c1a0410 unknown :-1 s=HELLO_CONNECTING pgs=0 cs=0 l=1 rev1=1 crypto rx=0 tx=0 comp rx=0 tx=0).handle_hello peer v2:10.20.193.59:3300/0 says I am v2:10.20.193.59:36054/0 (socket says 10.20.193.59:36054)
2026-02-20T00:31:50.077 INFO:teuthology.orchestra.run.trial059.stdout:/usr/bin/ceph: stderr
2026-02-20T00:31:49.952+0000 7fdd61f71640 1 -- 10.20.193.59:0/3339006848 learned_addr learned my addr 10.20.193.59:0/3339006848 (peer_addr_for_me v2:10.20.193.59:0/0)
2026-02-20T00:31:50.077 INFO:teuthology.orchestra.run.trial059.stdout:/usr/bin/ceph: stderr
2026-02-20T00:31:49.952+0000 7fdd61f71640 1 -- 10.20.193.59:0/3339006848 --> [v2:10.20.193.59:3300/0,v1:10.20.193.59:6789/0] -- mon_subscribe({config=0+,monmap=0+}) -- 0x7fdd5c1a0950 con 0x7fdd5c10aa00
2026-02-20T00:31:50.077 INFO:teuthology.orchestra.run.trial059.stdout:/usr/bin/ceph: stderr
2026-02-20T00:31:49.952+0000 7fdd61f71640 1 --2- 10.20.193.59:0/3339006848 >> [v2:10.20.193.59:3300/0,v1:10.20.193.59:6789/0] conn(0x7fdd5c10aa00 0x7fdd5c1a0410 secure :-1 s=READY pgs=46 cs=0 l=1 rev1=1 crypto rx=0x7fdd4c006fd0 tx=0x7fdd4c037bb0 comp rx=0 tx=0).ready entity=mon.0 client_cookie=0 server_cookie=0 in_seq=0 out_seq=0
2026-02-20T00:31:50.077 INFO:teuthology.orchestra.run.trial059.stdout:/usr/bin/ceph: stderr
2026-02-20T00:31:49.952+0000 7fdd4affd640 1 -- 10.20.193.59:0/3339006848 <== mon.0 v2:10.20.193.59:3300/0 1 ==== mon_map magic: 0 ==== 205+0+0 (secure 0 0 0) 0x7fdd4c045070 con 0x7fdd5c10aa00
2026-02-20T00:31:50.077 INFO:teuthology.orchestra.run.trial059.stdout:/usr/bin/ceph: stderr
2026-02-20T00:31:49.952+0000 7fdd4affd640 1 -- 10.20.193.59:0/3339006848 <== mon.0 v2:10.20.193.59:3300/0 2 ==== config(26 keys) ==== 1045+0+0 (secure 0 0 0) 0x7fdd4c040450 con 0x7fdd5c10aa00
2026-02-20T00:31:50.077 INFO:teuthology.orchestra.run.trial059.stdout:/usr/bin/ceph: stderr
2026-02-20T00:31:49.952+0000 7fdd641fc640 1 -- 10.20.193.59:0/3339006848 --> [v2:10.20.193.59:3300/0,v1:10.20.193.59:6789/0] -- mon_subscribe({mgrmap=0+}) -- 0x7fdd5c1a0be0 con 0x7fdd5c10aa00
2026-02-20T00:31:50.077 INFO:teuthology.orchestra.run.trial059.stdout:/usr/bin/ceph: stderr
2026-02-20T00:31:49.953+0000 7fdd4affd640 1 -- 10.20.193.59:0/3339006848 <== mon.0 v2:10.20.193.59:3300/0 3 ==== mon_map magic: 0 ==== 205+0+0 (secure 0 0 0) 0x7fdd4c03c070 con 0x7fdd5c10aa00
2026-02-20T00:31:50.077 INFO:teuthology.orchestra.run.trial059.stdout:/usr/bin/ceph: stderr
2026-02-20T00:31:49.953+0000 7fdd641fc640 1 -- 10.20.193.59:0/3339006848 --> [v2:10.20.193.59:3300/0,v1:10.20.193.59:6789/0] -- mon_subscribe({osdmap=0}) -- 0x7fdd5c1a38d0 con 0x7fdd5c10aa00
2026-02-20T00:31:50.077 INFO:teuthology.orchestra.run.trial059.stdout:/usr/bin/ceph: stderr
2026-02-20T00:31:49.953+0000 7fdd641fc640 1 -- 10.20.193.59:0/3339006848 --> [v2:10.20.193.59:3300/0,v1:10.20.193.59:6789/0] -- mon_command({"prefix": "get_command_descriptions"} v 0) -- 0x7fdd5c10ae80 con 0x7fdd5c10aa00
2026-02-20T00:31:50.077 INFO:teuthology.orchestra.run.trial059.stdout:/usr/bin/ceph: stderr
2026-02-20T00:31:49.953+0000 7fdd4affd640 1 -- 10.20.193.59:0/3339006848 <== mon.0 v2:10.20.193.59:3300/0 4 ==== mgrmap(e 8) ==== 50247+0+0 (secure 0 0 0) 0x7fdd4c040900 con 0x7fdd5c10aa00
2026-02-20T00:31:50.077 INFO:teuthology.orchestra.run.trial059.stdout:/usr/bin/ceph: stderr
2026-02-20T00:31:49.953+0000 7fdd4affd640 1 --2- 10.20.193.59:0/3339006848 >> [v2:10.20.193.59:6800/1010070359,v1:10.20.193.59:6801/1010070359] conn(0x7fdd3803dba0 0x7fdd38040060 unknown :-1 s=NONE pgs=0 cs=0 l=1 rev1=0 crypto rx=0 tx=0 comp rx=0 tx=0).connect
2026-02-20T00:31:50.078 INFO:teuthology.orchestra.run.trial059.stdout:/usr/bin/ceph: stderr
2026-02-20T00:31:49.953+0000 7fdd4affd640 1 -- 10.20.193.59:0/3339006848 <== mon.0 v2:10.20.193.59:3300/0 5 ==== osd_map(2..2 src has 1..2) ==== 940+0+0 (secure 0 0 0) 0x7fdd4c076630 con 0x7fdd5c10aa00
2026-02-20T00:31:50.078 INFO:teuthology.orchestra.run.trial059.stdout:/usr/bin/ceph: stderr
2026-02-20T00:31:49.953+0000 7fdd61770640 1 --2- 10.20.193.59:0/3339006848 >> [v2:10.20.193.59:6800/1010070359,v1:10.20.193.59:6801/1010070359] conn(0x7fdd3803dba0 0x7fdd38040060 unknown :-1 s=BANNER_CONNECTING pgs=0 cs=0 l=1 rev1=0 crypto rx=0 tx=0 comp rx=0 tx=0)._handle_peer_banner_payload supported=3 required=0
2026-02-20T00:31:50.078 INFO:teuthology.orchestra.run.trial059.stdout:/usr/bin/ceph: stderr
2026-02-20T00:31:49.954+0000 7fdd61770640 1 --2- 10.20.193.59:0/3339006848 >> [v2:10.20.193.59:6800/1010070359,v1:10.20.193.59:6801/1010070359] conn(0x7fdd3803dba0 0x7fdd38040060 secure :-1 s=READY pgs=12 cs=0 l=1 rev1=1 crypto rx=0x7fdd500099c0 tx=0x7fdd50006eb0 comp rx=0 tx=0).ready entity=mgr.14118 client_cookie=0 server_cookie=0 in_seq=0 out_seq=0
2026-02-20T00:31:50.078 INFO:teuthology.orchestra.run.trial059.stdout:/usr/bin/ceph: stderr
2026-02-20T00:31:49.956+0000 7fdd4affd640 1 -- 10.20.193.59:0/3339006848 <== mon.0 v2:10.20.193.59:3300/0 6 ==== mon_command_ack([{"prefix": "get_command_descriptions"}]=0 v0) ==== 72+0+195034 (secure 0 0 0) 0x7fdd4c033200 con 0x7fdd5c10aa00
2026-02-20T00:31:50.078 INFO:teuthology.orchestra.run.trial059.stdout:/usr/bin/ceph: stderr
2026-02-20T00:31:50.044+0000 7fdd641fc640 1 -- 10.20.193.59:0/3339006848 --> [v2:10.20.193.59:6800/1010070359,v1:10.20.193.59:6801/1010070359] -- mgr_command(tid 0: {"prefix": "orch apply", "service_type": "mon", "unmanaged": true, "target": ["mon-mgr", ""]}) -- 0x7fdd5c108de0 con 0x7fdd3803dba0
2026-02-20T00:31:50.078 INFO:teuthology.orchestra.run.trial059.stdout:/usr/bin/ceph: stderr
2026-02-20T00:31:50.047+0000 7fdd4affd640 1 -- 10.20.193.59:0/3339006848 <== mgr.14118 v2:10.20.193.59:6800/1010070359 1 ==== mgr_command_reply(tid 0: 0 ) ==== 8+0+24 (secure 0 0 0) 0x7fdd5c108de0 con 0x7fdd3803dba0
2026-02-20T00:31:50.078 INFO:teuthology.orchestra.run.trial059.stdout:/usr/bin/ceph: stderr
2026-02-20T00:31:50.048+0000 7fdd641fc640 1 -- 10.20.193.59:0/3339006848 >> [v2:10.20.193.59:6800/1010070359,v1:10.20.193.59:6801/1010070359] conn(0x7fdd3803dba0 msgr2=0x7fdd38040060 secure :-1 s=STATE_CONNECTION_ESTABLISHED l=1).mark_down
2026-02-20T00:31:50.078 INFO:teuthology.orchestra.run.trial059.stdout:/usr/bin/ceph: stderr
2026-02-20T00:31:50.048+0000 7fdd641fc640 1 --2- 10.20.193.59:0/3339006848 >> [v2:10.20.193.59:6800/1010070359,v1:10.20.193.59:6801/1010070359] conn(0x7fdd3803dba0 0x7fdd38040060 secure :-1 s=READY pgs=12 cs=0 l=1 rev1=1 crypto rx=0x7fdd500099c0 tx=0x7fdd50006eb0 comp rx=0 tx=0).stop
2026-02-20T00:31:50.078 INFO:teuthology.orchestra.run.trial059.stdout:/usr/bin/ceph: stderr
2026-02-20T00:31:50.048+0000 7fdd641fc640 1 -- 10.20.193.59:0/3339006848 >> [v2:10.20.193.59:3300/0,v1:10.20.193.59:6789/0] conn(0x7fdd5c10aa00 msgr2=0x7fdd5c1a0410 secure :-1 s=STATE_CONNECTION_ESTABLISHED l=1).mark_down
2026-02-20T00:31:50.078 INFO:teuthology.orchestra.run.trial059.stdout:/usr/bin/ceph: stderr
2026-02-20T00:31:50.048+0000 7fdd641fc640 1 --2- 10.20.193.59:0/3339006848 >> [v2:10.20.193.59:3300/0,v1:10.20.193.59:6789/0] conn(0x7fdd5c10aa00 0x7fdd5c1a0410 secure :-1 s=READY pgs=46 cs=0 l=1 rev1=1 crypto rx=0x7fdd4c006fd0 tx=0x7fdd4c037bb0 comp rx=0 tx=0).stop
2026-02-20T00:31:50.079 INFO:teuthology.orchestra.run.trial059.stdout:/usr/bin/ceph: stderr
2026-02-20T00:31:50.048+0000 7fdd641fc640 1 -- 10.20.193.59:0/3339006848 shutdown_connections
2026-02-20T00:31:50.079 INFO:teuthology.orchestra.run.trial059.stdout:/usr/bin/ceph: stderr
2026-02-20T00:31:50.048+0000 7fdd641fc640 1 --2- 10.20.193.59:0/3339006848 >> [v2:10.20.193.59:6800/1010070359,v1:10.20.193.59:6801/1010070359] conn(0x7fdd3803dba0 0x7fdd38040060 unknown :-1 s=CLOSED pgs=12 cs=0 l=1 rev1=1 crypto rx=0 tx=0 comp rx=0 tx=0).stop
2026-02-20T00:31:50.079 INFO:teuthology.orchestra.run.trial059.stdout:/usr/bin/ceph: stderr
2026-02-20T00:31:50.048+0000 7fdd641fc640 1 --2- 10.20.193.59:0/3339006848 >> [v2:10.20.193.59:3300/0,v1:10.20.193.59:6789/0] conn(0x7fdd5c10aa00 0x7fdd5c1a0410 unknown :-1 s=CLOSED pgs=46 cs=0 l=1 rev1=1 crypto rx=0 tx=0 comp rx=0 tx=0).stop
2026-02-20T00:31:50.079 INFO:teuthology.orchestra.run.trial059.stdout:/usr/bin/ceph: stderr
2026-02-20T00:31:50.048+0000 7fdd641fc640 1 -- 10.20.193.59:0/3339006848 >> 10.20.193.59:0/3339006848 conn(0x7fdd5c07db00 msgr2=0x7fdd5c1086d0 unknown :-1 s=STATE_NONE l=0).mark_down
2026-02-20T00:31:50.079 INFO:teuthology.orchestra.run.trial059.stdout:/usr/bin/ceph: stderr
2026-02-20T00:31:50.048+0000 7fdd641fc640 1 -- 10.20.193.59:0/3339006848 shutdown_connections
2026-02-20T00:31:50.079 INFO:teuthology.orchestra.run.trial059.stdout:/usr/bin/ceph: stderr
2026-02-20T00:31:50.048+0000 7fdd641fc640 1 -- 10.20.193.59:0/3339006848 wait complete.
2026-02-20T00:31:50.079 INFO:teuthology.orchestra.run.trial059.stdout:Deploying unmanaged mgr service...
2026-02-20T00:31:50.301 INFO:teuthology.orchestra.run.trial059.stdout:/usr/bin/ceph: stdout Scheduled mgr update...
2026-02-20T00:31:50.301 INFO:teuthology.orchestra.run.trial059.stdout:/usr/bin/ceph: stderr
2026-02-20T00:31:50.172+0000 7f161c794640 1 Processor -- start
2026-02-20T00:31:50.301 INFO:teuthology.orchestra.run.trial059.stdout:/usr/bin/ceph: stderr
2026-02-20T00:31:50.172+0000 7f161c794640 1 -- start start
2026-02-20T00:31:50.302 INFO:teuthology.orchestra.run.trial059.stdout:/usr/bin/ceph: stderr
2026-02-20T00:31:50.172+0000 7f161c794640 1 --2- >> [v2:10.20.193.59:3300/0,v1:10.20.193.59:6789/0] conn(0x7f161410aa00 0x7f161410ae00 unknown :-1 s=NONE pgs=0 cs=0 l=0 rev1=0 crypto rx=0 tx=0 comp rx=0 tx=0).connect
2026-02-20T00:31:50.302 INFO:teuthology.orchestra.run.trial059.stdout:/usr/bin/ceph: stderr
2026-02-20T00:31:50.172+0000 7f161c794640 1 -- --> [v2:10.20.193.59:3300/0,v1:10.20.193.59:6789/0] -- mon_getmap magic: 0 -- 0x7f161410b3d0 con 0x7f161410aa00
2026-02-20T00:31:50.302 INFO:teuthology.orchestra.run.trial059.stdout:/usr/bin/ceph: stderr
2026-02-20T00:31:50.173+0000 7f161a509640 1 --2- >> [v2:10.20.193.59:3300/0,v1:10.20.193.59:6789/0] conn(0x7f161410aa00 0x7f161410ae00 unknown :-1 s=BANNER_CONNECTING pgs=0 cs=0 l=0 rev1=0 crypto rx=0 tx=0 comp rx=0 tx=0)._handle_peer_banner_payload supported=3 required=0
2026-02-20T00:31:50.302 INFO:teuthology.orchestra.run.trial059.stdout:/usr/bin/ceph: stderr
2026-02-20T00:31:50.173+0000 7f161a509640 1 --2- >> [v2:10.20.193.59:3300/0,v1:10.20.193.59:6789/0] conn(0x7f161410aa00 0x7f161410ae00 unknown :-1 s=HELLO_CONNECTING pgs=0 cs=0 l=0 rev1=1 crypto rx=0 tx=0 comp rx=0 tx=0).handle_hello peer v2:10.20.193.59:3300/0 says I am v2:10.20.193.59:36062/0 (socket says 10.20.193.59:36062)
2026-02-20T00:31:50.302 INFO:teuthology.orchestra.run.trial059.stdout:/usr/bin/ceph: stderr
2026-02-20T00:31:50.173+0000 7f161a509640 1 -- 10.20.193.59:0/3865700562 learned_addr learned my addr 10.20.193.59:0/3865700562 (peer_addr_for_me v2:10.20.193.59:0/0)
2026-02-20T00:31:50.302 INFO:teuthology.orchestra.run.trial059.stdout:/usr/bin/ceph: stderr
2026-02-20T00:31:50.173+0000 7f161a509640 1 -- 10.20.193.59:0/3865700562 --> [v2:10.20.193.59:3300/0,v1:10.20.193.59:6789/0] -- mon_subscribe({config=0+,monmap=0+}) -- 0x7f161410b7d0 con 0x7f161410aa00
2026-02-20T00:31:50.302 INFO:teuthology.orchestra.run.trial059.stdout:/usr/bin/ceph: stderr
2026-02-20T00:31:50.173+0000 7f161a509640 1 --2- 10.20.193.59:0/3865700562 >> [v2:10.20.193.59:3300/0,v1:10.20.193.59:6789/0] conn(0x7f161410aa00 0x7f161410ae00 secure :-1 s=READY pgs=47 cs=0 l=1 rev1=1 crypto rx=0x7f1604009920 tx=0x7f160402ef20 comp rx=0 tx=0).ready entity=mon.0 client_cookie=cfd341782d94ba5a server_cookie=0 in_seq=0 out_seq=0
2026-02-20T00:31:50.302 INFO:teuthology.orchestra.run.trial059.stdout:/usr/bin/ceph: stderr
2026-02-20T00:31:50.173+0000 7f1619507640 1 -- 10.20.193.59:0/3865700562 <== mon.0 v2:10.20.193.59:3300/0 1 ==== mon_map magic: 0 ==== 205+0+0 (secure 0 0 0) 0x7f160403c070 con 0x7f161410aa00
2026-02-20T00:31:50.302 INFO:teuthology.orchestra.run.trial059.stdout:/usr/bin/ceph: stderr
2026-02-20T00:31:50.173+0000 7f1619507640 1 -- 10.20.193.59:0/3865700562 <== mon.0 v2:10.20.193.59:3300/0 2 ==== config(26 keys) ==== 1045+0+0 (secure 0 0 0) 0x7f1604037440 con 0x7f161410aa00
2026-02-20T00:31:50.302 INFO:teuthology.orchestra.run.trial059.stdout:/usr/bin/ceph: stderr
2026-02-20T00:31:50.173+0000 7f1619507640 1 -- 10.20.193.59:0/3865700562 <== mon.0 v2:10.20.193.59:3300/0 3 ==== mon_map magic: 0 ==== 205+0+0 (secure 0 0 0) 0x7f16040354b0 con 0x7f161410aa00
2026-02-20T00:31:50.302 INFO:teuthology.orchestra.run.trial059.stdout:/usr/bin/ceph: stderr
2026-02-20T00:31:50.174+0000 7f161c794640 1 -- 10.20.193.59:0/3865700562 >> [v2:10.20.193.59:3300/0,v1:10.20.193.59:6789/0] conn(0x7f161410aa00 msgr2=0x7f161410ae00 secure :-1 s=STATE_CONNECTION_ESTABLISHED l=1).mark_down
2026-02-20T00:31:50.303 INFO:teuthology.orchestra.run.trial059.stdout:/usr/bin/ceph: stderr
2026-02-20T00:31:50.174+0000 7f161c794640 1 --2- 10.20.193.59:0/3865700562 >> [v2:10.20.193.59:3300/0,v1:10.20.193.59:6789/0] conn(0x7f161410aa00 0x7f161410ae00 secure :-1 s=READY pgs=47 cs=0 l=1 rev1=1 crypto rx=0x7f1604009920 tx=0x7f160402ef20 comp rx=0 tx=0).stop
2026-02-20T00:31:50.303 INFO:teuthology.orchestra.run.trial059.stdout:/usr/bin/ceph: stderr
2026-02-20T00:31:50.174+0000 7f161c794640 1 -- 10.20.193.59:0/3865700562 shutdown_connections
2026-02-20T00:31:50.303 INFO:teuthology.orchestra.run.trial059.stdout:/usr/bin/ceph: stderr
2026-02-20T00:31:50.174+0000 7f161c794640 1 --2- 10.20.193.59:0/3865700562 >> [v2:10.20.193.59:3300/0,v1:10.20.193.59:6789/0] conn(0x7f161410aa00 0x7f161410ae00 unknown :-1 s=CLOSED pgs=47 cs=0 l=1 rev1=1 crypto rx=0 tx=0 comp rx=0 tx=0).stop
2026-02-20T00:31:50.303 INFO:teuthology.orchestra.run.trial059.stdout:/usr/bin/ceph: stderr
2026-02-20T00:31:50.174+0000 7f161c794640 1 -- 10.20.193.59:0/3865700562 >> 10.20.193.59:0/3865700562 conn(0x7f161407dae0 msgr2=0x7f161407def0 unknown :-1 s=STATE_NONE l=0).mark_down
2026-02-20T00:31:50.303 INFO:teuthology.orchestra.run.trial059.stdout:/usr/bin/ceph: stderr
2026-02-20T00:31:50.174+0000 7f161c794640 1 -- 10.20.193.59:0/3865700562 shutdown_connections
2026-02-20T00:31:50.303 INFO:teuthology.orchestra.run.trial059.stdout:/usr/bin/ceph: stderr
2026-02-20T00:31:50.174+0000 7f161c794640 1 -- 10.20.193.59:0/3865700562 wait complete.
2026-02-20T00:31:50.303 INFO:teuthology.orchestra.run.trial059.stdout:/usr/bin/ceph: stderr
2026-02-20T00:31:50.174+0000 7f161c794640 1 Processor -- start
2026-02-20T00:31:50.303 INFO:teuthology.orchestra.run.trial059.stdout:/usr/bin/ceph: stderr
2026-02-20T00:31:50.174+0000 7f161c794640 1 -- start start
2026-02-20T00:31:50.303 INFO:teuthology.orchestra.run.trial059.stdout:/usr/bin/ceph: stderr
2026-02-20T00:31:50.174+0000 7f161c794640 1 --2- >> [v2:10.20.193.59:3300/0,v1:10.20.193.59:6789/0] conn(0x7f161410aa00 0x7f16141a0490 unknown :-1 s=NONE pgs=0 cs=0 l=1 rev1=0 crypto rx=0 tx=0 comp rx=0 tx=0).connect
2026-02-20T00:31:50.304 INFO:teuthology.orchestra.run.trial059.stdout:/usr/bin/ceph: stderr
