2026-02-20T00:31:50.174+0000 7f161c794640 1 -- --> [v2:10.20.193.59:3300/0,v1:10.20.193.59:6789/0] -- mon_getmap magic: 0 -- 0x7f161410ea00 con 0x7f161410aa00
2026-02-20T00:31:50.304 INFO:teuthology.orchestra.run.trial059.stdout:/usr/bin/ceph: stderr
2026-02-20T00:31:50.174+0000 7f161a509640 1 --2- >> [v2:10.20.193.59:3300/0,v1:10.20.193.59:6789/0] conn(0x7f161410aa00 0x7f16141a0490 unknown :-1 s=BANNER_CONNECTING pgs=0 cs=0 l=1 rev1=0 crypto rx=0 tx=0 comp rx=0 tx=0)._handle_peer_banner_payload supported=3 required=0
2026-02-20T00:31:50.304 INFO:teuthology.orchestra.run.trial059.stdout:/usr/bin/ceph: stderr
2026-02-20T00:31:50.174+0000 7f161a509640 1 --2- >> [v2:10.20.193.59:3300/0,v1:10.20.193.59:6789/0] conn(0x7f161410aa00 0x7f16141a0490 unknown :-1 s=HELLO_CONNECTING pgs=0 cs=0 l=1 rev1=1 crypto rx=0 tx=0 comp rx=0 tx=0).handle_hello peer v2:10.20.193.59:3300/0 says I am v2:10.20.193.59:36066/0 (socket says 10.20.193.59:36066)
2026-02-20T00:31:50.304 INFO:teuthology.orchestra.run.trial059.stdout:/usr/bin/ceph: stderr
2026-02-20T00:31:50.174+0000 7f161a509640 1 -- 10.20.193.59:0/2894534103 learned_addr learned my addr 10.20.193.59:0/2894534103 (peer_addr_for_me v2:10.20.193.59:0/0)
2026-02-20T00:31:50.304 INFO:teuthology.orchestra.run.trial059.stdout:/usr/bin/ceph: stderr
2026-02-20T00:31:50.174+0000 7f161a509640 1 -- 10.20.193.59:0/2894534103 --> [v2:10.20.193.59:3300/0,v1:10.20.193.59:6789/0] -- mon_subscribe({config=0+,monmap=0+}) -- 0x7f16141a09d0 con 0x7f161410aa00
2026-02-20T00:31:50.304 INFO:teuthology.orchestra.run.trial059.stdout:/usr/bin/ceph: stderr
2026-02-20T00:31:50.174+0000 7f161a509640 1 --2- 10.20.193.59:0/2894534103 >> [v2:10.20.193.59:3300/0,v1:10.20.193.59:6789/0] conn(0x7f161410aa00 0x7f16141a0490 secure :-1 s=READY pgs=48 cs=0 l=1 rev1=1 crypto rx=0x7f1604037cd0 tx=0x7f1604037b90 comp rx=0 tx=0).ready entity=mon.0 client_cookie=0 server_cookie=0 in_seq=0 out_seq=0
2026-02-20T00:31:50.305 INFO:teuthology.orchestra.run.trial059.stdout:/usr/bin/ceph: stderr
2026-02-20T00:31:50.175+0000 7f15fb7fe640 1 -- 10.20.193.59:0/2894534103 <== mon.0 v2:10.20.193.59:3300/0 1 ==== mon_map magic: 0 ==== 205+0+0 (secure 0 0 0) 0x7f1604045070 con 0x7f161410aa00
2026-02-20T00:31:50.305 INFO:teuthology.orchestra.run.trial059.stdout:/usr/bin/ceph: stderr
2026-02-20T00:31:50.175+0000 7f15fb7fe640 1 -- 10.20.193.59:0/2894534103 <== mon.0 v2:10.20.193.59:3300/0 2 ==== config(26 keys) ==== 1045+0+0 (secure 0 0 0) 0x7f1604040450 con 0x7f161410aa00
2026-02-20T00:31:50.305 INFO:teuthology.orchestra.run.trial059.stdout:/usr/bin/ceph: stderr
2026-02-20T00:31:50.175+0000 7f161c794640 1 -- 10.20.193.59:0/2894534103 --> [v2:10.20.193.59:3300/0,v1:10.20.193.59:6789/0] -- mon_subscribe({mgrmap=0+}) -- 0x7f16141a0c60 con 0x7f161410aa00
2026-02-20T00:31:50.305 INFO:teuthology.orchestra.run.trial059.stdout:/usr/bin/ceph: stderr
2026-02-20T00:31:50.175+0000 7f15fb7fe640 1 -- 10.20.193.59:0/2894534103 <== mon.0 v2:10.20.193.59:3300/0 3 ==== mon_map magic: 0 ==== 205+0+0 (secure 0 0 0) 0x7f160403c070 con 0x7f161410aa00
2026-02-20T00:31:50.305 INFO:teuthology.orchestra.run.trial059.stdout:/usr/bin/ceph: stderr
2026-02-20T00:31:50.175+0000 7f161c794640 1 -- 10.20.193.59:0/2894534103 --> [v2:10.20.193.59:3300/0,v1:10.20.193.59:6789/0] -- mon_subscribe({osdmap=0}) -- 0x7f16141a3950 con 0x7f161410aa00
2026-02-20T00:31:50.305 INFO:teuthology.orchestra.run.trial059.stdout:/usr/bin/ceph: stderr
2026-02-20T00:31:50.175+0000 7f15fb7fe640 1 -- 10.20.193.59:0/2894534103 <== mon.0 v2:10.20.193.59:3300/0 4 ==== mgrmap(e 8) ==== 50247+0+0 (secure 0 0 0) 0x7f160403e640 con 0x7f161410aa00
2026-02-20T00:31:50.305 INFO:teuthology.orchestra.run.trial059.stdout:/usr/bin/ceph: stderr
2026-02-20T00:31:50.175+0000 7f161c794640 1 -- 10.20.193.59:0/2894534103 --> [v2:10.20.193.59:3300/0,v1:10.20.193.59:6789/0] -- mon_command({"prefix": "get_command_descriptions"} v 0) -- 0x7f161410ae80 con 0x7f161410aa00
2026-02-20T00:31:50.305 INFO:teuthology.orchestra.run.trial059.stdout:/usr/bin/ceph: stderr
2026-02-20T00:31:50.175+0000 7f15fb7fe640 1 --2- 10.20.193.59:0/2894534103 >> [v2:10.20.193.59:6800/1010070359,v1:10.20.193.59:6801/1010070359] conn(0x7f15f003dba0 0x7f15f0040060 unknown :-1 s=NONE pgs=0 cs=0 l=1 rev1=0 crypto rx=0 tx=0 comp rx=0 tx=0).connect
2026-02-20T00:31:50.305 INFO:teuthology.orchestra.run.trial059.stdout:/usr/bin/ceph: stderr
2026-02-20T00:31:50.175+0000 7f15fb7fe640 1 -- 10.20.193.59:0/2894534103 <== mon.0 v2:10.20.193.59:3300/0 5 ==== osd_map(2..2 src has 1..2) ==== 940+0+0 (secure 0 0 0) 0x7f16040767e0 con 0x7f161410aa00
2026-02-20T00:31:50.305 INFO:teuthology.orchestra.run.trial059.stdout:/usr/bin/ceph: stderr
2026-02-20T00:31:50.175+0000 7f1619d08640 1 --2- 10.20.193.59:0/2894534103 >> [v2:10.20.193.59:6800/1010070359,v1:10.20.193.59:6801/1010070359] conn(0x7f15f003dba0 0x7f15f0040060 unknown :-1 s=BANNER_CONNECTING pgs=0 cs=0 l=1 rev1=0 crypto rx=0 tx=0 comp rx=0 tx=0)._handle_peer_banner_payload supported=3 required=0
2026-02-20T00:31:50.305 INFO:teuthology.orchestra.run.trial059.stdout:/usr/bin/ceph: stderr
2026-02-20T00:31:50.176+0000 7f1619d08640 1 --2- 10.20.193.59:0/2894534103 >> [v2:10.20.193.59:6800/1010070359,v1:10.20.193.59:6801/1010070359] conn(0x7f15f003dba0 0x7f15f0040060 secure :-1 s=READY pgs=13 cs=0 l=1 rev1=1 crypto rx=0x7f16080099c0 tx=0x7f1608006eb0 comp rx=0 tx=0).ready entity=mgr.14118 client_cookie=0 server_cookie=0 in_seq=0 out_seq=0
2026-02-20T00:31:50.306 INFO:teuthology.orchestra.run.trial059.stdout:/usr/bin/ceph: stderr
2026-02-20T00:31:50.178+0000 7f15fb7fe640 1 -- 10.20.193.59:0/2894534103 <== mon.0 v2:10.20.193.59:3300/0 6 ==== mon_command_ack([{"prefix": "get_command_descriptions"}]=0 v0) ==== 72+0+195034 (secure 0 0 0) 0x7f160403f3b0 con 0x7f161410aa00
2026-02-20T00:31:50.306 INFO:teuthology.orchestra.run.trial059.stdout:/usr/bin/ceph: stderr
2026-02-20T00:31:50.268+0000 7f161c794640 1 -- 10.20.193.59:0/2894534103 --> [v2:10.20.193.59:6800/1010070359,v1:10.20.193.59:6801/1010070359] -- mgr_command(tid 0: {"prefix": "orch apply", "service_type": "mgr", "unmanaged": true, "target": ["mon-mgr", ""]}) -- 0x7f1614108df0 con 0x7f15f003dba0
2026-02-20T00:31:50.306 INFO:teuthology.orchestra.run.trial059.stdout:/usr/bin/ceph: stderr
2026-02-20T00:31:50.269+0000 7f15fb7fe640 1 -- 10.20.193.59:0/2894534103 <== mon.0 v2:10.20.193.59:3300/0 7 ==== config(26 keys) ==== 1076+0+0 (secure 0 0 0) 0x7f160407c080 con 0x7f161410aa00
2026-02-20T00:31:50.306 INFO:teuthology.orchestra.run.trial059.stdout:/usr/bin/ceph: stderr
2026-02-20T00:31:50.273+0000 7f15fb7fe640 1 -- 10.20.193.59:0/2894534103 <== mgr.14118 v2:10.20.193.59:6800/1010070359 1 ==== mgr_command_reply(tid 0: 0 ) ==== 8+0+24 (secure 0 0 0) 0x7f1614108df0 con 0x7f15f003dba0
2026-02-20T00:31:50.306 INFO:teuthology.orchestra.run.trial059.stdout:/usr/bin/ceph: stderr
2026-02-20T00:31:50.275+0000 7f161c794640 1 -- 10.20.193.59:0/2894534103 >> [v2:10.20.193.59:6800/1010070359,v1:10.20.193.59:6801/1010070359] conn(0x7f15f003dba0 msgr2=0x7f15f0040060 secure :-1 s=STATE_CONNECTION_ESTABLISHED l=1).mark_down
2026-02-20T00:31:50.306 INFO:teuthology.orchestra.run.trial059.stdout:/usr/bin/ceph: stderr
2026-02-20T00:31:50.275+0000 7f161c794640 1 --2- 10.20.193.59:0/2894534103 >> [v2:10.20.193.59:6800/1010070359,v1:10.20.193.59:6801/1010070359] conn(0x7f15f003dba0 0x7f15f0040060 secure :-1 s=READY pgs=13 cs=0 l=1 rev1=1 crypto rx=0x7f16080099c0 tx=0x7f1608006eb0 comp rx=0 tx=0).stop
2026-02-20T00:31:50.306 INFO:teuthology.orchestra.run.trial059.stdout:/usr/bin/ceph: stderr
2026-02-20T00:31:50.275+0000 7f161c794640 1 -- 10.20.193.59:0/2894534103 >> [v2:10.20.193.59:3300/0,v1:10.20.193.59:6789/0] conn(0x7f161410aa00 msgr2=0x7f16141a0490 secure :-1 s=STATE_CONNECTION_ESTABLISHED l=1).mark_down
2026-02-20T00:31:50.306 INFO:teuthology.orchestra.run.trial059.stdout:/usr/bin/ceph: stderr
2026-02-20T00:31:50.275+0000 7f161c794640 1 --2- 10.20.193.59:0/2894534103 >> [v2:10.20.193.59:3300/0,v1:10.20.193.59:6789/0] conn(0x7f161410aa00 0x7f16141a0490 secure :-1 s=READY pgs=48 cs=0 l=1 rev1=1 crypto rx=0x7f1604037cd0 tx=0x7f1604037b90 comp rx=0 tx=0).stop
2026-02-20T00:31:50.306 INFO:teuthology.orchestra.run.trial059.stdout:/usr/bin/ceph: stderr
2026-02-20T00:31:50.275+0000 7f161c794640 1 -- 10.20.193.59:0/2894534103 shutdown_connections
2026-02-20T00:31:50.306 INFO:teuthology.orchestra.run.trial059.stdout:/usr/bin/ceph: stderr
2026-02-20T00:31:50.275+0000 7f161c794640 1 --2- 10.20.193.59:0/2894534103 >> [v2:10.20.193.59:6800/1010070359,v1:10.20.193.59:6801/1010070359] conn(0x7f15f003dba0 0x7f15f0040060 unknown :-1 s=CLOSED pgs=13 cs=0 l=1 rev1=1 crypto rx=0 tx=0 comp rx=0 tx=0).stop
2026-02-20T00:31:50.306 INFO:teuthology.orchestra.run.trial059.stdout:/usr/bin/ceph: stderr
2026-02-20T00:31:50.275+0000 7f161c794640 1 --2- 10.20.193.59:0/2894534103 >> [v2:10.20.193.59:3300/0,v1:10.20.193.59:6789/0] conn(0x7f161410aa00 0x7f16141a0490 unknown :-1 s=CLOSED pgs=48 cs=0 l=1 rev1=1 crypto rx=0 tx=0 comp rx=0 tx=0).stop
2026-02-20T00:31:50.307 INFO:teuthology.orchestra.run.trial059.stdout:/usr/bin/ceph: stderr
2026-02-20T00:31:50.275+0000 7f161c794640 1 -- 10.20.193.59:0/2894534103 >> 10.20.193.59:0/2894534103 conn(0x7f161407dae0 msgr2=0x7f16141086e0 unknown :-1 s=STATE_NONE l=0).mark_down
2026-02-20T00:31:50.307 INFO:teuthology.orchestra.run.trial059.stdout:/usr/bin/ceph: stderr
2026-02-20T00:31:50.275+0000 7f161c794640 1 -- 10.20.193.59:0/2894534103 shutdown_connections
2026-02-20T00:31:50.307 INFO:teuthology.orchestra.run.trial059.stdout:/usr/bin/ceph: stderr
2026-02-20T00:31:50.275+0000 7f161c794640 1 -- 10.20.193.59:0/2894534103 wait complete.
2026-02-20T00:31:50.523 INFO:teuthology.orchestra.run.trial059.stdout:/usr/bin/ceph: stderr
2026-02-20T00:31:50.404+0000 7f57da2a1640 1 Processor -- start
2026-02-20T00:31:50.523 INFO:teuthology.orchestra.run.trial059.stdout:/usr/bin/ceph: stderr
2026-02-20T00:31:50.404+0000 7f57da2a1640 1 -- start start
2026-02-20T00:31:50.523 INFO:teuthology.orchestra.run.trial059.stdout:/usr/bin/ceph: stderr
2026-02-20T00:31:50.404+0000 7f57da2a1640 1 --2- >> [v2:10.20.193.59:3300/0,v1:10.20.193.59:6789/0] conn(0x7f57d407ee40 0x7f57d407d2a0 unknown :-1 s=NONE pgs=0 cs=0 l=0 rev1=0 crypto rx=0 tx=0 comp rx=0 tx=0).connect
2026-02-20T00:31:50.523 INFO:teuthology.orchestra.run.trial059.stdout:/usr/bin/ceph: stderr
2026-02-20T00:31:50.404+0000 7f57da2a1640 1 -- --> [v2:10.20.193.59:3300/0,v1:10.20.193.59:6789/0] -- mon_getmap magic: 0 -- 0x7f57d407d7e0 con 0x7f57d407ee40
2026-02-20T00:31:50.524 INFO:teuthology.orchestra.run.trial059.stdout:/usr/bin/ceph: stderr
2026-02-20T00:31:50.404+0000 7f57d3fff640 1 --2- >> [v2:10.20.193.59:3300/0,v1:10.20.193.59:6789/0] conn(0x7f57d407ee40 0x7f57d407d2a0 unknown :-1 s=BANNER_CONNECTING pgs=0 cs=0 l=0 rev1=0 crypto rx=0 tx=0 comp rx=0 tx=0)._handle_peer_banner_payload supported=3 required=0
2026-02-20T00:31:50.524 INFO:teuthology.orchestra.run.trial059.stdout:/usr/bin/ceph: stderr
2026-02-20T00:31:50.404+0000 7f57d3fff640 1 --2- >> [v2:10.20.193.59:3300/0,v1:10.20.193.59:6789/0] conn(0x7f57d407ee40 0x7f57d407d2a0 unknown :-1 s=HELLO_CONNECTING pgs=0 cs=0 l=0 rev1=1 crypto rx=0 tx=0 comp rx=0 tx=0).handle_hello peer v2:10.20.193.59:3300/0 says I am v2:10.20.193.59:36080/0 (socket says 10.20.193.59:36080)
2026-02-20T00:31:50.524 INFO:teuthology.orchestra.run.trial059.stdout:/usr/bin/ceph: stderr
2026-02-20T00:31:50.404+0000 7f57d3fff640 1 -- 10.20.193.59:0/2929593023 learned_addr learned my addr 10.20.193.59:0/2929593023 (peer_addr_for_me v2:10.20.193.59:0/0)
2026-02-20T00:31:50.524 INFO:teuthology.orchestra.run.trial059.stdout:/usr/bin/ceph: stderr
2026-02-20T00:31:50.404+0000 7f57d3fff640 1 -- 10.20.193.59:0/2929593023 --> [v2:10.20.193.59:3300/0,v1:10.20.193.59:6789/0] -- mon_subscribe({config=0+,monmap=0+}) -- 0x7f57d407d960 con 0x7f57d407ee40
2026-02-20T00:31:50.524 INFO:teuthology.orchestra.run.trial059.stdout:/usr/bin/ceph: stderr
2026-02-20T00:31:50.405+0000 7f57d3fff640 1 --2- 10.20.193.59:0/2929593023 >> [v2:10.20.193.59:3300/0,v1:10.20.193.59:6789/0] conn(0x7f57d407ee40 0x7f57d407d2a0 secure :-1 s=READY pgs=49 cs=0 l=1 rev1=1 crypto rx=0x7f57c0009920 tx=0x7f57c002ef20 comp rx=0 tx=0).ready entity=mon.0 client_cookie=b9c85592b7b5c140 server_cookie=0 in_seq=0 out_seq=0
2026-02-20T00:31:50.524 INFO:teuthology.orchestra.run.trial059.stdout:/usr/bin/ceph: stderr
2026-02-20T00:31:50.405+0000 7f57d2ffd640 1 -- 10.20.193.59:0/2929593023 <== mon.0 v2:10.20.193.59:3300/0 1 ==== mon_map magic: 0 ==== 205+0+0 (secure 0 0 0) 0x7f57c003c070 con 0x7f57d407ee40
2026-02-20T00:31:50.524 INFO:teuthology.orchestra.run.trial059.stdout:/usr/bin/ceph: stderr
2026-02-20T00:31:50.405+0000 7f57d2ffd640 1 -- 10.20.193.59:0/2929593023 <== mon.0 v2:10.20.193.59:3300/0 2 ==== config(26 keys) ==== 1076+0+0 (secure 0 0 0) 0x7f57c0037440 con 0x7f57d407ee40
2026-02-20T00:31:50.524 INFO:teuthology.orchestra.run.trial059.stdout:/usr/bin/ceph: stderr
2026-02-20T00:31:50.405+0000 7f57d2ffd640 1 -- 10.20.193.59:0/2929593023 <== mon.0 v2:10.20.193.59:3300/0 3 ==== mon_map magic: 0 ==== 205+0+0 (secure 0 0 0) 0x7f57c00354d0 con 0x7f57d407ee40
2026-02-20T00:31:50.524 INFO:teuthology.orchestra.run.trial059.stdout:/usr/bin/ceph: stderr
2026-02-20T00:31:50.405+0000 7f57da2a1640 1 -- 10.20.193.59:0/2929593023 >> [v2:10.20.193.59:3300/0,v1:10.20.193.59:6789/0] conn(0x7f57d407ee40 msgr2=0x7f57d407d2a0 secure :-1 s=STATE_CONNECTION_ESTABLISHED l=1).mark_down
2026-02-20T00:31:50.524 INFO:teuthology.orchestra.run.trial059.stdout:/usr/bin/ceph: stderr
2026-02-20T00:31:50.405+0000 7f57da2a1640 1 --2- 10.20.193.59:0/2929593023 >> [v2:10.20.193.59:3300/0,v1:10.20.193.59:6789/0] conn(0x7f57d407ee40 0x7f57d407d2a0 secure :-1 s=READY pgs=49 cs=0 l=1 rev1=1 crypto rx=0x7f57c0009920 tx=0x7f57c002ef20 comp rx=0 tx=0).stop
2026-02-20T00:31:50.524 INFO:teuthology.orchestra.run.trial059.stdout:/usr/bin/ceph: stderr
2026-02-20T00:31:50.405+0000 7f57da2a1640 1 -- 10.20.193.59:0/2929593023 shutdown_connections
2026-02-20T00:31:50.525 INFO:teuthology.orchestra.run.trial059.stdout:/usr/bin/ceph: stderr
2026-02-20T00:31:50.405+0000 7f57da2a1640 1 --2- 10.20.193.59:0/2929593023 >> [v2:10.20.193.59:3300/0,v1:10.20.193.59:6789/0] conn(0x7f57d407ee40 0x7f57d407d2a0 unknown :-1 s=CLOSED pgs=49 cs=0 l=1 rev1=1 crypto rx=0 tx=0 comp rx=0 tx=0).stop
2026-02-20T00:31:50.525 INFO:teuthology.orchestra.run.trial059.stdout:/usr/bin/ceph: stderr
2026-02-20T00:31:50.405+0000 7f57da2a1640 1 -- 10.20.193.59:0/2929593023 >> 10.20.193.59:0/2929593023 conn(0x7f57d4103b10 msgr2=0x7f57d4105f30 unknown :-1 s=STATE_NONE l=0).mark_down
2026-02-20T00:31:50.525 INFO:teuthology.orchestra.run.trial059.stdout:/usr/bin/ceph: stderr
2026-02-20T00:31:50.405+0000 7f57da2a1640 1 -- 10.20.193.59:0/2929593023 shutdown_connections
2026-02-20T00:31:50.525 INFO:teuthology.orchestra.run.trial059.stdout:/usr/bin/ceph: stderr
2026-02-20T00:31:50.405+0000 7f57da2a1640 1 -- 10.20.193.59:0/2929593023 wait complete.
2026-02-20T00:31:50.525 INFO:teuthology.orchestra.run.trial059.stdout:/usr/bin/ceph: stderr
2026-02-20T00:31:50.406+0000 7f57da2a1640 1 Processor -- start
2026-02-20T00:31:50.525 INFO:teuthology.orchestra.run.trial059.stdout:/usr/bin/ceph: stderr
2026-02-20T00:31:50.406+0000 7f57da2a1640 1 -- start start
2026-02-20T00:31:50.525 INFO:teuthology.orchestra.run.trial059.stdout:/usr/bin/ceph: stderr
2026-02-20T00:31:50.406+0000 7f57da2a1640 1 --2- >> [v2:10.20.193.59:3300/0,v1:10.20.193.59:6789/0] conn(0x7f57d407ee40 0x7f57d41a03d0 unknown :-1 s=NONE pgs=0 cs=0 l=1 rev1=0 crypto rx=0 tx=0 comp rx=0 tx=0).connect
2026-02-20T00:31:50.525 INFO:teuthology.orchestra.run.trial059.stdout:/usr/bin/ceph: stderr
2026-02-20T00:31:50.406+0000 7f57da2a1640 1 -- --> [v2:10.20.193.59:3300/0,v1:10.20.193.59:6789/0] -- mon_getmap magic: 0 -- 0x7f57d410e8c0 con 0x7f57d407ee40
2026-02-20T00:31:50.525 INFO:teuthology.orchestra.run.trial059.stdout:/usr/bin/ceph: stderr
2026-02-20T00:31:50.406+0000 7f57d3fff640 1 --2- >> [v2:10.20.193.59:3300/0,v1:10.20.193.59:6789/0] conn(0x7f57d407ee40 0x7f57d41a03d0 unknown :-1 s=BANNER_CONNECTING pgs=0 cs=0 l=1 rev1=0 crypto rx=0 tx=0 comp rx=0 tx=0)._handle_peer_banner_payload supported=3 required=0
2026-02-20T00:31:50.525 INFO:teuthology.orchestra.run.trial059.stdout:/usr/bin/ceph: stderr
2026-02-20T00:31:50.406+0000 7f57d3fff640 1 --2- >> [v2:10.20.193.59:3300/0,v1:10.20.193.59:6789/0] conn(0x7f57d407ee40 0x7f57d41a03d0 unknown :-1 s=HELLO_CONNECTING pgs=0 cs=0 l=1 rev1=1 crypto rx=0 tx=0 comp rx=0 tx=0).handle_hello peer v2:10.20.193.59:3300/0 says I am v2:10.20.193.59:36088/0 (socket says 10.20.193.59:36088)
2026-02-20T00:31:50.525 INFO:teuthology.orchestra.run.trial059.stdout:/usr/bin/ceph: stderr
2026-02-20T00:31:50.406+0000 7f57d3fff640 1 -- 10.20.193.59:0/46847569 learned_addr learned my addr 10.20.193.59:0/46847569 (peer_addr_for_me v2:10.20.193.59:0/0)
2026-02-20T00:31:50.525 INFO:teuthology.orchestra.run.trial059.stdout:/usr/bin/ceph: stderr
2026-02-20T00:31:50.406+0000 7f57d3fff640 1 -- 10.20.193.59:0/46847569 --> [v2:10.20.193.59:3300/0,v1:10.20.193.59:6789/0] -- mon_subscribe({config=0+,monmap=0+}) -- 0x7f57d41a0910 con 0x7f57d407ee40
2026-02-20T00:31:50.526 INFO:teuthology.orchestra.run.trial059.stdout:/usr/bin/ceph: stderr
2026-02-20T00:31:50.406+0000 7f57d3fff640 1 --2- 10.20.193.59:0/46847569 >> [v2:10.20.193.59:3300/0,v1:10.20.193.59:6789/0] conn(0x7f57d407ee40 0x7f57d41a03d0 secure :-1 s=READY pgs=50 cs=0 l=1 rev1=1 crypto rx=0x7f57c0002410 tx=0x7f57c0037820 comp rx=0 tx=0).ready entity=mon.0 client_cookie=0 server_cookie=0 in_seq=0 out_seq=0
2026-02-20T00:31:50.526 INFO:teuthology.orchestra.run.trial059.stdout:/usr/bin/ceph: stderr
2026-02-20T00:31:50.406+0000 7f57d17fa640 1 -- 10.20.193.59:0/46847569 <== mon.0 v2:10.20.193.59:3300/0 1 ==== mon_map magic: 0 ==== 205+0+0 (secure 0 0 0) 0x7f57c0047070 con 0x7f57d407ee40
2026-02-20T00:31:50.526 INFO:teuthology.orchestra.run.trial059.stdout:/usr/bin/ceph: stderr
2026-02-20T00:31:50.406+0000 7f57d17fa640 1 -- 10.20.193.59:0/46847569 <== mon.0 v2:10.20.193.59:3300/0 2 ==== config(26 keys) ==== 1076+0+0 (secure 0 0 0) 0x7f57c0035da0 con 0x7f57d407ee40
2026-02-20T00:31:50.526 INFO:teuthology.orchestra.run.trial059.stdout:/usr/bin/ceph: stderr
2026-02-20T00:31:50.406+0000 7f57d17fa640 1 -- 10.20.193.59:0/46847569 <== mon.0 v2:10.20.193.59:3300/0 3 ==== mon_map magic: 0 ==== 205+0+0 (secure 0 0 0) 0x7f57c003c070 con 0x7f57d407ee40
2026-02-20T00:31:50.526 INFO:teuthology.orchestra.run.trial059.stdout:/usr/bin/ceph: stderr
2026-02-20T00:31:50.406+0000 7f57da2a1640 1 -- 10.20.193.59:0/46847569 --> [v2:10.20.193.59:3300/0,v1:10.20.193.59:6789/0] -- mon_subscribe({mgrmap=0+}) -- 0x7f57d41a0ba0 con 0x7f57d407ee40
2026-02-20T00:31:50.526 INFO:teuthology.orchestra.run.trial059.stdout:/usr/bin/ceph: stderr
2026-02-20T00:31:50.406+0000 7f57da2a1640 1 -- 10.20.193.59:0/46847569 --> [v2:10.20.193.59:3300/0,v1:10.20.193.59:6789/0] -- mon_subscribe({osdmap=0}) -- 0x7f57d41a3890 con 0x7f57d407ee40
2026-02-20T00:31:50.526 INFO:teuthology.orchestra.run.trial059.stdout:/usr/bin/ceph: stderr
2026-02-20T00:31:50.407+0000 7f57da2a1640 1 -- 10.20.193.59:0/46847569 --> [v2:10.20.193.59:3300/0,v1:10.20.193.59:6789/0] -- mon_command({"prefix": "get_command_descriptions"} v 0) -- 0x7f57d407d320 con 0x7f57d407ee40
2026-02-20T00:31:50.526 INFO:teuthology.orchestra.run.trial059.stdout:/usr/bin/ceph: stderr
2026-02-20T00:31:50.407+0000 7f57d17fa640 1 -- 10.20.193.59:0/46847569 <== mon.0 v2:10.20.193.59:3300/0 4 ==== mgrmap(e 8) ==== 50247+0+0 (secure 0 0 0) 0x7f57c0042660 con 0x7f57d407ee40
2026-02-20T00:31:50.526 INFO:teuthology.orchestra.run.trial059.stdout:/usr/bin/ceph: stderr
2026-02-20T00:31:50.407+0000 7f57d17fa640 1 --2- 10.20.193.59:0/46847569 >> [v2:10.20.193.59:6800/1010070359,v1:10.20.193.59:6801/1010070359] conn(0x7f57a803dbf0 0x7f57a80400b0 unknown :-1 s=NONE pgs=0 cs=0 l=1 rev1=0 crypto rx=0 tx=0 comp rx=0 tx=0).connect
2026-02-20T00:31:50.526 INFO:teuthology.orchestra.run.trial059.stdout:/usr/bin/ceph: stderr
2026-02-20T00:31:50.407+0000 7f57d17fa640 1 -- 10.20.193.59:0/46847569 <== mon.0 v2:10.20.193.59:3300/0 5 ==== osd_map(2..2 src has 1..2) ==== 940+0+0 (secure 0 0 0) 0x7f57c00767e0 con 0x7f57d407ee40
2026-02-20T00:31:50.526 INFO:teuthology.orchestra.run.trial059.stdout:/usr/bin/ceph: stderr
2026-02-20T00:31:50.407+0000 7f57d37fe640 1 --2- 10.20.193.59:0/46847569 >> [v2:10.20.193.59:6800/1010070359,v1:10.20.193.59:6801/1010070359] conn(0x7f57a803dbf0 0x7f57a80400b0 unknown :-1 s=BANNER_CONNECTING pgs=0 cs=0 l=1 rev1=0 crypto rx=0 tx=0 comp rx=0 tx=0)._handle_peer_banner_payload supported=3 required=0
2026-02-20T00:31:50.526 INFO:teuthology.orchestra.run.trial059.stdout:/usr/bin/ceph: stderr
2026-02-20T00:31:50.408+0000 7f57d37fe640 1 --2- 10.20.193.59:0/46847569 >> [v2:10.20.193.59:6800/1010070359,v1:10.20.193.59:6801/1010070359] conn(0x7f57a803dbf0 0x7f57a80400b0 secure :-1 s=READY pgs=14 cs=0 l=1 rev1=1 crypto rx=0x7f57c40099c0 tx=0x7f57c4006eb0 comp rx=0 tx=0).ready entity=mgr.14118 client_cookie=0 server_cookie=0 in_seq=0 out_seq=0
2026-02-20T00:31:50.527 INFO:teuthology.orchestra.run.trial059.stdout:/usr/bin/ceph: stderr
2026-02-20T00:31:50.410+0000 7f57d17fa640 1 -- 10.20.193.59:0/46847569 <== mon.0 v2:10.20.193.59:3300/0 6 ==== mon_command_ack([{"prefix": "get_command_descriptions"}]=0 v0) ==== 72+0+195034 (secure 0 0 0) 0x7f57c003c210 con 0x7f57d407ee40
2026-02-20T00:31:50.527 INFO:teuthology.orchestra.run.trial059.stdout:/usr/bin/ceph: stderr
2026-02-20T00:31:50.495+0000 7f57da2a1640 1 -- 10.20.193.59:0/46847569 --> [v2:10.20.193.59:3300/0,v1:10.20.193.59:6789/0] -- mon_command([{prefix=config set, name=mgr/cephadm/container_init}] v 0) -- 0x7f57d41a3f30 con 0x7f57d407ee40
2026-02-20T00:31:50.527 INFO:teuthology.orchestra.run.trial059.stdout:/usr/bin/ceph: stderr
2026-02-20T00:31:50.496+0000 7f57d17fa640 1 -- 10.20.193.59:0/46847569 <== mon.0 v2:10.20.193.59:3300/0 7 ==== mon_command_ack([{prefix=config set, name=mgr/cephadm/container_init}]=0 v7)=0 v7) ==== 142+0+0 (secure 0 0 0) 0x7f57c0076540 con 0x7f57d407ee40
2026-02-20T00:31:50.527 INFO:teuthology.orchestra.run.trial059.stdout:/usr/bin/ceph: stderr
2026-02-20T00:31:50.498+0000 7f57da2a1640 1 -- 10.20.193.59:0/46847569 >> [v2:10.20.193.59:6800/1010070359,v1:10.20.193.59:6801/1010070359] conn(0x7f57a803dbf0 msgr2=0x7f57a80400b0 secure :-1 s=STATE_CONNECTION_ESTABLISHED l=1).mark_down
2026-02-20T00:31:50.527 INFO:teuthology.orchestra.run.trial059.stdout:/usr/bin/ceph: stderr
2026-02-20T00:31:50.498+0000 7f57da2a1640 1 --2- 10.20.193.59:0/46847569 >> [v2:10.20.193.59:6800/1010070359,v1:10.20.193.59:6801/1010070359] conn(0x7f57a803dbf0 0x7f57a80400b0 secure :-1 s=READY pgs=14 cs=0 l=1 rev1=1 crypto rx=0x7f57c40099c0 tx=0x7f57c4006eb0 comp rx=0 tx=0).stop
2026-02-20T00:31:50.527 INFO:teuthology.orchestra.run.trial059.stdout:/usr/bin/ceph: stderr
2026-02-20T00:31:50.498+0000 7f57da2a1640 1 -- 10.20.193.59:0/46847569 >> [v2:10.20.193.59:3300/0,v1:10.20.193.59:6789/0] conn(0x7f57d407ee40 msgr2=0x7f57d41a03d0 secure :-1 s=STATE_CONNECTION_ESTABLISHED l=1).mark_down
2026-02-20T00:31:50.527 INFO:teuthology.orchestra.run.trial059.stdout:/usr/bin/ceph: stderr
2026-02-20T00:31:50.498+0000 7f57da2a1640 1 --2- 10.20.193.59:0/46847569 >> [v2:10.20.193.59:3300/0,v1:10.20.193.59:6789/0] conn(0x7f57d407ee40 0x7f57d41a03d0 secure :-1 s=READY pgs=50 cs=0 l=1 rev1=1 crypto rx=0x7f57c0002410 tx=0x7f57c0037820 comp rx=0 tx=0).stop
2026-02-20T00:31:50.527 INFO:teuthology.orchestra.run.trial059.stdout:/usr/bin/ceph: stderr
2026-02-20T00:31:50.498+0000 7f57da2a1640 1 -- 10.20.193.59:0/46847569 shutdown_connections
2026-02-20T00:31:50.527 INFO:teuthology.orchestra.run.trial059.stdout:/usr/bin/ceph: stderr
2026-02-20T00:31:50.498+0000 7f57da2a1640 1 --2- 10.20.193.59:0/46847569 >> [v2:10.20.193.59:6800/1010070359,v1:10.20.193.59:6801/1010070359] conn(0x7f57a803dbf0 0x7f57a80400b0 unknown :-1 s=CLOSED pgs=14 cs=0 l=1 rev1=1 crypto rx=0 tx=0 comp rx=0 tx=0).stop
2026-02-20T00:31:50.527 INFO:teuthology.orchestra.run.trial059.stdout:/usr/bin/ceph: stderr
2026-02-20T00:31:50.498+0000 7f57da2a1640 1 --2- 10.20.193.59:0/46847569 >> [v2:10.20.193.59:3300/0,v1:10.20.193.59:6789/0] conn(0x7f57d407ee40 0x7f57d41a03d0 unknown :-1 s=CLOSED pgs=50 cs=0 l=1 rev1=1 crypto rx=0 tx=0 comp rx=0 tx=0).stop
2026-02-20T00:31:50.527 INFO:teuthology.orchestra.run.trial059.stdout:/usr/bin/ceph: stderr
2026-02-20T00:31:50.498+0000 7f57da2a1640 1 -- 10.20.193.59:0/46847569 >> 10.20.193.59:0/46847569 conn(0x7f57d4103b10 msgr2=0x7f57d41046a0 unknown :-1 s=STATE_NONE l=0).mark_down
2026-02-20T00:31:50.527 INFO:teuthology.orchestra.run.trial059.stdout:/usr/bin/ceph: stderr
2026-02-20T00:31:50.498+0000 7f57da2a1640 1 -- 10.20.193.59:0/46847569 shutdown_connections
2026-02-20T00:31:50.528 INFO:teuthology.orchestra.run.trial059.stdout:/usr/bin/ceph: stderr
2026-02-20T00:31:50.498+0000 7f57da2a1640 1 -- 10.20.193.59:0/46847569 wait complete.
2026-02-20T00:31:50.559 INFO:journalctl@ceph.mon.a.trial059.stdout:Feb 20 00:31:50 trial059 ceph-mon[39696]: Deploying cephadm binary to trial059
2026-02-20T00:31:50.559 INFO:journalctl@ceph.mon.a.trial059.stdout:Feb 20 00:31:50 trial059 ceph-mon[39696]: from='mgr.14118 10.20.193.59:0/3940798540' entity='mgr.x'
2026-02-20T00:31:50.559 INFO:journalctl@ceph.mon.a.trial059.stdout:Feb 20 00:31:50 trial059 ceph-mon[39696]: from='mgr.14118 10.20.193.59:0/3940798540' entity='mgr.x' cmd=[{"prefix": "config dump", "format": "json"}]: dispatch
2026-02-20T00:31:50.559 INFO:journalctl@ceph.mon.a.trial059.stdout:Feb 20 00:31:50 trial059 ceph-mon[39696]: from='mgr.14118 10.20.193.59:0/3940798540' entity='mgr.x'
2026-02-20T00:31:50.559 INFO:journalctl@ceph.mon.a.trial059.stdout:Feb 20 00:31:50 trial059 ceph-mon[39696]: from='mgr.14118 10.20.193.59:0/3940798540' entity='mgr.x'
2026-02-20T00:31:50.559 INFO:journalctl@ceph.mon.a.trial059.stdout:Feb 20 00:31:50 trial059 ceph-mon[39696]: from='mgr.14118 10.20.193.59:0/3940798540' entity='mgr.x'
2026-02-20T00:31:50.560 INFO:journalctl@ceph.mon.a.trial059.stdout:Feb 20 00:31:50 trial059 ceph-mon[39696]: from='mgr.14118 10.20.193.59:0/3940798540' entity='mgr.x'
2026-02-20T00:31:50.730 INFO:teuthology.orchestra.run.trial059.stdout:/usr/bin/ceph: stderr
2026-02-20T00:31:50.615+0000 7f1f4399c640 1 Processor -- start
2026-02-20T00:31:50.730 INFO:teuthology.orchestra.run.trial059.stdout:/usr/bin/ceph: stderr
2026-02-20T00:31:50.615+0000 7f1f4399c640 1 -- start start
2026-02-20T00:31:50.730 INFO:teuthology.orchestra.run.trial059.stdout:/usr/bin/ceph: stderr
2026-02-20T00:31:50.615+0000 7f1f4399c640 1 --2- >> [v2:10.20.193.59:3300/0,v1:10.20.193.59:6789/0] conn(0x7f1f3c10a630 0x7f1f3c10aa30 unknown :-1 s=NONE pgs=0 cs=0 l=0 rev1=0 crypto rx=0 tx=0 comp rx=0 tx=0).connect
2026-02-20T00:31:50.730 INFO:teuthology.orchestra.run.trial059.stdout:/usr/bin/ceph: stderr
2026-02-20T00:31:50.615+0000 7f1f4399c640 1 -- --> [v2:10.20.193.59:3300/0,v1:10.20.193.59:6789/0] -- mon_getmap magic: 0 -- 0x7f1f3c10b000 con 0x7f1f3c10a630
2026-02-20T00:31:50.730 INFO:teuthology.orchestra.run.trial059.stdout:/usr/bin/ceph: stderr
2026-02-20T00:31:50.616+0000 7f1f41711640 1 --2- >> [v2:10.20.193.59:3300/0,v1:10.20.193.59:6789/0] conn(0x7f1f3c10a630 0x7f1f3c10aa30 unknown :-1 s=BANNER_CONNECTING pgs=0 cs=0 l=0 rev1=0 crypto rx=0 tx=0 comp rx=0 tx=0)._handle_peer_banner_payload supported=3 required=0
2026-02-20T00:31:50.730 INFO:teuthology.orchestra.run.trial059.stdout:/usr/bin/ceph: stderr
2026-02-20T00:31:50.616+0000 7f1f41711640 1 --2- >> [v2:10.20.193.59:3300/0,v1:10.20.193.59:6789/0] conn(0x7f1f3c10a630 0x7f1f3c10aa30 unknown :-1 s=HELLO_CONNECTING pgs=0 cs=0 l=0 rev1=1 crypto rx=0 tx=0 comp rx=0 tx=0).handle_hello peer v2:10.20.193.59:3300/0 says I am v2:10.20.193.59:36094/0 (socket says 10.20.193.59:36094)
2026-02-20T00:31:50.731 INFO:teuthology.orchestra.run.trial059.stdout:/usr/bin/ceph: stderr
2026-02-20T00:31:50.616+0000 7f1f41711640 1 -- 10.20.193.59:0/1565957356 learned_addr learned my addr 10.20.193.59:0/1565957356 (peer_addr_for_me v2:10.20.193.59:0/0)
2026-02-20T00:31:50.731 INFO:teuthology.orchestra.run.trial059.stdout:/usr/bin/ceph: stderr
2026-02-20T00:31:50.616+0000 7f1f41711640 1 -- 10.20.193.59:0/1565957356 --> [v2:10.20.193.59:3300/0,v1:10.20.193.59:6789/0] -- mon_subscribe({config=0+,monmap=0+}) -- 0x7f1f3c10b830 con 0x7f1f3c10a630
2026-02-20T00:31:50.731 INFO:teuthology.orchestra.run.trial059.stdout:/usr/bin/ceph: stderr
2026-02-20T00:31:50.616+0000 7f1f41711640 1 --2- 10.20.193.59:0/1565957356 >> [v2:10.20.193.59:3300/0,v1:10.20.193.59:6789/0] conn(0x7f1f3c10a630 0x7f1f3c10aa30 secure :-1 s=READY pgs=51 cs=0 l=1 rev1=1 crypto rx=0x7f1f2c009920 tx=0x7f1f2c02ef20 comp rx=0 tx=0).ready entity=mon.0 client_cookie=b627237eae7d07bf server_cookie=0 in_seq=0 out_seq=0
2026-02-20T00:31:50.731 INFO:teuthology.orchestra.run.trial059.stdout:/usr/bin/ceph: stderr
2026-02-20T00:31:50.616+0000 7f1f2bfff640 1 -- 10.20.193.59:0/1565957356 <== mon.0 v2:10.20.193.59:3300/0 1 ==== mon_map magic: 0 ==== 205+0+0 (secure 0 0 0) 0x7f1f2c03c070 con 0x7f1f3c10a630
2026-02-20T00:31:50.731 INFO:teuthology.orchestra.run.trial059.stdout:/usr/bin/ceph: stderr
2026-02-20T00:31:50.617+0000 7f1f2bfff640 1 -- 10.20.193.59:0/1565957356 <== mon.0 v2:10.20.193.59:3300/0 2 ==== config(26 keys) ==== 1076+0+0 (secure 0 0 0) 0x7f1f2c037440 con 0x7f1f3c10a630
2026-02-20T00:31:50.731 INFO:teuthology.orchestra.run.trial059.stdout:/usr/bin/ceph: stderr
2026-02-20T00:31:50.617+0000 7f1f2bfff640 1 -- 10.20.193.59:0/1565957356 <== mon.0 v2:10.20.193.59:3300/0 3 ==== mon_map magic: 0 ==== 205+0+0 (secure 0 0 0) 0x7f1f2c0354d0 con 0x7f1f3c10a630
2026-02-20T00:31:50.731 INFO:teuthology.orchestra.run.trial059.stdout:/usr/bin/ceph: stderr
2026-02-20T00:31:50.617+0000 7f1f4399c640 1 -- 10.20.193.59:0/1565957356 >> [v2:10.20.193.59:3300/0,v1:10.20.193.59:6789/0] conn(0x7f1f3c10a630 msgr2=0x7f1f3c10aa30 secure :-1 s=STATE_CONNECTION_ESTABLISHED l=1).mark_down
2026-02-20T00:31:50.731 INFO:teuthology.orchestra.run.trial059.stdout:/usr/bin/ceph: stderr
2026-02-20T00:31:50.617+0000 7f1f4399c640 1 --2- 10.20.193.59:0/1565957356 >> [v2:10.20.193.59:3300/0,v1:10.20.193.59:6789/0] conn(0x7f1f3c10a630 0x7f1f3c10aa30 secure :-1 s=READY pgs=51 cs=0 l=1 rev1=1 crypto rx=0x7f1f2c009920 tx=0x7f1f2c02ef20 comp rx=0 tx=0).stop
2026-02-20T00:31:50.731 INFO:teuthology.orchestra.run.trial059.stdout:/usr/bin/ceph: stderr
2026-02-20T00:31:50.617+0000 7f1f4399c640 1 -- 10.20.193.59:0/1565957356 shutdown_connections
2026-02-20T00:31:50.731 INFO:teuthology.orchestra.run.trial059.stdout:/usr/bin/ceph: stderr
2026-02-20T00:31:50.617+0000 7f1f4399c640 1 --2- 10.20.193.59:0/1565957356 >> [v2:10.20.193.59:3300/0,v1:10.20.193.59:6789/0] conn(0x7f1f3c10a630 0x7f1f3c10aa30 unknown :-1 s=CLOSED pgs=51 cs=0 l=1 rev1=1 crypto rx=0 tx=0 comp rx=0 tx=0).stop
2026-02-20T00:31:50.731 INFO:teuthology.orchestra.run.trial059.stdout:/usr/bin/ceph: stderr
2026-02-20T00:31:50.617+0000 7f1f4399c640 1 -- 10.20.193.59:0/1565957356 >> 10.20.193.59:0/1565957356 conn(0x7f1f3c07db10 msgr2=0x7f1f3c1084c0 unknown :-1 s=STATE_NONE l=0).mark_down
2026-02-20T00:31:50.732 INFO:teuthology.orchestra.run.trial059.stdout:/usr/bin/ceph: stderr
2026-02-20T00:31:50.617+0000 7f1f4399c640 1 -- 10.20.193.59:0/1565957356 shutdown_connections
2026-02-20T00:31:50.732 INFO:teuthology.orchestra.run.trial059.stdout:/usr/bin/ceph: stderr
2026-02-20T00:31:50.617+0000 7f1f4399c640 1 -- 10.20.193.59:0/1565957356 wait complete.
2026-02-20T00:31:50.732 INFO:teuthology.orchestra.run.trial059.stdout:/usr/bin/ceph: stderr
2026-02-20T00:31:50.617+0000 7f1f4399c640 1 Processor -- start
2026-02-20T00:31:50.732 INFO:teuthology.orchestra.run.trial059.stdout:/usr/bin/ceph: stderr
2026-02-20T00:31:50.617+0000 7f1f4399c640 1 -- start start
2026-02-20T00:31:50.732 INFO:teuthology.orchestra.run.trial059.stdout:/usr/bin/ceph: stderr
2026-02-20T00:31:50.618+0000 7f1f4399c640 1 --2- >> [v2:10.20.193.59:3300/0,v1:10.20.193.59:6789/0] conn(0x7f1f3c10a630 0x7f1f3c1a0420 unknown :-1 s=NONE pgs=0 cs=0 l=1 rev1=0 crypto rx=0 tx=0 comp rx=0 tx=0).connect
2026-02-20T00:31:50.732 INFO:teuthology.orchestra.run.trial059.stdout:/usr/bin/ceph: stderr
2026-02-20T00:31:50.618+0000 7f1f4399c640 1 -- --> [v2:10.20.193.59:3300/0,v1:10.20.193.59:6789/0] -- mon_getmap magic: 0 -- 0x7f1f3c10ea60 con 0x7f1f3c10a630
2026-02-20T00:31:50.732 INFO:teuthology.orchestra.run.trial059.stdout:/usr/bin/ceph: stderr
2026-02-20T00:31:50.618+0000 7f1f41711640 1 --2- >> [v2:10.20.193.59:3300/0,v1:10.20.193.59:6789/0] conn(0x7f1f3c10a630 0x7f1f3c1a0420 unknown :-1 s=BANNER_CONNECTING pgs=0 cs=0 l=1 rev1=0 crypto rx=0 tx=0 comp rx=0 tx=0)._handle_peer_banner_payload supported=3 required=0
2026-02-20T00:31:50.732 INFO:teuthology.orchestra.run.trial059.stdout:/usr/bin/ceph: stderr
2026-02-20T00:31:50.618+0000 7f1f41711640 1 --2- >> [v2:10.20.193.59:3300/0,v1:10.20.193.59:6789/0] conn(0x7f1f3c10a630 0x7f1f3c1a0420 unknown :-1 s=HELLO_CONNECTING pgs=0 cs=0 l=1 rev1=1 crypto rx=0 tx=0 comp rx=0 tx=0).handle_hello peer v2:10.20.193.59:3300/0 says I am v2:10.20.193.59:36098/0 (socket says 10.20.193.59:36098)
2026-02-20T00:31:50.732 INFO:teuthology.orchestra.run.trial059.stdout:/usr/bin/ceph: stderr
2026-02-20T00:31:50.618+0000 7f1f41711640 1 -- 10.20.193.59:0/2030634426 learned_addr learned my addr 10.20.193.59:0/2030634426 (peer_addr_for_me v2:10.20.193.59:0/0)
2026-02-20T00:31:50.732 INFO:teuthology.orchestra.run.trial059.stdout:/usr/bin/ceph: stderr
2026-02-20T00:31:50.618+0000 7f1f41711640 1 -- 10.20.193.59:0/2030634426 --> [v2:10.20.193.59:3300/0,v1:10.20.193.59:6789/0] -- mon_subscribe({config=0+,monmap=0+}) -- 0x7f1f3c1a0960 con 0x7f1f3c10a630
2026-02-20T00:31:50.732 INFO:teuthology.orchestra.run.trial059.stdout:/usr/bin/ceph: stderr
2026-02-20T00:31:50.618+0000 7f1f41711640 1 --2- 10.20.193.59:0/2030634426 >> [v2:10.20.193.59:3300/0,v1:10.20.193.59:6789/0] conn(0x7f1f3c10a630 0x7f1f3c1a0420 secure :-1 s=READY pgs=52 cs=0 l=1 rev1=1 crypto rx=0x7f1f2c039000 tx=0x7f1f2c037820 comp rx=0 tx=0).ready entity=mon.0 client_cookie=0 server_cookie=0 in_seq=0 out_seq=0
2026-02-20T00:31:50.732 INFO:teuthology.orchestra.run.trial059.stdout:/usr/bin/ceph: stderr
2026-02-20T00:31:50.618+0000 7f1f2a7fc640 1 -- 10.20.193.59:0/2030634426 <== mon.0 v2:10.20.193.59:3300/0 1 ==== mon_map magic: 0 ==== 205+0+0 (secure 0 0 0) 0x7f1f2c047070 con 0x7f1f3c10a630
2026-02-20T00:31:50.733 INFO:teuthology.orchestra.run.trial059.stdout:/usr/bin/ceph: stderr
2026-02-20T00:31:50.618+0000 7f1f2a7fc640 1 -- 10.20.193.59:0/2030634426 <== mon.0 v2:10.20.193.59:3300/0 2 ==== config(26 keys) ==== 1076+0+0 (secure 0 0 0) 0x7f1f2c035df0 con 0x7f1f3c10a630
2026-02-20T00:31:50.733 INFO:teuthology.orchestra.run.trial059.stdout:/usr/bin/ceph: stderr
2026-02-20T00:31:50.618+0000 7f1f4399c640 1 -- 10.20.193.59:0/2030634426 --> [v2:10.20.193.59:3300/0,v1:10.20.193.59:6789/0] -- mon_subscribe({mgrmap=0+}) -- 0x7f1f3c1a0bf0 con 0x7f1f3c10a630
2026-02-20T00:31:50.733 INFO:teuthology.orchestra.run.trial059.stdout:/usr/bin/ceph: stderr
2026-02-20T00:31:50.618+0000 7f1f2a7fc640 1 -- 10.20.193.59:0/2030634426 <== mon.0 v2:10.20.193.59:3300/0 3 ==== mon_map magic: 0 ==== 205+0+0 (secure 0 0 0) 0x7f1f2c03c070 con 0x7f1f3c10a630
2026-02-20T00:31:50.733 INFO:teuthology.orchestra.run.trial059.stdout:/usr/bin/ceph: stderr
2026-02-20T00:31:50.618+0000 7f1f4399c640 1 -- 10.20.193.59:0/2030634426 --> [v2:10.20.193.59:3300/0,v1:10.20.193.59:6789/0] -- mon_subscribe({osdmap=0}) -- 0x7f1f3c1a38e0 con 0x7f1f3c10a630
2026-02-20T00:31:50.733 INFO:teuthology.orchestra.run.trial059.stdout:/usr/bin/ceph: stderr
2026-02-20T00:31:50.619+0000 7f1f4399c640 1 -- 10.20.193.59:0/2030634426 --> [v2:10.20.193.59:3300/0,v1:10.20.193.59:6789/0] -- mon_command({"prefix": "get_command_descriptions"} v 0) -- 0x7f1f3c10aab0 con 0x7f1f3c10a630
2026-02-20T00:31:50.733 INFO:teuthology.orchestra.run.trial059.stdout:/usr/bin/ceph: stderr
2026-02-20T00:31:50.619+0000 7f1f2a7fc640 1 -- 10.20.193.59:0/2030634426 <== mon.0 v2:10.20.193.59:3300/0 4 ==== mgrmap(e 8) ==== 50247+0+0 (secure 0 0 0) 0x7f1f2c042640 con 0x7f1f3c10a630
2026-02-20T00:31:50.733 INFO:teuthology.orchestra.run.trial059.stdout:/usr/bin/ceph: stderr
2026-02-20T00:31:50.619+0000 7f1f2a7fc640 1 --2- 10.20.193.59:0/2030634426 >> [v2:10.20.193.59:6800/1010070359,v1:10.20.193.59:6801/1010070359] conn(0x7f1f1803dbf0 0x7f1f180400b0 unknown :-1 s=NONE pgs=0 cs=0 l=1 rev1=0 crypto rx=0 tx=0 comp rx=0 tx=0).connect
2026-02-20T00:31:50.733 INFO:teuthology.orchestra.run.trial059.stdout:/usr/bin/ceph: stderr
2026-02-20T00:31:50.619+0000 7f1f2a7fc640 1 -- 10.20.193.59:0/2030634426 <== mon.0 v2:10.20.193.59:3300/0 5 ==== osd_map(2..2 src has 1..2) ==== 940+0+0 (secure 0 0 0) 0x7f1f2c0768a0 con 0x7f1f3c10a630
2026-02-20T00:31:50.733 INFO:teuthology.orchestra.run.trial059.stdout:/usr/bin/ceph: stderr
2026-02-20T00:31:50.619+0000 7f1f40f10640 1 --2- 10.20.193.59:0/2030634426 >> [v2:10.20.193.59:6800/1010070359,v1:10.20.193.59:6801/1010070359] conn(0x7f1f1803dbf0 0x7f1f180400b0 unknown :-1 s=BANNER_CONNECTING pgs=0 cs=0 l=1 rev1=0 crypto rx=0 tx=0 comp rx=0 tx=0)._handle_peer_banner_payload supported=3 required=0
2026-02-20T00:31:50.733 INFO:teuthology.orchestra.run.trial059.stdout:/usr/bin/ceph: stderr
2026-02-20T00:31:50.619+0000 7f1f40f10640 1 --2- 10.20.193.59:0/2030634426 >> [v2:10.20.193.59:6800/1010070359,v1:10.20.193.59:6801/1010070359] conn(0x7f1f1803dbf0 0x7f1f180400b0 secure :-1 s=READY pgs=15 cs=0 l=1 rev1=1 crypto rx=0x7f1f300099c0 tx=0x7f1f30006eb0 comp rx=0 tx=0).ready entity=mgr.14118 client_cookie=0 server_cookie=0 in_seq=0 out_seq=0
2026-02-20T00:31:50.733 INFO:teuthology.orchestra.run.trial059.stdout:/usr/bin/ceph: stderr
2026-02-20T00:31:50.621+0000 7f1f2a7fc640 1 -- 10.20.193.59:0/2030634426 <== mon.0 v2:10.20.193.59:3300/0 6 ==== mon_command_ack([{"prefix": "get_command_descriptions"}]=0 v0) ==== 72+0+195034 (secure 0 0 0) 0x7f1f2c0342a0 con 0x7f1f3c10a630
2026-02-20T00:31:50.733 INFO:teuthology.orchestra.run.trial059.stdout:/usr/bin/ceph: stderr
2026-02-20T00:31:50.705+0000 7f1f4399c640 1 -- 10.20.193.59:0/2030634426 --> [v2:10.20.193.59:3300/0,v1:10.20.193.59:6789/0] -- mon_command([{prefix=config set, name=mgr/dashboard/ssl_server_port}] v 0) -- 0x7f1f3c1a3ff0 con 0x7f1f3c10a630
2026-02-20T00:31:50.734 INFO:teuthology.orchestra.run.trial059.stdout:/usr/bin/ceph: stderr
2026-02-20T00:31:50.707+0000 7f1f2a7fc640 1 -- 10.20.193.59:0/2030634426 <== mon.0 v2:10.20.193.59:3300/0 7 ==== mon_command_ack([{prefix=config set, name=mgr/dashboard/ssl_server_port}]=0 v8)=0 v8) ==== 130+0+0 (secure 0 0 0) 0x7f1f2c033c90 con 0x7f1f3c10a630
2026-02-20T00:31:50.734 INFO:teuthology.orchestra.run.trial059.stdout:/usr/bin/ceph: stderr
2026-02-20T00:31:50.708+0000 7f1f4399c640 1 -- 10.20.193.59:0/2030634426 >> [v2:10.20.193.59:6800/1010070359,v1:10.20.193.59:6801/1010070359] conn(0x7f1f1803dbf0 msgr2=0x7f1f180400b0 secure :-1 s=STATE_CONNECTION_ESTABLISHED l=1).mark_down
2026-02-20T00:31:50.734 INFO:teuthology.orchestra.run.trial059.stdout:/usr/bin/ceph: stderr
2026-02-20T00:31:50.708+0000 7f1f4399c640 1 --2- 10.20.193.59:0/2030634426 >> [v2:10.20.193.59:6800/1010070359,v1:10.20.193.59:6801/1010070359] conn(0x7f1f1803dbf0 0x7f1f180400b0 secure :-1 s=READY pgs=15 cs=0 l=1 rev1=1 crypto rx=0x7f1f300099c0 tx=0x7f1f30006eb0 comp rx=0 tx=0).stop
2026-02-20T00:31:50.734 INFO:teuthology.orchestra.run.trial059.stdout:/usr/bin/ceph: stderr
2026-02-20T00:31:50.708+0000 7f1f4399c640 1 -- 10.20.193.59:0/2030634426 >> [v2:10.20.193.59:3300/0,v1:10.20.193.59:6789/0] conn(0x7f1f3c10a630 msgr2=0x7f1f3c1a0420 secure :-1 s=STATE_CONNECTION_ESTABLISHED l=1).mark_down
2026-02-20T00:31:50.734 INFO:teuthology.orchestra.run.trial059.stdout:/usr/bin/ceph: stderr
2026-02-20T00:31:50.708+0000 7f1f4399c640 1 --2- 10.20.193.59:0/2030634426 >> [v2:10.20.193.59:3300/0,v1:10.20.193.59:6789/0] conn(0x7f1f3c10a630 0x7f1f3c1a0420 secure :-1 s=READY pgs=52 cs=0 l=1 rev1=1 crypto rx=0x7f1f2c039000 tx=0x7f1f2c037820 comp rx=0 tx=0).stop
2026-02-20T00:31:50.734 INFO:teuthology.orchestra.run.trial059.stdout:/usr/bin/ceph: stderr
2026-02-20T00:31:50.709+0000 7f1f4399c640 1 -- 10.20.193.59:0/2030634426 shutdown_connections
2026-02-20T00:31:50.734 INFO:teuthology.orchestra.run.trial059.stdout:/usr/bin/ceph: stderr
2026-02-20T00:31:50.709+0000 7f1f4399c640 1 --2- 10.20.193.59:0/2030634426 >> [v2:10.20.193.59:6800/1010070359,v1:10.20.193.59:6801/1010070359] conn(0x7f1f1803dbf0 0x7f1f180400b0 unknown :-1 s=CLOSED pgs=15 cs=0 l=1 rev1=1 crypto rx=0 tx=0 comp rx=0 tx=0).stop
2026-02-20T00:31:50.734 INFO:teuthology.orchestra.run.trial059.stdout:/usr/bin/ceph: stderr
2026-02-20T00:31:50.709+0000 7f1f4399c640 1 --2- 10.20.193.59:0/2030634426 >> [v2:10.20.193.59:3300/0,v1:10.20.193.59:6789/0] conn(0x7f1f3c10a630 0x7f1f3c1a0420 unknown :-1 s=CLOSED pgs=52 cs=0 l=1 rev1=1 crypto rx=0 tx=0 comp rx=0 tx=0).stop
2026-02-20T00:31:50.734 INFO:teuthology.orchestra.run.trial059.stdout:/usr/bin/ceph: stderr
2026-02-20T00:31:50.709+0000 7f1f4399c640 1 -- 10.20.193.59:0/2030634426 >> 10.20.193.59:0/2030634426 conn(0x7f1f3c07db10 msgr2=0x7f1f3c107c00 unknown :-1 s=STATE_NONE l=0).mark_down
2026-02-20T00:31:50.734 INFO:teuthology.orchestra.run.trial059.stdout:/usr/bin/ceph: stderr
2026-02-20T00:31:50.709+0000 7f1f4399c640 1 -- 10.20.193.59:0/2030634426 shutdown_connections
2026-02-20T00:31:50.734 INFO:teuthology.orchestra.run.trial059.stdout:/usr/bin/ceph: stderr
2026-02-20T00:31:50.709+0000 7f1f4399c640 1 -- 10.20.193.59:0/2030634426 wait complete.
2026-02-20T00:31:50.734 INFO:teuthology.orchestra.run.trial059.stdout:Enabling the dashboard module...
2026-02-20T00:31:51.635 INFO:journalctl@ceph.mon.a.trial059.stdout:Feb 20 00:31:51 trial059 ceph-mon[39696]: Added host trial059
2026-02-20T00:31:51.635 INFO:journalctl@ceph.mon.a.trial059.stdout:Feb 20 00:31:51 trial059 ceph-mon[39696]: from='client.14140 -' entity='client.admin' cmd=[{"prefix": "orch apply", "service_type": "mon", "unmanaged": true, "target": ["mon-mgr", ""]}]: dispatch
2026-02-20T00:31:51.635 INFO:journalctl@ceph.mon.a.trial059.stdout:Feb 20 00:31:51 trial059 ceph-mon[39696]: Saving service mon spec with placement count:5
2026-02-20T00:31:51.635 INFO:journalctl@ceph.mon.a.trial059.stdout:Feb 20 00:31:51 trial059 ceph-mon[39696]: from='client.14142 -' entity='client.admin' cmd=[{"prefix": "orch apply", "service_type": "mgr", "unmanaged": true, "target": ["mon-mgr", ""]}]: dispatch
2026-02-20T00:31:51.635 INFO:journalctl@ceph.mon.a.trial059.stdout:Feb 20 00:31:51 trial059 ceph-mon[39696]: Saving service mgr spec with placement count:2
2026-02-20T00:31:51.636 INFO:journalctl@ceph.mon.a.trial059.stdout:Feb 20 00:31:51 trial059 ceph-mon[39696]: from='client.? 10.20.193.59:0/46847569' entity='client.admin'
2026-02-20T00:31:51.636 INFO:journalctl@ceph.mon.a.trial059.stdout:Feb 20 00:31:51 trial059 ceph-mon[39696]: from='client.? 10.20.193.59:0/2030634426' entity='client.admin'
2026-02-20T00:31:51.636 INFO:journalctl@ceph.mon.a.trial059.stdout:Feb 20 00:31:51 trial059 ceph-mon[39696]: from='mgr.14118 10.20.193.59:0/3940798540' entity='mgr.x'
2026-02-20T00:31:51.636 INFO:journalctl@ceph.mon.a.trial059.stdout:Feb 20 00:31:51 trial059 ceph-mon[39696]: from='client.? 10.20.193.59:0/2589516473' entity='client.admin' cmd=[{"prefix": "mgr module enable", "module": "dashboard"}]: dispatch
2026-02-20T00:31:51.636 INFO:journalctl@ceph.mon.a.trial059.stdout:Feb 20 00:31:51 trial059 ceph-mon[39696]: from='mgr.14118 10.20.193.59:0/3940798540' entity='mgr.x'
2026-02-20T00:31:52.069 INFO:journalctl@ceph.mgr.x.trial059.stdout:Feb 20 00:31:51 trial059 ceph-789489fc-0df3-11f1-9c27-d404e6e7d460-mgr-x[39968]: ignoring --setuser ceph since I am not root
2026-02-20T00:31:52.069 INFO:journalctl@ceph.mgr.x.trial059.stdout:Feb 20 00:31:51 trial059 ceph-789489fc-0df3-11f1-9c27-d404e6e7d460-mgr-x[39968]: ignoring --setgroup ceph since I am not root
2026-02-20T00:31:52.114 INFO:teuthology.orchestra.run.trial059.stdout:/usr/bin/ceph: stderr
2026-02-20T00:31:50.839+0000 7f661830a640 1 Processor -- start
2026-02-20T00:31:52.114 INFO:teuthology.orchestra.run.trial059.stdout:/usr/bin/ceph: stderr
2026-02-20T00:31:50.839+0000 7f661830a640 1 -- start start
2026-02-20T00:31:52.114 INFO:teuthology.orchestra.run.trial059.stdout:/usr/bin/ceph: stderr
2026-02-20T00:31:50.839+0000 7f661830a640 1 --2- >> [v2:10.20.193.59:3300/0,v1:10.20.193.59:6789/0] conn(0x7f661010aa00 0x7f661010ae00 unknown :-1 s=NONE pgs=0 cs=0 l=0 rev1=0 crypto rx=0 tx=0 comp rx=0 tx=0).connect
2026-02-20T00:31:52.114 INFO:teuthology.orchestra.run.trial059.stdout:/usr/bin/ceph: stderr
2026-02-20T00:31:50.839+0000 7f661830a640 1 -- --> [v2:10.20.193.59:3300/0,v1:10.20.193.59:6789/0] -- mon_getmap magic: 0 -- 0x7f661010b3d0 con 0x7f661010aa00
2026-02-20T00:31:52.115 INFO:teuthology.orchestra.run.trial059.stdout:/usr/bin/ceph: stderr
2026-02-20T00:31:50.839+0000 7f661607f640 1 --2- >> [v2:10.20.193.59:3300/0,v1:10.20.193.59:6789/0] conn(0x7f661010aa00 0x7f661010ae00 unknown :-1 s=BANNER_CONNECTING pgs=0 cs=0 l=0 rev1=0 crypto rx=0 tx=0 comp rx=0 tx=0)._handle_peer_banner_payload supported=3 required=0
2026-02-20T00:31:52.115 INFO:teuthology.orchestra.run.trial059.stdout:/usr/bin/ceph: stderr
2026-02-20T00:31:50.839+0000 7f661607f640 1 --2- >> [v2:10.20.193.59:3300/0,v1:10.20.193.59:6789/0] conn(0x7f661010aa00 0x7f661010ae00 unknown :-1 s=HELLO_CONNECTING pgs=0 cs=0 l=0 rev1=1 crypto rx=0 tx=0 comp rx=0 tx=0).handle_hello peer v2:10.20.193.59:3300/0 says I am v2:10.20.193.59:36100/0 (socket says 10.20.193.59:36100)
2026-02-20T00:31:52.115 INFO:teuthology.orchestra.run.trial059.stdout:/usr/bin/ceph: stderr
2026-02-20T00:31:50.839+0000 7f661607f640 1 -- 10.20.193.59:0/2305583881 learned_addr learned my addr 10.20.193.59:0/2305583881 (peer_addr_for_me v2:10.20.193.59:0/0)
2026-02-20T00:31:52.115 INFO:teuthology.orchestra.run.trial059.stdout:/usr/bin/ceph: stderr
2026-02-20T00:31:50.839+0000 7f661607f640 1 -- 10.20.193.59:0/2305583881 --> [v2:10.20.193.59:3300/0,v1:10.20.193.59:6789/0] -- mon_subscribe({config=0+,monmap=0+}) -- 0x7f661010b7d0 con 0x7f661010aa00
2026-02-20T00:31:52.115 INFO:teuthology.orchestra.run.trial059.stdout:/usr/bin/ceph: stderr
2026-02-20T00:31:50.840+0000 7f661607f640 1 --2- 10.20.193.59:0/2305583881 >> [v2:10.20.193.59:3300/0,v1:10.20.193.59:6789/0] conn(0x7f661010aa00 0x7f661010ae00 secure :-1 s=READY pgs=53 cs=0 l=1 rev1=1 crypto rx=0x7f6600009920 tx=0x7f660002ef20 comp rx=0 tx=0).ready entity=mon.0 client_cookie=9c2425c2a1c81f13 server_cookie=0 in_seq=0 out_seq=0
2026-02-20T00:31:52.115 INFO:teuthology.orchestra.run.trial059.stdout:/usr/bin/ceph: stderr
2026-02-20T00:31:50.840+0000 7f661507d640 1 -- 10.20.193.59:0/2305583881 <== mon.0 v2:10.20.193.59:3300/0 1 ==== mon_map magic: 0 ==== 205+0+0 (secure 0 0 0) 0x7f660003c070 con 0x7f661010aa00
2026-02-20T00:31:52.115 INFO:teuthology.orchestra.run.trial059.stdout:/usr/bin/ceph: stderr
2026-02-20T00:31:50.840+0000 7f661507d640 1 -- 10.20.193.59:0/2305583881 <== mon.0 v2:10.20.193.59:3300/0 2 ==== config(26 keys) ==== 1076+0+0 (secure 0 0 0) 0x7f6600037440 con 0x7f661010aa00
2026-02-20T00:31:52.115 INFO:teuthology.orchestra.run.trial059.stdout:/usr/bin/ceph: stderr
2026-02-20T00:31:50.840+0000 7f661507d640 1 -- 10.20.193.59:0/2305583881 <== mon.0 v2:10.20.193.59:3300/0 3 ==== mon_map magic: 0 ==== 205+0+0 (secure 0 0 0) 0x7f66000354d0 con 0x7f661010aa00
2026-02-20T00:31:52.115 INFO:teuthology.orchestra.run.trial059.stdout:/usr/bin/ceph: stderr
2026-02-20T00:31:50.840+0000 7f661830a640 1 -- 10.20.193.59:0/2305583881 >> [v2:10.20.193.59:3300/0,v1:10.20.193.59:6789/0] conn(0x7f661010aa00 msgr2=0x7f661010ae00 secure :-1 s=STATE_CONNECTION_ESTABLISHED l=1).mark_down
2026-02-20T00:31:52.115 INFO:teuthology.orchestra.run.trial059.stdout:/usr/bin/ceph: stderr
2026-02-20T00:31:50.840+0000 7f661830a640 1 --2- 10.20.193.59:0/2305583881 >> [v2:10.20.193.59:3300/0,v1:10.20.193.59:6789/0] conn(0x7f661010aa00 0x7f661010ae00 secure :-1 s=READY pgs=53 cs=0 l=1 rev1=1 crypto rx=0x7f6600009920 tx=0x7f660002ef20 comp rx=0 tx=0).stop
2026-02-20T00:31:52.115 INFO:teuthology.orchestra.run.trial059.stdout:/usr/bin/ceph: stderr
2026-02-20T00:31:50.840+0000 7f661830a640 1 -- 10.20.193.59:0/2305583881 shutdown_connections
2026-02-20T00:31:52.116 INFO:teuthology.orchestra.run.trial059.stdout:/usr/bin/ceph: stderr
2026-02-20T00:31:50.840+0000 7f661830a640 1 --2- 10.20.193.59:0/2305583881 >> [v2:10.20.193.59:3300/0,v1:10.20.193.59:6789/0] conn(0x7f661010aa00 0x7f661010ae00 unknown :-1 s=CLOSED pgs=53 cs=0 l=1 rev1=1 crypto rx=0 tx=0 comp rx=0 tx=0).stop
2026-02-20T00:31:52.116 INFO:teuthology.orchestra.run.trial059.stdout:/usr/bin/ceph: stderr
2026-02-20T00:31:50.840+0000 7f661830a640 1 -- 10.20.193.59:0/2305583881 >> 10.20.193.59:0/2305583881 conn(0x7f661007dae0 msgr2=0x7f661007def0 unknown :-1 s=STATE_NONE l=0).mark_down
2026-02-20T00:31:52.116 INFO:teuthology.orchestra.run.trial059.stdout:/usr/bin/ceph: stderr
2026-02-20T00:31:50.840+0000 7f661830a640 1 -- 10.20.193.59:0/2305583881 shutdown_connections
2026-02-20T00:31:52.116 INFO:teuthology.orchestra.run.trial059.stdout:/usr/bin/ceph: stderr
2026-02-20T00:31:50.840+0000 7f661830a640 1 -- 10.20.193.59:0/2305583881 wait complete.
2026-02-20T00:31:52.116 INFO:teuthology.orchestra.run.trial059.stdout:/usr/bin/ceph: stderr
2026-02-20T00:31:50.841+0000 7f661830a640 1 Processor -- start
2026-02-20T00:31:52.116 INFO:teuthology.orchestra.run.trial059.stdout:/usr/bin/ceph: stderr
2026-02-20T00:31:50.841+0000 7f661830a640 1 -- start start
2026-02-20T00:31:52.116 INFO:teuthology.orchestra.run.trial059.stdout:/usr/bin/ceph: stderr
2026-02-20T00:31:50.841+0000 7f661830a640 1 --2- >> [v2:10.20.193.59:3300/0,v1:10.20.193.59:6789/0] conn(0x7f661010aa00 0x7f66101a0450 unknown :-1 s=NONE pgs=0 cs=0 l=1 rev1=0 crypto rx=0 tx=0 comp rx=0 tx=0).connect
2026-02-20T00:31:52.116 INFO:teuthology.orchestra.run.trial059.stdout:/usr/bin/ceph: stderr
