2026-02-20T00:36:15.750+0000 7f40d1015640 1 --2- 10.20.193.74:0/1969477132 >> [v2:10.20.193.74:6800/3138933766,v1:10.20.193.74:6801/3138933766] conn(0x7f40a003dba0 0x7f40a0040060 unknown :-1 s=CLOSED pgs=0 cs=0 l=1 rev1=0 crypto rx=0 tx=0 comp rx=0 tx=0).stop
2026-02-20T00:36:15.784 INFO:teuthology.orchestra.run.trial074.stdout:/usr/bin/ceph: stderr
2026-02-20T00:36:15.750+0000 7f40d1015640 1 --2- 10.20.193.74:0/1969477132 >> [v2:10.20.193.74:3300/0,v1:10.20.193.74:6789/0] conn(0x7f40cc1082a0 0x7f40cc07eba0 unknown :-1 s=CLOSED pgs=27 cs=0 l=1 rev1=1 crypto rx=0 tx=0 comp rx=0 tx=0).stop
2026-02-20T00:36:15.784 INFO:teuthology.orchestra.run.trial074.stdout:/usr/bin/ceph: stderr
2026-02-20T00:36:15.750+0000 7f40d1015640 1 -- 10.20.193.74:0/1969477132 >> 10.20.193.74:0/1969477132 conn(0x7f40cc103a50 msgr2=0x7f40cc104600 unknown :-1 s=STATE_NONE l=0).mark_down
2026-02-20T00:36:15.784 INFO:teuthology.orchestra.run.trial074.stdout:/usr/bin/ceph: stderr
2026-02-20T00:36:15.750+0000 7f40d1015640 1 -- 10.20.193.74:0/1969477132 shutdown_connections
2026-02-20T00:36:15.784 INFO:teuthology.orchestra.run.trial074.stdout:/usr/bin/ceph: stderr
2026-02-20T00:36:15.750+0000 7f40d1015640 1 -- 10.20.193.74:0/1969477132 wait complete.
2026-02-20T00:36:15.784 INFO:teuthology.orchestra.run.trial074.stdout:mgr epoch 5 is available
2026-02-20T00:36:15.784 INFO:teuthology.orchestra.run.trial074.stdout:Setting orchestrator backend to cephadm...
2026-02-20T00:36:15.988 INFO:teuthology.orchestra.run.trial074.stdout:/usr/bin/ceph: stderr
2026-02-20T00:36:15.864+0000 7fc77552d640 1 Processor -- start
2026-02-20T00:36:15.988 INFO:teuthology.orchestra.run.trial074.stdout:/usr/bin/ceph: stderr
2026-02-20T00:36:15.864+0000 7fc77552d640 1 -- start start
2026-02-20T00:36:15.988 INFO:teuthology.orchestra.run.trial074.stdout:/usr/bin/ceph: stderr
2026-02-20T00:36:15.864+0000 7fc77552d640 1 --2- >> [v2:10.20.193.74:3300/0,v1:10.20.193.74:6789/0] conn(0x7fc7701082a0 0x7fc7701086a0 unknown :-1 s=NONE pgs=0 cs=0 l=0 rev1=0 crypto rx=0 tx=0 comp rx=0 tx=0).connect
2026-02-20T00:36:15.988 INFO:teuthology.orchestra.run.trial074.stdout:/usr/bin/ceph: stderr
2026-02-20T00:36:15.864+0000 7fc77552d640 1 -- --> [v2:10.20.193.74:3300/0,v1:10.20.193.74:6789/0] -- mon_getmap magic: 0 -- 0x7fc770108c70 con 0x7fc7701082a0
2026-02-20T00:36:15.989 INFO:teuthology.orchestra.run.trial074.stdout:/usr/bin/ceph: stderr
2026-02-20T00:36:15.865+0000 7fc76effd640 1 --2- >> [v2:10.20.193.74:3300/0,v1:10.20.193.74:6789/0] conn(0x7fc7701082a0 0x7fc7701086a0 unknown :-1 s=BANNER_CONNECTING pgs=0 cs=0 l=0 rev1=0 crypto rx=0 tx=0 comp rx=0 tx=0)._handle_peer_banner_payload supported=3 required=0
2026-02-20T00:36:15.989 INFO:teuthology.orchestra.run.trial074.stdout:/usr/bin/ceph: stderr
2026-02-20T00:36:15.865+0000 7fc76effd640 1 --2- >> [v2:10.20.193.74:3300/0,v1:10.20.193.74:6789/0] conn(0x7fc7701082a0 0x7fc7701086a0 unknown :-1 s=HELLO_CONNECTING pgs=0 cs=0 l=0 rev1=1 crypto rx=0 tx=0 comp rx=0 tx=0).handle_hello peer v2:10.20.193.74:3300/0 says I am v2:10.20.193.74:33438/0 (socket says 10.20.193.74:33438)
2026-02-20T00:36:15.989 INFO:teuthology.orchestra.run.trial074.stdout:/usr/bin/ceph: stderr
2026-02-20T00:36:15.865+0000 7fc76effd640 1 -- 10.20.193.74:0/1089774573 learned_addr learned my addr 10.20.193.74:0/1089774573 (peer_addr_for_me v2:10.20.193.74:0/0)
2026-02-20T00:36:15.989 INFO:teuthology.orchestra.run.trial074.stdout:/usr/bin/ceph: stderr
2026-02-20T00:36:15.865+0000 7fc76effd640 1 -- 10.20.193.74:0/1089774573 --> [v2:10.20.193.74:3300/0,v1:10.20.193.74:6789/0] -- mon_subscribe({config=0+,monmap=0+}) -- 0x7fc7701094a0 con 0x7fc7701082a0
2026-02-20T00:36:15.989 INFO:teuthology.orchestra.run.trial074.stdout:/usr/bin/ceph: stderr
2026-02-20T00:36:15.865+0000 7fc76effd640 1 --2- 10.20.193.74:0/1089774573 >> [v2:10.20.193.74:3300/0,v1:10.20.193.74:6789/0] conn(0x7fc7701082a0 0x7fc7701086a0 secure :-1 s=READY pgs=35 cs=0 l=1 rev1=1 crypto rx=0x7fc764009920 tx=0x7fc76402ef20 comp rx=0 tx=0).ready entity=mon.0 client_cookie=faaafddaf5584590 server_cookie=0 in_seq=0 out_seq=0
2026-02-20T00:36:15.989 INFO:teuthology.orchestra.run.trial074.stdout:/usr/bin/ceph: stderr
2026-02-20T00:36:15.865+0000 7fc76dffb640 1 -- 10.20.193.74:0/1089774573 <== mon.0 v2:10.20.193.74:3300/0 1 ==== mon_map magic: 0 ==== 205+0+0 (secure 0 0 0) 0x7fc76403c070 con 0x7fc7701082a0
2026-02-20T00:36:15.989 INFO:teuthology.orchestra.run.trial074.stdout:/usr/bin/ceph: stderr
2026-02-20T00:36:15.865+0000 7fc76dffb640 1 -- 10.20.193.74:0/1089774573 <== mon.0 v2:10.20.193.74:3300/0 2 ==== config(26 keys) ==== 1041+0+0 (secure 0 0 0) 0x7fc764037440 con 0x7fc7701082a0
2026-02-20T00:36:15.989 INFO:teuthology.orchestra.run.trial074.stdout:/usr/bin/ceph: stderr
2026-02-20T00:36:15.865+0000 7fc76dffb640 1 -- 10.20.193.74:0/1089774573 <== mon.0 v2:10.20.193.74:3300/0 3 ==== mon_map magic: 0 ==== 205+0+0 (secure 0 0 0) 0x7fc7640354d0 con 0x7fc7701082a0
2026-02-20T00:36:15.989 INFO:teuthology.orchestra.run.trial074.stdout:/usr/bin/ceph: stderr
2026-02-20T00:36:15.866+0000 7fc77552d640 1 -- 10.20.193.74:0/1089774573 >> [v2:10.20.193.74:3300/0,v1:10.20.193.74:6789/0] conn(0x7fc7701082a0 msgr2=0x7fc7701086a0 secure :-1 s=STATE_CONNECTION_ESTABLISHED l=1).mark_down
2026-02-20T00:36:15.989 INFO:teuthology.orchestra.run.trial074.stdout:/usr/bin/ceph: stderr
2026-02-20T00:36:15.866+0000 7fc77552d640 1 --2- 10.20.193.74:0/1089774573 >> [v2:10.20.193.74:3300/0,v1:10.20.193.74:6789/0] conn(0x7fc7701082a0 0x7fc7701086a0 secure :-1 s=READY pgs=35 cs=0 l=1 rev1=1 crypto rx=0x7fc764009920 tx=0x7fc76402ef20 comp rx=0 tx=0).stop
2026-02-20T00:36:15.989 INFO:teuthology.orchestra.run.trial074.stdout:/usr/bin/ceph: stderr
2026-02-20T00:36:15.866+0000 7fc77552d640 1 -- 10.20.193.74:0/1089774573 shutdown_connections
2026-02-20T00:36:15.989 INFO:teuthology.orchestra.run.trial074.stdout:/usr/bin/ceph: stderr
2026-02-20T00:36:15.866+0000 7fc77552d640 1 --2- 10.20.193.74:0/1089774573 >> [v2:10.20.193.74:3300/0,v1:10.20.193.74:6789/0] conn(0x7fc7701082a0 0x7fc7701086a0 unknown :-1 s=CLOSED pgs=35 cs=0 l=1 rev1=1 crypto rx=0 tx=0 comp rx=0 tx=0).stop
2026-02-20T00:36:15.989 INFO:teuthology.orchestra.run.trial074.stdout:/usr/bin/ceph: stderr
2026-02-20T00:36:15.866+0000 7fc77552d640 1 -- 10.20.193.74:0/1089774573 >> 10.20.193.74:0/1089774573 conn(0x7fc770103a50 msgr2=0x7fc770105e70 unknown :-1 s=STATE_NONE l=0).mark_down
2026-02-20T00:36:15.989 INFO:teuthology.orchestra.run.trial074.stdout:/usr/bin/ceph: stderr
2026-02-20T00:36:15.866+0000 7fc77552d640 1 -- 10.20.193.74:0/1089774573 shutdown_connections
2026-02-20T00:36:15.989 INFO:teuthology.orchestra.run.trial074.stdout:/usr/bin/ceph: stderr
2026-02-20T00:36:15.866+0000 7fc77552d640 1 -- 10.20.193.74:0/1089774573 wait complete.
2026-02-20T00:36:15.990 INFO:teuthology.orchestra.run.trial074.stdout:/usr/bin/ceph: stderr
2026-02-20T00:36:15.866+0000 7fc77552d640 1 Processor -- start
2026-02-20T00:36:15.990 INFO:teuthology.orchestra.run.trial074.stdout:/usr/bin/ceph: stderr
2026-02-20T00:36:15.866+0000 7fc77552d640 1 -- start start
2026-02-20T00:36:15.990 INFO:teuthology.orchestra.run.trial074.stdout:/usr/bin/ceph: stderr
2026-02-20T00:36:15.866+0000 7fc77552d640 1 --2- >> [v2:10.20.193.74:3300/0,v1:10.20.193.74:6789/0] conn(0x7fc7701082a0 0x7fc77019e190 unknown :-1 s=NONE pgs=0 cs=0 l=1 rev1=0 crypto rx=0 tx=0 comp rx=0 tx=0).connect
2026-02-20T00:36:15.990 INFO:teuthology.orchestra.run.trial074.stdout:/usr/bin/ceph: stderr
2026-02-20T00:36:15.866+0000 7fc77552d640 1 -- --> [v2:10.20.193.74:3300/0,v1:10.20.193.74:6789/0] -- mon_getmap magic: 0 -- 0x7fc77010c6d0 con 0x7fc7701082a0
2026-02-20T00:36:15.990 INFO:teuthology.orchestra.run.trial074.stdout:/usr/bin/ceph: stderr
2026-02-20T00:36:15.867+0000 7fc76effd640 1 --2- >> [v2:10.20.193.74:3300/0,v1:10.20.193.74:6789/0] conn(0x7fc7701082a0 0x7fc77019e190 unknown :-1 s=BANNER_CONNECTING pgs=0 cs=0 l=1 rev1=0 crypto rx=0 tx=0 comp rx=0 tx=0)._handle_peer_banner_payload supported=3 required=0
2026-02-20T00:36:15.990 INFO:teuthology.orchestra.run.trial074.stdout:/usr/bin/ceph: stderr
2026-02-20T00:36:15.867+0000 7fc76effd640 1 --2- >> [v2:10.20.193.74:3300/0,v1:10.20.193.74:6789/0] conn(0x7fc7701082a0 0x7fc77019e190 unknown :-1 s=HELLO_CONNECTING pgs=0 cs=0 l=1 rev1=1 crypto rx=0 tx=0 comp rx=0 tx=0).handle_hello peer v2:10.20.193.74:3300/0 says I am v2:10.20.193.74:33448/0 (socket says 10.20.193.74:33448)
2026-02-20T00:36:15.990 INFO:teuthology.orchestra.run.trial074.stdout:/usr/bin/ceph: stderr
2026-02-20T00:36:15.867+0000 7fc76effd640 1 -- 10.20.193.74:0/1708466141 learned_addr learned my addr 10.20.193.74:0/1708466141 (peer_addr_for_me v2:10.20.193.74:0/0)
2026-02-20T00:36:15.990 INFO:teuthology.orchestra.run.trial074.stdout:/usr/bin/ceph: stderr
2026-02-20T00:36:15.867+0000 7fc76effd640 1 -- 10.20.193.74:0/1708466141 --> [v2:10.20.193.74:3300/0,v1:10.20.193.74:6789/0] -- mon_subscribe({config=0+,monmap=0+}) -- 0x7fc77019e6d0 con 0x7fc7701082a0
2026-02-20T00:36:15.990 INFO:teuthology.orchestra.run.trial074.stdout:/usr/bin/ceph: stderr
2026-02-20T00:36:15.867+0000 7fc76effd640 1 --2- 10.20.193.74:0/1708466141 >> [v2:10.20.193.74:3300/0,v1:10.20.193.74:6789/0] conn(0x7fc7701082a0 0x7fc77019e190 secure :-1 s=READY pgs=36 cs=0 l=1 rev1=1 crypto rx=0x7fc764037d60 tx=0x7fc764037b90 comp rx=0 tx=0).ready entity=mon.0 client_cookie=0 server_cookie=0 in_seq=0 out_seq=0
2026-02-20T00:36:15.990 INFO:teuthology.orchestra.run.trial074.stdout:/usr/bin/ceph: stderr
2026-02-20T00:36:15.867+0000 7fc74ffff640 1 -- 10.20.193.74:0/1708466141 <== mon.0 v2:10.20.193.74:3300/0 1 ==== mon_map magic: 0 ==== 205+0+0 (secure 0 0 0) 0x7fc764045070 con 0x7fc7701082a0
2026-02-20T00:36:15.990 INFO:teuthology.orchestra.run.trial074.stdout:/usr/bin/ceph: stderr
2026-02-20T00:36:15.867+0000 7fc77552d640 1 -- 10.20.193.74:0/1708466141 --> [v2:10.20.193.74:3300/0,v1:10.20.193.74:6789/0] -- mon_subscribe({mgrmap=0+}) -- 0x7fc77019e960 con 0x7fc7701082a0
2026-02-20T00:36:15.990 INFO:teuthology.orchestra.run.trial074.stdout:/usr/bin/ceph: stderr
2026-02-20T00:36:15.867+0000 7fc74ffff640 1 -- 10.20.193.74:0/1708466141 <== mon.0 v2:10.20.193.74:3300/0 2 ==== config(26 keys) ==== 1041+0+0 (secure 0 0 0) 0x7fc764035e10 con 0x7fc7701082a0
2026-02-20T00:36:15.990 INFO:teuthology.orchestra.run.trial074.stdout:/usr/bin/ceph: stderr
2026-02-20T00:36:15.867+0000 7fc74ffff640 1 -- 10.20.193.74:0/1708466141 <== mon.0 v2:10.20.193.74:3300/0 3 ==== mon_map magic: 0 ==== 205+0+0 (secure 0 0 0) 0x7fc76403c070 con 0x7fc7701082a0
2026-02-20T00:36:15.990 INFO:teuthology.orchestra.run.trial074.stdout:/usr/bin/ceph: stderr
2026-02-20T00:36:15.867+0000 7fc77552d640 1 -- 10.20.193.74:0/1708466141 --> [v2:10.20.193.74:3300/0,v1:10.20.193.74:6789/0] -- mon_subscribe({osdmap=0}) -- 0x7fc7701a1650 con 0x7fc7701082a0
2026-02-20T00:36:15.990 INFO:teuthology.orchestra.run.trial074.stdout:/usr/bin/ceph: stderr
2026-02-20T00:36:15.867+0000 7fc77552d640 1 -- 10.20.193.74:0/1708466141 --> [v2:10.20.193.74:3300/0,v1:10.20.193.74:6789/0] -- mon_command({"prefix": "get_command_descriptions"} v 0) -- 0x7fc770108720 con 0x7fc7701082a0
2026-02-20T00:36:15.990 INFO:teuthology.orchestra.run.trial074.stdout:/usr/bin/ceph: stderr
2026-02-20T00:36:15.867+0000 7fc74ffff640 1 -- 10.20.193.74:0/1708466141 <== mon.0 v2:10.20.193.74:3300/0 4 ==== mgrmap(e 7) ==== 50141+0+0 (secure 0 0 0) 0x7fc764040670 con 0x7fc7701082a0
2026-02-20T00:36:15.990 INFO:teuthology.orchestra.run.trial074.stdout:/usr/bin/ceph: stderr
2026-02-20T00:36:15.868+0000 7fc74ffff640 1 --2- 10.20.193.74:0/1708466141 >> [v2:10.20.193.74:6800/1609370915,v1:10.20.193.74:6801/1609370915] conn(0x7fc74403dad0 0x7fc74403ff90 unknown :-1 s=NONE pgs=0 cs=0 l=1 rev1=0 crypto rx=0 tx=0 comp rx=0 tx=0).connect
2026-02-20T00:36:15.990 INFO:teuthology.orchestra.run.trial074.stdout:/usr/bin/ceph: stderr
2026-02-20T00:36:15.868+0000 7fc74ffff640 1 -- 10.20.193.74:0/1708466141 <== mon.0 v2:10.20.193.74:3300/0 5 ==== osd_map(2..2 src has 1..2) ==== 940+0+0 (secure 0 0 0) 0x7fc764076290 con 0x7fc7701082a0
2026-02-20T00:36:15.991 INFO:teuthology.orchestra.run.trial074.stdout:/usr/bin/ceph: stderr
2026-02-20T00:36:15.868+0000 7fc76e7fc640 1 --2- 10.20.193.74:0/1708466141 >> [v2:10.20.193.74:6800/1609370915,v1:10.20.193.74:6801/1609370915] conn(0x7fc74403dad0 0x7fc74403ff90 unknown :-1 s=BANNER_CONNECTING pgs=0 cs=0 l=1 rev1=0 crypto rx=0 tx=0 comp rx=0 tx=0)._handle_peer_banner_payload supported=3 required=0
2026-02-20T00:36:15.991 INFO:teuthology.orchestra.run.trial074.stdout:/usr/bin/ceph: stderr
2026-02-20T00:36:15.868+0000 7fc76e7fc640 1 --2- 10.20.193.74:0/1708466141 >> [v2:10.20.193.74:6800/1609370915,v1:10.20.193.74:6801/1609370915] conn(0x7fc74403dad0 0x7fc74403ff90 secure :-1 s=READY pgs=7 cs=0 l=1 rev1=1 crypto rx=0x7fc7580099c0 tx=0x7fc758006eb0 comp rx=0 tx=0).ready entity=mgr.14118 client_cookie=0 server_cookie=0 in_seq=0 out_seq=0
2026-02-20T00:36:15.991 INFO:teuthology.orchestra.run.trial074.stdout:/usr/bin/ceph: stderr
2026-02-20T00:36:15.870+0000 7fc74ffff640 1 -- 10.20.193.74:0/1708466141 <== mon.0 v2:10.20.193.74:3300/0 6 ==== mon_command_ack([{"prefix": "get_command_descriptions"}]=0 v0) ==== 72+0+195034 (secure 0 0 0) 0x7fc76403c210 con 0x7fc7701082a0
2026-02-20T00:36:15.991 INFO:teuthology.orchestra.run.trial074.stdout:/usr/bin/ceph: stderr
2026-02-20T00:36:15.960+0000 7fc77552d640 1 -- 10.20.193.74:0/1708466141 --> [v2:10.20.193.74:6800/1609370915,v1:10.20.193.74:6801/1609370915] -- mgr_command(tid 0: {"prefix": "orch set backend", "module_name": "cephadm", "target": ["mon-mgr", ""]}) -- 0x7fc770104cc0 con 0x7fc74403dad0
2026-02-20T00:36:15.991 INFO:teuthology.orchestra.run.trial074.stdout:/usr/bin/ceph: stderr
2026-02-20T00:36:15.963+0000 7fc74ffff640 1 -- 10.20.193.74:0/1708466141 <== mgr.14118 v2:10.20.193.74:6800/1609370915 1 ==== mgr_command_reply(tid 0: 0 ) ==== 8+0+0 (secure 0 0 0) 0x7fc770104cc0 con 0x7fc74403dad0
2026-02-20T00:36:15.991 INFO:teuthology.orchestra.run.trial074.stdout:/usr/bin/ceph: stderr
2026-02-20T00:36:15.964+0000 7fc77552d640 1 -- 10.20.193.74:0/1708466141 >> [v2:10.20.193.74:6800/1609370915,v1:10.20.193.74:6801/1609370915] conn(0x7fc74403dad0 msgr2=0x7fc74403ff90 secure :-1 s=STATE_CONNECTION_ESTABLISHED l=1).mark_down
2026-02-20T00:36:15.991 INFO:teuthology.orchestra.run.trial074.stdout:/usr/bin/ceph: stderr
2026-02-20T00:36:15.964+0000 7fc77552d640 1 --2- 10.20.193.74:0/1708466141 >> [v2:10.20.193.74:6800/1609370915,v1:10.20.193.74:6801/1609370915] conn(0x7fc74403dad0 0x7fc74403ff90 secure :-1 s=READY pgs=7 cs=0 l=1 rev1=1 crypto rx=0x7fc7580099c0 tx=0x7fc758006eb0 comp rx=0 tx=0).stop
2026-02-20T00:36:15.991 INFO:teuthology.orchestra.run.trial074.stdout:/usr/bin/ceph: stderr
2026-02-20T00:36:15.964+0000 7fc77552d640 1 -- 10.20.193.74:0/1708466141 >> [v2:10.20.193.74:3300/0,v1:10.20.193.74:6789/0] conn(0x7fc7701082a0 msgr2=0x7fc77019e190 secure :-1 s=STATE_CONNECTION_ESTABLISHED l=1).mark_down
2026-02-20T00:36:15.991 INFO:teuthology.orchestra.run.trial074.stdout:/usr/bin/ceph: stderr
2026-02-20T00:36:15.964+0000 7fc77552d640 1 --2- 10.20.193.74:0/1708466141 >> [v2:10.20.193.74:3300/0,v1:10.20.193.74:6789/0] conn(0x7fc7701082a0 0x7fc77019e190 secure :-1 s=READY pgs=36 cs=0 l=1 rev1=1 crypto rx=0x7fc764037d60 tx=0x7fc764037b90 comp rx=0 tx=0).stop
2026-02-20T00:36:15.991 INFO:teuthology.orchestra.run.trial074.stdout:/usr/bin/ceph: stderr
2026-02-20T00:36:15.964+0000 7fc77552d640 1 -- 10.20.193.74:0/1708466141 shutdown_connections
2026-02-20T00:36:15.991 INFO:teuthology.orchestra.run.trial074.stdout:/usr/bin/ceph: stderr
2026-02-20T00:36:15.964+0000 7fc77552d640 1 --2- 10.20.193.74:0/1708466141 >> [v2:10.20.193.74:6800/1609370915,v1:10.20.193.74:6801/1609370915] conn(0x7fc74403dad0 0x7fc74403ff90 unknown :-1 s=CLOSED pgs=7 cs=0 l=1 rev1=1 crypto rx=0 tx=0 comp rx=0 tx=0).stop
2026-02-20T00:36:15.991 INFO:teuthology.orchestra.run.trial074.stdout:/usr/bin/ceph: stderr
2026-02-20T00:36:15.964+0000 7fc77552d640 1 --2- 10.20.193.74:0/1708466141 >> [v2:10.20.193.74:3300/0,v1:10.20.193.74:6789/0] conn(0x7fc7701082a0 0x7fc77019e190 unknown :-1 s=CLOSED pgs=36 cs=0 l=1 rev1=1 crypto rx=0 tx=0 comp rx=0 tx=0).stop
2026-02-20T00:36:15.991 INFO:teuthology.orchestra.run.trial074.stdout:/usr/bin/ceph: stderr
2026-02-20T00:36:15.964+0000 7fc77552d640 1 -- 10.20.193.74:0/1708466141 >> 10.20.193.74:0/1708466141 conn(0x7fc770103a50 msgr2=0x7fc7701045b0 unknown :-1 s=STATE_NONE l=0).mark_down
2026-02-20T00:36:15.991 INFO:teuthology.orchestra.run.trial074.stdout:/usr/bin/ceph: stderr
2026-02-20T00:36:15.964+0000 7fc77552d640 1 -- 10.20.193.74:0/1708466141 shutdown_connections
2026-02-20T00:36:15.991 INFO:teuthology.orchestra.run.trial074.stdout:/usr/bin/ceph: stderr
2026-02-20T00:36:15.964+0000 7fc77552d640 1 -- 10.20.193.74:0/1708466141 wait complete.
2026-02-20T00:36:16.200 INFO:teuthology.orchestra.run.trial074.stdout:/usr/bin/ceph: stdout value unchanged
2026-02-20T00:36:16.200 INFO:teuthology.orchestra.run.trial074.stdout:/usr/bin/ceph: stderr
2026-02-20T00:36:16.083+0000 7f759a71a640 1 Processor -- start
2026-02-20T00:36:16.200 INFO:teuthology.orchestra.run.trial074.stdout:/usr/bin/ceph: stderr
2026-02-20T00:36:16.083+0000 7f759a71a640 1 -- start start
2026-02-20T00:36:16.201 INFO:teuthology.orchestra.run.trial074.stdout:/usr/bin/ceph: stderr
2026-02-20T00:36:16.083+0000 7f759a71a640 1 --2- >> [v2:10.20.193.74:3300/0,v1:10.20.193.74:6789/0] conn(0x7f759410aa20 0x7f759410ae20 unknown :-1 s=NONE pgs=0 cs=0 l=0 rev1=0 crypto rx=0 tx=0 comp rx=0 tx=0).connect
2026-02-20T00:36:16.201 INFO:teuthology.orchestra.run.trial074.stdout:/usr/bin/ceph: stderr
2026-02-20T00:36:16.083+0000 7f759a71a640 1 -- --> [v2:10.20.193.74:3300/0,v1:10.20.193.74:6789/0] -- mon_getmap magic: 0 -- 0x7f759410b3f0 con 0x7f759410aa20
2026-02-20T00:36:16.201 INFO:teuthology.orchestra.run.trial074.stdout:/usr/bin/ceph: stderr
2026-02-20T00:36:16.083+0000 7f7593fff640 1 --2- >> [v2:10.20.193.74:3300/0,v1:10.20.193.74:6789/0] conn(0x7f759410aa20 0x7f759410ae20 unknown :-1 s=BANNER_CONNECTING pgs=0 cs=0 l=0 rev1=0 crypto rx=0 tx=0 comp rx=0 tx=0)._handle_peer_banner_payload supported=3 required=0
2026-02-20T00:36:16.201 INFO:teuthology.orchestra.run.trial074.stdout:/usr/bin/ceph: stderr
2026-02-20T00:36:16.083+0000 7f7593fff640 1 --2- >> [v2:10.20.193.74:3300/0,v1:10.20.193.74:6789/0] conn(0x7f759410aa20 0x7f759410ae20 unknown :-1 s=HELLO_CONNECTING pgs=0 cs=0 l=0 rev1=1 crypto rx=0 tx=0 comp rx=0 tx=0).handle_hello peer v2:10.20.193.74:3300/0 says I am v2:10.20.193.74:33460/0 (socket says 10.20.193.74:33460)
2026-02-20T00:36:16.201 INFO:teuthology.orchestra.run.trial074.stdout:/usr/bin/ceph: stderr
2026-02-20T00:36:16.083+0000 7f7593fff640 1 -- 10.20.193.74:0/2188363925 learned_addr learned my addr 10.20.193.74:0/2188363925 (peer_addr_for_me v2:10.20.193.74:0/0)
2026-02-20T00:36:16.201 INFO:teuthology.orchestra.run.trial074.stdout:/usr/bin/ceph: stderr
2026-02-20T00:36:16.083+0000 7f7593fff640 1 -- 10.20.193.74:0/2188363925 --> [v2:10.20.193.74:3300/0,v1:10.20.193.74:6789/0] -- mon_subscribe({config=0+,monmap=0+}) -- 0x7f759410b740 con 0x7f759410aa20
2026-02-20T00:36:16.201 INFO:teuthology.orchestra.run.trial074.stdout:/usr/bin/ceph: stderr
2026-02-20T00:36:16.084+0000 7f7593fff640 1 --2- 10.20.193.74:0/2188363925 >> [v2:10.20.193.74:3300/0,v1:10.20.193.74:6789/0] conn(0x7f759410aa20 0x7f759410ae20 secure :-1 s=READY pgs=37 cs=0 l=1 rev1=1 crypto rx=0x7f7580009920 tx=0x7f758002ef20 comp rx=0 tx=0).ready entity=mon.0 client_cookie=9095ab4861ebfc4f server_cookie=0 in_seq=0 out_seq=0
2026-02-20T00:36:16.201 INFO:teuthology.orchestra.run.trial074.stdout:/usr/bin/ceph: stderr
2026-02-20T00:36:16.084+0000 7f7592ffd640 1 -- 10.20.193.74:0/2188363925 <== mon.0 v2:10.20.193.74:3300/0 1 ==== mon_map magic: 0 ==== 205+0+0 (secure 0 0 0) 0x7f758003c070 con 0x7f759410aa20
2026-02-20T00:36:16.201 INFO:teuthology.orchestra.run.trial074.stdout:/usr/bin/ceph: stderr
2026-02-20T00:36:16.084+0000 7f7592ffd640 1 -- 10.20.193.74:0/2188363925 <== mon.0 v2:10.20.193.74:3300/0 2 ==== config(26 keys) ==== 1041+0+0 (secure 0 0 0) 0x7f7580037440 con 0x7f759410aa20
2026-02-20T00:36:16.202 INFO:teuthology.orchestra.run.trial074.stdout:/usr/bin/ceph: stderr
2026-02-20T00:36:16.084+0000 7f7592ffd640 1 -- 10.20.193.74:0/2188363925 <== mon.0 v2:10.20.193.74:3300/0 3 ==== mon_map magic: 0 ==== 205+0+0 (secure 0 0 0) 0x7f75800354d0 con 0x7f759410aa20
2026-02-20T00:36:16.202 INFO:teuthology.orchestra.run.trial074.stdout:/usr/bin/ceph: stderr
2026-02-20T00:36:16.084+0000 7f759a71a640 1 -- 10.20.193.74:0/2188363925 >> [v2:10.20.193.74:3300/0,v1:10.20.193.74:6789/0] conn(0x7f759410aa20 msgr2=0x7f759410ae20 secure :-1 s=STATE_CONNECTION_ESTABLISHED l=1).mark_down
2026-02-20T00:36:16.202 INFO:teuthology.orchestra.run.trial074.stdout:/usr/bin/ceph: stderr
2026-02-20T00:36:16.084+0000 7f759a71a640 1 --2- 10.20.193.74:0/2188363925 >> [v2:10.20.193.74:3300/0,v1:10.20.193.74:6789/0] conn(0x7f759410aa20 0x7f759410ae20 secure :-1 s=READY pgs=37 cs=0 l=1 rev1=1 crypto rx=0x7f7580009920 tx=0x7f758002ef20 comp rx=0 tx=0).stop
2026-02-20T00:36:16.202 INFO:teuthology.orchestra.run.trial074.stdout:/usr/bin/ceph: stderr
2026-02-20T00:36:16.084+0000 7f759a71a640 1 -- 10.20.193.74:0/2188363925 shutdown_connections
2026-02-20T00:36:16.202 INFO:teuthology.orchestra.run.trial074.stdout:/usr/bin/ceph: stderr
2026-02-20T00:36:16.084+0000 7f759a71a640 1 --2- 10.20.193.74:0/2188363925 >> [v2:10.20.193.74:3300/0,v1:10.20.193.74:6789/0] conn(0x7f759410aa20 0x7f759410ae20 unknown :-1 s=CLOSED pgs=37 cs=0 l=1 rev1=1 crypto rx=0 tx=0 comp rx=0 tx=0).stop
2026-02-20T00:36:16.202 INFO:teuthology.orchestra.run.trial074.stdout:/usr/bin/ceph: stderr
2026-02-20T00:36:16.084+0000 7f759a71a640 1 -- 10.20.193.74:0/2188363925 >> 10.20.193.74:0/2188363925 conn(0x7f759407dad0 msgr2=0x7f759407df00 unknown :-1 s=STATE_NONE l=0).mark_down
2026-02-20T00:36:16.202 INFO:teuthology.orchestra.run.trial074.stdout:/usr/bin/ceph: stderr
2026-02-20T00:36:16.084+0000 7f759a71a640 1 -- 10.20.193.74:0/2188363925 shutdown_connections
2026-02-20T00:36:16.202 INFO:teuthology.orchestra.run.trial074.stdout:/usr/bin/ceph: stderr
2026-02-20T00:36:16.084+0000 7f759a71a640 1 -- 10.20.193.74:0/2188363925 wait complete.
2026-02-20T00:36:16.202 INFO:teuthology.orchestra.run.trial074.stdout:/usr/bin/ceph: stderr
2026-02-20T00:36:16.085+0000 7f759a71a640 1 Processor -- start
2026-02-20T00:36:16.202 INFO:teuthology.orchestra.run.trial074.stdout:/usr/bin/ceph: stderr
2026-02-20T00:36:16.085+0000 7f759a71a640 1 -- start start
2026-02-20T00:36:16.202 INFO:teuthology.orchestra.run.trial074.stdout:/usr/bin/ceph: stderr
2026-02-20T00:36:16.085+0000 7f759a71a640 1 --2- >> [v2:10.20.193.74:3300/0,v1:10.20.193.74:6789/0] conn(0x7f759410aa20 0x7f75941a03e0 unknown :-1 s=NONE pgs=0 cs=0 l=1 rev1=0 crypto rx=0 tx=0 comp rx=0 tx=0).connect
2026-02-20T00:36:16.202 INFO:teuthology.orchestra.run.trial074.stdout:/usr/bin/ceph: stderr
2026-02-20T00:36:16.085+0000 7f759a71a640 1 -- --> [v2:10.20.193.74:3300/0,v1:10.20.193.74:6789/0] -- mon_getmap magic: 0 -- 0x7f759410e970 con 0x7f759410aa20
2026-02-20T00:36:16.203 INFO:teuthology.orchestra.run.trial074.stdout:/usr/bin/ceph: stderr
2026-02-20T00:36:16.085+0000 7f7593fff640 1 --2- >> [v2:10.20.193.74:3300/0,v1:10.20.193.74:6789/0] conn(0x7f759410aa20 0x7f75941a03e0 unknown :-1 s=BANNER_CONNECTING pgs=0 cs=0 l=1 rev1=0 crypto rx=0 tx=0 comp rx=0 tx=0)._handle_peer_banner_payload supported=3 required=0
2026-02-20T00:36:16.203 INFO:teuthology.orchestra.run.trial074.stdout:/usr/bin/ceph: stderr
2026-02-20T00:36:16.085+0000 7f7593fff640 1 --2- >> [v2:10.20.193.74:3300/0,v1:10.20.193.74:6789/0] conn(0x7f759410aa20 0x7f75941a03e0 unknown :-1 s=HELLO_CONNECTING pgs=0 cs=0 l=1 rev1=1 crypto rx=0 tx=0 comp rx=0 tx=0).handle_hello peer v2:10.20.193.74:3300/0 says I am v2:10.20.193.74:33468/0 (socket says 10.20.193.74:33468)
2026-02-20T00:36:16.203 INFO:teuthology.orchestra.run.trial074.stdout:/usr/bin/ceph: stderr
2026-02-20T00:36:16.085+0000 7f7593fff640 1 -- 10.20.193.74:0/634651637 learned_addr learned my addr 10.20.193.74:0/634651637 (peer_addr_for_me v2:10.20.193.74:0/0)
2026-02-20T00:36:16.203 INFO:teuthology.orchestra.run.trial074.stdout:/usr/bin/ceph: stderr
2026-02-20T00:36:16.085+0000 7f7593fff640 1 -- 10.20.193.74:0/634651637 --> [v2:10.20.193.74:3300/0,v1:10.20.193.74:6789/0] -- mon_subscribe({config=0+,monmap=0+}) -- 0x7f75941a0920 con 0x7f759410aa20
2026-02-20T00:36:16.203 INFO:teuthology.orchestra.run.trial074.stdout:/usr/bin/ceph: stderr
2026-02-20T00:36:16.085+0000 7f7593fff640 1 --2- 10.20.193.74:0/634651637 >> [v2:10.20.193.74:3300/0,v1:10.20.193.74:6789/0] conn(0x7f759410aa20 0x7f75941a03e0 secure :-1 s=READY pgs=38 cs=0 l=1 rev1=1 crypto rx=0x7f7580037d60 tx=0x7f7580037b90 comp rx=0 tx=0).ready entity=mon.0 client_cookie=0 server_cookie=0 in_seq=0 out_seq=0
2026-02-20T00:36:16.203 INFO:teuthology.orchestra.run.trial074.stdout:/usr/bin/ceph: stderr
2026-02-20T00:36:16.085+0000 7f75917fa640 1 -- 10.20.193.74:0/634651637 <== mon.0 v2:10.20.193.74:3300/0 1 ==== mon_map magic: 0 ==== 205+0+0 (secure 0 0 0) 0x7f7580045070 con 0x7f759410aa20
2026-02-20T00:36:16.203 INFO:teuthology.orchestra.run.trial074.stdout:/usr/bin/ceph: stderr
2026-02-20T00:36:16.085+0000 7f759a71a640 1 -- 10.20.193.74:0/634651637 --> [v2:10.20.193.74:3300/0,v1:10.20.193.74:6789/0] -- mon_subscribe({mgrmap=0+}) -- 0x7f75941a0bb0 con 0x7f759410aa20
2026-02-20T00:36:16.203 INFO:teuthology.orchestra.run.trial074.stdout:/usr/bin/ceph: stderr
2026-02-20T00:36:16.085+0000 7f75917fa640 1 -- 10.20.193.74:0/634651637 <== mon.0 v2:10.20.193.74:3300/0 2 ==== config(26 keys) ==== 1041+0+0 (secure 0 0 0) 0x7f7580035e60 con 0x7f759410aa20
2026-02-20T00:36:16.203 INFO:teuthology.orchestra.run.trial074.stdout:/usr/bin/ceph: stderr
2026-02-20T00:36:16.086+0000 7f75917fa640 1 -- 10.20.193.74:0/634651637 <== mon.0 v2:10.20.193.74:3300/0 3 ==== mon_map magic: 0 ==== 205+0+0 (secure 0 0 0) 0x7f758003c070 con 0x7f759410aa20
2026-02-20T00:36:16.203 INFO:teuthology.orchestra.run.trial074.stdout:/usr/bin/ceph: stderr
2026-02-20T00:36:16.086+0000 7f759a71a640 1 -- 10.20.193.74:0/634651637 --> [v2:10.20.193.74:3300/0,v1:10.20.193.74:6789/0] -- mon_subscribe({osdmap=0}) -- 0x7f75941a38a0 con 0x7f759410aa20
2026-02-20T00:36:16.203 INFO:teuthology.orchestra.run.trial074.stdout:/usr/bin/ceph: stderr
2026-02-20T00:36:16.086+0000 7f759a71a640 1 -- 10.20.193.74:0/634651637 --> [v2:10.20.193.74:3300/0,v1:10.20.193.74:6789/0] -- mon_command({"prefix": "get_command_descriptions"} v 0) -- 0x7f759410aea0 con 0x7f759410aa20
2026-02-20T00:36:16.204 INFO:teuthology.orchestra.run.trial074.stdout:/usr/bin/ceph: stderr
2026-02-20T00:36:16.086+0000 7f75917fa640 1 -- 10.20.193.74:0/634651637 <== mon.0 v2:10.20.193.74:3300/0 4 ==== mgrmap(e 7) ==== 50141+0+0 (secure 0 0 0) 0x7f75800406c0 con 0x7f759410aa20
2026-02-20T00:36:16.204 INFO:teuthology.orchestra.run.trial074.stdout:/usr/bin/ceph: stderr
2026-02-20T00:36:16.086+0000 7f75917fa640 1 --2- 10.20.193.74:0/634651637 >> [v2:10.20.193.74:6800/1609370915,v1:10.20.193.74:6801/1609370915] conn(0x7f756803da80 0x7f756803ff40 unknown :-1 s=NONE pgs=0 cs=0 l=1 rev1=0 crypto rx=0 tx=0 comp rx=0 tx=0).connect
2026-02-20T00:36:16.204 INFO:teuthology.orchestra.run.trial074.stdout:/usr/bin/ceph: stderr
2026-02-20T00:36:16.086+0000 7f75917fa640 1 -- 10.20.193.74:0/634651637 <== mon.0 v2:10.20.193.74:3300/0 5 ==== osd_map(2..2 src has 1..2) ==== 940+0+0 (secure 0 0 0) 0x7f75800764d0 con 0x7f759410aa20
2026-02-20T00:36:16.204 INFO:teuthology.orchestra.run.trial074.stdout:/usr/bin/ceph: stderr
2026-02-20T00:36:16.086+0000 7f75937fe640 1 --2- 10.20.193.74:0/634651637 >> [v2:10.20.193.74:6800/1609370915,v1:10.20.193.74:6801/1609370915] conn(0x7f756803da80 0x7f756803ff40 unknown :-1 s=BANNER_CONNECTING pgs=0 cs=0 l=1 rev1=0 crypto rx=0 tx=0 comp rx=0 tx=0)._handle_peer_banner_payload supported=3 required=0
2026-02-20T00:36:16.204 INFO:teuthology.orchestra.run.trial074.stdout:/usr/bin/ceph: stderr
2026-02-20T00:36:16.087+0000 7f75937fe640 1 --2- 10.20.193.74:0/634651637 >> [v2:10.20.193.74:6800/1609370915,v1:10.20.193.74:6801/1609370915] conn(0x7f756803da80 0x7f756803ff40 secure :-1 s=READY pgs=8 cs=0 l=1 rev1=1 crypto rx=0x7f75840099c0 tx=0x7f7584006eb0 comp rx=0 tx=0).ready entity=mgr.14118 client_cookie=0 server_cookie=0 in_seq=0 out_seq=0
2026-02-20T00:36:16.204 INFO:teuthology.orchestra.run.trial074.stdout:/usr/bin/ceph: stderr
2026-02-20T00:36:16.089+0000 7f75917fa640 1 -- 10.20.193.74:0/634651637 <== mon.0 v2:10.20.193.74:3300/0 6 ==== mon_command_ack([{"prefix": "get_command_descriptions"}]=0 v0) ==== 72+0+195034 (secure 0 0 0) 0x7f75800359e0 con 0x7f759410aa20
2026-02-20T00:36:16.204 INFO:teuthology.orchestra.run.trial074.stdout:/usr/bin/ceph: stderr
2026-02-20T00:36:16.172+0000 7f759a71a640 1 -- 10.20.193.74:0/634651637 --> [v2:10.20.193.74:6800/1609370915,v1:10.20.193.74:6801/1609370915] -- mgr_command(tid 0: {"prefix": "cephadm set-user", "user": "root", "target": ["mon-mgr", ""]}) -- 0x7f7594108e10 con 0x7f756803da80
2026-02-20T00:36:16.204 INFO:teuthology.orchestra.run.trial074.stdout:/usr/bin/ceph: stderr
2026-02-20T00:36:16.172+0000 7f75917fa640 1 -- 10.20.193.74:0/634651637 <== mgr.14118 v2:10.20.193.74:6800/1609370915 1 ==== mgr_command_reply(tid 0: 0 ) ==== 8+0+16 (secure 0 0 0) 0x7f7594108e10 con 0x7f756803da80
2026-02-20T00:36:16.204 INFO:teuthology.orchestra.run.trial074.stdout:/usr/bin/ceph: stderr
2026-02-20T00:36:16.173+0000 7f759a71a640 1 -- 10.20.193.74:0/634651637 >> [v2:10.20.193.74:6800/1609370915,v1:10.20.193.74:6801/1609370915] conn(0x7f756803da80 msgr2=0x7f756803ff40 secure :-1 s=STATE_CONNECTION_ESTABLISHED l=1).mark_down
2026-02-20T00:36:16.205 INFO:teuthology.orchestra.run.trial074.stdout:/usr/bin/ceph: stderr
2026-02-20T00:36:16.173+0000 7f759a71a640 1 --2- 10.20.193.74:0/634651637 >> [v2:10.20.193.74:6800/1609370915,v1:10.20.193.74:6801/1609370915] conn(0x7f756803da80 0x7f756803ff40 secure :-1 s=READY pgs=8 cs=0 l=1 rev1=1 crypto rx=0x7f75840099c0 tx=0x7f7584006eb0 comp rx=0 tx=0).stop
2026-02-20T00:36:16.205 INFO:teuthology.orchestra.run.trial074.stdout:/usr/bin/ceph: stderr
2026-02-20T00:36:16.173+0000 7f759a71a640 1 -- 10.20.193.74:0/634651637 >> [v2:10.20.193.74:3300/0,v1:10.20.193.74:6789/0] conn(0x7f759410aa20 msgr2=0x7f75941a03e0 secure :-1 s=STATE_CONNECTION_ESTABLISHED l=1).mark_down
2026-02-20T00:36:16.205 INFO:teuthology.orchestra.run.trial074.stdout:/usr/bin/ceph: stderr
2026-02-20T00:36:16.173+0000 7f759a71a640 1 --2- 10.20.193.74:0/634651637 >> [v2:10.20.193.74:3300/0,v1:10.20.193.74:6789/0] conn(0x7f759410aa20 0x7f75941a03e0 secure :-1 s=READY pgs=38 cs=0 l=1 rev1=1 crypto rx=0x7f7580037d60 tx=0x7f7580037b90 comp rx=0 tx=0).stop
2026-02-20T00:36:16.205 INFO:teuthology.orchestra.run.trial074.stdout:/usr/bin/ceph: stderr
2026-02-20T00:36:16.173+0000 7f759a71a640 1 -- 10.20.193.74:0/634651637 shutdown_connections
2026-02-20T00:36:16.205 INFO:teuthology.orchestra.run.trial074.stdout:/usr/bin/ceph: stderr
2026-02-20T00:36:16.173+0000 7f759a71a640 1 --2- 10.20.193.74:0/634651637 >> [v2:10.20.193.74:6800/1609370915,v1:10.20.193.74:6801/1609370915] conn(0x7f756803da80 0x7f756803ff40 unknown :-1 s=CLOSED pgs=8 cs=0 l=1 rev1=1 crypto rx=0 tx=0 comp rx=0 tx=0).stop
2026-02-20T00:36:16.205 INFO:teuthology.orchestra.run.trial074.stdout:/usr/bin/ceph: stderr
2026-02-20T00:36:16.173+0000 7f759a71a640 1 --2- 10.20.193.74:0/634651637 >> [v2:10.20.193.74:3300/0,v1:10.20.193.74:6789/0] conn(0x7f759410aa20 0x7f75941a03e0 unknown :-1 s=CLOSED pgs=38 cs=0 l=1 rev1=1 crypto rx=0 tx=0 comp rx=0 tx=0).stop
2026-02-20T00:36:16.205 INFO:teuthology.orchestra.run.trial074.stdout:/usr/bin/ceph: stderr
2026-02-20T00:36:16.173+0000 7f759a71a640 1 -- 10.20.193.74:0/634651637 >> 10.20.193.74:0/634651637 conn(0x7f759407dad0 msgr2=0x7f7594108700 unknown :-1 s=STATE_NONE l=0).mark_down
2026-02-20T00:36:16.205 INFO:teuthology.orchestra.run.trial074.stdout:/usr/bin/ceph: stderr
2026-02-20T00:36:16.173+0000 7f759a71a640 1 -- 10.20.193.74:0/634651637 shutdown_connections
2026-02-20T00:36:16.205 INFO:teuthology.orchestra.run.trial074.stdout:/usr/bin/ceph: stderr
2026-02-20T00:36:16.173+0000 7f759a71a640 1 -- 10.20.193.74:0/634651637 wait complete.
2026-02-20T00:36:16.206 INFO:teuthology.orchestra.run.trial074.stdout:Generating ssh key...
2026-02-20T00:36:16.289 INFO:journalctl@ceph.mon.a.trial074.stdout:Feb 20 00:36:16 trial074 ceph-mon[39695]: Found migration_current of "None". Setting to last migration.
2026-02-20T00:36:16.290 INFO:journalctl@ceph.mon.a.trial074.stdout:Feb 20 00:36:16 trial074 ceph-mon[39695]: from='mgr.14118 10.20.193.74:0/1176844941' entity='mgr.x'
2026-02-20T00:36:16.290 INFO:journalctl@ceph.mon.a.trial074.stdout:Feb 20 00:36:16 trial074 ceph-mon[39695]: from='mgr.14118 10.20.193.74:0/1176844941' entity='mgr.x'
2026-02-20T00:36:16.290 INFO:journalctl@ceph.mon.a.trial074.stdout:Feb 20 00:36:16 trial074 ceph-mon[39695]: mgrmap e7: x(active, since 1.00349s)
2026-02-20T00:36:16.290 INFO:journalctl@ceph.mon.a.trial074.stdout:Feb 20 00:36:16 trial074 ceph-mon[39695]: from='mgr.14118 10.20.193.74:0/1176844941' entity='mgr.x'
2026-02-20T00:36:16.290 INFO:journalctl@ceph.mon.a.trial074.stdout:Feb 20 00:36:16 trial074 ceph-mon[39695]: from='mgr.14118 10.20.193.74:0/1176844941' entity='mgr.x' cmd=[{"prefix": "config dump", "format": "json"}]: dispatch
2026-02-20T00:36:16.290 INFO:journalctl@ceph.mon.a.trial074.stdout:Feb 20 00:36:16 trial074 ceph-mon[39695]: from='mgr.14118 10.20.193.74:0/1176844941' entity='mgr.x' cmd=[{"prefix": "config dump", "format": "json"}]: dispatch
2026-02-20T00:36:16.424 INFO:teuthology.orchestra.run.trial074.stdout:/usr/bin/ceph: stderr
2026-02-20T00:36:16.287+0000 7fe6173f2640 1 Processor -- start
2026-02-20T00:36:16.424 INFO:teuthology.orchestra.run.trial074.stdout:/usr/bin/ceph: stderr
2026-02-20T00:36:16.287+0000 7fe6173f2640 1 -- start start
2026-02-20T00:36:16.424 INFO:teuthology.orchestra.run.trial074.stdout:/usr/bin/ceph: stderr
2026-02-20T00:36:16.287+0000 7fe6173f2640 1 --2- >> [v2:10.20.193.74:3300/0,v1:10.20.193.74:6789/0] conn(0x7fe61010aa20 0x7fe61010ae20 unknown :-1 s=NONE pgs=0 cs=0 l=0 rev1=0 crypto rx=0 tx=0 comp rx=0 tx=0).connect
2026-02-20T00:36:16.424 INFO:teuthology.orchestra.run.trial074.stdout:/usr/bin/ceph: stderr
2026-02-20T00:36:16.287+0000 7fe6173f2640 1 -- --> [v2:10.20.193.74:3300/0,v1:10.20.193.74:6789/0] -- mon_getmap magic: 0 -- 0x7fe61010b3f0 con 0x7fe61010aa20
2026-02-20T00:36:16.424 INFO:teuthology.orchestra.run.trial074.stdout:/usr/bin/ceph: stderr
2026-02-20T00:36:16.287+0000 7fe615167640 1 --2- >> [v2:10.20.193.74:3300/0,v1:10.20.193.74:6789/0] conn(0x7fe61010aa20 0x7fe61010ae20 unknown :-1 s=BANNER_CONNECTING pgs=0 cs=0 l=0 rev1=0 crypto rx=0 tx=0 comp rx=0 tx=0)._handle_peer_banner_payload supported=3 required=0
2026-02-20T00:36:16.424 INFO:teuthology.orchestra.run.trial074.stdout:/usr/bin/ceph: stderr
2026-02-20T00:36:16.287+0000 7fe615167640 1 --2- >> [v2:10.20.193.74:3300/0,v1:10.20.193.74:6789/0] conn(0x7fe61010aa20 0x7fe61010ae20 unknown :-1 s=HELLO_CONNECTING pgs=0 cs=0 l=0 rev1=1 crypto rx=0 tx=0 comp rx=0 tx=0).handle_hello peer v2:10.20.193.74:3300/0 says I am v2:10.20.193.74:33474/0 (socket says 10.20.193.74:33474)
2026-02-20T00:36:16.425 INFO:teuthology.orchestra.run.trial074.stdout:/usr/bin/ceph: stderr
2026-02-20T00:36:16.287+0000 7fe615167640 1 -- 10.20.193.74:0/18394975 learned_addr learned my addr 10.20.193.74:0/18394975 (peer_addr_for_me v2:10.20.193.74:0/0)
2026-02-20T00:36:16.425 INFO:teuthology.orchestra.run.trial074.stdout:/usr/bin/ceph: stderr
2026-02-20T00:36:16.288+0000 7fe615167640 1 -- 10.20.193.74:0/18394975 --> [v2:10.20.193.74:3300/0,v1:10.20.193.74:6789/0] -- mon_subscribe({config=0+,monmap=0+}) -- 0x7fe61010b740 con 0x7fe61010aa20
2026-02-20T00:36:16.425 INFO:teuthology.orchestra.run.trial074.stdout:/usr/bin/ceph: stderr
2026-02-20T00:36:16.288+0000 7fe615167640 1 --2- 10.20.193.74:0/18394975 >> [v2:10.20.193.74:3300/0,v1:10.20.193.74:6789/0] conn(0x7fe61010aa20 0x7fe61010ae20 secure :-1 s=READY pgs=39 cs=0 l=1 rev1=1 crypto rx=0x7fe600009920 tx=0x7fe60002ef20 comp rx=0 tx=0).ready entity=mon.0 client_cookie=510adb2e7b4d80ab server_cookie=0 in_seq=0 out_seq=0
2026-02-20T00:36:16.425 INFO:teuthology.orchestra.run.trial074.stdout:/usr/bin/ceph: stderr
2026-02-20T00:36:16.288+0000 7fe5fffff640 1 -- 10.20.193.74:0/18394975 <== mon.0 v2:10.20.193.74:3300/0 1 ==== mon_map magic: 0 ==== 205+0+0 (secure 0 0 0) 0x7fe60003c070 con 0x7fe61010aa20
2026-02-20T00:36:16.425 INFO:teuthology.orchestra.run.trial074.stdout:/usr/bin/ceph: stderr
2026-02-20T00:36:16.288+0000 7fe5fffff640 1 -- 10.20.193.74:0/18394975 <== mon.0 v2:10.20.193.74:3300/0 2 ==== config(26 keys) ==== 1041+0+0 (secure 0 0 0) 0x7fe600037440 con 0x7fe61010aa20
2026-02-20T00:36:16.425 INFO:teuthology.orchestra.run.trial074.stdout:/usr/bin/ceph: stderr
2026-02-20T00:36:16.288+0000 7fe5fffff640 1 -- 10.20.193.74:0/18394975 <== mon.0 v2:10.20.193.74:3300/0 3 ==== mon_map magic: 0 ==== 205+0+0 (secure 0 0 0) 0x7fe6000354d0 con 0x7fe61010aa20
2026-02-20T00:36:16.425 INFO:teuthology.orchestra.run.trial074.stdout:/usr/bin/ceph: stderr
2026-02-20T00:36:16.288+0000 7fe6173f2640 1 -- 10.20.193.74:0/18394975 >> [v2:10.20.193.74:3300/0,v1:10.20.193.74:6789/0] conn(0x7fe61010aa20 msgr2=0x7fe61010ae20 secure :-1 s=STATE_CONNECTION_ESTABLISHED l=1).mark_down
2026-02-20T00:36:16.425 INFO:teuthology.orchestra.run.trial074.stdout:/usr/bin/ceph: stderr
2026-02-20T00:36:16.288+0000 7fe6173f2640 1 --2- 10.20.193.74:0/18394975 >> [v2:10.20.193.74:3300/0,v1:10.20.193.74:6789/0] conn(0x7fe61010aa20 0x7fe61010ae20 secure :-1 s=READY pgs=39 cs=0 l=1 rev1=1 crypto rx=0x7fe600009920 tx=0x7fe60002ef20 comp rx=0 tx=0).stop
2026-02-20T00:36:16.425 INFO:teuthology.orchestra.run.trial074.stdout:/usr/bin/ceph: stderr
2026-02-20T00:36:16.289+0000 7fe6173f2640 1 -- 10.20.193.74:0/18394975 shutdown_connections
2026-02-20T00:36:16.425 INFO:teuthology.orchestra.run.trial074.stdout:/usr/bin/ceph: stderr
2026-02-20T00:36:16.289+0000 7fe6173f2640 1 --2- 10.20.193.74:0/18394975 >> [v2:10.20.193.74:3300/0,v1:10.20.193.74:6789/0] conn(0x7fe61010aa20 0x7fe61010ae20 unknown :-1 s=CLOSED pgs=39 cs=0 l=1 rev1=1 crypto rx=0 tx=0 comp rx=0 tx=0).stop
2026-02-20T00:36:16.425 INFO:teuthology.orchestra.run.trial074.stdout:/usr/bin/ceph: stderr
2026-02-20T00:36:16.289+0000 7fe6173f2640 1 -- 10.20.193.74:0/18394975 >> 10.20.193.74:0/18394975 conn(0x7fe61007da30 msgr2=0x7fe61007de40 unknown :-1 s=STATE_NONE l=0).mark_down
2026-02-20T00:36:16.425 INFO:teuthology.orchestra.run.trial074.stdout:/usr/bin/ceph: stderr
2026-02-20T00:36:16.289+0000 7fe6173f2640 1 -- 10.20.193.74:0/18394975 shutdown_connections
2026-02-20T00:36:16.426 INFO:teuthology.orchestra.run.trial074.stdout:/usr/bin/ceph: stderr
2026-02-20T00:36:16.289+0000 7fe6173f2640 1 -- 10.20.193.74:0/18394975 wait complete.
2026-02-20T00:36:16.426 INFO:teuthology.orchestra.run.trial074.stdout:/usr/bin/ceph: stderr
2026-02-20T00:36:16.289+0000 7fe6173f2640 1 Processor -- start
2026-02-20T00:36:16.426 INFO:teuthology.orchestra.run.trial074.stdout:/usr/bin/ceph: stderr
2026-02-20T00:36:16.289+0000 7fe6173f2640 1 -- start start
2026-02-20T00:36:16.426 INFO:teuthology.orchestra.run.trial074.stdout:/usr/bin/ceph: stderr
2026-02-20T00:36:16.289+0000 7fe6173f2640 1 --2- >> [v2:10.20.193.74:3300/0,v1:10.20.193.74:6789/0] conn(0x7fe61010aa20 0x7fe6101a0390 unknown :-1 s=NONE pgs=0 cs=0 l=1 rev1=0 crypto rx=0 tx=0 comp rx=0 tx=0).connect
2026-02-20T00:36:16.426 INFO:teuthology.orchestra.run.trial074.stdout:/usr/bin/ceph: stderr
2026-02-20T00:36:16.289+0000 7fe6173f2640 1 -- --> [v2:10.20.193.74:3300/0,v1:10.20.193.74:6789/0] -- mon_getmap magic: 0 -- 0x7fe61010e970 con 0x7fe61010aa20
2026-02-20T00:36:16.426 INFO:teuthology.orchestra.run.trial074.stdout:/usr/bin/ceph: stderr
2026-02-20T00:36:16.289+0000 7fe615167640 1 --2- >> [v2:10.20.193.74:3300/0,v1:10.20.193.74:6789/0] conn(0x7fe61010aa20 0x7fe6101a0390 unknown :-1 s=BANNER_CONNECTING pgs=0 cs=0 l=1 rev1=0 crypto rx=0 tx=0 comp rx=0 tx=0)._handle_peer_banner_payload supported=3 required=0
2026-02-20T00:36:16.426 INFO:teuthology.orchestra.run.trial074.stdout:/usr/bin/ceph: stderr
2026-02-20T00:36:16.289+0000 7fe615167640 1 --2- >> [v2:10.20.193.74:3300/0,v1:10.20.193.74:6789/0] conn(0x7fe61010aa20 0x7fe6101a0390 unknown :-1 s=HELLO_CONNECTING pgs=0 cs=0 l=1 rev1=1 crypto rx=0 tx=0 comp rx=0 tx=0).handle_hello peer v2:10.20.193.74:3300/0 says I am v2:10.20.193.74:33488/0 (socket says 10.20.193.74:33488)
2026-02-20T00:36:16.426 INFO:teuthology.orchestra.run.trial074.stdout:/usr/bin/ceph: stderr
2026-02-20T00:36:16.289+0000 7fe615167640 1 -- 10.20.193.74:0/930225653 learned_addr learned my addr 10.20.193.74:0/930225653 (peer_addr_for_me v2:10.20.193.74:0/0)
2026-02-20T00:36:16.426 INFO:teuthology.orchestra.run.trial074.stdout:/usr/bin/ceph: stderr
2026-02-20T00:36:16.289+0000 7fe615167640 1 -- 10.20.193.74:0/930225653 --> [v2:10.20.193.74:3300/0,v1:10.20.193.74:6789/0] -- mon_subscribe({config=0+,monmap=0+}) -- 0x7fe6101a08d0 con 0x7fe61010aa20
2026-02-20T00:36:16.426 INFO:teuthology.orchestra.run.trial074.stdout:/usr/bin/ceph: stderr
2026-02-20T00:36:16.289+0000 7fe615167640 1 --2- 10.20.193.74:0/930225653 >> [v2:10.20.193.74:3300/0,v1:10.20.193.74:6789/0] conn(0x7fe61010aa20 0x7fe6101a0390 secure :-1 s=READY pgs=40 cs=0 l=1 rev1=1 crypto rx=0x7fe600037b90 tx=0x7fe600037bc0 comp rx=0 tx=0).ready entity=mon.0 client_cookie=0 server_cookie=0 in_seq=0 out_seq=0
2026-02-20T00:36:16.426 INFO:teuthology.orchestra.run.trial074.stdout:/usr/bin/ceph: stderr
2026-02-20T00:36:16.290+0000 7fe5fe7fc640 1 -- 10.20.193.74:0/930225653 <== mon.0 v2:10.20.193.74:3300/0 1 ==== mon_map magic: 0 ==== 205+0+0 (secure 0 0 0) 0x7fe600045070 con 0x7fe61010aa20
2026-02-20T00:36:16.427 INFO:teuthology.orchestra.run.trial074.stdout:/usr/bin/ceph: stderr
2026-02-20T00:36:16.290+0000 7fe5fe7fc640 1 -- 10.20.193.74:0/930225653 <== mon.0 v2:10.20.193.74:3300/0 2 ==== config(26 keys) ==== 1041+0+0 (secure 0 0 0) 0x7fe600040450 con 0x7fe61010aa20
2026-02-20T00:36:16.427 INFO:teuthology.orchestra.run.trial074.stdout:/usr/bin/ceph: stderr
2026-02-20T00:36:16.290+0000 7fe6173f2640 1 -- 10.20.193.74:0/930225653 --> [v2:10.20.193.74:3300/0,v1:10.20.193.74:6789/0] -- mon_subscribe({mgrmap=0+}) -- 0x7fe6101a0b60 con 0x7fe61010aa20
2026-02-20T00:36:16.427 INFO:teuthology.orchestra.run.trial074.stdout:/usr/bin/ceph: stderr
2026-02-20T00:36:16.290+0000 7fe5fe7fc640 1 -- 10.20.193.74:0/930225653 <== mon.0 v2:10.20.193.74:3300/0 3 ==== mon_map magic: 0 ==== 205+0+0 (secure 0 0 0) 0x7fe60003c070 con 0x7fe61010aa20
2026-02-20T00:36:16.427 INFO:teuthology.orchestra.run.trial074.stdout:/usr/bin/ceph: stderr
2026-02-20T00:36:16.290+0000 7fe6173f2640 1 -- 10.20.193.74:0/930225653 --> [v2:10.20.193.74:3300/0,v1:10.20.193.74:6789/0] -- mon_subscribe({osdmap=0}) -- 0x7fe6101a3850 con 0x7fe61010aa20
2026-02-20T00:36:16.427 INFO:teuthology.orchestra.run.trial074.stdout:/usr/bin/ceph: stderr
2026-02-20T00:36:16.290+0000 7fe6173f2640 1 -- 10.20.193.74:0/930225653 --> [v2:10.20.193.74:3300/0,v1:10.20.193.74:6789/0] -- mon_command({"prefix": "get_command_descriptions"} v 0) -- 0x7fe61010aea0 con 0x7fe61010aa20
2026-02-20T00:36:16.427 INFO:teuthology.orchestra.run.trial074.stdout:/usr/bin/ceph: stderr
2026-02-20T00:36:16.290+0000 7fe5fe7fc640 1 -- 10.20.193.74:0/930225653 <== mon.0 v2:10.20.193.74:3300/0 4 ==== mgrmap(e 7) ==== 50141+0+0 (secure 0 0 0) 0x7fe600035b10 con 0x7fe61010aa20
2026-02-20T00:36:16.427 INFO:teuthology.orchestra.run.trial074.stdout:/usr/bin/ceph: stderr
2026-02-20T00:36:16.290+0000 7fe5fe7fc640 1 --2- 10.20.193.74:0/930225653 >> [v2:10.20.193.74:6800/1609370915,v1:10.20.193.74:6801/1609370915] conn(0x7fe5ec03da80 0x7fe5ec03ff40 unknown :-1 s=NONE pgs=0 cs=0 l=1 rev1=0 crypto rx=0 tx=0 comp rx=0 tx=0).connect
2026-02-20T00:36:16.427 INFO:teuthology.orchestra.run.trial074.stdout:/usr/bin/ceph: stderr
2026-02-20T00:36:16.290+0000 7fe5fe7fc640 1 -- 10.20.193.74:0/930225653 <== mon.0 v2:10.20.193.74:3300/0 5 ==== osd_map(2..2 src has 1..2) ==== 940+0+0 (secure 0 0 0) 0x7fe600076390 con 0x7fe61010aa20
2026-02-20T00:36:16.427 INFO:teuthology.orchestra.run.trial074.stdout:/usr/bin/ceph: stderr
2026-02-20T00:36:16.291+0000 7fe614966640 1 --2- 10.20.193.74:0/930225653 >> [v2:10.20.193.74:6800/1609370915,v1:10.20.193.74:6801/1609370915] conn(0x7fe5ec03da80 0x7fe5ec03ff40 unknown :-1 s=BANNER_CONNECTING pgs=0 cs=0 l=1 rev1=0 crypto rx=0 tx=0 comp rx=0 tx=0)._handle_peer_banner_payload supported=3 required=0
2026-02-20T00:36:16.427 INFO:teuthology.orchestra.run.trial074.stdout:/usr/bin/ceph: stderr
2026-02-20T00:36:16.291+0000 7fe614966640 1 --2- 10.20.193.74:0/930225653 >> [v2:10.20.193.74:6800/1609370915,v1:10.20.193.74:6801/1609370915] conn(0x7fe5ec03da80 0x7fe5ec03ff40 secure :-1 s=READY pgs=9 cs=0 l=1 rev1=1 crypto rx=0x7fe6040099c0 tx=0x7fe604006eb0 comp rx=0 tx=0).ready entity=mgr.14118 client_cookie=0 server_cookie=0 in_seq=0 out_seq=0
2026-02-20T00:36:16.427 INFO:teuthology.orchestra.run.trial074.stdout:/usr/bin/ceph: stderr
2026-02-20T00:36:16.293+0000 7fe5fe7fc640 1 -- 10.20.193.74:0/930225653 <== mon.0 v2:10.20.193.74:3300/0 6 ==== mon_command_ack([{"prefix": "get_command_descriptions"}]=0 v0) ==== 72+0+195034 (secure 0 0 0) 0x7fe600033200 con 0x7fe61010aa20
2026-02-20T00:36:16.427 INFO:teuthology.orchestra.run.trial074.stdout:/usr/bin/ceph: stderr
2026-02-20T00:36:16.376+0000 7fe6173f2640 1 -- 10.20.193.74:0/930225653 --> [v2:10.20.193.74:6800/1609370915,v1:10.20.193.74:6801/1609370915] -- mgr_command(tid 0: {"prefix": "cephadm generate-key", "target": ["mon-mgr", ""]}) -- 0x7fe610108e40 con 0x7fe5ec03da80
2026-02-20T00:36:16.428 INFO:teuthology.orchestra.run.trial074.stdout:/usr/bin/ceph: stderr
2026-02-20T00:36:16.396+0000 7fe5fe7fc640 1 -- 10.20.193.74:0/930225653 <== mgr.14118 v2:10.20.193.74:6800/1609370915 1 ==== mgr_command_reply(tid 0: 0 ) ==== 8+0+0 (secure 0 0 0) 0x7fe610108e40 con 0x7fe5ec03da80
2026-02-20T00:36:16.428 INFO:teuthology.orchestra.run.trial074.stdout:/usr/bin/ceph: stderr
2026-02-20T00:36:16.397+0000 7fe6173f2640 1 -- 10.20.193.74:0/930225653 >> [v2:10.20.193.74:6800/1609370915,v1:10.20.193.74:6801/1609370915] conn(0x7fe5ec03da80 msgr2=0x7fe5ec03ff40 secure :-1 s=STATE_CONNECTION_ESTABLISHED l=1).mark_down
2026-02-20T00:36:16.428 INFO:teuthology.orchestra.run.trial074.stdout:/usr/bin/ceph: stderr
2026-02-20T00:36:16.397+0000 7fe6173f2640 1 --2- 10.20.193.74:0/930225653 >> [v2:10.20.193.74:6800/1609370915,v1:10.20.193.74:6801/1609370915] conn(0x7fe5ec03da80 0x7fe5ec03ff40 secure :-1 s=READY pgs=9 cs=0 l=1 rev1=1 crypto rx=0x7fe6040099c0 tx=0x7fe604006eb0 comp rx=0 tx=0).stop
2026-02-20T00:36:16.428 INFO:teuthology.orchestra.run.trial074.stdout:/usr/bin/ceph: stderr
2026-02-20T00:36:16.397+0000 7fe6173f2640 1 -- 10.20.193.74:0/930225653 >> [v2:10.20.193.74:3300/0,v1:10.20.193.74:6789/0] conn(0x7fe61010aa20 msgr2=0x7fe6101a0390 secure :-1 s=STATE_CONNECTION_ESTABLISHED l=1).mark_down
2026-02-20T00:36:16.428 INFO:teuthology.orchestra.run.trial074.stdout:/usr/bin/ceph: stderr
2026-02-20T00:36:16.397+0000 7fe6173f2640 1 --2- 10.20.193.74:0/930225653 >> [v2:10.20.193.74:3300/0,v1:10.20.193.74:6789/0] conn(0x7fe61010aa20 0x7fe6101a0390 secure :-1 s=READY pgs=40 cs=0 l=1 rev1=1 crypto rx=0x7fe600037b90 tx=0x7fe600037bc0 comp rx=0 tx=0).stop
2026-02-20T00:36:16.428 INFO:teuthology.orchestra.run.trial074.stdout:/usr/bin/ceph: stderr
2026-02-20T00:36:16.397+0000 7fe6173f2640 1 -- 10.20.193.74:0/930225653 shutdown_connections
2026-02-20T00:36:16.428 INFO:teuthology.orchestra.run.trial074.stdout:/usr/bin/ceph: stderr
2026-02-20T00:36:16.397+0000 7fe6173f2640 1 --2- 10.20.193.74:0/930225653 >> [v2:10.20.193.74:6800/1609370915,v1:10.20.193.74:6801/1609370915] conn(0x7fe5ec03da80 0x7fe5ec03ff40 unknown :-1 s=CLOSED pgs=9 cs=0 l=1 rev1=1 crypto rx=0 tx=0 comp rx=0 tx=0).stop
2026-02-20T00:36:16.428 INFO:teuthology.orchestra.run.trial074.stdout:/usr/bin/ceph: stderr
2026-02-20T00:36:16.397+0000 7fe6173f2640 1 --2- 10.20.193.74:0/930225653 >> [v2:10.20.193.74:3300/0,v1:10.20.193.74:6789/0] conn(0x7fe61010aa20 0x7fe6101a0390 unknown :-1 s=CLOSED pgs=40 cs=0 l=1 rev1=1 crypto rx=0 tx=0 comp rx=0 tx=0).stop
2026-02-20T00:36:16.428 INFO:teuthology.orchestra.run.trial074.stdout:/usr/bin/ceph: stderr
2026-02-20T00:36:16.397+0000 7fe6173f2640 1 -- 10.20.193.74:0/930225653 >> 10.20.193.74:0/930225653 conn(0x7fe61007da30 msgr2=0x7fe610108730 unknown :-1 s=STATE_NONE l=0).mark_down
2026-02-20T00:36:16.428 INFO:teuthology.orchestra.run.trial074.stdout:/usr/bin/ceph: stderr
2026-02-20T00:36:16.397+0000 7fe6173f2640 1 -- 10.20.193.74:0/930225653 shutdown_connections
2026-02-20T00:36:16.428 INFO:teuthology.orchestra.run.trial074.stdout:/usr/bin/ceph: stderr
2026-02-20T00:36:16.397+0000 7fe6173f2640 1 -- 10.20.193.74:0/930225653 wait complete.
2026-02-20T00:36:16.604 INFO:journalctl@ceph.mgr.x.trial074.stdout:Feb 20 00:36:16 trial074 ceph-1af4f03a-0df4-11f1-a3b1-d404e6e7d460-mgr-x[39960]: Generating public/private ed25519 key pair.
2026-02-20T00:36:16.604 INFO:journalctl@ceph.mgr.x.trial074.stdout:Feb 20 00:36:16 trial074 ceph-1af4f03a-0df4-11f1-a3b1-d404e6e7d460-mgr-x[39960]: Your identification has been saved in /tmp/tmpqnfsg23e/key
2026-02-20T00:36:16.604 INFO:journalctl@ceph.mgr.x.trial074.stdout:Feb 20 00:36:16 trial074 ceph-1af4f03a-0df4-11f1-a3b1-d404e6e7d460-mgr-x[39960]: Your public key has been saved in /tmp/tmpqnfsg23e/key.pub
2026-02-20T00:36:16.604 INFO:journalctl@ceph.mgr.x.trial074.stdout:Feb 20 00:36:16 trial074 ceph-1af4f03a-0df4-11f1-a3b1-d404e6e7d460-mgr-x[39960]: The key fingerprint is:
2026-02-20T00:36:16.605 INFO:journalctl@ceph.mgr.x.trial074.stdout:Feb 20 00:36:16 trial074 ceph-1af4f03a-0df4-11f1-a3b1-d404e6e7d460-mgr-x[39960]: SHA256:v43YEZ2xyXZ2NwSWdNMGmzxlViANrourdAgijHKa9os ceph-1af4f03a-0df4-11f1-a3b1-d404e6e7d460
