2026-02-20T00:36:11.034 INFO:teuthology.orchestra.run.trial074.stdout:/usr/bin/ceph: stdout "num_pools": 0,
2026-02-20T00:36:11.034 INFO:teuthology.orchestra.run.trial074.stdout:/usr/bin/ceph: stdout "num_objects": 0,
2026-02-20T00:36:11.034 INFO:teuthology.orchestra.run.trial074.stdout:/usr/bin/ceph: stdout "data_bytes": 0,
2026-02-20T00:36:11.034 INFO:teuthology.orchestra.run.trial074.stdout:/usr/bin/ceph: stdout "bytes_used": 0,
2026-02-20T00:36:11.034 INFO:teuthology.orchestra.run.trial074.stdout:/usr/bin/ceph: stdout "bytes_avail": 0,
2026-02-20T00:36:11.034 INFO:teuthology.orchestra.run.trial074.stdout:/usr/bin/ceph: stdout "bytes_total": 0
2026-02-20T00:36:11.034 INFO:teuthology.orchestra.run.trial074.stdout:/usr/bin/ceph: stdout },
2026-02-20T00:36:11.034 INFO:teuthology.orchestra.run.trial074.stdout:/usr/bin/ceph: stdout "fsmap": {
2026-02-20T00:36:11.034 INFO:teuthology.orchestra.run.trial074.stdout:/usr/bin/ceph: stdout "epoch": 1,
2026-02-20T00:36:11.034 INFO:teuthology.orchestra.run.trial074.stdout:/usr/bin/ceph: stdout "btime": "2026-02-20T00:36:05:075587+0000",
2026-02-20T00:36:11.034 INFO:teuthology.orchestra.run.trial074.stdout:/usr/bin/ceph: stdout "by_rank": [],
2026-02-20T00:36:11.034 INFO:teuthology.orchestra.run.trial074.stdout:/usr/bin/ceph: stdout "up:standby": 0
2026-02-20T00:36:11.034 INFO:teuthology.orchestra.run.trial074.stdout:/usr/bin/ceph: stdout },
2026-02-20T00:36:11.034 INFO:teuthology.orchestra.run.trial074.stdout:/usr/bin/ceph: stdout "mgrmap": {
2026-02-20T00:36:11.034 INFO:teuthology.orchestra.run.trial074.stdout:/usr/bin/ceph: stdout "available": true,
2026-02-20T00:36:11.034 INFO:teuthology.orchestra.run.trial074.stdout:/usr/bin/ceph: stdout "num_standbys": 0,
2026-02-20T00:36:11.034 INFO:teuthology.orchestra.run.trial074.stdout:/usr/bin/ceph: stdout "modules": [
2026-02-20T00:36:11.034 INFO:teuthology.orchestra.run.trial074.stdout:/usr/bin/ceph: stdout "iostat",
2026-02-20T00:36:11.034 INFO:teuthology.orchestra.run.trial074.stdout:/usr/bin/ceph: stdout "nfs",
2026-02-20T00:36:11.034 INFO:teuthology.orchestra.run.trial074.stdout:/usr/bin/ceph: stdout "restful"
2026-02-20T00:36:11.034 INFO:teuthology.orchestra.run.trial074.stdout:/usr/bin/ceph: stdout ],
2026-02-20T00:36:11.034 INFO:teuthology.orchestra.run.trial074.stdout:/usr/bin/ceph: stdout "services": {}
2026-02-20T00:36:11.034 INFO:teuthology.orchestra.run.trial074.stdout:/usr/bin/ceph: stdout },
2026-02-20T00:36:11.034 INFO:teuthology.orchestra.run.trial074.stdout:/usr/bin/ceph: stdout "servicemap": {
2026-02-20T00:36:11.034 INFO:teuthology.orchestra.run.trial074.stdout:/usr/bin/ceph: stdout "epoch": 1,
2026-02-20T00:36:11.034 INFO:teuthology.orchestra.run.trial074.stdout:/usr/bin/ceph: stdout "modified": "2026-02-20T00:36:05.076051+0000",
2026-02-20T00:36:11.034 INFO:teuthology.orchestra.run.trial074.stdout:/usr/bin/ceph: stdout "services": {}
2026-02-20T00:36:11.034 INFO:teuthology.orchestra.run.trial074.stdout:/usr/bin/ceph: stdout },
2026-02-20T00:36:11.034 INFO:teuthology.orchestra.run.trial074.stdout:/usr/bin/ceph: stdout "progress_events": {}
2026-02-20T00:36:11.034 INFO:teuthology.orchestra.run.trial074.stdout:/usr/bin/ceph: stdout }
2026-02-20T00:36:11.034 INFO:teuthology.orchestra.run.trial074.stdout:/usr/bin/ceph: stderr
2026-02-20T00:36:10.889+0000 7f481ca5d640 1 Processor -- start
2026-02-20T00:36:11.034 INFO:teuthology.orchestra.run.trial074.stdout:/usr/bin/ceph: stderr
2026-02-20T00:36:10.890+0000 7f481ca5d640 1 -- start start
2026-02-20T00:36:11.034 INFO:teuthology.orchestra.run.trial074.stdout:/usr/bin/ceph: stderr
2026-02-20T00:36:10.890+0000 7f481ca5d640 1 --2- >> [v2:10.20.193.74:3300/0,v1:10.20.193.74:6789/0] conn(0x7f481807eeb0 0x7f481807d310 unknown :-1 s=NONE pgs=0 cs=0 l=0 rev1=0 crypto rx=0 tx=0 comp rx=0 tx=0).connect
2026-02-20T00:36:11.034 INFO:teuthology.orchestra.run.trial074.stdout:/usr/bin/ceph: stderr
2026-02-20T00:36:10.890+0000 7f481ca5d640 1 -- --> [v2:10.20.193.74:3300/0,v1:10.20.193.74:6789/0] -- mon_getmap magic: 0 -- 0x7f481807d850 con 0x7f481807eeb0
2026-02-20T00:36:11.035 INFO:teuthology.orchestra.run.trial074.stdout:/usr/bin/ceph: stderr
2026-02-20T00:36:10.890+0000 7f4816575640 1 --2- >> [v2:10.20.193.74:3300/0,v1:10.20.193.74:6789/0] conn(0x7f481807eeb0 0x7f481807d310 unknown :-1 s=BANNER_CONNECTING pgs=0 cs=0 l=0 rev1=0 crypto rx=0 tx=0 comp rx=0 tx=0)._handle_peer_banner_payload supported=3 required=0
2026-02-20T00:36:11.035 INFO:teuthology.orchestra.run.trial074.stdout:/usr/bin/ceph: stderr
2026-02-20T00:36:10.890+0000 7f4816575640 1 --2- >> [v2:10.20.193.74:3300/0,v1:10.20.193.74:6789/0] conn(0x7f481807eeb0 0x7f481807d310 unknown :-1 s=HELLO_CONNECTING pgs=0 cs=0 l=0 rev1=1 crypto rx=0 tx=0 comp rx=0 tx=0).handle_hello peer v2:10.20.193.74:3300/0 says I am v2:10.20.193.74:33310/0 (socket says 10.20.193.74:33310)
2026-02-20T00:36:11.035 INFO:teuthology.orchestra.run.trial074.stdout:/usr/bin/ceph: stderr
2026-02-20T00:36:10.890+0000 7f4816575640 1 -- 10.20.193.74:0/3567076596 learned_addr learned my addr 10.20.193.74:0/3567076596 (peer_addr_for_me v2:10.20.193.74:0/0)
2026-02-20T00:36:11.035 INFO:teuthology.orchestra.run.trial074.stdout:/usr/bin/ceph: stderr
2026-02-20T00:36:10.890+0000 7f4816575640 1 -- 10.20.193.74:0/3567076596 --> [v2:10.20.193.74:3300/0,v1:10.20.193.74:6789/0] -- mon_subscribe({config=0+,monmap=0+}) -- 0x7f481807d9d0 con 0x7f481807eeb0
2026-02-20T00:36:11.035 INFO:teuthology.orchestra.run.trial074.stdout:/usr/bin/ceph: stderr
2026-02-20T00:36:10.890+0000 7f4816575640 1 --2- 10.20.193.74:0/3567076596 >> [v2:10.20.193.74:3300/0,v1:10.20.193.74:6789/0] conn(0x7f481807eeb0 0x7f481807d310 secure :-1 s=READY pgs=16 cs=0 l=1 rev1=1 crypto rx=0x7f480c009920 tx=0x7f480c02ef20 comp rx=0 tx=0).ready entity=mon.0 client_cookie=fc42f74f2fed0060 server_cookie=0 in_seq=0 out_seq=0
2026-02-20T00:36:11.035 INFO:teuthology.orchestra.run.trial074.stdout:/usr/bin/ceph: stderr
2026-02-20T00:36:10.891+0000 7f4815573640 1 -- 10.20.193.74:0/3567076596 <== mon.0 v2:10.20.193.74:3300/0 1 ==== mon_map magic: 0 ==== 205+0+0 (secure 0 0 0) 0x7f480c03c070 con 0x7f481807eeb0
2026-02-20T00:36:11.035 INFO:teuthology.orchestra.run.trial074.stdout:/usr/bin/ceph: stderr
2026-02-20T00:36:10.891+0000 7f4815573640 1 -- 10.20.193.74:0/3567076596 <== mon.0 v2:10.20.193.74:3300/0 2 ==== config(26 keys) ==== 1041+0+0 (secure 0 0 0) 0x7f480c037440 con 0x7f481807eeb0
2026-02-20T00:36:11.035 INFO:teuthology.orchestra.run.trial074.stdout:/usr/bin/ceph: stderr
2026-02-20T00:36:10.891+0000 7f4815573640 1 -- 10.20.193.74:0/3567076596 <== mon.0 v2:10.20.193.74:3300/0 3 ==== mon_map magic: 0 ==== 205+0+0 (secure 0 0 0) 0x7f480c0354d0 con 0x7f481807eeb0
2026-02-20T00:36:11.035 INFO:teuthology.orchestra.run.trial074.stdout:/usr/bin/ceph: stderr
2026-02-20T00:36:10.891+0000 7f481ca5d640 1 -- 10.20.193.74:0/3567076596 >> [v2:10.20.193.74:3300/0,v1:10.20.193.74:6789/0] conn(0x7f481807eeb0 msgr2=0x7f481807d310 secure :-1 s=STATE_CONNECTION_ESTABLISHED l=1).mark_down
2026-02-20T00:36:11.035 INFO:teuthology.orchestra.run.trial074.stdout:/usr/bin/ceph: stderr
2026-02-20T00:36:10.891+0000 7f481ca5d640 1 --2- 10.20.193.74:0/3567076596 >> [v2:10.20.193.74:3300/0,v1:10.20.193.74:6789/0] conn(0x7f481807eeb0 0x7f481807d310 secure :-1 s=READY pgs=16 cs=0 l=1 rev1=1 crypto rx=0x7f480c009920 tx=0x7f480c02ef20 comp rx=0 tx=0).stop
2026-02-20T00:36:11.035 INFO:teuthology.orchestra.run.trial074.stdout:/usr/bin/ceph: stderr
2026-02-20T00:36:10.891+0000 7f481ca5d640 1 -- 10.20.193.74:0/3567076596 shutdown_connections
2026-02-20T00:36:11.035 INFO:teuthology.orchestra.run.trial074.stdout:/usr/bin/ceph: stderr
2026-02-20T00:36:10.891+0000 7f481ca5d640 1 --2- 10.20.193.74:0/3567076596 >> [v2:10.20.193.74:3300/0,v1:10.20.193.74:6789/0] conn(0x7f481807eeb0 0x7f481807d310 unknown :-1 s=CLOSED pgs=16 cs=0 l=1 rev1=1 crypto rx=0 tx=0 comp rx=0 tx=0).stop
2026-02-20T00:36:11.035 INFO:teuthology.orchestra.run.trial074.stdout:/usr/bin/ceph: stderr
2026-02-20T00:36:10.891+0000 7f481ca5d640 1 -- 10.20.193.74:0/3567076596 >> 10.20.193.74:0/3567076596 conn(0x7f4818103a60 msgr2=0x7f4818105e80 unknown :-1 s=STATE_NONE l=0).mark_down
2026-02-20T00:36:11.035 INFO:teuthology.orchestra.run.trial074.stdout:/usr/bin/ceph: stderr
2026-02-20T00:36:10.891+0000 7f481ca5d640 1 -- 10.20.193.74:0/3567076596 shutdown_connections
2026-02-20T00:36:11.035 INFO:teuthology.orchestra.run.trial074.stdout:/usr/bin/ceph: stderr
2026-02-20T00:36:10.891+0000 7f481ca5d640 1 -- 10.20.193.74:0/3567076596 wait complete.
2026-02-20T00:36:11.035 INFO:teuthology.orchestra.run.trial074.stdout:/usr/bin/ceph: stderr
2026-02-20T00:36:10.891+0000 7f481ca5d640 1 Processor -- start
2026-02-20T00:36:11.035 INFO:teuthology.orchestra.run.trial074.stdout:/usr/bin/ceph: stderr
2026-02-20T00:36:10.891+0000 7f481ca5d640 1 -- start start
2026-02-20T00:36:11.035 INFO:teuthology.orchestra.run.trial074.stdout:/usr/bin/ceph: stderr
2026-02-20T00:36:10.891+0000 7f481ca5d640 1 --2- >> [v2:10.20.193.74:3300/0,v1:10.20.193.74:6789/0] conn(0x7f481807eeb0 0x7f48181a0390 unknown :-1 s=NONE pgs=0 cs=0 l=1 rev1=0 crypto rx=0 tx=0 comp rx=0 tx=0).connect
2026-02-20T00:36:11.035 INFO:teuthology.orchestra.run.trial074.stdout:/usr/bin/ceph: stderr
2026-02-20T00:36:10.891+0000 7f481ca5d640 1 -- --> [v2:10.20.193.74:3300/0,v1:10.20.193.74:6789/0] -- mon_getmap magic: 0 -- 0x7f481810e7c0 con 0x7f481807eeb0
2026-02-20T00:36:11.035 INFO:teuthology.orchestra.run.trial074.stdout:/usr/bin/ceph: stderr
2026-02-20T00:36:10.892+0000 7f4816575640 1 --2- >> [v2:10.20.193.74:3300/0,v1:10.20.193.74:6789/0] conn(0x7f481807eeb0 0x7f48181a0390 unknown :-1 s=BANNER_CONNECTING pgs=0 cs=0 l=1 rev1=0 crypto rx=0 tx=0 comp rx=0 tx=0)._handle_peer_banner_payload supported=3 required=0
2026-02-20T00:36:11.035 INFO:teuthology.orchestra.run.trial074.stdout:/usr/bin/ceph: stderr
2026-02-20T00:36:10.892+0000 7f4816575640 1 --2- >> [v2:10.20.193.74:3300/0,v1:10.20.193.74:6789/0] conn(0x7f481807eeb0 0x7f48181a0390 unknown :-1 s=HELLO_CONNECTING pgs=0 cs=0 l=1 rev1=1 crypto rx=0 tx=0 comp rx=0 tx=0).handle_hello peer v2:10.20.193.74:3300/0 says I am v2:10.20.193.74:33326/0 (socket says 10.20.193.74:33326)
2026-02-20T00:36:11.035 INFO:teuthology.orchestra.run.trial074.stdout:/usr/bin/ceph: stderr
2026-02-20T00:36:10.892+0000 7f4816575640 1 -- 10.20.193.74:0/2846930065 learned_addr learned my addr 10.20.193.74:0/2846930065 (peer_addr_for_me v2:10.20.193.74:0/0)
2026-02-20T00:36:11.035 INFO:teuthology.orchestra.run.trial074.stdout:/usr/bin/ceph: stderr
2026-02-20T00:36:10.892+0000 7f4816575640 1 -- 10.20.193.74:0/2846930065 --> [v2:10.20.193.74:3300/0,v1:10.20.193.74:6789/0] -- mon_subscribe({config=0+,monmap=0+}) -- 0x7f48181a08d0 con 0x7f481807eeb0
2026-02-20T00:36:11.035 INFO:teuthology.orchestra.run.trial074.stdout:/usr/bin/ceph: stderr
2026-02-20T00:36:10.892+0000 7f4816575640 1 --2- 10.20.193.74:0/2846930065 >> [v2:10.20.193.74:3300/0,v1:10.20.193.74:6789/0] conn(0x7f481807eeb0 0x7f48181a0390 secure :-1 s=READY pgs=17 cs=0 l=1 rev1=1 crypto rx=0x7f480c037e70 tx=0x7f480c037b90 comp rx=0 tx=0).ready entity=mon.0 client_cookie=0 server_cookie=0 in_seq=0 out_seq=0
2026-02-20T00:36:11.035 INFO:teuthology.orchestra.run.trial074.stdout:/usr/bin/ceph: stderr
2026-02-20T00:36:10.892+0000 7f47ff7fe640 1 -- 10.20.193.74:0/2846930065 <== mon.0 v2:10.20.193.74:3300/0 1 ==== mon_map magic: 0 ==== 205+0+0 (secure 0 0 0) 0x7f480c045070 con 0x7f481807eeb0
2026-02-20T00:36:11.035 INFO:teuthology.orchestra.run.trial074.stdout:/usr/bin/ceph: stderr
2026-02-20T00:36:10.892+0000 7f47ff7fe640 1 -- 10.20.193.74:0/2846930065 <== mon.0 v2:10.20.193.74:3300/0 2 ==== config(26 keys) ==== 1041+0+0 (secure 0 0 0) 0x7f480c035e10 con 0x7f481807eeb0
2026-02-20T00:36:11.035 INFO:teuthology.orchestra.run.trial074.stdout:/usr/bin/ceph: stderr
2026-02-20T00:36:10.892+0000 7f481ca5d640 1 -- 10.20.193.74:0/2846930065 --> [v2:10.20.193.74:3300/0,v1:10.20.193.74:6789/0] -- mon_subscribe({mgrmap=0+}) -- 0x7f48181a0b60 con 0x7f481807eeb0
2026-02-20T00:36:11.035 INFO:teuthology.orchestra.run.trial074.stdout:/usr/bin/ceph: stderr
2026-02-20T00:36:10.892+0000 7f47ff7fe640 1 -- 10.20.193.74:0/2846930065 <== mon.0 v2:10.20.193.74:3300/0 3 ==== mon_map magic: 0 ==== 205+0+0 (secure 0 0 0) 0x7f480c03c070 con 0x7f481807eeb0
2026-02-20T00:36:11.035 INFO:teuthology.orchestra.run.trial074.stdout:/usr/bin/ceph: stderr
2026-02-20T00:36:10.892+0000 7f481ca5d640 1 -- 10.20.193.74:0/2846930065 --> [v2:10.20.193.74:3300/0,v1:10.20.193.74:6789/0] -- mon_subscribe({osdmap=0}) -- 0x7f48181a3850 con 0x7f481807eeb0
2026-02-20T00:36:11.035 INFO:teuthology.orchestra.run.trial074.stdout:/usr/bin/ceph: stderr
2026-02-20T00:36:10.892+0000 7f481ca5d640 1 -- 10.20.193.74:0/2846930065 --> [v2:10.20.193.74:3300/0,v1:10.20.193.74:6789/0] -- mon_command({"prefix": "get_command_descriptions"} v 0) -- 0x7f481807d390 con 0x7f481807eeb0
2026-02-20T00:36:11.035 INFO:teuthology.orchestra.run.trial074.stdout:/usr/bin/ceph: stderr
2026-02-20T00:36:10.892+0000 7f47ff7fe640 1 -- 10.20.193.74:0/2846930065 <== mon.0 v2:10.20.193.74:3300/0 4 ==== mgrmap(e 3) ==== 50130+0+0 (secure 0 0 0) 0x7f480c0406e0 con 0x7f481807eeb0
2026-02-20T00:36:11.035 INFO:teuthology.orchestra.run.trial074.stdout:/usr/bin/ceph: stderr
2026-02-20T00:36:10.892+0000 7f47ff7fe640 1 --2- 10.20.193.74:0/2846930065 >> [v2:10.20.193.74:6800/3138933766,v1:10.20.193.74:6801/3138933766] conn(0x7f47f003da80 0x7f47f003ff40 unknown :-1 s=NONE pgs=0 cs=0 l=1 rev1=0 crypto rx=0 tx=0 comp rx=0 tx=0).connect
2026-02-20T00:36:11.035 INFO:teuthology.orchestra.run.trial074.stdout:/usr/bin/ceph: stderr
2026-02-20T00:36:10.892+0000 7f47ff7fe640 1 -- 10.20.193.74:0/2846930065 <== mon.0 v2:10.20.193.74:3300/0 5 ==== osd_map(1..1 src has 1..1) ==== 725+0+0 (secure 0 0 0) 0x7f480c0761c0 con 0x7f481807eeb0
2026-02-20T00:36:11.035 INFO:teuthology.orchestra.run.trial074.stdout:/usr/bin/ceph: stderr
2026-02-20T00:36:10.893+0000 7f4815d74640 1 --2- 10.20.193.74:0/2846930065 >> [v2:10.20.193.74:6800/3138933766,v1:10.20.193.74:6801/3138933766] conn(0x7f47f003da80 0x7f47f003ff40 unknown :-1 s=BANNER_CONNECTING pgs=0 cs=0 l=1 rev1=0 crypto rx=0 tx=0 comp rx=0 tx=0)._handle_peer_banner_payload supported=3 required=0
2026-02-20T00:36:11.035 INFO:teuthology.orchestra.run.trial074.stdout:/usr/bin/ceph: stderr
2026-02-20T00:36:10.893+0000 7f4815d74640 1 --2- 10.20.193.74:0/2846930065 >> [v2:10.20.193.74:6800/3138933766,v1:10.20.193.74:6801/3138933766] conn(0x7f47f003da80 0x7f47f003ff40 secure :-1 s=READY pgs=6 cs=0 l=1 rev1=1 crypto rx=0x7f48000099c0 tx=0x7f4800006eb0 comp rx=0 tx=0).ready entity=mgr.14100 client_cookie=0 server_cookie=0 in_seq=0 out_seq=0
2026-02-20T00:36:11.036 INFO:teuthology.orchestra.run.trial074.stdout:/usr/bin/ceph: stderr
2026-02-20T00:36:10.895+0000 7f47ff7fe640 1 -- 10.20.193.74:0/2846930065 <== mon.0 v2:10.20.193.74:3300/0 6 ==== mon_command_ack([{"prefix": "get_command_descriptions"}]=0 v0) ==== 72+0+195034 (secure 0 0 0) 0x7f480c033200 con 0x7f481807eeb0
2026-02-20T00:36:11.036 INFO:teuthology.orchestra.run.trial074.stdout:/usr/bin/ceph: stderr
2026-02-20T00:36:11.009+0000 7f481ca5d640 1 -- 10.20.193.74:0/2846930065 --> [v2:10.20.193.74:3300/0,v1:10.20.193.74:6789/0] -- mon_command({"prefix": "status", "format": "json-pretty"} v 0) -- 0x7f48181a3a70 con 0x7f481807eeb0
2026-02-20T00:36:11.036 INFO:teuthology.orchestra.run.trial074.stdout:/usr/bin/ceph: stderr
2026-02-20T00:36:11.009+0000 7f47ff7fe640 1 -- 10.20.193.74:0/2846930065 <== mon.0 v2:10.20.193.74:3300/0 7 ==== mon_command_ack([{"prefix": "status", "format": "json-pretty"}]=0 v0) ==== 79+0+1290 (secure 0 0 0) 0x7f48181a3a70 con 0x7f481807eeb0
2026-02-20T00:36:11.036 INFO:teuthology.orchestra.run.trial074.stdout:/usr/bin/ceph: stderr
2026-02-20T00:36:11.010+0000 7f481ca5d640 1 -- 10.20.193.74:0/2846930065 >> [v2:10.20.193.74:6800/3138933766,v1:10.20.193.74:6801/3138933766] conn(0x7f47f003da80 msgr2=0x7f47f003ff40 secure :-1 s=STATE_CONNECTION_ESTABLISHED l=1).mark_down
2026-02-20T00:36:11.036 INFO:teuthology.orchestra.run.trial074.stdout:/usr/bin/ceph: stderr
2026-02-20T00:36:11.010+0000 7f481ca5d640 1 --2- 10.20.193.74:0/2846930065 >> [v2:10.20.193.74:6800/3138933766,v1:10.20.193.74:6801/3138933766] conn(0x7f47f003da80 0x7f47f003ff40 secure :-1 s=READY pgs=6 cs=0 l=1 rev1=1 crypto rx=0x7f48000099c0 tx=0x7f4800006eb0 comp rx=0 tx=0).stop
2026-02-20T00:36:11.036 INFO:teuthology.orchestra.run.trial074.stdout:/usr/bin/ceph: stderr
2026-02-20T00:36:11.010+0000 7f481ca5d640 1 -- 10.20.193.74:0/2846930065 >> [v2:10.20.193.74:3300/0,v1:10.20.193.74:6789/0] conn(0x7f481807eeb0 msgr2=0x7f48181a0390 secure :-1 s=STATE_CONNECTION_ESTABLISHED l=1).mark_down
2026-02-20T00:36:11.036 INFO:teuthology.orchestra.run.trial074.stdout:/usr/bin/ceph: stderr
2026-02-20T00:36:11.010+0000 7f481ca5d640 1 --2- 10.20.193.74:0/2846930065 >> [v2:10.20.193.74:3300/0,v1:10.20.193.74:6789/0] conn(0x7f481807eeb0 0x7f48181a0390 secure :-1 s=READY pgs=17 cs=0 l=1 rev1=1 crypto rx=0x7f480c037e70 tx=0x7f480c037b90 comp rx=0 tx=0).stop
2026-02-20T00:36:11.036 INFO:teuthology.orchestra.run.trial074.stdout:/usr/bin/ceph: stderr
2026-02-20T00:36:11.010+0000 7f481ca5d640 1 -- 10.20.193.74:0/2846930065 shutdown_connections
2026-02-20T00:36:11.036 INFO:teuthology.orchestra.run.trial074.stdout:/usr/bin/ceph: stderr
2026-02-20T00:36:11.010+0000 7f481ca5d640 1 --2- 10.20.193.74:0/2846930065 >> [v2:10.20.193.74:6800/3138933766,v1:10.20.193.74:6801/3138933766] conn(0x7f47f003da80 0x7f47f003ff40 unknown :-1 s=CLOSED pgs=6 cs=0 l=1 rev1=1 crypto rx=0 tx=0 comp rx=0 tx=0).stop
2026-02-20T00:36:11.036 INFO:teuthology.orchestra.run.trial074.stdout:/usr/bin/ceph: stderr
2026-02-20T00:36:11.010+0000 7f481ca5d640 1 --2- 10.20.193.74:0/2846930065 >> [v2:10.20.193.74:3300/0,v1:10.20.193.74:6789/0] conn(0x7f481807eeb0 0x7f48181a0390 unknown :-1 s=CLOSED pgs=17 cs=0 l=1 rev1=1 crypto rx=0 tx=0 comp rx=0 tx=0).stop
2026-02-20T00:36:11.036 INFO:teuthology.orchestra.run.trial074.stdout:/usr/bin/ceph: stderr
2026-02-20T00:36:11.010+0000 7f481ca5d640 1 -- 10.20.193.74:0/2846930065 >> 10.20.193.74:0/2846930065 conn(0x7f4818103a60 msgr2=0x7f48181045c0 unknown :-1 s=STATE_NONE l=0).mark_down
2026-02-20T00:36:11.036 INFO:teuthology.orchestra.run.trial074.stdout:/usr/bin/ceph: stderr
2026-02-20T00:36:11.010+0000 7f481ca5d640 1 -- 10.20.193.74:0/2846930065 shutdown_connections
2026-02-20T00:36:11.036 INFO:teuthology.orchestra.run.trial074.stdout:/usr/bin/ceph: stderr
2026-02-20T00:36:11.010+0000 7f481ca5d640 1 -- 10.20.193.74:0/2846930065 wait complete.
2026-02-20T00:36:11.036 INFO:teuthology.orchestra.run.trial074.stdout:mgr is available
2026-02-20T00:36:11.243 INFO:teuthology.orchestra.run.trial074.stdout:/usr/bin/ceph: stdout
2026-02-20T00:36:11.244 INFO:teuthology.orchestra.run.trial074.stdout:/usr/bin/ceph: stdout [global]
2026-02-20T00:36:11.244 INFO:teuthology.orchestra.run.trial074.stdout:/usr/bin/ceph: stdout fsid = 1af4f03a-0df4-11f1-a3b1-d404e6e7d460
2026-02-20T00:36:11.244 INFO:teuthology.orchestra.run.trial074.stdout:/usr/bin/ceph: stdout mon_cluster_log_file_level = debug
2026-02-20T00:36:11.244 INFO:teuthology.orchestra.run.trial074.stdout:/usr/bin/ceph: stdout mon_host = [v2:10.20.193.74:3300,v1:10.20.193.74:6789]
2026-02-20T00:36:11.244 INFO:teuthology.orchestra.run.trial074.stdout:/usr/bin/ceph: stdout mon_osd_allow_pg_remap = true
2026-02-20T00:36:11.244 INFO:teuthology.orchestra.run.trial074.stdout:/usr/bin/ceph: stdout mon_osd_allow_primary_affinity = true
2026-02-20T00:36:11.244 INFO:teuthology.orchestra.run.trial074.stdout:/usr/bin/ceph: stdout mon_warn_on_no_sortbitwise = false
2026-02-20T00:36:11.244 INFO:teuthology.orchestra.run.trial074.stdout:/usr/bin/ceph: stdout osd_crush_chooseleaf_type = 0
2026-02-20T00:36:11.244 INFO:teuthology.orchestra.run.trial074.stdout:/usr/bin/ceph: stdout
2026-02-20T00:36:11.244 INFO:teuthology.orchestra.run.trial074.stdout:/usr/bin/ceph: stdout [mgr]
2026-02-20T00:36:11.245 INFO:teuthology.orchestra.run.trial074.stdout:/usr/bin/ceph: stdout mgr/telemetry/nag = false
2026-02-20T00:36:11.245 INFO:teuthology.orchestra.run.trial074.stdout:/usr/bin/ceph: stdout
2026-02-20T00:36:11.245 INFO:teuthology.orchestra.run.trial074.stdout:/usr/bin/ceph: stdout [osd]
2026-02-20T00:36:11.245 INFO:teuthology.orchestra.run.trial074.stdout:/usr/bin/ceph: stdout mon_osd_backfillfull_ratio = 0.85
2026-02-20T00:36:11.245 INFO:teuthology.orchestra.run.trial074.stdout:/usr/bin/ceph: stdout mon_osd_full_ratio = 0.9
2026-02-20T00:36:11.245 INFO:teuthology.orchestra.run.trial074.stdout:/usr/bin/ceph: stdout mon_osd_nearfull_ratio = 0.8
2026-02-20T00:36:11.245 INFO:teuthology.orchestra.run.trial074.stdout:/usr/bin/ceph: stdout osd_map_max_advance = 10
2026-02-20T00:36:11.245 INFO:teuthology.orchestra.run.trial074.stdout:/usr/bin/ceph: stdout osd_sloppy_crc = true
2026-02-20T00:36:11.245 INFO:teuthology.orchestra.run.trial074.stdout:/usr/bin/ceph: stderr
2026-02-20T00:36:11.127+0000 7f91352d3640 1 Processor -- start
2026-02-20T00:36:11.245 INFO:teuthology.orchestra.run.trial074.stdout:/usr/bin/ceph: stderr
2026-02-20T00:36:11.127+0000 7f91352d3640 1 -- start start
2026-02-20T00:36:11.245 INFO:teuthology.orchestra.run.trial074.stdout:/usr/bin/ceph: stderr
2026-02-20T00:36:11.127+0000 7f91352d3640 1 --2- >> [v2:10.20.193.74:3300/0,v1:10.20.193.74:6789/0] conn(0x7f91301082a0 0x7f91301086a0 unknown :-1 s=NONE pgs=0 cs=0 l=0 rev1=0 crypto rx=0 tx=0 comp rx=0 tx=0).connect
2026-02-20T00:36:11.245 INFO:teuthology.orchestra.run.trial074.stdout:/usr/bin/ceph: stderr
2026-02-20T00:36:11.127+0000 7f91352d3640 1 -- --> [v2:10.20.193.74:3300/0,v1:10.20.193.74:6789/0] -- mon_getmap magic: 0 -- 0x7f9130108c70 con 0x7f91301082a0
2026-02-20T00:36:11.246 INFO:teuthology.orchestra.run.trial074.stdout:/usr/bin/ceph: stderr
2026-02-20T00:36:11.127+0000 7f912effd640 1 --2- >> [v2:10.20.193.74:3300/0,v1:10.20.193.74:6789/0] conn(0x7f91301082a0 0x7f91301086a0 unknown :-1 s=BANNER_CONNECTING pgs=0 cs=0 l=0 rev1=0 crypto rx=0 tx=0 comp rx=0 tx=0)._handle_peer_banner_payload supported=3 required=0
2026-02-20T00:36:11.246 INFO:teuthology.orchestra.run.trial074.stdout:/usr/bin/ceph: stderr
2026-02-20T00:36:11.127+0000 7f912effd640 1 --2- >> [v2:10.20.193.74:3300/0,v1:10.20.193.74:6789/0] conn(0x7f91301082a0 0x7f91301086a0 unknown :-1 s=HELLO_CONNECTING pgs=0 cs=0 l=0 rev1=1 crypto rx=0 tx=0 comp rx=0 tx=0).handle_hello peer v2:10.20.193.74:3300/0 says I am v2:10.20.193.74:33336/0 (socket says 10.20.193.74:33336)
2026-02-20T00:36:11.246 INFO:teuthology.orchestra.run.trial074.stdout:/usr/bin/ceph: stderr
2026-02-20T00:36:11.127+0000 7f912effd640 1 -- 10.20.193.74:0/1610416690 learned_addr learned my addr 10.20.193.74:0/1610416690 (peer_addr_for_me v2:10.20.193.74:0/0)
2026-02-20T00:36:11.246 INFO:teuthology.orchestra.run.trial074.stdout:/usr/bin/ceph: stderr
2026-02-20T00:36:11.127+0000 7f912effd640 1 -- 10.20.193.74:0/1610416690 --> [v2:10.20.193.74:3300/0,v1:10.20.193.74:6789/0] -- mon_subscribe({config=0+,monmap=0+}) -- 0x7f91301094a0 con 0x7f91301082a0
2026-02-20T00:36:11.246 INFO:teuthology.orchestra.run.trial074.stdout:/usr/bin/ceph: stderr
2026-02-20T00:36:11.128+0000 7f912effd640 1 --2- 10.20.193.74:0/1610416690 >> [v2:10.20.193.74:3300/0,v1:10.20.193.74:6789/0] conn(0x7f91301082a0 0x7f91301086a0 secure :-1 s=READY pgs=18 cs=0 l=1 rev1=1 crypto rx=0x7f9124009920 tx=0x7f912402ef20 comp rx=0 tx=0).ready entity=mon.0 client_cookie=941980fedc642a2b server_cookie=0 in_seq=0 out_seq=0
2026-02-20T00:36:11.246 INFO:teuthology.orchestra.run.trial074.stdout:/usr/bin/ceph: stderr
2026-02-20T00:36:11.128+0000 7f912dffb640 1 -- 10.20.193.74:0/1610416690 <== mon.0 v2:10.20.193.74:3300/0 1 ==== mon_map magic: 0 ==== 205+0+0 (secure 0 0 0) 0x7f912403c070 con 0x7f91301082a0
2026-02-20T00:36:11.246 INFO:teuthology.orchestra.run.trial074.stdout:/usr/bin/ceph: stderr
2026-02-20T00:36:11.128+0000 7f912dffb640 1 -- 10.20.193.74:0/1610416690 <== mon.0 v2:10.20.193.74:3300/0 2 ==== config(26 keys) ==== 1041+0+0 (secure 0 0 0) 0x7f9124037440 con 0x7f91301082a0
2026-02-20T00:36:11.246 INFO:teuthology.orchestra.run.trial074.stdout:/usr/bin/ceph: stderr
2026-02-20T00:36:11.128+0000 7f912dffb640 1 -- 10.20.193.74:0/1610416690 <== mon.0 v2:10.20.193.74:3300/0 3 ==== mon_map magic: 0 ==== 205+0+0 (secure 0 0 0) 0x7f91240354d0 con 0x7f91301082a0
2026-02-20T00:36:11.246 INFO:teuthology.orchestra.run.trial074.stdout:/usr/bin/ceph: stderr
2026-02-20T00:36:11.128+0000 7f91352d3640 1 -- 10.20.193.74:0/1610416690 >> [v2:10.20.193.74:3300/0,v1:10.20.193.74:6789/0] conn(0x7f91301082a0 msgr2=0x7f91301086a0 secure :-1 s=STATE_CONNECTION_ESTABLISHED l=1).mark_down
2026-02-20T00:36:11.246 INFO:teuthology.orchestra.run.trial074.stdout:/usr/bin/ceph: stderr
2026-02-20T00:36:11.128+0000 7f91352d3640 1 --2- 10.20.193.74:0/1610416690 >> [v2:10.20.193.74:3300/0,v1:10.20.193.74:6789/0] conn(0x7f91301082a0 0x7f91301086a0 secure :-1 s=READY pgs=18 cs=0 l=1 rev1=1 crypto rx=0x7f9124009920 tx=0x7f912402ef20 comp rx=0 tx=0).stop
2026-02-20T00:36:11.246 INFO:teuthology.orchestra.run.trial074.stdout:/usr/bin/ceph: stderr
2026-02-20T00:36:11.128+0000 7f91352d3640 1 -- 10.20.193.74:0/1610416690 shutdown_connections
2026-02-20T00:36:11.247 INFO:teuthology.orchestra.run.trial074.stdout:/usr/bin/ceph: stderr
2026-02-20T00:36:11.128+0000 7f91352d3640 1 --2- 10.20.193.74:0/1610416690 >> [v2:10.20.193.74:3300/0,v1:10.20.193.74:6789/0] conn(0x7f91301082a0 0x7f91301086a0 unknown :-1 s=CLOSED pgs=18 cs=0 l=1 rev1=1 crypto rx=0 tx=0 comp rx=0 tx=0).stop
2026-02-20T00:36:11.247 INFO:teuthology.orchestra.run.trial074.stdout:/usr/bin/ceph: stderr
2026-02-20T00:36:11.128+0000 7f91352d3640 1 -- 10.20.193.74:0/1610416690 >> 10.20.193.74:0/1610416690 conn(0x7f9130103a50 msgr2=0x7f9130105e70 unknown :-1 s=STATE_NONE l=0).mark_down
2026-02-20T00:36:11.247 INFO:teuthology.orchestra.run.trial074.stdout:/usr/bin/ceph: stderr
2026-02-20T00:36:11.128+0000 7f91352d3640 1 -- 10.20.193.74:0/1610416690 shutdown_connections
2026-02-20T00:36:11.247 INFO:teuthology.orchestra.run.trial074.stdout:/usr/bin/ceph: stderr
2026-02-20T00:36:11.128+0000 7f91352d3640 1 -- 10.20.193.74:0/1610416690 wait complete.
2026-02-20T00:36:11.247 INFO:teuthology.orchestra.run.trial074.stdout:/usr/bin/ceph: stderr
2026-02-20T00:36:11.128+0000 7f91352d3640 1 Processor -- start
2026-02-20T00:36:11.247 INFO:teuthology.orchestra.run.trial074.stdout:/usr/bin/ceph: stderr
2026-02-20T00:36:11.129+0000 7f91352d3640 1 -- start start
2026-02-20T00:36:11.247 INFO:teuthology.orchestra.run.trial074.stdout:/usr/bin/ceph: stderr
2026-02-20T00:36:11.129+0000 7f91352d3640 1 --2- >> [v2:10.20.193.74:3300/0,v1:10.20.193.74:6789/0] conn(0x7f91301082a0 0x7f91301a0470 unknown :-1 s=NONE pgs=0 cs=0 l=1 rev1=0 crypto rx=0 tx=0 comp rx=0 tx=0).connect
2026-02-20T00:36:11.247 INFO:teuthology.orchestra.run.trial074.stdout:/usr/bin/ceph: stderr
2026-02-20T00:36:11.129+0000 7f91352d3640 1 -- --> [v2:10.20.193.74:3300/0,v1:10.20.193.74:6789/0] -- mon_getmap magic: 0 -- 0x7f913010c6d0 con 0x7f91301082a0
2026-02-20T00:36:11.247 INFO:teuthology.orchestra.run.trial074.stdout:/usr/bin/ceph: stderr
2026-02-20T00:36:11.129+0000 7f912effd640 1 --2- >> [v2:10.20.193.74:3300/0,v1:10.20.193.74:6789/0] conn(0x7f91301082a0 0x7f91301a0470 unknown :-1 s=BANNER_CONNECTING pgs=0 cs=0 l=1 rev1=0 crypto rx=0 tx=0 comp rx=0 tx=0)._handle_peer_banner_payload supported=3 required=0
2026-02-20T00:36:11.247 INFO:teuthology.orchestra.run.trial074.stdout:/usr/bin/ceph: stderr
2026-02-20T00:36:11.129+0000 7f912effd640 1 --2- >> [v2:10.20.193.74:3300/0,v1:10.20.193.74:6789/0] conn(0x7f91301082a0 0x7f91301a0470 unknown :-1 s=HELLO_CONNECTING pgs=0 cs=0 l=1 rev1=1 crypto rx=0 tx=0 comp rx=0 tx=0).handle_hello peer v2:10.20.193.74:3300/0 says I am v2:10.20.193.74:33338/0 (socket says 10.20.193.74:33338)
2026-02-20T00:36:11.247 INFO:teuthology.orchestra.run.trial074.stdout:/usr/bin/ceph: stderr
2026-02-20T00:36:11.129+0000 7f912effd640 1 -- 10.20.193.74:0/724205441 learned_addr learned my addr 10.20.193.74:0/724205441 (peer_addr_for_me v2:10.20.193.74:0/0)
2026-02-20T00:36:11.248 INFO:teuthology.orchestra.run.trial074.stdout:/usr/bin/ceph: stderr
2026-02-20T00:36:11.129+0000 7f912effd640 1 -- 10.20.193.74:0/724205441 --> [v2:10.20.193.74:3300/0,v1:10.20.193.74:6789/0] -- mon_subscribe({config=0+,monmap=0+}) -- 0x7f91301a09b0 con 0x7f91301082a0
2026-02-20T00:36:11.248 INFO:teuthology.orchestra.run.trial074.stdout:/usr/bin/ceph: stderr
2026-02-20T00:36:11.129+0000 7f912effd640 1 --2- 10.20.193.74:0/724205441 >> [v2:10.20.193.74:3300/0,v1:10.20.193.74:6789/0] conn(0x7f91301082a0 0x7f91301a0470 secure :-1 s=READY pgs=19 cs=0 l=1 rev1=1 crypto rx=0x7f9124037d60 tx=0x7f9124037960 comp rx=0 tx=0).ready entity=mon.0 client_cookie=0 server_cookie=0 in_seq=0 out_seq=0
2026-02-20T00:36:11.248 INFO:teuthology.orchestra.run.trial074.stdout:/usr/bin/ceph: stderr
2026-02-20T00:36:11.129+0000 7f910ffff640 1 -- 10.20.193.74:0/724205441 <== mon.0 v2:10.20.193.74:3300/0 1 ==== mon_map magic: 0 ==== 205+0+0 (secure 0 0 0) 0x7f9124045070 con 0x7f91301082a0
2026-02-20T00:36:11.248 INFO:teuthology.orchestra.run.trial074.stdout:/usr/bin/ceph: stderr
2026-02-20T00:36:11.129+0000 7f910ffff640 1 -- 10.20.193.74:0/724205441 <== mon.0 v2:10.20.193.74:3300/0 2 ==== config(26 keys) ==== 1041+0+0 (secure 0 0 0) 0x7f9124035e60 con 0x7f91301082a0
2026-02-20T00:36:11.248 INFO:teuthology.orchestra.run.trial074.stdout:/usr/bin/ceph: stderr
2026-02-20T00:36:11.129+0000 7f91352d3640 1 -- 10.20.193.74:0/724205441 --> [v2:10.20.193.74:3300/0,v1:10.20.193.74:6789/0] -- mon_subscribe({mgrmap=0+}) -- 0x7f91301a0c40 con 0x7f91301082a0
2026-02-20T00:36:11.248 INFO:teuthology.orchestra.run.trial074.stdout:/usr/bin/ceph: stderr
2026-02-20T00:36:11.129+0000 7f910ffff640 1 -- 10.20.193.74:0/724205441 <== mon.0 v2:10.20.193.74:3300/0 3 ==== mon_map magic: 0 ==== 205+0+0 (secure 0 0 0) 0x7f912403c070 con 0x7f91301082a0
2026-02-20T00:36:11.248 INFO:teuthology.orchestra.run.trial074.stdout:/usr/bin/ceph: stderr
2026-02-20T00:36:11.129+0000 7f91352d3640 1 -- 10.20.193.74:0/724205441 --> [v2:10.20.193.74:3300/0,v1:10.20.193.74:6789/0] -- mon_subscribe({osdmap=0}) -- 0x7f91301a3930 con 0x7f91301082a0
2026-02-20T00:36:11.248 INFO:teuthology.orchestra.run.trial074.stdout:/usr/bin/ceph: stderr
2026-02-20T00:36:11.130+0000 7f91352d3640 1 -- 10.20.193.74:0/724205441 --> [v2:10.20.193.74:3300/0,v1:10.20.193.74:6789/0] -- mon_command({"prefix": "get_command_descriptions"} v 0) -- 0x7f9130108720 con 0x7f91301082a0
2026-02-20T00:36:11.248 INFO:teuthology.orchestra.run.trial074.stdout:/usr/bin/ceph: stderr
2026-02-20T00:36:11.130+0000 7f910ffff640 1 -- 10.20.193.74:0/724205441 <== mon.0 v2:10.20.193.74:3300/0 4 ==== mgrmap(e 4) ==== 50236+0+0 (secure 0 0 0) 0x7f91240405e0 con 0x7f91301082a0
2026-02-20T00:36:11.248 INFO:teuthology.orchestra.run.trial074.stdout:/usr/bin/ceph: stderr
2026-02-20T00:36:11.130+0000 7f910ffff640 1 --2- 10.20.193.74:0/724205441 >> [v2:10.20.193.74:6800/3138933766,v1:10.20.193.74:6801/3138933766] conn(0x7f910403dba0 0x7f9104040060 unknown :-1 s=NONE pgs=0 cs=0 l=1 rev1=0 crypto rx=0 tx=0 comp rx=0 tx=0).connect
2026-02-20T00:36:11.248 INFO:teuthology.orchestra.run.trial074.stdout:/usr/bin/ceph: stderr
2026-02-20T00:36:11.130+0000 7f910ffff640 1 -- 10.20.193.74:0/724205441 <== mon.0 v2:10.20.193.74:3300/0 5 ==== osd_map(1..1 src has 1..1) ==== 725+0+0 (secure 0 0 0) 0x7f91240766b0 con 0x7f91301082a0
2026-02-20T00:36:11.249 INFO:teuthology.orchestra.run.trial074.stdout:/usr/bin/ceph: stderr
2026-02-20T00:36:11.130+0000 7f912e7fc640 1 --2- 10.20.193.74:0/724205441 >> [v2:10.20.193.74:6800/3138933766,v1:10.20.193.74:6801/3138933766] conn(0x7f910403dba0 0x7f9104040060 unknown :-1 s=BANNER_CONNECTING pgs=0 cs=0 l=1 rev1=0 crypto rx=0 tx=0 comp rx=0 tx=0)._handle_peer_banner_payload supported=3 required=0
2026-02-20T00:36:11.249 INFO:teuthology.orchestra.run.trial074.stdout:/usr/bin/ceph: stderr
2026-02-20T00:36:11.130+0000 7f912e7fc640 1 --2- 10.20.193.74:0/724205441 >> [v2:10.20.193.74:6800/3138933766,v1:10.20.193.74:6801/3138933766] conn(0x7f910403dba0 0x7f9104040060 secure :-1 s=READY pgs=7 cs=0 l=1 rev1=1 crypto rx=0x7f91180099c0 tx=0x7f9118006eb0 comp rx=0 tx=0).ready entity=mgr.14100 client_cookie=0 server_cookie=0 in_seq=0 out_seq=0
2026-02-20T00:36:11.249 INFO:teuthology.orchestra.run.trial074.stdout:/usr/bin/ceph: stderr
2026-02-20T00:36:11.132+0000 7f910ffff640 1 -- 10.20.193.74:0/724205441 <== mon.0 v2:10.20.193.74:3300/0 6 ==== mon_command_ack([{"prefix": "get_command_descriptions"}]=0 v0) ==== 72+0+195034 (secure 0 0 0) 0x7f91240760d0 con 0x7f91301082a0
2026-02-20T00:36:11.249 INFO:teuthology.orchestra.run.trial074.stdout:/usr/bin/ceph: stderr
2026-02-20T00:36:11.215+0000 7f91352d3640 1 -- 10.20.193.74:0/724205441 --> [v2:10.20.193.74:3300/0,v1:10.20.193.74:6789/0] -- mon_command({"prefix": "config assimilate-conf"} v 0) -- 0x7f91301a5150 con 0x7f91301082a0
2026-02-20T00:36:11.249 INFO:teuthology.orchestra.run.trial074.stdout:/usr/bin/ceph: stderr
2026-02-20T00:36:11.216+0000 7f910ffff640 1 -- 10.20.193.74:0/724205441 <== mon.0 v2:10.20.193.74:3300/0 7 ==== mon_command_ack([{"prefix": "config assimilate-conf"}]=0 v3) ==== 70+0+465 (secure 0 0 0) 0x7f912404a440 con 0x7f91301082a0
2026-02-20T00:36:11.249 INFO:teuthology.orchestra.run.trial074.stdout:/usr/bin/ceph: stderr
2026-02-20T00:36:11.217+0000 7f91352d3640 1 -- 10.20.193.74:0/724205441 >> [v2:10.20.193.74:6800/3138933766,v1:10.20.193.74:6801/3138933766] conn(0x7f910403dba0 msgr2=0x7f9104040060 secure :-1 s=STATE_CONNECTION_ESTABLISHED l=1).mark_down
2026-02-20T00:36:11.249 INFO:teuthology.orchestra.run.trial074.stdout:/usr/bin/ceph: stderr
2026-02-20T00:36:11.217+0000 7f91352d3640 1 --2- 10.20.193.74:0/724205441 >> [v2:10.20.193.74:6800/3138933766,v1:10.20.193.74:6801/3138933766] conn(0x7f910403dba0 0x7f9104040060 secure :-1 s=READY pgs=7 cs=0 l=1 rev1=1 crypto rx=0x7f91180099c0 tx=0x7f9118006eb0 comp rx=0 tx=0).stop
2026-02-20T00:36:11.249 INFO:teuthology.orchestra.run.trial074.stdout:/usr/bin/ceph: stderr
2026-02-20T00:36:11.217+0000 7f91352d3640 1 -- 10.20.193.74:0/724205441 >> [v2:10.20.193.74:3300/0,v1:10.20.193.74:6789/0] conn(0x7f91301082a0 msgr2=0x7f91301a0470 secure :-1 s=STATE_CONNECTION_ESTABLISHED l=1).mark_down
2026-02-20T00:36:11.249 INFO:teuthology.orchestra.run.trial074.stdout:/usr/bin/ceph: stderr
2026-02-20T00:36:11.217+0000 7f91352d3640 1 --2- 10.20.193.74:0/724205441 >> [v2:10.20.193.74:3300/0,v1:10.20.193.74:6789/0] conn(0x7f91301082a0 0x7f91301a0470 secure :-1 s=READY pgs=19 cs=0 l=1 rev1=1 crypto rx=0x7f9124037d60 tx=0x7f9124037960 comp rx=0 tx=0).stop
2026-02-20T00:36:11.249 INFO:teuthology.orchestra.run.trial074.stdout:/usr/bin/ceph: stderr
2026-02-20T00:36:11.217+0000 7f91352d3640 1 -- 10.20.193.74:0/724205441 shutdown_connections
2026-02-20T00:36:11.249 INFO:teuthology.orchestra.run.trial074.stdout:/usr/bin/ceph: stderr
2026-02-20T00:36:11.217+0000 7f91352d3640 1 --2- 10.20.193.74:0/724205441 >> [v2:10.20.193.74:6800/3138933766,v1:10.20.193.74:6801/3138933766] conn(0x7f910403dba0 0x7f9104040060 unknown :-1 s=CLOSED pgs=7 cs=0 l=1 rev1=1 crypto rx=0 tx=0 comp rx=0 tx=0).stop
2026-02-20T00:36:11.249 INFO:teuthology.orchestra.run.trial074.stdout:/usr/bin/ceph: stderr
2026-02-20T00:36:11.217+0000 7f91352d3640 1 --2- 10.20.193.74:0/724205441 >> [v2:10.20.193.74:3300/0,v1:10.20.193.74:6789/0] conn(0x7f91301082a0 0x7f91301a0470 unknown :-1 s=CLOSED pgs=19 cs=0 l=1 rev1=1 crypto rx=0 tx=0 comp rx=0 tx=0).stop
2026-02-20T00:36:11.250 INFO:teuthology.orchestra.run.trial074.stdout:/usr/bin/ceph: stderr
2026-02-20T00:36:11.217+0000 7f91352d3640 1 -- 10.20.193.74:0/724205441 >> 10.20.193.74:0/724205441 conn(0x7f9130103a50 msgr2=0x7f9130104590 unknown :-1 s=STATE_NONE l=0).mark_down
2026-02-20T00:36:11.250 INFO:teuthology.orchestra.run.trial074.stdout:/usr/bin/ceph: stderr
2026-02-20T00:36:11.217+0000 7f91352d3640 1 -- 10.20.193.74:0/724205441 shutdown_connections
2026-02-20T00:36:11.250 INFO:teuthology.orchestra.run.trial074.stdout:/usr/bin/ceph: stderr
2026-02-20T00:36:11.217+0000 7f91352d3640 1 -- 10.20.193.74:0/724205441 wait complete.
2026-02-20T00:36:11.250 INFO:teuthology.orchestra.run.trial074.stdout:Enabling cephadm module...
2026-02-20T00:36:11.330 INFO:journalctl@ceph.mon.a.trial074.stdout:Feb 20 00:36:11 trial074 ceph-mon[39695]: mgrmap e3: x(active, since 1.00532s)
2026-02-20T00:36:11.330 INFO:journalctl@ceph.mon.a.trial074.stdout:Feb 20 00:36:11 trial074 ceph-mon[39695]: from='client.? 10.20.193.74:0/2846930065' entity='client.admin' cmd=[{"prefix": "status", "format": "json-pretty"}]: dispatch
2026-02-20T00:36:12.112 INFO:teuthology.orchestra.run.trial074.stdout:/usr/bin/ceph: stderr
2026-02-20T00:36:11.328+0000 7fd909326640 1 Processor -- start
2026-02-20T00:36:12.112 INFO:teuthology.orchestra.run.trial074.stdout:/usr/bin/ceph: stderr
2026-02-20T00:36:11.328+0000 7fd909326640 1 -- start start
2026-02-20T00:36:12.112 INFO:teuthology.orchestra.run.trial074.stdout:/usr/bin/ceph: stderr
2026-02-20T00:36:11.328+0000 7fd909326640 1 --2- >> [v2:10.20.193.74:3300/0,v1:10.20.193.74:6789/0] conn(0x7fd90410aa20 0x7fd90410ae20 unknown :-1 s=NONE pgs=0 cs=0 l=0 rev1=0 crypto rx=0 tx=0 comp rx=0 tx=0).connect
2026-02-20T00:36:12.112 INFO:teuthology.orchestra.run.trial074.stdout:/usr/bin/ceph: stderr
2026-02-20T00:36:11.328+0000 7fd909326640 1 -- --> [v2:10.20.193.74:3300/0,v1:10.20.193.74:6789/0] -- mon_getmap magic: 0 -- 0x7fd90410b3f0 con 0x7fd90410aa20
2026-02-20T00:36:12.112 INFO:teuthology.orchestra.run.trial074.stdout:/usr/bin/ceph: stderr
2026-02-20T00:36:11.328+0000 7fd902ffd640 1 --2- >> [v2:10.20.193.74:3300/0,v1:10.20.193.74:6789/0] conn(0x7fd90410aa20 0x7fd90410ae20 unknown :-1 s=BANNER_CONNECTING pgs=0 cs=0 l=0 rev1=0 crypto rx=0 tx=0 comp rx=0 tx=0)._handle_peer_banner_payload supported=3 required=0
2026-02-20T00:36:12.112 INFO:teuthology.orchestra.run.trial074.stdout:/usr/bin/ceph: stderr
2026-02-20T00:36:11.328+0000 7fd902ffd640 1 --2- >> [v2:10.20.193.74:3300/0,v1:10.20.193.74:6789/0] conn(0x7fd90410aa20 0x7fd90410ae20 unknown :-1 s=HELLO_CONNECTING pgs=0 cs=0 l=0 rev1=1 crypto rx=0 tx=0 comp rx=0 tx=0).handle_hello peer v2:10.20.193.74:3300/0 says I am v2:10.20.193.74:33348/0 (socket says 10.20.193.74:33348)
2026-02-20T00:36:12.112 INFO:teuthology.orchestra.run.trial074.stdout:/usr/bin/ceph: stderr
2026-02-20T00:36:11.328+0000 7fd902ffd640 1 -- 10.20.193.74:0/2404880403 learned_addr learned my addr 10.20.193.74:0/2404880403 (peer_addr_for_me v2:10.20.193.74:0/0)
2026-02-20T00:36:12.112 INFO:teuthology.orchestra.run.trial074.stdout:/usr/bin/ceph: stderr
2026-02-20T00:36:11.328+0000 7fd902ffd640 1 -- 10.20.193.74:0/2404880403 --> [v2:10.20.193.74:3300/0,v1:10.20.193.74:6789/0] -- mon_subscribe({config=0+,monmap=0+}) -- 0x7fd90410b740 con 0x7fd90410aa20
2026-02-20T00:36:12.113 INFO:teuthology.orchestra.run.trial074.stdout:/usr/bin/ceph: stderr
2026-02-20T00:36:11.329+0000 7fd902ffd640 1 --2- 10.20.193.74:0/2404880403 >> [v2:10.20.193.74:3300/0,v1:10.20.193.74:6789/0] conn(0x7fd90410aa20 0x7fd90410ae20 secure :-1 s=READY pgs=20 cs=0 l=1 rev1=1 crypto rx=0x7fd8f8009920 tx=0x7fd8f802ef20 comp rx=0 tx=0).ready entity=mon.0 client_cookie=79a937c3c2752fb2 server_cookie=0 in_seq=0 out_seq=0
2026-02-20T00:36:12.113 INFO:teuthology.orchestra.run.trial074.stdout:/usr/bin/ceph: stderr
2026-02-20T00:36:11.329+0000 7fd901ffb640 1 -- 10.20.193.74:0/2404880403 <== mon.0 v2:10.20.193.74:3300/0 1 ==== mon_map magic: 0 ==== 205+0+0 (secure 0 0 0) 0x7fd8f803c070 con 0x7fd90410aa20
2026-02-20T00:36:12.113 INFO:teuthology.orchestra.run.trial074.stdout:/usr/bin/ceph: stderr
2026-02-20T00:36:11.329+0000 7fd901ffb640 1 -- 10.20.193.74:0/2404880403 <== mon.0 v2:10.20.193.74:3300/0 2 ==== config(26 keys) ==== 1041+0+0 (secure 0 0 0) 0x7fd8f8037440 con 0x7fd90410aa20
2026-02-20T00:36:12.113 INFO:teuthology.orchestra.run.trial074.stdout:/usr/bin/ceph: stderr
2026-02-20T00:36:11.329+0000 7fd901ffb640 1 -- 10.20.193.74:0/2404880403 <== mon.0 v2:10.20.193.74:3300/0 3 ==== mon_map magic: 0 ==== 205+0+0 (secure 0 0 0) 0x7fd8f80354d0 con 0x7fd90410aa20
2026-02-20T00:36:12.113 INFO:teuthology.orchestra.run.trial074.stdout:/usr/bin/ceph: stderr
2026-02-20T00:36:11.329+0000 7fd909326640 1 -- 10.20.193.74:0/2404880403 >> [v2:10.20.193.74:3300/0,v1:10.20.193.74:6789/0] conn(0x7fd90410aa20 msgr2=0x7fd90410ae20 secure :-1 s=STATE_CONNECTION_ESTABLISHED l=1).mark_down
2026-02-20T00:36:12.113 INFO:teuthology.orchestra.run.trial074.stdout:/usr/bin/ceph: stderr
2026-02-20T00:36:11.329+0000 7fd909326640 1 --2- 10.20.193.74:0/2404880403 >> [v2:10.20.193.74:3300/0,v1:10.20.193.74:6789/0] conn(0x7fd90410aa20 0x7fd90410ae20 secure :-1 s=READY pgs=20 cs=0 l=1 rev1=1 crypto rx=0x7fd8f8009920 tx=0x7fd8f802ef20 comp rx=0 tx=0).stop
2026-02-20T00:36:12.113 INFO:teuthology.orchestra.run.trial074.stdout:/usr/bin/ceph: stderr
2026-02-20T00:36:11.329+0000 7fd909326640 1 -- 10.20.193.74:0/2404880403 shutdown_connections
2026-02-20T00:36:12.113 INFO:teuthology.orchestra.run.trial074.stdout:/usr/bin/ceph: stderr
2026-02-20T00:36:11.329+0000 7fd909326640 1 --2- 10.20.193.74:0/2404880403 >> [v2:10.20.193.74:3300/0,v1:10.20.193.74:6789/0] conn(0x7fd90410aa20 0x7fd90410ae20 unknown :-1 s=CLOSED pgs=20 cs=0 l=1 rev1=1 crypto rx=0 tx=0 comp rx=0 tx=0).stop
2026-02-20T00:36:12.113 INFO:teuthology.orchestra.run.trial074.stdout:/usr/bin/ceph: stderr
2026-02-20T00:36:11.329+0000 7fd909326640 1 -- 10.20.193.74:0/2404880403 >> 10.20.193.74:0/2404880403 conn(0x7fd90407db20 msgr2=0x7fd90407df50 unknown :-1 s=STATE_NONE l=0).mark_down
2026-02-20T00:36:12.113 INFO:teuthology.orchestra.run.trial074.stdout:/usr/bin/ceph: stderr
2026-02-20T00:36:11.329+0000 7fd909326640 1 -- 10.20.193.74:0/2404880403 shutdown_connections
2026-02-20T00:36:12.113 INFO:teuthology.orchestra.run.trial074.stdout:/usr/bin/ceph: stderr
2026-02-20T00:36:11.329+0000 7fd909326640 1 -- 10.20.193.74:0/2404880403 wait complete.
2026-02-20T00:36:12.114 INFO:teuthology.orchestra.run.trial074.stdout:/usr/bin/ceph: stderr
2026-02-20T00:36:11.330+0000 7fd909326640 1 Processor -- start
2026-02-20T00:36:12.114 INFO:teuthology.orchestra.run.trial074.stdout:/usr/bin/ceph: stderr
2026-02-20T00:36:11.330+0000 7fd909326640 1 -- start start
2026-02-20T00:36:12.114 INFO:teuthology.orchestra.run.trial074.stdout:/usr/bin/ceph: stderr
2026-02-20T00:36:11.330+0000 7fd909326640 1 --2- >> [v2:10.20.193.74:3300/0,v1:10.20.193.74:6789/0] conn(0x7fd90410aa20 0x7fd9041a0440 unknown :-1 s=NONE pgs=0 cs=0 l=1 rev1=0 crypto rx=0 tx=0 comp rx=0 tx=0).connect
2026-02-20T00:36:12.114 INFO:teuthology.orchestra.run.trial074.stdout:/usr/bin/ceph: stderr
2026-02-20T00:36:11.330+0000 7fd909326640 1 -- --> [v2:10.20.193.74:3300/0,v1:10.20.193.74:6789/0] -- mon_getmap magic: 0 -- 0x7fd90410e970 con 0x7fd90410aa20
2026-02-20T00:36:12.114 INFO:teuthology.orchestra.run.trial074.stdout:/usr/bin/ceph: stderr
2026-02-20T00:36:11.330+0000 7fd902ffd640 1 --2- >> [v2:10.20.193.74:3300/0,v1:10.20.193.74:6789/0] conn(0x7fd90410aa20 0x7fd9041a0440 unknown :-1 s=BANNER_CONNECTING pgs=0 cs=0 l=1 rev1=0 crypto rx=0 tx=0 comp rx=0 tx=0)._handle_peer_banner_payload supported=3 required=0
2026-02-20T00:36:12.114 INFO:teuthology.orchestra.run.trial074.stdout:/usr/bin/ceph: stderr
2026-02-20T00:36:11.330+0000 7fd902ffd640 1 --2- >> [v2:10.20.193.74:3300/0,v1:10.20.193.74:6789/0] conn(0x7fd90410aa20 0x7fd9041a0440 unknown :-1 s=HELLO_CONNECTING pgs=0 cs=0 l=1 rev1=1 crypto rx=0 tx=0 comp rx=0 tx=0).handle_hello peer v2:10.20.193.74:3300/0 says I am v2:10.20.193.74:33350/0 (socket says 10.20.193.74:33350)
2026-02-20T00:36:12.114 INFO:teuthology.orchestra.run.trial074.stdout:/usr/bin/ceph: stderr
2026-02-20T00:36:11.330+0000 7fd902ffd640 1 -- 10.20.193.74:0/463221719 learned_addr learned my addr 10.20.193.74:0/463221719 (peer_addr_for_me v2:10.20.193.74:0/0)
2026-02-20T00:36:12.114 INFO:teuthology.orchestra.run.trial074.stdout:/usr/bin/ceph: stderr
2026-02-20T00:36:11.330+0000 7fd902ffd640 1 -- 10.20.193.74:0/463221719 --> [v2:10.20.193.74:3300/0,v1:10.20.193.74:6789/0] -- mon_subscribe({config=0+,monmap=0+}) -- 0x7fd9041a0980 con 0x7fd90410aa20
2026-02-20T00:36:12.114 INFO:teuthology.orchestra.run.trial074.stdout:/usr/bin/ceph: stderr
2026-02-20T00:36:11.330+0000 7fd902ffd640 1 --2- 10.20.193.74:0/463221719 >> [v2:10.20.193.74:3300/0,v1:10.20.193.74:6789/0] conn(0x7fd90410aa20 0x7fd9041a0440 secure :-1 s=READY pgs=21 cs=0 l=1 rev1=1 crypto rx=0x7fd8f8037d60 tx=0x7fd8f8037b90 comp rx=0 tx=0).ready entity=mon.0 client_cookie=0 server_cookie=0 in_seq=0 out_seq=0
2026-02-20T00:36:12.114 INFO:teuthology.orchestra.run.trial074.stdout:/usr/bin/ceph: stderr
2026-02-20T00:36:11.330+0000 7fd8e3fff640 1 -- 10.20.193.74:0/463221719 <== mon.0 v2:10.20.193.74:3300/0 1 ==== mon_map magic: 0 ==== 205+0+0 (secure 0 0 0) 0x7fd8f8045070 con 0x7fd90410aa20
2026-02-20T00:36:12.114 INFO:teuthology.orchestra.run.trial074.stdout:/usr/bin/ceph: stderr
2026-02-20T00:36:11.330+0000 7fd8e3fff640 1 -- 10.20.193.74:0/463221719 <== mon.0 v2:10.20.193.74:3300/0 2 ==== config(26 keys) ==== 1041+0+0 (secure 0 0 0) 0x7fd8f8035e60 con 0x7fd90410aa20
2026-02-20T00:36:12.115 INFO:teuthology.orchestra.run.trial074.stdout:/usr/bin/ceph: stderr
2026-02-20T00:36:11.330+0000 7fd909326640 1 -- 10.20.193.74:0/463221719 --> [v2:10.20.193.74:3300/0,v1:10.20.193.74:6789/0] -- mon_subscribe({mgrmap=0+}) -- 0x7fd9041a0c10 con 0x7fd90410aa20
2026-02-20T00:36:12.115 INFO:teuthology.orchestra.run.trial074.stdout:/usr/bin/ceph: stderr
2026-02-20T00:36:11.330+0000 7fd8e3fff640 1 -- 10.20.193.74:0/463221719 <== mon.0 v2:10.20.193.74:3300/0 3 ==== mon_map magic: 0 ==== 205+0+0 (secure 0 0 0) 0x7fd8f803c070 con 0x7fd90410aa20
2026-02-20T00:36:12.115 INFO:teuthology.orchestra.run.trial074.stdout:/usr/bin/ceph: stderr
2026-02-20T00:36:11.330+0000 7fd909326640 1 -- 10.20.193.74:0/463221719 --> [v2:10.20.193.74:3300/0,v1:10.20.193.74:6789/0] -- mon_subscribe({osdmap=0}) -- 0x7fd9041a3900 con 0x7fd90410aa20
2026-02-20T00:36:12.115 INFO:teuthology.orchestra.run.trial074.stdout:/usr/bin/ceph: stderr
2026-02-20T00:36:11.331+0000 7fd909326640 1 -- 10.20.193.74:0/463221719 --> [v2:10.20.193.74:3300/0,v1:10.20.193.74:6789/0] -- mon_command({"prefix": "get_command_descriptions"} v 0) -- 0x7fd90410aea0 con 0x7fd90410aa20
2026-02-20T00:36:12.115 INFO:teuthology.orchestra.run.trial074.stdout:/usr/bin/ceph: stderr
2026-02-20T00:36:11.331+0000 7fd8e3fff640 1 -- 10.20.193.74:0/463221719 <== mon.0 v2:10.20.193.74:3300/0 4 ==== mgrmap(e 4) ==== 50236+0+0 (secure 0 0 0) 0x7fd8f80406c0 con 0x7fd90410aa20
2026-02-20T00:36:12.115 INFO:teuthology.orchestra.run.trial074.stdout:/usr/bin/ceph: stderr
2026-02-20T00:36:11.331+0000 7fd8e3fff640 1 --2- 10.20.193.74:0/463221719 >> [v2:10.20.193.74:6800/3138933766,v1:10.20.193.74:6801/3138933766] conn(0x7fd8d803db50 0x7fd8d8040010 unknown :-1 s=NONE pgs=0 cs=0 l=1 rev1=0 crypto rx=0 tx=0 comp rx=0 tx=0).connect
2026-02-20T00:36:12.115 INFO:teuthology.orchestra.run.trial074.stdout:/usr/bin/ceph: stderr
2026-02-20T00:36:11.331+0000 7fd8e3fff640 1 -- 10.20.193.74:0/463221719 <== mon.0 v2:10.20.193.74:3300/0 5 ==== osd_map(1..1 src has 1..1) ==== 725+0+0 (secure 0 0 0) 0x7fd8f80765f0 con 0x7fd90410aa20
2026-02-20T00:36:12.115 INFO:teuthology.orchestra.run.trial074.stdout:/usr/bin/ceph: stderr
2026-02-20T00:36:11.331+0000 7fd9027fc640 1 --2- 10.20.193.74:0/463221719 >> [v2:10.20.193.74:6800/3138933766,v1:10.20.193.74:6801/3138933766] conn(0x7fd8d803db50 0x7fd8d8040010 unknown :-1 s=BANNER_CONNECTING pgs=0 cs=0 l=1 rev1=0 crypto rx=0 tx=0 comp rx=0 tx=0)._handle_peer_banner_payload supported=3 required=0
2026-02-20T00:36:12.115 INFO:teuthology.orchestra.run.trial074.stdout:/usr/bin/ceph: stderr
2026-02-20T00:36:11.331+0000 7fd9027fc640 1 --2- 10.20.193.74:0/463221719 >> [v2:10.20.193.74:6800/3138933766,v1:10.20.193.74:6801/3138933766] conn(0x7fd8d803db50 0x7fd8d8040010 secure :-1 s=READY pgs=8 cs=0 l=1 rev1=1 crypto rx=0x7fd8ec0099c0 tx=0x7fd8ec006eb0 comp rx=0 tx=0).ready entity=mgr.14100 client_cookie=0 server_cookie=0 in_seq=0 out_seq=0
2026-02-20T00:36:12.115 INFO:teuthology.orchestra.run.trial074.stdout:/usr/bin/ceph: stderr
2026-02-20T00:36:11.334+0000 7fd8e3fff640 1 -- 10.20.193.74:0/463221719 <== mon.0 v2:10.20.193.74:3300/0 6 ==== mon_command_ack([{"prefix": "get_command_descriptions"}]=0 v0) ==== 72+0+195034 (secure 0 0 0) 0x7fd8f803c210 con 0x7fd90410aa20
2026-02-20T00:36:12.115 INFO:teuthology.orchestra.run.trial074.stdout:/usr/bin/ceph: stderr
2026-02-20T00:36:11.439+0000 7fd909326640 1 -- 10.20.193.74:0/463221719 --> [v2:10.20.193.74:3300/0,v1:10.20.193.74:6789/0] -- mon_command({"prefix": "mgr module enable", "module": "cephadm"} v 0) -- 0x7fd9041a3f80 con 0x7fd90410aa20
2026-02-20T00:36:12.116 INFO:teuthology.orchestra.run.trial074.stdout:/usr/bin/ceph: stderr
2026-02-20T00:36:12.080+0000 7fd8e3fff640 1 -- 10.20.193.74:0/463221719 <== mon.0 v2:10.20.193.74:3300/0 7 ==== mon_command_ack([{"prefix": "mgr module enable", "module": "cephadm"}]=0 v5) ==== 86+0+0 (secure 0 0 0) 0x7fd8f8076010 con 0x7fd90410aa20
2026-02-20T00:36:12.116 INFO:teuthology.orchestra.run.trial074.stdout:/usr/bin/ceph: stderr
2026-02-20T00:36:12.081+0000 7fd8e3fff640 1 -- 10.20.193.74:0/463221719 <== mon.0 v2:10.20.193.74:3300/0 8 ==== mgrmap(e 5) ==== 50247+0+0 (secure 0 0 0) 0x7fd8f80359e0 con 0x7fd90410aa20
2026-02-20T00:36:12.116 INFO:teuthology.orchestra.run.trial074.stdout:/usr/bin/ceph: stderr
2026-02-20T00:36:12.083+0000 7fd909326640 1 -- 10.20.193.74:0/463221719 >> [v2:10.20.193.74:6800/3138933766,v1:10.20.193.74:6801/3138933766] conn(0x7fd8d803db50 msgr2=0x7fd8d8040010 secure :-1 s=STATE_CONNECTION_ESTABLISHED l=1).mark_down
2026-02-20T00:36:12.116 INFO:teuthology.orchestra.run.trial074.stdout:/usr/bin/ceph: stderr
