2026-02-20T00:45:40.447+0000 7f5ceeffd640 1 -- 10.20.193.34:0/3108893871 <== mon.0 v2:10.20.193.34:3300/0 3 ==== mon_map magic: 0 ==== 205+0+0 (secure 0 0 0) 0x7f5cf0042d90 con 0x7f5d00109850
2026-02-20T00:45:40.711 INFO:teuthology.orchestra.run.trial034.stdout:/usr/bin/ceph: stderr
2026-02-20T00:45:40.447+0000 7f5d07acf640 1 -- 10.20.193.34:0/3108893871 --> [v2:10.20.193.34:3300/0,v1:10.20.193.34:6789/0] -- mon_subscribe({osdmap=0}) -- 0x7f5d0007c750 con 0x7f5d00109850
2026-02-20T00:45:40.711 INFO:teuthology.orchestra.run.trial034.stdout:/usr/bin/ceph: stderr
2026-02-20T00:45:40.447+0000 7f5d07acf640 1 -- 10.20.193.34:0/3108893871 --> [v2:10.20.193.34:3300/0,v1:10.20.193.34:6789/0] -- mon_command({"prefix": "get_command_descriptions"} v 0) -- 0x7f5d00109cd0 con 0x7f5d00109850
2026-02-20T00:45:40.711 INFO:teuthology.orchestra.run.trial034.stdout:/usr/bin/ceph: stderr
2026-02-20T00:45:40.447+0000 7f5ceeffd640 1 -- 10.20.193.34:0/3108893871 <== mon.0 v2:10.20.193.34:3300/0 4 ==== mgrmap(e 11) ==== 50154+0+0 (secure 0 0 0) 0x7f5cf00413e0 con 0x7f5d00109850
2026-02-20T00:45:40.711 INFO:teuthology.orchestra.run.trial034.stdout:/usr/bin/ceph: stderr
2026-02-20T00:45:40.447+0000 7f5ceeffd640 1 --2- 10.20.193.34:0/3108893871 >> [v2:10.20.193.34:6800/2728481932,v1:10.20.193.34:6801/2728481932] conn(0x7f5cdc03dad0 0x7f5cdc03ff90 unknown :-1 s=NONE pgs=0 cs=0 l=1 rev1=0 crypto rx=0 tx=0 comp rx=0 tx=0).connect
2026-02-20T00:45:40.711 INFO:teuthology.orchestra.run.trial034.stdout:/usr/bin/ceph: stderr
2026-02-20T00:45:40.447+0000 7f5ceeffd640 1 -- 10.20.193.34:0/3108893871 <== mon.0 v2:10.20.193.34:3300/0 5 ==== osd_map(3..3 src has 1..3) ==== 1155+0+0 (secure 0 0 0) 0x7f5cf0076a00 con 0x7f5d00109850
2026-02-20T00:45:40.711 INFO:teuthology.orchestra.run.trial034.stdout:/usr/bin/ceph: stderr
2026-02-20T00:45:40.447+0000 7f5d05043640 1 --2- 10.20.193.34:0/3108893871 >> [v2:10.20.193.34:6800/2728481932,v1:10.20.193.34:6801/2728481932] conn(0x7f5cdc03dad0 0x7f5cdc03ff90 unknown :-1 s=BANNER_CONNECTING pgs=0 cs=0 l=1 rev1=0 crypto rx=0 tx=0 comp rx=0 tx=0)._handle_peer_banner_payload supported=3 required=0
2026-02-20T00:45:40.712 INFO:teuthology.orchestra.run.trial034.stdout:/usr/bin/ceph: stderr
2026-02-20T00:45:40.448+0000 7f5d05043640 1 --2- 10.20.193.34:0/3108893871 >> [v2:10.20.193.34:6800/2728481932,v1:10.20.193.34:6801/2728481932] conn(0x7f5cdc03dad0 0x7f5cdc03ff90 secure :-1 s=READY pgs=8 cs=0 l=1 rev1=1 crypto rx=0x7f5cf40099c0 tx=0x7f5cf4006eb0 comp rx=0 tx=0).ready entity=mgr.14150 client_cookie=0 server_cookie=0 in_seq=0 out_seq=0
2026-02-20T00:45:40.712 INFO:teuthology.orchestra.run.trial034.stdout:/usr/bin/ceph: stderr
2026-02-20T00:45:40.450+0000 7f5ceeffd640 1 -- 10.20.193.34:0/3108893871 <== mon.0 v2:10.20.193.34:3300/0 6 ==== mon_command_ack([{"prefix": "get_command_descriptions"}]=0 v0) ==== 72+0+195034 (secure 0 0 0) 0x7f5cf00461c0 con 0x7f5d00109850
2026-02-20T00:45:40.712 INFO:teuthology.orchestra.run.trial034.stdout:/usr/bin/ceph: stderr
2026-02-20T00:45:40.539+0000 7f5d07acf640 1 -- 10.20.193.34:0/3108893871 --> [v2:10.20.193.34:6800/2728481932,v1:10.20.193.34:6801/2728481932] -- mgr_command(tid 0: {"prefix": "dashboard ac-user-create", "username": "admin", "rolename": "administrator", "force_password": true, "pwd_update_required": true, "target": ["mon-mgr", ""]}) -- 0x7f5d0007ce70 con 0x7f5cdc03dad0
2026-02-20T00:45:40.712 INFO:teuthology.orchestra.run.trial034.stdout:/usr/bin/ceph: stderr
2026-02-20T00:45:40.680+0000 7f5ceeffd640 1 -- 10.20.193.34:0/3108893871 <== mgr.14150 v2:10.20.193.34:6800/2728481932 1 ==== mgr_command_reply(tid 0: 0 ) ==== 8+0+252 (secure 0 0 0) 0x7f5d0007ce70 con 0x7f5cdc03dad0
2026-02-20T00:45:40.712 INFO:teuthology.orchestra.run.trial034.stdout:/usr/bin/ceph: stderr
2026-02-20T00:45:40.681+0000 7f5d07acf640 1 -- 10.20.193.34:0/3108893871 >> [v2:10.20.193.34:6800/2728481932,v1:10.20.193.34:6801/2728481932] conn(0x7f5cdc03dad0 msgr2=0x7f5cdc03ff90 secure :-1 s=STATE_CONNECTION_ESTABLISHED l=1).mark_down
2026-02-20T00:45:40.712 INFO:teuthology.orchestra.run.trial034.stdout:/usr/bin/ceph: stderr
2026-02-20T00:45:40.681+0000 7f5d07acf640 1 --2- 10.20.193.34:0/3108893871 >> [v2:10.20.193.34:6800/2728481932,v1:10.20.193.34:6801/2728481932] conn(0x7f5cdc03dad0 0x7f5cdc03ff90 secure :-1 s=READY pgs=8 cs=0 l=1 rev1=1 crypto rx=0x7f5cf40099c0 tx=0x7f5cf4006eb0 comp rx=0 tx=0).stop
2026-02-20T00:45:40.712 INFO:teuthology.orchestra.run.trial034.stdout:/usr/bin/ceph: stderr
2026-02-20T00:45:40.681+0000 7f5d07acf640 1 -- 10.20.193.34:0/3108893871 >> [v2:10.20.193.34:3300/0,v1:10.20.193.34:6789/0] conn(0x7f5d00109850 msgr2=0x7f5d0007dba0 secure :-1 s=STATE_CONNECTION_ESTABLISHED l=1).mark_down
2026-02-20T00:45:40.712 INFO:teuthology.orchestra.run.trial034.stdout:/usr/bin/ceph: stderr
2026-02-20T00:45:40.681+0000 7f5d07acf640 1 --2- 10.20.193.34:0/3108893871 >> [v2:10.20.193.34:3300/0,v1:10.20.193.34:6789/0] conn(0x7f5d00109850 0x7f5d0007dba0 secure :-1 s=READY pgs=71 cs=0 l=1 rev1=1 crypto rx=0x7f5cf0037820 tx=0x7f5cf0037850 comp rx=0 tx=0).stop
2026-02-20T00:45:40.712 INFO:teuthology.orchestra.run.trial034.stdout:/usr/bin/ceph: stderr
2026-02-20T00:45:40.681+0000 7f5d07acf640 1 -- 10.20.193.34:0/3108893871 shutdown_connections
2026-02-20T00:45:40.712 INFO:teuthology.orchestra.run.trial034.stdout:/usr/bin/ceph: stderr
2026-02-20T00:45:40.681+0000 7f5d07acf640 1 --2- 10.20.193.34:0/3108893871 >> [v2:10.20.193.34:6800/2728481932,v1:10.20.193.34:6801/2728481932] conn(0x7f5cdc03dad0 0x7f5cdc03ff90 unknown :-1 s=CLOSED pgs=8 cs=0 l=1 rev1=1 crypto rx=0 tx=0 comp rx=0 tx=0).stop
2026-02-20T00:45:40.712 INFO:teuthology.orchestra.run.trial034.stdout:/usr/bin/ceph: stderr
2026-02-20T00:45:40.681+0000 7f5d07acf640 1 --2- 10.20.193.34:0/3108893871 >> [v2:10.20.193.34:3300/0,v1:10.20.193.34:6789/0] conn(0x7f5d00109850 0x7f5d0007dba0 unknown :-1 s=CLOSED pgs=71 cs=0 l=1 rev1=1 crypto rx=0 tx=0 comp rx=0 tx=0).stop
2026-02-20T00:45:40.712 INFO:teuthology.orchestra.run.trial034.stdout:/usr/bin/ceph: stderr
2026-02-20T00:45:40.681+0000 7f5d07acf640 1 -- 10.20.193.34:0/3108893871 >> 10.20.193.34:0/3108893871 conn(0x7f5d00103a40 msgr2=0x7f5d00104550 unknown :-1 s=STATE_NONE l=0).mark_down
2026-02-20T00:45:40.713 INFO:teuthology.orchestra.run.trial034.stdout:/usr/bin/ceph: stderr
2026-02-20T00:45:40.681+0000 7f5d07acf640 1 -- 10.20.193.34:0/3108893871 shutdown_connections
2026-02-20T00:45:40.713 INFO:teuthology.orchestra.run.trial034.stdout:/usr/bin/ceph: stderr
2026-02-20T00:45:40.681+0000 7f5d07acf640 1 -- 10.20.193.34:0/3108893871 wait complete.
2026-02-20T00:45:40.713 INFO:teuthology.orchestra.run.trial034.stdout:Fetching dashboard port number...
2026-02-20T00:45:40.912 INFO:teuthology.orchestra.run.trial034.stdout:/usr/bin/ceph: stdout 8443
2026-02-20T00:45:40.912 INFO:teuthology.orchestra.run.trial034.stdout:/usr/bin/ceph: stderr
2026-02-20T00:45:40.798+0000 7fb380043640 1 Processor -- start
2026-02-20T00:45:40.912 INFO:teuthology.orchestra.run.trial034.stdout:/usr/bin/ceph: stderr
2026-02-20T00:45:40.798+0000 7fb380043640 1 -- start start
2026-02-20T00:45:40.912 INFO:teuthology.orchestra.run.trial034.stdout:/usr/bin/ceph: stderr
2026-02-20T00:45:40.798+0000 7fb380043640 1 --2- >> [v2:10.20.193.34:3300/0,v1:10.20.193.34:6789/0] conn(0x7fb3781081a0 0x7fb3781085a0 unknown :-1 s=NONE pgs=0 cs=0 l=0 rev1=0 crypto rx=0 tx=0 comp rx=0 tx=0).connect
2026-02-20T00:45:40.913 INFO:teuthology.orchestra.run.trial034.stdout:/usr/bin/ceph: stderr
2026-02-20T00:45:40.798+0000 7fb380043640 1 -- --> [v2:10.20.193.34:3300/0,v1:10.20.193.34:6789/0] -- mon_getmap magic: 0 -- 0x7fb378108b70 con 0x7fb3781081a0
2026-02-20T00:45:40.913 INFO:teuthology.orchestra.run.trial034.stdout:/usr/bin/ceph: stderr
2026-02-20T00:45:40.798+0000 7fb37ddb8640 1 --2- >> [v2:10.20.193.34:3300/0,v1:10.20.193.34:6789/0] conn(0x7fb3781081a0 0x7fb3781085a0 unknown :-1 s=BANNER_CONNECTING pgs=0 cs=0 l=0 rev1=0 crypto rx=0 tx=0 comp rx=0 tx=0)._handle_peer_banner_payload supported=3 required=0
2026-02-20T00:45:40.913 INFO:teuthology.orchestra.run.trial034.stdout:/usr/bin/ceph: stderr
2026-02-20T00:45:40.798+0000 7fb37ddb8640 1 --2- >> [v2:10.20.193.34:3300/0,v1:10.20.193.34:6789/0] conn(0x7fb3781081a0 0x7fb3781085a0 unknown :-1 s=HELLO_CONNECTING pgs=0 cs=0 l=0 rev1=1 crypto rx=0 tx=0 comp rx=0 tx=0).handle_hello peer v2:10.20.193.34:3300/0 says I am v2:10.20.193.34:35530/0 (socket says 10.20.193.34:35530)
2026-02-20T00:45:40.913 INFO:teuthology.orchestra.run.trial034.stdout:/usr/bin/ceph: stderr
2026-02-20T00:45:40.798+0000 7fb37ddb8640 1 -- 10.20.193.34:0/1058125822 learned_addr learned my addr 10.20.193.34:0/1058125822 (peer_addr_for_me v2:10.20.193.34:0/0)
2026-02-20T00:45:40.913 INFO:teuthology.orchestra.run.trial034.stdout:/usr/bin/ceph: stderr
2026-02-20T00:45:40.798+0000 7fb37ddb8640 1 -- 10.20.193.34:0/1058125822 --> [v2:10.20.193.34:3300/0,v1:10.20.193.34:6789/0] -- mon_subscribe({config=0+,monmap=0+}) -- 0x7fb378109350 con 0x7fb3781081a0
2026-02-20T00:45:40.913 INFO:teuthology.orchestra.run.trial034.stdout:/usr/bin/ceph: stderr
2026-02-20T00:45:40.799+0000 7fb37ddb8640 1 --2- 10.20.193.34:0/1058125822 >> [v2:10.20.193.34:3300/0,v1:10.20.193.34:6789/0] conn(0x7fb3781081a0 0x7fb3781085a0 secure :-1 s=READY pgs=72 cs=0 l=1 rev1=1 crypto rx=0x7fb368009920 tx=0x7fb36802ef20 comp rx=0 tx=0).ready entity=mon.0 client_cookie=442e5b1e6e07fd34 server_cookie=0 in_seq=0 out_seq=0
2026-02-20T00:45:40.913 INFO:teuthology.orchestra.run.trial034.stdout:/usr/bin/ceph: stderr
2026-02-20T00:45:40.799+0000 7fb37cdb6640 1 -- 10.20.193.34:0/1058125822 <== mon.0 v2:10.20.193.34:3300/0 1 ==== mon_map magic: 0 ==== 205+0+0 (secure 0 0 0) 0x7fb36803c070 con 0x7fb3781081a0
2026-02-20T00:45:40.913 INFO:teuthology.orchestra.run.trial034.stdout:/usr/bin/ceph: stderr
2026-02-20T00:45:40.799+0000 7fb37cdb6640 1 -- 10.20.193.34:0/1058125822 <== mon.0 v2:10.20.193.34:3300/0 2 ==== config(25 keys) ==== 1038+0+0 (secure 0 0 0) 0x7fb368037440 con 0x7fb3781081a0
2026-02-20T00:45:40.913 INFO:teuthology.orchestra.run.trial034.stdout:/usr/bin/ceph: stderr
2026-02-20T00:45:40.799+0000 7fb37cdb6640 1 -- 10.20.193.34:0/1058125822 <== mon.0 v2:10.20.193.34:3300/0 3 ==== mon_map magic: 0 ==== 205+0+0 (secure 0 0 0) 0x7fb3680354d0 con 0x7fb3781081a0
2026-02-20T00:45:40.913 INFO:teuthology.orchestra.run.trial034.stdout:/usr/bin/ceph: stderr
2026-02-20T00:45:40.799+0000 7fb380043640 1 -- 10.20.193.34:0/1058125822 >> [v2:10.20.193.34:3300/0,v1:10.20.193.34:6789/0] conn(0x7fb3781081a0 msgr2=0x7fb3781085a0 secure :-1 s=STATE_CONNECTION_ESTABLISHED l=1).mark_down
2026-02-20T00:45:40.913 INFO:teuthology.orchestra.run.trial034.stdout:/usr/bin/ceph: stderr
2026-02-20T00:45:40.799+0000 7fb380043640 1 --2- 10.20.193.34:0/1058125822 >> [v2:10.20.193.34:3300/0,v1:10.20.193.34:6789/0] conn(0x7fb3781081a0 0x7fb3781085a0 secure :-1 s=READY pgs=72 cs=0 l=1 rev1=1 crypto rx=0x7fb368009920 tx=0x7fb36802ef20 comp rx=0 tx=0).stop
2026-02-20T00:45:40.914 INFO:teuthology.orchestra.run.trial034.stdout:/usr/bin/ceph: stderr
2026-02-20T00:45:40.799+0000 7fb380043640 1 -- 10.20.193.34:0/1058125822 shutdown_connections
2026-02-20T00:45:40.914 INFO:teuthology.orchestra.run.trial034.stdout:/usr/bin/ceph: stderr
2026-02-20T00:45:40.799+0000 7fb380043640 1 --2- 10.20.193.34:0/1058125822 >> [v2:10.20.193.34:3300/0,v1:10.20.193.34:6789/0] conn(0x7fb3781081a0 0x7fb3781085a0 unknown :-1 s=CLOSED pgs=72 cs=0 l=1 rev1=1 crypto rx=0 tx=0 comp rx=0 tx=0).stop
2026-02-20T00:45:40.914 INFO:teuthology.orchestra.run.trial034.stdout:/usr/bin/ceph: stderr
2026-02-20T00:45:40.799+0000 7fb380043640 1 -- 10.20.193.34:0/1058125822 >> 10.20.193.34:0/1058125822 conn(0x7fb378103970 msgr2=0x7fb378105d90 unknown :-1 s=STATE_NONE l=0).mark_down
2026-02-20T00:45:40.914 INFO:teuthology.orchestra.run.trial034.stdout:/usr/bin/ceph: stderr
2026-02-20T00:45:40.799+0000 7fb380043640 1 -- 10.20.193.34:0/1058125822 shutdown_connections
2026-02-20T00:45:40.914 INFO:teuthology.orchestra.run.trial034.stdout:/usr/bin/ceph: stderr
2026-02-20T00:45:40.799+0000 7fb380043640 1 -- 10.20.193.34:0/1058125822 wait complete.
2026-02-20T00:45:40.914 INFO:teuthology.orchestra.run.trial034.stdout:/usr/bin/ceph: stderr
2026-02-20T00:45:40.799+0000 7fb380043640 1 Processor -- start
2026-02-20T00:45:40.914 INFO:teuthology.orchestra.run.trial034.stdout:/usr/bin/ceph: stderr
2026-02-20T00:45:40.799+0000 7fb380043640 1 -- start start
2026-02-20T00:45:40.914 INFO:teuthology.orchestra.run.trial034.stdout:/usr/bin/ceph: stderr
2026-02-20T00:45:40.800+0000 7fb380043640 1 --2- >> [v2:10.20.193.34:3300/0,v1:10.20.193.34:6789/0] conn(0x7fb3781081a0 0x7fb3781a0240 unknown :-1 s=NONE pgs=0 cs=0 l=1 rev1=0 crypto rx=0 tx=0 comp rx=0 tx=0).connect
2026-02-20T00:45:40.914 INFO:teuthology.orchestra.run.trial034.stdout:/usr/bin/ceph: stderr
2026-02-20T00:45:40.800+0000 7fb380043640 1 -- --> [v2:10.20.193.34:3300/0,v1:10.20.193.34:6789/0] -- mon_getmap magic: 0 -- 0x7fb37810c580 con 0x7fb3781081a0
2026-02-20T00:45:40.914 INFO:teuthology.orchestra.run.trial034.stdout:/usr/bin/ceph: stderr
2026-02-20T00:45:40.800+0000 7fb37ddb8640 1 --2- >> [v2:10.20.193.34:3300/0,v1:10.20.193.34:6789/0] conn(0x7fb3781081a0 0x7fb3781a0240 unknown :-1 s=BANNER_CONNECTING pgs=0 cs=0 l=1 rev1=0 crypto rx=0 tx=0 comp rx=0 tx=0)._handle_peer_banner_payload supported=3 required=0
2026-02-20T00:45:40.914 INFO:teuthology.orchestra.run.trial034.stdout:/usr/bin/ceph: stderr
2026-02-20T00:45:40.800+0000 7fb37ddb8640 1 --2- >> [v2:10.20.193.34:3300/0,v1:10.20.193.34:6789/0] conn(0x7fb3781081a0 0x7fb3781a0240 unknown :-1 s=HELLO_CONNECTING pgs=0 cs=0 l=1 rev1=1 crypto rx=0 tx=0 comp rx=0 tx=0).handle_hello peer v2:10.20.193.34:3300/0 says I am v2:10.20.193.34:35538/0 (socket says 10.20.193.34:35538)
2026-02-20T00:45:40.914 INFO:teuthology.orchestra.run.trial034.stdout:/usr/bin/ceph: stderr
2026-02-20T00:45:40.800+0000 7fb37ddb8640 1 -- 10.20.193.34:0/164754666 learned_addr learned my addr 10.20.193.34:0/164754666 (peer_addr_for_me v2:10.20.193.34:0/0)
2026-02-20T00:45:40.915 INFO:teuthology.orchestra.run.trial034.stdout:/usr/bin/ceph: stderr
2026-02-20T00:45:40.800+0000 7fb37ddb8640 1 -- 10.20.193.34:0/164754666 --> [v2:10.20.193.34:3300/0,v1:10.20.193.34:6789/0] -- mon_subscribe({config=0+,monmap=0+}) -- 0x7fb3781a0780 con 0x7fb3781081a0
2026-02-20T00:45:40.915 INFO:teuthology.orchestra.run.trial034.stdout:/usr/bin/ceph: stderr
2026-02-20T00:45:40.800+0000 7fb37ddb8640 1 --2- 10.20.193.34:0/164754666 >> [v2:10.20.193.34:3300/0,v1:10.20.193.34:6789/0] conn(0x7fb3781081a0 0x7fb3781a0240 secure :-1 s=READY pgs=73 cs=0 l=1 rev1=1 crypto rx=0x7fb368037820 tx=0x7fb368037850 comp rx=0 tx=0).ready entity=mon.0 client_cookie=0 server_cookie=0 in_seq=0 out_seq=0
2026-02-20T00:45:40.915 INFO:teuthology.orchestra.run.trial034.stdout:/usr/bin/ceph: stderr
2026-02-20T00:45:40.800+0000 7fb366ffd640 1 -- 10.20.193.34:0/164754666 <== mon.0 v2:10.20.193.34:3300/0 1 ==== mon_map magic: 0 ==== 205+0+0 (secure 0 0 0) 0x7fb368047070 con 0x7fb3781081a0
2026-02-20T00:45:40.915 INFO:teuthology.orchestra.run.trial034.stdout:/usr/bin/ceph: stderr
2026-02-20T00:45:40.800+0000 7fb366ffd640 1 -- 10.20.193.34:0/164754666 <== mon.0 v2:10.20.193.34:3300/0 2 ==== config(25 keys) ==== 1038+0+0 (secure 0 0 0) 0x7fb368035d70 con 0x7fb3781081a0
2026-02-20T00:45:40.915 INFO:teuthology.orchestra.run.trial034.stdout:/usr/bin/ceph: stderr
2026-02-20T00:45:40.800+0000 7fb380043640 1 -- 10.20.193.34:0/164754666 --> [v2:10.20.193.34:3300/0,v1:10.20.193.34:6789/0] -- mon_subscribe({mgrmap=0+}) -- 0x7fb3781a0a10 con 0x7fb3781081a0
2026-02-20T00:45:40.915 INFO:teuthology.orchestra.run.trial034.stdout:/usr/bin/ceph: stderr
2026-02-20T00:45:40.800+0000 7fb366ffd640 1 -- 10.20.193.34:0/164754666 <== mon.0 v2:10.20.193.34:3300/0 3 ==== mon_map magic: 0 ==== 205+0+0 (secure 0 0 0) 0x7fb36803c070 con 0x7fb3781081a0
2026-02-20T00:45:40.915 INFO:teuthology.orchestra.run.trial034.stdout:/usr/bin/ceph: stderr
2026-02-20T00:45:40.800+0000 7fb380043640 1 -- 10.20.193.34:0/164754666 --> [v2:10.20.193.34:3300/0,v1:10.20.193.34:6789/0] -- mon_subscribe({osdmap=0}) -- 0x7fb3781a3700 con 0x7fb3781081a0
2026-02-20T00:45:40.915 INFO:teuthology.orchestra.run.trial034.stdout:/usr/bin/ceph: stderr
2026-02-20T00:45:40.800+0000 7fb380043640 1 -- 10.20.193.34:0/164754666 --> [v2:10.20.193.34:3300/0,v1:10.20.193.34:6789/0] -- mon_command({"prefix": "get_command_descriptions"} v 0) -- 0x7fb378108620 con 0x7fb3781081a0
2026-02-20T00:45:40.915 INFO:teuthology.orchestra.run.trial034.stdout:/usr/bin/ceph: stderr
2026-02-20T00:45:40.801+0000 7fb366ffd640 1 -- 10.20.193.34:0/164754666 <== mon.0 v2:10.20.193.34:3300/0 4 ==== mgrmap(e 11) ==== 50154+0+0 (secure 0 0 0) 0x7fb36804c440 con 0x7fb3781081a0
2026-02-20T00:45:40.915 INFO:teuthology.orchestra.run.trial034.stdout:/usr/bin/ceph: stderr
2026-02-20T00:45:40.801+0000 7fb366ffd640 1 --2- 10.20.193.34:0/164754666 >> [v2:10.20.193.34:6800/2728481932,v1:10.20.193.34:6801/2728481932] conn(0x7fb35403db20 0x7fb35403ffe0 unknown :-1 s=NONE pgs=0 cs=0 l=1 rev1=0 crypto rx=0 tx=0 comp rx=0 tx=0).connect
2026-02-20T00:45:40.915 INFO:teuthology.orchestra.run.trial034.stdout:/usr/bin/ceph: stderr
2026-02-20T00:45:40.801+0000 7fb366ffd640 1 -- 10.20.193.34:0/164754666 <== mon.0 v2:10.20.193.34:3300/0 5 ==== osd_map(3..3 src has 1..3) ==== 1155+0+0 (secure 0 0 0) 0x7fb368076d50 con 0x7fb3781081a0
2026-02-20T00:45:40.916 INFO:teuthology.orchestra.run.trial034.stdout:/usr/bin/ceph: stderr
2026-02-20T00:45:40.801+0000 7fb37d5b7640 1 --2- 10.20.193.34:0/164754666 >> [v2:10.20.193.34:6800/2728481932,v1:10.20.193.34:6801/2728481932] conn(0x7fb35403db20 0x7fb35403ffe0 unknown :-1 s=BANNER_CONNECTING pgs=0 cs=0 l=1 rev1=0 crypto rx=0 tx=0 comp rx=0 tx=0)._handle_peer_banner_payload supported=3 required=0
2026-02-20T00:45:40.916 INFO:teuthology.orchestra.run.trial034.stdout:/usr/bin/ceph: stderr
2026-02-20T00:45:40.801+0000 7fb37d5b7640 1 --2- 10.20.193.34:0/164754666 >> [v2:10.20.193.34:6800/2728481932,v1:10.20.193.34:6801/2728481932] conn(0x7fb35403db20 0x7fb35403ffe0 secure :-1 s=READY pgs=9 cs=0 l=1 rev1=1 crypto rx=0x7fb36c0099c0 tx=0x7fb36c006eb0 comp rx=0 tx=0).ready entity=mgr.14150 client_cookie=0 server_cookie=0 in_seq=0 out_seq=0
2026-02-20T00:45:40.916 INFO:teuthology.orchestra.run.trial034.stdout:/usr/bin/ceph: stderr
2026-02-20T00:45:40.803+0000 7fb366ffd640 1 -- 10.20.193.34:0/164754666 <== mon.0 v2:10.20.193.34:3300/0 6 ==== mon_command_ack([{"prefix": "get_command_descriptions"}]=0 v0) ==== 72+0+195034 (secure 0 0 0) 0x7fb3680342a0 con 0x7fb3781081a0
2026-02-20T00:45:40.916 INFO:teuthology.orchestra.run.trial034.stdout:/usr/bin/ceph: stderr
2026-02-20T00:45:40.885+0000 7fb380043640 1 -- 10.20.193.34:0/164754666 --> [v2:10.20.193.34:3300/0,v1:10.20.193.34:6789/0] -- mon_command({"prefix": "config get", "who": "mgr", "key": "mgr/dashboard/ssl_server_port"} v 0) -- 0x7fb3781a3cf0 con 0x7fb3781081a0
2026-02-20T00:45:40.916 INFO:teuthology.orchestra.run.trial034.stdout:/usr/bin/ceph: stderr
2026-02-20T00:45:40.885+0000 7fb366ffd640 1 -- 10.20.193.34:0/164754666 <== mon.0 v2:10.20.193.34:3300/0 7 ==== mon_command_ack([{"prefix": "config get", "who": "mgr", "key": "mgr/dashboard/ssl_server_port"}]=0 v8) ==== 112+0+5 (secure 0 0 0) 0x7fb36804c900 con 0x7fb3781081a0
2026-02-20T00:45:40.916 INFO:teuthology.orchestra.run.trial034.stdout:/usr/bin/ceph: stderr
2026-02-20T00:45:40.886+0000 7fb380043640 1 -- 10.20.193.34:0/164754666 >> [v2:10.20.193.34:6800/2728481932,v1:10.20.193.34:6801/2728481932] conn(0x7fb35403db20 msgr2=0x7fb35403ffe0 secure :-1 s=STATE_CONNECTION_ESTABLISHED l=1).mark_down
2026-02-20T00:45:40.916 INFO:teuthology.orchestra.run.trial034.stdout:/usr/bin/ceph: stderr
2026-02-20T00:45:40.886+0000 7fb380043640 1 --2- 10.20.193.34:0/164754666 >> [v2:10.20.193.34:6800/2728481932,v1:10.20.193.34:6801/2728481932] conn(0x7fb35403db20 0x7fb35403ffe0 secure :-1 s=READY pgs=9 cs=0 l=1 rev1=1 crypto rx=0x7fb36c0099c0 tx=0x7fb36c006eb0 comp rx=0 tx=0).stop
2026-02-20T00:45:40.916 INFO:teuthology.orchestra.run.trial034.stdout:/usr/bin/ceph: stderr
2026-02-20T00:45:40.886+0000 7fb380043640 1 -- 10.20.193.34:0/164754666 >> [v2:10.20.193.34:3300/0,v1:10.20.193.34:6789/0] conn(0x7fb3781081a0 msgr2=0x7fb3781a0240 secure :-1 s=STATE_CONNECTION_ESTABLISHED l=1).mark_down
2026-02-20T00:45:40.916 INFO:teuthology.orchestra.run.trial034.stdout:/usr/bin/ceph: stderr
2026-02-20T00:45:40.886+0000 7fb380043640 1 --2- 10.20.193.34:0/164754666 >> [v2:10.20.193.34:3300/0,v1:10.20.193.34:6789/0] conn(0x7fb3781081a0 0x7fb3781a0240 secure :-1 s=READY pgs=73 cs=0 l=1 rev1=1 crypto rx=0x7fb368037820 tx=0x7fb368037850 comp rx=0 tx=0).stop
2026-02-20T00:45:40.916 INFO:teuthology.orchestra.run.trial034.stdout:/usr/bin/ceph: stderr
2026-02-20T00:45:40.886+0000 7fb380043640 1 -- 10.20.193.34:0/164754666 shutdown_connections
2026-02-20T00:45:40.916 INFO:teuthology.orchestra.run.trial034.stdout:/usr/bin/ceph: stderr
2026-02-20T00:45:40.886+0000 7fb380043640 1 --2- 10.20.193.34:0/164754666 >> [v2:10.20.193.34:6800/2728481932,v1:10.20.193.34:6801/2728481932] conn(0x7fb35403db20 0x7fb35403ffe0 unknown :-1 s=CLOSED pgs=9 cs=0 l=1 rev1=1 crypto rx=0 tx=0 comp rx=0 tx=0).stop
2026-02-20T00:45:40.916 INFO:teuthology.orchestra.run.trial034.stdout:/usr/bin/ceph: stderr
2026-02-20T00:45:40.886+0000 7fb380043640 1 --2- 10.20.193.34:0/164754666 >> [v2:10.20.193.34:3300/0,v1:10.20.193.34:6789/0] conn(0x7fb3781081a0 0x7fb3781a0240 unknown :-1 s=CLOSED pgs=73 cs=0 l=1 rev1=1 crypto rx=0 tx=0 comp rx=0 tx=0).stop
2026-02-20T00:45:40.917 INFO:teuthology.orchestra.run.trial034.stdout:/usr/bin/ceph: stderr
2026-02-20T00:45:40.886+0000 7fb380043640 1 -- 10.20.193.34:0/164754666 >> 10.20.193.34:0/164754666 conn(0x7fb378103970 msgr2=0x7fb378104480 unknown :-1 s=STATE_NONE l=0).mark_down
2026-02-20T00:45:40.917 INFO:teuthology.orchestra.run.trial034.stdout:/usr/bin/ceph: stderr
2026-02-20T00:45:40.886+0000 7fb380043640 1 -- 10.20.193.34:0/164754666 shutdown_connections
2026-02-20T00:45:40.917 INFO:teuthology.orchestra.run.trial034.stdout:/usr/bin/ceph: stderr
2026-02-20T00:45:40.886+0000 7fb380043640 1 -- 10.20.193.34:0/164754666 wait complete.
2026-02-20T00:45:40.917 INFO:teuthology.orchestra.run.trial034.stdout:Non-zero exit code 1 from systemctl is-enabled firewalld.service
2026-02-20T00:45:40.917 INFO:teuthology.orchestra.run.trial034.stdout:systemctl: stdout disabled
2026-02-20T00:45:40.921 INFO:teuthology.orchestra.run.trial034.stdout:Non-zero exit code 3 from systemctl is-active firewalld.service
2026-02-20T00:45:40.921 INFO:teuthology.orchestra.run.trial034.stdout:systemctl: stdout inactive
2026-02-20T00:45:40.921 INFO:teuthology.orchestra.run.trial034.stdout:firewalld.service is not enabled
2026-02-20T00:45:40.921 INFO:teuthology.orchestra.run.trial034.stdout:Not possible to open ports <[8443]>. firewalld.service is not available
2026-02-20T00:45:40.922 INFO:teuthology.orchestra.run.trial034.stdout:Ceph Dashboard is now available at:
2026-02-20T00:45:40.922 INFO:teuthology.orchestra.run.trial034.stdout:
2026-02-20T00:45:40.922 INFO:teuthology.orchestra.run.trial034.stdout: URL: https://trial034:8443/
2026-02-20T00:45:40.922 INFO:teuthology.orchestra.run.trial034.stdout: User: admin
2026-02-20T00:45:40.922 INFO:teuthology.orchestra.run.trial034.stdout: Password: k09fp0ngh0
2026-02-20T00:45:40.923 INFO:teuthology.orchestra.run.trial034.stdout:
2026-02-20T00:45:40.923 INFO:teuthology.orchestra.run.trial034.stdout:Saving cluster configuration to /var/lib/ceph/6771c466-0df5-11f1-ac96-d404e6e7d460/config directory
2026-02-20T00:45:41.183 INFO:teuthology.orchestra.run.trial034.stdout:/usr/bin/ceph: stderr
2026-02-20T00:45:41.020+0000 7fb5952d8640 1 Processor -- start
2026-02-20T00:45:41.183 INFO:teuthology.orchestra.run.trial034.stdout:/usr/bin/ceph: stderr
2026-02-20T00:45:41.020+0000 7fb5952d8640 1 -- start start
2026-02-20T00:45:41.183 INFO:teuthology.orchestra.run.trial034.stdout:/usr/bin/ceph: stderr
2026-02-20T00:45:41.021+0000 7fb5952d8640 1 --2- >> [v2:10.20.193.34:3300/0,v1:10.20.193.34:6789/0] conn(0x7fb59007df70 0x7fb59007c370 unknown :-1 s=NONE pgs=0 cs=0 l=0 rev1=0 crypto rx=0 tx=0 comp rx=0 tx=0).connect
2026-02-20T00:45:41.183 INFO:teuthology.orchestra.run.trial034.stdout:/usr/bin/ceph: stderr
2026-02-20T00:45:41.021+0000 7fb5952d8640 1 -- --> [v2:10.20.193.34:3300/0,v1:10.20.193.34:6789/0] -- mon_getmap magic: 0 -- 0x7fb59007c940 con 0x7fb59007df70
2026-02-20T00:45:41.184 INFO:teuthology.orchestra.run.trial034.stdout:/usr/bin/ceph: stderr
2026-02-20T00:45:41.021+0000 7fb58effd640 1 --2- >> [v2:10.20.193.34:3300/0,v1:10.20.193.34:6789/0] conn(0x7fb59007df70 0x7fb59007c370 unknown :-1 s=BANNER_CONNECTING pgs=0 cs=0 l=0 rev1=0 crypto rx=0 tx=0 comp rx=0 tx=0)._handle_peer_banner_payload supported=3 required=0
2026-02-20T00:45:41.184 INFO:teuthology.orchestra.run.trial034.stdout:/usr/bin/ceph: stderr
2026-02-20T00:45:41.021+0000 7fb58effd640 1 --2- >> [v2:10.20.193.34:3300/0,v1:10.20.193.34:6789/0] conn(0x7fb59007df70 0x7fb59007c370 unknown :-1 s=HELLO_CONNECTING pgs=0 cs=0 l=0 rev1=1 crypto rx=0 tx=0 comp rx=0 tx=0).handle_hello peer v2:10.20.193.34:3300/0 says I am v2:10.20.193.34:35542/0 (socket says 10.20.193.34:35542)
2026-02-20T00:45:41.184 INFO:teuthology.orchestra.run.trial034.stdout:/usr/bin/ceph: stderr
2026-02-20T00:45:41.021+0000 7fb58effd640 1 -- 10.20.193.34:0/1098366664 learned_addr learned my addr 10.20.193.34:0/1098366664 (peer_addr_for_me v2:10.20.193.34:0/0)
2026-02-20T00:45:41.184 INFO:teuthology.orchestra.run.trial034.stdout:/usr/bin/ceph: stderr
2026-02-20T00:45:41.021+0000 7fb58effd640 1 -- 10.20.193.34:0/1098366664 --> [v2:10.20.193.34:3300/0,v1:10.20.193.34:6789/0] -- mon_subscribe({config=0+,monmap=0+}) -- 0x7fb59007cac0 con 0x7fb59007df70
2026-02-20T00:45:41.184 INFO:teuthology.orchestra.run.trial034.stdout:/usr/bin/ceph: stderr
2026-02-20T00:45:41.021+0000 7fb58effd640 1 --2- 10.20.193.34:0/1098366664 >> [v2:10.20.193.34:3300/0,v1:10.20.193.34:6789/0] conn(0x7fb59007df70 0x7fb59007c370 secure :-1 s=READY pgs=74 cs=0 l=1 rev1=1 crypto rx=0x7fb584009920 tx=0x7fb58402ef20 comp rx=0 tx=0).ready entity=mon.0 client_cookie=9250b3de1760f9cc server_cookie=0 in_seq=0 out_seq=0
2026-02-20T00:45:41.184 INFO:teuthology.orchestra.run.trial034.stdout:/usr/bin/ceph: stderr
2026-02-20T00:45:41.021+0000 7fb58dffb640 1 -- 10.20.193.34:0/1098366664 <== mon.0 v2:10.20.193.34:3300/0 1 ==== mon_map magic: 0 ==== 205+0+0 (secure 0 0 0) 0x7fb58403c070 con 0x7fb59007df70
2026-02-20T00:45:41.184 INFO:teuthology.orchestra.run.trial034.stdout:/usr/bin/ceph: stderr
2026-02-20T00:45:41.021+0000 7fb58dffb640 1 -- 10.20.193.34:0/1098366664 <== mon.0 v2:10.20.193.34:3300/0 2 ==== config(25 keys) ==== 1038+0+0 (secure 0 0 0) 0x7fb584037440 con 0x7fb59007df70
2026-02-20T00:45:41.184 INFO:teuthology.orchestra.run.trial034.stdout:/usr/bin/ceph: stderr
2026-02-20T00:45:41.021+0000 7fb58dffb640 1 -- 10.20.193.34:0/1098366664 <== mon.0 v2:10.20.193.34:3300/0 3 ==== mon_map magic: 0 ==== 205+0+0 (secure 0 0 0) 0x7fb5840354d0 con 0x7fb59007df70
2026-02-20T00:45:41.184 INFO:teuthology.orchestra.run.trial034.stdout:/usr/bin/ceph: stderr
2026-02-20T00:45:41.022+0000 7fb5952d8640 1 -- 10.20.193.34:0/1098366664 >> [v2:10.20.193.34:3300/0,v1:10.20.193.34:6789/0] conn(0x7fb59007df70 msgr2=0x7fb59007c370 secure :-1 s=STATE_CONNECTION_ESTABLISHED l=1).mark_down
2026-02-20T00:45:41.184 INFO:teuthology.orchestra.run.trial034.stdout:/usr/bin/ceph: stderr
2026-02-20T00:45:41.022+0000 7fb5952d8640 1 --2- 10.20.193.34:0/1098366664 >> [v2:10.20.193.34:3300/0,v1:10.20.193.34:6789/0] conn(0x7fb59007df70 0x7fb59007c370 secure :-1 s=READY pgs=74 cs=0 l=1 rev1=1 crypto rx=0x7fb584009920 tx=0x7fb58402ef20 comp rx=0 tx=0).stop
2026-02-20T00:45:41.184 INFO:teuthology.orchestra.run.trial034.stdout:/usr/bin/ceph: stderr
2026-02-20T00:45:41.022+0000 7fb5952d8640 1 -- 10.20.193.34:0/1098366664 shutdown_connections
2026-02-20T00:45:41.185 INFO:teuthology.orchestra.run.trial034.stdout:/usr/bin/ceph: stderr
2026-02-20T00:45:41.022+0000 7fb5952d8640 1 --2- 10.20.193.34:0/1098366664 >> [v2:10.20.193.34:3300/0,v1:10.20.193.34:6789/0] conn(0x7fb59007df70 0x7fb59007c370 unknown :-1 s=CLOSED pgs=74 cs=0 l=1 rev1=1 crypto rx=0 tx=0 comp rx=0 tx=0).stop
2026-02-20T00:45:41.185 INFO:teuthology.orchestra.run.trial034.stdout:/usr/bin/ceph: stderr
2026-02-20T00:45:41.022+0000 7fb5952d8640 1 -- 10.20.193.34:0/1098366664 >> 10.20.193.34:0/1098366664 conn(0x7fb590103a40 msgr2=0x7fb590105e60 unknown :-1 s=STATE_NONE l=0).mark_down
2026-02-20T00:45:41.185 INFO:teuthology.orchestra.run.trial034.stdout:/usr/bin/ceph: stderr
2026-02-20T00:45:41.022+0000 7fb5952d8640 1 -- 10.20.193.34:0/1098366664 shutdown_connections
2026-02-20T00:45:41.185 INFO:teuthology.orchestra.run.trial034.stdout:/usr/bin/ceph: stderr
2026-02-20T00:45:41.022+0000 7fb5952d8640 1 -- 10.20.193.34:0/1098366664 wait complete.
2026-02-20T00:45:41.185 INFO:teuthology.orchestra.run.trial034.stdout:/usr/bin/ceph: stderr
2026-02-20T00:45:41.022+0000 7fb5952d8640 1 Processor -- start
2026-02-20T00:45:41.185 INFO:teuthology.orchestra.run.trial034.stdout:/usr/bin/ceph: stderr
2026-02-20T00:45:41.022+0000 7fb5952d8640 1 -- start start
2026-02-20T00:45:41.185 INFO:teuthology.orchestra.run.trial034.stdout:/usr/bin/ceph: stderr
2026-02-20T00:45:41.022+0000 7fb5952d8640 1 --2- >> [v2:10.20.193.34:3300/0,v1:10.20.193.34:6789/0] conn(0x7fb59007df70 0x7fb5901a4810 unknown :-1 s=NONE pgs=0 cs=0 l=1 rev1=0 crypto rx=0 tx=0 comp rx=0 tx=0).connect
2026-02-20T00:45:41.185 INFO:teuthology.orchestra.run.trial034.stdout:/usr/bin/ceph: stderr
2026-02-20T00:45:41.022+0000 7fb5952d8640 1 -- --> [v2:10.20.193.34:3300/0,v1:10.20.193.34:6789/0] -- mon_getmap magic: 0 -- 0x7fb59010a300 con 0x7fb59007df70
2026-02-20T00:45:41.185 INFO:teuthology.orchestra.run.trial034.stdout:/usr/bin/ceph: stderr
2026-02-20T00:45:41.022+0000 7fb58effd640 1 --2- >> [v2:10.20.193.34:3300/0,v1:10.20.193.34:6789/0] conn(0x7fb59007df70 0x7fb5901a4810 unknown :-1 s=BANNER_CONNECTING pgs=0 cs=0 l=1 rev1=0 crypto rx=0 tx=0 comp rx=0 tx=0)._handle_peer_banner_payload supported=3 required=0
2026-02-20T00:45:41.185 INFO:teuthology.orchestra.run.trial034.stdout:/usr/bin/ceph: stderr
2026-02-20T00:45:41.022+0000 7fb58effd640 1 --2- >> [v2:10.20.193.34:3300/0,v1:10.20.193.34:6789/0] conn(0x7fb59007df70 0x7fb5901a4810 unknown :-1 s=HELLO_CONNECTING pgs=0 cs=0 l=1 rev1=1 crypto rx=0 tx=0 comp rx=0 tx=0).handle_hello peer v2:10.20.193.34:3300/0 says I am v2:10.20.193.34:35550/0 (socket says 10.20.193.34:35550)
2026-02-20T00:45:41.185 INFO:teuthology.orchestra.run.trial034.stdout:/usr/bin/ceph: stderr
2026-02-20T00:45:41.022+0000 7fb58effd640 1 -- 10.20.193.34:0/562591739 learned_addr learned my addr 10.20.193.34:0/562591739 (peer_addr_for_me v2:10.20.193.34:0/0)
2026-02-20T00:45:41.186 INFO:teuthology.orchestra.run.trial034.stdout:/usr/bin/ceph: stderr
2026-02-20T00:45:41.023+0000 7fb58effd640 1 -- 10.20.193.34:0/562591739 --> [v2:10.20.193.34:3300/0,v1:10.20.193.34:6789/0] -- mon_subscribe({config=0+,monmap=0+}) -- 0x7fb5901a4d50 con 0x7fb59007df70
2026-02-20T00:45:41.186 INFO:teuthology.orchestra.run.trial034.stdout:/usr/bin/ceph: stderr
2026-02-20T00:45:41.023+0000 7fb58effd640 1 --2- 10.20.193.34:0/562591739 >> [v2:10.20.193.34:3300/0,v1:10.20.193.34:6789/0] conn(0x7fb59007df70 0x7fb5901a4810 secure :-1 s=READY pgs=75 cs=0 l=1 rev1=1 crypto rx=0x7fb584037800 tx=0x7fb584037830 comp rx=0 tx=0).ready entity=mon.0 client_cookie=0 server_cookie=0 in_seq=0 out_seq=0
2026-02-20T00:45:41.186 INFO:teuthology.orchestra.run.trial034.stdout:/usr/bin/ceph: stderr
2026-02-20T00:45:41.023+0000 7fb56ffff640 1 -- 10.20.193.34:0/562591739 <== mon.0 v2:10.20.193.34:3300/0 1 ==== mon_map magic: 0 ==== 205+0+0 (secure 0 0 0) 0x7fb584047070 con 0x7fb59007df70
2026-02-20T00:45:41.186 INFO:teuthology.orchestra.run.trial034.stdout:/usr/bin/ceph: stderr
2026-02-20T00:45:41.023+0000 7fb56ffff640 1 -- 10.20.193.34:0/562591739 <== mon.0 v2:10.20.193.34:3300/0 2 ==== config(25 keys) ==== 1038+0+0 (secure 0 0 0) 0x7fb584035e50 con 0x7fb59007df70
2026-02-20T00:45:41.186 INFO:teuthology.orchestra.run.trial034.stdout:/usr/bin/ceph: stderr
2026-02-20T00:45:41.023+0000 7fb56ffff640 1 -- 10.20.193.34:0/562591739 <== mon.0 v2:10.20.193.34:3300/0 3 ==== mon_map magic: 0 ==== 205+0+0 (secure 0 0 0) 0x7fb58403c070 con 0x7fb59007df70
2026-02-20T00:45:41.186 INFO:teuthology.orchestra.run.trial034.stdout:/usr/bin/ceph: stderr
2026-02-20T00:45:41.023+0000 7fb5952d8640 1 -- 10.20.193.34:0/562591739 --> [v2:10.20.193.34:3300/0,v1:10.20.193.34:6789/0] -- mon_subscribe({mgrmap=0+}) -- 0x7fb5901a4fe0 con 0x7fb59007df70
2026-02-20T00:45:41.186 INFO:teuthology.orchestra.run.trial034.stdout:/usr/bin/ceph: stderr
2026-02-20T00:45:41.023+0000 7fb5952d8640 1 -- 10.20.193.34:0/562591739 --> [v2:10.20.193.34:3300/0,v1:10.20.193.34:6789/0] -- mon_subscribe({osdmap=0}) -- 0x7fb5901a7cd0 con 0x7fb59007df70
2026-02-20T00:45:41.186 INFO:teuthology.orchestra.run.trial034.stdout:/usr/bin/ceph: stderr
2026-02-20T00:45:41.023+0000 7fb5952d8640 1 -- 10.20.193.34:0/562591739 --> [v2:10.20.193.34:3300/0,v1:10.20.193.34:6789/0] -- mon_command({"prefix": "get_command_descriptions"} v 0) -- 0x7fb59007c3f0 con 0x7fb59007df70
2026-02-20T00:45:41.186 INFO:teuthology.orchestra.run.trial034.stdout:/usr/bin/ceph: stderr
2026-02-20T00:45:41.023+0000 7fb56ffff640 1 -- 10.20.193.34:0/562591739 <== mon.0 v2:10.20.193.34:3300/0 4 ==== mgrmap(e 11) ==== 50154+0+0 (secure 0 0 0) 0x7fb5840425d0 con 0x7fb59007df70
2026-02-20T00:45:41.186 INFO:teuthology.orchestra.run.trial034.stdout:/usr/bin/ceph: stderr
2026-02-20T00:45:41.024+0000 7fb56ffff640 1 --2- 10.20.193.34:0/562591739 >> [v2:10.20.193.34:6800/2728481932,v1:10.20.193.34:6801/2728481932] conn(0x7fb56403dad0 0x7fb56403ff90 unknown :-1 s=NONE pgs=0 cs=0 l=1 rev1=0 crypto rx=0 tx=0 comp rx=0 tx=0).connect
2026-02-20T00:45:41.186 INFO:teuthology.orchestra.run.trial034.stdout:/usr/bin/ceph: stderr
2026-02-20T00:45:41.024+0000 7fb56ffff640 1 -- 10.20.193.34:0/562591739 <== mon.0 v2:10.20.193.34:3300/0 5 ==== osd_map(3..3 src has 1..3) ==== 1155+0+0 (secure 0 0 0) 0x7fb584076c90 con 0x7fb59007df70
2026-02-20T00:45:41.187 INFO:teuthology.orchestra.run.trial034.stdout:/usr/bin/ceph: stderr
2026-02-20T00:45:41.024+0000 7fb58e7fc640 1 --2- 10.20.193.34:0/562591739 >> [v2:10.20.193.34:6800/2728481932,v1:10.20.193.34:6801/2728481932] conn(0x7fb56403dad0 0x7fb56403ff90 unknown :-1 s=BANNER_CONNECTING pgs=0 cs=0 l=1 rev1=0 crypto rx=0 tx=0 comp rx=0 tx=0)._handle_peer_banner_payload supported=3 required=0
2026-02-20T00:45:41.187 INFO:teuthology.orchestra.run.trial034.stdout:/usr/bin/ceph: stderr
2026-02-20T00:45:41.024+0000 7fb58e7fc640 1 --2- 10.20.193.34:0/562591739 >> [v2:10.20.193.34:6800/2728481932,v1:10.20.193.34:6801/2728481932] conn(0x7fb56403dad0 0x7fb56403ff90 secure :-1 s=READY pgs=10 cs=0 l=1 rev1=1 crypto rx=0x7fb5780099c0 tx=0x7fb578006eb0 comp rx=0 tx=0).ready entity=mgr.14150 client_cookie=0 server_cookie=0 in_seq=0 out_seq=0
2026-02-20T00:45:41.187 INFO:teuthology.orchestra.run.trial034.stdout:/usr/bin/ceph: stderr
2026-02-20T00:45:41.026+0000 7fb56ffff640 1 -- 10.20.193.34:0/562591739 <== mon.0 v2:10.20.193.34:3300/0 6 ==== mon_command_ack([{"prefix": "get_command_descriptions"}]=0 v0) ==== 72+0+195034 (secure 0 0 0) 0x7fb58404f120 con 0x7fb59007df70
2026-02-20T00:45:41.187 INFO:teuthology.orchestra.run.trial034.stdout:/usr/bin/ceph: stderr
2026-02-20T00:45:41.152+0000 7fb5952d8640 1 -- 10.20.193.34:0/562591739 --> [v2:10.20.193.34:3300/0,v1:10.20.193.34:6789/0] -- mon_command([{prefix=config-key set, key=mgr/dashboard/cluster/status}] v 0) -- 0x7fb59019dbd0 con 0x7fb59007df70
2026-02-20T00:45:41.187 INFO:teuthology.orchestra.run.trial034.stdout:/usr/bin/ceph: stderr
2026-02-20T00:45:41.154+0000 7fb56ffff640 1 -- 10.20.193.34:0/562591739 <== mon.0 v2:10.20.193.34:3300/0 7 ==== mon_command_ack([{prefix=config-key set, key=mgr/dashboard/cluster/status}]=0 set mgr/dashboard/cluster/status v28)=0 set mgr/dashboard/cluster/status v28) ==== 153+0+0 (secure 0 0 0) 0x7fb584036e30 con 0x7fb59007df70
2026-02-20T00:45:41.187 INFO:teuthology.orchestra.run.trial034.stdout:/usr/bin/ceph: stderr set mgr/dashboard/cluster/status
2026-02-20T00:45:41.187 INFO:teuthology.orchestra.run.trial034.stdout:/usr/bin/ceph: stderr
2026-02-20T00:45:41.155+0000 7fb5952d8640 1 -- 10.20.193.34:0/562591739 >> [v2:10.20.193.34:6800/2728481932,v1:10.20.193.34:6801/2728481932] conn(0x7fb56403dad0 msgr2=0x7fb56403ff90 secure :-1 s=STATE_CONNECTION_ESTABLISHED l=1).mark_down
2026-02-20T00:45:41.187 INFO:teuthology.orchestra.run.trial034.stdout:/usr/bin/ceph: stderr
2026-02-20T00:45:41.155+0000 7fb5952d8640 1 --2- 10.20.193.34:0/562591739 >> [v2:10.20.193.34:6800/2728481932,v1:10.20.193.34:6801/2728481932] conn(0x7fb56403dad0 0x7fb56403ff90 secure :-1 s=READY pgs=10 cs=0 l=1 rev1=1 crypto rx=0x7fb5780099c0 tx=0x7fb578006eb0 comp rx=0 tx=0).stop
2026-02-20T00:45:41.187 INFO:teuthology.orchestra.run.trial034.stdout:/usr/bin/ceph: stderr
2026-02-20T00:45:41.155+0000 7fb5952d8640 1 -- 10.20.193.34:0/562591739 >> [v2:10.20.193.34:3300/0,v1:10.20.193.34:6789/0] conn(0x7fb59007df70 msgr2=0x7fb5901a4810 secure :-1 s=STATE_CONNECTION_ESTABLISHED l=1).mark_down
2026-02-20T00:45:41.187 INFO:teuthology.orchestra.run.trial034.stdout:/usr/bin/ceph: stderr
2026-02-20T00:45:41.155+0000 7fb5952d8640 1 --2- 10.20.193.34:0/562591739 >> [v2:10.20.193.34:3300/0,v1:10.20.193.34:6789/0] conn(0x7fb59007df70 0x7fb5901a4810 secure :-1 s=READY pgs=75 cs=0 l=1 rev1=1 crypto rx=0x7fb584037800 tx=0x7fb584037830 comp rx=0 tx=0).stop
2026-02-20T00:45:41.187 INFO:teuthology.orchestra.run.trial034.stdout:/usr/bin/ceph: stderr
2026-02-20T00:45:41.155+0000 7fb5952d8640 1 -- 10.20.193.34:0/562591739 shutdown_connections
2026-02-20T00:45:41.187 INFO:teuthology.orchestra.run.trial034.stdout:/usr/bin/ceph: stderr
2026-02-20T00:45:41.155+0000 7fb5952d8640 1 --2- 10.20.193.34:0/562591739 >> [v2:10.20.193.34:6800/2728481932,v1:10.20.193.34:6801/2728481932] conn(0x7fb56403dad0 0x7fb56403ff90 unknown :-1 s=CLOSED pgs=10 cs=0 l=1 rev1=1 crypto rx=0 tx=0 comp rx=0 tx=0).stop
2026-02-20T00:45:41.188 INFO:teuthology.orchestra.run.trial034.stdout:/usr/bin/ceph: stderr
2026-02-20T00:45:41.155+0000 7fb5952d8640 1 --2- 10.20.193.34:0/562591739 >> [v2:10.20.193.34:3300/0,v1:10.20.193.34:6789/0] conn(0x7fb59007df70 0x7fb5901a4810 unknown :-1 s=CLOSED pgs=75 cs=0 l=1 rev1=1 crypto rx=0 tx=0 comp rx=0 tx=0).stop
2026-02-20T00:45:41.188 INFO:teuthology.orchestra.run.trial034.stdout:/usr/bin/ceph: stderr
2026-02-20T00:45:41.155+0000 7fb5952d8640 1 -- 10.20.193.34:0/562591739 >> 10.20.193.34:0/562591739 conn(0x7fb590103a40 msgr2=0x7fb590105e30 unknown :-1 s=STATE_NONE l=0).mark_down
2026-02-20T00:45:41.188 INFO:teuthology.orchestra.run.trial034.stdout:/usr/bin/ceph: stderr
2026-02-20T00:45:41.155+0000 7fb5952d8640 1 -- 10.20.193.34:0/562591739 shutdown_connections
2026-02-20T00:45:41.188 INFO:teuthology.orchestra.run.trial034.stdout:/usr/bin/ceph: stderr
2026-02-20T00:45:41.155+0000 7fb5952d8640 1 -- 10.20.193.34:0/562591739 wait complete.
2026-02-20T00:45:41.188 INFO:teuthology.orchestra.run.trial034.stdout:You can access the Ceph CLI as following in case of multi-cluster or non-default config:
2026-02-20T00:45:41.188 INFO:teuthology.orchestra.run.trial034.stdout:
2026-02-20T00:45:41.188 INFO:teuthology.orchestra.run.trial034.stdout: sudo /home/ubuntu/cephtest/cephadm shell --fsid 6771c466-0df5-11f1-ac96-d404e6e7d460 -c /etc/ceph/ceph.conf -k /etc/ceph/ceph.client.admin.keyring
2026-02-20T00:45:41.188 INFO:teuthology.orchestra.run.trial034.stdout:
2026-02-20T00:45:41.188 INFO:teuthology.orchestra.run.trial034.stdout:Or, if you are only running a single cluster on this host:
2026-02-20T00:45:41.188 INFO:teuthology.orchestra.run.trial034.stdout:
2026-02-20T00:45:41.188 INFO:teuthology.orchestra.run.trial034.stdout: sudo /home/ubuntu/cephtest/cephadm shell
2026-02-20T00:45:41.188 INFO:teuthology.orchestra.run.trial034.stdout:
2026-02-20T00:45:41.189 INFO:teuthology.orchestra.run.trial034.stdout:Please consider enabling telemetry to help improve Ceph:
2026-02-20T00:45:41.189 INFO:teuthology.orchestra.run.trial034.stdout:
2026-02-20T00:45:41.189 INFO:teuthology.orchestra.run.trial034.stdout: ceph telemetry on
2026-02-20T00:45:41.189 INFO:teuthology.orchestra.run.trial034.stdout:
2026-02-20T00:45:41.189 INFO:teuthology.orchestra.run.trial034.stdout:For more information see:
2026-02-20T00:45:41.189 INFO:teuthology.orchestra.run.trial034.stdout:
2026-02-20T00:45:41.189 INFO:teuthology.orchestra.run.trial034.stdout: https://docs.ceph.com/en/latest/mgr/telemetry/
2026-02-20T00:45:41.189 INFO:teuthology.orchestra.run.trial034.stdout:
2026-02-20T00:45:41.189 INFO:teuthology.orchestra.run.trial034.stdout:Bootstrap complete.
2026-02-20T00:45:41.206 INFO:tasks.cephadm:Fetching config...
2026-02-20T00:45:41.206 DEBUG:teuthology.orchestra.run.trial034:> set -ex
2026-02-20T00:45:41.207 DEBUG:teuthology.orchestra.run.trial034:> dd if=/etc/ceph/ceph.conf of=/dev/stdout
2026-02-20T00:45:41.224 INFO:tasks.cephadm:Fetching client.admin keyring...
2026-02-20T00:45:41.224 DEBUG:teuthology.orchestra.run.trial034:> set -ex
2026-02-20T00:45:41.224 DEBUG:teuthology.orchestra.run.trial034:> dd if=/etc/ceph/ceph.client.admin.keyring of=/dev/stdout
2026-02-20T00:45:41.279 INFO:tasks.cephadm:Fetching mon keyring...
2026-02-20T00:45:41.279 DEBUG:teuthology.orchestra.run.trial034:> set -ex
2026-02-20T00:45:41.279 DEBUG:teuthology.orchestra.run.trial034:> sudo dd if=/var/lib/ceph/6771c466-0df5-11f1-ac96-d404e6e7d460/mon.a/keyring of=/dev/stdout
2026-02-20T00:45:41.345 INFO:tasks.cephadm:Fetching pub ssh key...
2026-02-20T00:45:41.345 DEBUG:teuthology.orchestra.run.trial034:> set -ex
2026-02-20T00:45:41.345 DEBUG:teuthology.orchestra.run.trial034:> dd if=/home/ubuntu/cephtest/ceph.pub of=/dev/stdout
2026-02-20T00:45:41.403 INFO:tasks.cephadm:Installing pub ssh key for root users...
2026-02-20T00:45:41.403 DEBUG:teuthology.orchestra.run.trial034:> sudo install -d -m 0700 /root/.ssh && echo 'ssh-ed25519 AAAAC3NzaC1lZDI1NTE5AAAAIA4CL7CaD7XLNZIKPU6oLsN4bC1lSPbJFtvNm6UIAkWE ceph-6771c466-0df5-11f1-ac96-d404e6e7d460' | sudo tee -a /root/.ssh/authorized_keys && sudo chmod 0600 /root/.ssh/authorized_keys
2026-02-20T00:45:41.476 INFO:teuthology.orchestra.run.trial034.stdout:ssh-ed25519 AAAAC3NzaC1lZDI1NTE5AAAAIA4CL7CaD7XLNZIKPU6oLsN4bC1lSPbJFtvNm6UIAkWE ceph-6771c466-0df5-11f1-ac96-d404e6e7d460
2026-02-20T00:45:41.486 DEBUG:teuthology.orchestra.run.trial039:> sudo install -d -m 0700 /root/.ssh && echo 'ssh-ed25519 AAAAC3NzaC1lZDI1NTE5AAAAIA4CL7CaD7XLNZIKPU6oLsN4bC1lSPbJFtvNm6UIAkWE ceph-6771c466-0df5-11f1-ac96-d404e6e7d460' | sudo tee -a /root/.ssh/authorized_keys && sudo chmod 0600 /root/.ssh/authorized_keys
2026-02-20T00:45:41.521 INFO:teuthology.orchestra.run.trial039.stdout:ssh-ed25519 AAAAC3NzaC1lZDI1NTE5AAAAIA4CL7CaD7XLNZIKPU6oLsN4bC1lSPbJFtvNm6UIAkWE ceph-6771c466-0df5-11f1-ac96-d404e6e7d460
2026-02-20T00:45:41.531 DEBUG:teuthology.orchestra.run.trial090:> sudo install -d -m 0700 /root/.ssh && echo 'ssh-ed25519 AAAAC3NzaC1lZDI1NTE5AAAAIA4CL7CaD7XLNZIKPU6oLsN4bC1lSPbJFtvNm6UIAkWE ceph-6771c466-0df5-11f1-ac96-d404e6e7d460' | sudo tee -a /root/.ssh/authorized_keys && sudo chmod 0600 /root/.ssh/authorized_keys
2026-02-20T00:45:41.565 INFO:teuthology.orchestra.run.trial090.stdout:ssh-ed25519 AAAAC3NzaC1lZDI1NTE5AAAAIA4CL7CaD7XLNZIKPU6oLsN4bC1lSPbJFtvNm6UIAkWE ceph-6771c466-0df5-11f1-ac96-d404e6e7d460
2026-02-20T00:45:41.576 DEBUG:teuthology.orchestra.run.trial034:> sudo /home/ubuntu/cephtest/cephadm --image quay.ceph.io/ceph-ci/ceph:e11fdbfb401ce2a5699463f4fc8fd4a2b16cec40 shell -c /etc/ceph/ceph.conf -k /etc/ceph/ceph.client.admin.keyring --fsid 6771c466-0df5-11f1-ac96-d404e6e7d460 -- ceph config set mgr mgr/cephadm/allow_ptrace true
2026-02-20T00:45:41.810 INFO:journalctl@ceph.mon.a.trial034.stdout:Feb 20 00:45:41 trial034 ceph-mon[39669]: from='client.14164 -' entity='client.admin' cmd=[{"prefix": "dashboard ac-user-create", "username": "admin", "rolename": "administrator", "force_password": true, "pwd_update_required": true, "target": ["mon-mgr", ""]}]: dispatch
2026-02-20T00:45:41.810 INFO:journalctl@ceph.mon.a.trial034.stdout:Feb 20 00:45:41 trial034 ceph-mon[39669]: from='mgr.14150 10.20.193.34:0/1894114178' entity='mgr.x'
2026-02-20T00:45:41.810 INFO:journalctl@ceph.mon.a.trial034.stdout:Feb 20 00:45:41 trial034 ceph-mon[39669]: from='client.? 10.20.193.34:0/164754666' entity='client.admin' cmd=[{"prefix": "config get", "who": "mgr", "key": "mgr/dashboard/ssl_server_port"}]: dispatch
2026-02-20T00:45:41.810 INFO:journalctl@ceph.mon.a.trial034.stdout:Feb 20 00:45:41 trial034 ceph-mon[39669]: from='client.? 10.20.193.34:0/562591739' entity='client.admin'
2026-02-20T00:45:41.810 INFO:journalctl@ceph.mon.a.trial034.stdout:Feb 20 00:45:41 trial034 ceph-mon[39669]: from='mgr.14150 10.20.193.34:0/1894114178' entity='mgr.x'
2026-02-20T00:45:41.810 INFO:journalctl@ceph.mon.a.trial034.stdout:Feb 20 00:45:41 trial034 ceph-mon[39669]: from='mgr.14150 10.20.193.34:0/1894114178' entity='mgr.x'
2026-02-20T00:45:41.810 INFO:journalctl@ceph.mon.a.trial034.stdout:Feb 20 00:45:41 trial034 ceph-mon[39669]: from='mgr.14150 10.20.193.34:0/1894114178' entity='mgr.x' cmd=[{"prefix": "config rm", "who": "osd/host:trial034", "name": "osd_memory_target"}]: dispatch
2026-02-20T00:45:41.810 INFO:journalctl@ceph.mon.a.trial034.stdout:Feb 20 00:45:41 trial034 ceph-mon[39669]: from='mgr.14150 10.20.193.34:0/1894114178' entity='mgr.x'
2026-02-20T00:45:42.019 INFO:teuthology.orchestra.run.trial034.stderr:Inferring config /var/lib/ceph/6771c466-0df5-11f1-ac96-d404e6e7d460/mon.a/config
2026-02-20T00:45:42.338 INFO:teuthology.orchestra.run.trial034.stderr:2026-02-20T00:45:42.335+0000 7f66410a6640 1 -- 10.20.193.34:0/3694101104 >> [v2:10.20.193.34:3300/0,v1:10.20.193.34:6789/0] conn(0x7f663c1039a0 msgr2=0x7f663c103da0 secure :-1 s=STATE_CONNECTION_ESTABLISHED l=1).mark_down
2026-02-20T00:45:42.338 INFO:teuthology.orchestra.run.trial034.stderr:2026-02-20T00:45:42.335+0000 7f66410a6640 1 --2- 10.20.193.34:0/3694101104 >> [v2:10.20.193.34:3300/0,v1:10.20.193.34:6789/0] conn(0x7f663c1039a0 0x7f663c103da0 secure :-1 s=READY pgs=76 cs=0 l=1 rev1=1 crypto rx=0x7f66300099b0 tx=0x7f663002f2b0 comp rx=0 tx=0).stop
2026-02-20T00:45:42.338 INFO:teuthology.orchestra.run.trial034.stderr:2026-02-20T00:45:42.335+0000 7f66410a6640 1 -- 10.20.193.34:0/3694101104 shutdown_connections
2026-02-20T00:45:42.338 INFO:teuthology.orchestra.run.trial034.stderr:2026-02-20T00:45:42.335+0000 7f66410a6640 1 --2- 10.20.193.34:0/3694101104 >> [v2:10.20.193.34:3300/0,v1:10.20.193.34:6789/0] conn(0x7f663c1039a0 0x7f663c103da0 unknown :-1 s=CLOSED pgs=76 cs=0 l=1 rev1=1 crypto rx=0 tx=0 comp rx=0 tx=0).stop
2026-02-20T00:45:42.338 INFO:teuthology.orchestra.run.trial034.stderr:2026-02-20T00:45:42.335+0000 7f66410a6640 1 -- 10.20.193.34:0/3694101104 >> 10.20.193.34:0/3694101104 conn(0x7f663c0fc0d0 msgr2=0x7f663c0fe530 unknown :-1 s=STATE_NONE l=0).mark_down
2026-02-20T00:45:42.338 INFO:teuthology.orchestra.run.trial034.stderr:2026-02-20T00:45:42.335+0000 7f66410a6640 1 -- 10.20.193.34:0/3694101104 shutdown_connections
2026-02-20T00:45:42.338 INFO:teuthology.orchestra.run.trial034.stderr:2026-02-20T00:45:42.335+0000 7f66410a6640 1 -- 10.20.193.34:0/3694101104 wait complete.
2026-02-20T00:45:42.338 INFO:teuthology.orchestra.run.trial034.stderr:2026-02-20T00:45:42.335+0000 7f66410a6640 1 Processor -- start
2026-02-20T00:45:42.338 INFO:teuthology.orchestra.run.trial034.stderr:2026-02-20T00:45:42.335+0000 7f66410a6640 1 -- start start
2026-02-20T00:45:42.338 INFO:teuthology.orchestra.run.trial034.stderr:2026-02-20T00:45:42.335+0000 7f66410a6640 1 --2- >> [v2:10.20.193.34:3300/0,v1:10.20.193.34:6789/0] conn(0x7f663c1039a0 0x7f663c19ba80 unknown :-1 s=NONE pgs=0 cs=0 l=1 rev1=0 crypto rx=0 tx=0 comp rx=0 tx=0).connect
2026-02-20T00:45:42.338 INFO:teuthology.orchestra.run.trial034.stderr:2026-02-20T00:45:42.335+0000 7f66410a6640 1 -- --> [v2:10.20.193.34:3300/0,v1:10.20.193.34:6789/0] -- mon_getmap magic: 0 -- 0x7f663c108180 con 0x7f663c1039a0
2026-02-20T00:45:42.338 INFO:teuthology.orchestra.run.trial034.stderr:2026-02-20T00:45:42.335+0000 7f663ad76640 1 --2- >> [v2:10.20.193.34:3300/0,v1:10.20.193.34:6789/0] conn(0x7f663c1039a0 0x7f663c19ba80 unknown :-1 s=BANNER_CONNECTING pgs=0 cs=0 l=1 rev1=0 crypto rx=0 tx=0 comp rx=0 tx=0)._handle_peer_banner_payload supported=3 required=0
2026-02-20T00:45:42.338 INFO:teuthology.orchestra.run.trial034.stderr:2026-02-20T00:45:42.335+0000 7f663ad76640 1 --2- >> [v2:10.20.193.34:3300/0,v1:10.20.193.34:6789/0] conn(0x7f663c1039a0 0x7f663c19ba80 unknown :-1 s=HELLO_CONNECTING pgs=0 cs=0 l=1 rev1=1 crypto rx=0 tx=0 comp rx=0 tx=0).handle_hello peer v2:10.20.193.34:3300/0 says I am v2:10.20.193.34:49514/0 (socket says 10.20.193.34:49514)
2026-02-20T00:45:42.338 INFO:teuthology.orchestra.run.trial034.stderr:2026-02-20T00:45:42.335+0000 7f663ad76640 1 -- 10.20.193.34:0/3478302232 learned_addr learned my addr 10.20.193.34:0/3478302232 (peer_addr_for_me v2:10.20.193.34:0/0)
2026-02-20T00:45:42.338 INFO:teuthology.orchestra.run.trial034.stderr:2026-02-20T00:45:42.335+0000 7f663ad76640 1 -- 10.20.193.34:0/3478302232 --> [v2:10.20.193.34:3300/0,v1:10.20.193.34:6789/0] -- mon_subscribe({config=0+,monmap=0+}) -- 0x7f663c19bfc0 con 0x7f663c1039a0
2026-02-20T00:45:42.338 INFO:teuthology.orchestra.run.trial034.stderr:2026-02-20T00:45:42.336+0000 7f663ad76640 1 --2- 10.20.193.34:0/3478302232 >> [v2:10.20.193.34:3300/0,v1:10.20.193.34:6789/0] conn(0x7f663c1039a0 0x7f663c19ba80 secure :-1 s=READY pgs=77 cs=0 l=1 rev1=1 crypto rx=0x7f6630002fd0 tx=0x7f6630004290 comp rx=0 tx=0).ready entity=mon.0 client_cookie=0 server_cookie=0 in_seq=0 out_seq=0
