2026-02-20T00:45:35.149+0000 7f5ba8ff9640 1 -- 10.20.193.34:0/836812817 <== mon.0 v2:10.20.193.34:3300/0 1 ==== mon_map magic: 0 ==== 205+0+0 (secure 0 0 0) 0x7f5b9803c070 con 0x7f5bac10a440
2026-02-20T00:45:35.270 INFO:teuthology.orchestra.run.trial034.stdout:/usr/bin/ceph: stderr
2026-02-20T00:45:35.149+0000 7f5bb2125640 1 -- 10.20.193.34:0/836812817 --> [v2:10.20.193.34:3300/0,v1:10.20.193.34:6789/0] -- mon_subscribe({mgrmap=0+}) -- 0x7f5bac1a09f0 con 0x7f5bac10a440
2026-02-20T00:45:35.270 INFO:teuthology.orchestra.run.trial034.stdout:/usr/bin/ceph: stderr
2026-02-20T00:45:35.149+0000 7f5ba8ff9640 1 -- 10.20.193.34:0/836812817 <== mon.0 v2:10.20.193.34:3300/0 2 ==== config(25 keys) ==== 1038+0+0 (secure 0 0 0) 0x7f5b98035d70 con 0x7f5bac10a440
2026-02-20T00:45:35.270 INFO:teuthology.orchestra.run.trial034.stdout:/usr/bin/ceph: stderr
2026-02-20T00:45:35.149+0000 7f5ba8ff9640 1 -- 10.20.193.34:0/836812817 <== mon.0 v2:10.20.193.34:3300/0 3 ==== mon_map magic: 0 ==== 205+0+0 (secure 0 0 0) 0x7f5b98042dd0 con 0x7f5bac10a440
2026-02-20T00:45:35.270 INFO:teuthology.orchestra.run.trial034.stdout:/usr/bin/ceph: stderr
2026-02-20T00:45:35.149+0000 7f5bb2125640 1 -- 10.20.193.34:0/836812817 --> [v2:10.20.193.34:3300/0,v1:10.20.193.34:6789/0] -- mon_subscribe({osdmap=0}) -- 0x7f5bac1a36e0 con 0x7f5bac10a440
2026-02-20T00:45:35.270 INFO:teuthology.orchestra.run.trial034.stdout:/usr/bin/ceph: stderr
2026-02-20T00:45:35.150+0000 7f5bb2125640 1 -- 10.20.193.34:0/836812817 --> [v2:10.20.193.34:3300/0,v1:10.20.193.34:6789/0] -- mon_command({"prefix": "get_command_descriptions"} v 0) -- 0x7f5bac10a8e0 con 0x7f5bac10a440
2026-02-20T00:45:35.270 INFO:teuthology.orchestra.run.trial034.stdout:/usr/bin/ceph: stderr
2026-02-20T00:45:35.150+0000 7f5ba8ff9640 1 -- 10.20.193.34:0/836812817 <== mon.0 v2:10.20.193.34:3300/0 4 ==== mgrmap(e 8) ==== 50247+0+0 (secure 0 0 0) 0x7f5b980425f0 con 0x7f5bac10a440
2026-02-20T00:45:35.270 INFO:teuthology.orchestra.run.trial034.stdout:/usr/bin/ceph: stderr
2026-02-20T00:45:35.150+0000 7f5ba8ff9640 1 --2- 10.20.193.34:0/836812817 >> [v2:10.20.193.34:6800/2790779567,v1:10.20.193.34:6801/2790779567] conn(0x7f5b8003db40 0x7f5b80040000 unknown :-1 s=NONE pgs=0 cs=0 l=1 rev1=0 crypto rx=0 tx=0 comp rx=0 tx=0).connect
2026-02-20T00:45:35.270 INFO:teuthology.orchestra.run.trial034.stdout:/usr/bin/ceph: stderr
2026-02-20T00:45:35.150+0000 7f5ba8ff9640 1 -- 10.20.193.34:0/836812817 <== mon.0 v2:10.20.193.34:3300/0 5 ==== osd_map(2..2 src has 1..2) ==== 940+0+0 (secure 0 0 0) 0x7f5b98076710 con 0x7f5bac10a440
2026-02-20T00:45:35.270 INFO:teuthology.orchestra.run.trial034.stdout:/usr/bin/ceph: stderr
2026-02-20T00:45:35.150+0000 7f5baaffd640 1 --2- 10.20.193.34:0/836812817 >> [v2:10.20.193.34:6800/2790779567,v1:10.20.193.34:6801/2790779567] conn(0x7f5b8003db40 0x7f5b80040000 unknown :-1 s=BANNER_CONNECTING pgs=0 cs=0 l=1 rev1=0 crypto rx=0 tx=0 comp rx=0 tx=0)._handle_peer_banner_payload supported=3 required=0
2026-02-20T00:45:35.270 INFO:teuthology.orchestra.run.trial034.stdout:/usr/bin/ceph: stderr
2026-02-20T00:45:35.150+0000 7f5baaffd640 1 --2- 10.20.193.34:0/836812817 >> [v2:10.20.193.34:6800/2790779567,v1:10.20.193.34:6801/2790779567] conn(0x7f5b8003db40 0x7f5b80040000 secure :-1 s=READY pgs=15 cs=0 l=1 rev1=1 crypto rx=0x7f5b9c0099c0 tx=0x7f5b9c006eb0 comp rx=0 tx=0).ready entity=mgr.14118 client_cookie=0 server_cookie=0 in_seq=0 out_seq=0
2026-02-20T00:45:35.270 INFO:teuthology.orchestra.run.trial034.stdout:/usr/bin/ceph: stderr
2026-02-20T00:45:35.153+0000 7f5ba8ff9640 1 -- 10.20.193.34:0/836812817 <== mon.0 v2:10.20.193.34:3300/0 6 ==== mon_command_ack([{"prefix": "get_command_descriptions"}]=0 v0) ==== 72+0+195034 (secure 0 0 0) 0x7f5b9803d270 con 0x7f5bac10a440
2026-02-20T00:45:35.270 INFO:teuthology.orchestra.run.trial034.stdout:/usr/bin/ceph: stderr
2026-02-20T00:45:35.237+0000 7f5bb2125640 1 -- 10.20.193.34:0/836812817 --> [v2:10.20.193.34:3300/0,v1:10.20.193.34:6789/0] -- mon_command([{prefix=config set, name=mgr/dashboard/ssl_server_port}] v 0) -- 0x7f5bac1a38b0 con 0x7f5bac10a440
2026-02-20T00:45:35.270 INFO:teuthology.orchestra.run.trial034.stdout:/usr/bin/ceph: stderr
2026-02-20T00:45:35.239+0000 7f5ba8ff9640 1 -- 10.20.193.34:0/836812817 <== mon.0 v2:10.20.193.34:3300/0 7 ==== mon_command_ack([{prefix=config set, name=mgr/dashboard/ssl_server_port}]=0 v8)=0 v8) ==== 130+0+0 (secure 0 0 0) 0x7f5b98076470 con 0x7f5bac10a440
2026-02-20T00:45:35.270 INFO:teuthology.orchestra.run.trial034.stdout:/usr/bin/ceph: stderr
2026-02-20T00:45:35.241+0000 7f5bb2125640 1 -- 10.20.193.34:0/836812817 >> [v2:10.20.193.34:6800/2790779567,v1:10.20.193.34:6801/2790779567] conn(0x7f5b8003db40 msgr2=0x7f5b80040000 secure :-1 s=STATE_CONNECTION_ESTABLISHED l=1).mark_down
2026-02-20T00:45:35.270 INFO:teuthology.orchestra.run.trial034.stdout:/usr/bin/ceph: stderr
2026-02-20T00:45:35.241+0000 7f5bb2125640 1 --2- 10.20.193.34:0/836812817 >> [v2:10.20.193.34:6800/2790779567,v1:10.20.193.34:6801/2790779567] conn(0x7f5b8003db40 0x7f5b80040000 secure :-1 s=READY pgs=15 cs=0 l=1 rev1=1 crypto rx=0x7f5b9c0099c0 tx=0x7f5b9c006eb0 comp rx=0 tx=0).stop
2026-02-20T00:45:35.270 INFO:teuthology.orchestra.run.trial034.stdout:/usr/bin/ceph: stderr
2026-02-20T00:45:35.241+0000 7f5bb2125640 1 -- 10.20.193.34:0/836812817 >> [v2:10.20.193.34:3300/0,v1:10.20.193.34:6789/0] conn(0x7f5bac10a440 msgr2=0x7f5bac1a0220 secure :-1 s=STATE_CONNECTION_ESTABLISHED l=1).mark_down
2026-02-20T00:45:35.270 INFO:teuthology.orchestra.run.trial034.stdout:/usr/bin/ceph: stderr
2026-02-20T00:45:35.241+0000 7f5bb2125640 1 --2- 10.20.193.34:0/836812817 >> [v2:10.20.193.34:3300/0,v1:10.20.193.34:6789/0] conn(0x7f5bac10a440 0x7f5bac1a0220 secure :-1 s=READY pgs=52 cs=0 l=1 rev1=1 crypto rx=0x7f5b98037820 tx=0x7f5b98037850 comp rx=0 tx=0).stop
2026-02-20T00:45:35.270 INFO:teuthology.orchestra.run.trial034.stdout:/usr/bin/ceph: stderr
2026-02-20T00:45:35.241+0000 7f5bb2125640 1 -- 10.20.193.34:0/836812817 shutdown_connections
2026-02-20T00:45:35.270 INFO:teuthology.orchestra.run.trial034.stdout:/usr/bin/ceph: stderr
2026-02-20T00:45:35.241+0000 7f5bb2125640 1 --2- 10.20.193.34:0/836812817 >> [v2:10.20.193.34:6800/2790779567,v1:10.20.193.34:6801/2790779567] conn(0x7f5b8003db40 0x7f5b80040000 unknown :-1 s=CLOSED pgs=15 cs=0 l=1 rev1=1 crypto rx=0 tx=0 comp rx=0 tx=0).stop
2026-02-20T00:45:35.270 INFO:teuthology.orchestra.run.trial034.stdout:/usr/bin/ceph: stderr
2026-02-20T00:45:35.241+0000 7f5bb2125640 1 --2- 10.20.193.34:0/836812817 >> [v2:10.20.193.34:3300/0,v1:10.20.193.34:6789/0] conn(0x7f5bac10a440 0x7f5bac1a0220 unknown :-1 s=CLOSED pgs=52 cs=0 l=1 rev1=1 crypto rx=0 tx=0 comp rx=0 tx=0).stop
2026-02-20T00:45:35.270 INFO:teuthology.orchestra.run.trial034.stdout:/usr/bin/ceph: stderr
2026-02-20T00:45:35.241+0000 7f5bb2125640 1 -- 10.20.193.34:0/836812817 >> 10.20.193.34:0/836812817 conn(0x7f5bac07dbe0 msgr2=0x7f5bac107e50 unknown :-1 s=STATE_NONE l=0).mark_down
2026-02-20T00:45:35.270 INFO:teuthology.orchestra.run.trial034.stdout:/usr/bin/ceph: stderr
2026-02-20T00:45:35.241+0000 7f5bb2125640 1 -- 10.20.193.34:0/836812817 shutdown_connections
2026-02-20T00:45:35.270 INFO:teuthology.orchestra.run.trial034.stdout:/usr/bin/ceph: stderr
2026-02-20T00:45:35.241+0000 7f5bb2125640 1 -- 10.20.193.34:0/836812817 wait complete.
2026-02-20T00:45:35.270 INFO:teuthology.orchestra.run.trial034.stdout:Enabling the dashboard module...
2026-02-20T00:45:36.418 INFO:journalctl@ceph.mon.a.trial034.stdout:Feb 20 00:45:36 trial034 ceph-mon[39669]: Added host trial034
2026-02-20T00:45:36.418 INFO:journalctl@ceph.mon.a.trial034.stdout:Feb 20 00:45:36 trial034 ceph-mon[39669]: from='client.14140 -' entity='client.admin' cmd=[{"prefix": "orch apply", "service_type": "mon", "unmanaged": true, "target": ["mon-mgr", ""]}]: dispatch
2026-02-20T00:45:36.419 INFO:journalctl@ceph.mon.a.trial034.stdout:Feb 20 00:45:36 trial034 ceph-mon[39669]: Saving service mon spec with placement count:5
2026-02-20T00:45:36.419 INFO:journalctl@ceph.mon.a.trial034.stdout:Feb 20 00:45:36 trial034 ceph-mon[39669]: from='client.14142 -' entity='client.admin' cmd=[{"prefix": "orch apply", "service_type": "mgr", "unmanaged": true, "target": ["mon-mgr", ""]}]: dispatch
2026-02-20T00:45:36.419 INFO:journalctl@ceph.mon.a.trial034.stdout:Feb 20 00:45:36 trial034 ceph-mon[39669]: Saving service mgr spec with placement count:2
2026-02-20T00:45:36.419 INFO:journalctl@ceph.mon.a.trial034.stdout:Feb 20 00:45:36 trial034 ceph-mon[39669]: from='client.? 10.20.193.34:0/836812817' entity='client.admin'
2026-02-20T00:45:36.419 INFO:journalctl@ceph.mon.a.trial034.stdout:Feb 20 00:45:36 trial034 ceph-mon[39669]: from='mgr.14118 10.20.193.34:0/234758684' entity='mgr.x'
2026-02-20T00:45:36.419 INFO:journalctl@ceph.mon.a.trial034.stdout:Feb 20 00:45:36 trial034 ceph-mon[39669]: from='client.? 10.20.193.34:0/1257735675' entity='client.admin' cmd=[{"prefix": "mgr module enable", "module": "dashboard"}]: dispatch
2026-02-20T00:45:36.419 INFO:journalctl@ceph.mon.a.trial034.stdout:Feb 20 00:45:36 trial034 ceph-mon[39669]: from='mgr.14118 10.20.193.34:0/234758684' entity='mgr.x'
2026-02-20T00:45:36.449 INFO:teuthology.orchestra.run.trial034.stdout:/usr/bin/ceph: stderr
2026-02-20T00:45:35.367+0000 7fa1f8e1e640 1 Processor -- start
2026-02-20T00:45:36.449 INFO:teuthology.orchestra.run.trial034.stdout:/usr/bin/ceph: stderr
2026-02-20T00:45:35.367+0000 7fa1f8e1e640 1 -- start start
2026-02-20T00:45:36.449 INFO:teuthology.orchestra.run.trial034.stdout:/usr/bin/ceph: stderr
2026-02-20T00:45:35.367+0000 7fa1f8e1e640 1 --2- >> [v2:10.20.193.34:3300/0,v1:10.20.193.34:6789/0] conn(0x7fa1f407dea0 0x7fa1f407c310 unknown :-1 s=NONE pgs=0 cs=0 l=0 rev1=0 crypto rx=0 tx=0 comp rx=0 tx=0).connect
2026-02-20T00:45:36.449 INFO:teuthology.orchestra.run.trial034.stdout:/usr/bin/ceph: stderr
2026-02-20T00:45:35.367+0000 7fa1f8e1e640 1 -- --> [v2:10.20.193.34:3300/0,v1:10.20.193.34:6789/0] -- mon_getmap magic: 0 -- 0x7fa1f407c850 con 0x7fa1f407dea0
2026-02-20T00:45:36.449 INFO:teuthology.orchestra.run.trial034.stdout:/usr/bin/ceph: stderr
2026-02-20T00:45:35.367+0000 7fa1f2575640 1 --2- >> [v2:10.20.193.34:3300/0,v1:10.20.193.34:6789/0] conn(0x7fa1f407dea0 0x7fa1f407c310 unknown :-1 s=BANNER_CONNECTING pgs=0 cs=0 l=0 rev1=0 crypto rx=0 tx=0 comp rx=0 tx=0)._handle_peer_banner_payload supported=3 required=0
2026-02-20T00:45:36.450 INFO:teuthology.orchestra.run.trial034.stdout:/usr/bin/ceph: stderr
2026-02-20T00:45:35.367+0000 7fa1f2575640 1 --2- >> [v2:10.20.193.34:3300/0,v1:10.20.193.34:6789/0] conn(0x7fa1f407dea0 0x7fa1f407c310 unknown :-1 s=HELLO_CONNECTING pgs=0 cs=0 l=0 rev1=1 crypto rx=0 tx=0 comp rx=0 tx=0).handle_hello peer v2:10.20.193.34:3300/0 says I am v2:10.20.193.34:35346/0 (socket says 10.20.193.34:35346)
2026-02-20T00:45:36.450 INFO:teuthology.orchestra.run.trial034.stdout:/usr/bin/ceph: stderr
2026-02-20T00:45:35.367+0000 7fa1f2575640 1 -- 10.20.193.34:0/135576045 learned_addr learned my addr 10.20.193.34:0/135576045 (peer_addr_for_me v2:10.20.193.34:0/0)
2026-02-20T00:45:36.450 INFO:teuthology.orchestra.run.trial034.stdout:/usr/bin/ceph: stderr
2026-02-20T00:45:35.367+0000 7fa1f2575640 1 -- 10.20.193.34:0/135576045 --> [v2:10.20.193.34:3300/0,v1:10.20.193.34:6789/0] -- mon_subscribe({config=0+,monmap=0+}) -- 0x7fa1f407c9d0 con 0x7fa1f407dea0
2026-02-20T00:45:36.450 INFO:teuthology.orchestra.run.trial034.stdout:/usr/bin/ceph: stderr
2026-02-20T00:45:35.368+0000 7fa1f2575640 1 --2- 10.20.193.34:0/135576045 >> [v2:10.20.193.34:3300/0,v1:10.20.193.34:6789/0] conn(0x7fa1f407dea0 0x7fa1f407c310 secure :-1 s=READY pgs=53 cs=0 l=1 rev1=1 crypto rx=0x7fa1e8009920 tx=0x7fa1e802ef20 comp rx=0 tx=0).ready entity=mon.0 client_cookie=36d7084d6368ca74 server_cookie=0 in_seq=0 out_seq=0
2026-02-20T00:45:36.450 INFO:teuthology.orchestra.run.trial034.stdout:/usr/bin/ceph: stderr
2026-02-20T00:45:35.368+0000 7fa1f1573640 1 -- 10.20.193.34:0/135576045 <== mon.0 v2:10.20.193.34:3300/0 1 ==== mon_map magic: 0 ==== 205+0+0 (secure 0 0 0) 0x7fa1e803c070 con 0x7fa1f407dea0
2026-02-20T00:45:36.450 INFO:teuthology.orchestra.run.trial034.stdout:/usr/bin/ceph: stderr
2026-02-20T00:45:35.368+0000 7fa1f1573640 1 -- 10.20.193.34:0/135576045 <== mon.0 v2:10.20.193.34:3300/0 2 ==== config(25 keys) ==== 1038+0+0 (secure 0 0 0) 0x7fa1e8037440 con 0x7fa1f407dea0
2026-02-20T00:45:36.450 INFO:teuthology.orchestra.run.trial034.stdout:/usr/bin/ceph: stderr
2026-02-20T00:45:35.368+0000 7fa1f1573640 1 -- 10.20.193.34:0/135576045 <== mon.0 v2:10.20.193.34:3300/0 3 ==== mon_map magic: 0 ==== 205+0+0 (secure 0 0 0) 0x7fa1e80354d0 con 0x7fa1f407dea0
2026-02-20T00:45:36.450 INFO:teuthology.orchestra.run.trial034.stdout:/usr/bin/ceph: stderr
2026-02-20T00:45:35.368+0000 7fa1f8e1e640 1 -- 10.20.193.34:0/135576045 >> [v2:10.20.193.34:3300/0,v1:10.20.193.34:6789/0] conn(0x7fa1f407dea0 msgr2=0x7fa1f407c310 secure :-1 s=STATE_CONNECTION_ESTABLISHED l=1).mark_down
2026-02-20T00:45:36.450 INFO:teuthology.orchestra.run.trial034.stdout:/usr/bin/ceph: stderr
2026-02-20T00:45:35.368+0000 7fa1f8e1e640 1 --2- 10.20.193.34:0/135576045 >> [v2:10.20.193.34:3300/0,v1:10.20.193.34:6789/0] conn(0x7fa1f407dea0 0x7fa1f407c310 secure :-1 s=READY pgs=53 cs=0 l=1 rev1=1 crypto rx=0x7fa1e8009920 tx=0x7fa1e802ef20 comp rx=0 tx=0).stop
2026-02-20T00:45:36.450 INFO:teuthology.orchestra.run.trial034.stdout:/usr/bin/ceph: stderr
2026-02-20T00:45:35.368+0000 7fa1f8e1e640 1 -- 10.20.193.34:0/135576045 shutdown_connections
2026-02-20T00:45:36.450 INFO:teuthology.orchestra.run.trial034.stdout:/usr/bin/ceph: stderr
2026-02-20T00:45:35.368+0000 7fa1f8e1e640 1 --2- 10.20.193.34:0/135576045 >> [v2:10.20.193.34:3300/0,v1:10.20.193.34:6789/0] conn(0x7fa1f407dea0 0x7fa1f407c310 unknown :-1 s=CLOSED pgs=53 cs=0 l=1 rev1=1 crypto rx=0 tx=0 comp rx=0 tx=0).stop
2026-02-20T00:45:36.450 INFO:teuthology.orchestra.run.trial034.stdout:/usr/bin/ceph: stderr
2026-02-20T00:45:35.368+0000 7fa1f8e1e640 1 -- 10.20.193.34:0/135576045 >> 10.20.193.34:0/135576045 conn(0x7fa1f4103a40 msgr2=0x7fa1f4105e60 unknown :-1 s=STATE_NONE l=0).mark_down
2026-02-20T00:45:36.451 INFO:teuthology.orchestra.run.trial034.stdout:/usr/bin/ceph: stderr
2026-02-20T00:45:35.368+0000 7fa1f8e1e640 1 -- 10.20.193.34:0/135576045 shutdown_connections
2026-02-20T00:45:36.451 INFO:teuthology.orchestra.run.trial034.stdout:/usr/bin/ceph: stderr
2026-02-20T00:45:35.368+0000 7fa1f8e1e640 1 -- 10.20.193.34:0/135576045 wait complete.
2026-02-20T00:45:36.451 INFO:teuthology.orchestra.run.trial034.stdout:/usr/bin/ceph: stderr
2026-02-20T00:45:35.369+0000 7fa1f8e1e640 1 Processor -- start
2026-02-20T00:45:36.451 INFO:teuthology.orchestra.run.trial034.stdout:/usr/bin/ceph: stderr
2026-02-20T00:45:35.369+0000 7fa1f8e1e640 1 -- start start
2026-02-20T00:45:36.451 INFO:teuthology.orchestra.run.trial034.stdout:/usr/bin/ceph: stderr
2026-02-20T00:45:35.369+0000 7fa1f8e1e640 1 --2- >> [v2:10.20.193.34:3300/0,v1:10.20.193.34:6789/0] conn(0x7fa1f407dea0 0x7fa1f41a0310 unknown :-1 s=NONE pgs=0 cs=0 l=1 rev1=0 crypto rx=0 tx=0 comp rx=0 tx=0).connect
2026-02-20T00:45:36.451 INFO:teuthology.orchestra.run.trial034.stdout:/usr/bin/ceph: stderr
2026-02-20T00:45:35.369+0000 7fa1f8e1e640 1 -- --> [v2:10.20.193.34:3300/0,v1:10.20.193.34:6789/0] -- mon_getmap magic: 0 -- 0x7fa1f410e780 con 0x7fa1f407dea0
2026-02-20T00:45:36.451 INFO:teuthology.orchestra.run.trial034.stdout:/usr/bin/ceph: stderr
2026-02-20T00:45:35.369+0000 7fa1f2575640 1 --2- >> [v2:10.20.193.34:3300/0,v1:10.20.193.34:6789/0] conn(0x7fa1f407dea0 0x7fa1f41a0310 unknown :-1 s=BANNER_CONNECTING pgs=0 cs=0 l=1 rev1=0 crypto rx=0 tx=0 comp rx=0 tx=0)._handle_peer_banner_payload supported=3 required=0
2026-02-20T00:45:36.451 INFO:teuthology.orchestra.run.trial034.stdout:/usr/bin/ceph: stderr
2026-02-20T00:45:35.369+0000 7fa1f2575640 1 --2- >> [v2:10.20.193.34:3300/0,v1:10.20.193.34:6789/0] conn(0x7fa1f407dea0 0x7fa1f41a0310 unknown :-1 s=HELLO_CONNECTING pgs=0 cs=0 l=1 rev1=1 crypto rx=0 tx=0 comp rx=0 tx=0).handle_hello peer v2:10.20.193.34:3300/0 says I am v2:10.20.193.34:35358/0 (socket says 10.20.193.34:35358)
2026-02-20T00:45:36.451 INFO:teuthology.orchestra.run.trial034.stdout:/usr/bin/ceph: stderr
2026-02-20T00:45:35.369+0000 7fa1f2575640 1 -- 10.20.193.34:0/1257735675 learned_addr learned my addr 10.20.193.34:0/1257735675 (peer_addr_for_me v2:10.20.193.34:0/0)
2026-02-20T00:45:36.451 INFO:teuthology.orchestra.run.trial034.stdout:/usr/bin/ceph: stderr
2026-02-20T00:45:35.369+0000 7fa1f2575640 1 -- 10.20.193.34:0/1257735675 --> [v2:10.20.193.34:3300/0,v1:10.20.193.34:6789/0] -- mon_subscribe({config=0+,monmap=0+}) -- 0x7fa1f41a0850 con 0x7fa1f407dea0
2026-02-20T00:45:36.452 INFO:teuthology.orchestra.run.trial034.stdout:/usr/bin/ceph: stderr
2026-02-20T00:45:35.369+0000 7fa1f2575640 1 --2- 10.20.193.34:0/1257735675 >> [v2:10.20.193.34:3300/0,v1:10.20.193.34:6789/0] conn(0x7fa1f407dea0 0x7fa1f41a0310 secure :-1 s=READY pgs=54 cs=0 l=1 rev1=1 crypto rx=0x7fa1e8037850 tx=0x7fa1e8037880 comp rx=0 tx=0).ready entity=mon.0 client_cookie=0 server_cookie=0 in_seq=0 out_seq=0
2026-02-20T00:45:36.452 INFO:teuthology.orchestra.run.trial034.stdout:/usr/bin/ceph: stderr
2026-02-20T00:45:35.369+0000 7fa1db7fe640 1 -- 10.20.193.34:0/1257735675 <== mon.0 v2:10.20.193.34:3300/0 1 ==== mon_map magic: 0 ==== 205+0+0 (secure 0 0 0) 0x7fa1e803c070 con 0x7fa1f407dea0
2026-02-20T00:45:36.452 INFO:teuthology.orchestra.run.trial034.stdout:/usr/bin/ceph: stderr
2026-02-20T00:45:35.369+0000 7fa1db7fe640 1 -- 10.20.193.34:0/1257735675 <== mon.0 v2:10.20.193.34:3300/0 2 ==== config(25 keys) ==== 1038+0+0 (secure 0 0 0) 0x7fa1e8035d70 con 0x7fa1f407dea0
2026-02-20T00:45:36.452 INFO:teuthology.orchestra.run.trial034.stdout:/usr/bin/ceph: stderr
2026-02-20T00:45:35.369+0000 7fa1f8e1e640 1 -- 10.20.193.34:0/1257735675 --> [v2:10.20.193.34:3300/0,v1:10.20.193.34:6789/0] -- mon_subscribe({mgrmap=0+}) -- 0x7fa1f41a0ae0 con 0x7fa1f407dea0
2026-02-20T00:45:36.452 INFO:teuthology.orchestra.run.trial034.stdout:/usr/bin/ceph: stderr
2026-02-20T00:45:35.369+0000 7fa1db7fe640 1 -- 10.20.193.34:0/1257735675 <== mon.0 v2:10.20.193.34:3300/0 3 ==== mon_map magic: 0 ==== 205+0+0 (secure 0 0 0) 0x7fa1e8042d50 con 0x7fa1f407dea0
2026-02-20T00:45:36.452 INFO:teuthology.orchestra.run.trial034.stdout:/usr/bin/ceph: stderr
2026-02-20T00:45:35.369+0000 7fa1f8e1e640 1 -- 10.20.193.34:0/1257735675 --> [v2:10.20.193.34:3300/0,v1:10.20.193.34:6789/0] -- mon_subscribe({osdmap=0}) -- 0x7fa1f41a37d0 con 0x7fa1f407dea0
2026-02-20T00:45:36.452 INFO:teuthology.orchestra.run.trial034.stdout:/usr/bin/ceph: stderr
2026-02-20T00:45:35.370+0000 7fa1f8e1e640 1 -- 10.20.193.34:0/1257735675 --> [v2:10.20.193.34:3300/0,v1:10.20.193.34:6789/0] -- mon_command({"prefix": "get_command_descriptions"} v 0) -- 0x7fa1f407c390 con 0x7fa1f407dea0
2026-02-20T00:45:36.452 INFO:teuthology.orchestra.run.trial034.stdout:/usr/bin/ceph: stderr
2026-02-20T00:45:35.370+0000 7fa1db7fe640 1 -- 10.20.193.34:0/1257735675 <== mon.0 v2:10.20.193.34:3300/0 4 ==== mgrmap(e 8) ==== 50247+0+0 (secure 0 0 0) 0x7fa1e80425b0 con 0x7fa1f407dea0
2026-02-20T00:45:36.452 INFO:teuthology.orchestra.run.trial034.stdout:/usr/bin/ceph: stderr
2026-02-20T00:45:35.370+0000 7fa1db7fe640 1 --2- 10.20.193.34:0/1257735675 >> [v2:10.20.193.34:6800/2790779567,v1:10.20.193.34:6801/2790779567] conn(0x7fa1cc03dba0 0x7fa1cc040060 unknown :-1 s=NONE pgs=0 cs=0 l=1 rev1=0 crypto rx=0 tx=0 comp rx=0 tx=0).connect
2026-02-20T00:45:36.452 INFO:teuthology.orchestra.run.trial034.stdout:/usr/bin/ceph: stderr
2026-02-20T00:45:35.370+0000 7fa1db7fe640 1 -- 10.20.193.34:0/1257735675 <== mon.0 v2:10.20.193.34:3300/0 5 ==== osd_map(2..2 src has 1..2) ==== 940+0+0 (secure 0 0 0) 0x7fa1e80768c0 con 0x7fa1f407dea0
2026-02-20T00:45:36.452 INFO:teuthology.orchestra.run.trial034.stdout:/usr/bin/ceph: stderr
2026-02-20T00:45:35.370+0000 7fa1f1d74640 1 --2- 10.20.193.34:0/1257735675 >> [v2:10.20.193.34:6800/2790779567,v1:10.20.193.34:6801/2790779567] conn(0x7fa1cc03dba0 0x7fa1cc040060 unknown :-1 s=BANNER_CONNECTING pgs=0 cs=0 l=1 rev1=0 crypto rx=0 tx=0 comp rx=0 tx=0)._handle_peer_banner_payload supported=3 required=0
2026-02-20T00:45:36.452 INFO:teuthology.orchestra.run.trial034.stdout:/usr/bin/ceph: stderr
2026-02-20T00:45:35.371+0000 7fa1f1d74640 1 --2- 10.20.193.34:0/1257735675 >> [v2:10.20.193.34:6800/2790779567,v1:10.20.193.34:6801/2790779567] conn(0x7fa1cc03dba0 0x7fa1cc040060 secure :-1 s=READY pgs=16 cs=0 l=1 rev1=1 crypto rx=0x7fa1dc0099c0 tx=0x7fa1dc006eb0 comp rx=0 tx=0).ready entity=mgr.14118 client_cookie=0 server_cookie=0 in_seq=0 out_seq=0
2026-02-20T00:45:36.453 INFO:teuthology.orchestra.run.trial034.stdout:/usr/bin/ceph: stderr
2026-02-20T00:45:35.374+0000 7fa1db7fe640 1 -- 10.20.193.34:0/1257735675 <== mon.0 v2:10.20.193.34:3300/0 6 ==== mon_command_ack([{"prefix": "get_command_descriptions"}]=0 v0) ==== 72+0+195034 (secure 0 0 0) 0x7fa1e803d270 con 0x7fa1f407dea0
2026-02-20T00:45:36.453 INFO:teuthology.orchestra.run.trial034.stdout:/usr/bin/ceph: stderr
2026-02-20T00:45:35.481+0000 7fa1f8e1e640 1 -- 10.20.193.34:0/1257735675 --> [v2:10.20.193.34:3300/0,v1:10.20.193.34:6789/0] -- mon_command({"prefix": "mgr module enable", "module": "dashboard"} v 0) -- 0x7fa1f41a3d60 con 0x7fa1f407dea0
2026-02-20T00:45:36.453 INFO:teuthology.orchestra.run.trial034.stdout:/usr/bin/ceph: stderr
2026-02-20T00:45:36.415+0000 7fa1db7fe640 1 -- 10.20.193.34:0/1257735675 <== mon.0 v2:10.20.193.34:3300/0 7 ==== mon_command_ack([{"prefix": "mgr module enable", "module": "dashboard"}]=0 v9) ==== 88+0+0 (secure 0 0 0) 0x7fa1e8076620 con 0x7fa1f407dea0
2026-02-20T00:45:36.453 INFO:teuthology.orchestra.run.trial034.stdout:/usr/bin/ceph: stderr
2026-02-20T00:45:36.417+0000 7fa1db7fe640 1 -- 10.20.193.34:0/1257735675 <== mon.0 v2:10.20.193.34:3300/0 8 ==== mgrmap(e 9) ==== 50260+0+0 (secure 0 0 0) 0x7fa1e8035900 con 0x7fa1f407dea0
2026-02-20T00:45:36.453 INFO:teuthology.orchestra.run.trial034.stdout:/usr/bin/ceph: stderr
2026-02-20T00:45:36.420+0000 7fa1f8e1e640 1 -- 10.20.193.34:0/1257735675 >> [v2:10.20.193.34:6800/2790779567,v1:10.20.193.34:6801/2790779567] conn(0x7fa1cc03dba0 msgr2=0x7fa1cc040060 secure :-1 s=STATE_CONNECTION_ESTABLISHED l=1).mark_down
2026-02-20T00:45:36.453 INFO:teuthology.orchestra.run.trial034.stdout:/usr/bin/ceph: stderr
2026-02-20T00:45:36.420+0000 7fa1f8e1e640 1 --2- 10.20.193.34:0/1257735675 >> [v2:10.20.193.34:6800/2790779567,v1:10.20.193.34:6801/2790779567] conn(0x7fa1cc03dba0 0x7fa1cc040060 secure :-1 s=READY pgs=16 cs=0 l=1 rev1=1 crypto rx=0x7fa1dc0099c0 tx=0x7fa1dc006eb0 comp rx=0 tx=0).stop
2026-02-20T00:45:36.453 INFO:teuthology.orchestra.run.trial034.stdout:/usr/bin/ceph: stderr
2026-02-20T00:45:36.420+0000 7fa1f8e1e640 1 -- 10.20.193.34:0/1257735675 >> [v2:10.20.193.34:3300/0,v1:10.20.193.34:6789/0] conn(0x7fa1f407dea0 msgr2=0x7fa1f41a0310 secure :-1 s=STATE_CONNECTION_ESTABLISHED l=1).mark_down
2026-02-20T00:45:36.453 INFO:teuthology.orchestra.run.trial034.stdout:/usr/bin/ceph: stderr
2026-02-20T00:45:36.420+0000 7fa1f8e1e640 1 --2- 10.20.193.34:0/1257735675 >> [v2:10.20.193.34:3300/0,v1:10.20.193.34:6789/0] conn(0x7fa1f407dea0 0x7fa1f41a0310 secure :-1 s=READY pgs=54 cs=0 l=1 rev1=1 crypto rx=0x7fa1e8037850 tx=0x7fa1e8037880 comp rx=0 tx=0).stop
2026-02-20T00:45:36.453 INFO:teuthology.orchestra.run.trial034.stdout:/usr/bin/ceph: stderr
2026-02-20T00:45:36.420+0000 7fa1f8e1e640 1 -- 10.20.193.34:0/1257735675 shutdown_connections
2026-02-20T00:45:36.453 INFO:teuthology.orchestra.run.trial034.stdout:/usr/bin/ceph: stderr
2026-02-20T00:45:36.420+0000 7fa1f8e1e640 1 --2- 10.20.193.34:0/1257735675 >> [v2:10.20.193.34:6800/2790779567,v1:10.20.193.34:6801/2790779567] conn(0x7fa1cc03dba0 0x7fa1cc040060 unknown :-1 s=CLOSED pgs=16 cs=0 l=1 rev1=1 crypto rx=0 tx=0 comp rx=0 tx=0).stop
2026-02-20T00:45:36.453 INFO:teuthology.orchestra.run.trial034.stdout:/usr/bin/ceph: stderr
2026-02-20T00:45:36.420+0000 7fa1f8e1e640 1 --2- 10.20.193.34:0/1257735675 >> [v2:10.20.193.34:3300/0,v1:10.20.193.34:6789/0] conn(0x7fa1f407dea0 0x7fa1f41a0310 unknown :-1 s=CLOSED pgs=54 cs=0 l=1 rev1=1 crypto rx=0 tx=0 comp rx=0 tx=0).stop
2026-02-20T00:45:36.453 INFO:teuthology.orchestra.run.trial034.stdout:/usr/bin/ceph: stderr
2026-02-20T00:45:36.420+0000 7fa1f8e1e640 1 -- 10.20.193.34:0/1257735675 >> 10.20.193.34:0/1257735675 conn(0x7fa1f4103a40 msgr2=0x7fa1f41045d0 unknown :-1 s=STATE_NONE l=0).mark_down
2026-02-20T00:45:36.454 INFO:teuthology.orchestra.run.trial034.stdout:/usr/bin/ceph: stderr
2026-02-20T00:45:36.421+0000 7fa1f8e1e640 1 -- 10.20.193.34:0/1257735675 shutdown_connections
2026-02-20T00:45:36.454 INFO:teuthology.orchestra.run.trial034.stdout:/usr/bin/ceph: stderr
2026-02-20T00:45:36.421+0000 7fa1f8e1e640 1 -- 10.20.193.34:0/1257735675 wait complete.
2026-02-20T00:45:36.671 INFO:journalctl@ceph.mgr.x.trial034.stdout:Feb 20 00:45:36 trial034 ceph-6771c466-0df5-11f1-ac96-d404e6e7d460-mgr-x[39941]: ignoring --setuser ceph since I am not root
2026-02-20T00:45:36.672 INFO:journalctl@ceph.mgr.x.trial034.stdout:Feb 20 00:45:36 trial034 ceph-6771c466-0df5-11f1-ac96-d404e6e7d460-mgr-x[39941]: ignoring --setgroup ceph since I am not root
2026-02-20T00:45:36.703 INFO:teuthology.orchestra.run.trial034.stdout:/usr/bin/ceph: stdout {
2026-02-20T00:45:36.703 INFO:teuthology.orchestra.run.trial034.stdout:/usr/bin/ceph: stdout "epoch": 9,
2026-02-20T00:45:36.703 INFO:teuthology.orchestra.run.trial034.stdout:/usr/bin/ceph: stdout "available": true,
2026-02-20T00:45:36.703 INFO:teuthology.orchestra.run.trial034.stdout:/usr/bin/ceph: stdout "active_name": "x",
2026-02-20T00:45:36.704 INFO:teuthology.orchestra.run.trial034.stdout:/usr/bin/ceph: stdout "num_standby": 0
2026-02-20T00:45:36.704 INFO:teuthology.orchestra.run.trial034.stdout:/usr/bin/ceph: stdout }
2026-02-20T00:45:36.704 INFO:teuthology.orchestra.run.trial034.stdout:/usr/bin/ceph: stderr
2026-02-20T00:45:36.551+0000 7f658d3dd640 1 Processor -- start
2026-02-20T00:45:36.704 INFO:teuthology.orchestra.run.trial034.stdout:/usr/bin/ceph: stderr
2026-02-20T00:45:36.551+0000 7f658d3dd640 1 -- start start
2026-02-20T00:45:36.704 INFO:teuthology.orchestra.run.trial034.stdout:/usr/bin/ceph: stderr
2026-02-20T00:45:36.551+0000 7f658d3dd640 1 --2- >> [v2:10.20.193.34:3300/0,v1:10.20.193.34:6789/0] conn(0x7f658810a480 0x7f658810a880 unknown :-1 s=NONE pgs=0 cs=0 l=0 rev1=0 crypto rx=0 tx=0 comp rx=0 tx=0).connect
2026-02-20T00:45:36.704 INFO:teuthology.orchestra.run.trial034.stdout:/usr/bin/ceph: stderr
2026-02-20T00:45:36.551+0000 7f658d3dd640 1 -- --> [v2:10.20.193.34:3300/0,v1:10.20.193.34:6789/0] -- mon_getmap magic: 0 -- 0x7f658810ae50 con 0x7f658810a480
2026-02-20T00:45:36.704 INFO:teuthology.orchestra.run.trial034.stdout:/usr/bin/ceph: stderr
2026-02-20T00:45:36.552+0000 7f6586ffd640 1 --2- >> [v2:10.20.193.34:3300/0,v1:10.20.193.34:6789/0] conn(0x7f658810a480 0x7f658810a880 unknown :-1 s=BANNER_CONNECTING pgs=0 cs=0 l=0 rev1=0 crypto rx=0 tx=0 comp rx=0 tx=0)._handle_peer_banner_payload supported=3 required=0
2026-02-20T00:45:36.705 INFO:teuthology.orchestra.run.trial034.stdout:/usr/bin/ceph: stderr
2026-02-20T00:45:36.552+0000 7f6586ffd640 1 --2- >> [v2:10.20.193.34:3300/0,v1:10.20.193.34:6789/0] conn(0x7f658810a480 0x7f658810a880 unknown :-1 s=HELLO_CONNECTING pgs=0 cs=0 l=0 rev1=1 crypto rx=0 tx=0 comp rx=0 tx=0).handle_hello peer v2:10.20.193.34:3300/0 says I am v2:10.20.193.34:35382/0 (socket says 10.20.193.34:35382)
2026-02-20T00:45:36.705 INFO:teuthology.orchestra.run.trial034.stdout:/usr/bin/ceph: stderr
2026-02-20T00:45:36.552+0000 7f6586ffd640 1 -- 10.20.193.34:0/1862214307 learned_addr learned my addr 10.20.193.34:0/1862214307 (peer_addr_for_me v2:10.20.193.34:0/0)
2026-02-20T00:45:36.705 INFO:teuthology.orchestra.run.trial034.stdout:/usr/bin/ceph: stderr
2026-02-20T00:45:36.552+0000 7f6586ffd640 1 -- 10.20.193.34:0/1862214307 --> [v2:10.20.193.34:3300/0,v1:10.20.193.34:6789/0] -- mon_subscribe({config=0+,monmap=0+}) -- 0x7f658810b600 con 0x7f658810a480
2026-02-20T00:45:36.705 INFO:teuthology.orchestra.run.trial034.stdout:/usr/bin/ceph: stderr
2026-02-20T00:45:36.552+0000 7f6586ffd640 1 --2- 10.20.193.34:0/1862214307 >> [v2:10.20.193.34:3300/0,v1:10.20.193.34:6789/0] conn(0x7f658810a480 0x7f658810a880 secure :-1 s=READY pgs=57 cs=0 l=1 rev1=1 crypto rx=0x7f657c009920 tx=0x7f657c02ef20 comp rx=0 tx=0).ready entity=mon.0 client_cookie=bf1c6f654b3bf510 server_cookie=0 in_seq=0 out_seq=0
2026-02-20T00:45:36.705 INFO:teuthology.orchestra.run.trial034.stdout:/usr/bin/ceph: stderr
2026-02-20T00:45:36.553+0000 7f6585ffb640 1 -- 10.20.193.34:0/1862214307 <== mon.0 v2:10.20.193.34:3300/0 1 ==== mon_map magic: 0 ==== 205+0+0 (secure 0 0 0) 0x7f657c03c070 con 0x7f658810a480
2026-02-20T00:45:36.705 INFO:teuthology.orchestra.run.trial034.stdout:/usr/bin/ceph: stderr
2026-02-20T00:45:36.553+0000 7f6585ffb640 1 -- 10.20.193.34:0/1862214307 <== mon.0 v2:10.20.193.34:3300/0 2 ==== config(25 keys) ==== 1038+0+0 (secure 0 0 0) 0x7f657c037440 con 0x7f658810a480
2026-02-20T00:45:36.705 INFO:teuthology.orchestra.run.trial034.stdout:/usr/bin/ceph: stderr
2026-02-20T00:45:36.553+0000 7f6585ffb640 1 -- 10.20.193.34:0/1862214307 <== mon.0 v2:10.20.193.34:3300/0 3 ==== mon_map magic: 0 ==== 205+0+0 (secure 0 0 0) 0x7f657c0354d0 con 0x7f658810a480
2026-02-20T00:45:36.705 INFO:teuthology.orchestra.run.trial034.stdout:/usr/bin/ceph: stderr
2026-02-20T00:45:36.553+0000 7f658d3dd640 1 -- 10.20.193.34:0/1862214307 >> [v2:10.20.193.34:3300/0,v1:10.20.193.34:6789/0] conn(0x7f658810a480 msgr2=0x7f658810a880 secure :-1 s=STATE_CONNECTION_ESTABLISHED l=1).mark_down
2026-02-20T00:45:36.706 INFO:teuthology.orchestra.run.trial034.stdout:/usr/bin/ceph: stderr
2026-02-20T00:45:36.553+0000 7f658d3dd640 1 --2- 10.20.193.34:0/1862214307 >> [v2:10.20.193.34:3300/0,v1:10.20.193.34:6789/0] conn(0x7f658810a480 0x7f658810a880 secure :-1 s=READY pgs=57 cs=0 l=1 rev1=1 crypto rx=0x7f657c009920 tx=0x7f657c02ef20 comp rx=0 tx=0).stop
2026-02-20T00:45:36.706 INFO:teuthology.orchestra.run.trial034.stdout:/usr/bin/ceph: stderr
2026-02-20T00:45:36.553+0000 7f658d3dd640 1 -- 10.20.193.34:0/1862214307 shutdown_connections
2026-02-20T00:45:36.706 INFO:teuthology.orchestra.run.trial034.stdout:/usr/bin/ceph: stderr
2026-02-20T00:45:36.553+0000 7f658d3dd640 1 --2- 10.20.193.34:0/1862214307 >> [v2:10.20.193.34:3300/0,v1:10.20.193.34:6789/0] conn(0x7f658810a480 0x7f658810a880 unknown :-1 s=CLOSED pgs=57 cs=0 l=1 rev1=1 crypto rx=0 tx=0 comp rx=0 tx=0).stop
2026-02-20T00:45:36.706 INFO:teuthology.orchestra.run.trial034.stdout:/usr/bin/ceph: stderr
2026-02-20T00:45:36.553+0000 7f658d3dd640 1 -- 10.20.193.34:0/1862214307 >> 10.20.193.34:0/1862214307 conn(0x7f658807dbf0 msgr2=0x7f6588108680 unknown :-1 s=STATE_NONE l=0).mark_down
2026-02-20T00:45:36.706 INFO:teuthology.orchestra.run.trial034.stdout:/usr/bin/ceph: stderr
2026-02-20T00:45:36.553+0000 7f658d3dd640 1 -- 10.20.193.34:0/1862214307 shutdown_connections
2026-02-20T00:45:36.706 INFO:teuthology.orchestra.run.trial034.stdout:/usr/bin/ceph: stderr
2026-02-20T00:45:36.553+0000 7f658d3dd640 1 -- 10.20.193.34:0/1862214307 wait complete.
2026-02-20T00:45:36.706 INFO:teuthology.orchestra.run.trial034.stdout:/usr/bin/ceph: stderr
2026-02-20T00:45:36.553+0000 7f658d3dd640 1 Processor -- start
2026-02-20T00:45:36.707 INFO:teuthology.orchestra.run.trial034.stdout:/usr/bin/ceph: stderr
2026-02-20T00:45:36.553+0000 7f658d3dd640 1 -- start start
2026-02-20T00:45:36.707 INFO:teuthology.orchestra.run.trial034.stdout:/usr/bin/ceph: stderr
2026-02-20T00:45:36.553+0000 7f658d3dd640 1 --2- >> [v2:10.20.193.34:3300/0,v1:10.20.193.34:6789/0] conn(0x7f658810a480 0x7f65881a0260 unknown :-1 s=NONE pgs=0 cs=0 l=1 rev1=0 crypto rx=0 tx=0 comp rx=0 tx=0).connect
2026-02-20T00:45:36.707 INFO:teuthology.orchestra.run.trial034.stdout:/usr/bin/ceph: stderr
2026-02-20T00:45:36.553+0000 7f658d3dd640 1 -- --> [v2:10.20.193.34:3300/0,v1:10.20.193.34:6789/0] -- mon_getmap magic: 0 -- 0x7f658810e830 con 0x7f658810a480
2026-02-20T00:45:36.707 INFO:teuthology.orchestra.run.trial034.stdout:/usr/bin/ceph: stderr
2026-02-20T00:45:36.554+0000 7f6586ffd640 1 --2- >> [v2:10.20.193.34:3300/0,v1:10.20.193.34:6789/0] conn(0x7f658810a480 0x7f65881a0260 unknown :-1 s=BANNER_CONNECTING pgs=0 cs=0 l=1 rev1=0 crypto rx=0 tx=0 comp rx=0 tx=0)._handle_peer_banner_payload supported=3 required=0
2026-02-20T00:45:36.707 INFO:teuthology.orchestra.run.trial034.stdout:/usr/bin/ceph: stderr
2026-02-20T00:45:36.554+0000 7f6586ffd640 1 --2- >> [v2:10.20.193.34:3300/0,v1:10.20.193.34:6789/0] conn(0x7f658810a480 0x7f65881a0260 unknown :-1 s=HELLO_CONNECTING pgs=0 cs=0 l=1 rev1=1 crypto rx=0 tx=0 comp rx=0 tx=0).handle_hello peer v2:10.20.193.34:3300/0 says I am v2:10.20.193.34:35384/0 (socket says 10.20.193.34:35384)
2026-02-20T00:45:36.707 INFO:teuthology.orchestra.run.trial034.stdout:/usr/bin/ceph: stderr
2026-02-20T00:45:36.554+0000 7f6586ffd640 1 -- 10.20.193.34:0/2368364567 learned_addr learned my addr 10.20.193.34:0/2368364567 (peer_addr_for_me v2:10.20.193.34:0/0)
2026-02-20T00:45:36.707 INFO:teuthology.orchestra.run.trial034.stdout:/usr/bin/ceph: stderr
2026-02-20T00:45:36.554+0000 7f6586ffd640 1 -- 10.20.193.34:0/2368364567 --> [v2:10.20.193.34:3300/0,v1:10.20.193.34:6789/0] -- mon_subscribe({config=0+,monmap=0+}) -- 0x7f65881a07a0 con 0x7f658810a480
2026-02-20T00:45:36.707 INFO:teuthology.orchestra.run.trial034.stdout:/usr/bin/ceph: stderr
2026-02-20T00:45:36.554+0000 7f6586ffd640 1 --2- 10.20.193.34:0/2368364567 >> [v2:10.20.193.34:3300/0,v1:10.20.193.34:6789/0] conn(0x7f658810a480 0x7f65881a0260 secure :-1 s=READY pgs=58 cs=0 l=1 rev1=1 crypto rx=0x7f657c037820 tx=0x7f657c037850 comp rx=0 tx=0).ready entity=mon.0 client_cookie=0 server_cookie=0 in_seq=0 out_seq=0
2026-02-20T00:45:36.708 INFO:teuthology.orchestra.run.trial034.stdout:/usr/bin/ceph: stderr
2026-02-20T00:45:36.554+0000 7f6567fff640 1 -- 10.20.193.34:0/2368364567 <== mon.0 v2:10.20.193.34:3300/0 1 ==== mon_map magic: 0 ==== 205+0+0 (secure 0 0 0) 0x7f657c047070 con 0x7f658810a480
2026-02-20T00:45:36.708 INFO:teuthology.orchestra.run.trial034.stdout:/usr/bin/ceph: stderr
2026-02-20T00:45:36.554+0000 7f6567fff640 1 -- 10.20.193.34:0/2368364567 <== mon.0 v2:10.20.193.34:3300/0 2 ==== config(25 keys) ==== 1038+0+0 (secure 0 0 0) 0x7f657c035e50 con 0x7f658810a480
2026-02-20T00:45:36.708 INFO:teuthology.orchestra.run.trial034.stdout:/usr/bin/ceph: stderr
2026-02-20T00:45:36.554+0000 7f658d3dd640 1 -- 10.20.193.34:0/2368364567 --> [v2:10.20.193.34:3300/0,v1:10.20.193.34:6789/0] -- mon_subscribe({mgrmap=0+}) -- 0x7f65881a0a30 con 0x7f658810a480
2026-02-20T00:45:36.708 INFO:teuthology.orchestra.run.trial034.stdout:/usr/bin/ceph: stderr
2026-02-20T00:45:36.554+0000 7f6567fff640 1 -- 10.20.193.34:0/2368364567 <== mon.0 v2:10.20.193.34:3300/0 3 ==== mon_map magic: 0 ==== 205+0+0 (secure 0 0 0) 0x7f657c03c070 con 0x7f658810a480
2026-02-20T00:45:36.708 INFO:teuthology.orchestra.run.trial034.stdout:/usr/bin/ceph: stderr
2026-02-20T00:45:36.554+0000 7f658d3dd640 1 -- 10.20.193.34:0/2368364567 --> [v2:10.20.193.34:3300/0,v1:10.20.193.34:6789/0] -- mon_subscribe({osdmap=0}) -- 0x7f65881a3720 con 0x7f658810a480
2026-02-20T00:45:36.708 INFO:teuthology.orchestra.run.trial034.stdout:/usr/bin/ceph: stderr
2026-02-20T00:45:36.554+0000 7f658d3dd640 1 -- 10.20.193.34:0/2368364567 --> [v2:10.20.193.34:3300/0,v1:10.20.193.34:6789/0] -- mon_command({"prefix": "get_command_descriptions"} v 0) -- 0x7f658810a900 con 0x7f658810a480
2026-02-20T00:45:36.708 INFO:teuthology.orchestra.run.trial034.stdout:/usr/bin/ceph: stderr
2026-02-20T00:45:36.554+0000 7f6567fff640 1 -- 10.20.193.34:0/2368364567 <== mon.0 v2:10.20.193.34:3300/0 4 ==== mgrmap(e 9) ==== 50260+0+0 (secure 0 0 0) 0x7f657c0359e0 con 0x7f658810a480
2026-02-20T00:45:36.708 INFO:teuthology.orchestra.run.trial034.stdout:/usr/bin/ceph: stderr
2026-02-20T00:45:36.555+0000 7f6567fff640 1 --2- 10.20.193.34:0/2368364567 >> [v2:10.20.193.34:6800/2790779567,v1:10.20.193.34:6801/2790779567] conn(0x7f655c03dc40 0x7f655c040100 unknown :-1 s=NONE pgs=0 cs=0 l=1 rev1=0 crypto rx=0 tx=0 comp rx=0 tx=0).connect
2026-02-20T00:45:36.709 INFO:teuthology.orchestra.run.trial034.stdout:/usr/bin/ceph: stderr
2026-02-20T00:45:36.555+0000 7f65867fc640 1 -- 10.20.193.34:0/2368364567 >> [v2:10.20.193.34:6800/2790779567,v1:10.20.193.34:6801/2790779567] conn(0x7f655c03dc40 msgr2=0x7f655c040100 unknown :-1 s=STATE_CONNECTING_RE l=1).process reconnect failed to v2:10.20.193.34:6800/2790779567
2026-02-20T00:45:36.709 INFO:teuthology.orchestra.run.trial034.stdout:/usr/bin/ceph: stderr
2026-02-20T00:45:36.555+0000 7f6567fff640 1 -- 10.20.193.34:0/2368364567 <== mon.0 v2:10.20.193.34:3300/0 5 ==== osd_map(2..2 src has 1..2) ==== 940+0+0 (secure 0 0 0) 0x7f657c076e50 con 0x7f658810a480
2026-02-20T00:45:36.709 INFO:teuthology.orchestra.run.trial034.stdout:/usr/bin/ceph: stderr
2026-02-20T00:45:36.555+0000 7f65867fc640 1 --2- 10.20.193.34:0/2368364567 >> [v2:10.20.193.34:6800/2790779567,v1:10.20.193.34:6801/2790779567] conn(0x7f655c03dc40 0x7f655c040100 unknown :-1 s=START_CONNECT pgs=0 cs=0 l=1 rev1=0 crypto rx=0 tx=0 comp rx=0 tx=0)._fault waiting 0.200000
2026-02-20T00:45:36.709 INFO:teuthology.orchestra.run.trial034.stdout:/usr/bin/ceph: stderr
2026-02-20T00:45:36.557+0000 7f6567fff640 1 -- 10.20.193.34:0/2368364567 <== mon.0 v2:10.20.193.34:3300/0 6 ==== mon_command_ack([{"prefix": "get_command_descriptions"}]=0 v0) ==== 72+0+195034 (secure 0 0 0) 0x7f657c07a030 con 0x7f658810a480
2026-02-20T00:45:36.709 INFO:teuthology.orchestra.run.trial034.stdout:/usr/bin/ceph: stderr
2026-02-20T00:45:36.669+0000 7f658d3dd640 1 -- 10.20.193.34:0/2368364567 --> [v2:10.20.193.34:3300/0,v1:10.20.193.34:6789/0] -- mon_command({"prefix": "mgr stat"} v 0) -- 0x7f65881a3d10 con 0x7f658810a480
2026-02-20T00:45:36.709 INFO:teuthology.orchestra.run.trial034.stdout:/usr/bin/ceph: stderr
2026-02-20T00:45:36.669+0000 7f6567fff640 1 -- 10.20.193.34:0/2368364567 <== mon.0 v2:10.20.193.34:3300/0 7 ==== mon_command_ack([{"prefix": "mgr stat"}]=0 v9) ==== 56+0+88 (secure 0 0 0) 0x7f657c0767e0 con 0x7f658810a480
2026-02-20T00:45:36.709 INFO:teuthology.orchestra.run.trial034.stdout:/usr/bin/ceph: stderr
2026-02-20T00:45:36.671+0000 7f658d3dd640 1 -- 10.20.193.34:0/2368364567 >> [v2:10.20.193.34:6800/2790779567,v1:10.20.193.34:6801/2790779567] conn(0x7f655c03dc40 msgr2=0x7f655c040100 unknown :-1 s=STATE_CONNECTING l=1).mark_down
2026-02-20T00:45:36.709 INFO:teuthology.orchestra.run.trial034.stdout:/usr/bin/ceph: stderr
2026-02-20T00:45:36.671+0000 7f658d3dd640 1 --2- 10.20.193.34:0/2368364567 >> [v2:10.20.193.34:6800/2790779567,v1:10.20.193.34:6801/2790779567] conn(0x7f655c03dc40 0x7f655c040100 unknown :-1 s=START_CONNECT pgs=0 cs=0 l=1 rev1=0 crypto rx=0 tx=0 comp rx=0 tx=0).stop
2026-02-20T00:45:36.710 INFO:teuthology.orchestra.run.trial034.stdout:/usr/bin/ceph: stderr
2026-02-20T00:45:36.671+0000 7f658d3dd640 1 -- 10.20.193.34:0/2368364567 >> [v2:10.20.193.34:3300/0,v1:10.20.193.34:6789/0] conn(0x7f658810a480 msgr2=0x7f65881a0260 secure :-1 s=STATE_CONNECTION_ESTABLISHED l=1).mark_down
2026-02-20T00:45:36.710 INFO:teuthology.orchestra.run.trial034.stdout:/usr/bin/ceph: stderr
2026-02-20T00:45:36.671+0000 7f658d3dd640 1 --2- 10.20.193.34:0/2368364567 >> [v2:10.20.193.34:3300/0,v1:10.20.193.34:6789/0] conn(0x7f658810a480 0x7f65881a0260 secure :-1 s=READY pgs=58 cs=0 l=1 rev1=1 crypto rx=0x7f657c037820 tx=0x7f657c037850 comp rx=0 tx=0).stop
2026-02-20T00:45:36.710 INFO:teuthology.orchestra.run.trial034.stdout:/usr/bin/ceph: stderr
2026-02-20T00:45:36.671+0000 7f658d3dd640 1 -- 10.20.193.34:0/2368364567 shutdown_connections
2026-02-20T00:45:36.710 INFO:teuthology.orchestra.run.trial034.stdout:/usr/bin/ceph: stderr
2026-02-20T00:45:36.671+0000 7f658d3dd640 1 --2- 10.20.193.34:0/2368364567 >> [v2:10.20.193.34:6800/2790779567,v1:10.20.193.34:6801/2790779567] conn(0x7f655c03dc40 0x7f655c040100 unknown :-1 s=CLOSED pgs=0 cs=0 l=1 rev1=0 crypto rx=0 tx=0 comp rx=0 tx=0).stop
2026-02-20T00:45:36.710 INFO:teuthology.orchestra.run.trial034.stdout:/usr/bin/ceph: stderr
2026-02-20T00:45:36.671+0000 7f658d3dd640 1 --2- 10.20.193.34:0/2368364567 >> [v2:10.20.193.34:3300/0,v1:10.20.193.34:6789/0] conn(0x7f658810a480 0x7f65881a0260 unknown :-1 s=CLOSED pgs=58 cs=0 l=1 rev1=1 crypto rx=0 tx=0 comp rx=0 tx=0).stop
2026-02-20T00:45:36.710 INFO:teuthology.orchestra.run.trial034.stdout:/usr/bin/ceph: stderr
2026-02-20T00:45:36.671+0000 7f658d3dd640 1 -- 10.20.193.34:0/2368364567 >> 10.20.193.34:0/2368364567 conn(0x7f658807dbf0 msgr2=0x7f6588107db0 unknown :-1 s=STATE_NONE l=0).mark_down
2026-02-20T00:45:36.710 INFO:teuthology.orchestra.run.trial034.stdout:/usr/bin/ceph: stderr
2026-02-20T00:45:36.671+0000 7f658d3dd640 1 -- 10.20.193.34:0/2368364567 shutdown_connections
2026-02-20T00:45:36.710 INFO:teuthology.orchestra.run.trial034.stdout:/usr/bin/ceph: stderr
2026-02-20T00:45:36.671+0000 7f658d3dd640 1 -- 10.20.193.34:0/2368364567 wait complete.
2026-02-20T00:45:36.711 INFO:teuthology.orchestra.run.trial034.stdout:Waiting for the mgr to restart...
2026-02-20T00:45:36.711 INFO:teuthology.orchestra.run.trial034.stdout:Waiting for mgr epoch 9...
2026-02-20T00:45:37.255 INFO:journalctl@ceph.mgr.x.trial034.stdout:Feb 20 00:45:36 trial034 ceph-6771c466-0df5-11f1-ac96-d404e6e7d460-mgr-x[39941]:
2026-02-20T00:45:36.978+0000 7fc40e7ac140 -1 mgr[py] Module prometheus has missing NOTIFY_TYPES member
2026-02-20T00:45:37.255 INFO:journalctl@ceph.mgr.x.trial034.stdout:Feb 20 00:45:37 trial034 ceph-6771c466-0df5-11f1-ac96-d404e6e7d460-mgr-x[39941]:
2026-02-20T00:45:37.012+0000 7fc40e7ac140 -1 mgr[py] Module balancer has missing NOTIFY_TYPES member
2026-02-20T00:45:37.256 INFO:journalctl@ceph.mgr.x.trial034.stdout:Feb 20 00:45:37 trial034 ceph-6771c466-0df5-11f1-ac96-d404e6e7d460-mgr-x[39941]:
2026-02-20T00:45:37.054+0000 7fc40e7ac140 -1 mgr[py] Module rbd_support has missing NOTIFY_TYPES member
2026-02-20T00:45:37.256 INFO:journalctl@ceph.mgr.x.trial034.stdout:Feb 20 00:45:37 trial034 ceph-6771c466-0df5-11f1-ac96-d404e6e7d460-mgr-x[39941]:
2026-02-20T00:45:37.085+0000 7fc40e7ac140 -1 mgr[py] Module devicehealth has missing NOTIFY_TYPES member
2026-02-20T00:45:37.256 INFO:journalctl@ceph.mgr.x.trial034.stdout:Feb 20 00:45:37 trial034 ceph-6771c466-0df5-11f1-ac96-d404e6e7d460-mgr-x[39941]:
2026-02-20T00:45:37.119+0000 7fc40e7ac140 -1 mgr[py] Module alerts has missing NOTIFY_TYPES member
2026-02-20T00:45:37.256 INFO:journalctl@ceph.mgr.x.trial034.stdout:Feb 20 00:45:37 trial034 ceph-6771c466-0df5-11f1-ac96-d404e6e7d460-mgr-x[39941]:
2026-02-20T00:45:37.184+0000 7fc40e7ac140 -1 mgr[py] Module telemetry has missing NOTIFY_TYPES member
2026-02-20T00:45:37.256 INFO:journalctl@ceph.mgr.x.trial034.stdout:Feb 20 00:45:37 trial034 ceph-6771c466-0df5-11f1-ac96-d404e6e7d460-mgr-x[39941]: /lib64/python3.9/site-packages/scipy/__init__.py:73: UserWarning: NumPy was imported from a Python sub-interpreter but NumPy does not properly support sub-interpreters. This will likely work for most users but might cause hard to track down issues or subtle bugs. A common user of the rare sub-interpreter feature is wsgi which also allows single-interpreter mode.
2026-02-20T00:45:37.256 INFO:journalctl@ceph.mgr.x.trial034.stdout:Feb 20 00:45:37 trial034 ceph-6771c466-0df5-11f1-ac96-d404e6e7d460-mgr-x[39941]: Improvements in the case of bugs are welcome, but is not on the NumPy roadmap, and full support may require significant effort to achieve.
2026-02-20T00:45:37.256 INFO:journalctl@ceph.mgr.x.trial034.stdout:Feb 20 00:45:37 trial034 ceph-6771c466-0df5-11f1-ac96-d404e6e7d460-mgr-x[39941]: from numpy import show_config as show_numpy_config
2026-02-20T00:45:37.514 INFO:journalctl@ceph.mon.a.trial034.stdout:Feb 20 00:45:37 trial034 ceph-mon[39669]: from='client.? 10.20.193.34:0/1257735675' entity='client.admin' cmd='[{"prefix": "mgr module enable", "module": "dashboard"}]': finished
2026-02-20T00:45:37.514 INFO:journalctl@ceph.mon.a.trial034.stdout:Feb 20 00:45:37 trial034 ceph-mon[39669]: mgrmap e9: x(active, since 5s)
2026-02-20T00:45:37.514 INFO:journalctl@ceph.mon.a.trial034.stdout:Feb 20 00:45:37 trial034 ceph-mon[39669]: from='client.? 10.20.193.34:0/2368364567' entity='client.admin' cmd=[{"prefix": "mgr stat"}]: dispatch
2026-02-20T00:45:37.514 INFO:journalctl@ceph.mgr.x.trial034.stdout:Feb 20 00:45:37 trial034 ceph-6771c466-0df5-11f1-ac96-d404e6e7d460-mgr-x[39941]:
2026-02-20T00:45:37.256+0000 7fc40e7ac140 -1 mgr[py] Module diskprediction_local has missing NOTIFY_TYPES member
2026-02-20T00:45:37.514 INFO:journalctl@ceph.mgr.x.trial034.stdout:Feb 20 00:45:37 trial034 ceph-6771c466-0df5-11f1-ac96-d404e6e7d460-mgr-x[39941]:
2026-02-20T00:45:37.290+0000 7fc40e7ac140 -1 mgr[py] Module status has missing NOTIFY_TYPES member
2026-02-20T00:45:37.514 INFO:journalctl@ceph.mgr.x.trial034.stdout:Feb 20 00:45:37 trial034 ceph-6771c466-0df5-11f1-ac96-d404e6e7d460-mgr-x[39941]:
2026-02-20T00:45:37.386+0000 7fc40e7ac140 -1 mgr[py] Module rgw has missing NOTIFY_TYPES member
2026-02-20T00:45:37.514 INFO:journalctl@ceph.mgr.x.trial034.stdout:Feb 20 00:45:37 trial034 ceph-6771c466-0df5-11f1-ac96-d404e6e7d460-mgr-x[39941]:
2026-02-20T00:45:37.445+0000 7fc40e7ac140 -1 mgr[py] Module iostat has missing NOTIFY_TYPES member
2026-02-20T00:45:37.514 INFO:journalctl@ceph.mgr.x.trial034.stdout:Feb 20 00:45:37 trial034 ceph-6771c466-0df5-11f1-ac96-d404e6e7d460-mgr-x[39941]:
2026-02-20T00:45:37.479+0000 7fc40e7ac140 -1 mgr[py] Module pg_autoscaler has missing NOTIFY_TYPES member
2026-02-20T00:45:37.514 INFO:journalctl@ceph.mgr.x.trial034.stdout:Feb 20 00:45:37 trial034 ceph-6771c466-0df5-11f1-ac96-d404e6e7d460-mgr-x[39941]:
2026-02-20T00:45:37.512+0000 7fc40e7ac140 -1 mgr[py] Module osd_perf_query has missing NOTIFY_TYPES member
2026-02-20T00:45:37.811 INFO:journalctl@ceph.mgr.x.trial034.stdout:Feb 20 00:45:37 trial034 ceph-6771c466-0df5-11f1-ac96-d404e6e7d460-mgr-x[39941]:
2026-02-20T00:45:37.547+0000 7fc40e7ac140 -1 mgr[py] Module crash has missing NOTIFY_TYPES member
2026-02-20T00:45:37.811 INFO:journalctl@ceph.mgr.x.trial034.stdout:Feb 20 00:45:37 trial034 ceph-6771c466-0df5-11f1-ac96-d404e6e7d460-mgr-x[39941]:
2026-02-20T00:45:37.577+0000 7fc40e7ac140 -1 mgr[py] Module progress has missing NOTIFY_TYPES member
2026-02-20T00:45:37.812 INFO:journalctl@ceph.mgr.x.trial034.stdout:Feb 20 00:45:37 trial034 ceph-6771c466-0df5-11f1-ac96-d404e6e7d460-mgr-x[39941]:
2026-02-20T00:45:37.809+0000 7fc40e7ac140 -1 mgr[py] Module rook has missing NOTIFY_TYPES member
2026-02-20T00:45:38.067 INFO:journalctl@ceph.mgr.x.trial034.stdout:Feb 20 00:45:37 trial034 ceph-6771c466-0df5-11f1-ac96-d404e6e7d460-mgr-x[39941]:
2026-02-20T00:45:37.908+0000 7fc40e7ac140 -1 mgr[py] Module nfs has missing NOTIFY_TYPES member
2026-02-20T00:45:38.067 INFO:journalctl@ceph.mgr.x.trial034.stdout:Feb 20 00:45:37 trial034 ceph-6771c466-0df5-11f1-ac96-d404e6e7d460-mgr-x[39941]:
2026-02-20T00:45:37.939+0000 7fc40e7ac140 -1 mgr[py] Module telegraf has missing NOTIFY_TYPES member
2026-02-20T00:45:38.067 INFO:journalctl@ceph.mgr.x.trial034.stdout:Feb 20 00:45:37 trial034 ceph-6771c466-0df5-11f1-ac96-d404e6e7d460-mgr-x[39941]:
2026-02-20T00:45:37.970+0000 7fc40e7ac140 -1 mgr[py] Module selftest has missing NOTIFY_TYPES member
2026-02-20T00:45:38.067 INFO:journalctl@ceph.mgr.x.trial034.stdout:Feb 20 00:45:38 trial034 ceph-6771c466-0df5-11f1-ac96-d404e6e7d460-mgr-x[39941]:
2026-02-20T00:45:38.065+0000 7fc40e7ac140 -1 mgr[py] Module test_orchestrator has missing NOTIFY_TYPES member
2026-02-20T00:45:38.441 INFO:journalctl@ceph.mgr.x.trial034.stdout:Feb 20 00:45:38 trial034 ceph-6771c466-0df5-11f1-ac96-d404e6e7d460-mgr-x[39941]:
2026-02-20T00:45:38.094+0000 7fc40e7ac140 -1 mgr[py] Module osd_support has missing NOTIFY_TYPES member
2026-02-20T00:45:38.441 INFO:journalctl@ceph.mgr.x.trial034.stdout:Feb 20 00:45:38 trial034 ceph-6771c466-0df5-11f1-ac96-d404e6e7d460-mgr-x[39941]:
2026-02-20T00:45:38.187+0000 7fc40e7ac140 -1 mgr[py] Module orchestrator has missing NOTIFY_TYPES member
2026-02-20T00:45:38.941 INFO:journalctl@ceph.mgr.x.trial034.stdout:Feb 20 00:45:38 trial034 ceph-6771c466-0df5-11f1-ac96-d404e6e7d460-mgr-x[39941]:
2026-02-20T00:45:38.643+0000 7fc40e7ac140 -1 mgr[py] Module volumes has missing NOTIFY_TYPES member
2026-02-20T00:45:38.941 INFO:journalctl@ceph.mgr.x.trial034.stdout:Feb 20 00:45:38 trial034 ceph-6771c466-0df5-11f1-ac96-d404e6e7d460-mgr-x[39941]:
2026-02-20T00:45:38.673+0000 7fc40e7ac140 -1 mgr[py] Module zabbix has missing NOTIFY_TYPES member
2026-02-20T00:45:39.434 INFO:journalctl@ceph.mgr.x.trial034.stdout:Feb 20 00:45:39 trial034 ceph-6771c466-0df5-11f1-ac96-d404e6e7d460-mgr-x[39941]:
2026-02-20T00:45:39.071+0000 7fc40e7ac140 -1 mgr[py] Module influx has missing NOTIFY_TYPES member
2026-02-20T00:45:39.434 INFO:journalctl@ceph.mon.a.trial034.stdout:Feb 20 00:45:39 trial034 ceph-mon[39669]: Active manager daemon x restarted
2026-02-20T00:45:39.435 INFO:journalctl@ceph.mon.a.trial034.stdout:Feb 20 00:45:39 trial034 ceph-mon[39669]: Activating manager daemon x
2026-02-20T00:45:39.435 INFO:journalctl@ceph.mon.a.trial034.stdout:Feb 20 00:45:39 trial034 ceph-mon[39669]: osdmap e3: 0 total, 0 up, 0 in
2026-02-20T00:45:39.435 INFO:journalctl@ceph.mon.a.trial034.stdout:Feb 20 00:45:39 trial034 ceph-mon[39669]: mgrmap e10: x(active, starting, since 0.00254714s)
2026-02-20T00:45:39.435 INFO:journalctl@ceph.mon.a.trial034.stdout:Feb 20 00:45:39 trial034 ceph-mon[39669]: from='mgr.14150 10.20.193.34:0/1894114178' entity='mgr.x' cmd=[{"prefix": "mon metadata", "id": "a"}]: dispatch
2026-02-20T00:45:39.435 INFO:journalctl@ceph.mon.a.trial034.stdout:Feb 20 00:45:39 trial034 ceph-mon[39669]: from='mgr.14150 10.20.193.34:0/1894114178' entity='mgr.x' cmd=[{"prefix": "mgr metadata", "who": "x", "id": "x"}]: dispatch
