2026-02-20T01:09:45.167 INFO:teuthology.orchestra.run.trial164.stdout:/usr/bin/ceph: stderr
2026-02-20T01:09:45.038+0000 7f28d1e15640 1 --2- >> [v2:10.20.193.164:3300/0,v1:10.20.193.164:6789/0] conn(0x7f28cc10bd00 0x7f28cc1a07a0 unknown :-1 s=HELLO_CONNECTING pgs=0 cs=0 l=1 rev1=1 crypto rx=0 tx=0 comp rx=0 tx=0).handle_hello peer v2:10.20.193.164:3300/0 says I am v2:10.20.193.164:38698/0 (socket says 10.20.193.164:38698)
2026-02-20T01:09:45.167 INFO:teuthology.orchestra.run.trial164.stdout:/usr/bin/ceph: stderr
2026-02-20T01:09:45.038+0000 7f28d1e15640 1 -- 10.20.193.164:0/3577770941 learned_addr learned my addr 10.20.193.164:0/3577770941 (peer_addr_for_me v2:10.20.193.164:0/0)
2026-02-20T01:09:45.167 INFO:teuthology.orchestra.run.trial164.stdout:/usr/bin/ceph: stderr
2026-02-20T01:09:45.039+0000 7f28d1e15640 1 -- 10.20.193.164:0/3577770941 --> [v2:10.20.193.164:3300/0,v1:10.20.193.164:6789/0] -- mon_subscribe({config=0+,monmap=0+}) -- 0x7f28cc1a0ce0 con 0x7f28cc10bd00
2026-02-20T01:09:45.167 INFO:teuthology.orchestra.run.trial164.stdout:/usr/bin/ceph: stderr
2026-02-20T01:09:45.039+0000 7f28d1e15640 1 --2- 10.20.193.164:0/3577770941 >> [v2:10.20.193.164:3300/0,v1:10.20.193.164:6789/0] conn(0x7f28cc10bd00 0x7f28cc1a07a0 secure :-1 s=READY pgs=42 cs=0 l=1 rev1=1 crypto rx=0x7f28bc009a50 tx=0x7f28bc037820 comp rx=0 tx=0).ready entity=mon.0 client_cookie=0 server_cookie=0 in_seq=0 out_seq=0
2026-02-20T01:09:45.167 INFO:teuthology.orchestra.run.trial164.stdout:/usr/bin/ceph: stderr
2026-02-20T01:09:45.039+0000 7f28baffd640 1 -- 10.20.193.164:0/3577770941 <== mon.0 v2:10.20.193.164:3300/0 1 ==== mon_map magic: 0 ==== 205+0+0 (secure 0 0 0) 0x7f28bc045070 con 0x7f28cc10bd00
2026-02-20T01:09:45.167 INFO:teuthology.orchestra.run.trial164.stdout:/usr/bin/ceph: stderr
2026-02-20T01:09:45.039+0000 7f28baffd640 1 -- 10.20.193.164:0/3577770941 <== mon.0 v2:10.20.193.164:3300/0 2 ==== config(28 keys) ==== 1114+0+0 (secure 0 0 0) 0x7f28bc037bc0 con 0x7f28cc10bd00
2026-02-20T01:09:45.167 INFO:teuthology.orchestra.run.trial164.stdout:/usr/bin/ceph: stderr
2026-02-20T01:09:45.039+0000 7f28d40a0640 1 -- 10.20.193.164:0/3577770941 --> [v2:10.20.193.164:3300/0,v1:10.20.193.164:6789/0] -- mon_subscribe({mgrmap=0+}) -- 0x7f28cc1a0f70 con 0x7f28cc10bd00
2026-02-20T01:09:45.167 INFO:teuthology.orchestra.run.trial164.stdout:/usr/bin/ceph: stderr
2026-02-20T01:09:45.039+0000 7f28baffd640 1 -- 10.20.193.164:0/3577770941 <== mon.0 v2:10.20.193.164:3300/0 3 ==== mon_map magic: 0 ==== 205+0+0 (secure 0 0 0) 0x7f28bc03c070 con 0x7f28cc10bd00
2026-02-20T01:09:45.168 INFO:teuthology.orchestra.run.trial164.stdout:/usr/bin/ceph: stderr
2026-02-20T01:09:45.039+0000 7f28d40a0640 1 -- 10.20.193.164:0/3577770941 --> [v2:10.20.193.164:3300/0,v1:10.20.193.164:6789/0] -- mon_subscribe({osdmap=0}) -- 0x7f28cc1a3c60 con 0x7f28cc10bd00
2026-02-20T01:09:45.168 INFO:teuthology.orchestra.run.trial164.stdout:/usr/bin/ceph: stderr
2026-02-20T01:09:45.039+0000 7f28d40a0640 1 -- 10.20.193.164:0/3577770941 --> [v2:10.20.193.164:3300/0,v1:10.20.193.164:6789/0] -- mon_command({"prefix": "get_command_descriptions"} v 0) -- 0x7f28cc10c180 con 0x7f28cc10bd00
2026-02-20T01:09:45.168 INFO:teuthology.orchestra.run.trial164.stdout:/usr/bin/ceph: stderr
2026-02-20T01:09:45.039+0000 7f28baffd640 1 -- 10.20.193.164:0/3577770941 <== mon.0 v2:10.20.193.164:3300/0 4 ==== mgrmap(e 7) ==== 50141+0+0 (secure 0 0 0) 0x7f28bc0406e0 con 0x7f28cc10bd00
2026-02-20T01:09:45.168 INFO:teuthology.orchestra.run.trial164.stdout:/usr/bin/ceph: stderr
2026-02-20T01:09:45.039+0000 7f28baffd640 1 --2- 10.20.193.164:0/3577770941 >> [v2:10.20.193.164:6800/625972360,v1:10.20.193.164:6801/625972360] conn(0x7f28a803dad0 0x7f28a803ff90 unknown :-1 s=NONE pgs=0 cs=0 l=1 rev1=0 crypto rx=0 tx=0 comp rx=0 tx=0).connect
2026-02-20T01:09:45.168 INFO:teuthology.orchestra.run.trial164.stdout:/usr/bin/ceph: stderr
2026-02-20T01:09:45.039+0000 7f28baffd640 1 -- 10.20.193.164:0/3577770941 <== mon.0 v2:10.20.193.164:3300/0 5 ==== osd_map(2..2 src has 1..2) ==== 940+0+0 (secure 0 0 0) 0x7f28bc0764c0 con 0x7f28cc10bd00
2026-02-20T01:09:45.168 INFO:teuthology.orchestra.run.trial164.stdout:/usr/bin/ceph: stderr
2026-02-20T01:09:45.040+0000 7f28d1614640 1 --2- 10.20.193.164:0/3577770941 >> [v2:10.20.193.164:6800/625972360,v1:10.20.193.164:6801/625972360] conn(0x7f28a803dad0 0x7f28a803ff90 unknown :-1 s=BANNER_CONNECTING pgs=0 cs=0 l=1 rev1=0 crypto rx=0 tx=0 comp rx=0 tx=0)._handle_peer_banner_payload supported=3 required=0
2026-02-20T01:09:45.168 INFO:teuthology.orchestra.run.trial164.stdout:/usr/bin/ceph: stderr
2026-02-20T01:09:45.040+0000 7f28d1614640 1 --2- 10.20.193.164:0/3577770941 >> [v2:10.20.193.164:6800/625972360,v1:10.20.193.164:6801/625972360] conn(0x7f28a803dad0 0x7f28a803ff90 secure :-1 s=READY pgs=10 cs=0 l=1 rev1=1 crypto rx=0x7f28c00099c0 tx=0x7f28c0006eb0 comp rx=0 tx=0).ready entity=mgr.14118 client_cookie=0 server_cookie=0 in_seq=0 out_seq=0
2026-02-20T01:09:45.168 INFO:teuthology.orchestra.run.trial164.stdout:/usr/bin/ceph: stderr
2026-02-20T01:09:45.042+0000 7f28baffd640 1 -- 10.20.193.164:0/3577770941 <== mon.0 v2:10.20.193.164:3300/0 6 ==== mon_command_ack([{"prefix": "get_command_descriptions"}]=0 v0) ==== 72+0+195034 (secure 0 0 0) 0x7f28bc049da0 con 0x7f28cc10bd00
2026-02-20T01:09:45.168 INFO:teuthology.orchestra.run.trial164.stdout:/usr/bin/ceph: stderr
2026-02-20T01:09:45.126+0000 7f28d40a0640 1 -- 10.20.193.164:0/3577770941 --> [v2:10.20.193.164:6800/625972360,v1:10.20.193.164:6801/625972360] -- mgr_command(tid 0: {"prefix": "cephadm get-pub-key", "target": ["mon-mgr", ""]}) -- 0x7f28cc108e10 con 0x7f28a803dad0
2026-02-20T01:09:45.169 INFO:teuthology.orchestra.run.trial164.stdout:/usr/bin/ceph: stderr
2026-02-20T01:09:45.127+0000 7f28baffd640 1 -- 10.20.193.164:0/3577770941 <== mgr.14118 v2:10.20.193.164:6800/625972360 1 ==== mgr_command_reply(tid 0: 0 ) ==== 8+0+123 (secure 0 0 0) 0x7f28cc108e10 con 0x7f28a803dad0
2026-02-20T01:09:45.169 INFO:teuthology.orchestra.run.trial164.stdout:/usr/bin/ceph: stderr
2026-02-20T01:09:45.127+0000 7f28d40a0640 1 -- 10.20.193.164:0/3577770941 >> [v2:10.20.193.164:6800/625972360,v1:10.20.193.164:6801/625972360] conn(0x7f28a803dad0 msgr2=0x7f28a803ff90 secure :-1 s=STATE_CONNECTION_ESTABLISHED l=1).mark_down
2026-02-20T01:09:45.169 INFO:teuthology.orchestra.run.trial164.stdout:/usr/bin/ceph: stderr
2026-02-20T01:09:45.127+0000 7f28d40a0640 1 --2- 10.20.193.164:0/3577770941 >> [v2:10.20.193.164:6800/625972360,v1:10.20.193.164:6801/625972360] conn(0x7f28a803dad0 0x7f28a803ff90 secure :-1 s=READY pgs=10 cs=0 l=1 rev1=1 crypto rx=0x7f28c00099c0 tx=0x7f28c0006eb0 comp rx=0 tx=0).stop
2026-02-20T01:09:45.169 INFO:teuthology.orchestra.run.trial164.stdout:/usr/bin/ceph: stderr
2026-02-20T01:09:45.127+0000 7f28d40a0640 1 -- 10.20.193.164:0/3577770941 >> [v2:10.20.193.164:3300/0,v1:10.20.193.164:6789/0] conn(0x7f28cc10bd00 msgr2=0x7f28cc1a07a0 secure :-1 s=STATE_CONNECTION_ESTABLISHED l=1).mark_down
2026-02-20T01:09:45.169 INFO:teuthology.orchestra.run.trial164.stdout:/usr/bin/ceph: stderr
2026-02-20T01:09:45.127+0000 7f28d40a0640 1 --2- 10.20.193.164:0/3577770941 >> [v2:10.20.193.164:3300/0,v1:10.20.193.164:6789/0] conn(0x7f28cc10bd00 0x7f28cc1a07a0 secure :-1 s=READY pgs=42 cs=0 l=1 rev1=1 crypto rx=0x7f28bc009a50 tx=0x7f28bc037820 comp rx=0 tx=0).stop
2026-02-20T01:09:45.169 INFO:teuthology.orchestra.run.trial164.stdout:/usr/bin/ceph: stderr
2026-02-20T01:09:45.128+0000 7f28d40a0640 1 -- 10.20.193.164:0/3577770941 shutdown_connections
2026-02-20T01:09:45.169 INFO:teuthology.orchestra.run.trial164.stdout:/usr/bin/ceph: stderr
2026-02-20T01:09:45.128+0000 7f28d40a0640 1 --2- 10.20.193.164:0/3577770941 >> [v2:10.20.193.164:6800/625972360,v1:10.20.193.164:6801/625972360] conn(0x7f28a803dad0 0x7f28a803ff90 unknown :-1 s=CLOSED pgs=10 cs=0 l=1 rev1=1 crypto rx=0 tx=0 comp rx=0 tx=0).stop
2026-02-20T01:09:45.169 INFO:teuthology.orchestra.run.trial164.stdout:/usr/bin/ceph: stderr
2026-02-20T01:09:45.128+0000 7f28d40a0640 1 --2- 10.20.193.164:0/3577770941 >> [v2:10.20.193.164:3300/0,v1:10.20.193.164:6789/0] conn(0x7f28cc10bd00 0x7f28cc1a07a0 unknown :-1 s=CLOSED pgs=42 cs=0 l=1 rev1=1 crypto rx=0 tx=0 comp rx=0 tx=0).stop
2026-02-20T01:09:45.169 INFO:teuthology.orchestra.run.trial164.stdout:/usr/bin/ceph: stderr
2026-02-20T01:09:45.128+0000 7f28d40a0640 1 -- 10.20.193.164:0/3577770941 >> 10.20.193.164:0/3577770941 conn(0x7f28cc07dd80 msgr2=0x7f28cc108700 unknown :-1 s=STATE_NONE l=0).mark_down
2026-02-20T01:09:45.169 INFO:teuthology.orchestra.run.trial164.stdout:/usr/bin/ceph: stderr
2026-02-20T01:09:45.128+0000 7f28d40a0640 1 -- 10.20.193.164:0/3577770941 shutdown_connections
2026-02-20T01:09:45.169 INFO:teuthology.orchestra.run.trial164.stdout:/usr/bin/ceph: stderr
2026-02-20T01:09:45.128+0000 7f28d40a0640 1 -- 10.20.193.164:0/3577770941 wait complete.
2026-02-20T01:09:45.169 INFO:teuthology.orchestra.run.trial164.stdout:Wrote public SSH key to /home/ubuntu/cephtest/ceph.pub
2026-02-20T01:09:45.170 INFO:teuthology.orchestra.run.trial164.stdout:Adding key to root@localhost authorized_keys...
2026-02-20T01:09:45.170 INFO:teuthology.orchestra.run.trial164.stdout:Adding host trial164...
2026-02-20T01:09:45.642 INFO:journalctl@ceph.mon.a.trial164.stdout:Feb 20 01:09:45 trial164 ceph-mon[35461]: from='client.14122 -' entity='client.admin' cmd=[{"prefix": "get_command_descriptions"}]: dispatch
2026-02-20T01:09:45.642 INFO:journalctl@ceph.mon.a.trial164.stdout:Feb 20 01:09:45 trial164 ceph-mon[35461]: from='client.14122 -' entity='client.admin' cmd=[{"prefix": "mgr_status"}]: dispatch
2026-02-20T01:09:45.642 INFO:journalctl@ceph.mon.a.trial164.stdout:Feb 20 01:09:45 trial164 ceph-mon[35461]: from='mgr.14118 10.20.193.164:0/1251639777' entity='mgr.x'
2026-02-20T01:09:45.643 INFO:journalctl@ceph.mon.a.trial164.stdout:Feb 20 01:09:45 trial164 ceph-mon[35461]: from='mgr.14118 10.20.193.164:0/1251639777' entity='mgr.x'
2026-02-20T01:09:45.643 INFO:journalctl@ceph.mon.a.trial164.stdout:Feb 20 01:09:45 trial164 ceph-mon[35461]: from='client.14130 -' entity='client.admin' cmd=[{"prefix": "orch set backend", "module_name": "cephadm", "target": ["mon-mgr", ""]}]: dispatch
2026-02-20T01:09:45.643 INFO:journalctl@ceph.mon.a.trial164.stdout:Feb 20 01:09:45 trial164 ceph-mon[35461]: from='mgr.14118 10.20.193.164:0/1251639777' entity='mgr.x'
2026-02-20T01:09:45.643 INFO:journalctl@ceph.mon.a.trial164.stdout:Feb 20 01:09:45 trial164 ceph-mon[35461]: from='mgr.14118 10.20.193.164:0/1251639777' entity='mgr.x' cmd=[{"prefix": "config dump", "format": "json"}]: dispatch
2026-02-20T01:09:45.643 INFO:journalctl@ceph.mon.a.trial164.stdout:Feb 20 01:09:45 trial164 ceph-mon[35461]: from='mgr.14118 10.20.193.164:0/1251639777' entity='mgr.x'
2026-02-20T01:09:45.643 INFO:journalctl@ceph.mon.a.trial164.stdout:Feb 20 01:09:45 trial164 ceph-mon[35461]: from='mgr.14118 10.20.193.164:0/1251639777' entity='mgr.x'
2026-02-20T01:09:45.643 INFO:journalctl@ceph.mon.a.trial164.stdout:Feb 20 01:09:45 trial164 ceph-mon[35461]: from='mgr.14118 10.20.193.164:0/1251639777' entity='mgr.x' cmd=[{"prefix": "config dump", "format": "json"}]: dispatch
2026-02-20T01:09:46.679 INFO:journalctl@ceph.mon.a.trial164.stdout:Feb 20 01:09:46 trial164 ceph-mon[35461]: from='client.14132 -' entity='client.admin' cmd=[{"prefix": "cephadm set-user", "user": "root", "target": ["mon-mgr", ""]}]: dispatch
2026-02-20T01:09:46.679 INFO:journalctl@ceph.mon.a.trial164.stdout:Feb 20 01:09:46 trial164 ceph-mon[35461]: [20/Feb/2026:01:09:44] ENGINE Bus STARTING
2026-02-20T01:09:46.679 INFO:journalctl@ceph.mon.a.trial164.stdout:Feb 20 01:09:46 trial164 ceph-mon[35461]: from='client.14134 -' entity='client.admin' cmd=[{"prefix": "cephadm generate-key", "target": ["mon-mgr", ""]}]: dispatch
2026-02-20T01:09:46.680 INFO:journalctl@ceph.mon.a.trial164.stdout:Feb 20 01:09:46 trial164 ceph-mon[35461]: Generating ssh key...
2026-02-20T01:09:46.680 INFO:journalctl@ceph.mon.a.trial164.stdout:Feb 20 01:09:46 trial164 ceph-mon[35461]: [20/Feb/2026:01:09:44] ENGINE Serving on https://10.20.193.164:7150
2026-02-20T01:09:46.680 INFO:journalctl@ceph.mon.a.trial164.stdout:Feb 20 01:09:46 trial164 ceph-mon[35461]: [20/Feb/2026:01:09:44] ENGINE Client ('10.20.193.164', 48940) lost — peer dropped the TLS connection suddenly, during handshake: (6, 'TLS/SSL connection has been closed (EOF) (_ssl.c:1147)')
2026-02-20T01:09:46.680 INFO:journalctl@ceph.mon.a.trial164.stdout:Feb 20 01:09:46 trial164 ceph-mon[35461]: [20/Feb/2026:01:09:45] ENGINE Serving on http://10.20.193.164:8765
2026-02-20T01:09:46.680 INFO:journalctl@ceph.mon.a.trial164.stdout:Feb 20 01:09:46 trial164 ceph-mon[35461]: [20/Feb/2026:01:09:45] ENGINE Bus STARTED
2026-02-20T01:09:46.680 INFO:journalctl@ceph.mon.a.trial164.stdout:Feb 20 01:09:46 trial164 ceph-mon[35461]: from='client.14136 -' entity='client.admin' cmd=[{"prefix": "cephadm get-pub-key", "target": ["mon-mgr", ""]}]: dispatch
2026-02-20T01:09:46.680 INFO:journalctl@ceph.mon.a.trial164.stdout:Feb 20 01:09:46 trial164 ceph-mon[35461]: from='client.14138 -' entity='client.admin' cmd=[{"prefix": "orch host add", "hostname": "trial164", "addr": "10.20.193.164", "target": ["mon-mgr", ""]}]: dispatch
2026-02-20T01:09:46.680 INFO:journalctl@ceph.mon.a.trial164.stdout:Feb 20 01:09:46 trial164 ceph-mon[35461]: mgrmap e8: x(active, since 2s)
2026-02-20T01:09:46.807 INFO:teuthology.orchestra.run.trial164.stdout:/usr/bin/ceph: stdout Added host 'trial164' with addr '10.20.193.164'
2026-02-20T01:09:46.808 INFO:teuthology.orchestra.run.trial164.stdout:/usr/bin/ceph: stderr
2026-02-20T01:09:45.243+0000 7fce6c9e6640 1 Processor -- start
2026-02-20T01:09:46.808 INFO:teuthology.orchestra.run.trial164.stdout:/usr/bin/ceph: stderr
2026-02-20T01:09:45.243+0000 7fce6c9e6640 1 -- start start
2026-02-20T01:09:46.808 INFO:teuthology.orchestra.run.trial164.stdout:/usr/bin/ceph: stderr
2026-02-20T01:09:45.243+0000 7fce6c9e6640 1 --2- >> [v2:10.20.193.164:3300/0,v1:10.20.193.164:6789/0] conn(0x7fce6410bd00 0x7fce6410c100 unknown :-1 s=NONE pgs=0 cs=0 l=0 rev1=0 crypto rx=0 tx=0 comp rx=0 tx=0).connect
2026-02-20T01:09:46.808 INFO:teuthology.orchestra.run.trial164.stdout:/usr/bin/ceph: stderr
2026-02-20T01:09:45.243+0000 7fce6c9e6640 1 -- --> [v2:10.20.193.164:3300/0,v1:10.20.193.164:6789/0] -- mon_getmap magic: 0 -- 0x7fce6410c6d0 con 0x7fce6410bd00
2026-02-20T01:09:46.808 INFO:teuthology.orchestra.run.trial164.stdout:/usr/bin/ceph: stderr
2026-02-20T01:09:45.243+0000 7fce6a75b640 1 --2- >> [v2:10.20.193.164:3300/0,v1:10.20.193.164:6789/0] conn(0x7fce6410bd00 0x7fce6410c100 unknown :-1 s=BANNER_CONNECTING pgs=0 cs=0 l=0 rev1=0 crypto rx=0 tx=0 comp rx=0 tx=0)._handle_peer_banner_payload supported=3 required=0
2026-02-20T01:09:46.808 INFO:teuthology.orchestra.run.trial164.stdout:/usr/bin/ceph: stderr
2026-02-20T01:09:45.244+0000 7fce6a75b640 1 --2- >> [v2:10.20.193.164:3300/0,v1:10.20.193.164:6789/0] conn(0x7fce6410bd00 0x7fce6410c100 unknown :-1 s=HELLO_CONNECTING pgs=0 cs=0 l=0 rev1=1 crypto rx=0 tx=0 comp rx=0 tx=0).handle_hello peer v2:10.20.193.164:3300/0 says I am v2:10.20.193.164:38702/0 (socket says 10.20.193.164:38702)
2026-02-20T01:09:46.808 INFO:teuthology.orchestra.run.trial164.stdout:/usr/bin/ceph: stderr
2026-02-20T01:09:45.244+0000 7fce6a75b640 1 -- 10.20.193.164:0/2742359105 learned_addr learned my addr 10.20.193.164:0/2742359105 (peer_addr_for_me v2:10.20.193.164:0/0)
2026-02-20T01:09:46.808 INFO:teuthology.orchestra.run.trial164.stdout:/usr/bin/ceph: stderr
2026-02-20T01:09:45.244+0000 7fce6a75b640 1 -- 10.20.193.164:0/2742359105 --> [v2:10.20.193.164:3300/0,v1:10.20.193.164:6789/0] -- mon_subscribe({config=0+,monmap=0+}) -- 0x7fce6410c850 con 0x7fce6410bd00
2026-02-20T01:09:46.809 INFO:teuthology.orchestra.run.trial164.stdout:/usr/bin/ceph: stderr
2026-02-20T01:09:45.244+0000 7fce6a75b640 1 --2- 10.20.193.164:0/2742359105 >> [v2:10.20.193.164:3300/0,v1:10.20.193.164:6789/0] conn(0x7fce6410bd00 0x7fce6410c100 secure :-1 s=READY pgs=43 cs=0 l=1 rev1=1 crypto rx=0x7fce5c009920 tx=0x7fce5c02ef20 comp rx=0 tx=0).ready entity=mon.0 client_cookie=3a113d1c9b42403f server_cookie=0 in_seq=0 out_seq=0
2026-02-20T01:09:46.809 INFO:teuthology.orchestra.run.trial164.stdout:/usr/bin/ceph: stderr
2026-02-20T01:09:45.244+0000 7fce69759640 1 -- 10.20.193.164:0/2742359105 <== mon.0 v2:10.20.193.164:3300/0 1 ==== mon_map magic: 0 ==== 205+0+0 (secure 0 0 0) 0x7fce5c03c070 con 0x7fce6410bd00
2026-02-20T01:09:46.809 INFO:teuthology.orchestra.run.trial164.stdout:/usr/bin/ceph: stderr
2026-02-20T01:09:45.244+0000 7fce69759640 1 -- 10.20.193.164:0/2742359105 <== mon.0 v2:10.20.193.164:3300/0 2 ==== config(28 keys) ==== 1114+0+0 (secure 0 0 0) 0x7fce5c037440 con 0x7fce6410bd00
2026-02-20T01:09:46.809 INFO:teuthology.orchestra.run.trial164.stdout:/usr/bin/ceph: stderr
2026-02-20T01:09:45.244+0000 7fce69759640 1 -- 10.20.193.164:0/2742359105 <== mon.0 v2:10.20.193.164:3300/0 3 ==== mon_map magic: 0 ==== 205+0+0 (secure 0 0 0) 0x7fce5c0355e0 con 0x7fce6410bd00
2026-02-20T01:09:46.809 INFO:teuthology.orchestra.run.trial164.stdout:/usr/bin/ceph: stderr
2026-02-20T01:09:45.244+0000 7fce6c9e6640 1 -- 10.20.193.164:0/2742359105 >> [v2:10.20.193.164:3300/0,v1:10.20.193.164:6789/0] conn(0x7fce6410bd00 msgr2=0x7fce6410c100 secure :-1 s=STATE_CONNECTION_ESTABLISHED l=1).mark_down
2026-02-20T01:09:46.809 INFO:teuthology.orchestra.run.trial164.stdout:/usr/bin/ceph: stderr
2026-02-20T01:09:45.244+0000 7fce6c9e6640 1 --2- 10.20.193.164:0/2742359105 >> [v2:10.20.193.164:3300/0,v1:10.20.193.164:6789/0] conn(0x7fce6410bd00 0x7fce6410c100 secure :-1 s=READY pgs=43 cs=0 l=1 rev1=1 crypto rx=0x7fce5c009920 tx=0x7fce5c02ef20 comp rx=0 tx=0).stop
2026-02-20T01:09:46.809 INFO:teuthology.orchestra.run.trial164.stdout:/usr/bin/ceph: stderr
2026-02-20T01:09:45.244+0000 7fce6c9e6640 1 -- 10.20.193.164:0/2742359105 shutdown_connections
2026-02-20T01:09:46.809 INFO:teuthology.orchestra.run.trial164.stdout:/usr/bin/ceph: stderr
2026-02-20T01:09:45.244+0000 7fce6c9e6640 1 --2- 10.20.193.164:0/2742359105 >> [v2:10.20.193.164:3300/0,v1:10.20.193.164:6789/0] conn(0x7fce6410bd00 0x7fce6410c100 unknown :-1 s=CLOSED pgs=43 cs=0 l=1 rev1=1 crypto rx=0 tx=0 comp rx=0 tx=0).stop
2026-02-20T01:09:46.809 INFO:teuthology.orchestra.run.trial164.stdout:/usr/bin/ceph: stderr
2026-02-20T01:09:45.244+0000 7fce6c9e6640 1 -- 10.20.193.164:0/2742359105 >> 10.20.193.164:0/2742359105 conn(0x7fce6407dd80 msgr2=0x7fce6407e190 unknown :-1 s=STATE_NONE l=0).mark_down
2026-02-20T01:09:46.809 INFO:teuthology.orchestra.run.trial164.stdout:/usr/bin/ceph: stderr
2026-02-20T01:09:45.244+0000 7fce6c9e6640 1 -- 10.20.193.164:0/2742359105 shutdown_connections
2026-02-20T01:09:46.809 INFO:teuthology.orchestra.run.trial164.stdout:/usr/bin/ceph: stderr
2026-02-20T01:09:45.244+0000 7fce6c9e6640 1 -- 10.20.193.164:0/2742359105 wait complete.
2026-02-20T01:09:46.810 INFO:teuthology.orchestra.run.trial164.stdout:/usr/bin/ceph: stderr
2026-02-20T01:09:45.245+0000 7fce6c9e6640 1 Processor -- start
2026-02-20T01:09:46.810 INFO:teuthology.orchestra.run.trial164.stdout:/usr/bin/ceph: stderr
2026-02-20T01:09:45.245+0000 7fce6c9e6640 1 -- start start
2026-02-20T01:09:46.810 INFO:teuthology.orchestra.run.trial164.stdout:/usr/bin/ceph: stderr
2026-02-20T01:09:45.245+0000 7fce6c9e6640 1 --2- >> [v2:10.20.193.164:3300/0,v1:10.20.193.164:6789/0] conn(0x7fce6410bd00 0x7fce641a07a0 unknown :-1 s=NONE pgs=0 cs=0 l=1 rev1=0 crypto rx=0 tx=0 comp rx=0 tx=0).connect
2026-02-20T01:09:46.810 INFO:teuthology.orchestra.run.trial164.stdout:/usr/bin/ceph: stderr
2026-02-20T01:09:45.245+0000 7fce6c9e6640 1 -- --> [v2:10.20.193.164:3300/0,v1:10.20.193.164:6789/0] -- mon_getmap magic: 0 -- 0x7fce6410b650 con 0x7fce6410bd00
2026-02-20T01:09:46.810 INFO:teuthology.orchestra.run.trial164.stdout:/usr/bin/ceph: stderr
2026-02-20T01:09:45.245+0000 7fce6a75b640 1 --2- >> [v2:10.20.193.164:3300/0,v1:10.20.193.164:6789/0] conn(0x7fce6410bd00 0x7fce641a07a0 unknown :-1 s=BANNER_CONNECTING pgs=0 cs=0 l=1 rev1=0 crypto rx=0 tx=0 comp rx=0 tx=0)._handle_peer_banner_payload supported=3 required=0
2026-02-20T01:09:46.810 INFO:teuthology.orchestra.run.trial164.stdout:/usr/bin/ceph: stderr
2026-02-20T01:09:45.245+0000 7fce6a75b640 1 --2- >> [v2:10.20.193.164:3300/0,v1:10.20.193.164:6789/0] conn(0x7fce6410bd00 0x7fce641a07a0 unknown :-1 s=HELLO_CONNECTING pgs=0 cs=0 l=1 rev1=1 crypto rx=0 tx=0 comp rx=0 tx=0).handle_hello peer v2:10.20.193.164:3300/0 says I am v2:10.20.193.164:38708/0 (socket says 10.20.193.164:38708)
2026-02-20T01:09:46.810 INFO:teuthology.orchestra.run.trial164.stdout:/usr/bin/ceph: stderr
2026-02-20T01:09:45.245+0000 7fce6a75b640 1 -- 10.20.193.164:0/1233463131 learned_addr learned my addr 10.20.193.164:0/1233463131 (peer_addr_for_me v2:10.20.193.164:0/0)
2026-02-20T01:09:46.810 INFO:teuthology.orchestra.run.trial164.stdout:/usr/bin/ceph: stderr
2026-02-20T01:09:45.245+0000 7fce6a75b640 1 -- 10.20.193.164:0/1233463131 --> [v2:10.20.193.164:3300/0,v1:10.20.193.164:6789/0] -- mon_subscribe({config=0+,monmap=0+}) -- 0x7fce641a0ce0 con 0x7fce6410bd00
2026-02-20T01:09:46.810 INFO:teuthology.orchestra.run.trial164.stdout:/usr/bin/ceph: stderr
2026-02-20T01:09:45.245+0000 7fce6a75b640 1 --2- 10.20.193.164:0/1233463131 >> [v2:10.20.193.164:3300/0,v1:10.20.193.164:6789/0] conn(0x7fce6410bd00 0x7fce641a07a0 secure :-1 s=READY pgs=44 cs=0 l=1 rev1=1 crypto rx=0x7fce5c006fd0 tx=0x7fce5c037820 comp rx=0 tx=0).ready entity=mon.0 client_cookie=0 server_cookie=0 in_seq=0 out_seq=0
2026-02-20T01:09:46.810 INFO:teuthology.orchestra.run.trial164.stdout:/usr/bin/ceph: stderr
2026-02-20T01:09:45.245+0000 7fce4f7fe640 1 -- 10.20.193.164:0/1233463131 <== mon.0 v2:10.20.193.164:3300/0 1 ==== mon_map magic: 0 ==== 205+0+0 (secure 0 0 0) 0x7fce5c045070 con 0x7fce6410bd00
2026-02-20T01:09:46.810 INFO:teuthology.orchestra.run.trial164.stdout:/usr/bin/ceph: stderr
2026-02-20T01:09:45.245+0000 7fce4f7fe640 1 -- 10.20.193.164:0/1233463131 <== mon.0 v2:10.20.193.164:3300/0 2 ==== config(28 keys) ==== 1114+0+0 (secure 0 0 0) 0x7fce5c040450 con 0x7fce6410bd00
2026-02-20T01:09:46.810 INFO:teuthology.orchestra.run.trial164.stdout:/usr/bin/ceph: stderr
2026-02-20T01:09:45.245+0000 7fce6c9e6640 1 -- 10.20.193.164:0/1233463131 --> [v2:10.20.193.164:3300/0,v1:10.20.193.164:6789/0] -- mon_subscribe({mgrmap=0+}) -- 0x7fce641a0f70 con 0x7fce6410bd00
2026-02-20T01:09:46.811 INFO:teuthology.orchestra.run.trial164.stdout:/usr/bin/ceph: stderr
2026-02-20T01:09:45.245+0000 7fce4f7fe640 1 -- 10.20.193.164:0/1233463131 <== mon.0 v2:10.20.193.164:3300/0 3 ==== mon_map magic: 0 ==== 205+0+0 (secure 0 0 0) 0x7fce5c03c070 con 0x7fce6410bd00
2026-02-20T01:09:46.811 INFO:teuthology.orchestra.run.trial164.stdout:/usr/bin/ceph: stderr
2026-02-20T01:09:45.245+0000 7fce6c9e6640 1 -- 10.20.193.164:0/1233463131 --> [v2:10.20.193.164:3300/0,v1:10.20.193.164:6789/0] -- mon_subscribe({osdmap=0}) -- 0x7fce641a3c60 con 0x7fce6410bd00
2026-02-20T01:09:46.811 INFO:teuthology.orchestra.run.trial164.stdout:/usr/bin/ceph: stderr
2026-02-20T01:09:45.246+0000 7fce6c9e6640 1 -- 10.20.193.164:0/1233463131 --> [v2:10.20.193.164:3300/0,v1:10.20.193.164:6789/0] -- mon_command({"prefix": "get_command_descriptions"} v 0) -- 0x7fce6410c180 con 0x7fce6410bd00
2026-02-20T01:09:46.811 INFO:teuthology.orchestra.run.trial164.stdout:/usr/bin/ceph: stderr
2026-02-20T01:09:45.246+0000 7fce4f7fe640 1 -- 10.20.193.164:0/1233463131 <== mon.0 v2:10.20.193.164:3300/0 4 ==== mgrmap(e 7) ==== 50141+0+0 (secure 0 0 0) 0x7fce5c03e420 con 0x7fce6410bd00
2026-02-20T01:09:46.811 INFO:teuthology.orchestra.run.trial164.stdout:/usr/bin/ceph: stderr
2026-02-20T01:09:45.246+0000 7fce4f7fe640 1 --2- 10.20.193.164:0/1233463131 >> [v2:10.20.193.164:6800/625972360,v1:10.20.193.164:6801/625972360] conn(0x7fce4003dad0 0x7fce4003ff90 unknown :-1 s=NONE pgs=0 cs=0 l=1 rev1=0 crypto rx=0 tx=0 comp rx=0 tx=0).connect
2026-02-20T01:09:46.811 INFO:teuthology.orchestra.run.trial164.stdout:/usr/bin/ceph: stderr
2026-02-20T01:09:45.246+0000 7fce4f7fe640 1 -- 10.20.193.164:0/1233463131 <== mon.0 v2:10.20.193.164:3300/0 5 ==== osd_map(2..2 src has 1..2) ==== 940+0+0 (secure 0 0 0) 0x7fce5c0764d0 con 0x7fce6410bd00
2026-02-20T01:09:46.811 INFO:teuthology.orchestra.run.trial164.stdout:/usr/bin/ceph: stderr
2026-02-20T01:09:45.246+0000 7fce69f5a640 1 --2- 10.20.193.164:0/1233463131 >> [v2:10.20.193.164:6800/625972360,v1:10.20.193.164:6801/625972360] conn(0x7fce4003dad0 0x7fce4003ff90 unknown :-1 s=BANNER_CONNECTING pgs=0 cs=0 l=1 rev1=0 crypto rx=0 tx=0 comp rx=0 tx=0)._handle_peer_banner_payload supported=3 required=0
2026-02-20T01:09:46.811 INFO:teuthology.orchestra.run.trial164.stdout:/usr/bin/ceph: stderr
2026-02-20T01:09:45.246+0000 7fce69f5a640 1 --2- 10.20.193.164:0/1233463131 >> [v2:10.20.193.164:6800/625972360,v1:10.20.193.164:6801/625972360] conn(0x7fce4003dad0 0x7fce4003ff90 secure :-1 s=READY pgs=11 cs=0 l=1 rev1=1 crypto rx=0x7fce500099c0 tx=0x7fce50006eb0 comp rx=0 tx=0).ready entity=mgr.14118 client_cookie=0 server_cookie=0 in_seq=0 out_seq=0
2026-02-20T01:09:46.811 INFO:teuthology.orchestra.run.trial164.stdout:/usr/bin/ceph: stderr
2026-02-20T01:09:45.248+0000 7fce4f7fe640 1 -- 10.20.193.164:0/1233463131 <== mon.0 v2:10.20.193.164:3300/0 6 ==== mon_command_ack([{"prefix": "get_command_descriptions"}]=0 v0) ==== 72+0+195034 (secure 0 0 0) 0x7fce5c03f570 con 0x7fce6410bd00
2026-02-20T01:09:46.811 INFO:teuthology.orchestra.run.trial164.stdout:/usr/bin/ceph: stderr
2026-02-20T01:09:45.336+0000 7fce6c9e6640 1 -- 10.20.193.164:0/1233463131 --> [v2:10.20.193.164:6800/625972360,v1:10.20.193.164:6801/625972360] -- mgr_command(tid 0: {"prefix": "orch host add", "hostname": "trial164", "addr": "10.20.193.164", "target": ["mon-mgr", ""]}) -- 0x7fce64108e10 con 0x7fce4003dad0
2026-02-20T01:09:46.811 INFO:teuthology.orchestra.run.trial164.stdout:/usr/bin/ceph: stderr
2026-02-20T01:09:45.929+0000 7fce4f7fe640 1 -- 10.20.193.164:0/1233463131 <== mon.0 v2:10.20.193.164:3300/0 7 ==== mgrmap(e 8) ==== 50247+0+0 (secure 0 0 0) 0x7fce5c045cd0 con 0x7fce6410bd00
2026-02-20T01:09:46.812 INFO:teuthology.orchestra.run.trial164.stdout:/usr/bin/ceph: stderr
2026-02-20T01:09:46.762+0000 7fce4f7fe640 1 -- 10.20.193.164:0/1233463131 <== mgr.14118 v2:10.20.193.164:6800/625972360 1 ==== mgr_command_reply(tid 0: 0 ) ==== 8+0+48 (secure 0 0 0) 0x7fce64108e10 con 0x7fce4003dad0
2026-02-20T01:09:46.812 INFO:teuthology.orchestra.run.trial164.stdout:/usr/bin/ceph: stderr
2026-02-20T01:09:46.764+0000 7fce6c9e6640 1 -- 10.20.193.164:0/1233463131 >> [v2:10.20.193.164:6800/625972360,v1:10.20.193.164:6801/625972360] conn(0x7fce4003dad0 msgr2=0x7fce4003ff90 secure :-1 s=STATE_CONNECTION_ESTABLISHED l=1).mark_down
2026-02-20T01:09:46.812 INFO:teuthology.orchestra.run.trial164.stdout:/usr/bin/ceph: stderr
2026-02-20T01:09:46.764+0000 7fce6c9e6640 1 --2- 10.20.193.164:0/1233463131 >> [v2:10.20.193.164:6800/625972360,v1:10.20.193.164:6801/625972360] conn(0x7fce4003dad0 0x7fce4003ff90 secure :-1 s=READY pgs=11 cs=0 l=1 rev1=1 crypto rx=0x7fce500099c0 tx=0x7fce50006eb0 comp rx=0 tx=0).stop
2026-02-20T01:09:46.812 INFO:teuthology.orchestra.run.trial164.stdout:/usr/bin/ceph: stderr
2026-02-20T01:09:46.764+0000 7fce6c9e6640 1 -- 10.20.193.164:0/1233463131 >> [v2:10.20.193.164:3300/0,v1:10.20.193.164:6789/0] conn(0x7fce6410bd00 msgr2=0x7fce641a07a0 secure :-1 s=STATE_CONNECTION_ESTABLISHED l=1).mark_down
2026-02-20T01:09:46.812 INFO:teuthology.orchestra.run.trial164.stdout:/usr/bin/ceph: stderr
2026-02-20T01:09:46.764+0000 7fce6c9e6640 1 --2- 10.20.193.164:0/1233463131 >> [v2:10.20.193.164:3300/0,v1:10.20.193.164:6789/0] conn(0x7fce6410bd00 0x7fce641a07a0 secure :-1 s=READY pgs=44 cs=0 l=1 rev1=1 crypto rx=0x7fce5c006fd0 tx=0x7fce5c037820 comp rx=0 tx=0).stop
2026-02-20T01:09:46.812 INFO:teuthology.orchestra.run.trial164.stdout:/usr/bin/ceph: stderr
2026-02-20T01:09:46.764+0000 7fce6c9e6640 1 -- 10.20.193.164:0/1233463131 shutdown_connections
2026-02-20T01:09:46.812 INFO:teuthology.orchestra.run.trial164.stdout:/usr/bin/ceph: stderr
2026-02-20T01:09:46.764+0000 7fce6c9e6640 1 --2- 10.20.193.164:0/1233463131 >> [v2:10.20.193.164:6800/625972360,v1:10.20.193.164:6801/625972360] conn(0x7fce4003dad0 0x7fce4003ff90 unknown :-1 s=CLOSED pgs=11 cs=0 l=1 rev1=1 crypto rx=0 tx=0 comp rx=0 tx=0).stop
2026-02-20T01:09:46.812 INFO:teuthology.orchestra.run.trial164.stdout:/usr/bin/ceph: stderr
2026-02-20T01:09:46.764+0000 7fce6c9e6640 1 --2- 10.20.193.164:0/1233463131 >> [v2:10.20.193.164:3300/0,v1:10.20.193.164:6789/0] conn(0x7fce6410bd00 0x7fce641a07a0 unknown :-1 s=CLOSED pgs=44 cs=0 l=1 rev1=1 crypto rx=0 tx=0 comp rx=0 tx=0).stop
2026-02-20T01:09:46.812 INFO:teuthology.orchestra.run.trial164.stdout:/usr/bin/ceph: stderr
2026-02-20T01:09:46.764+0000 7fce6c9e6640 1 -- 10.20.193.164:0/1233463131 >> 10.20.193.164:0/1233463131 conn(0x7fce6407dd80 msgr2=0x7fce64108700 unknown :-1 s=STATE_NONE l=0).mark_down
2026-02-20T01:09:46.812 INFO:teuthology.orchestra.run.trial164.stdout:/usr/bin/ceph: stderr
2026-02-20T01:09:46.764+0000 7fce6c9e6640 1 -- 10.20.193.164:0/1233463131 shutdown_connections
2026-02-20T01:09:46.812 INFO:teuthology.orchestra.run.trial164.stdout:/usr/bin/ceph: stderr
2026-02-20T01:09:46.764+0000 7fce6c9e6640 1 -- 10.20.193.164:0/1233463131 wait complete.
2026-02-20T01:09:46.812 INFO:teuthology.orchestra.run.trial164.stdout:Deploying unmanaged mon service...
2026-02-20T01:09:47.030 INFO:teuthology.orchestra.run.trial164.stdout:/usr/bin/ceph: stdout Scheduled mon update...
2026-02-20T01:09:47.030 INFO:teuthology.orchestra.run.trial164.stdout:/usr/bin/ceph: stderr
2026-02-20T01:09:46.906+0000 7f19c0f03640 1 Processor -- start
2026-02-20T01:09:47.030 INFO:teuthology.orchestra.run.trial164.stdout:/usr/bin/ceph: stderr
2026-02-20T01:09:46.906+0000 7f19c0f03640 1 -- start start
2026-02-20T01:09:47.031 INFO:teuthology.orchestra.run.trial164.stdout:/usr/bin/ceph: stderr
2026-02-20T01:09:46.906+0000 7f19c0f03640 1 --2- >> [v2:10.20.193.164:3300/0,v1:10.20.193.164:6789/0] conn(0x7f19bc10aa80 0x7f19bc10ae80 unknown :-1 s=NONE pgs=0 cs=0 l=0 rev1=0 crypto rx=0 tx=0 comp rx=0 tx=0).connect
2026-02-20T01:09:47.031 INFO:teuthology.orchestra.run.trial164.stdout:/usr/bin/ceph: stderr
2026-02-20T01:09:46.906+0000 7f19c0f03640 1 -- --> [v2:10.20.193.164:3300/0,v1:10.20.193.164:6789/0] -- mon_getmap magic: 0 -- 0x7f19bc10b450 con 0x7f19bc10aa80
2026-02-20T01:09:47.031 INFO:teuthology.orchestra.run.trial164.stdout:/usr/bin/ceph: stderr
2026-02-20T01:09:46.906+0000 7f19ba575640 1 --2- >> [v2:10.20.193.164:3300/0,v1:10.20.193.164:6789/0] conn(0x7f19bc10aa80 0x7f19bc10ae80 unknown :-1 s=BANNER_CONNECTING pgs=0 cs=0 l=0 rev1=0 crypto rx=0 tx=0 comp rx=0 tx=0)._handle_peer_banner_payload supported=3 required=0
2026-02-20T01:09:47.031 INFO:teuthology.orchestra.run.trial164.stdout:/usr/bin/ceph: stderr
2026-02-20T01:09:46.906+0000 7f19ba575640 1 --2- >> [v2:10.20.193.164:3300/0,v1:10.20.193.164:6789/0] conn(0x7f19bc10aa80 0x7f19bc10ae80 unknown :-1 s=HELLO_CONNECTING pgs=0 cs=0 l=0 rev1=1 crypto rx=0 tx=0 comp rx=0 tx=0).handle_hello peer v2:10.20.193.164:3300/0 says I am v2:10.20.193.164:38724/0 (socket says 10.20.193.164:38724)
2026-02-20T01:09:47.031 INFO:teuthology.orchestra.run.trial164.stdout:/usr/bin/ceph: stderr
2026-02-20T01:09:46.906+0000 7f19ba575640 1 -- 10.20.193.164:0/92283159 learned_addr learned my addr 10.20.193.164:0/92283159 (peer_addr_for_me v2:10.20.193.164:0/0)
2026-02-20T01:09:47.031 INFO:teuthology.orchestra.run.trial164.stdout:/usr/bin/ceph: stderr
2026-02-20T01:09:46.906+0000 7f19ba575640 1 -- 10.20.193.164:0/92283159 --> [v2:10.20.193.164:3300/0,v1:10.20.193.164:6789/0] -- mon_subscribe({config=0+,monmap=0+}) -- 0x7f19bc10bac0 con 0x7f19bc10aa80
2026-02-20T01:09:47.031 INFO:teuthology.orchestra.run.trial164.stdout:/usr/bin/ceph: stderr
2026-02-20T01:09:46.907+0000 7f19ba575640 1 --2- 10.20.193.164:0/92283159 >> [v2:10.20.193.164:3300/0,v1:10.20.193.164:6789/0] conn(0x7f19bc10aa80 0x7f19bc10ae80 secure :-1 s=READY pgs=45 cs=0 l=1 rev1=1 crypto rx=0x7f19b0009920 tx=0x7f19b002ef20 comp rx=0 tx=0).ready entity=mon.0 client_cookie=215a2a8647d3823e server_cookie=0 in_seq=0 out_seq=0
2026-02-20T01:09:47.031 INFO:teuthology.orchestra.run.trial164.stdout:/usr/bin/ceph: stderr
2026-02-20T01:09:46.907+0000 7f19b9573640 1 -- 10.20.193.164:0/92283159 <== mon.0 v2:10.20.193.164:3300/0 1 ==== mon_map magic: 0 ==== 205+0+0 (secure 0 0 0) 0x7f19b003c070 con 0x7f19bc10aa80
2026-02-20T01:09:47.031 INFO:teuthology.orchestra.run.trial164.stdout:/usr/bin/ceph: stderr
2026-02-20T01:09:46.907+0000 7f19b9573640 1 -- 10.20.193.164:0/92283159 <== mon.0 v2:10.20.193.164:3300/0 2 ==== config(28 keys) ==== 1114+0+0 (secure 0 0 0) 0x7f19b0037440 con 0x7f19bc10aa80
2026-02-20T01:09:47.031 INFO:teuthology.orchestra.run.trial164.stdout:/usr/bin/ceph: stderr
2026-02-20T01:09:46.907+0000 7f19b9573640 1 -- 10.20.193.164:0/92283159 <== mon.0 v2:10.20.193.164:3300/0 3 ==== mon_map magic: 0 ==== 205+0+0 (secure 0 0 0) 0x7f19b00355e0 con 0x7f19bc10aa80
2026-02-20T01:09:47.031 INFO:teuthology.orchestra.run.trial164.stdout:/usr/bin/ceph: stderr
2026-02-20T01:09:46.907+0000 7f19c0f03640 1 -- 10.20.193.164:0/92283159 >> [v2:10.20.193.164:3300/0,v1:10.20.193.164:6789/0] conn(0x7f19bc10aa80 msgr2=0x7f19bc10ae80 secure :-1 s=STATE_CONNECTION_ESTABLISHED l=1).mark_down
2026-02-20T01:09:47.032 INFO:teuthology.orchestra.run.trial164.stdout:/usr/bin/ceph: stderr
2026-02-20T01:09:46.907+0000 7f19c0f03640 1 --2- 10.20.193.164:0/92283159 >> [v2:10.20.193.164:3300/0,v1:10.20.193.164:6789/0] conn(0x7f19bc10aa80 0x7f19bc10ae80 secure :-1 s=READY pgs=45 cs=0 l=1 rev1=1 crypto rx=0x7f19b0009920 tx=0x7f19b002ef20 comp rx=0 tx=0).stop
2026-02-20T01:09:47.032 INFO:teuthology.orchestra.run.trial164.stdout:/usr/bin/ceph: stderr
2026-02-20T01:09:46.907+0000 7f19c0f03640 1 -- 10.20.193.164:0/92283159 shutdown_connections
2026-02-20T01:09:47.032 INFO:teuthology.orchestra.run.trial164.stdout:/usr/bin/ceph: stderr
2026-02-20T01:09:46.907+0000 7f19c0f03640 1 --2- 10.20.193.164:0/92283159 >> [v2:10.20.193.164:3300/0,v1:10.20.193.164:6789/0] conn(0x7f19bc10aa80 0x7f19bc10ae80 unknown :-1 s=CLOSED pgs=45 cs=0 l=1 rev1=1 crypto rx=0 tx=0 comp rx=0 tx=0).stop
2026-02-20T01:09:47.032 INFO:teuthology.orchestra.run.trial164.stdout:/usr/bin/ceph: stderr
2026-02-20T01:09:46.907+0000 7f19c0f03640 1 -- 10.20.193.164:0/92283159 >> 10.20.193.164:0/92283159 conn(0x7f19bc07dd80 msgr2=0x7f19bc07e1b0 unknown :-1 s=STATE_NONE l=0).mark_down
2026-02-20T01:09:47.032 INFO:teuthology.orchestra.run.trial164.stdout:/usr/bin/ceph: stderr
2026-02-20T01:09:46.907+0000 7f19c0f03640 1 -- 10.20.193.164:0/92283159 shutdown_connections
2026-02-20T01:09:47.032 INFO:teuthology.orchestra.run.trial164.stdout:/usr/bin/ceph: stderr
2026-02-20T01:09:46.907+0000 7f19c0f03640 1 -- 10.20.193.164:0/92283159 wait complete.
2026-02-20T01:09:47.032 INFO:teuthology.orchestra.run.trial164.stdout:/usr/bin/ceph: stderr
2026-02-20T01:09:46.908+0000 7f19c0f03640 1 Processor -- start
2026-02-20T01:09:47.032 INFO:teuthology.orchestra.run.trial164.stdout:/usr/bin/ceph: stderr
2026-02-20T01:09:46.908+0000 7f19c0f03640 1 -- start start
2026-02-20T01:09:47.032 INFO:teuthology.orchestra.run.trial164.stdout:/usr/bin/ceph: stderr
2026-02-20T01:09:46.908+0000 7f19c0f03640 1 --2- >> [v2:10.20.193.164:3300/0,v1:10.20.193.164:6789/0] conn(0x7f19bc10aa80 0x7f19bc1a0820 unknown :-1 s=NONE pgs=0 cs=0 l=1 rev1=0 crypto rx=0 tx=0 comp rx=0 tx=0).connect
2026-02-20T01:09:47.032 INFO:teuthology.orchestra.run.trial164.stdout:/usr/bin/ceph: stderr
2026-02-20T01:09:46.908+0000 7f19c0f03640 1 -- --> [v2:10.20.193.164:3300/0,v1:10.20.193.164:6789/0] -- mon_getmap magic: 0 -- 0x7f19bc10ee70 con 0x7f19bc10aa80
2026-02-20T01:09:47.032 INFO:teuthology.orchestra.run.trial164.stdout:/usr/bin/ceph: stderr
2026-02-20T01:09:46.908+0000 7f19ba575640 1 --2- >> [v2:10.20.193.164:3300/0,v1:10.20.193.164:6789/0] conn(0x7f19bc10aa80 0x7f19bc1a0820 unknown :-1 s=BANNER_CONNECTING pgs=0 cs=0 l=1 rev1=0 crypto rx=0 tx=0 comp rx=0 tx=0)._handle_peer_banner_payload supported=3 required=0
2026-02-20T01:09:47.032 INFO:teuthology.orchestra.run.trial164.stdout:/usr/bin/ceph: stderr
2026-02-20T01:09:46.908+0000 7f19ba575640 1 --2- >> [v2:10.20.193.164:3300/0,v1:10.20.193.164:6789/0] conn(0x7f19bc10aa80 0x7f19bc1a0820 unknown :-1 s=HELLO_CONNECTING pgs=0 cs=0 l=1 rev1=1 crypto rx=0 tx=0 comp rx=0 tx=0).handle_hello peer v2:10.20.193.164:3300/0 says I am v2:10.20.193.164:38732/0 (socket says 10.20.193.164:38732)
2026-02-20T01:09:47.033 INFO:teuthology.orchestra.run.trial164.stdout:/usr/bin/ceph: stderr
2026-02-20T01:09:46.908+0000 7f19ba575640 1 -- 10.20.193.164:0/3389072450 learned_addr learned my addr 10.20.193.164:0/3389072450 (peer_addr_for_me v2:10.20.193.164:0/0)
2026-02-20T01:09:47.033 INFO:teuthology.orchestra.run.trial164.stdout:/usr/bin/ceph: stderr
2026-02-20T01:09:46.908+0000 7f19ba575640 1 -- 10.20.193.164:0/3389072450 --> [v2:10.20.193.164:3300/0,v1:10.20.193.164:6789/0] -- mon_subscribe({config=0+,monmap=0+}) -- 0x7f19bc1a0d60 con 0x7f19bc10aa80
2026-02-20T01:09:47.033 INFO:teuthology.orchestra.run.trial164.stdout:/usr/bin/ceph: stderr
2026-02-20T01:09:46.908+0000 7f19ba575640 1 --2- 10.20.193.164:0/3389072450 >> [v2:10.20.193.164:3300/0,v1:10.20.193.164:6789/0] conn(0x7f19bc10aa80 0x7f19bc1a0820 secure :-1 s=READY pgs=46 cs=0 l=1 rev1=1 crypto rx=0x7f19b0037fb0 tx=0x7f19b0037820 comp rx=0 tx=0).ready entity=mon.0 client_cookie=0 server_cookie=0 in_seq=0 out_seq=0
2026-02-20T01:09:47.033 INFO:teuthology.orchestra.run.trial164.stdout:/usr/bin/ceph: stderr
2026-02-20T01:09:46.908+0000 7f19a37fe640 1 -- 10.20.193.164:0/3389072450 <== mon.0 v2:10.20.193.164:3300/0 1 ==== mon_map magic: 0 ==== 205+0+0 (secure 0 0 0) 0x7f19b0045070 con 0x7f19bc10aa80
2026-02-20T01:09:47.033 INFO:teuthology.orchestra.run.trial164.stdout:/usr/bin/ceph: stderr
2026-02-20T01:09:46.908+0000 7f19c0f03640 1 -- 10.20.193.164:0/3389072450 --> [v2:10.20.193.164:3300/0,v1:10.20.193.164:6789/0] -- mon_subscribe({mgrmap=0+}) -- 0x7f19bc1a0ff0 con 0x7f19bc10aa80
2026-02-20T01:09:47.033 INFO:teuthology.orchestra.run.trial164.stdout:/usr/bin/ceph: stderr
2026-02-20T01:09:46.908+0000 7f19a37fe640 1 -- 10.20.193.164:0/3389072450 <== mon.0 v2:10.20.193.164:3300/0 2 ==== config(28 keys) ==== 1114+0+0 (secure 0 0 0) 0x7f19b0040450 con 0x7f19bc10aa80
2026-02-20T01:09:47.033 INFO:teuthology.orchestra.run.trial164.stdout:/usr/bin/ceph: stderr
2026-02-20T01:09:46.908+0000 7f19a37fe640 1 -- 10.20.193.164:0/3389072450 <== mon.0 v2:10.20.193.164:3300/0 3 ==== mon_map magic: 0 ==== 205+0+0 (secure 0 0 0) 0x7f19b003c070 con 0x7f19bc10aa80
2026-02-20T01:09:47.033 INFO:teuthology.orchestra.run.trial164.stdout:/usr/bin/ceph: stderr
2026-02-20T01:09:46.908+0000 7f19c0f03640 1 -- 10.20.193.164:0/3389072450 --> [v2:10.20.193.164:3300/0,v1:10.20.193.164:6789/0] -- mon_subscribe({osdmap=0}) -- 0x7f19bc1a3ce0 con 0x7f19bc10aa80
2026-02-20T01:09:47.033 INFO:teuthology.orchestra.run.trial164.stdout:/usr/bin/ceph: stderr
2026-02-20T01:09:46.909+0000 7f19a37fe640 1 -- 10.20.193.164:0/3389072450 <== mon.0 v2:10.20.193.164:3300/0 4 ==== mgrmap(e 8) ==== 50247+0+0 (secure 0 0 0) 0x7f19b0040600 con 0x7f19bc10aa80
2026-02-20T01:09:47.033 INFO:teuthology.orchestra.run.trial164.stdout:/usr/bin/ceph: stderr
2026-02-20T01:09:46.909+0000 7f19c0f03640 1 -- 10.20.193.164:0/3389072450 --> [v2:10.20.193.164:3300/0,v1:10.20.193.164:6789/0] -- mon_command({"prefix": "get_command_descriptions"} v 0) -- 0x7f19bc10eff0 con 0x7f19bc10aa80
2026-02-20T01:09:47.033 INFO:teuthology.orchestra.run.trial164.stdout:/usr/bin/ceph: stderr
2026-02-20T01:09:46.909+0000 7f19a37fe640 1 --2- 10.20.193.164:0/3389072450 >> [v2:10.20.193.164:6800/625972360,v1:10.20.193.164:6801/625972360] conn(0x7f199403dbf0 0x7f19940400b0 unknown :-1 s=NONE pgs=0 cs=0 l=1 rev1=0 crypto rx=0 tx=0 comp rx=0 tx=0).connect
2026-02-20T01:09:47.033 INFO:teuthology.orchestra.run.trial164.stdout:/usr/bin/ceph: stderr
2026-02-20T01:09:46.909+0000 7f19a37fe640 1 -- 10.20.193.164:0/3389072450 <== mon.0 v2:10.20.193.164:3300/0 5 ==== osd_map(2..2 src has 1..2) ==== 940+0+0 (secure 0 0 0) 0x7f19b00766c0 con 0x7f19bc10aa80
2026-02-20T01:09:47.034 INFO:teuthology.orchestra.run.trial164.stdout:/usr/bin/ceph: stderr
2026-02-20T01:09:46.909+0000 7f19b9d74640 1 --2- 10.20.193.164:0/3389072450 >> [v2:10.20.193.164:6800/625972360,v1:10.20.193.164:6801/625972360] conn(0x7f199403dbf0 0x7f19940400b0 unknown :-1 s=BANNER_CONNECTING pgs=0 cs=0 l=1 rev1=0 crypto rx=0 tx=0 comp rx=0 tx=0)._handle_peer_banner_payload supported=3 required=0
2026-02-20T01:09:47.034 INFO:teuthology.orchestra.run.trial164.stdout:/usr/bin/ceph: stderr
2026-02-20T01:09:46.910+0000 7f19b9d74640 1 --2- 10.20.193.164:0/3389072450 >> [v2:10.20.193.164:6800/625972360,v1:10.20.193.164:6801/625972360] conn(0x7f199403dbf0 0x7f19940400b0 secure :-1 s=READY pgs=12 cs=0 l=1 rev1=1 crypto rx=0x7f19a40099c0 tx=0x7f19a4006eb0 comp rx=0 tx=0).ready entity=mgr.14118 client_cookie=0 server_cookie=0 in_seq=0 out_seq=0
2026-02-20T01:09:47.034 INFO:teuthology.orchestra.run.trial164.stdout:/usr/bin/ceph: stderr
2026-02-20T01:09:46.912+0000 7f19a37fe640 1 -- 10.20.193.164:0/3389072450 <== mon.0 v2:10.20.193.164:3300/0 6 ==== mon_command_ack([{"prefix": "get_command_descriptions"}]=0 v0) ==== 72+0+195034 (secure 0 0 0) 0x7f19b0033200 con 0x7f19bc10aa80
2026-02-20T01:09:47.034 INFO:teuthology.orchestra.run.trial164.stdout:/usr/bin/ceph: stderr
2026-02-20T01:09:47.001+0000 7f19c0f03640 1 -- 10.20.193.164:0/3389072450 --> [v2:10.20.193.164:6800/625972360,v1:10.20.193.164:6801/625972360] -- mgr_command(tid 0: {"prefix": "orch apply", "service_type": "mon", "unmanaged": true, "target": ["mon-mgr", ""]}) -- 0x7f19bc108e60 con 0x7f199403dbf0
2026-02-20T01:09:47.034 INFO:teuthology.orchestra.run.trial164.stdout:/usr/bin/ceph: stderr
2026-02-20T01:09:47.004+0000 7f19a37fe640 1 -- 10.20.193.164:0/3389072450 <== mgr.14118 v2:10.20.193.164:6800/625972360 1 ==== mgr_command_reply(tid 0: 0 ) ==== 8+0+24 (secure 0 0 0) 0x7f19bc108e60 con 0x7f199403dbf0
2026-02-20T01:09:47.034 INFO:teuthology.orchestra.run.trial164.stdout:/usr/bin/ceph: stderr
2026-02-20T01:09:47.005+0000 7f19c0f03640 1 -- 10.20.193.164:0/3389072450 >> [v2:10.20.193.164:6800/625972360,v1:10.20.193.164:6801/625972360] conn(0x7f199403dbf0 msgr2=0x7f19940400b0 secure :-1 s=STATE_CONNECTION_ESTABLISHED l=1).mark_down
2026-02-20T01:09:47.034 INFO:teuthology.orchestra.run.trial164.stdout:/usr/bin/ceph: stderr
2026-02-20T01:09:47.005+0000 7f19c0f03640 1 --2- 10.20.193.164:0/3389072450 >> [v2:10.20.193.164:6800/625972360,v1:10.20.193.164:6801/625972360] conn(0x7f199403dbf0 0x7f19940400b0 secure :-1 s=READY pgs=12 cs=0 l=1 rev1=1 crypto rx=0x7f19a40099c0 tx=0x7f19a4006eb0 comp rx=0 tx=0).stop
2026-02-20T01:09:47.034 INFO:teuthology.orchestra.run.trial164.stdout:/usr/bin/ceph: stderr
2026-02-20T01:09:47.005+0000 7f19c0f03640 1 -- 10.20.193.164:0/3389072450 >> [v2:10.20.193.164:3300/0,v1:10.20.193.164:6789/0] conn(0x7f19bc10aa80 msgr2=0x7f19bc1a0820 secure :-1 s=STATE_CONNECTION_ESTABLISHED l=1).mark_down
2026-02-20T01:09:47.034 INFO:teuthology.orchestra.run.trial164.stdout:/usr/bin/ceph: stderr
2026-02-20T01:09:47.005+0000 7f19c0f03640 1 --2- 10.20.193.164:0/3389072450 >> [v2:10.20.193.164:3300/0,v1:10.20.193.164:6789/0] conn(0x7f19bc10aa80 0x7f19bc1a0820 secure :-1 s=READY pgs=46 cs=0 l=1 rev1=1 crypto rx=0x7f19b0037fb0 tx=0x7f19b0037820 comp rx=0 tx=0).stop
2026-02-20T01:09:47.034 INFO:teuthology.orchestra.run.trial164.stdout:/usr/bin/ceph: stderr
2026-02-20T01:09:47.005+0000 7f19c0f03640 1 -- 10.20.193.164:0/3389072450 shutdown_connections
2026-02-20T01:09:47.034 INFO:teuthology.orchestra.run.trial164.stdout:/usr/bin/ceph: stderr
2026-02-20T01:09:47.005+0000 7f19c0f03640 1 --2- 10.20.193.164:0/3389072450 >> [v2:10.20.193.164:6800/625972360,v1:10.20.193.164:6801/625972360] conn(0x7f199403dbf0 0x7f19940400b0 unknown :-1 s=CLOSED pgs=12 cs=0 l=1 rev1=1 crypto rx=0 tx=0 comp rx=0 tx=0).stop
2026-02-20T01:09:47.035 INFO:teuthology.orchestra.run.trial164.stdout:/usr/bin/ceph: stderr
2026-02-20T01:09:47.005+0000 7f19c0f03640 1 --2- 10.20.193.164:0/3389072450 >> [v2:10.20.193.164:3300/0,v1:10.20.193.164:6789/0] conn(0x7f19bc10aa80 0x7f19bc1a0820 unknown :-1 s=CLOSED pgs=46 cs=0 l=1 rev1=1 crypto rx=0 tx=0 comp rx=0 tx=0).stop
2026-02-20T01:09:47.035 INFO:teuthology.orchestra.run.trial164.stdout:/usr/bin/ceph: stderr
2026-02-20T01:09:47.005+0000 7f19c0f03640 1 -- 10.20.193.164:0/3389072450 >> 10.20.193.164:0/3389072450 conn(0x7f19bc07dd80 msgr2=0x7f19bc108750 unknown :-1 s=STATE_NONE l=0).mark_down
2026-02-20T01:09:47.035 INFO:teuthology.orchestra.run.trial164.stdout:/usr/bin/ceph: stderr
2026-02-20T01:09:47.005+0000 7f19c0f03640 1 -- 10.20.193.164:0/3389072450 shutdown_connections
2026-02-20T01:09:47.035 INFO:teuthology.orchestra.run.trial164.stdout:/usr/bin/ceph: stderr
2026-02-20T01:09:47.005+0000 7f19c0f03640 1 -- 10.20.193.164:0/3389072450 wait complete.
2026-02-20T01:09:47.035 INFO:teuthology.orchestra.run.trial164.stdout:Deploying unmanaged mgr service...
2026-02-20T01:09:47.247 INFO:teuthology.orchestra.run.trial164.stdout:/usr/bin/ceph: stdout Scheduled mgr update...
2026-02-20T01:09:47.247 INFO:teuthology.orchestra.run.trial164.stdout:/usr/bin/ceph: stderr
2026-02-20T01:09:47.121+0000 7f70158fe640 1 Processor -- start
2026-02-20T01:09:47.247 INFO:teuthology.orchestra.run.trial164.stdout:/usr/bin/ceph: stderr
2026-02-20T01:09:47.121+0000 7f70158fe640 1 -- start start
2026-02-20T01:09:47.247 INFO:teuthology.orchestra.run.trial164.stdout:/usr/bin/ceph: stderr
2026-02-20T01:09:47.121+0000 7f70158fe640 1 --2- >> [v2:10.20.193.164:3300/0,v1:10.20.193.164:6789/0] conn(0x7f70101132a0 0x7f70101136a0 unknown :-1 s=NONE pgs=0 cs=0 l=0 rev1=0 crypto rx=0 tx=0 comp rx=0 tx=0).connect
2026-02-20T01:09:47.247 INFO:teuthology.orchestra.run.trial164.stdout:/usr/bin/ceph: stderr
2026-02-20T01:09:47.121+0000 7f70158fe640 1 -- --> [v2:10.20.193.164:3300/0,v1:10.20.193.164:6789/0] -- mon_getmap magic: 0 -- 0x7f7010113c70 con 0x7f70101132a0
2026-02-20T01:09:47.247 INFO:teuthology.orchestra.run.trial164.stdout:/usr/bin/ceph: stderr
2026-02-20T01:09:47.121+0000 7f700effd640 1 --2- >> [v2:10.20.193.164:3300/0,v1:10.20.193.164:6789/0] conn(0x7f70101132a0 0x7f70101136a0 unknown :-1 s=BANNER_CONNECTING pgs=0 cs=0 l=0 rev1=0 crypto rx=0 tx=0 comp rx=0 tx=0)._handle_peer_banner_payload supported=3 required=0
2026-02-20T01:09:47.248 INFO:teuthology.orchestra.run.trial164.stdout:/usr/bin/ceph: stderr
2026-02-20T01:09:47.121+0000 7f700effd640 1 --2- >> [v2:10.20.193.164:3300/0,v1:10.20.193.164:6789/0] conn(0x7f70101132a0 0x7f70101136a0 unknown :-1 s=HELLO_CONNECTING pgs=0 cs=0 l=0 rev1=1 crypto rx=0 tx=0 comp rx=0 tx=0).handle_hello peer v2:10.20.193.164:3300/0 says I am v2:10.20.193.164:38738/0 (socket says 10.20.193.164:38738)
2026-02-20T01:09:47.248 INFO:teuthology.orchestra.run.trial164.stdout:/usr/bin/ceph: stderr
2026-02-20T01:09:47.121+0000 7f700effd640 1 -- 10.20.193.164:0/4109646622 learned_addr learned my addr 10.20.193.164:0/4109646622 (peer_addr_for_me v2:10.20.193.164:0/0)
2026-02-20T01:09:47.248 INFO:teuthology.orchestra.run.trial164.stdout:/usr/bin/ceph: stderr
2026-02-20T01:09:47.121+0000 7f700effd640 1 -- 10.20.193.164:0/4109646622 --> [v2:10.20.193.164:3300/0,v1:10.20.193.164:6789/0] -- mon_subscribe({config=0+,monmap=0+}) -- 0x7f70101144a0 con 0x7f70101132a0
2026-02-20T01:09:47.248 INFO:teuthology.orchestra.run.trial164.stdout:/usr/bin/ceph: stderr
2026-02-20T01:09:47.122+0000 7f700effd640 1 --2- 10.20.193.164:0/4109646622 >> [v2:10.20.193.164:3300/0,v1:10.20.193.164:6789/0] conn(0x7f70101132a0 0x7f70101136a0 secure :-1 s=READY pgs=47 cs=0 l=1 rev1=1 crypto rx=0x7f7004009920 tx=0x7f700402ef20 comp rx=0 tx=0).ready entity=mon.0 client_cookie=d9948cf66916526d server_cookie=0 in_seq=0 out_seq=0
2026-02-20T01:09:47.248 INFO:teuthology.orchestra.run.trial164.stdout:/usr/bin/ceph: stderr
2026-02-20T01:09:47.122+0000 7f700dffb640 1 -- 10.20.193.164:0/4109646622 <== mon.0 v2:10.20.193.164:3300/0 1 ==== mon_map magic: 0 ==== 205+0+0 (secure 0 0 0) 0x7f700403c070 con 0x7f70101132a0
2026-02-20T01:09:47.248 INFO:teuthology.orchestra.run.trial164.stdout:/usr/bin/ceph: stderr
2026-02-20T01:09:47.122+0000 7f700dffb640 1 -- 10.20.193.164:0/4109646622 <== mon.0 v2:10.20.193.164:3300/0 2 ==== config(28 keys) ==== 1114+0+0 (secure 0 0 0) 0x7f7004037440 con 0x7f70101132a0
2026-02-20T01:09:47.248 INFO:teuthology.orchestra.run.trial164.stdout:/usr/bin/ceph: stderr
2026-02-20T01:09:47.122+0000 7f700dffb640 1 -- 10.20.193.164:0/4109646622 <== mon.0 v2:10.20.193.164:3300/0 3 ==== mon_map magic: 0 ==== 205+0+0 (secure 0 0 0) 0x7f70040355e0 con 0x7f70101132a0
2026-02-20T01:09:47.248 INFO:teuthology.orchestra.run.trial164.stdout:/usr/bin/ceph: stderr
2026-02-20T01:09:47.122+0000 7f70158fe640 1 -- 10.20.193.164:0/4109646622 >> [v2:10.20.193.164:3300/0,v1:10.20.193.164:6789/0] conn(0x7f70101132a0 msgr2=0x7f70101136a0 secure :-1 s=STATE_CONNECTION_ESTABLISHED l=1).mark_down
2026-02-20T01:09:47.248 INFO:teuthology.orchestra.run.trial164.stdout:/usr/bin/ceph: stderr
2026-02-20T01:09:47.122+0000 7f70158fe640 1 --2- 10.20.193.164:0/4109646622 >> [v2:10.20.193.164:3300/0,v1:10.20.193.164:6789/0] conn(0x7f70101132a0 0x7f70101136a0 secure :-1 s=READY pgs=47 cs=0 l=1 rev1=1 crypto rx=0x7f7004009920 tx=0x7f700402ef20 comp rx=0 tx=0).stop
2026-02-20T01:09:47.248 INFO:teuthology.orchestra.run.trial164.stdout:/usr/bin/ceph: stderr
2026-02-20T01:09:47.122+0000 7f70158fe640 1 -- 10.20.193.164:0/4109646622 shutdown_connections
2026-02-20T01:09:47.248 INFO:teuthology.orchestra.run.trial164.stdout:/usr/bin/ceph: stderr
2026-02-20T01:09:47.122+0000 7f70158fe640 1 --2- 10.20.193.164:0/4109646622 >> [v2:10.20.193.164:3300/0,v1:10.20.193.164:6789/0] conn(0x7f70101132a0 0x7f70101136a0 unknown :-1 s=CLOSED pgs=47 cs=0 l=1 rev1=1 crypto rx=0 tx=0 comp rx=0 tx=0).stop
