2026-02-20T01:04:10.079 INFO:teuthology.orchestra.run.trial074.stdout:/usr/bin/ceph: stdout "bytes_used": 0,
2026-02-20T01:04:10.079 INFO:teuthology.orchestra.run.trial074.stdout:/usr/bin/ceph: stdout "bytes_avail": 0,
2026-02-20T01:04:10.079 INFO:teuthology.orchestra.run.trial074.stdout:/usr/bin/ceph: stdout "bytes_total": 0
2026-02-20T01:04:10.079 INFO:teuthology.orchestra.run.trial074.stdout:/usr/bin/ceph: stdout },
2026-02-20T01:04:10.079 INFO:teuthology.orchestra.run.trial074.stdout:/usr/bin/ceph: stdout "fsmap": {
2026-02-20T01:04:10.079 INFO:teuthology.orchestra.run.trial074.stdout:/usr/bin/ceph: stdout "epoch": 1,
2026-02-20T01:04:10.080 INFO:teuthology.orchestra.run.trial074.stdout:/usr/bin/ceph: stdout "btime": "2026-02-20T01:04:04:119510+0000",
2026-02-20T01:04:10.080 INFO:teuthology.orchestra.run.trial074.stdout:/usr/bin/ceph: stdout "by_rank": [],
2026-02-20T01:04:10.080 INFO:teuthology.orchestra.run.trial074.stdout:/usr/bin/ceph: stdout "up:standby": 0
2026-02-20T01:04:10.080 INFO:teuthology.orchestra.run.trial074.stdout:/usr/bin/ceph: stdout },
2026-02-20T01:04:10.080 INFO:teuthology.orchestra.run.trial074.stdout:/usr/bin/ceph: stdout "mgrmap": {
2026-02-20T01:04:10.080 INFO:teuthology.orchestra.run.trial074.stdout:/usr/bin/ceph: stdout "available": true,
2026-02-20T01:04:10.081 INFO:teuthology.orchestra.run.trial074.stdout:/usr/bin/ceph: stdout "num_standbys": 0,
2026-02-20T01:04:10.081 INFO:teuthology.orchestra.run.trial074.stdout:/usr/bin/ceph: stdout "modules": [
2026-02-20T01:04:10.081 INFO:teuthology.orchestra.run.trial074.stdout:/usr/bin/ceph: stdout "iostat",
2026-02-20T01:04:10.081 INFO:teuthology.orchestra.run.trial074.stdout:/usr/bin/ceph: stdout "nfs",
2026-02-20T01:04:10.081 INFO:teuthology.orchestra.run.trial074.stdout:/usr/bin/ceph: stdout "restful"
2026-02-20T01:04:10.081 INFO:teuthology.orchestra.run.trial074.stdout:/usr/bin/ceph: stdout ],
2026-02-20T01:04:10.082 INFO:teuthology.orchestra.run.trial074.stdout:/usr/bin/ceph: stdout "services": {}
2026-02-20T01:04:10.082 INFO:teuthology.orchestra.run.trial074.stdout:/usr/bin/ceph: stdout },
2026-02-20T01:04:10.082 INFO:teuthology.orchestra.run.trial074.stdout:/usr/bin/ceph: stdout "servicemap": {
2026-02-20T01:04:10.082 INFO:teuthology.orchestra.run.trial074.stdout:/usr/bin/ceph: stdout "epoch": 1,
2026-02-20T01:04:10.082 INFO:teuthology.orchestra.run.trial074.stdout:/usr/bin/ceph: stdout "modified": "2026-02-20T01:04:04.119882+0000",
2026-02-20T01:04:10.082 INFO:teuthology.orchestra.run.trial074.stdout:/usr/bin/ceph: stdout "services": {}
2026-02-20T01:04:10.083 INFO:teuthology.orchestra.run.trial074.stdout:/usr/bin/ceph: stdout },
2026-02-20T01:04:10.083 INFO:teuthology.orchestra.run.trial074.stdout:/usr/bin/ceph: stdout "progress_events": {}
2026-02-20T01:04:10.083 INFO:teuthology.orchestra.run.trial074.stdout:/usr/bin/ceph: stdout }
2026-02-20T01:04:10.083 INFO:teuthology.orchestra.run.trial074.stdout:/usr/bin/ceph: stderr
2026-02-20T01:04:09.902+0000 7fe846ff6640 1 Processor -- start
2026-02-20T01:04:10.083 INFO:teuthology.orchestra.run.trial074.stdout:/usr/bin/ceph: stderr
2026-02-20T01:04:09.902+0000 7fe846ff6640 1 -- start start
2026-02-20T01:04:10.083 INFO:teuthology.orchestra.run.trial074.stdout:/usr/bin/ceph: stderr
2026-02-20T01:04:09.903+0000 7fe846ff6640 1 --2- >> [v2:10.20.193.74:3300/0,v1:10.20.193.74:6789/0] conn(0x7fe84007de00 0x7fe84007c300 unknown :-1 s=NONE pgs=0 cs=0 l=0 rev1=0 crypto rx=0 tx=0 comp rx=0 tx=0).connect
2026-02-20T01:04:10.084 INFO:teuthology.orchestra.run.trial074.stdout:/usr/bin/ceph: stderr
2026-02-20T01:04:09.903+0000 7fe846ff6640 1 -- --> [v2:10.20.193.74:3300/0,v1:10.20.193.74:6789/0] -- mon_getmap magic: 0 -- 0x7fe84007c840 con 0x7fe84007de00
2026-02-20T01:04:10.084 INFO:teuthology.orchestra.run.trial074.stdout:/usr/bin/ceph: stderr
2026-02-20T01:04:09.903+0000 7fe844d6b640 1 --2- >> [v2:10.20.193.74:3300/0,v1:10.20.193.74:6789/0] conn(0x7fe84007de00 0x7fe84007c300 unknown :-1 s=BANNER_CONNECTING pgs=0 cs=0 l=0 rev1=0 crypto rx=0 tx=0 comp rx=0 tx=0)._handle_peer_banner_payload supported=3 required=0
2026-02-20T01:04:10.084 INFO:teuthology.orchestra.run.trial074.stdout:/usr/bin/ceph: stderr
2026-02-20T01:04:09.903+0000 7fe844d6b640 1 --2- >> [v2:10.20.193.74:3300/0,v1:10.20.193.74:6789/0] conn(0x7fe84007de00 0x7fe84007c300 unknown :-1 s=HELLO_CONNECTING pgs=0 cs=0 l=0 rev1=1 crypto rx=0 tx=0 comp rx=0 tx=0).handle_hello peer v2:10.20.193.74:3300/0 says I am v2:10.20.193.74:47336/0 (socket says 10.20.193.74:47336)
2026-02-20T01:04:10.084 INFO:teuthology.orchestra.run.trial074.stdout:/usr/bin/ceph: stderr
2026-02-20T01:04:09.903+0000 7fe844d6b640 1 -- 10.20.193.74:0/2119246483 learned_addr learned my addr 10.20.193.74:0/2119246483 (peer_addr_for_me v2:10.20.193.74:0/0)
2026-02-20T01:04:10.084 INFO:teuthology.orchestra.run.trial074.stdout:/usr/bin/ceph: stderr
2026-02-20T01:04:09.903+0000 7fe844d6b640 1 -- 10.20.193.74:0/2119246483 --> [v2:10.20.193.74:3300/0,v1:10.20.193.74:6789/0] -- mon_subscribe({config=0+,monmap=0+}) -- 0x7fe84007c9c0 con 0x7fe84007de00
2026-02-20T01:04:10.084 INFO:teuthology.orchestra.run.trial074.stdout:/usr/bin/ceph: stderr
2026-02-20T01:04:09.903+0000 7fe844d6b640 1 --2- 10.20.193.74:0/2119246483 >> [v2:10.20.193.74:3300/0,v1:10.20.193.74:6789/0] conn(0x7fe84007de00 0x7fe84007c300 secure :-1 s=READY pgs=16 cs=0 l=1 rev1=1 crypto rx=0x7fe830009920 tx=0x7fe83002ef20 comp rx=0 tx=0).ready entity=mon.0 client_cookie=2e733048df02030c server_cookie=0 in_seq=0 out_seq=0
2026-02-20T01:04:10.085 INFO:teuthology.orchestra.run.trial074.stdout:/usr/bin/ceph: stderr
2026-02-20T01:04:09.904+0000 7fe8377fe640 1 -- 10.20.193.74:0/2119246483 <== mon.0 v2:10.20.193.74:3300/0 1 ==== mon_map magic: 0 ==== 205+0+0 (secure 0 0 0) 0x7fe83003c070 con 0x7fe84007de00
2026-02-20T01:04:10.085 INFO:teuthology.orchestra.run.trial074.stdout:/usr/bin/ceph: stderr
2026-02-20T01:04:09.904+0000 7fe8377fe640 1 -- 10.20.193.74:0/2119246483 <== mon.0 v2:10.20.193.74:3300/0 2 ==== config(25 keys) ==== 1007+0+0 (secure 0 0 0) 0x7fe830037440 con 0x7fe84007de00
2026-02-20T01:04:10.085 INFO:teuthology.orchestra.run.trial074.stdout:/usr/bin/ceph: stderr
2026-02-20T01:04:09.904+0000 7fe8377fe640 1 -- 10.20.193.74:0/2119246483 <== mon.0 v2:10.20.193.74:3300/0 3 ==== mon_map magic: 0 ==== 205+0+0 (secure 0 0 0) 0x7fe8300354d0 con 0x7fe84007de00
2026-02-20T01:04:10.085 INFO:teuthology.orchestra.run.trial074.stdout:/usr/bin/ceph: stderr
2026-02-20T01:04:09.904+0000 7fe846ff6640 1 -- 10.20.193.74:0/2119246483 >> [v2:10.20.193.74:3300/0,v1:10.20.193.74:6789/0] conn(0x7fe84007de00 msgr2=0x7fe84007c300 secure :-1 s=STATE_CONNECTION_ESTABLISHED l=1).mark_down
2026-02-20T01:04:10.085 INFO:teuthology.orchestra.run.trial074.stdout:/usr/bin/ceph: stderr
2026-02-20T01:04:09.904+0000 7fe846ff6640 1 --2- 10.20.193.74:0/2119246483 >> [v2:10.20.193.74:3300/0,v1:10.20.193.74:6789/0] conn(0x7fe84007de00 0x7fe84007c300 secure :-1 s=READY pgs=16 cs=0 l=1 rev1=1 crypto rx=0x7fe830009920 tx=0x7fe83002ef20 comp rx=0 tx=0).stop
2026-02-20T01:04:10.085 INFO:teuthology.orchestra.run.trial074.stdout:/usr/bin/ceph: stderr
2026-02-20T01:04:09.904+0000 7fe846ff6640 1 -- 10.20.193.74:0/2119246483 shutdown_connections
2026-02-20T01:04:10.086 INFO:teuthology.orchestra.run.trial074.stdout:/usr/bin/ceph: stderr
2026-02-20T01:04:09.904+0000 7fe846ff6640 1 --2- 10.20.193.74:0/2119246483 >> [v2:10.20.193.74:3300/0,v1:10.20.193.74:6789/0] conn(0x7fe84007de00 0x7fe84007c300 unknown :-1 s=CLOSED pgs=16 cs=0 l=1 rev1=1 crypto rx=0 tx=0 comp rx=0 tx=0).stop
2026-02-20T01:04:10.086 INFO:teuthology.orchestra.run.trial074.stdout:/usr/bin/ceph: stderr
2026-02-20T01:04:09.904+0000 7fe846ff6640 1 -- 10.20.193.74:0/2119246483 >> 10.20.193.74:0/2119246483 conn(0x7fe8401037f0 msgr2=0x7fe840105c30 unknown :-1 s=STATE_NONE l=0).mark_down
2026-02-20T01:04:10.086 INFO:teuthology.orchestra.run.trial074.stdout:/usr/bin/ceph: stderr
2026-02-20T01:04:09.904+0000 7fe846ff6640 1 -- 10.20.193.74:0/2119246483 shutdown_connections
2026-02-20T01:04:10.086 INFO:teuthology.orchestra.run.trial074.stdout:/usr/bin/ceph: stderr
2026-02-20T01:04:09.904+0000 7fe846ff6640 1 -- 10.20.193.74:0/2119246483 wait complete.
2026-02-20T01:04:10.086 INFO:teuthology.orchestra.run.trial074.stdout:/usr/bin/ceph: stderr
2026-02-20T01:04:09.904+0000 7fe846ff6640 1 Processor -- start
2026-02-20T01:04:10.086 INFO:teuthology.orchestra.run.trial074.stdout:/usr/bin/ceph: stderr
2026-02-20T01:04:09.904+0000 7fe846ff6640 1 -- start start
2026-02-20T01:04:10.086 INFO:teuthology.orchestra.run.trial074.stdout:/usr/bin/ceph: stderr
2026-02-20T01:04:09.905+0000 7fe846ff6640 1 --2- >> [v2:10.20.193.74:3300/0,v1:10.20.193.74:6789/0] conn(0x7fe84007de00 0x7fe8401a0090 unknown :-1 s=NONE pgs=0 cs=0 l=1 rev1=0 crypto rx=0 tx=0 comp rx=0 tx=0).connect
2026-02-20T01:04:10.087 INFO:teuthology.orchestra.run.trial074.stdout:/usr/bin/ceph: stderr
2026-02-20T01:04:09.905+0000 7fe846ff6640 1 -- --> [v2:10.20.193.74:3300/0,v1:10.20.193.74:6789/0] -- mon_getmap magic: 0 -- 0x7fe84010e4d0 con 0x7fe84007de00
2026-02-20T01:04:10.087 INFO:teuthology.orchestra.run.trial074.stdout:/usr/bin/ceph: stderr
2026-02-20T01:04:09.905+0000 7fe844d6b640 1 --2- >> [v2:10.20.193.74:3300/0,v1:10.20.193.74:6789/0] conn(0x7fe84007de00 0x7fe8401a0090 unknown :-1 s=BANNER_CONNECTING pgs=0 cs=0 l=1 rev1=0 crypto rx=0 tx=0 comp rx=0 tx=0)._handle_peer_banner_payload supported=3 required=0
2026-02-20T01:04:10.087 INFO:teuthology.orchestra.run.trial074.stdout:/usr/bin/ceph: stderr
2026-02-20T01:04:09.905+0000 7fe844d6b640 1 --2- >> [v2:10.20.193.74:3300/0,v1:10.20.193.74:6789/0] conn(0x7fe84007de00 0x7fe8401a0090 unknown :-1 s=HELLO_CONNECTING pgs=0 cs=0 l=1 rev1=1 crypto rx=0 tx=0 comp rx=0 tx=0).handle_hello peer v2:10.20.193.74:3300/0 says I am v2:10.20.193.74:47338/0 (socket says 10.20.193.74:47338)
2026-02-20T01:04:10.087 INFO:teuthology.orchestra.run.trial074.stdout:/usr/bin/ceph: stderr
2026-02-20T01:04:09.905+0000 7fe844d6b640 1 -- 10.20.193.74:0/2858494105 learned_addr learned my addr 10.20.193.74:0/2858494105 (peer_addr_for_me v2:10.20.193.74:0/0)
2026-02-20T01:04:10.087 INFO:teuthology.orchestra.run.trial074.stdout:/usr/bin/ceph: stderr
2026-02-20T01:04:09.905+0000 7fe844d6b640 1 -- 10.20.193.74:0/2858494105 --> [v2:10.20.193.74:3300/0,v1:10.20.193.74:6789/0] -- mon_subscribe({config=0+,monmap=0+}) -- 0x7fe8401a05d0 con 0x7fe84007de00
2026-02-20T01:04:10.088 INFO:teuthology.orchestra.run.trial074.stdout:/usr/bin/ceph: stderr
2026-02-20T01:04:09.905+0000 7fe844d6b640 1 --2- 10.20.193.74:0/2858494105 >> [v2:10.20.193.74:3300/0,v1:10.20.193.74:6789/0] conn(0x7fe84007de00 0x7fe8401a0090 secure :-1 s=READY pgs=17 cs=0 l=1 rev1=1 crypto rx=0x7fe830002410 tx=0x7fe830035dc0 comp rx=0 tx=0).ready entity=mon.0 client_cookie=0 server_cookie=0 in_seq=0 out_seq=0
2026-02-20T01:04:10.088 INFO:teuthology.orchestra.run.trial074.stdout:/usr/bin/ceph: stderr
2026-02-20T01:04:09.905+0000 7fe835ffb640 1 -- 10.20.193.74:0/2858494105 <== mon.0 v2:10.20.193.74:3300/0 1 ==== mon_map magic: 0 ==== 205+0+0 (secure 0 0 0) 0x7fe830045070 con 0x7fe84007de00
2026-02-20T01:04:10.088 INFO:teuthology.orchestra.run.trial074.stdout:/usr/bin/ceph: stderr
2026-02-20T01:04:09.905+0000 7fe835ffb640 1 -- 10.20.193.74:0/2858494105 <== mon.0 v2:10.20.193.74:3300/0 2 ==== config(25 keys) ==== 1007+0+0 (secure 0 0 0) 0x7fe830040450 con 0x7fe84007de00
2026-02-20T01:04:10.088 INFO:teuthology.orchestra.run.trial074.stdout:/usr/bin/ceph: stderr
2026-02-20T01:04:09.905+0000 7fe846ff6640 1 -- 10.20.193.74:0/2858494105 --> [v2:10.20.193.74:3300/0,v1:10.20.193.74:6789/0] -- mon_subscribe({mgrmap=0+}) -- 0x7fe8401a0860 con 0x7fe84007de00
2026-02-20T01:04:10.088 INFO:teuthology.orchestra.run.trial074.stdout:/usr/bin/ceph: stderr
2026-02-20T01:04:09.905+0000 7fe835ffb640 1 -- 10.20.193.74:0/2858494105 <== mon.0 v2:10.20.193.74:3300/0 3 ==== mon_map magic: 0 ==== 205+0+0 (secure 0 0 0) 0x7fe83003c070 con 0x7fe84007de00
2026-02-20T01:04:10.088 INFO:teuthology.orchestra.run.trial074.stdout:/usr/bin/ceph: stderr
2026-02-20T01:04:09.905+0000 7fe846ff6640 1 -- 10.20.193.74:0/2858494105 --> [v2:10.20.193.74:3300/0,v1:10.20.193.74:6789/0] -- mon_subscribe({osdmap=0}) -- 0x7fe8401a3550 con 0x7fe84007de00
2026-02-20T01:04:10.089 INFO:teuthology.orchestra.run.trial074.stdout:/usr/bin/ceph: stderr
2026-02-20T01:04:09.905+0000 7fe846ff6640 1 -- 10.20.193.74:0/2858494105 --> [v2:10.20.193.74:3300/0,v1:10.20.193.74:6789/0] -- mon_command({"prefix": "get_command_descriptions"} v 0) -- 0x7fe84007c380 con 0x7fe84007de00
2026-02-20T01:04:10.089 INFO:teuthology.orchestra.run.trial074.stdout:/usr/bin/ceph: stderr
2026-02-20T01:04:09.905+0000 7fe835ffb640 1 -- 10.20.193.74:0/2858494105 <== mon.0 v2:10.20.193.74:3300/0 4 ==== mgrmap(e 3) ==== 50130+0+0 (secure 0 0 0) 0x7fe830040920 con 0x7fe84007de00
2026-02-20T01:04:10.089 INFO:teuthology.orchestra.run.trial074.stdout:/usr/bin/ceph: stderr
2026-02-20T01:04:09.906+0000 7fe835ffb640 1 --2- 10.20.193.74:0/2858494105 >> [v2:10.20.193.74:6800/3273834627,v1:10.20.193.74:6801/3273834627] conn(0x7fe81c03da30 0x7fe81c03fef0 unknown :-1 s=NONE pgs=0 cs=0 l=1 rev1=0 crypto rx=0 tx=0 comp rx=0 tx=0).connect
2026-02-20T01:04:10.089 INFO:teuthology.orchestra.run.trial074.stdout:/usr/bin/ceph: stderr
2026-02-20T01:04:09.906+0000 7fe835ffb640 1 -- 10.20.193.74:0/2858494105 <== mon.0 v2:10.20.193.74:3300/0 5 ==== osd_map(1..1 src has 1..1) ==== 725+0+0 (secure 0 0 0) 0x7fe8300765a0 con 0x7fe84007de00
2026-02-20T01:04:10.089 INFO:teuthology.orchestra.run.trial074.stdout:/usr/bin/ceph: stderr
2026-02-20T01:04:09.906+0000 7fe837fff640 1 --2- 10.20.193.74:0/2858494105 >> [v2:10.20.193.74:6800/3273834627,v1:10.20.193.74:6801/3273834627] conn(0x7fe81c03da30 0x7fe81c03fef0 unknown :-1 s=BANNER_CONNECTING pgs=0 cs=0 l=1 rev1=0 crypto rx=0 tx=0 comp rx=0 tx=0)._handle_peer_banner_payload supported=3 required=0
2026-02-20T01:04:10.089 INFO:teuthology.orchestra.run.trial074.stdout:/usr/bin/ceph: stderr
2026-02-20T01:04:09.906+0000 7fe837fff640 1 --2- 10.20.193.74:0/2858494105 >> [v2:10.20.193.74:6800/3273834627,v1:10.20.193.74:6801/3273834627] conn(0x7fe81c03da30 0x7fe81c03fef0 secure :-1 s=READY pgs=6 cs=0 l=1 rev1=1 crypto rx=0x7fe8280099c0 tx=0x7fe828006eb0 comp rx=0 tx=0).ready entity=mgr.14100 client_cookie=0 server_cookie=0 in_seq=0 out_seq=0
2026-02-20T01:04:10.090 INFO:teuthology.orchestra.run.trial074.stdout:/usr/bin/ceph: stderr
2026-02-20T01:04:09.908+0000 7fe835ffb640 1 -- 10.20.193.74:0/2858494105 <== mon.0 v2:10.20.193.74:3300/0 6 ==== mon_command_ack([{"prefix": "get_command_descriptions"}]=0 v0) ==== 72+0+195034 (secure 0 0 0) 0x7fe830036dc0 con 0x7fe84007de00
2026-02-20T01:04:10.090 INFO:teuthology.orchestra.run.trial074.stdout:/usr/bin/ceph: stderr
2026-02-20T01:04:10.024+0000 7fe846ff6640 1 -- 10.20.193.74:0/2858494105 --> [v2:10.20.193.74:3300/0,v1:10.20.193.74:6789/0] -- mon_command({"prefix": "status", "format": "json-pretty"} v 0) -- 0x7fe8401a3bd0 con 0x7fe84007de00
2026-02-20T01:04:10.090 INFO:teuthology.orchestra.run.trial074.stdout:/usr/bin/ceph: stderr
2026-02-20T01:04:10.024+0000 7fe835ffb640 1 -- 10.20.193.74:0/2858494105 <== mon.0 v2:10.20.193.74:3300/0 7 ==== mon_command_ack([{"prefix": "status", "format": "json-pretty"}]=0 v0) ==== 79+0+1290 (secure 0 0 0) 0x7fe830040600 con 0x7fe84007de00
2026-02-20T01:04:10.090 INFO:teuthology.orchestra.run.trial074.stdout:/usr/bin/ceph: stderr
2026-02-20T01:04:10.025+0000 7fe846ff6640 1 -- 10.20.193.74:0/2858494105 >> [v2:10.20.193.74:6800/3273834627,v1:10.20.193.74:6801/3273834627] conn(0x7fe81c03da30 msgr2=0x7fe81c03fef0 secure :-1 s=STATE_CONNECTION_ESTABLISHED l=1).mark_down
2026-02-20T01:04:10.090 INFO:teuthology.orchestra.run.trial074.stdout:/usr/bin/ceph: stderr
2026-02-20T01:04:10.025+0000 7fe846ff6640 1 --2- 10.20.193.74:0/2858494105 >> [v2:10.20.193.74:6800/3273834627,v1:10.20.193.74:6801/3273834627] conn(0x7fe81c03da30 0x7fe81c03fef0 secure :-1 s=READY pgs=6 cs=0 l=1 rev1=1 crypto rx=0x7fe8280099c0 tx=0x7fe828006eb0 comp rx=0 tx=0).stop
2026-02-20T01:04:10.090 INFO:teuthology.orchestra.run.trial074.stdout:/usr/bin/ceph: stderr
2026-02-20T01:04:10.025+0000 7fe846ff6640 1 -- 10.20.193.74:0/2858494105 >> [v2:10.20.193.74:3300/0,v1:10.20.193.74:6789/0] conn(0x7fe84007de00 msgr2=0x7fe8401a0090 secure :-1 s=STATE_CONNECTION_ESTABLISHED l=1).mark_down
2026-02-20T01:04:10.090 INFO:teuthology.orchestra.run.trial074.stdout:/usr/bin/ceph: stderr
2026-02-20T01:04:10.025+0000 7fe846ff6640 1 --2- 10.20.193.74:0/2858494105 >> [v2:10.20.193.74:3300/0,v1:10.20.193.74:6789/0] conn(0x7fe84007de00 0x7fe8401a0090 secure :-1 s=READY pgs=17 cs=0 l=1 rev1=1 crypto rx=0x7fe830002410 tx=0x7fe830035dc0 comp rx=0 tx=0).stop
2026-02-20T01:04:10.090 INFO:teuthology.orchestra.run.trial074.stdout:/usr/bin/ceph: stderr
2026-02-20T01:04:10.025+0000 7fe846ff6640 1 -- 10.20.193.74:0/2858494105 shutdown_connections
2026-02-20T01:04:10.091 INFO:teuthology.orchestra.run.trial074.stdout:/usr/bin/ceph: stderr
2026-02-20T01:04:10.025+0000 7fe846ff6640 1 --2- 10.20.193.74:0/2858494105 >> [v2:10.20.193.74:6800/3273834627,v1:10.20.193.74:6801/3273834627] conn(0x7fe81c03da30 0x7fe81c03fef0 unknown :-1 s=CLOSED pgs=6 cs=0 l=1 rev1=1 crypto rx=0 tx=0 comp rx=0 tx=0).stop
2026-02-20T01:04:10.091 INFO:teuthology.orchestra.run.trial074.stdout:/usr/bin/ceph: stderr
2026-02-20T01:04:10.025+0000 7fe846ff6640 1 --2- 10.20.193.74:0/2858494105 >> [v2:10.20.193.74:3300/0,v1:10.20.193.74:6789/0] conn(0x7fe84007de00 0x7fe8401a0090 unknown :-1 s=CLOSED pgs=17 cs=0 l=1 rev1=1 crypto rx=0 tx=0 comp rx=0 tx=0).stop
2026-02-20T01:04:10.091 INFO:teuthology.orchestra.run.trial074.stdout:/usr/bin/ceph: stderr
2026-02-20T01:04:10.025+0000 7fe846ff6640 1 -- 10.20.193.74:0/2858494105 >> 10.20.193.74:0/2858494105 conn(0x7fe8401037f0 msgr2=0x7fe840104390 unknown :-1 s=STATE_NONE l=0).mark_down
2026-02-20T01:04:10.091 INFO:teuthology.orchestra.run.trial074.stdout:/usr/bin/ceph: stderr
2026-02-20T01:04:10.025+0000 7fe846ff6640 1 -- 10.20.193.74:0/2858494105 shutdown_connections
2026-02-20T01:04:10.091 INFO:teuthology.orchestra.run.trial074.stdout:/usr/bin/ceph: stderr
2026-02-20T01:04:10.025+0000 7fe846ff6640 1 -- 10.20.193.74:0/2858494105 wait complete.
2026-02-20T01:04:10.091 INFO:teuthology.orchestra.run.trial074.stdout:mgr is available
2026-02-20T01:04:10.280 INFO:teuthology.orchestra.run.trial074.stdout:/usr/bin/ceph: stdout
2026-02-20T01:04:10.281 INFO:teuthology.orchestra.run.trial074.stdout:/usr/bin/ceph: stdout [global]
2026-02-20T01:04:10.281 INFO:teuthology.orchestra.run.trial074.stdout:/usr/bin/ceph: stdout fsid = 04929fec-0df8-11f1-a4e3-d404e6e7d460
2026-02-20T01:04:10.281 INFO:teuthology.orchestra.run.trial074.stdout:/usr/bin/ceph: stdout mon_cluster_log_file_level = debug
2026-02-20T01:04:10.281 INFO:teuthology.orchestra.run.trial074.stdout:/usr/bin/ceph: stdout mon_host = [v2:10.20.193.74:3300,v1:10.20.193.74:6789]
2026-02-20T01:04:10.281 INFO:teuthology.orchestra.run.trial074.stdout:/usr/bin/ceph: stdout mon_osd_allow_pg_remap = true
2026-02-20T01:04:10.281 INFO:teuthology.orchestra.run.trial074.stdout:/usr/bin/ceph: stdout mon_osd_allow_primary_affinity = true
2026-02-20T01:04:10.281 INFO:teuthology.orchestra.run.trial074.stdout:/usr/bin/ceph: stdout mon_warn_on_no_sortbitwise = false
2026-02-20T01:04:10.281 INFO:teuthology.orchestra.run.trial074.stdout:/usr/bin/ceph: stdout osd_crush_chooseleaf_type = 0
2026-02-20T01:04:10.281 INFO:teuthology.orchestra.run.trial074.stdout:/usr/bin/ceph: stdout
2026-02-20T01:04:10.282 INFO:teuthology.orchestra.run.trial074.stdout:/usr/bin/ceph: stdout [mgr]
2026-02-20T01:04:10.282 INFO:teuthology.orchestra.run.trial074.stdout:/usr/bin/ceph: stdout mgr/telemetry/nag = false
2026-02-20T01:04:10.282 INFO:teuthology.orchestra.run.trial074.stdout:/usr/bin/ceph: stdout
2026-02-20T01:04:10.282 INFO:teuthology.orchestra.run.trial074.stdout:/usr/bin/ceph: stdout [osd]
2026-02-20T01:04:10.282 INFO:teuthology.orchestra.run.trial074.stdout:/usr/bin/ceph: stdout mon_osd_backfillfull_ratio = 0.85
2026-02-20T01:04:10.282 INFO:teuthology.orchestra.run.trial074.stdout:/usr/bin/ceph: stdout mon_osd_full_ratio = 0.9
2026-02-20T01:04:10.282 INFO:teuthology.orchestra.run.trial074.stdout:/usr/bin/ceph: stdout mon_osd_nearfull_ratio = 0.8
2026-02-20T01:04:10.282 INFO:teuthology.orchestra.run.trial074.stdout:/usr/bin/ceph: stdout osd_map_max_advance = 10
2026-02-20T01:04:10.282 INFO:teuthology.orchestra.run.trial074.stdout:/usr/bin/ceph: stdout osd_sloppy_crc = true
2026-02-20T01:04:10.282 INFO:teuthology.orchestra.run.trial074.stdout:/usr/bin/ceph: stderr
2026-02-20T01:04:10.155+0000 7f8373395640 1 Processor -- start
2026-02-20T01:04:10.282 INFO:teuthology.orchestra.run.trial074.stdout:/usr/bin/ceph: stderr
2026-02-20T01:04:10.156+0000 7f8373395640 1 -- start start
2026-02-20T01:04:10.283 INFO:teuthology.orchestra.run.trial074.stdout:/usr/bin/ceph: stderr
2026-02-20T01:04:10.156+0000 7f8373395640 1 --2- >> [v2:10.20.193.74:3300/0,v1:10.20.193.74:6789/0] conn(0x7f836c10a2a0 0x7f836c10a6a0 unknown :-1 s=NONE pgs=0 cs=0 l=0 rev1=0 crypto rx=0 tx=0 comp rx=0 tx=0).connect
2026-02-20T01:04:10.283 INFO:teuthology.orchestra.run.trial074.stdout:/usr/bin/ceph: stderr
2026-02-20T01:04:10.156+0000 7f8373395640 1 -- --> [v2:10.20.193.74:3300/0,v1:10.20.193.74:6789/0] -- mon_getmap magic: 0 -- 0x7f836c10ac70 con 0x7f836c10a2a0
2026-02-20T01:04:10.283 INFO:teuthology.orchestra.run.trial074.stdout:/usr/bin/ceph: stderr
2026-02-20T01:04:10.156+0000 7f837110a640 1 --2- >> [v2:10.20.193.74:3300/0,v1:10.20.193.74:6789/0] conn(0x7f836c10a2a0 0x7f836c10a6a0 unknown :-1 s=BANNER_CONNECTING pgs=0 cs=0 l=0 rev1=0 crypto rx=0 tx=0 comp rx=0 tx=0)._handle_peer_banner_payload supported=3 required=0
2026-02-20T01:04:10.283 INFO:teuthology.orchestra.run.trial074.stdout:/usr/bin/ceph: stderr
2026-02-20T01:04:10.156+0000 7f837110a640 1 --2- >> [v2:10.20.193.74:3300/0,v1:10.20.193.74:6789/0] conn(0x7f836c10a2a0 0x7f836c10a6a0 unknown :-1 s=HELLO_CONNECTING pgs=0 cs=0 l=0 rev1=1 crypto rx=0 tx=0 comp rx=0 tx=0).handle_hello peer v2:10.20.193.74:3300/0 says I am v2:10.20.193.74:47348/0 (socket says 10.20.193.74:47348)
2026-02-20T01:04:10.283 INFO:teuthology.orchestra.run.trial074.stdout:/usr/bin/ceph: stderr
2026-02-20T01:04:10.156+0000 7f837110a640 1 -- 10.20.193.74:0/3573697920 learned_addr learned my addr 10.20.193.74:0/3573697920 (peer_addr_for_me v2:10.20.193.74:0/0)
2026-02-20T01:04:10.284 INFO:teuthology.orchestra.run.trial074.stdout:/usr/bin/ceph: stderr
2026-02-20T01:04:10.156+0000 7f837110a640 1 -- 10.20.193.74:0/3573697920 --> [v2:10.20.193.74:3300/0,v1:10.20.193.74:6789/0] -- mon_subscribe({config=0+,monmap=0+}) -- 0x7f836c10b420 con 0x7f836c10a2a0
2026-02-20T01:04:10.284 INFO:teuthology.orchestra.run.trial074.stdout:/usr/bin/ceph: stderr
2026-02-20T01:04:10.156+0000 7f837110a640 1 --2- 10.20.193.74:0/3573697920 >> [v2:10.20.193.74:3300/0,v1:10.20.193.74:6789/0] conn(0x7f836c10a2a0 0x7f836c10a6a0 secure :-1 s=READY pgs=18 cs=0 l=1 rev1=1 crypto rx=0x7f835c009920 tx=0x7f835c02ef20 comp rx=0 tx=0).ready entity=mon.0 client_cookie=1275956781717b1 server_cookie=0 in_seq=0 out_seq=0
2026-02-20T01:04:10.284 INFO:teuthology.orchestra.run.trial074.stdout:/usr/bin/ceph: stderr
2026-02-20T01:04:10.157+0000 7f835bfff640 1 -- 10.20.193.74:0/3573697920 <== mon.0 v2:10.20.193.74:3300/0 1 ==== mon_map magic: 0 ==== 205+0+0 (secure 0 0 0) 0x7f835c03c070 con 0x7f836c10a2a0
2026-02-20T01:04:10.284 INFO:teuthology.orchestra.run.trial074.stdout:/usr/bin/ceph: stderr
2026-02-20T01:04:10.157+0000 7f835bfff640 1 -- 10.20.193.74:0/3573697920 <== mon.0 v2:10.20.193.74:3300/0 2 ==== config(25 keys) ==== 1007+0+0 (secure 0 0 0) 0x7f835c037440 con 0x7f836c10a2a0
2026-02-20T01:04:10.284 INFO:teuthology.orchestra.run.trial074.stdout:/usr/bin/ceph: stderr
2026-02-20T01:04:10.157+0000 7f835bfff640 1 -- 10.20.193.74:0/3573697920 <== mon.0 v2:10.20.193.74:3300/0 3 ==== mon_map magic: 0 ==== 205+0+0 (secure 0 0 0) 0x7f835c0354d0 con 0x7f836c10a2a0
2026-02-20T01:04:10.284 INFO:teuthology.orchestra.run.trial074.stdout:/usr/bin/ceph: stderr
2026-02-20T01:04:10.157+0000 7f8373395640 1 -- 10.20.193.74:0/3573697920 >> [v2:10.20.193.74:3300/0,v1:10.20.193.74:6789/0] conn(0x7f836c10a2a0 msgr2=0x7f836c10a6a0 secure :-1 s=STATE_CONNECTION_ESTABLISHED l=1).mark_down
2026-02-20T01:04:10.285 INFO:teuthology.orchestra.run.trial074.stdout:/usr/bin/ceph: stderr
2026-02-20T01:04:10.157+0000 7f8373395640 1 --2- 10.20.193.74:0/3573697920 >> [v2:10.20.193.74:3300/0,v1:10.20.193.74:6789/0] conn(0x7f836c10a2a0 0x7f836c10a6a0 secure :-1 s=READY pgs=18 cs=0 l=1 rev1=1 crypto rx=0x7f835c009920 tx=0x7f835c02ef20 comp rx=0 tx=0).stop
2026-02-20T01:04:10.285 INFO:teuthology.orchestra.run.trial074.stdout:/usr/bin/ceph: stderr
2026-02-20T01:04:10.157+0000 7f8373395640 1 -- 10.20.193.74:0/3573697920 shutdown_connections
2026-02-20T01:04:10.285 INFO:teuthology.orchestra.run.trial074.stdout:/usr/bin/ceph: stderr
2026-02-20T01:04:10.157+0000 7f8373395640 1 --2- 10.20.193.74:0/3573697920 >> [v2:10.20.193.74:3300/0,v1:10.20.193.74:6789/0] conn(0x7f836c10a2a0 0x7f836c10a6a0 unknown :-1 s=CLOSED pgs=18 cs=0 l=1 rev1=1 crypto rx=0 tx=0 comp rx=0 tx=0).stop
2026-02-20T01:04:10.285 INFO:teuthology.orchestra.run.trial074.stdout:/usr/bin/ceph: stderr
2026-02-20T01:04:10.157+0000 7f8373395640 1 -- 10.20.193.74:0/3573697920 >> 10.20.193.74:0/3573697920 conn(0x7f836c07d8c0 msgr2=0x7f836c108670 unknown :-1 s=STATE_NONE l=0).mark_down
2026-02-20T01:04:10.285 INFO:teuthology.orchestra.run.trial074.stdout:/usr/bin/ceph: stderr
2026-02-20T01:04:10.157+0000 7f8373395640 1 -- 10.20.193.74:0/3573697920 shutdown_connections
2026-02-20T01:04:10.285 INFO:teuthology.orchestra.run.trial074.stdout:/usr/bin/ceph: stderr
2026-02-20T01:04:10.157+0000 7f8373395640 1 -- 10.20.193.74:0/3573697920 wait complete.
2026-02-20T01:04:10.286 INFO:teuthology.orchestra.run.trial074.stdout:/usr/bin/ceph: stderr
2026-02-20T01:04:10.157+0000 7f8373395640 1 Processor -- start
2026-02-20T01:04:10.286 INFO:teuthology.orchestra.run.trial074.stdout:/usr/bin/ceph: stderr
2026-02-20T01:04:10.158+0000 7f8373395640 1 -- start start
2026-02-20T01:04:10.286 INFO:teuthology.orchestra.run.trial074.stdout:/usr/bin/ceph: stderr
2026-02-20T01:04:10.158+0000 7f8373395640 1 --2- >> [v2:10.20.193.74:3300/0,v1:10.20.193.74:6789/0] conn(0x7f836c10a2a0 0x7f836c1a00a0 unknown :-1 s=NONE pgs=0 cs=0 l=1 rev1=0 crypto rx=0 tx=0 comp rx=0 tx=0).connect
2026-02-20T01:04:10.286 INFO:teuthology.orchestra.run.trial074.stdout:/usr/bin/ceph: stderr
2026-02-20T01:04:10.158+0000 7f8373395640 1 -- --> [v2:10.20.193.74:3300/0,v1:10.20.193.74:6789/0] -- mon_getmap magic: 0 -- 0x7f836c10e650 con 0x7f836c10a2a0
2026-02-20T01:04:10.286 INFO:teuthology.orchestra.run.trial074.stdout:/usr/bin/ceph: stderr
2026-02-20T01:04:10.158+0000 7f837110a640 1 --2- >> [v2:10.20.193.74:3300/0,v1:10.20.193.74:6789/0] conn(0x7f836c10a2a0 0x7f836c1a00a0 unknown :-1 s=BANNER_CONNECTING pgs=0 cs=0 l=1 rev1=0 crypto rx=0 tx=0 comp rx=0 tx=0)._handle_peer_banner_payload supported=3 required=0
2026-02-20T01:04:10.286 INFO:teuthology.orchestra.run.trial074.stdout:/usr/bin/ceph: stderr
2026-02-20T01:04:10.158+0000 7f837110a640 1 --2- >> [v2:10.20.193.74:3300/0,v1:10.20.193.74:6789/0] conn(0x7f836c10a2a0 0x7f836c1a00a0 unknown :-1 s=HELLO_CONNECTING pgs=0 cs=0 l=1 rev1=1 crypto rx=0 tx=0 comp rx=0 tx=0).handle_hello peer v2:10.20.193.74:3300/0 says I am v2:10.20.193.74:47350/0 (socket says 10.20.193.74:47350)
2026-02-20T01:04:10.286 INFO:teuthology.orchestra.run.trial074.stdout:/usr/bin/ceph: stderr
2026-02-20T01:04:10.158+0000 7f837110a640 1 -- 10.20.193.74:0/2008413147 learned_addr learned my addr 10.20.193.74:0/2008413147 (peer_addr_for_me v2:10.20.193.74:0/0)
2026-02-20T01:04:10.287 INFO:teuthology.orchestra.run.trial074.stdout:/usr/bin/ceph: stderr
2026-02-20T01:04:10.158+0000 7f837110a640 1 -- 10.20.193.74:0/2008413147 --> [v2:10.20.193.74:3300/0,v1:10.20.193.74:6789/0] -- mon_subscribe({config=0+,monmap=0+}) -- 0x7f836c1a05e0 con 0x7f836c10a2a0
2026-02-20T01:04:10.287 INFO:teuthology.orchestra.run.trial074.stdout:/usr/bin/ceph: stderr
2026-02-20T01:04:10.158+0000 7f837110a640 1 --2- 10.20.193.74:0/2008413147 >> [v2:10.20.193.74:3300/0,v1:10.20.193.74:6789/0] conn(0x7f836c10a2a0 0x7f836c1a00a0 secure :-1 s=READY pgs=19 cs=0 l=1 rev1=1 crypto rx=0x7f835c002410 tx=0x7f835c035dc0 comp rx=0 tx=0).ready entity=mon.0 client_cookie=0 server_cookie=0 in_seq=0 out_seq=0
2026-02-20T01:04:10.287 INFO:teuthology.orchestra.run.trial074.stdout:/usr/bin/ceph: stderr
2026-02-20T01:04:10.158+0000 7f835a7fc640 1 -- 10.20.193.74:0/2008413147 <== mon.0 v2:10.20.193.74:3300/0 1 ==== mon_map magic: 0 ==== 205+0+0 (secure 0 0 0) 0x7f835c045070 con 0x7f836c10a2a0
2026-02-20T01:04:10.287 INFO:teuthology.orchestra.run.trial074.stdout:/usr/bin/ceph: stderr
2026-02-20T01:04:10.158+0000 7f835a7fc640 1 -- 10.20.193.74:0/2008413147 <== mon.0 v2:10.20.193.74:3300/0 2 ==== config(25 keys) ==== 1007+0+0 (secure 0 0 0) 0x7f835c040450 con 0x7f836c10a2a0
2026-02-20T01:04:10.287 INFO:teuthology.orchestra.run.trial074.stdout:/usr/bin/ceph: stderr
2026-02-20T01:04:10.158+0000 7f8373395640 1 -- 10.20.193.74:0/2008413147 --> [v2:10.20.193.74:3300/0,v1:10.20.193.74:6789/0] -- mon_subscribe({mgrmap=0+}) -- 0x7f836c1a0870 con 0x7f836c10a2a0
2026-02-20T01:04:10.287 INFO:teuthology.orchestra.run.trial074.stdout:/usr/bin/ceph: stderr
2026-02-20T01:04:10.158+0000 7f835a7fc640 1 -- 10.20.193.74:0/2008413147 <== mon.0 v2:10.20.193.74:3300/0 3 ==== mon_map magic: 0 ==== 205+0+0 (secure 0 0 0) 0x7f835c03c070 con 0x7f836c10a2a0
2026-02-20T01:04:10.287 INFO:teuthology.orchestra.run.trial074.stdout:/usr/bin/ceph: stderr
2026-02-20T01:04:10.158+0000 7f8373395640 1 -- 10.20.193.74:0/2008413147 --> [v2:10.20.193.74:3300/0,v1:10.20.193.74:6789/0] -- mon_subscribe({osdmap=0}) -- 0x7f836c1a3560 con 0x7f836c10a2a0
2026-02-20T01:04:10.287 INFO:teuthology.orchestra.run.trial074.stdout:/usr/bin/ceph: stderr
2026-02-20T01:04:10.159+0000 7f835a7fc640 1 -- 10.20.193.74:0/2008413147 <== mon.0 v2:10.20.193.74:3300/0 4 ==== mgrmap(e 4) ==== 50236+0+0 (secure 0 0 0) 0x7f835c040920 con 0x7f836c10a2a0
2026-02-20T01:04:10.287 INFO:teuthology.orchestra.run.trial074.stdout:/usr/bin/ceph: stderr
2026-02-20T01:04:10.159+0000 7f8373395640 1 -- 10.20.193.74:0/2008413147 --> [v2:10.20.193.74:3300/0,v1:10.20.193.74:6789/0] -- mon_command({"prefix": "get_command_descriptions"} v 0) -- 0x7f836c10a720 con 0x7f836c10a2a0
2026-02-20T01:04:10.287 INFO:teuthology.orchestra.run.trial074.stdout:/usr/bin/ceph: stderr
2026-02-20T01:04:10.159+0000 7f835a7fc640 1 --2- 10.20.193.74:0/2008413147 >> [v2:10.20.193.74:6800/3273834627,v1:10.20.193.74:6801/3273834627] conn(0x7f834803dbf0 0x7f83480400b0 unknown :-1 s=NONE pgs=0 cs=0 l=1 rev1=0 crypto rx=0 tx=0 comp rx=0 tx=0).connect
2026-02-20T01:04:10.288 INFO:teuthology.orchestra.run.trial074.stdout:/usr/bin/ceph: stderr
2026-02-20T01:04:10.159+0000 7f835a7fc640 1 -- 10.20.193.74:0/2008413147 <== mon.0 v2:10.20.193.74:3300/0 5 ==== osd_map(1..1 src has 1..1) ==== 725+0+0 (secure 0 0 0) 0x7f835c076770 con 0x7f836c10a2a0
2026-02-20T01:04:10.288 INFO:teuthology.orchestra.run.trial074.stdout:/usr/bin/ceph: stderr
2026-02-20T01:04:10.159+0000 7f8370909640 1 --2- 10.20.193.74:0/2008413147 >> [v2:10.20.193.74:6800/3273834627,v1:10.20.193.74:6801/3273834627] conn(0x7f834803dbf0 0x7f83480400b0 unknown :-1 s=BANNER_CONNECTING pgs=0 cs=0 l=1 rev1=0 crypto rx=0 tx=0 comp rx=0 tx=0)._handle_peer_banner_payload supported=3 required=0
2026-02-20T01:04:10.288 INFO:teuthology.orchestra.run.trial074.stdout:/usr/bin/ceph: stderr
2026-02-20T01:04:10.159+0000 7f8370909640 1 --2- 10.20.193.74:0/2008413147 >> [v2:10.20.193.74:6800/3273834627,v1:10.20.193.74:6801/3273834627] conn(0x7f834803dbf0 0x7f83480400b0 secure :-1 s=READY pgs=7 cs=0 l=1 rev1=1 crypto rx=0x7f83600099c0 tx=0x7f8360006eb0 comp rx=0 tx=0).ready entity=mgr.14100 client_cookie=0 server_cookie=0 in_seq=0 out_seq=0
2026-02-20T01:04:10.288 INFO:teuthology.orchestra.run.trial074.stdout:/usr/bin/ceph: stderr
2026-02-20T01:04:10.161+0000 7f835a7fc640 1 -- 10.20.193.74:0/2008413147 <== mon.0 v2:10.20.193.74:3300/0 6 ==== mon_command_ack([{"prefix": "get_command_descriptions"}]=0 v0) ==== 72+0+195034 (secure 0 0 0) 0x7f835c0406b0 con 0x7f836c10a2a0
2026-02-20T01:04:10.288 INFO:teuthology.orchestra.run.trial074.stdout:/usr/bin/ceph: stderr
2026-02-20T01:04:10.246+0000 7f8373395640 1 -- 10.20.193.74:0/2008413147 --> [v2:10.20.193.74:3300/0,v1:10.20.193.74:6789/0] -- mon_command({"prefix": "config assimilate-conf"} v 0) -- 0x7f836c1a4d80 con 0x7f836c10a2a0
2026-02-20T01:04:10.288 INFO:teuthology.orchestra.run.trial074.stdout:/usr/bin/ceph: stderr
2026-02-20T01:04:10.247+0000 7f835a7fc640 1 -- 10.20.193.74:0/2008413147 <== mon.0 v2:10.20.193.74:3300/0 7 ==== mon_command_ack([{"prefix": "config assimilate-conf"}]=0 v3) ==== 70+0+465 (secure 0 0 0) 0x7f835c03fe20 con 0x7f836c10a2a0
2026-02-20T01:04:10.288 INFO:teuthology.orchestra.run.trial074.stdout:/usr/bin/ceph: stderr
2026-02-20T01:04:10.248+0000 7f8373395640 1 -- 10.20.193.74:0/2008413147 >> [v2:10.20.193.74:6800/3273834627,v1:10.20.193.74:6801/3273834627] conn(0x7f834803dbf0 msgr2=0x7f83480400b0 secure :-1 s=STATE_CONNECTION_ESTABLISHED l=1).mark_down
2026-02-20T01:04:10.288 INFO:teuthology.orchestra.run.trial074.stdout:/usr/bin/ceph: stderr
2026-02-20T01:04:10.248+0000 7f8373395640 1 --2- 10.20.193.74:0/2008413147 >> [v2:10.20.193.74:6800/3273834627,v1:10.20.193.74:6801/3273834627] conn(0x7f834803dbf0 0x7f83480400b0 secure :-1 s=READY pgs=7 cs=0 l=1 rev1=1 crypto rx=0x7f83600099c0 tx=0x7f8360006eb0 comp rx=0 tx=0).stop
2026-02-20T01:04:10.288 INFO:teuthology.orchestra.run.trial074.stdout:/usr/bin/ceph: stderr
2026-02-20T01:04:10.248+0000 7f8373395640 1 -- 10.20.193.74:0/2008413147 >> [v2:10.20.193.74:3300/0,v1:10.20.193.74:6789/0] conn(0x7f836c10a2a0 msgr2=0x7f836c1a00a0 secure :-1 s=STATE_CONNECTION_ESTABLISHED l=1).mark_down
2026-02-20T01:04:10.288 INFO:teuthology.orchestra.run.trial074.stdout:/usr/bin/ceph: stderr
2026-02-20T01:04:10.248+0000 7f8373395640 1 --2- 10.20.193.74:0/2008413147 >> [v2:10.20.193.74:3300/0,v1:10.20.193.74:6789/0] conn(0x7f836c10a2a0 0x7f836c1a00a0 secure :-1 s=READY pgs=19 cs=0 l=1 rev1=1 crypto rx=0x7f835c002410 tx=0x7f835c035dc0 comp rx=0 tx=0).stop
2026-02-20T01:04:10.288 INFO:teuthology.orchestra.run.trial074.stdout:/usr/bin/ceph: stderr
2026-02-20T01:04:10.248+0000 7f8373395640 1 -- 10.20.193.74:0/2008413147 shutdown_connections
2026-02-20T01:04:10.288 INFO:teuthology.orchestra.run.trial074.stdout:/usr/bin/ceph: stderr
2026-02-20T01:04:10.248+0000 7f8373395640 1 --2- 10.20.193.74:0/2008413147 >> [v2:10.20.193.74:6800/3273834627,v1:10.20.193.74:6801/3273834627] conn(0x7f834803dbf0 0x7f83480400b0 unknown :-1 s=CLOSED pgs=7 cs=0 l=1 rev1=1 crypto rx=0 tx=0 comp rx=0 tx=0).stop
2026-02-20T01:04:10.289 INFO:teuthology.orchestra.run.trial074.stdout:/usr/bin/ceph: stderr
2026-02-20T01:04:10.248+0000 7f8373395640 1 --2- 10.20.193.74:0/2008413147 >> [v2:10.20.193.74:3300/0,v1:10.20.193.74:6789/0] conn(0x7f836c10a2a0 0x7f836c1a00a0 unknown :-1 s=CLOSED pgs=19 cs=0 l=1 rev1=1 crypto rx=0 tx=0 comp rx=0 tx=0).stop
2026-02-20T01:04:10.289 INFO:teuthology.orchestra.run.trial074.stdout:/usr/bin/ceph: stderr
2026-02-20T01:04:10.248+0000 7f8373395640 1 -- 10.20.193.74:0/2008413147 >> 10.20.193.74:0/2008413147 conn(0x7f836c07d8c0 msgr2=0x7f836c107d00 unknown :-1 s=STATE_NONE l=0).mark_down
2026-02-20T01:04:10.289 INFO:teuthology.orchestra.run.trial074.stdout:/usr/bin/ceph: stderr
2026-02-20T01:04:10.248+0000 7f8373395640 1 -- 10.20.193.74:0/2008413147 shutdown_connections
2026-02-20T01:04:10.289 INFO:teuthology.orchestra.run.trial074.stdout:/usr/bin/ceph: stderr
2026-02-20T01:04:10.248+0000 7f8373395640 1 -- 10.20.193.74:0/2008413147 wait complete.
2026-02-20T01:04:10.289 INFO:teuthology.orchestra.run.trial074.stdout:Enabling cephadm module...
2026-02-20T01:04:10.363 INFO:journalctl@ceph.mon.a.trial074.stdout:Feb 20 01:04:10 trial074 ceph-mon[39720]: mgrmap e3: x(active, since 1.00426s)
2026-02-20T01:04:10.363 INFO:journalctl@ceph.mon.a.trial074.stdout:Feb 20 01:04:10 trial074 ceph-mon[39720]: from='client.? 10.20.193.74:0/2858494105' entity='client.admin' cmd=[{"prefix": "status", "format": "json-pretty"}]: dispatch
2026-02-20T01:04:11.135 INFO:teuthology.orchestra.run.trial074.stdout:/usr/bin/ceph: stderr
2026-02-20T01:04:10.361+0000 7f3409315640 1 Processor -- start
2026-02-20T01:04:11.135 INFO:teuthology.orchestra.run.trial074.stdout:/usr/bin/ceph: stderr
2026-02-20T01:04:10.361+0000 7f3409315640 1 -- start start
2026-02-20T01:04:11.136 INFO:teuthology.orchestra.run.trial074.stdout:/usr/bin/ceph: stderr
2026-02-20T01:04:10.361+0000 7f3409315640 1 --2- >> [v2:10.20.193.74:3300/0,v1:10.20.193.74:6789/0] conn(0x7f3404108060 0x7f3404108460 unknown :-1 s=NONE pgs=0 cs=0 l=0 rev1=0 crypto rx=0 tx=0 comp rx=0 tx=0).connect
2026-02-20T01:04:11.136 INFO:teuthology.orchestra.run.trial074.stdout:/usr/bin/ceph: stderr
2026-02-20T01:04:10.361+0000 7f3409315640 1 -- --> [v2:10.20.193.74:3300/0,v1:10.20.193.74:6789/0] -- mon_getmap magic: 0 -- 0x7f3404108a30 con 0x7f3404108060
2026-02-20T01:04:11.144 INFO:teuthology.orchestra.run.trial074.stdout:/usr/bin/ceph: stderr
2026-02-20T01:04:10.361+0000 7f3402ffd640 1 --2- >> [v2:10.20.193.74:3300/0,v1:10.20.193.74:6789/0] conn(0x7f3404108060 0x7f3404108460 unknown :-1 s=BANNER_CONNECTING pgs=0 cs=0 l=0 rev1=0 crypto rx=0 tx=0 comp rx=0 tx=0)._handle_peer_banner_payload supported=3 required=0
2026-02-20T01:04:11.144 INFO:teuthology.orchestra.run.trial074.stdout:/usr/bin/ceph: stderr
2026-02-20T01:04:10.361+0000 7f3402ffd640 1 --2- >> [v2:10.20.193.74:3300/0,v1:10.20.193.74:6789/0] conn(0x7f3404108060 0x7f3404108460 unknown :-1 s=HELLO_CONNECTING pgs=0 cs=0 l=0 rev1=1 crypto rx=0 tx=0 comp rx=0 tx=0).handle_hello peer v2:10.20.193.74:3300/0 says I am v2:10.20.193.74:47364/0 (socket says 10.20.193.74:47364)
2026-02-20T01:04:11.144 INFO:teuthology.orchestra.run.trial074.stdout:/usr/bin/ceph: stderr
2026-02-20T01:04:10.361+0000 7f3402ffd640 1 -- 10.20.193.74:0/780931588 learned_addr learned my addr 10.20.193.74:0/780931588 (peer_addr_for_me v2:10.20.193.74:0/0)
2026-02-20T01:04:11.144 INFO:teuthology.orchestra.run.trial074.stdout:/usr/bin/ceph: stderr
2026-02-20T01:04:10.361+0000 7f3402ffd640 1 -- 10.20.193.74:0/780931588 --> [v2:10.20.193.74:3300/0,v1:10.20.193.74:6789/0] -- mon_subscribe({config=0+,monmap=0+}) -- 0x7f34041091c0 con 0x7f3404108060
2026-02-20T01:04:11.144 INFO:teuthology.orchestra.run.trial074.stdout:/usr/bin/ceph: stderr
2026-02-20T01:04:10.362+0000 7f3402ffd640 1 --2- 10.20.193.74:0/780931588 >> [v2:10.20.193.74:3300/0,v1:10.20.193.74:6789/0] conn(0x7f3404108060 0x7f3404108460 secure :-1 s=READY pgs=20 cs=0 l=1 rev1=1 crypto rx=0x7f33f8009920 tx=0x7f33f802ef20 comp rx=0 tx=0).ready entity=mon.0 client_cookie=2f89b16133a201 server_cookie=0 in_seq=0 out_seq=0
2026-02-20T01:04:11.144 INFO:teuthology.orchestra.run.trial074.stdout:/usr/bin/ceph: stderr
2026-02-20T01:04:10.362+0000 7f3401ffb640 1 -- 10.20.193.74:0/780931588 <== mon.0 v2:10.20.193.74:3300/0 1 ==== mon_map magic: 0 ==== 205+0+0 (secure 0 0 0) 0x7f33f803c070 con 0x7f3404108060
2026-02-20T01:04:11.144 INFO:teuthology.orchestra.run.trial074.stdout:/usr/bin/ceph: stderr
2026-02-20T01:04:10.362+0000 7f3401ffb640 1 -- 10.20.193.74:0/780931588 <== mon.0 v2:10.20.193.74:3300/0 2 ==== config(25 keys) ==== 1007+0+0 (secure 0 0 0) 0x7f33f8037440 con 0x7f3404108060
2026-02-20T01:04:11.145 INFO:teuthology.orchestra.run.trial074.stdout:/usr/bin/ceph: stderr
2026-02-20T01:04:10.362+0000 7f3401ffb640 1 -- 10.20.193.74:0/780931588 <== mon.0 v2:10.20.193.74:3300/0 3 ==== mon_map magic: 0 ==== 205+0+0 (secure 0 0 0) 0x7f33f80354d0 con 0x7f3404108060
2026-02-20T01:04:11.145 INFO:teuthology.orchestra.run.trial074.stdout:/usr/bin/ceph: stderr
2026-02-20T01:04:10.362+0000 7f3409315640 1 -- 10.20.193.74:0/780931588 >> [v2:10.20.193.74:3300/0,v1:10.20.193.74:6789/0] conn(0x7f3404108060 msgr2=0x7f3404108460 secure :-1 s=STATE_CONNECTION_ESTABLISHED l=1).mark_down
2026-02-20T01:04:11.145 INFO:teuthology.orchestra.run.trial074.stdout:/usr/bin/ceph: stderr
2026-02-20T01:04:10.362+0000 7f3409315640 1 --2- 10.20.193.74:0/780931588 >> [v2:10.20.193.74:3300/0,v1:10.20.193.74:6789/0] conn(0x7f3404108060 0x7f3404108460 secure :-1 s=READY pgs=20 cs=0 l=1 rev1=1 crypto rx=0x7f33f8009920 tx=0x7f33f802ef20 comp rx=0 tx=0).stop
2026-02-20T01:04:11.145 INFO:teuthology.orchestra.run.trial074.stdout:/usr/bin/ceph: stderr
2026-02-20T01:04:10.362+0000 7f3409315640 1 -- 10.20.193.74:0/780931588 shutdown_connections
2026-02-20T01:04:11.145 INFO:teuthology.orchestra.run.trial074.stdout:/usr/bin/ceph: stderr
2026-02-20T01:04:10.362+0000 7f3409315640 1 --2- 10.20.193.74:0/780931588 >> [v2:10.20.193.74:3300/0,v1:10.20.193.74:6789/0] conn(0x7f3404108060 0x7f3404108460 unknown :-1 s=CLOSED pgs=20 cs=0 l=1 rev1=1 crypto rx=0 tx=0 comp rx=0 tx=0).stop
2026-02-20T01:04:11.145 INFO:teuthology.orchestra.run.trial074.stdout:/usr/bin/ceph: stderr
2026-02-20T01:04:10.362+0000 7f3409315640 1 -- 10.20.193.74:0/780931588 >> 10.20.193.74:0/780931588 conn(0x7f34041037f0 msgr2=0x7f3404105c30 unknown :-1 s=STATE_NONE l=0).mark_down
2026-02-20T01:04:11.145 INFO:teuthology.orchestra.run.trial074.stdout:/usr/bin/ceph: stderr
2026-02-20T01:04:10.362+0000 7f3409315640 1 -- 10.20.193.74:0/780931588 shutdown_connections
2026-02-20T01:04:11.145 INFO:teuthology.orchestra.run.trial074.stdout:/usr/bin/ceph: stderr
2026-02-20T01:04:10.363+0000 7f3409315640 1 -- 10.20.193.74:0/780931588 wait complete.
2026-02-20T01:04:11.145 INFO:teuthology.orchestra.run.trial074.stdout:/usr/bin/ceph: stderr
2026-02-20T01:04:10.363+0000 7f3409315640 1 Processor -- start
2026-02-20T01:04:11.145 INFO:teuthology.orchestra.run.trial074.stdout:/usr/bin/ceph: stderr
2026-02-20T01:04:10.363+0000 7f3409315640 1 -- start start
2026-02-20T01:04:11.145 INFO:teuthology.orchestra.run.trial074.stdout:/usr/bin/ceph: stderr
2026-02-20T01:04:10.363+0000 7f3409315640 1 --2- >> [v2:10.20.193.74:3300/0,v1:10.20.193.74:6789/0] conn(0x7f3404108060 0x7f340419de70 unknown :-1 s=NONE pgs=0 cs=0 l=1 rev1=0 crypto rx=0 tx=0 comp rx=0 tx=0).connect
2026-02-20T01:04:11.146 INFO:teuthology.orchestra.run.trial074.stdout:/usr/bin/ceph: stderr
2026-02-20T01:04:10.363+0000 7f3409315640 1 -- --> [v2:10.20.193.74:3300/0,v1:10.20.193.74:6789/0] -- mon_getmap magic: 0 -- 0x7f340410c3f0 con 0x7f3404108060
2026-02-20T01:04:11.146 INFO:teuthology.orchestra.run.trial074.stdout:/usr/bin/ceph: stderr
2026-02-20T01:04:10.363+0000 7f3402ffd640 1 --2- >> [v2:10.20.193.74:3300/0,v1:10.20.193.74:6789/0] conn(0x7f3404108060 0x7f340419de70 unknown :-1 s=BANNER_CONNECTING pgs=0 cs=0 l=1 rev1=0 crypto rx=0 tx=0 comp rx=0 tx=0)._handle_peer_banner_payload supported=3 required=0
2026-02-20T01:04:11.146 INFO:teuthology.orchestra.run.trial074.stdout:/usr/bin/ceph: stderr
2026-02-20T01:04:10.363+0000 7f3402ffd640 1 --2- >> [v2:10.20.193.74:3300/0,v1:10.20.193.74:6789/0] conn(0x7f3404108060 0x7f340419de70 unknown :-1 s=HELLO_CONNECTING pgs=0 cs=0 l=1 rev1=1 crypto rx=0 tx=0 comp rx=0 tx=0).handle_hello peer v2:10.20.193.74:3300/0 says I am v2:10.20.193.74:47374/0 (socket says 10.20.193.74:47374)
2026-02-20T01:04:11.146 INFO:teuthology.orchestra.run.trial074.stdout:/usr/bin/ceph: stderr
2026-02-20T01:04:10.363+0000 7f3402ffd640 1 -- 10.20.193.74:0/1303448977 learned_addr learned my addr 10.20.193.74:0/1303448977 (peer_addr_for_me v2:10.20.193.74:0/0)
2026-02-20T01:04:11.146 INFO:teuthology.orchestra.run.trial074.stdout:/usr/bin/ceph: stderr
2026-02-20T01:04:10.363+0000 7f3402ffd640 1 -- 10.20.193.74:0/1303448977 --> [v2:10.20.193.74:3300/0,v1:10.20.193.74:6789/0] -- mon_subscribe({config=0+,monmap=0+}) -- 0x7f340419e3b0 con 0x7f3404108060
2026-02-20T01:04:11.146 INFO:teuthology.orchestra.run.trial074.stdout:/usr/bin/ceph: stderr
2026-02-20T01:04:10.363+0000 7f3402ffd640 1 --2- 10.20.193.74:0/1303448977 >> [v2:10.20.193.74:3300/0,v1:10.20.193.74:6789/0] conn(0x7f3404108060 0x7f340419de70 secure :-1 s=READY pgs=21 cs=0 l=1 rev1=1 crypto rx=0x7f33f8035e10 tx=0x7f33f8035e40 comp rx=0 tx=0).ready entity=mon.0 client_cookie=0 server_cookie=0 in_seq=0 out_seq=0
2026-02-20T01:04:11.146 INFO:teuthology.orchestra.run.trial074.stdout:/usr/bin/ceph: stderr
2026-02-20T01:04:10.363+0000 7f33e3fff640 1 -- 10.20.193.74:0/1303448977 <== mon.0 v2:10.20.193.74:3300/0 1 ==== mon_map magic: 0 ==== 205+0+0 (secure 0 0 0) 0x7f33f8045070 con 0x7f3404108060
2026-02-20T01:04:11.146 INFO:teuthology.orchestra.run.trial074.stdout:/usr/bin/ceph: stderr
2026-02-20T01:04:10.363+0000 7f33e3fff640 1 -- 10.20.193.74:0/1303448977 <== mon.0 v2:10.20.193.74:3300/0 2 ==== config(25 keys) ==== 1007+0+0 (secure 0 0 0) 0x7f33f8040450 con 0x7f3404108060
2026-02-20T01:04:11.146 INFO:teuthology.orchestra.run.trial074.stdout:/usr/bin/ceph: stderr
2026-02-20T01:04:10.363+0000 7f3409315640 1 -- 10.20.193.74:0/1303448977 --> [v2:10.20.193.74:3300/0,v1:10.20.193.74:6789/0] -- mon_subscribe({mgrmap=0+}) -- 0x7f340419e640 con 0x7f3404108060
2026-02-20T01:04:11.146 INFO:teuthology.orchestra.run.trial074.stdout:/usr/bin/ceph: stderr
2026-02-20T01:04:10.363+0000 7f33e3fff640 1 -- 10.20.193.74:0/1303448977 <== mon.0 v2:10.20.193.74:3300/0 3 ==== mon_map magic: 0 ==== 205+0+0 (secure 0 0 0) 0x7f33f803c070 con 0x7f3404108060
2026-02-20T01:04:11.146 INFO:teuthology.orchestra.run.trial074.stdout:/usr/bin/ceph: stderr
2026-02-20T01:04:10.363+0000 7f3409315640 1 -- 10.20.193.74:0/1303448977 --> [v2:10.20.193.74:3300/0,v1:10.20.193.74:6789/0] -- mon_subscribe({osdmap=0}) -- 0x7f34041a1330 con 0x7f3404108060
2026-02-20T01:04:11.146 INFO:teuthology.orchestra.run.trial074.stdout:/usr/bin/ceph: stderr
2026-02-20T01:04:10.364+0000 7f3409315640 1 -- 10.20.193.74:0/1303448977 --> [v2:10.20.193.74:3300/0,v1:10.20.193.74:6789/0] -- mon_command({"prefix": "get_command_descriptions"} v 0) -- 0x7f34041084e0 con 0x7f3404108060
2026-02-20T01:04:11.147 INFO:teuthology.orchestra.run.trial074.stdout:/usr/bin/ceph: stderr
2026-02-20T01:04:10.364+0000 7f33e3fff640 1 -- 10.20.193.74:0/1303448977 <== mon.0 v2:10.20.193.74:3300/0 4 ==== mgrmap(e 4) ==== 50236+0+0 (secure 0 0 0) 0x7f33f8040600 con 0x7f3404108060
2026-02-20T01:04:11.147 INFO:teuthology.orchestra.run.trial074.stdout:/usr/bin/ceph: stderr
2026-02-20T01:04:10.364+0000 7f33e3fff640 1 --2- 10.20.193.74:0/1303448977 >> [v2:10.20.193.74:6800/3273834627,v1:10.20.193.74:6801/3273834627] conn(0x7f33d803db50 0x7f33d8040010 unknown :-1 s=NONE pgs=0 cs=0 l=1 rev1=0 crypto rx=0 tx=0 comp rx=0 tx=0).connect
2026-02-20T01:04:11.147 INFO:teuthology.orchestra.run.trial074.stdout:/usr/bin/ceph: stderr
2026-02-20T01:04:10.364+0000 7f33e3fff640 1 -- 10.20.193.74:0/1303448977 <== mon.0 v2:10.20.193.74:3300/0 5 ==== osd_map(1..1 src has 1..1) ==== 725+0+0 (secure 0 0 0) 0x7f33f8076820 con 0x7f3404108060
2026-02-20T01:04:11.147 INFO:teuthology.orchestra.run.trial074.stdout:/usr/bin/ceph: stderr
2026-02-20T01:04:10.364+0000 7f34027fc640 1 --2- 10.20.193.74:0/1303448977 >> [v2:10.20.193.74:6800/3273834627,v1:10.20.193.74:6801/3273834627] conn(0x7f33d803db50 0x7f33d8040010 unknown :-1 s=BANNER_CONNECTING pgs=0 cs=0 l=1 rev1=0 crypto rx=0 tx=0 comp rx=0 tx=0)._handle_peer_banner_payload supported=3 required=0
2026-02-20T01:04:11.147 INFO:teuthology.orchestra.run.trial074.stdout:/usr/bin/ceph: stderr
2026-02-20T01:04:10.365+0000 7f34027fc640 1 --2- 10.20.193.74:0/1303448977 >> [v2:10.20.193.74:6800/3273834627,v1:10.20.193.74:6801/3273834627] conn(0x7f33d803db50 0x7f33d8040010 secure :-1 s=READY pgs=8 cs=0 l=1 rev1=1 crypto rx=0x7f33ec0099c0 tx=0x7f33ec006eb0 comp rx=0 tx=0).ready entity=mgr.14100 client_cookie=0 server_cookie=0 in_seq=0 out_seq=0
2026-02-20T01:04:11.147 INFO:teuthology.orchestra.run.trial074.stdout:/usr/bin/ceph: stderr
2026-02-20T01:04:10.367+0000 7f33e3fff640 1 -- 10.20.193.74:0/1303448977 <== mon.0 v2:10.20.193.74:3300/0 6 ==== mon_command_ack([{"prefix": "get_command_descriptions"}]=0 v0) ==== 72+0+195034 (secure 0 0 0) 0x7f33f803a120 con 0x7f3404108060
2026-02-20T01:04:11.147 INFO:teuthology.orchestra.run.trial074.stdout:/usr/bin/ceph: stderr
2026-02-20T01:04:10.472+0000 7f3409315640 1 -- 10.20.193.74:0/1303448977 --> [v2:10.20.193.74:3300/0,v1:10.20.193.74:6789/0] -- mon_command({"prefix": "mgr module enable", "module": "cephadm"} v 0) -- 0x7f34041a19d0 con 0x7f3404108060
2026-02-20T01:04:11.147 INFO:teuthology.orchestra.run.trial074.stdout:/usr/bin/ceph: stderr
2026-02-20T01:04:11.105+0000 7f33e3fff640 1 -- 10.20.193.74:0/1303448977 <== mon.0 v2:10.20.193.74:3300/0 7 ==== mon_command_ack([{"prefix": "mgr module enable", "module": "cephadm"}]=0 v5) ==== 86+0+0 (secure 0 0 0) 0x7f33f8076240 con 0x7f3404108060
2026-02-20T01:04:11.147 INFO:teuthology.orchestra.run.trial074.stdout:/usr/bin/ceph: stderr
2026-02-20T01:04:11.107+0000 7f33e3fff640 1 -- 10.20.193.74:0/1303448977 <== mon.0 v2:10.20.193.74:3300/0 8 ==== mgrmap(e 5) ==== 50247+0+0 (secure 0 0 0) 0x7f33f8078ce0 con 0x7f3404108060
2026-02-20T01:04:11.147 INFO:teuthology.orchestra.run.trial074.stdout:/usr/bin/ceph: stderr
2026-02-20T01:04:11.108+0000 7f3409315640 1 -- 10.20.193.74:0/1303448977 >> [v2:10.20.193.74:6800/3273834627,v1:10.20.193.74:6801/3273834627] conn(0x7f33d803db50 msgr2=0x7f33d8040010 secure :-1 s=STATE_CONNECTION_ESTABLISHED l=1).mark_down
2026-02-20T01:04:11.147 INFO:teuthology.orchestra.run.trial074.stdout:/usr/bin/ceph: stderr
2026-02-20T01:04:11.108+0000 7f3409315640 1 --2- 10.20.193.74:0/1303448977 >> [v2:10.20.193.74:6800/3273834627,v1:10.20.193.74:6801/3273834627] conn(0x7f33d803db50 0x7f33d8040010 secure :-1 s=READY pgs=8 cs=0 l=1 rev1=1 crypto rx=0x7f33ec0099c0 tx=0x7f33ec006eb0 comp rx=0 tx=0).stop
2026-02-20T01:04:11.148 INFO:teuthology.orchestra.run.trial074.stdout:/usr/bin/ceph: stderr
