2026-02-20T01:09:45.088+0000 7f4806575640 1 -- 10.20.193.127:0/3184516538 learned_addr learned my addr 10.20.193.127:0/3184516538 (peer_addr_for_me v2:10.20.193.127:0/0)
2026-02-20T01:09:45.204 INFO:teuthology.orchestra.run.trial127.stdout:/usr/bin/ceph: stderr
2026-02-20T01:09:45.088+0000 7f4806575640 1 -- 10.20.193.127:0/3184516538 --> [v2:10.20.193.127:3300/0,v1:10.20.193.127:6789/0] -- mon_subscribe({config=0+,monmap=0+}) -- 0x7f48081a0840 con 0x7f480807eed0
2026-02-20T01:09:45.204 INFO:teuthology.orchestra.run.trial127.stdout:/usr/bin/ceph: stderr
2026-02-20T01:09:45.089+0000 7f4806575640 1 --2- 10.20.193.127:0/3184516538 >> [v2:10.20.193.127:3300/0,v1:10.20.193.127:6789/0] conn(0x7f480807eed0 0x7f48081a0300 secure :-1 s=READY pgs=42 cs=0 l=1 rev1=1 crypto rx=0x7f47fc006fd0 tx=0x7f47fc037bb0 comp rx=0 tx=0).ready entity=mon.0 client_cookie=0 server_cookie=0 in_seq=0 out_seq=0
2026-02-20T01:09:45.204 INFO:teuthology.orchestra.run.trial127.stdout:/usr/bin/ceph: stderr
2026-02-20T01:09:45.089+0000 7f47ef7fe640 1 -- 10.20.193.127:0/3184516538 <== mon.0 v2:10.20.193.127:3300/0 1 ==== mon_map magic: 0 ==== 205+0+0 (secure 0 0 0) 0x7f47fc045070 con 0x7f480807eed0
2026-02-20T01:09:45.204 INFO:teuthology.orchestra.run.trial127.stdout:/usr/bin/ceph: stderr
2026-02-20T01:09:45.089+0000 7f480cb56640 1 -- 10.20.193.127:0/3184516538 --> [v2:10.20.193.127:3300/0,v1:10.20.193.127:6789/0] -- mon_subscribe({mgrmap=0+}) -- 0x7f48081a0ad0 con 0x7f480807eed0
2026-02-20T01:09:45.204 INFO:teuthology.orchestra.run.trial127.stdout:/usr/bin/ceph: stderr
2026-02-20T01:09:45.089+0000 7f47ef7fe640 1 -- 10.20.193.127:0/3184516538 <== mon.0 v2:10.20.193.127:3300/0 2 ==== config(26 keys) ==== 1045+0+0 (secure 0 0 0) 0x7f47fc040450 con 0x7f480807eed0
2026-02-20T01:09:45.204 INFO:teuthology.orchestra.run.trial127.stdout:/usr/bin/ceph: stderr
2026-02-20T01:09:45.089+0000 7f47ef7fe640 1 -- 10.20.193.127:0/3184516538 <== mon.0 v2:10.20.193.127:3300/0 3 ==== mon_map magic: 0 ==== 205+0+0 (secure 0 0 0) 0x7f47fc03c070 con 0x7f480807eed0
2026-02-20T01:09:45.204 INFO:teuthology.orchestra.run.trial127.stdout:/usr/bin/ceph: stderr
2026-02-20T01:09:45.089+0000 7f480cb56640 1 -- 10.20.193.127:0/3184516538 --> [v2:10.20.193.127:3300/0,v1:10.20.193.127:6789/0] -- mon_subscribe({osdmap=0}) -- 0x7f48081a37c0 con 0x7f480807eed0
2026-02-20T01:09:45.204 INFO:teuthology.orchestra.run.trial127.stdout:/usr/bin/ceph: stderr
2026-02-20T01:09:45.089+0000 7f480cb56640 1 -- 10.20.193.127:0/3184516538 --> [v2:10.20.193.127:3300/0,v1:10.20.193.127:6789/0] -- mon_command({"prefix": "get_command_descriptions"} v 0) -- 0x7f480807d3b0 con 0x7f480807eed0
2026-02-20T01:09:45.204 INFO:teuthology.orchestra.run.trial127.stdout:/usr/bin/ceph: stderr
2026-02-20T01:09:45.089+0000 7f47ef7fe640 1 -- 10.20.193.127:0/3184516538 <== mon.0 v2:10.20.193.127:3300/0 4 ==== mgrmap(e 7) ==== 50141+0+0 (secure 0 0 0) 0x7f47fc040600 con 0x7f480807eed0
2026-02-20T01:09:45.204 INFO:teuthology.orchestra.run.trial127.stdout:/usr/bin/ceph: stderr
2026-02-20T01:09:45.089+0000 7f47ef7fe640 1 --2- 10.20.193.127:0/3184516538 >> [v2:10.20.193.127:6800/845143869,v1:10.20.193.127:6801/845143869] conn(0x7f47e003d9e0 0x7f47e003fea0 unknown :-1 s=NONE pgs=0 cs=0 l=1 rev1=0 crypto rx=0 tx=0 comp rx=0 tx=0).connect
2026-02-20T01:09:45.204 INFO:teuthology.orchestra.run.trial127.stdout:/usr/bin/ceph: stderr
2026-02-20T01:09:45.089+0000 7f47ef7fe640 1 -- 10.20.193.127:0/3184516538 <== mon.0 v2:10.20.193.127:3300/0 5 ==== osd_map(2..2 src has 1..2) ==== 940+0+0 (secure 0 0 0) 0x7f47fc076500 con 0x7f480807eed0
2026-02-20T01:09:45.204 INFO:teuthology.orchestra.run.trial127.stdout:/usr/bin/ceph: stderr
2026-02-20T01:09:45.089+0000 7f4805d74640 1 --2- 10.20.193.127:0/3184516538 >> [v2:10.20.193.127:6800/845143869,v1:10.20.193.127:6801/845143869] conn(0x7f47e003d9e0 0x7f47e003fea0 unknown :-1 s=BANNER_CONNECTING pgs=0 cs=0 l=1 rev1=0 crypto rx=0 tx=0 comp rx=0 tx=0)._handle_peer_banner_payload supported=3 required=0
2026-02-20T01:09:45.205 INFO:teuthology.orchestra.run.trial127.stdout:/usr/bin/ceph: stderr
2026-02-20T01:09:45.090+0000 7f4805d74640 1 --2- 10.20.193.127:0/3184516538 >> [v2:10.20.193.127:6800/845143869,v1:10.20.193.127:6801/845143869] conn(0x7f47e003d9e0 0x7f47e003fea0 secure :-1 s=READY pgs=10 cs=0 l=1 rev1=1 crypto rx=0x7f47f00099c0 tx=0x7f47f0006eb0 comp rx=0 tx=0).ready entity=mgr.14118 client_cookie=0 server_cookie=0 in_seq=0 out_seq=0
2026-02-20T01:09:45.205 INFO:teuthology.orchestra.run.trial127.stdout:/usr/bin/ceph: stderr
2026-02-20T01:09:45.092+0000 7f47ef7fe640 1 -- 10.20.193.127:0/3184516538 <== mon.0 v2:10.20.193.127:3300/0 6 ==== mon_command_ack([{"prefix": "get_command_descriptions"}]=0 v0) ==== 72+0+195034 (secure 0 0 0) 0x7f47fc033200 con 0x7f480807eed0
2026-02-20T01:09:45.205 INFO:teuthology.orchestra.run.trial127.stdout:/usr/bin/ceph: stderr
2026-02-20T01:09:45.176+0000 7f480cb56640 1 -- 10.20.193.127:0/3184516538 --> [v2:10.20.193.127:6800/845143869,v1:10.20.193.127:6801/845143869] -- mgr_command(tid 0: {"prefix": "cephadm get-pub-key", "target": ["mon-mgr", ""]}) -- 0x7f4808104c50 con 0x7f47e003d9e0
2026-02-20T01:09:45.205 INFO:teuthology.orchestra.run.trial127.stdout:/usr/bin/ceph: stderr
2026-02-20T01:09:45.176+0000 7f47ef7fe640 1 -- 10.20.193.127:0/3184516538 <== mgr.14118 v2:10.20.193.127:6800/845143869 1 ==== mgr_command_reply(tid 0: 0 ) ==== 8+0+123 (secure 0 0 0) 0x7f4808104c50 con 0x7f47e003d9e0
2026-02-20T01:09:45.205 INFO:teuthology.orchestra.run.trial127.stdout:/usr/bin/ceph: stderr
2026-02-20T01:09:45.177+0000 7f480cb56640 1 -- 10.20.193.127:0/3184516538 >> [v2:10.20.193.127:6800/845143869,v1:10.20.193.127:6801/845143869] conn(0x7f47e003d9e0 msgr2=0x7f47e003fea0 secure :-1 s=STATE_CONNECTION_ESTABLISHED l=1).mark_down
2026-02-20T01:09:45.205 INFO:teuthology.orchestra.run.trial127.stdout:/usr/bin/ceph: stderr
2026-02-20T01:09:45.177+0000 7f480cb56640 1 --2- 10.20.193.127:0/3184516538 >> [v2:10.20.193.127:6800/845143869,v1:10.20.193.127:6801/845143869] conn(0x7f47e003d9e0 0x7f47e003fea0 secure :-1 s=READY pgs=10 cs=0 l=1 rev1=1 crypto rx=0x7f47f00099c0 tx=0x7f47f0006eb0 comp rx=0 tx=0).stop
2026-02-20T01:09:45.205 INFO:teuthology.orchestra.run.trial127.stdout:/usr/bin/ceph: stderr
2026-02-20T01:09:45.177+0000 7f480cb56640 1 -- 10.20.193.127:0/3184516538 >> [v2:10.20.193.127:3300/0,v1:10.20.193.127:6789/0] conn(0x7f480807eed0 msgr2=0x7f48081a0300 secure :-1 s=STATE_CONNECTION_ESTABLISHED l=1).mark_down
2026-02-20T01:09:45.205 INFO:teuthology.orchestra.run.trial127.stdout:/usr/bin/ceph: stderr
2026-02-20T01:09:45.177+0000 7f480cb56640 1 --2- 10.20.193.127:0/3184516538 >> [v2:10.20.193.127:3300/0,v1:10.20.193.127:6789/0] conn(0x7f480807eed0 0x7f48081a0300 secure :-1 s=READY pgs=42 cs=0 l=1 rev1=1 crypto rx=0x7f47fc006fd0 tx=0x7f47fc037bb0 comp rx=0 tx=0).stop
2026-02-20T01:09:45.205 INFO:teuthology.orchestra.run.trial127.stdout:/usr/bin/ceph: stderr
2026-02-20T01:09:45.177+0000 7f480cb56640 1 -- 10.20.193.127:0/3184516538 shutdown_connections
2026-02-20T01:09:45.205 INFO:teuthology.orchestra.run.trial127.stdout:/usr/bin/ceph: stderr
2026-02-20T01:09:45.177+0000 7f480cb56640 1 --2- 10.20.193.127:0/3184516538 >> [v2:10.20.193.127:6800/845143869,v1:10.20.193.127:6801/845143869] conn(0x7f47e003d9e0 0x7f47e003fea0 unknown :-1 s=CLOSED pgs=10 cs=0 l=1 rev1=1 crypto rx=0 tx=0 comp rx=0 tx=0).stop
2026-02-20T01:09:45.205 INFO:teuthology.orchestra.run.trial127.stdout:/usr/bin/ceph: stderr
2026-02-20T01:09:45.177+0000 7f480cb56640 1 --2- 10.20.193.127:0/3184516538 >> [v2:10.20.193.127:3300/0,v1:10.20.193.127:6789/0] conn(0x7f480807eed0 0x7f48081a0300 unknown :-1 s=CLOSED pgs=42 cs=0 l=1 rev1=1 crypto rx=0 tx=0 comp rx=0 tx=0).stop
2026-02-20T01:09:45.205 INFO:teuthology.orchestra.run.trial127.stdout:/usr/bin/ceph: stderr
2026-02-20T01:09:45.177+0000 7f480cb56640 1 -- 10.20.193.127:0/3184516538 >> 10.20.193.127:0/3184516538 conn(0x7f4808103940 msgr2=0x7f4808104540 unknown :-1 s=STATE_NONE l=0).mark_down
2026-02-20T01:09:45.206 INFO:teuthology.orchestra.run.trial127.stdout:/usr/bin/ceph: stderr
2026-02-20T01:09:45.177+0000 7f480cb56640 1 -- 10.20.193.127:0/3184516538 shutdown_connections
2026-02-20T01:09:45.206 INFO:teuthology.orchestra.run.trial127.stdout:/usr/bin/ceph: stderr
2026-02-20T01:09:45.177+0000 7f480cb56640 1 -- 10.20.193.127:0/3184516538 wait complete.
2026-02-20T01:09:45.206 INFO:teuthology.orchestra.run.trial127.stdout:Wrote public SSH key to /home/ubuntu/cephtest/ceph.pub
2026-02-20T01:09:45.206 INFO:teuthology.orchestra.run.trial127.stdout:Adding key to root@localhost authorized_keys...
2026-02-20T01:09:45.206 INFO:teuthology.orchestra.run.trial127.stdout:Adding host trial127...
2026-02-20T01:09:45.640 INFO:journalctl@ceph.mon.a.trial127.stdout:Feb 20 01:09:45 trial127 ceph-mon[39713]: from='client.14122 -' entity='client.admin' cmd=[{"prefix": "get_command_descriptions"}]: dispatch
2026-02-20T01:09:45.640 INFO:journalctl@ceph.mon.a.trial127.stdout:Feb 20 01:09:45 trial127 ceph-mon[39713]: from='client.14122 -' entity='client.admin' cmd=[{"prefix": "mgr_status"}]: dispatch
2026-02-20T01:09:45.640 INFO:journalctl@ceph.mon.a.trial127.stdout:Feb 20 01:09:45 trial127 ceph-mon[39713]: from='client.14130 -' entity='client.admin' cmd=[{"prefix": "orch set backend", "module_name": "cephadm", "target": ["mon-mgr", ""]}]: dispatch
2026-02-20T01:09:45.640 INFO:journalctl@ceph.mon.a.trial127.stdout:Feb 20 01:09:45 trial127 ceph-mon[39713]: from='mgr.14118 10.20.193.127:0/3786571665' entity='mgr.x'
2026-02-20T01:09:45.641 INFO:journalctl@ceph.mon.a.trial127.stdout:Feb 20 01:09:45 trial127 ceph-mon[39713]: from='mgr.14118 10.20.193.127:0/3786571665' entity='mgr.x' cmd=[{"prefix": "config dump", "format": "json"}]: dispatch
2026-02-20T01:09:45.641 INFO:journalctl@ceph.mon.a.trial127.stdout:Feb 20 01:09:45 trial127 ceph-mon[39713]: from='mgr.14118 10.20.193.127:0/3786571665' entity='mgr.x'
2026-02-20T01:09:45.641 INFO:journalctl@ceph.mon.a.trial127.stdout:Feb 20 01:09:45 trial127 ceph-mon[39713]: from='mgr.14118 10.20.193.127:0/3786571665' entity='mgr.x'
2026-02-20T01:09:45.641 INFO:journalctl@ceph.mon.a.trial127.stdout:Feb 20 01:09:45 trial127 ceph-mon[39713]: from='mgr.14118 10.20.193.127:0/3786571665' entity='mgr.x' cmd=[{"prefix": "config dump", "format": "json"}]: dispatch
2026-02-20T01:09:46.879 INFO:journalctl@ceph.mon.a.trial127.stdout:Feb 20 01:09:46 trial127 ceph-mon[39713]: from='client.14132 -' entity='client.admin' cmd=[{"prefix": "cephadm set-user", "user": "root", "target": ["mon-mgr", ""]}]: dispatch
2026-02-20T01:09:46.879 INFO:journalctl@ceph.mon.a.trial127.stdout:Feb 20 01:09:46 trial127 ceph-mon[39713]: [20/Feb/2026:01:09:44] ENGINE Bus STARTING
2026-02-20T01:09:46.879 INFO:journalctl@ceph.mon.a.trial127.stdout:Feb 20 01:09:46 trial127 ceph-mon[39713]: from='client.14134 -' entity='client.admin' cmd=[{"prefix": "cephadm generate-key", "target": ["mon-mgr", ""]}]: dispatch
2026-02-20T01:09:46.879 INFO:journalctl@ceph.mon.a.trial127.stdout:Feb 20 01:09:46 trial127 ceph-mon[39713]: Generating ssh key...
2026-02-20T01:09:46.879 INFO:journalctl@ceph.mon.a.trial127.stdout:Feb 20 01:09:46 trial127 ceph-mon[39713]: [20/Feb/2026:01:09:45] ENGINE Serving on http://10.20.193.127:8765
2026-02-20T01:09:46.879 INFO:journalctl@ceph.mon.a.trial127.stdout:Feb 20 01:09:46 trial127 ceph-mon[39713]: [20/Feb/2026:01:09:45] ENGINE Serving on https://10.20.193.127:7150
2026-02-20T01:09:46.879 INFO:journalctl@ceph.mon.a.trial127.stdout:Feb 20 01:09:46 trial127 ceph-mon[39713]: [20/Feb/2026:01:09:45] ENGINE Bus STARTED
2026-02-20T01:09:46.880 INFO:journalctl@ceph.mon.a.trial127.stdout:Feb 20 01:09:46 trial127 ceph-mon[39713]: [20/Feb/2026:01:09:45] ENGINE Client ('10.20.193.127', 39620) lost — peer dropped the TLS connection suddenly, during handshake: (6, 'TLS/SSL connection has been closed (EOF) (_ssl.c:1147)')
2026-02-20T01:09:46.880 INFO:journalctl@ceph.mon.a.trial127.stdout:Feb 20 01:09:46 trial127 ceph-mon[39713]: from='client.14136 -' entity='client.admin' cmd=[{"prefix": "cephadm get-pub-key", "target": ["mon-mgr", ""]}]: dispatch
2026-02-20T01:09:46.880 INFO:journalctl@ceph.mon.a.trial127.stdout:Feb 20 01:09:46 trial127 ceph-mon[39713]: from='client.14138 -' entity='client.admin' cmd=[{"prefix": "orch host add", "hostname": "trial127", "addr": "10.20.193.127", "target": ["mon-mgr", ""]}]: dispatch
2026-02-20T01:09:46.880 INFO:journalctl@ceph.mon.a.trial127.stdout:Feb 20 01:09:46 trial127 ceph-mon[39713]: mgrmap e8: x(active, since 2s)
2026-02-20T01:09:46.927 INFO:teuthology.orchestra.run.trial127.stdout:/usr/bin/ceph: stdout Added host 'trial127' with addr '10.20.193.127'
2026-02-20T01:09:46.927 INFO:teuthology.orchestra.run.trial127.stdout:/usr/bin/ceph: stderr
2026-02-20T01:09:45.292+0000 7f027419b640 1 Processor -- start
2026-02-20T01:09:46.927 INFO:teuthology.orchestra.run.trial127.stdout:/usr/bin/ceph: stderr
2026-02-20T01:09:45.292+0000 7f027419b640 1 -- start start
2026-02-20T01:09:46.927 INFO:teuthology.orchestra.run.trial127.stdout:/usr/bin/ceph: stderr
2026-02-20T01:09:45.293+0000 7f027419b640 1 --2- >> [v2:10.20.193.127:3300/0,v1:10.20.193.127:6789/0] conn(0x7f026c10ba00 0x7f026c10be00 unknown :-1 s=NONE pgs=0 cs=0 l=0 rev1=0 crypto rx=0 tx=0 comp rx=0 tx=0).connect
2026-02-20T01:09:46.927 INFO:teuthology.orchestra.run.trial127.stdout:/usr/bin/ceph: stderr
2026-02-20T01:09:45.293+0000 7f027419b640 1 -- --> [v2:10.20.193.127:3300/0,v1:10.20.193.127:6789/0] -- mon_getmap magic: 0 -- 0x7f026c10c3d0 con 0x7f026c10ba00
2026-02-20T01:09:46.928 INFO:teuthology.orchestra.run.trial127.stdout:/usr/bin/ceph: stderr
2026-02-20T01:09:45.293+0000 7f0271f10640 1 --2- >> [v2:10.20.193.127:3300/0,v1:10.20.193.127:6789/0] conn(0x7f026c10ba00 0x7f026c10be00 unknown :-1 s=BANNER_CONNECTING pgs=0 cs=0 l=0 rev1=0 crypto rx=0 tx=0 comp rx=0 tx=0)._handle_peer_banner_payload supported=3 required=0
2026-02-20T01:09:46.928 INFO:teuthology.orchestra.run.trial127.stdout:/usr/bin/ceph: stderr
2026-02-20T01:09:45.293+0000 7f0271f10640 1 --2- >> [v2:10.20.193.127:3300/0,v1:10.20.193.127:6789/0] conn(0x7f026c10ba00 0x7f026c10be00 unknown :-1 s=HELLO_CONNECTING pgs=0 cs=0 l=0 rev1=1 crypto rx=0 tx=0 comp rx=0 tx=0).handle_hello peer v2:10.20.193.127:3300/0 says I am v2:10.20.193.127:33654/0 (socket says 10.20.193.127:33654)
2026-02-20T01:09:46.928 INFO:teuthology.orchestra.run.trial127.stdout:/usr/bin/ceph: stderr
2026-02-20T01:09:45.293+0000 7f0271f10640 1 -- 10.20.193.127:0/2413818328 learned_addr learned my addr 10.20.193.127:0/2413818328 (peer_addr_for_me v2:10.20.193.127:0/0)
2026-02-20T01:09:46.928 INFO:teuthology.orchestra.run.trial127.stdout:/usr/bin/ceph: stderr
2026-02-20T01:09:45.293+0000 7f0271f10640 1 -- 10.20.193.127:0/2413818328 --> [v2:10.20.193.127:3300/0,v1:10.20.193.127:6789/0] -- mon_subscribe({config=0+,monmap=0+}) -- 0x7f026c10a6b0 con 0x7f026c10ba00
2026-02-20T01:09:46.928 INFO:teuthology.orchestra.run.trial127.stdout:/usr/bin/ceph: stderr
2026-02-20T01:09:45.293+0000 7f0271f10640 1 --2- 10.20.193.127:0/2413818328 >> [v2:10.20.193.127:3300/0,v1:10.20.193.127:6789/0] conn(0x7f026c10ba00 0x7f026c10be00 secure :-1 s=READY pgs=43 cs=0 l=1 rev1=1 crypto rx=0x7f025c009920 tx=0x7f025c02ef20 comp rx=0 tx=0).ready entity=mon.0 client_cookie=ba3b7450c1b7dea2 server_cookie=0 in_seq=0 out_seq=0
2026-02-20T01:09:46.928 INFO:teuthology.orchestra.run.trial127.stdout:/usr/bin/ceph: stderr
2026-02-20T01:09:45.293+0000 7f0270f0e640 1 -- 10.20.193.127:0/2413818328 <== mon.0 v2:10.20.193.127:3300/0 1 ==== mon_map magic: 0 ==== 205+0+0 (secure 0 0 0) 0x7f025c03c070 con 0x7f026c10ba00
2026-02-20T01:09:46.928 INFO:teuthology.orchestra.run.trial127.stdout:/usr/bin/ceph: stderr
2026-02-20T01:09:45.294+0000 7f0270f0e640 1 -- 10.20.193.127:0/2413818328 <== mon.0 v2:10.20.193.127:3300/0 2 ==== config(26 keys) ==== 1045+0+0 (secure 0 0 0) 0x7f025c037440 con 0x7f026c10ba00
2026-02-20T01:09:46.928 INFO:teuthology.orchestra.run.trial127.stdout:/usr/bin/ceph: stderr
2026-02-20T01:09:45.294+0000 7f0270f0e640 1 -- 10.20.193.127:0/2413818328 <== mon.0 v2:10.20.193.127:3300/0 3 ==== mon_map magic: 0 ==== 205+0+0 (secure 0 0 0) 0x7f025c0354b0 con 0x7f026c10ba00
2026-02-20T01:09:46.928 INFO:teuthology.orchestra.run.trial127.stdout:/usr/bin/ceph: stderr
2026-02-20T01:09:45.294+0000 7f027419b640 1 -- 10.20.193.127:0/2413818328 >> [v2:10.20.193.127:3300/0,v1:10.20.193.127:6789/0] conn(0x7f026c10ba00 msgr2=0x7f026c10be00 secure :-1 s=STATE_CONNECTION_ESTABLISHED l=1).mark_down
2026-02-20T01:09:46.928 INFO:teuthology.orchestra.run.trial127.stdout:/usr/bin/ceph: stderr
2026-02-20T01:09:45.294+0000 7f027419b640 1 --2- 10.20.193.127:0/2413818328 >> [v2:10.20.193.127:3300/0,v1:10.20.193.127:6789/0] conn(0x7f026c10ba00 0x7f026c10be00 secure :-1 s=READY pgs=43 cs=0 l=1 rev1=1 crypto rx=0x7f025c009920 tx=0x7f025c02ef20 comp rx=0 tx=0).stop
2026-02-20T01:09:46.929 INFO:teuthology.orchestra.run.trial127.stdout:/usr/bin/ceph: stderr
2026-02-20T01:09:45.294+0000 7f027419b640 1 -- 10.20.193.127:0/2413818328 shutdown_connections
2026-02-20T01:09:46.929 INFO:teuthology.orchestra.run.trial127.stdout:/usr/bin/ceph: stderr
2026-02-20T01:09:45.294+0000 7f027419b640 1 --2- 10.20.193.127:0/2413818328 >> [v2:10.20.193.127:3300/0,v1:10.20.193.127:6789/0] conn(0x7f026c10ba00 0x7f026c10be00 unknown :-1 s=CLOSED pgs=43 cs=0 l=1 rev1=1 crypto rx=0 tx=0 comp rx=0 tx=0).stop
2026-02-20T01:09:46.929 INFO:teuthology.orchestra.run.trial127.stdout:/usr/bin/ceph: stderr
2026-02-20T01:09:45.294+0000 7f027419b640 1 -- 10.20.193.127:0/2413818328 >> 10.20.193.127:0/2413818328 conn(0x7f026c07db10 msgr2=0x7f026c07df40 unknown :-1 s=STATE_NONE l=0).mark_down
2026-02-20T01:09:46.929 INFO:teuthology.orchestra.run.trial127.stdout:/usr/bin/ceph: stderr
2026-02-20T01:09:45.294+0000 7f027419b640 1 -- 10.20.193.127:0/2413818328 shutdown_connections
2026-02-20T01:09:46.929 INFO:teuthology.orchestra.run.trial127.stdout:/usr/bin/ceph: stderr
2026-02-20T01:09:45.294+0000 7f027419b640 1 -- 10.20.193.127:0/2413818328 wait complete.
2026-02-20T01:09:46.929 INFO:teuthology.orchestra.run.trial127.stdout:/usr/bin/ceph: stderr
2026-02-20T01:09:45.294+0000 7f027419b640 1 Processor -- start
2026-02-20T01:09:46.929 INFO:teuthology.orchestra.run.trial127.stdout:/usr/bin/ceph: stderr
2026-02-20T01:09:45.294+0000 7f027419b640 1 -- start start
2026-02-20T01:09:46.929 INFO:teuthology.orchestra.run.trial127.stdout:/usr/bin/ceph: stderr
2026-02-20T01:09:45.294+0000 7f027419b640 1 --2- >> [v2:10.20.193.127:3300/0,v1:10.20.193.127:6789/0] conn(0x7f026c10ba00 0x7f026c1a0310 unknown :-1 s=NONE pgs=0 cs=0 l=1 rev1=0 crypto rx=0 tx=0 comp rx=0 tx=0).connect
2026-02-20T01:09:46.929 INFO:teuthology.orchestra.run.trial127.stdout:/usr/bin/ceph: stderr
2026-02-20T01:09:45.294+0000 7f027419b640 1 -- --> [v2:10.20.193.127:3300/0,v1:10.20.193.127:6789/0] -- mon_getmap magic: 0 -- 0x7f026c10b4d0 con 0x7f026c10ba00
2026-02-20T01:09:46.929 INFO:teuthology.orchestra.run.trial127.stdout:/usr/bin/ceph: stderr
2026-02-20T01:09:45.294+0000 7f0271f10640 1 --2- >> [v2:10.20.193.127:3300/0,v1:10.20.193.127:6789/0] conn(0x7f026c10ba00 0x7f026c1a0310 unknown :-1 s=BANNER_CONNECTING pgs=0 cs=0 l=1 rev1=0 crypto rx=0 tx=0 comp rx=0 tx=0)._handle_peer_banner_payload supported=3 required=0
2026-02-20T01:09:46.929 INFO:teuthology.orchestra.run.trial127.stdout:/usr/bin/ceph: stderr
2026-02-20T01:09:45.294+0000 7f0271f10640 1 --2- >> [v2:10.20.193.127:3300/0,v1:10.20.193.127:6789/0] conn(0x7f026c10ba00 0x7f026c1a0310 unknown :-1 s=HELLO_CONNECTING pgs=0 cs=0 l=1 rev1=1 crypto rx=0 tx=0 comp rx=0 tx=0).handle_hello peer v2:10.20.193.127:3300/0 says I am v2:10.20.193.127:33656/0 (socket says 10.20.193.127:33656)
2026-02-20T01:09:46.930 INFO:teuthology.orchestra.run.trial127.stdout:/usr/bin/ceph: stderr
2026-02-20T01:09:45.294+0000 7f0271f10640 1 -- 10.20.193.127:0/57591080 learned_addr learned my addr 10.20.193.127:0/57591080 (peer_addr_for_me v2:10.20.193.127:0/0)
2026-02-20T01:09:46.930 INFO:teuthology.orchestra.run.trial127.stdout:/usr/bin/ceph: stderr
2026-02-20T01:09:45.295+0000 7f0271f10640 1 -- 10.20.193.127:0/57591080 --> [v2:10.20.193.127:3300/0,v1:10.20.193.127:6789/0] -- mon_subscribe({config=0+,monmap=0+}) -- 0x7f026c1a0850 con 0x7f026c10ba00
2026-02-20T01:09:46.930 INFO:teuthology.orchestra.run.trial127.stdout:/usr/bin/ceph: stderr
2026-02-20T01:09:45.295+0000 7f0271f10640 1 --2- 10.20.193.127:0/57591080 >> [v2:10.20.193.127:3300/0,v1:10.20.193.127:6789/0] conn(0x7f026c10ba00 0x7f026c1a0310 secure :-1 s=READY pgs=44 cs=0 l=1 rev1=1 crypto rx=0x7f025c006fd0 tx=0x7f025c037bb0 comp rx=0 tx=0).ready entity=mon.0 client_cookie=0 server_cookie=0 in_seq=0 out_seq=0
2026-02-20T01:09:46.930 INFO:teuthology.orchestra.run.trial127.stdout:/usr/bin/ceph: stderr
2026-02-20T01:09:45.295+0000 7f025affd640 1 -- 10.20.193.127:0/57591080 <== mon.0 v2:10.20.193.127:3300/0 1 ==== mon_map magic: 0 ==== 205+0+0 (secure 0 0 0) 0x7f025c045070 con 0x7f026c10ba00
2026-02-20T01:09:46.930 INFO:teuthology.orchestra.run.trial127.stdout:/usr/bin/ceph: stderr
2026-02-20T01:09:45.295+0000 7f027419b640 1 -- 10.20.193.127:0/57591080 --> [v2:10.20.193.127:3300/0,v1:10.20.193.127:6789/0] -- mon_subscribe({mgrmap=0+}) -- 0x7f026c1a0ae0 con 0x7f026c10ba00
2026-02-20T01:09:46.930 INFO:teuthology.orchestra.run.trial127.stdout:/usr/bin/ceph: stderr
2026-02-20T01:09:45.295+0000 7f025affd640 1 -- 10.20.193.127:0/57591080 <== mon.0 v2:10.20.193.127:3300/0 2 ==== config(26 keys) ==== 1045+0+0 (secure 0 0 0) 0x7f025c040450 con 0x7f026c10ba00
2026-02-20T01:09:46.930 INFO:teuthology.orchestra.run.trial127.stdout:/usr/bin/ceph: stderr
2026-02-20T01:09:45.295+0000 7f025affd640 1 -- 10.20.193.127:0/57591080 <== mon.0 v2:10.20.193.127:3300/0 3 ==== mon_map magic: 0 ==== 205+0+0 (secure 0 0 0) 0x7f025c03c070 con 0x7f026c10ba00
2026-02-20T01:09:46.930 INFO:teuthology.orchestra.run.trial127.stdout:/usr/bin/ceph: stderr
2026-02-20T01:09:45.295+0000 7f027419b640 1 -- 10.20.193.127:0/57591080 --> [v2:10.20.193.127:3300/0,v1:10.20.193.127:6789/0] -- mon_subscribe({osdmap=0}) -- 0x7f026c1a37d0 con 0x7f026c10ba00
2026-02-20T01:09:46.930 INFO:teuthology.orchestra.run.trial127.stdout:/usr/bin/ceph: stderr
2026-02-20T01:09:45.295+0000 7f027419b640 1 -- 10.20.193.127:0/57591080 --> [v2:10.20.193.127:3300/0,v1:10.20.193.127:6789/0] -- mon_command({"prefix": "get_command_descriptions"} v 0) -- 0x7f026c10be80 con 0x7f026c10ba00
2026-02-20T01:09:46.930 INFO:teuthology.orchestra.run.trial127.stdout:/usr/bin/ceph: stderr
2026-02-20T01:09:45.295+0000 7f025affd640 1 -- 10.20.193.127:0/57591080 <== mon.0 v2:10.20.193.127:3300/0 4 ==== mgrmap(e 7) ==== 50141+0+0 (secure 0 0 0) 0x7f025c040900 con 0x7f026c10ba00
2026-02-20T01:09:46.930 INFO:teuthology.orchestra.run.trial127.stdout:/usr/bin/ceph: stderr
2026-02-20T01:09:45.296+0000 7f025affd640 1 --2- 10.20.193.127:0/57591080 >> [v2:10.20.193.127:6800/845143869,v1:10.20.193.127:6801/845143869] conn(0x7f024803da80 0x7f024803ff40 unknown :-1 s=NONE pgs=0 cs=0 l=1 rev1=0 crypto rx=0 tx=0 comp rx=0 tx=0).connect
2026-02-20T01:09:46.931 INFO:teuthology.orchestra.run.trial127.stdout:/usr/bin/ceph: stderr
2026-02-20T01:09:45.296+0000 7f025affd640 1 -- 10.20.193.127:0/57591080 <== mon.0 v2:10.20.193.127:3300/0 5 ==== osd_map(2..2 src has 1..2) ==== 940+0+0 (secure 0 0 0) 0x7f025c076460 con 0x7f026c10ba00
2026-02-20T01:09:46.931 INFO:teuthology.orchestra.run.trial127.stdout:/usr/bin/ceph: stderr
2026-02-20T01:09:45.296+0000 7f027170f640 1 --2- 10.20.193.127:0/57591080 >> [v2:10.20.193.127:6800/845143869,v1:10.20.193.127:6801/845143869] conn(0x7f024803da80 0x7f024803ff40 unknown :-1 s=BANNER_CONNECTING pgs=0 cs=0 l=1 rev1=0 crypto rx=0 tx=0 comp rx=0 tx=0)._handle_peer_banner_payload supported=3 required=0
2026-02-20T01:09:46.931 INFO:teuthology.orchestra.run.trial127.stdout:/usr/bin/ceph: stderr
2026-02-20T01:09:45.296+0000 7f027170f640 1 --2- 10.20.193.127:0/57591080 >> [v2:10.20.193.127:6800/845143869,v1:10.20.193.127:6801/845143869] conn(0x7f024803da80 0x7f024803ff40 secure :-1 s=READY pgs=11 cs=0 l=1 rev1=1 crypto rx=0x7f02600099c0 tx=0x7f0260006eb0 comp rx=0 tx=0).ready entity=mgr.14118 client_cookie=0 server_cookie=0 in_seq=0 out_seq=0
2026-02-20T01:09:46.931 INFO:teuthology.orchestra.run.trial127.stdout:/usr/bin/ceph: stderr
2026-02-20T01:09:45.298+0000 7f025affd640 1 -- 10.20.193.127:0/57591080 <== mon.0 v2:10.20.193.127:3300/0 6 ==== mon_command_ack([{"prefix": "get_command_descriptions"}]=0 v0) ==== 72+0+195034 (secure 0 0 0) 0x7f025c033200 con 0x7f026c10ba00
2026-02-20T01:09:46.931 INFO:teuthology.orchestra.run.trial127.stdout:/usr/bin/ceph: stderr
2026-02-20T01:09:45.383+0000 7f027419b640 1 -- 10.20.193.127:0/57591080 --> [v2:10.20.193.127:6800/845143869,v1:10.20.193.127:6801/845143869] -- mgr_command(tid 0: {"prefix": "orch host add", "hostname": "trial127", "addr": "10.20.193.127", "target": ["mon-mgr", ""]}) -- 0x7f026c108ea0 con 0x7f024803da80
2026-02-20T01:09:46.931 INFO:teuthology.orchestra.run.trial127.stdout:/usr/bin/ceph: stderr
2026-02-20T01:09:45.976+0000 7f025affd640 1 -- 10.20.193.127:0/57591080 <== mon.0 v2:10.20.193.127:3300/0 7 ==== mgrmap(e 8) ==== 50247+0+0 (secure 0 0 0) 0x7f025c03e580 con 0x7f026c10ba00
2026-02-20T01:09:46.931 INFO:teuthology.orchestra.run.trial127.stdout:/usr/bin/ceph: stderr
2026-02-20T01:09:46.877+0000 7f025affd640 1 -- 10.20.193.127:0/57591080 <== mgr.14118 v2:10.20.193.127:6800/845143869 1 ==== mgr_command_reply(tid 0: 0 ) ==== 8+0+48 (secure 0 0 0) 0x7f026c108ea0 con 0x7f024803da80
2026-02-20T01:09:46.931 INFO:teuthology.orchestra.run.trial127.stdout:/usr/bin/ceph: stderr
2026-02-20T01:09:46.879+0000 7f027419b640 1 -- 10.20.193.127:0/57591080 >> [v2:10.20.193.127:6800/845143869,v1:10.20.193.127:6801/845143869] conn(0x7f024803da80 msgr2=0x7f024803ff40 secure :-1 s=STATE_CONNECTION_ESTABLISHED l=1).mark_down
2026-02-20T01:09:46.931 INFO:teuthology.orchestra.run.trial127.stdout:/usr/bin/ceph: stderr
2026-02-20T01:09:46.879+0000 7f027419b640 1 --2- 10.20.193.127:0/57591080 >> [v2:10.20.193.127:6800/845143869,v1:10.20.193.127:6801/845143869] conn(0x7f024803da80 0x7f024803ff40 secure :-1 s=READY pgs=11 cs=0 l=1 rev1=1 crypto rx=0x7f02600099c0 tx=0x7f0260006eb0 comp rx=0 tx=0).stop
2026-02-20T01:09:46.931 INFO:teuthology.orchestra.run.trial127.stdout:/usr/bin/ceph: stderr
2026-02-20T01:09:46.880+0000 7f027419b640 1 -- 10.20.193.127:0/57591080 >> [v2:10.20.193.127:3300/0,v1:10.20.193.127:6789/0] conn(0x7f026c10ba00 msgr2=0x7f026c1a0310 secure :-1 s=STATE_CONNECTION_ESTABLISHED l=1).mark_down
2026-02-20T01:09:46.931 INFO:teuthology.orchestra.run.trial127.stdout:/usr/bin/ceph: stderr
2026-02-20T01:09:46.880+0000 7f027419b640 1 --2- 10.20.193.127:0/57591080 >> [v2:10.20.193.127:3300/0,v1:10.20.193.127:6789/0] conn(0x7f026c10ba00 0x7f026c1a0310 secure :-1 s=READY pgs=44 cs=0 l=1 rev1=1 crypto rx=0x7f025c006fd0 tx=0x7f025c037bb0 comp rx=0 tx=0).stop
2026-02-20T01:09:46.931 INFO:teuthology.orchestra.run.trial127.stdout:/usr/bin/ceph: stderr
2026-02-20T01:09:46.880+0000 7f027419b640 1 -- 10.20.193.127:0/57591080 shutdown_connections
2026-02-20T01:09:46.932 INFO:teuthology.orchestra.run.trial127.stdout:/usr/bin/ceph: stderr
2026-02-20T01:09:46.880+0000 7f027419b640 1 --2- 10.20.193.127:0/57591080 >> [v2:10.20.193.127:6800/845143869,v1:10.20.193.127:6801/845143869] conn(0x7f024803da80 0x7f024803ff40 unknown :-1 s=CLOSED pgs=11 cs=0 l=1 rev1=1 crypto rx=0 tx=0 comp rx=0 tx=0).stop
2026-02-20T01:09:46.932 INFO:teuthology.orchestra.run.trial127.stdout:/usr/bin/ceph: stderr
2026-02-20T01:09:46.880+0000 7f027419b640 1 --2- 10.20.193.127:0/57591080 >> [v2:10.20.193.127:3300/0,v1:10.20.193.127:6789/0] conn(0x7f026c10ba00 0x7f026c1a0310 unknown :-1 s=CLOSED pgs=44 cs=0 l=1 rev1=1 crypto rx=0 tx=0 comp rx=0 tx=0).stop
2026-02-20T01:09:46.932 INFO:teuthology.orchestra.run.trial127.stdout:/usr/bin/ceph: stderr
2026-02-20T01:09:46.880+0000 7f027419b640 1 -- 10.20.193.127:0/57591080 >> 10.20.193.127:0/57591080 conn(0x7f026c07db10 msgr2=0x7f026c108790 unknown :-1 s=STATE_NONE l=0).mark_down
2026-02-20T01:09:46.932 INFO:teuthology.orchestra.run.trial127.stdout:/usr/bin/ceph: stderr
2026-02-20T01:09:46.880+0000 7f027419b640 1 -- 10.20.193.127:0/57591080 shutdown_connections
2026-02-20T01:09:46.932 INFO:teuthology.orchestra.run.trial127.stdout:/usr/bin/ceph: stderr
2026-02-20T01:09:46.880+0000 7f027419b640 1 -- 10.20.193.127:0/57591080 wait complete.
2026-02-20T01:09:46.932 INFO:teuthology.orchestra.run.trial127.stdout:Deploying unmanaged mon service...
2026-02-20T01:09:47.144 INFO:teuthology.orchestra.run.trial127.stdout:/usr/bin/ceph: stdout Scheduled mon update...
2026-02-20T01:09:47.144 INFO:teuthology.orchestra.run.trial127.stdout:/usr/bin/ceph: stderr
2026-02-20T01:09:47.027+0000 7faa810ec640 1 Processor -- start
2026-02-20T01:09:47.144 INFO:teuthology.orchestra.run.trial127.stdout:/usr/bin/ceph: stderr
2026-02-20T01:09:47.027+0000 7faa810ec640 1 -- start start
2026-02-20T01:09:47.145 INFO:teuthology.orchestra.run.trial127.stdout:/usr/bin/ceph: stderr
2026-02-20T01:09:47.027+0000 7faa810ec640 1 --2- >> [v2:10.20.193.127:3300/0,v1:10.20.193.127:6789/0] conn(0x7faa7c10ba50 0x7faa7c10be50 unknown :-1 s=NONE pgs=0 cs=0 l=0 rev1=0 crypto rx=0 tx=0 comp rx=0 tx=0).connect
2026-02-20T01:09:47.145 INFO:teuthology.orchestra.run.trial127.stdout:/usr/bin/ceph: stderr
2026-02-20T01:09:47.027+0000 7faa810ec640 1 -- --> [v2:10.20.193.127:3300/0,v1:10.20.193.127:6789/0] -- mon_getmap magic: 0 -- 0x7faa7c10c420 con 0x7faa7c10ba50
2026-02-20T01:09:47.145 INFO:teuthology.orchestra.run.trial127.stdout:/usr/bin/ceph: stderr
2026-02-20T01:09:47.027+0000 7faa7ad76640 1 --2- >> [v2:10.20.193.127:3300/0,v1:10.20.193.127:6789/0] conn(0x7faa7c10ba50 0x7faa7c10be50 unknown :-1 s=BANNER_CONNECTING pgs=0 cs=0 l=0 rev1=0 crypto rx=0 tx=0 comp rx=0 tx=0)._handle_peer_banner_payload supported=3 required=0
2026-02-20T01:09:47.145 INFO:teuthology.orchestra.run.trial127.stdout:/usr/bin/ceph: stderr
2026-02-20T01:09:47.027+0000 7faa7ad76640 1 --2- >> [v2:10.20.193.127:3300/0,v1:10.20.193.127:6789/0] conn(0x7faa7c10ba50 0x7faa7c10be50 unknown :-1 s=HELLO_CONNECTING pgs=0 cs=0 l=0 rev1=1 crypto rx=0 tx=0 comp rx=0 tx=0).handle_hello peer v2:10.20.193.127:3300/0 says I am v2:10.20.193.127:33660/0 (socket says 10.20.193.127:33660)
2026-02-20T01:09:47.145 INFO:teuthology.orchestra.run.trial127.stdout:/usr/bin/ceph: stderr
2026-02-20T01:09:47.027+0000 7faa7ad76640 1 -- 10.20.193.127:0/4048248301 learned_addr learned my addr 10.20.193.127:0/4048248301 (peer_addr_for_me v2:10.20.193.127:0/0)
2026-02-20T01:09:47.145 INFO:teuthology.orchestra.run.trial127.stdout:/usr/bin/ceph: stderr
2026-02-20T01:09:47.027+0000 7faa7ad76640 1 -- 10.20.193.127:0/4048248301 --> [v2:10.20.193.127:3300/0,v1:10.20.193.127:6789/0] -- mon_subscribe({config=0+,monmap=0+}) -- 0x7faa7c10a6b0 con 0x7faa7c10ba50
2026-02-20T01:09:47.145 INFO:teuthology.orchestra.run.trial127.stdout:/usr/bin/ceph: stderr
2026-02-20T01:09:47.028+0000 7faa7ad76640 1 --2- 10.20.193.127:0/4048248301 >> [v2:10.20.193.127:3300/0,v1:10.20.193.127:6789/0] conn(0x7faa7c10ba50 0x7faa7c10be50 secure :-1 s=READY pgs=45 cs=0 l=1 rev1=1 crypto rx=0x7faa70009920 tx=0x7faa7002ef20 comp rx=0 tx=0).ready entity=mon.0 client_cookie=5603264c79839670 server_cookie=0 in_seq=0 out_seq=0
2026-02-20T01:09:47.145 INFO:teuthology.orchestra.run.trial127.stdout:/usr/bin/ceph: stderr
2026-02-20T01:09:47.028+0000 7faa79d74640 1 -- 10.20.193.127:0/4048248301 <== mon.0 v2:10.20.193.127:3300/0 1 ==== mon_map magic: 0 ==== 205+0+0 (secure 0 0 0) 0x7faa7003c070 con 0x7faa7c10ba50
2026-02-20T01:09:47.145 INFO:teuthology.orchestra.run.trial127.stdout:/usr/bin/ceph: stderr
2026-02-20T01:09:47.028+0000 7faa79d74640 1 -- 10.20.193.127:0/4048248301 <== mon.0 v2:10.20.193.127:3300/0 2 ==== config(26 keys) ==== 1045+0+0 (secure 0 0 0) 0x7faa70037440 con 0x7faa7c10ba50
2026-02-20T01:09:47.145 INFO:teuthology.orchestra.run.trial127.stdout:/usr/bin/ceph: stderr
2026-02-20T01:09:47.028+0000 7faa79d74640 1 -- 10.20.193.127:0/4048248301 <== mon.0 v2:10.20.193.127:3300/0 3 ==== mon_map magic: 0 ==== 205+0+0 (secure 0 0 0) 0x7faa700354b0 con 0x7faa7c10ba50
2026-02-20T01:09:47.145 INFO:teuthology.orchestra.run.trial127.stdout:/usr/bin/ceph: stderr
2026-02-20T01:09:47.028+0000 7faa810ec640 1 -- 10.20.193.127:0/4048248301 >> [v2:10.20.193.127:3300/0,v1:10.20.193.127:6789/0] conn(0x7faa7c10ba50 msgr2=0x7faa7c10be50 secure :-1 s=STATE_CONNECTION_ESTABLISHED l=1).mark_down
2026-02-20T01:09:47.145 INFO:teuthology.orchestra.run.trial127.stdout:/usr/bin/ceph: stderr
2026-02-20T01:09:47.028+0000 7faa810ec640 1 --2- 10.20.193.127:0/4048248301 >> [v2:10.20.193.127:3300/0,v1:10.20.193.127:6789/0] conn(0x7faa7c10ba50 0x7faa7c10be50 secure :-1 s=READY pgs=45 cs=0 l=1 rev1=1 crypto rx=0x7faa70009920 tx=0x7faa7002ef20 comp rx=0 tx=0).stop
2026-02-20T01:09:47.145 INFO:teuthology.orchestra.run.trial127.stdout:/usr/bin/ceph: stderr
2026-02-20T01:09:47.028+0000 7faa810ec640 1 -- 10.20.193.127:0/4048248301 shutdown_connections
2026-02-20T01:09:47.145 INFO:teuthology.orchestra.run.trial127.stdout:/usr/bin/ceph: stderr
2026-02-20T01:09:47.028+0000 7faa810ec640 1 --2- 10.20.193.127:0/4048248301 >> [v2:10.20.193.127:3300/0,v1:10.20.193.127:6789/0] conn(0x7faa7c10ba50 0x7faa7c10be50 unknown :-1 s=CLOSED pgs=45 cs=0 l=1 rev1=1 crypto rx=0 tx=0 comp rx=0 tx=0).stop
2026-02-20T01:09:47.145 INFO:teuthology.orchestra.run.trial127.stdout:/usr/bin/ceph: stderr
2026-02-20T01:09:47.028+0000 7faa810ec640 1 -- 10.20.193.127:0/4048248301 >> 10.20.193.127:0/4048248301 conn(0x7faa7c07daf0 msgr2=0x7faa7c07df20 unknown :-1 s=STATE_NONE l=0).mark_down
2026-02-20T01:09:47.145 INFO:teuthology.orchestra.run.trial127.stdout:/usr/bin/ceph: stderr
2026-02-20T01:09:47.028+0000 7faa810ec640 1 -- 10.20.193.127:0/4048248301 shutdown_connections
2026-02-20T01:09:47.145 INFO:teuthology.orchestra.run.trial127.stdout:/usr/bin/ceph: stderr
2026-02-20T01:09:47.028+0000 7faa810ec640 1 -- 10.20.193.127:0/4048248301 wait complete.
2026-02-20T01:09:47.145 INFO:teuthology.orchestra.run.trial127.stdout:/usr/bin/ceph: stderr
2026-02-20T01:09:47.029+0000 7faa810ec640 1 Processor -- start
2026-02-20T01:09:47.145 INFO:teuthology.orchestra.run.trial127.stdout:/usr/bin/ceph: stderr
2026-02-20T01:09:47.029+0000 7faa810ec640 1 -- start start
2026-02-20T01:09:47.145 INFO:teuthology.orchestra.run.trial127.stdout:/usr/bin/ceph: stderr
2026-02-20T01:09:47.029+0000 7faa810ec640 1 --2- >> [v2:10.20.193.127:3300/0,v1:10.20.193.127:6789/0] conn(0x7faa7c10ba50 0x7faa7c1a03a0 unknown :-1 s=NONE pgs=0 cs=0 l=1 rev1=0 crypto rx=0 tx=0 comp rx=0 tx=0).connect
2026-02-20T01:09:47.145 INFO:teuthology.orchestra.run.trial127.stdout:/usr/bin/ceph: stderr
2026-02-20T01:09:47.029+0000 7faa810ec640 1 -- --> [v2:10.20.193.127:3300/0,v1:10.20.193.127:6789/0] -- mon_getmap magic: 0 -- 0x7faa7c10e8f0 con 0x7faa7c10ba50
2026-02-20T01:09:47.145 INFO:teuthology.orchestra.run.trial127.stdout:/usr/bin/ceph: stderr
2026-02-20T01:09:47.029+0000 7faa7ad76640 1 --2- >> [v2:10.20.193.127:3300/0,v1:10.20.193.127:6789/0] conn(0x7faa7c10ba50 0x7faa7c1a03a0 unknown :-1 s=BANNER_CONNECTING pgs=0 cs=0 l=1 rev1=0 crypto rx=0 tx=0 comp rx=0 tx=0)._handle_peer_banner_payload supported=3 required=0
2026-02-20T01:09:47.145 INFO:teuthology.orchestra.run.trial127.stdout:/usr/bin/ceph: stderr
2026-02-20T01:09:47.029+0000 7faa7ad76640 1 --2- >> [v2:10.20.193.127:3300/0,v1:10.20.193.127:6789/0] conn(0x7faa7c10ba50 0x7faa7c1a03a0 unknown :-1 s=HELLO_CONNECTING pgs=0 cs=0 l=1 rev1=1 crypto rx=0 tx=0 comp rx=0 tx=0).handle_hello peer v2:10.20.193.127:3300/0 says I am v2:10.20.193.127:33670/0 (socket says 10.20.193.127:33670)
2026-02-20T01:09:47.145 INFO:teuthology.orchestra.run.trial127.stdout:/usr/bin/ceph: stderr
2026-02-20T01:09:47.029+0000 7faa7ad76640 1 -- 10.20.193.127:0/3298072938 learned_addr learned my addr 10.20.193.127:0/3298072938 (peer_addr_for_me v2:10.20.193.127:0/0)
2026-02-20T01:09:47.145 INFO:teuthology.orchestra.run.trial127.stdout:/usr/bin/ceph: stderr
2026-02-20T01:09:47.029+0000 7faa7ad76640 1 -- 10.20.193.127:0/3298072938 --> [v2:10.20.193.127:3300/0,v1:10.20.193.127:6789/0] -- mon_subscribe({config=0+,monmap=0+}) -- 0x7faa7c1a08e0 con 0x7faa7c10ba50
2026-02-20T01:09:47.145 INFO:teuthology.orchestra.run.trial127.stdout:/usr/bin/ceph: stderr
2026-02-20T01:09:47.029+0000 7faa7ad76640 1 --2- 10.20.193.127:0/3298072938 >> [v2:10.20.193.127:3300/0,v1:10.20.193.127:6789/0] conn(0x7faa7c10ba50 0x7faa7c1a03a0 secure :-1 s=READY pgs=46 cs=0 l=1 rev1=1 crypto rx=0x7faa70006fd0 tx=0x7faa70037bb0 comp rx=0 tx=0).ready entity=mon.0 client_cookie=0 server_cookie=0 in_seq=0 out_seq=0
2026-02-20T01:09:47.145 INFO:teuthology.orchestra.run.trial127.stdout:/usr/bin/ceph: stderr
2026-02-20T01:09:47.029+0000 7faa5bfff640 1 -- 10.20.193.127:0/3298072938 <== mon.0 v2:10.20.193.127:3300/0 1 ==== mon_map magic: 0 ==== 205+0+0 (secure 0 0 0) 0x7faa70045070 con 0x7faa7c10ba50
2026-02-20T01:09:47.145 INFO:teuthology.orchestra.run.trial127.stdout:/usr/bin/ceph: stderr
2026-02-20T01:09:47.029+0000 7faa5bfff640 1 -- 10.20.193.127:0/3298072938 <== mon.0 v2:10.20.193.127:3300/0 2 ==== config(26 keys) ==== 1045+0+0 (secure 0 0 0) 0x7faa70040450 con 0x7faa7c10ba50
2026-02-20T01:09:47.146 INFO:teuthology.orchestra.run.trial127.stdout:/usr/bin/ceph: stderr
2026-02-20T01:09:47.029+0000 7faa810ec640 1 -- 10.20.193.127:0/3298072938 --> [v2:10.20.193.127:3300/0,v1:10.20.193.127:6789/0] -- mon_subscribe({mgrmap=0+}) -- 0x7faa7c1a0b70 con 0x7faa7c10ba50
2026-02-20T01:09:47.146 INFO:teuthology.orchestra.run.trial127.stdout:/usr/bin/ceph: stderr
2026-02-20T01:09:47.029+0000 7faa5bfff640 1 -- 10.20.193.127:0/3298072938 <== mon.0 v2:10.20.193.127:3300/0 3 ==== mon_map magic: 0 ==== 205+0+0 (secure 0 0 0) 0x7faa7003c070 con 0x7faa7c10ba50
2026-02-20T01:09:47.146 INFO:teuthology.orchestra.run.trial127.stdout:/usr/bin/ceph: stderr
2026-02-20T01:09:47.029+0000 7faa810ec640 1 -- 10.20.193.127:0/3298072938 --> [v2:10.20.193.127:3300/0,v1:10.20.193.127:6789/0] -- mon_subscribe({osdmap=0}) -- 0x7faa7c1a3860 con 0x7faa7c10ba50
2026-02-20T01:09:47.146 INFO:teuthology.orchestra.run.trial127.stdout:/usr/bin/ceph: stderr
2026-02-20T01:09:47.030+0000 7faa810ec640 1 -- 10.20.193.127:0/3298072938 --> [v2:10.20.193.127:3300/0,v1:10.20.193.127:6789/0] -- mon_command({"prefix": "get_command_descriptions"} v 0) -- 0x7faa7c10bed0 con 0x7faa7c10ba50
2026-02-20T01:09:47.146 INFO:teuthology.orchestra.run.trial127.stdout:/usr/bin/ceph: stderr
2026-02-20T01:09:47.030+0000 7faa5bfff640 1 -- 10.20.193.127:0/3298072938 <== mon.0 v2:10.20.193.127:3300/0 4 ==== mgrmap(e 8) ==== 50247+0+0 (secure 0 0 0) 0x7faa70040900 con 0x7faa7c10ba50
2026-02-20T01:09:47.146 INFO:teuthology.orchestra.run.trial127.stdout:/usr/bin/ceph: stderr
2026-02-20T01:09:47.030+0000 7faa5bfff640 1 --2- 10.20.193.127:0/3298072938 >> [v2:10.20.193.127:6800/845143869,v1:10.20.193.127:6801/845143869] conn(0x7faa5003dbf0 0x7faa500400b0 unknown :-1 s=NONE pgs=0 cs=0 l=1 rev1=0 crypto rx=0 tx=0 comp rx=0 tx=0).connect
2026-02-20T01:09:47.146 INFO:teuthology.orchestra.run.trial127.stdout:/usr/bin/ceph: stderr
2026-02-20T01:09:47.030+0000 7faa5bfff640 1 -- 10.20.193.127:0/3298072938 <== mon.0 v2:10.20.193.127:3300/0 5 ==== osd_map(2..2 src has 1..2) ==== 940+0+0 (secure 0 0 0) 0x7faa700766a0 con 0x7faa7c10ba50
2026-02-20T01:09:47.146 INFO:teuthology.orchestra.run.trial127.stdout:/usr/bin/ceph: stderr
2026-02-20T01:09:47.030+0000 7faa7a575640 1 --2- 10.20.193.127:0/3298072938 >> [v2:10.20.193.127:6800/845143869,v1:10.20.193.127:6801/845143869] conn(0x7faa5003dbf0 0x7faa500400b0 unknown :-1 s=BANNER_CONNECTING pgs=0 cs=0 l=1 rev1=0 crypto rx=0 tx=0 comp rx=0 tx=0)._handle_peer_banner_payload supported=3 required=0
2026-02-20T01:09:47.146 INFO:teuthology.orchestra.run.trial127.stdout:/usr/bin/ceph: stderr
2026-02-20T01:09:47.030+0000 7faa7a575640 1 --2- 10.20.193.127:0/3298072938 >> [v2:10.20.193.127:6800/845143869,v1:10.20.193.127:6801/845143869] conn(0x7faa5003dbf0 0x7faa500400b0 secure :-1 s=READY pgs=12 cs=0 l=1 rev1=1 crypto rx=0x7faa640099c0 tx=0x7faa64006eb0 comp rx=0 tx=0).ready entity=mgr.14118 client_cookie=0 server_cookie=0 in_seq=0 out_seq=0
2026-02-20T01:09:47.146 INFO:teuthology.orchestra.run.trial127.stdout:/usr/bin/ceph: stderr
2026-02-20T01:09:47.032+0000 7faa5bfff640 1 -- 10.20.193.127:0/3298072938 <== mon.0 v2:10.20.193.127:3300/0 6 ==== mon_command_ack([{"prefix": "get_command_descriptions"}]=0 v0) ==== 72+0+195034 (secure 0 0 0) 0x7faa700406b0 con 0x7faa7c10ba50
2026-02-20T01:09:47.146 INFO:teuthology.orchestra.run.trial127.stdout:/usr/bin/ceph: stderr
2026-02-20T01:09:47.119+0000 7faa810ec640 1 -- 10.20.193.127:0/3298072938 --> [v2:10.20.193.127:6800/845143869,v1:10.20.193.127:6801/845143869] -- mgr_command(tid 0: {"prefix": "orch apply", "service_type": "mon", "unmanaged": true, "target": ["mon-mgr", ""]}) -- 0x7faa7c108ed0 con 0x7faa5003dbf0
2026-02-20T01:09:47.146 INFO:teuthology.orchestra.run.trial127.stdout:/usr/bin/ceph: stderr
2026-02-20T01:09:47.122+0000 7faa5bfff640 1 -- 10.20.193.127:0/3298072938 <== mgr.14118 v2:10.20.193.127:6800/845143869 1 ==== mgr_command_reply(tid 0: 0 ) ==== 8+0+24 (secure 0 0 0) 0x7faa7c108ed0 con 0x7faa5003dbf0
2026-02-20T01:09:47.146 INFO:teuthology.orchestra.run.trial127.stdout:/usr/bin/ceph: stderr
2026-02-20T01:09:47.123+0000 7faa810ec640 1 -- 10.20.193.127:0/3298072938 >> [v2:10.20.193.127:6800/845143869,v1:10.20.193.127:6801/845143869] conn(0x7faa5003dbf0 msgr2=0x7faa500400b0 secure :-1 s=STATE_CONNECTION_ESTABLISHED l=1).mark_down
2026-02-20T01:09:47.146 INFO:teuthology.orchestra.run.trial127.stdout:/usr/bin/ceph: stderr
2026-02-20T01:09:47.123+0000 7faa810ec640 1 --2- 10.20.193.127:0/3298072938 >> [v2:10.20.193.127:6800/845143869,v1:10.20.193.127:6801/845143869] conn(0x7faa5003dbf0 0x7faa500400b0 secure :-1 s=READY pgs=12 cs=0 l=1 rev1=1 crypto rx=0x7faa640099c0 tx=0x7faa64006eb0 comp rx=0 tx=0).stop
2026-02-20T01:09:47.146 INFO:teuthology.orchestra.run.trial127.stdout:/usr/bin/ceph: stderr
2026-02-20T01:09:47.123+0000 7faa810ec640 1 -- 10.20.193.127:0/3298072938 >> [v2:10.20.193.127:3300/0,v1:10.20.193.127:6789/0] conn(0x7faa7c10ba50 msgr2=0x7faa7c1a03a0 secure :-1 s=STATE_CONNECTION_ESTABLISHED l=1).mark_down
2026-02-20T01:09:47.146 INFO:teuthology.orchestra.run.trial127.stdout:/usr/bin/ceph: stderr
2026-02-20T01:09:47.123+0000 7faa810ec640 1 --2- 10.20.193.127:0/3298072938 >> [v2:10.20.193.127:3300/0,v1:10.20.193.127:6789/0] conn(0x7faa7c10ba50 0x7faa7c1a03a0 secure :-1 s=READY pgs=46 cs=0 l=1 rev1=1 crypto rx=0x7faa70006fd0 tx=0x7faa70037bb0 comp rx=0 tx=0).stop
2026-02-20T01:09:47.146 INFO:teuthology.orchestra.run.trial127.stdout:/usr/bin/ceph: stderr
2026-02-20T01:09:47.123+0000 7faa810ec640 1 -- 10.20.193.127:0/3298072938 shutdown_connections
2026-02-20T01:09:47.146 INFO:teuthology.orchestra.run.trial127.stdout:/usr/bin/ceph: stderr
2026-02-20T01:09:47.123+0000 7faa810ec640 1 --2- 10.20.193.127:0/3298072938 >> [v2:10.20.193.127:6800/845143869,v1:10.20.193.127:6801/845143869] conn(0x7faa5003dbf0 0x7faa500400b0 unknown :-1 s=CLOSED pgs=12 cs=0 l=1 rev1=1 crypto rx=0 tx=0 comp rx=0 tx=0).stop
2026-02-20T01:09:47.146 INFO:teuthology.orchestra.run.trial127.stdout:/usr/bin/ceph: stderr
2026-02-20T01:09:47.123+0000 7faa810ec640 1 --2- 10.20.193.127:0/3298072938 >> [v2:10.20.193.127:3300/0,v1:10.20.193.127:6789/0] conn(0x7faa7c10ba50 0x7faa7c1a03a0 unknown :-1 s=CLOSED pgs=46 cs=0 l=1 rev1=1 crypto rx=0 tx=0 comp rx=0 tx=0).stop
2026-02-20T01:09:47.146 INFO:teuthology.orchestra.run.trial127.stdout:/usr/bin/ceph: stderr
2026-02-20T01:09:47.123+0000 7faa810ec640 1 -- 10.20.193.127:0/3298072938 >> 10.20.193.127:0/3298072938 conn(0x7faa7c07daf0 msgr2=0x7faa7c1087c0 unknown :-1 s=STATE_NONE l=0).mark_down
2026-02-20T01:09:47.146 INFO:teuthology.orchestra.run.trial127.stdout:/usr/bin/ceph: stderr
2026-02-20T01:09:47.123+0000 7faa810ec640 1 -- 10.20.193.127:0/3298072938 shutdown_connections
2026-02-20T01:09:47.146 INFO:teuthology.orchestra.run.trial127.stdout:/usr/bin/ceph: stderr
2026-02-20T01:09:47.123+0000 7faa810ec640 1 -- 10.20.193.127:0/3298072938 wait complete.
2026-02-20T01:09:47.146 INFO:teuthology.orchestra.run.trial127.stdout:Deploying unmanaged mgr service...
2026-02-20T01:09:47.358 INFO:teuthology.orchestra.run.trial127.stdout:/usr/bin/ceph: stdout Scheduled mgr update...
2026-02-20T01:09:47.358 INFO:teuthology.orchestra.run.trial127.stdout:/usr/bin/ceph: stderr
2026-02-20T01:09:47.234+0000 7f0712e7b640 1 Processor -- start
2026-02-20T01:09:47.358 INFO:teuthology.orchestra.run.trial127.stdout:/usr/bin/ceph: stderr
2026-02-20T01:09:47.234+0000 7f0712e7b640 1 -- start start
2026-02-20T01:09:47.358 INFO:teuthology.orchestra.run.trial127.stdout:/usr/bin/ceph: stderr
2026-02-20T01:09:47.234+0000 7f0712e7b640 1 --2- >> [v2:10.20.193.127:3300/0,v1:10.20.193.127:6789/0] conn(0x7f070c10ba50 0x7f070c10be50 unknown :-1 s=NONE pgs=0 cs=0 l=0 rev1=0 crypto rx=0 tx=0 comp rx=0 tx=0).connect
2026-02-20T01:09:47.358 INFO:teuthology.orchestra.run.trial127.stdout:/usr/bin/ceph: stderr
2026-02-20T01:09:47.234+0000 7f0712e7b640 1 -- --> [v2:10.20.193.127:3300/0,v1:10.20.193.127:6789/0] -- mon_getmap magic: 0 -- 0x7f070c10c420 con 0x7f070c10ba50
2026-02-20T01:09:47.358 INFO:teuthology.orchestra.run.trial127.stdout:/usr/bin/ceph: stderr
2026-02-20T01:09:47.235+0000 7f0710bf0640 1 --2- >> [v2:10.20.193.127:3300/0,v1:10.20.193.127:6789/0] conn(0x7f070c10ba50 0x7f070c10be50 unknown :-1 s=BANNER_CONNECTING pgs=0 cs=0 l=0 rev1=0 crypto rx=0 tx=0 comp rx=0 tx=0)._handle_peer_banner_payload supported=3 required=0
2026-02-20T01:09:47.358 INFO:teuthology.orchestra.run.trial127.stdout:/usr/bin/ceph: stderr
2026-02-20T01:09:47.235+0000 7f0710bf0640 1 --2- >> [v2:10.20.193.127:3300/0,v1:10.20.193.127:6789/0] conn(0x7f070c10ba50 0x7f070c10be50 unknown :-1 s=HELLO_CONNECTING pgs=0 cs=0 l=0 rev1=1 crypto rx=0 tx=0 comp rx=0 tx=0).handle_hello peer v2:10.20.193.127:3300/0 says I am v2:10.20.193.127:33678/0 (socket says 10.20.193.127:33678)
2026-02-20T01:09:47.358 INFO:teuthology.orchestra.run.trial127.stdout:/usr/bin/ceph: stderr
2026-02-20T01:09:47.235+0000 7f0710bf0640 1 -- 10.20.193.127:0/3692444267 learned_addr learned my addr 10.20.193.127:0/3692444267 (peer_addr_for_me v2:10.20.193.127:0/0)
2026-02-20T01:09:47.358 INFO:teuthology.orchestra.run.trial127.stdout:/usr/bin/ceph: stderr
2026-02-20T01:09:47.235+0000 7f0710bf0640 1 -- 10.20.193.127:0/3692444267 --> [v2:10.20.193.127:3300/0,v1:10.20.193.127:6789/0] -- mon_subscribe({config=0+,monmap=0+}) -- 0x7f070c10a6b0 con 0x7f070c10ba50
2026-02-20T01:09:47.358 INFO:teuthology.orchestra.run.trial127.stdout:/usr/bin/ceph: stderr
2026-02-20T01:09:47.235+0000 7f0710bf0640 1 --2- 10.20.193.127:0/3692444267 >> [v2:10.20.193.127:3300/0,v1:10.20.193.127:6789/0] conn(0x7f070c10ba50 0x7f070c10be50 secure :-1 s=READY pgs=47 cs=0 l=1 rev1=1 crypto rx=0x7f06fc009920 tx=0x7f06fc02ef20 comp rx=0 tx=0).ready entity=mon.0 client_cookie=309e97ee359769f7 server_cookie=0 in_seq=0 out_seq=0
2026-02-20T01:09:47.358 INFO:teuthology.orchestra.run.trial127.stdout:/usr/bin/ceph: stderr
2026-02-20T01:09:47.235+0000 7f07037fe640 1 -- 10.20.193.127:0/3692444267 <== mon.0 v2:10.20.193.127:3300/0 1 ==== mon_map magic: 0 ==== 205+0+0 (secure 0 0 0) 0x7f06fc03c070 con 0x7f070c10ba50
2026-02-20T01:09:47.358 INFO:teuthology.orchestra.run.trial127.stdout:/usr/bin/ceph: stderr
2026-02-20T01:09:47.235+0000 7f07037fe640 1 -- 10.20.193.127:0/3692444267 <== mon.0 v2:10.20.193.127:3300/0 2 ==== config(26 keys) ==== 1045+0+0 (secure 0 0 0) 0x7f06fc037440 con 0x7f070c10ba50
2026-02-20T01:09:47.358 INFO:teuthology.orchestra.run.trial127.stdout:/usr/bin/ceph: stderr
2026-02-20T01:09:47.235+0000 7f07037fe640 1 -- 10.20.193.127:0/3692444267 <== mon.0 v2:10.20.193.127:3300/0 3 ==== mon_map magic: 0 ==== 205+0+0 (secure 0 0 0) 0x7f06fc0354b0 con 0x7f070c10ba50
2026-02-20T01:09:47.358 INFO:teuthology.orchestra.run.trial127.stdout:/usr/bin/ceph: stderr
2026-02-20T01:09:47.236+0000 7f0712e7b640 1 -- 10.20.193.127:0/3692444267 >> [v2:10.20.193.127:3300/0,v1:10.20.193.127:6789/0] conn(0x7f070c10ba50 msgr2=0x7f070c10be50 secure :-1 s=STATE_CONNECTION_ESTABLISHED l=1).mark_down
2026-02-20T01:09:47.358 INFO:teuthology.orchestra.run.trial127.stdout:/usr/bin/ceph: stderr
2026-02-20T01:09:47.236+0000 7f0712e7b640 1 --2- 10.20.193.127:0/3692444267 >> [v2:10.20.193.127:3300/0,v1:10.20.193.127:6789/0] conn(0x7f070c10ba50 0x7f070c10be50 secure :-1 s=READY pgs=47 cs=0 l=1 rev1=1 crypto rx=0x7f06fc009920 tx=0x7f06fc02ef20 comp rx=0 tx=0).stop
2026-02-20T01:09:47.358 INFO:teuthology.orchestra.run.trial127.stdout:/usr/bin/ceph: stderr
2026-02-20T01:09:47.236+0000 7f0712e7b640 1 -- 10.20.193.127:0/3692444267 shutdown_connections
2026-02-20T01:09:47.358 INFO:teuthology.orchestra.run.trial127.stdout:/usr/bin/ceph: stderr
2026-02-20T01:09:47.236+0000 7f0712e7b640 1 --2- 10.20.193.127:0/3692444267 >> [v2:10.20.193.127:3300/0,v1:10.20.193.127:6789/0] conn(0x7f070c10ba50 0x7f070c10be50 unknown :-1 s=CLOSED pgs=47 cs=0 l=1 rev1=1 crypto rx=0 tx=0 comp rx=0 tx=0).stop
2026-02-20T01:09:47.358 INFO:teuthology.orchestra.run.trial127.stdout:/usr/bin/ceph: stderr
2026-02-20T01:09:47.236+0000 7f0712e7b640 1 -- 10.20.193.127:0/3692444267 >> 10.20.193.127:0/3692444267 conn(0x7f070c07daf0 msgr2=0x7f070c07df20 unknown :-1 s=STATE_NONE l=0).mark_down
2026-02-20T01:09:47.358 INFO:teuthology.orchestra.run.trial127.stdout:/usr/bin/ceph: stderr
2026-02-20T01:09:47.236+0000 7f0712e7b640 1 -- 10.20.193.127:0/3692444267 shutdown_connections
2026-02-20T01:09:47.358 INFO:teuthology.orchestra.run.trial127.stdout:/usr/bin/ceph: stderr
2026-02-20T01:09:47.236+0000 7f0712e7b640 1 -- 10.20.193.127:0/3692444267 wait complete.
2026-02-20T01:09:47.358 INFO:teuthology.orchestra.run.trial127.stdout:/usr/bin/ceph: stderr
2026-02-20T01:09:47.236+0000 7f0712e7b640 1 Processor -- start
2026-02-20T01:09:47.358 INFO:teuthology.orchestra.run.trial127.stdout:/usr/bin/ceph: stderr
