2026-02-20T01:09:40.902 INFO:teuthology.orchestra.run.trial127.stdout:/usr/bin/ceph: stderr
2026-02-20T01:09:40.763+0000 7f8dcae35640 1 -- start start
2026-02-20T01:09:40.902 INFO:teuthology.orchestra.run.trial127.stdout:/usr/bin/ceph: stderr
2026-02-20T01:09:40.763+0000 7f8dcae35640 1 --2- >> [v2:10.20.193.127:3300/0,v1:10.20.193.127:6789/0] conn(0x7f8dc407eed0 0x7f8dc41a02e0 unknown :-1 s=NONE pgs=0 cs=0 l=1 rev1=0 crypto rx=0 tx=0 comp rx=0 tx=0).connect
2026-02-20T01:09:40.902 INFO:teuthology.orchestra.run.trial127.stdout:/usr/bin/ceph: stderr
2026-02-20T01:09:40.763+0000 7f8dcae35640 1 -- --> [v2:10.20.193.127:3300/0,v1:10.20.193.127:6789/0] -- mon_getmap magic: 0 -- 0x7f8dc410e6e0 con 0x7f8dc407eed0
2026-02-20T01:09:40.902 INFO:teuthology.orchestra.run.trial127.stdout:/usr/bin/ceph: stderr
2026-02-20T01:09:40.763+0000 7f8dc8baa640 1 --2- >> [v2:10.20.193.127:3300/0,v1:10.20.193.127:6789/0] conn(0x7f8dc407eed0 0x7f8dc41a02e0 unknown :-1 s=BANNER_CONNECTING pgs=0 cs=0 l=1 rev1=0 crypto rx=0 tx=0 comp rx=0 tx=0)._handle_peer_banner_payload supported=3 required=0
2026-02-20T01:09:40.902 INFO:teuthology.orchestra.run.trial127.stdout:/usr/bin/ceph: stderr
2026-02-20T01:09:40.763+0000 7f8dc8baa640 1 --2- >> [v2:10.20.193.127:3300/0,v1:10.20.193.127:6789/0] conn(0x7f8dc407eed0 0x7f8dc41a02e0 unknown :-1 s=HELLO_CONNECTING pgs=0 cs=0 l=1 rev1=1 crypto rx=0 tx=0 comp rx=0 tx=0).handle_hello peer v2:10.20.193.127:3300/0 says I am v2:10.20.193.127:38284/0 (socket says 10.20.193.127:38284)
2026-02-20T01:09:40.902 INFO:teuthology.orchestra.run.trial127.stdout:/usr/bin/ceph: stderr
2026-02-20T01:09:40.763+0000 7f8dc8baa640 1 -- 10.20.193.127:0/2692675513 learned_addr learned my addr 10.20.193.127:0/2692675513 (peer_addr_for_me v2:10.20.193.127:0/0)
2026-02-20T01:09:40.902 INFO:teuthology.orchestra.run.trial127.stdout:/usr/bin/ceph: stderr
2026-02-20T01:09:40.763+0000 7f8dc8baa640 1 -- 10.20.193.127:0/2692675513 --> [v2:10.20.193.127:3300/0,v1:10.20.193.127:6789/0] -- mon_subscribe({config=0+,monmap=0+}) -- 0x7f8dc41a0820 con 0x7f8dc407eed0
2026-02-20T01:09:40.902 INFO:teuthology.orchestra.run.trial127.stdout:/usr/bin/ceph: stderr
2026-02-20T01:09:40.763+0000 7f8dc8baa640 1 --2- 10.20.193.127:0/2692675513 >> [v2:10.20.193.127:3300/0,v1:10.20.193.127:6789/0] conn(0x7f8dc407eed0 0x7f8dc41a02e0 secure :-1 s=READY pgs=25 cs=0 l=1 rev1=1 crypto rx=0x7f8db4009a50 tx=0x7f8db4037b90 comp rx=0 tx=0).ready entity=mon.0 client_cookie=0 server_cookie=0 in_seq=0 out_seq=0
2026-02-20T01:09:40.902 INFO:teuthology.orchestra.run.trial127.stdout:/usr/bin/ceph: stderr
2026-02-20T01:09:40.763+0000 7f8db9ffb640 1 -- 10.20.193.127:0/2692675513 <== mon.0 v2:10.20.193.127:3300/0 1 ==== mon_map magic: 0 ==== 205+0+0 (secure 0 0 0) 0x7f8db4045070 con 0x7f8dc407eed0
2026-02-20T01:09:40.902 INFO:teuthology.orchestra.run.trial127.stdout:/usr/bin/ceph: stderr
2026-02-20T01:09:40.763+0000 7f8db9ffb640 1 -- 10.20.193.127:0/2692675513 <== mon.0 v2:10.20.193.127:3300/0 2 ==== config(26 keys) ==== 1045+0+0 (secure 0 0 0) 0x7f8db4040450 con 0x7f8dc407eed0
2026-02-20T01:09:40.903 INFO:teuthology.orchestra.run.trial127.stdout:/usr/bin/ceph: stderr
2026-02-20T01:09:40.763+0000 7f8dcae35640 1 -- 10.20.193.127:0/2692675513 --> [v2:10.20.193.127:3300/0,v1:10.20.193.127:6789/0] -- mon_subscribe({mgrmap=0+}) -- 0x7f8dc41a0ab0 con 0x7f8dc407eed0
2026-02-20T01:09:40.903 INFO:teuthology.orchestra.run.trial127.stdout:/usr/bin/ceph: stderr
2026-02-20T01:09:40.763+0000 7f8db9ffb640 1 -- 10.20.193.127:0/2692675513 <== mon.0 v2:10.20.193.127:3300/0 3 ==== mon_map magic: 0 ==== 205+0+0 (secure 0 0 0) 0x7f8db403c070 con 0x7f8dc407eed0
2026-02-20T01:09:40.903 INFO:teuthology.orchestra.run.trial127.stdout:/usr/bin/ceph: stderr
2026-02-20T01:09:40.763+0000 7f8dcae35640 1 -- 10.20.193.127:0/2692675513 --> [v2:10.20.193.127:3300/0,v1:10.20.193.127:6789/0] -- mon_subscribe({osdmap=0}) -- 0x7f8dc41a37a0 con 0x7f8dc407eed0
2026-02-20T01:09:40.903 INFO:teuthology.orchestra.run.trial127.stdout:/usr/bin/ceph: stderr
2026-02-20T01:09:40.764+0000 7f8dcae35640 1 -- 10.20.193.127:0/2692675513 --> [v2:10.20.193.127:3300/0,v1:10.20.193.127:6789/0] -- mon_command({"prefix": "get_command_descriptions"} v 0) -- 0x7f8dc407d3b0 con 0x7f8dc407eed0
2026-02-20T01:09:40.903 INFO:teuthology.orchestra.run.trial127.stdout:/usr/bin/ceph: stderr
2026-02-20T01:09:40.764+0000 7f8db9ffb640 1 -- 10.20.193.127:0/2692675513 <== mon.0 v2:10.20.193.127:3300/0 4 ==== mgrmap(e 5) ==== 50247+0+0 (secure 0 0 0) 0x7f8db4035aa0 con 0x7f8dc407eed0
2026-02-20T01:09:40.903 INFO:teuthology.orchestra.run.trial127.stdout:/usr/bin/ceph: stderr
2026-02-20T01:09:40.764+0000 7f8db9ffb640 1 --2- 10.20.193.127:0/2692675513 >> [v2:10.20.193.127:6800/3645417338,v1:10.20.193.127:6801/3645417338] conn(0x7f8da003dbf0 0x7f8da00400b0 unknown :-1 s=NONE pgs=0 cs=0 l=1 rev1=0 crypto rx=0 tx=0 comp rx=0 tx=0).connect
2026-02-20T01:09:40.903 INFO:teuthology.orchestra.run.trial127.stdout:/usr/bin/ceph: stderr
2026-02-20T01:09:40.764+0000 7f8db9ffb640 1 -- 10.20.193.127:0/2692675513 <== mon.0 v2:10.20.193.127:3300/0 5 ==== osd_map(1..1 src has 1..1) ==== 725+0+0 (secure 0 0 0) 0x7f8db4076670 con 0x7f8dc407eed0
2026-02-20T01:09:40.903 INFO:teuthology.orchestra.run.trial127.stdout:/usr/bin/ceph: stderr
2026-02-20T01:09:40.764+0000 7f8dbbfff640 1 -- 10.20.193.127:0/2692675513 >> [v2:10.20.193.127:6800/3645417338,v1:10.20.193.127:6801/3645417338] conn(0x7f8da003dbf0 msgr2=0x7f8da00400b0 unknown :-1 s=STATE_CONNECTING_RE l=1).process reconnect failed to v2:10.20.193.127:6800/3645417338
2026-02-20T01:09:40.903 INFO:teuthology.orchestra.run.trial127.stdout:/usr/bin/ceph: stderr
2026-02-20T01:09:40.764+0000 7f8dbbfff640 1 --2- 10.20.193.127:0/2692675513 >> [v2:10.20.193.127:6800/3645417338,v1:10.20.193.127:6801/3645417338] conn(0x7f8da003dbf0 0x7f8da00400b0 unknown :-1 s=START_CONNECT pgs=0 cs=0 l=1 rev1=0 crypto rx=0 tx=0 comp rx=0 tx=0)._fault waiting 0.200000
2026-02-20T01:09:40.903 INFO:teuthology.orchestra.run.trial127.stdout:/usr/bin/ceph: stderr
2026-02-20T01:09:40.766+0000 7f8db9ffb640 1 -- 10.20.193.127:0/2692675513 <== mon.0 v2:10.20.193.127:3300/0 6 ==== mon_command_ack([{"prefix": "get_command_descriptions"}]=0 v0) ==== 72+0+195034 (secure 0 0 0) 0x7f8db4035dc0 con 0x7f8dc407eed0
2026-02-20T01:09:40.903 INFO:teuthology.orchestra.run.trial127.stdout:/usr/bin/ceph: stderr
2026-02-20T01:09:40.872+0000 7f8dcae35640 1 -- 10.20.193.127:0/2692675513 --> [v2:10.20.193.127:3300/0,v1:10.20.193.127:6789/0] -- mon_command({"prefix": "mgr stat"} v 0) -- 0x7f8dc41a3e40 con 0x7f8dc407eed0
2026-02-20T01:09:40.904 INFO:teuthology.orchestra.run.trial127.stdout:/usr/bin/ceph: stderr
2026-02-20T01:09:40.872+0000 7f8db9ffb640 1 -- 10.20.193.127:0/2692675513 <== mon.0 v2:10.20.193.127:3300/0 7 ==== mon_command_ack([{"prefix": "mgr stat"}]=0 v5) ==== 56+0+88 (secure 0 0 0) 0x7f8db4076090 con 0x7f8dc407eed0
2026-02-20T01:09:40.904 INFO:teuthology.orchestra.run.trial127.stdout:/usr/bin/ceph: stderr
2026-02-20T01:09:40.872+0000 7f8dcae35640 1 -- 10.20.193.127:0/2692675513 >> [v2:10.20.193.127:6800/3645417338,v1:10.20.193.127:6801/3645417338] conn(0x7f8da003dbf0 msgr2=0x7f8da00400b0 unknown :-1 s=STATE_CONNECTING l=1).mark_down
2026-02-20T01:09:40.904 INFO:teuthology.orchestra.run.trial127.stdout:/usr/bin/ceph: stderr
2026-02-20T01:09:40.872+0000 7f8dcae35640 1 --2- 10.20.193.127:0/2692675513 >> [v2:10.20.193.127:6800/3645417338,v1:10.20.193.127:6801/3645417338] conn(0x7f8da003dbf0 0x7f8da00400b0 unknown :-1 s=START_CONNECT pgs=0 cs=0 l=1 rev1=0 crypto rx=0 tx=0 comp rx=0 tx=0).stop
2026-02-20T01:09:40.904 INFO:teuthology.orchestra.run.trial127.stdout:/usr/bin/ceph: stderr
2026-02-20T01:09:40.872+0000 7f8dcae35640 1 -- 10.20.193.127:0/2692675513 >> [v2:10.20.193.127:3300/0,v1:10.20.193.127:6789/0] conn(0x7f8dc407eed0 msgr2=0x7f8dc41a02e0 secure :-1 s=STATE_CONNECTION_ESTABLISHED l=1).mark_down
2026-02-20T01:09:40.904 INFO:teuthology.orchestra.run.trial127.stdout:/usr/bin/ceph: stderr
2026-02-20T01:09:40.872+0000 7f8dcae35640 1 --2- 10.20.193.127:0/2692675513 >> [v2:10.20.193.127:3300/0,v1:10.20.193.127:6789/0] conn(0x7f8dc407eed0 0x7f8dc41a02e0 secure :-1 s=READY pgs=25 cs=0 l=1 rev1=1 crypto rx=0x7f8db4009a50 tx=0x7f8db4037b90 comp rx=0 tx=0).stop
2026-02-20T01:09:40.904 INFO:teuthology.orchestra.run.trial127.stdout:/usr/bin/ceph: stderr
2026-02-20T01:09:40.872+0000 7f8dcae35640 1 -- 10.20.193.127:0/2692675513 shutdown_connections
2026-02-20T01:09:40.904 INFO:teuthology.orchestra.run.trial127.stdout:/usr/bin/ceph: stderr
2026-02-20T01:09:40.872+0000 7f8dcae35640 1 --2- 10.20.193.127:0/2692675513 >> [v2:10.20.193.127:6800/3645417338,v1:10.20.193.127:6801/3645417338] conn(0x7f8da003dbf0 0x7f8da00400b0 unknown :-1 s=CLOSED pgs=0 cs=0 l=1 rev1=0 crypto rx=0 tx=0 comp rx=0 tx=0).stop
2026-02-20T01:09:40.904 INFO:teuthology.orchestra.run.trial127.stdout:/usr/bin/ceph: stderr
2026-02-20T01:09:40.872+0000 7f8dcae35640 1 --2- 10.20.193.127:0/2692675513 >> [v2:10.20.193.127:3300/0,v1:10.20.193.127:6789/0] conn(0x7f8dc407eed0 0x7f8dc41a02e0 unknown :-1 s=CLOSED pgs=25 cs=0 l=1 rev1=1 crypto rx=0 tx=0 comp rx=0 tx=0).stop
2026-02-20T01:09:40.904 INFO:teuthology.orchestra.run.trial127.stdout:/usr/bin/ceph: stderr
2026-02-20T01:09:40.872+0000 7f8dcae35640 1 -- 10.20.193.127:0/2692675513 >> 10.20.193.127:0/2692675513 conn(0x7f8dc4103940 msgr2=0x7f8dc4104560 unknown :-1 s=STATE_NONE l=0).mark_down
2026-02-20T01:09:40.904 INFO:teuthology.orchestra.run.trial127.stdout:/usr/bin/ceph: stderr
2026-02-20T01:09:40.873+0000 7f8dcae35640 1 -- 10.20.193.127:0/2692675513 shutdown_connections
2026-02-20T01:09:40.904 INFO:teuthology.orchestra.run.trial127.stdout:/usr/bin/ceph: stderr
2026-02-20T01:09:40.873+0000 7f8dcae35640 1 -- 10.20.193.127:0/2692675513 wait complete.
2026-02-20T01:09:40.904 INFO:teuthology.orchestra.run.trial127.stdout:Waiting for the mgr to restart...
2026-02-20T01:09:40.904 INFO:teuthology.orchestra.run.trial127.stdout:Waiting for mgr epoch 5...
2026-02-20T01:09:41.478 INFO:journalctl@ceph.mgr.x.trial127.stdout:Feb 20 01:09:41 trial127 ceph-c70dd21c-0df8-11f1-9a99-d404e6e7d460-mgr-x[39984]:
2026-02-20T01:09:41.200+0000 7fead1416140 -1 mgr[py] Module prometheus has missing NOTIFY_TYPES member
2026-02-20T01:09:41.479 INFO:journalctl@ceph.mgr.x.trial127.stdout:Feb 20 01:09:41 trial127 ceph-c70dd21c-0df8-11f1-9a99-d404e6e7d460-mgr-x[39984]:
2026-02-20T01:09:41.234+0000 7fead1416140 -1 mgr[py] Module balancer has missing NOTIFY_TYPES member
2026-02-20T01:09:41.479 INFO:journalctl@ceph.mgr.x.trial127.stdout:Feb 20 01:09:41 trial127 ceph-c70dd21c-0df8-11f1-9a99-d404e6e7d460-mgr-x[39984]:
2026-02-20T01:09:41.276+0000 7fead1416140 -1 mgr[py] Module rbd_support has missing NOTIFY_TYPES member
2026-02-20T01:09:41.479 INFO:journalctl@ceph.mgr.x.trial127.stdout:Feb 20 01:09:41 trial127 ceph-c70dd21c-0df8-11f1-9a99-d404e6e7d460-mgr-x[39984]:
2026-02-20T01:09:41.307+0000 7fead1416140 -1 mgr[py] Module devicehealth has missing NOTIFY_TYPES member
2026-02-20T01:09:41.479 INFO:journalctl@ceph.mgr.x.trial127.stdout:Feb 20 01:09:41 trial127 ceph-c70dd21c-0df8-11f1-9a99-d404e6e7d460-mgr-x[39984]:
2026-02-20T01:09:41.341+0000 7fead1416140 -1 mgr[py] Module alerts has missing NOTIFY_TYPES member
2026-02-20T01:09:41.479 INFO:journalctl@ceph.mgr.x.trial127.stdout:Feb 20 01:09:41 trial127 ceph-c70dd21c-0df8-11f1-9a99-d404e6e7d460-mgr-x[39984]:
2026-02-20T01:09:41.408+0000 7fead1416140 -1 mgr[py] Module telemetry has missing NOTIFY_TYPES member
2026-02-20T01:09:41.479 INFO:journalctl@ceph.mgr.x.trial127.stdout:Feb 20 01:09:41 trial127 ceph-c70dd21c-0df8-11f1-9a99-d404e6e7d460-mgr-x[39984]: /lib64/python3.9/site-packages/scipy/__init__.py:73: UserWarning: NumPy was imported from a Python sub-interpreter but NumPy does not properly support sub-interpreters. This will likely work for most users but might cause hard to track down issues or subtle bugs. A common user of the rare sub-interpreter feature is wsgi which also allows single-interpreter mode.
2026-02-20T01:09:41.479 INFO:journalctl@ceph.mgr.x.trial127.stdout:Feb 20 01:09:41 trial127 ceph-c70dd21c-0df8-11f1-9a99-d404e6e7d460-mgr-x[39984]: Improvements in the case of bugs are welcome, but is not on the NumPy roadmap, and full support may require significant effort to achieve.
2026-02-20T01:09:41.480 INFO:journalctl@ceph.mgr.x.trial127.stdout:Feb 20 01:09:41 trial127 ceph-c70dd21c-0df8-11f1-9a99-d404e6e7d460-mgr-x[39984]: from numpy import show_config as show_numpy_config
2026-02-20T01:09:41.739 INFO:journalctl@ceph.mon.a.trial127.stdout:Feb 20 01:09:41 trial127 ceph-mon[39713]: from='client.? 10.20.193.127:0/3247096305' entity='client.admin' cmd='[{"prefix": "mgr module enable", "module": "cephadm"}]': finished
2026-02-20T01:09:41.740 INFO:journalctl@ceph.mon.a.trial127.stdout:Feb 20 01:09:41 trial127 ceph-mon[39713]: mgrmap e5: x(active, since 3s)
2026-02-20T01:09:41.740 INFO:journalctl@ceph.mon.a.trial127.stdout:Feb 20 01:09:41 trial127 ceph-mon[39713]: from='client.? 10.20.193.127:0/2692675513' entity='client.admin' cmd=[{"prefix": "mgr stat"}]: dispatch
2026-02-20T01:09:41.740 INFO:journalctl@ceph.mgr.x.trial127.stdout:Feb 20 01:09:41 trial127 ceph-c70dd21c-0df8-11f1-9a99-d404e6e7d460-mgr-x[39984]:
2026-02-20T01:09:41.481+0000 7fead1416140 -1 mgr[py] Module diskprediction_local has missing NOTIFY_TYPES member
2026-02-20T01:09:41.740 INFO:journalctl@ceph.mgr.x.trial127.stdout:Feb 20 01:09:41 trial127 ceph-c70dd21c-0df8-11f1-9a99-d404e6e7d460-mgr-x[39984]:
2026-02-20T01:09:41.515+0000 7fead1416140 -1 mgr[py] Module status has missing NOTIFY_TYPES member
2026-02-20T01:09:41.740 INFO:journalctl@ceph.mgr.x.trial127.stdout:Feb 20 01:09:41 trial127 ceph-c70dd21c-0df8-11f1-9a99-d404e6e7d460-mgr-x[39984]:
2026-02-20T01:09:41.611+0000 7fead1416140 -1 mgr[py] Module rgw has missing NOTIFY_TYPES member
2026-02-20T01:09:41.740 INFO:journalctl@ceph.mgr.x.trial127.stdout:Feb 20 01:09:41 trial127 ceph-c70dd21c-0df8-11f1-9a99-d404e6e7d460-mgr-x[39984]:
2026-02-20T01:09:41.671+0000 7fead1416140 -1 mgr[py] Module iostat has missing NOTIFY_TYPES member
2026-02-20T01:09:41.741 INFO:journalctl@ceph.mgr.x.trial127.stdout:Feb 20 01:09:41 trial127 ceph-c70dd21c-0df8-11f1-9a99-d404e6e7d460-mgr-x[39984]:
2026-02-20T01:09:41.705+0000 7fead1416140 -1 mgr[py] Module pg_autoscaler has missing NOTIFY_TYPES member
2026-02-20T01:09:41.741 INFO:journalctl@ceph.mgr.x.trial127.stdout:Feb 20 01:09:41 trial127 ceph-c70dd21c-0df8-11f1-9a99-d404e6e7d460-mgr-x[39984]:
2026-02-20T01:09:41.738+0000 7fead1416140 -1 mgr[py] Module osd_perf_query has missing NOTIFY_TYPES member
2026-02-20T01:09:42.033 INFO:journalctl@ceph.mgr.x.trial127.stdout:Feb 20 01:09:41 trial127 ceph-c70dd21c-0df8-11f1-9a99-d404e6e7d460-mgr-x[39984]:
2026-02-20T01:09:41.773+0000 7fead1416140 -1 mgr[py] Module crash has missing NOTIFY_TYPES member
2026-02-20T01:09:42.033 INFO:journalctl@ceph.mgr.x.trial127.stdout:Feb 20 01:09:41 trial127 ceph-c70dd21c-0df8-11f1-9a99-d404e6e7d460-mgr-x[39984]:
2026-02-20T01:09:41.804+0000 7fead1416140 -1 mgr[py] Module progress has missing NOTIFY_TYPES member
2026-02-20T01:09:42.297 INFO:journalctl@ceph.mgr.x.trial127.stdout:Feb 20 01:09:42 trial127 ceph-c70dd21c-0df8-11f1-9a99-d404e6e7d460-mgr-x[39984]:
2026-02-20T01:09:42.040+0000 7fead1416140 -1 mgr[py] Module rook has missing NOTIFY_TYPES member
2026-02-20T01:09:42.297 INFO:journalctl@ceph.mgr.x.trial127.stdout:Feb 20 01:09:42 trial127 ceph-c70dd21c-0df8-11f1-9a99-d404e6e7d460-mgr-x[39984]:
2026-02-20T01:09:42.140+0000 7fead1416140 -1 mgr[py] Module nfs has missing NOTIFY_TYPES member
2026-02-20T01:09:42.297 INFO:journalctl@ceph.mgr.x.trial127.stdout:Feb 20 01:09:42 trial127 ceph-c70dd21c-0df8-11f1-9a99-d404e6e7d460-mgr-x[39984]:
2026-02-20T01:09:42.171+0000 7fead1416140 -1 mgr[py] Module telegraf has missing NOTIFY_TYPES member
2026-02-20T01:09:42.297 INFO:journalctl@ceph.mgr.x.trial127.stdout:Feb 20 01:09:42 trial127 ceph-c70dd21c-0df8-11f1-9a99-d404e6e7d460-mgr-x[39984]:
2026-02-20T01:09:42.202+0000 7fead1416140 -1 mgr[py] Module selftest has missing NOTIFY_TYPES member
2026-02-20T01:09:42.297 INFO:journalctl@ceph.mgr.x.trial127.stdout:Feb 20 01:09:42 trial127 ceph-c70dd21c-0df8-11f1-9a99-d404e6e7d460-mgr-x[39984]:
2026-02-20T01:09:42.295+0000 7fead1416140 -1 mgr[py] Module test_orchestrator has missing NOTIFY_TYPES member
2026-02-20T01:09:42.783 INFO:journalctl@ceph.mgr.x.trial127.stdout:Feb 20 01:09:42 trial127 ceph-c70dd21c-0df8-11f1-9a99-d404e6e7d460-mgr-x[39984]:
2026-02-20T01:09:42.325+0000 7fead1416140 -1 mgr[py] Module osd_support has missing NOTIFY_TYPES member
2026-02-20T01:09:42.783 INFO:journalctl@ceph.mgr.x.trial127.stdout:Feb 20 01:09:42 trial127 ceph-c70dd21c-0df8-11f1-9a99-d404e6e7d460-mgr-x[39984]:
2026-02-20T01:09:42.417+0000 7fead1416140 -1 mgr[py] Module orchestrator has missing NOTIFY_TYPES member
2026-02-20T01:09:43.283 INFO:journalctl@ceph.mgr.x.trial127.stdout:Feb 20 01:09:42 trial127 ceph-c70dd21c-0df8-11f1-9a99-d404e6e7d460-mgr-x[39984]:
2026-02-20T01:09:42.874+0000 7fead1416140 -1 mgr[py] Module volumes has missing NOTIFY_TYPES member
2026-02-20T01:09:43.283 INFO:journalctl@ceph.mgr.x.trial127.stdout:Feb 20 01:09:42 trial127 ceph-c70dd21c-0df8-11f1-9a99-d404e6e7d460-mgr-x[39984]:
2026-02-20T01:09:42.904+0000 7fead1416140 -1 mgr[py] Module zabbix has missing NOTIFY_TYPES member
2026-02-20T01:09:43.783 INFO:journalctl@ceph.mgr.x.trial127.stdout:Feb 20 01:09:43 trial127 ceph-c70dd21c-0df8-11f1-9a99-d404e6e7d460-mgr-x[39984]:
2026-02-20T01:09:43.304+0000 7fead1416140 -1 mgr[py] Module influx has missing NOTIFY_TYPES member
2026-02-20T01:09:43.783 INFO:journalctl@ceph.mon.a.trial127.stdout:Feb 20 01:09:43 trial127 ceph-mon[39713]: Active manager daemon x restarted
2026-02-20T01:09:43.784 INFO:journalctl@ceph.mon.a.trial127.stdout:Feb 20 01:09:43 trial127 ceph-mon[39713]: Activating manager daemon x
2026-02-20T01:09:43.784 INFO:journalctl@ceph.mon.a.trial127.stdout:Feb 20 01:09:43 trial127 ceph-mon[39713]: osdmap e2: 0 total, 0 up, 0 in
2026-02-20T01:09:43.784 INFO:journalctl@ceph.mon.a.trial127.stdout:Feb 20 01:09:43 trial127 ceph-mon[39713]: mgrmap e6: x(active, starting, since 0.00257302s)
2026-02-20T01:09:43.784 INFO:journalctl@ceph.mon.a.trial127.stdout:Feb 20 01:09:43 trial127 ceph-mon[39713]: from='mgr.14118 10.20.193.127:0/3786571665' entity='mgr.x' cmd=[{"prefix": "mon metadata", "id": "a"}]: dispatch
2026-02-20T01:09:43.784 INFO:journalctl@ceph.mon.a.trial127.stdout:Feb 20 01:09:43 trial127 ceph-mon[39713]: from='mgr.14118 10.20.193.127:0/3786571665' entity='mgr.x' cmd=[{"prefix": "mgr metadata", "who": "x", "id": "x"}]: dispatch
2026-02-20T01:09:43.784 INFO:journalctl@ceph.mon.a.trial127.stdout:Feb 20 01:09:43 trial127 ceph-mon[39713]: from='mgr.14118 10.20.193.127:0/3786571665' entity='mgr.x' cmd=[{"prefix": "mds metadata"}]: dispatch
2026-02-20T01:09:43.784 INFO:journalctl@ceph.mon.a.trial127.stdout:Feb 20 01:09:43 trial127 ceph-mon[39713]: from='mgr.14118 10.20.193.127:0/3786571665' entity='mgr.x' cmd=[{"prefix": "osd metadata"}]: dispatch
2026-02-20T01:09:43.784 INFO:journalctl@ceph.mon.a.trial127.stdout:Feb 20 01:09:43 trial127 ceph-mon[39713]: from='mgr.14118 10.20.193.127:0/3786571665' entity='mgr.x' cmd=[{"prefix": "mon metadata"}]: dispatch
2026-02-20T01:09:43.784 INFO:journalctl@ceph.mon.a.trial127.stdout:Feb 20 01:09:43 trial127 ceph-mon[39713]: Manager daemon x is now available
2026-02-20T01:09:43.784 INFO:journalctl@ceph.mon.a.trial127.stdout:Feb 20 01:09:43 trial127 ceph-mon[39713]: from='mgr.14118 10.20.193.127:0/3786571665' entity='mgr.x'
2026-02-20T01:09:43.784 INFO:journalctl@ceph.mon.a.trial127.stdout:Feb 20 01:09:43 trial127 ceph-mon[39713]: from='mgr.14118 10.20.193.127:0/3786571665' entity='mgr.x'
2026-02-20T01:09:43.785 INFO:journalctl@ceph.mon.a.trial127.stdout:Feb 20 01:09:43 trial127 ceph-mon[39713]: from='mgr.14118 10.20.193.127:0/3786571665' entity='mgr.x' cmd=[{"prefix": "config dump", "format": "json"}]: dispatch
2026-02-20T01:09:43.785 INFO:journalctl@ceph.mon.a.trial127.stdout:Feb 20 01:09:43 trial127 ceph-mon[39713]: from='mgr.14118 10.20.193.127:0/3786571665' entity='mgr.x' cmd=[{"prefix": "config dump", "format": "json"}]: dispatch
2026-02-20T01:09:43.785 INFO:journalctl@ceph.mon.a.trial127.stdout:Feb 20 01:09:43 trial127 ceph-mon[39713]: from='mgr.14118 10.20.193.127:0/3786571665' entity='mgr.x' cmd=[{"prefix":"config rm","who":"mgr","name":"mgr/rbd_support/x/mirror_snapshot_schedule"}]: dispatch
2026-02-20T01:09:43.785 INFO:journalctl@ceph.mon.a.trial127.stdout:Feb 20 01:09:43 trial127 ceph-mon[39713]: from='mgr.14118 10.20.193.127:0/3786571665' entity='mgr.x' cmd=[{"prefix":"config rm","who":"mgr","name":"mgr/rbd_support/x/trash_purge_schedule"}]: dispatch
2026-02-20T01:09:44.335 INFO:teuthology.orchestra.run.trial127.stdout:/usr/bin/ceph: stdout {
2026-02-20T01:09:44.336 INFO:teuthology.orchestra.run.trial127.stdout:/usr/bin/ceph: stdout "mgrmap_epoch": 7,
2026-02-20T01:09:44.336 INFO:teuthology.orchestra.run.trial127.stdout:/usr/bin/ceph: stdout "initialized": true
2026-02-20T01:09:44.336 INFO:teuthology.orchestra.run.trial127.stdout:/usr/bin/ceph: stdout }
2026-02-20T01:09:44.336 INFO:teuthology.orchestra.run.trial127.stdout:/usr/bin/ceph: stderr
2026-02-20T01:09:40.991+0000 7fb905404640 1 Processor -- start
2026-02-20T01:09:44.336 INFO:teuthology.orchestra.run.trial127.stdout:/usr/bin/ceph: stderr
2026-02-20T01:09:40.991+0000 7fb905404640 1 -- start start
2026-02-20T01:09:44.336 INFO:teuthology.orchestra.run.trial127.stdout:/usr/bin/ceph: stderr
2026-02-20T01:09:40.991+0000 7fb905404640 1 --2- >> [v2:10.20.193.127:3300/0,v1:10.20.193.127:6789/0] conn(0x7fb90010ba50 0x7fb90010be50 unknown :-1 s=NONE pgs=0 cs=0 l=0 rev1=0 crypto rx=0 tx=0 comp rx=0 tx=0).connect
2026-02-20T01:09:44.336 INFO:teuthology.orchestra.run.trial127.stdout:/usr/bin/ceph: stderr
2026-02-20T01:09:40.991+0000 7fb905404640 1 -- --> [v2:10.20.193.127:3300/0,v1:10.20.193.127:6789/0] -- mon_getmap magic: 0 -- 0x7fb90010c420 con 0x7fb90010ba50
2026-02-20T01:09:44.336 INFO:teuthology.orchestra.run.trial127.stdout:/usr/bin/ceph: stderr
2026-02-20T01:09:40.991+0000 7fb8feffd640 1 --2- >> [v2:10.20.193.127:3300/0,v1:10.20.193.127:6789/0] conn(0x7fb90010ba50 0x7fb90010be50 unknown :-1 s=BANNER_CONNECTING pgs=0 cs=0 l=0 rev1=0 crypto rx=0 tx=0 comp rx=0 tx=0)._handle_peer_banner_payload supported=3 required=0
2026-02-20T01:09:44.336 INFO:teuthology.orchestra.run.trial127.stdout:/usr/bin/ceph: stderr
2026-02-20T01:09:40.991+0000 7fb8feffd640 1 --2- >> [v2:10.20.193.127:3300/0,v1:10.20.193.127:6789/0] conn(0x7fb90010ba50 0x7fb90010be50 unknown :-1 s=HELLO_CONNECTING pgs=0 cs=0 l=0 rev1=1 crypto rx=0 tx=0 comp rx=0 tx=0).handle_hello peer v2:10.20.193.127:3300/0 says I am v2:10.20.193.127:38296/0 (socket says 10.20.193.127:38296)
2026-02-20T01:09:44.336 INFO:teuthology.orchestra.run.trial127.stdout:/usr/bin/ceph: stderr
2026-02-20T01:09:40.991+0000 7fb8feffd640 1 -- 10.20.193.127:0/4003135000 learned_addr learned my addr 10.20.193.127:0/4003135000 (peer_addr_for_me v2:10.20.193.127:0/0)
2026-02-20T01:09:44.336 INFO:teuthology.orchestra.run.trial127.stdout:/usr/bin/ceph: stderr
2026-02-20T01:09:40.991+0000 7fb8feffd640 1 -- 10.20.193.127:0/4003135000 --> [v2:10.20.193.127:3300/0,v1:10.20.193.127:6789/0] -- mon_subscribe({config=0+,monmap=0+}) -- 0x7fb90010a6b0 con 0x7fb90010ba50
2026-02-20T01:09:44.336 INFO:teuthology.orchestra.run.trial127.stdout:/usr/bin/ceph: stderr
2026-02-20T01:09:40.991+0000 7fb8feffd640 1 --2- 10.20.193.127:0/4003135000 >> [v2:10.20.193.127:3300/0,v1:10.20.193.127:6789/0] conn(0x7fb90010ba50 0x7fb90010be50 secure :-1 s=READY pgs=26 cs=0 l=1 rev1=1 crypto rx=0x7fb8f4009920 tx=0x7fb8f402ef20 comp rx=0 tx=0).ready entity=mon.0 client_cookie=fcdb0837ac88ddb1 server_cookie=0 in_seq=0 out_seq=0
2026-02-20T01:09:44.336 INFO:teuthology.orchestra.run.trial127.stdout:/usr/bin/ceph: stderr
2026-02-20T01:09:40.991+0000 7fb8fdffb640 1 -- 10.20.193.127:0/4003135000 <== mon.0 v2:10.20.193.127:3300/0 1 ==== mon_map magic: 0 ==== 205+0+0 (secure 0 0 0) 0x7fb8f403c070 con 0x7fb90010ba50
2026-02-20T01:09:44.336 INFO:teuthology.orchestra.run.trial127.stdout:/usr/bin/ceph: stderr
2026-02-20T01:09:40.991+0000 7fb8fdffb640 1 -- 10.20.193.127:0/4003135000 <== mon.0 v2:10.20.193.127:3300/0 2 ==== config(26 keys) ==== 1045+0+0 (secure 0 0 0) 0x7fb8f4037440 con 0x7fb90010ba50
2026-02-20T01:09:44.336 INFO:teuthology.orchestra.run.trial127.stdout:/usr/bin/ceph: stderr
2026-02-20T01:09:40.991+0000 7fb8fdffb640 1 -- 10.20.193.127:0/4003135000 <== mon.0 v2:10.20.193.127:3300/0 3 ==== mon_map magic: 0 ==== 205+0+0 (secure 0 0 0) 0x7fb8f40354b0 con 0x7fb90010ba50
2026-02-20T01:09:44.336 INFO:teuthology.orchestra.run.trial127.stdout:/usr/bin/ceph: stderr
2026-02-20T01:09:40.991+0000 7fb905404640 1 -- 10.20.193.127:0/4003135000 >> [v2:10.20.193.127:3300/0,v1:10.20.193.127:6789/0] conn(0x7fb90010ba50 msgr2=0x7fb90010be50 secure :-1 s=STATE_CONNECTION_ESTABLISHED l=1).mark_down
2026-02-20T01:09:44.336 INFO:teuthology.orchestra.run.trial127.stdout:/usr/bin/ceph: stderr
2026-02-20T01:09:40.991+0000 7fb905404640 1 --2- 10.20.193.127:0/4003135000 >> [v2:10.20.193.127:3300/0,v1:10.20.193.127:6789/0] conn(0x7fb90010ba50 0x7fb90010be50 secure :-1 s=READY pgs=26 cs=0 l=1 rev1=1 crypto rx=0x7fb8f4009920 tx=0x7fb8f402ef20 comp rx=0 tx=0).stop
2026-02-20T01:09:44.336 INFO:teuthology.orchestra.run.trial127.stdout:/usr/bin/ceph: stderr
2026-02-20T01:09:40.991+0000 7fb905404640 1 -- 10.20.193.127:0/4003135000 shutdown_connections
2026-02-20T01:09:44.336 INFO:teuthology.orchestra.run.trial127.stdout:/usr/bin/ceph: stderr
2026-02-20T01:09:40.991+0000 7fb905404640 1 --2- 10.20.193.127:0/4003135000 >> [v2:10.20.193.127:3300/0,v1:10.20.193.127:6789/0] conn(0x7fb90010ba50 0x7fb90010be50 unknown :-1 s=CLOSED pgs=26 cs=0 l=1 rev1=1 crypto rx=0 tx=0 comp rx=0 tx=0).stop
2026-02-20T01:09:44.336 INFO:teuthology.orchestra.run.trial127.stdout:/usr/bin/ceph: stderr
2026-02-20T01:09:40.991+0000 7fb905404640 1 -- 10.20.193.127:0/4003135000 >> 10.20.193.127:0/4003135000 conn(0x7fb90007db10 msgr2=0x7fb90007df40 unknown :-1 s=STATE_NONE l=0).mark_down
2026-02-20T01:09:44.336 INFO:teuthology.orchestra.run.trial127.stdout:/usr/bin/ceph: stderr
2026-02-20T01:09:40.991+0000 7fb905404640 1 -- 10.20.193.127:0/4003135000 shutdown_connections
2026-02-20T01:09:44.336 INFO:teuthology.orchestra.run.trial127.stdout:/usr/bin/ceph: stderr
2026-02-20T01:09:40.991+0000 7fb905404640 1 -- 10.20.193.127:0/4003135000 wait complete.
2026-02-20T01:09:44.336 INFO:teuthology.orchestra.run.trial127.stdout:/usr/bin/ceph: stderr
2026-02-20T01:09:40.992+0000 7fb905404640 1 Processor -- start
2026-02-20T01:09:44.336 INFO:teuthology.orchestra.run.trial127.stdout:/usr/bin/ceph: stderr
2026-02-20T01:09:40.992+0000 7fb905404640 1 -- start start
2026-02-20T01:09:44.336 INFO:teuthology.orchestra.run.trial127.stdout:/usr/bin/ceph: stderr
2026-02-20T01:09:40.992+0000 7fb905404640 1 --2- >> [v2:10.20.193.127:3300/0,v1:10.20.193.127:6789/0] conn(0x7fb90010ba50 0x7fb9001a03c0 unknown :-1 s=NONE pgs=0 cs=0 l=1 rev1=0 crypto rx=0 tx=0 comp rx=0 tx=0).connect
2026-02-20T01:09:44.336 INFO:teuthology.orchestra.run.trial127.stdout:/usr/bin/ceph: stderr
2026-02-20T01:09:40.992+0000 7fb905404640 1 -- --> [v2:10.20.193.127:3300/0,v1:10.20.193.127:6789/0] -- mon_getmap magic: 0 -- 0x7fb90010e8f0 con 0x7fb90010ba50
2026-02-20T01:09:44.336 INFO:teuthology.orchestra.run.trial127.stdout:/usr/bin/ceph: stderr
2026-02-20T01:09:40.992+0000 7fb8feffd640 1 --2- >> [v2:10.20.193.127:3300/0,v1:10.20.193.127:6789/0] conn(0x7fb90010ba50 0x7fb9001a03c0 unknown :-1 s=BANNER_CONNECTING pgs=0 cs=0 l=1 rev1=0 crypto rx=0 tx=0 comp rx=0 tx=0)._handle_peer_banner_payload supported=3 required=0
2026-02-20T01:09:44.337 INFO:teuthology.orchestra.run.trial127.stdout:/usr/bin/ceph: stderr
2026-02-20T01:09:40.992+0000 7fb8feffd640 1 --2- >> [v2:10.20.193.127:3300/0,v1:10.20.193.127:6789/0] conn(0x7fb90010ba50 0x7fb9001a03c0 unknown :-1 s=HELLO_CONNECTING pgs=0 cs=0 l=1 rev1=1 crypto rx=0 tx=0 comp rx=0 tx=0).handle_hello peer v2:10.20.193.127:3300/0 says I am v2:10.20.193.127:38302/0 (socket says 10.20.193.127:38302)
2026-02-20T01:09:44.337 INFO:teuthology.orchestra.run.trial127.stdout:/usr/bin/ceph: stderr
2026-02-20T01:09:40.992+0000 7fb8feffd640 1 -- 10.20.193.127:0/2477242213 learned_addr learned my addr 10.20.193.127:0/2477242213 (peer_addr_for_me v2:10.20.193.127:0/0)
2026-02-20T01:09:44.337 INFO:teuthology.orchestra.run.trial127.stdout:/usr/bin/ceph: stderr
2026-02-20T01:09:40.992+0000 7fb8feffd640 1 -- 10.20.193.127:0/2477242213 --> [v2:10.20.193.127:3300/0,v1:10.20.193.127:6789/0] -- mon_subscribe({config=0+,monmap=0+}) -- 0x7fb9001a0900 con 0x7fb90010ba50
2026-02-20T01:09:44.337 INFO:teuthology.orchestra.run.trial127.stdout:/usr/bin/ceph: stderr
2026-02-20T01:09:40.992+0000 7fb8feffd640 1 --2- 10.20.193.127:0/2477242213 >> [v2:10.20.193.127:3300/0,v1:10.20.193.127:6789/0] conn(0x7fb90010ba50 0x7fb9001a03c0 secure :-1 s=READY pgs=27 cs=0 l=1 rev1=1 crypto rx=0x7fb8f4002410 tx=0x7fb8f4037b90 comp rx=0 tx=0).ready entity=mon.0 client_cookie=0 server_cookie=0 in_seq=0 out_seq=0
2026-02-20T01:09:44.337 INFO:teuthology.orchestra.run.trial127.stdout:/usr/bin/ceph: stderr
2026-02-20T01:09:40.992+0000 7fb8dffff640 1 -- 10.20.193.127:0/2477242213 <== mon.0 v2:10.20.193.127:3300/0 1 ==== mon_map magic: 0 ==== 205+0+0 (secure 0 0 0) 0x7fb8f4045070 con 0x7fb90010ba50
2026-02-20T01:09:44.337 INFO:teuthology.orchestra.run.trial127.stdout:/usr/bin/ceph: stderr
2026-02-20T01:09:40.992+0000 7fb8dffff640 1 -- 10.20.193.127:0/2477242213 <== mon.0 v2:10.20.193.127:3300/0 2 ==== config(26 keys) ==== 1045+0+0 (secure 0 0 0) 0x7fb8f4040450 con 0x7fb90010ba50
2026-02-20T01:09:44.337 INFO:teuthology.orchestra.run.trial127.stdout:/usr/bin/ceph: stderr
2026-02-20T01:09:40.992+0000 7fb905404640 1 -- 10.20.193.127:0/2477242213 --> [v2:10.20.193.127:3300/0,v1:10.20.193.127:6789/0] -- mon_subscribe({mgrmap=0+}) -- 0x7fb9001a0b90 con 0x7fb90010ba50
2026-02-20T01:09:44.337 INFO:teuthology.orchestra.run.trial127.stdout:/usr/bin/ceph: stderr
2026-02-20T01:09:40.992+0000 7fb8dffff640 1 -- 10.20.193.127:0/2477242213 <== mon.0 v2:10.20.193.127:3300/0 3 ==== mon_map magic: 0 ==== 205+0+0 (secure 0 0 0) 0x7fb8f403c070 con 0x7fb90010ba50
2026-02-20T01:09:44.337 INFO:teuthology.orchestra.run.trial127.stdout:/usr/bin/ceph: stderr
2026-02-20T01:09:40.992+0000 7fb905404640 1 -- 10.20.193.127:0/2477242213 --> [v2:10.20.193.127:3300/0,v1:10.20.193.127:6789/0] -- mon_subscribe({osdmap=0}) -- 0x7fb9001a3880 con 0x7fb90010ba50
2026-02-20T01:09:44.337 INFO:teuthology.orchestra.run.trial127.stdout:/usr/bin/ceph: stderr
2026-02-20T01:09:40.993+0000 7fb8dffff640 1 -- 10.20.193.127:0/2477242213 <== mon.0 v2:10.20.193.127:3300/0 4 ==== mgrmap(e 5) ==== 50247+0+0 (secure 0 0 0) 0x7fb8f4035aa0 con 0x7fb90010ba50
2026-02-20T01:09:44.337 INFO:teuthology.orchestra.run.trial127.stdout:/usr/bin/ceph: stderr
2026-02-20T01:09:40.993+0000 7fb8dffff640 1 --2- 10.20.193.127:0/2477242213 >> [v2:10.20.193.127:6800/3645417338,v1:10.20.193.127:6801/3645417338] conn(0x7fb8d403dbf0 0x7fb8d40400b0 unknown :-1 s=NONE pgs=0 cs=0 l=1 rev1=0 crypto rx=0 tx=0 comp rx=0 tx=0).connect
2026-02-20T01:09:44.337 INFO:teuthology.orchestra.run.trial127.stdout:/usr/bin/ceph: stderr
2026-02-20T01:09:40.993+0000 7fb8dffff640 1 -- 10.20.193.127:0/2477242213 --> [v2:10.20.193.127:6800/3645417338,v1:10.20.193.127:6801/3645417338] -- command(tid 0: {"prefix": "get_command_descriptions"}) -- 0x7fb8d40407c0 con 0x7fb8d403dbf0
2026-02-20T01:09:44.337 INFO:teuthology.orchestra.run.trial127.stdout:/usr/bin/ceph: stderr
2026-02-20T01:09:40.993+0000 7fb8fe7fc640 1 -- 10.20.193.127:0/2477242213 >> [v2:10.20.193.127:6800/3645417338,v1:10.20.193.127:6801/3645417338] conn(0x7fb8d403dbf0 msgr2=0x7fb8d40400b0 unknown :-1 s=STATE_CONNECTING_RE l=1).process reconnect failed to v2:10.20.193.127:6800/3645417338
2026-02-20T01:09:44.337 INFO:teuthology.orchestra.run.trial127.stdout:/usr/bin/ceph: stderr
2026-02-20T01:09:40.993+0000 7fb8dffff640 1 -- 10.20.193.127:0/2477242213 <== mon.0 v2:10.20.193.127:3300/0 5 ==== osd_map(1..1 src has 1..1) ==== 725+0+0 (secure 0 0 0) 0x7fb8f4076640 con 0x7fb90010ba50
2026-02-20T01:09:44.337 INFO:teuthology.orchestra.run.trial127.stdout:/usr/bin/ceph: stderr
2026-02-20T01:09:40.993+0000 7fb8fe7fc640 1 --2- 10.20.193.127:0/2477242213 >> [v2:10.20.193.127:6800/3645417338,v1:10.20.193.127:6801/3645417338] conn(0x7fb8d403dbf0 0x7fb8d40400b0 unknown :-1 s=START_CONNECT pgs=0 cs=0 l=1 rev1=0 crypto rx=0 tx=0 comp rx=0 tx=0)._fault waiting 0.200000
2026-02-20T01:09:44.337 INFO:teuthology.orchestra.run.trial127.stdout:/usr/bin/ceph: stderr
2026-02-20T01:09:41.194+0000 7fb8fe7fc640 1 -- 10.20.193.127:0/2477242213 >> [v2:10.20.193.127:6800/3645417338,v1:10.20.193.127:6801/3645417338] conn(0x7fb8d403dbf0 msgr2=0x7fb8d40400b0 unknown :-1 s=STATE_CONNECTING_RE l=1).process reconnect failed to v2:10.20.193.127:6800/3645417338
2026-02-20T01:09:44.337 INFO:teuthology.orchestra.run.trial127.stdout:/usr/bin/ceph: stderr
2026-02-20T01:09:41.194+0000 7fb8fe7fc640 1 --2- 10.20.193.127:0/2477242213 >> [v2:10.20.193.127:6800/3645417338,v1:10.20.193.127:6801/3645417338] conn(0x7fb8d403dbf0 0x7fb8d40400b0 unknown :-1 s=START_CONNECT pgs=0 cs=0 l=1 rev1=0 crypto rx=0 tx=0 comp rx=0 tx=0)._fault waiting 0.400000
2026-02-20T01:09:44.337 INFO:teuthology.orchestra.run.trial127.stdout:/usr/bin/ceph: stderr
2026-02-20T01:09:41.595+0000 7fb8fe7fc640 1 -- 10.20.193.127:0/2477242213 >> [v2:10.20.193.127:6800/3645417338,v1:10.20.193.127:6801/3645417338] conn(0x7fb8d403dbf0 msgr2=0x7fb8d40400b0 unknown :-1 s=STATE_CONNECTING_RE l=1).process reconnect failed to v2:10.20.193.127:6800/3645417338
2026-02-20T01:09:44.337 INFO:teuthology.orchestra.run.trial127.stdout:/usr/bin/ceph: stderr
2026-02-20T01:09:41.595+0000 7fb8fe7fc640 1 --2- 10.20.193.127:0/2477242213 >> [v2:10.20.193.127:6800/3645417338,v1:10.20.193.127:6801/3645417338] conn(0x7fb8d403dbf0 0x7fb8d40400b0 unknown :-1 s=START_CONNECT pgs=0 cs=0 l=1 rev1=0 crypto rx=0 tx=0 comp rx=0 tx=0)._fault waiting 0.800000
2026-02-20T01:09:44.337 INFO:teuthology.orchestra.run.trial127.stdout:/usr/bin/ceph: stderr
2026-02-20T01:09:42.396+0000 7fb8fe7fc640 1 -- 10.20.193.127:0/2477242213 >> [v2:10.20.193.127:6800/3645417338,v1:10.20.193.127:6801/3645417338] conn(0x7fb8d403dbf0 msgr2=0x7fb8d40400b0 unknown :-1 s=STATE_CONNECTING_RE l=1).process reconnect failed to v2:10.20.193.127:6800/3645417338
2026-02-20T01:09:44.337 INFO:teuthology.orchestra.run.trial127.stdout:/usr/bin/ceph: stderr
2026-02-20T01:09:42.396+0000 7fb8fe7fc640 1 --2- 10.20.193.127:0/2477242213 >> [v2:10.20.193.127:6800/3645417338,v1:10.20.193.127:6801/3645417338] conn(0x7fb8d403dbf0 0x7fb8d40400b0 unknown :-1 s=START_CONNECT pgs=0 cs=0 l=1 rev1=0 crypto rx=0 tx=0 comp rx=0 tx=0)._fault waiting 1.600000
2026-02-20T01:09:44.337 INFO:teuthology.orchestra.run.trial127.stdout:/usr/bin/ceph: stderr
2026-02-20T01:09:43.307+0000 7fb8dffff640 1 -- 10.20.193.127:0/2477242213 <== mon.0 v2:10.20.193.127:3300/0 6 ==== mgrmap(e 6) ==== 50014+0+0 (secure 0 0 0) 0x7fb8f4075100 con 0x7fb90010ba50
2026-02-20T01:09:44.337 INFO:teuthology.orchestra.run.trial127.stdout:/usr/bin/ceph: stderr
2026-02-20T01:09:43.307+0000 7fb8dffff640 1 -- 10.20.193.127:0/2477242213 >> [v2:10.20.193.127:6800/3645417338,v1:10.20.193.127:6801/3645417338] conn(0x7fb8d403dbf0 msgr2=0x7fb8d40400b0 unknown :-1 s=STATE_CONNECTING l=1).mark_down
2026-02-20T01:09:44.337 INFO:teuthology.orchestra.run.trial127.stdout:/usr/bin/ceph: stderr
2026-02-20T01:09:43.307+0000 7fb8dffff640 1 --2- 10.20.193.127:0/2477242213 >> [v2:10.20.193.127:6800/3645417338,v1:10.20.193.127:6801/3645417338] conn(0x7fb8d403dbf0 0x7fb8d40400b0 unknown :-1 s=START_CONNECT pgs=0 cs=0 l=1 rev1=0 crypto rx=0 tx=0 comp rx=0 tx=0).stop
2026-02-20T01:09:44.337 INFO:teuthology.orchestra.run.trial127.stdout:/usr/bin/ceph: stderr
2026-02-20T01:09:44.308+0000 7fb8dffff640 1 -- 10.20.193.127:0/2477242213 <== mon.0 v2:10.20.193.127:3300/0 7 ==== mgrmap(e 7) ==== 50141+0+0 (secure 0 0 0) 0x7fb8f4075800 con 0x7fb90010ba50
2026-02-20T01:09:44.337 INFO:teuthology.orchestra.run.trial127.stdout:/usr/bin/ceph: stderr
2026-02-20T01:09:44.308+0000 7fb8dffff640 1 --2- 10.20.193.127:0/2477242213 >> [v2:10.20.193.127:6800/845143869,v1:10.20.193.127:6801/845143869] conn(0x7fb8d4041540 0x7fb8d4043930 unknown :-1 s=NONE pgs=0 cs=0 l=1 rev1=0 crypto rx=0 tx=0 comp rx=0 tx=0).connect
2026-02-20T01:09:44.337 INFO:teuthology.orchestra.run.trial127.stdout:/usr/bin/ceph: stderr
2026-02-20T01:09:44.308+0000 7fb8dffff640 1 -- 10.20.193.127:0/2477242213 --> [v2:10.20.193.127:6800/845143869,v1:10.20.193.127:6801/845143869] -- command(tid 0: {"prefix": "get_command_descriptions"}) -- 0x7fb8f4049eb0 con 0x7fb8d4041540
2026-02-20T01:09:44.337 INFO:teuthology.orchestra.run.trial127.stdout:/usr/bin/ceph: stderr
2026-02-20T01:09:44.309+0000 7fb8fe7fc640 1 --2- 10.20.193.127:0/2477242213 >> [v2:10.20.193.127:6800/845143869,v1:10.20.193.127:6801/845143869] conn(0x7fb8d4041540 0x7fb8d4043930 unknown :-1 s=BANNER_CONNECTING pgs=0 cs=0 l=1 rev1=0 crypto rx=0 tx=0 comp rx=0 tx=0)._handle_peer_banner_payload supported=3 required=0
2026-02-20T01:09:44.337 INFO:teuthology.orchestra.run.trial127.stdout:/usr/bin/ceph: stderr
2026-02-20T01:09:44.309+0000 7fb8fe7fc640 1 --2- 10.20.193.127:0/2477242213 >> [v2:10.20.193.127:6800/845143869,v1:10.20.193.127:6801/845143869] conn(0x7fb8d4041540 0x7fb8d4043930 secure :-1 s=READY pgs=4 cs=0 l=1 rev1=1 crypto rx=0x7fb8e8003a80 tx=0x7fb8e80092b0 comp rx=0 tx=0).ready entity=mgr.14118 client_cookie=0 server_cookie=0 in_seq=0 out_seq=0
2026-02-20T01:09:44.338 INFO:teuthology.orchestra.run.trial127.stdout:/usr/bin/ceph: stderr
2026-02-20T01:09:44.310+0000 7fb8dffff640 1 -- 10.20.193.127:0/2477242213 <== mgr.14118 v2:10.20.193.127:6800/845143869 1 ==== command_reply(tid 0: 0 ) ==== 8+0+8901 (secure 0 0 0) 0x7fb8f4049eb0 con 0x7fb8d4041540
2026-02-20T01:09:44.338 INFO:teuthology.orchestra.run.trial127.stdout:/usr/bin/ceph: stderr
2026-02-20T01:09:44.313+0000 7fb905404640 1 -- 10.20.193.127:0/2477242213 --> [v2:10.20.193.127:6800/845143869,v1:10.20.193.127:6801/845143869] -- command(tid 1: {"prefix": "mgr_status"}) -- 0x7fb90010bed0 con 0x7fb8d4041540
2026-02-20T01:09:44.338 INFO:teuthology.orchestra.run.trial127.stdout:/usr/bin/ceph: stderr
2026-02-20T01:09:44.313+0000 7fb8dffff640 1 -- 10.20.193.127:0/2477242213 <== mgr.14118 v2:10.20.193.127:6800/845143869 2 ==== command_reply(tid 1: 0 ) ==== 8+0+51 (secure 0 0 0) 0x7fb90010bed0 con 0x7fb8d4041540
2026-02-20T01:09:44.338 INFO:teuthology.orchestra.run.trial127.stdout:/usr/bin/ceph: stderr
2026-02-20T01:09:44.313+0000 7fb905404640 1 -- 10.20.193.127:0/2477242213 >> [v2:10.20.193.127:6800/845143869,v1:10.20.193.127:6801/845143869] conn(0x7fb8d4041540 msgr2=0x7fb8d4043930 secure :-1 s=STATE_CONNECTION_ESTABLISHED l=1).mark_down
2026-02-20T01:09:44.338 INFO:teuthology.orchestra.run.trial127.stdout:/usr/bin/ceph: stderr
2026-02-20T01:09:44.313+0000 7fb905404640 1 --2- 10.20.193.127:0/2477242213 >> [v2:10.20.193.127:6800/845143869,v1:10.20.193.127:6801/845143869] conn(0x7fb8d4041540 0x7fb8d4043930 secure :-1 s=READY pgs=4 cs=0 l=1 rev1=1 crypto rx=0x7fb8e8003a80 tx=0x7fb8e80092b0 comp rx=0 tx=0).stop
2026-02-20T01:09:44.338 INFO:teuthology.orchestra.run.trial127.stdout:/usr/bin/ceph: stderr
2026-02-20T01:09:44.313+0000 7fb905404640 1 -- 10.20.193.127:0/2477242213 >> [v2:10.20.193.127:3300/0,v1:10.20.193.127:6789/0] conn(0x7fb90010ba50 msgr2=0x7fb9001a03c0 secure :-1 s=STATE_CONNECTION_ESTABLISHED l=1).mark_down
2026-02-20T01:09:44.338 INFO:teuthology.orchestra.run.trial127.stdout:/usr/bin/ceph: stderr
2026-02-20T01:09:44.313+0000 7fb905404640 1 --2- 10.20.193.127:0/2477242213 >> [v2:10.20.193.127:3300/0,v1:10.20.193.127:6789/0] conn(0x7fb90010ba50 0x7fb9001a03c0 secure :-1 s=READY pgs=27 cs=0 l=1 rev1=1 crypto rx=0x7fb8f4002410 tx=0x7fb8f4037b90 comp rx=0 tx=0).stop
2026-02-20T01:09:44.338 INFO:teuthology.orchestra.run.trial127.stdout:/usr/bin/ceph: stderr
2026-02-20T01:09:44.313+0000 7fb905404640 1 -- 10.20.193.127:0/2477242213 shutdown_connections
2026-02-20T01:09:44.338 INFO:teuthology.orchestra.run.trial127.stdout:/usr/bin/ceph: stderr
2026-02-20T01:09:44.313+0000 7fb905404640 1 --2- 10.20.193.127:0/2477242213 >> [v2:10.20.193.127:6800/845143869,v1:10.20.193.127:6801/845143869] conn(0x7fb8d4041540 0x7fb8d4043930 unknown :-1 s=CLOSED pgs=4 cs=0 l=1 rev1=1 crypto rx=0 tx=0 comp rx=0 tx=0).stop
2026-02-20T01:09:44.338 INFO:teuthology.orchestra.run.trial127.stdout:/usr/bin/ceph: stderr
2026-02-20T01:09:44.313+0000 7fb905404640 1 --2- 10.20.193.127:0/2477242213 >> [v2:10.20.193.127:6800/3645417338,v1:10.20.193.127:6801/3645417338] conn(0x7fb8d403dbf0 0x7fb8d40400b0 unknown :-1 s=CLOSED pgs=0 cs=0 l=1 rev1=0 crypto rx=0 tx=0 comp rx=0 tx=0).stop
2026-02-20T01:09:44.338 INFO:teuthology.orchestra.run.trial127.stdout:/usr/bin/ceph: stderr
2026-02-20T01:09:44.313+0000 7fb905404640 1 --2- 10.20.193.127:0/2477242213 >> [v2:10.20.193.127:3300/0,v1:10.20.193.127:6789/0] conn(0x7fb90010ba50 0x7fb9001a03c0 unknown :-1 s=CLOSED pgs=27 cs=0 l=1 rev1=1 crypto rx=0 tx=0 comp rx=0 tx=0).stop
2026-02-20T01:09:44.338 INFO:teuthology.orchestra.run.trial127.stdout:/usr/bin/ceph: stderr
2026-02-20T01:09:44.313+0000 7fb905404640 1 -- 10.20.193.127:0/2477242213 >> 10.20.193.127:0/2477242213 conn(0x7fb90007db10 msgr2=0x7fb9001087f0 unknown :-1 s=STATE_NONE l=0).mark_down
2026-02-20T01:09:44.338 INFO:teuthology.orchestra.run.trial127.stdout:/usr/bin/ceph: stderr
2026-02-20T01:09:44.314+0000 7fb905404640 1 -- 10.20.193.127:0/2477242213 shutdown_connections
2026-02-20T01:09:44.338 INFO:teuthology.orchestra.run.trial127.stdout:/usr/bin/ceph: stderr
2026-02-20T01:09:44.314+0000 7fb905404640 1 -- 10.20.193.127:0/2477242213 wait complete.
2026-02-20T01:09:44.338 INFO:teuthology.orchestra.run.trial127.stdout:mgr epoch 5 is available
2026-02-20T01:09:44.338 INFO:teuthology.orchestra.run.trial127.stdout:Setting orchestrator backend to cephadm...
2026-02-20T01:09:44.559 INFO:teuthology.orchestra.run.trial127.stdout:/usr/bin/ceph: stderr
2026-02-20T01:09:44.438+0000 7fec611bd640 1 Processor -- start
2026-02-20T01:09:44.559 INFO:teuthology.orchestra.run.trial127.stdout:/usr/bin/ceph: stderr
2026-02-20T01:09:44.438+0000 7fec611bd640 1 -- start start
2026-02-20T01:09:44.559 INFO:teuthology.orchestra.run.trial127.stdout:/usr/bin/ceph: stderr
2026-02-20T01:09:44.438+0000 7fec611bd640 1 --2- >> [v2:10.20.193.127:3300/0,v1:10.20.193.127:6789/0] conn(0x7fec5c10ba00 0x7fec5c10be00 unknown :-1 s=NONE pgs=0 cs=0 l=0 rev1=0 crypto rx=0 tx=0 comp rx=0 tx=0).connect
2026-02-20T01:09:44.559 INFO:teuthology.orchestra.run.trial127.stdout:/usr/bin/ceph: stderr
2026-02-20T01:09:44.438+0000 7fec611bd640 1 -- --> [v2:10.20.193.127:3300/0,v1:10.20.193.127:6789/0] -- mon_getmap magic: 0 -- 0x7fec5c10c3d0 con 0x7fec5c10ba00
2026-02-20T01:09:44.559 INFO:teuthology.orchestra.run.trial127.stdout:/usr/bin/ceph: stderr
2026-02-20T01:09:44.438+0000 7fec5ad76640 1 --2- >> [v2:10.20.193.127:3300/0,v1:10.20.193.127:6789/0] conn(0x7fec5c10ba00 0x7fec5c10be00 unknown :-1 s=BANNER_CONNECTING pgs=0 cs=0 l=0 rev1=0 crypto rx=0 tx=0 comp rx=0 tx=0)._handle_peer_banner_payload supported=3 required=0
2026-02-20T01:09:44.559 INFO:teuthology.orchestra.run.trial127.stdout:/usr/bin/ceph: stderr
2026-02-20T01:09:44.438+0000 7fec5ad76640 1 --2- >> [v2:10.20.193.127:3300/0,v1:10.20.193.127:6789/0] conn(0x7fec5c10ba00 0x7fec5c10be00 unknown :-1 s=HELLO_CONNECTING pgs=0 cs=0 l=0 rev1=1 crypto rx=0 tx=0 comp rx=0 tx=0).handle_hello peer v2:10.20.193.127:3300/0 says I am v2:10.20.193.127:33584/0 (socket says 10.20.193.127:33584)
2026-02-20T01:09:44.559 INFO:teuthology.orchestra.run.trial127.stdout:/usr/bin/ceph: stderr
2026-02-20T01:09:44.438+0000 7fec5ad76640 1 -- 10.20.193.127:0/1234532280 learned_addr learned my addr 10.20.193.127:0/1234532280 (peer_addr_for_me v2:10.20.193.127:0/0)
2026-02-20T01:09:44.559 INFO:teuthology.orchestra.run.trial127.stdout:/usr/bin/ceph: stderr
2026-02-20T01:09:44.438+0000 7fec5ad76640 1 -- 10.20.193.127:0/1234532280 --> [v2:10.20.193.127:3300/0,v1:10.20.193.127:6789/0] -- mon_subscribe({config=0+,monmap=0+}) -- 0x7fec5c10a6b0 con 0x7fec5c10ba00
2026-02-20T01:09:44.559 INFO:teuthology.orchestra.run.trial127.stdout:/usr/bin/ceph: stderr
2026-02-20T01:09:44.439+0000 7fec5ad76640 1 --2- 10.20.193.127:0/1234532280 >> [v2:10.20.193.127:3300/0,v1:10.20.193.127:6789/0] conn(0x7fec5c10ba00 0x7fec5c10be00 secure :-1 s=READY pgs=35 cs=0 l=1 rev1=1 crypto rx=0x7fec50009920 tx=0x7fec5002ef20 comp rx=0 tx=0).ready entity=mon.0 client_cookie=9112e7901bf7fffa server_cookie=0 in_seq=0 out_seq=0
2026-02-20T01:09:44.560 INFO:teuthology.orchestra.run.trial127.stdout:/usr/bin/ceph: stderr
2026-02-20T01:09:44.439+0000 7fec59d74640 1 -- 10.20.193.127:0/1234532280 <== mon.0 v2:10.20.193.127:3300/0 1 ==== mon_map magic: 0 ==== 205+0+0 (secure 0 0 0) 0x7fec5003c070 con 0x7fec5c10ba00
2026-02-20T01:09:44.560 INFO:teuthology.orchestra.run.trial127.stdout:/usr/bin/ceph: stderr
2026-02-20T01:09:44.439+0000 7fec59d74640 1 -- 10.20.193.127:0/1234532280 <== mon.0 v2:10.20.193.127:3300/0 2 ==== config(26 keys) ==== 1045+0+0 (secure 0 0 0) 0x7fec50037440 con 0x7fec5c10ba00
2026-02-20T01:09:44.560 INFO:teuthology.orchestra.run.trial127.stdout:/usr/bin/ceph: stderr
2026-02-20T01:09:44.439+0000 7fec59d74640 1 -- 10.20.193.127:0/1234532280 <== mon.0 v2:10.20.193.127:3300/0 3 ==== mon_map magic: 0 ==== 205+0+0 (secure 0 0 0) 0x7fec500354b0 con 0x7fec5c10ba00
2026-02-20T01:09:44.560 INFO:teuthology.orchestra.run.trial127.stdout:/usr/bin/ceph: stderr
2026-02-20T01:09:44.439+0000 7fec611bd640 1 -- 10.20.193.127:0/1234532280 >> [v2:10.20.193.127:3300/0,v1:10.20.193.127:6789/0] conn(0x7fec5c10ba00 msgr2=0x7fec5c10be00 secure :-1 s=STATE_CONNECTION_ESTABLISHED l=1).mark_down
2026-02-20T01:09:44.560 INFO:teuthology.orchestra.run.trial127.stdout:/usr/bin/ceph: stderr
2026-02-20T01:09:44.439+0000 7fec611bd640 1 --2- 10.20.193.127:0/1234532280 >> [v2:10.20.193.127:3300/0,v1:10.20.193.127:6789/0] conn(0x7fec5c10ba00 0x7fec5c10be00 secure :-1 s=READY pgs=35 cs=0 l=1 rev1=1 crypto rx=0x7fec50009920 tx=0x7fec5002ef20 comp rx=0 tx=0).stop
2026-02-20T01:09:44.560 INFO:teuthology.orchestra.run.trial127.stdout:/usr/bin/ceph: stderr
2026-02-20T01:09:44.439+0000 7fec611bd640 1 -- 10.20.193.127:0/1234532280 shutdown_connections
2026-02-20T01:09:44.560 INFO:teuthology.orchestra.run.trial127.stdout:/usr/bin/ceph: stderr
2026-02-20T01:09:44.439+0000 7fec611bd640 1 --2- 10.20.193.127:0/1234532280 >> [v2:10.20.193.127:3300/0,v1:10.20.193.127:6789/0] conn(0x7fec5c10ba00 0x7fec5c10be00 unknown :-1 s=CLOSED pgs=35 cs=0 l=1 rev1=1 crypto rx=0 tx=0 comp rx=0 tx=0).stop
2026-02-20T01:09:44.560 INFO:teuthology.orchestra.run.trial127.stdout:/usr/bin/ceph: stderr
2026-02-20T01:09:44.439+0000 7fec611bd640 1 -- 10.20.193.127:0/1234532280 >> 10.20.193.127:0/1234532280 conn(0x7fec5c07db10 msgr2=0x7fec5c07df40 unknown :-1 s=STATE_NONE l=0).mark_down
2026-02-20T01:09:44.560 INFO:teuthology.orchestra.run.trial127.stdout:/usr/bin/ceph: stderr
2026-02-20T01:09:44.439+0000 7fec611bd640 1 -- 10.20.193.127:0/1234532280 shutdown_connections
2026-02-20T01:09:44.560 INFO:teuthology.orchestra.run.trial127.stdout:/usr/bin/ceph: stderr
2026-02-20T01:09:44.439+0000 7fec611bd640 1 -- 10.20.193.127:0/1234532280 wait complete.
2026-02-20T01:09:44.560 INFO:teuthology.orchestra.run.trial127.stdout:/usr/bin/ceph: stderr
2026-02-20T01:09:44.440+0000 7fec611bd640 1 Processor -- start
2026-02-20T01:09:44.560 INFO:teuthology.orchestra.run.trial127.stdout:/usr/bin/ceph: stderr
2026-02-20T01:09:44.440+0000 7fec611bd640 1 -- start start
2026-02-20T01:09:44.560 INFO:teuthology.orchestra.run.trial127.stdout:/usr/bin/ceph: stderr
2026-02-20T01:09:44.440+0000 7fec611bd640 1 --2- >> [v2:10.20.193.127:3300/0,v1:10.20.193.127:6789/0] conn(0x7fec5c10ba00 0x7fec5c1a0310 unknown :-1 s=NONE pgs=0 cs=0 l=1 rev1=0 crypto rx=0 tx=0 comp rx=0 tx=0).connect
2026-02-20T01:09:44.560 INFO:teuthology.orchestra.run.trial127.stdout:/usr/bin/ceph: stderr
2026-02-20T01:09:44.440+0000 7fec611bd640 1 -- --> [v2:10.20.193.127:3300/0,v1:10.20.193.127:6789/0] -- mon_getmap magic: 0 -- 0x7fec5c10b4d0 con 0x7fec5c10ba00
2026-02-20T01:09:44.560 INFO:teuthology.orchestra.run.trial127.stdout:/usr/bin/ceph: stderr
2026-02-20T01:09:44.440+0000 7fec5ad76640 1 --2- >> [v2:10.20.193.127:3300/0,v1:10.20.193.127:6789/0] conn(0x7fec5c10ba00 0x7fec5c1a0310 unknown :-1 s=BANNER_CONNECTING pgs=0 cs=0 l=1 rev1=0 crypto rx=0 tx=0 comp rx=0 tx=0)._handle_peer_banner_payload supported=3 required=0
2026-02-20T01:09:44.560 INFO:teuthology.orchestra.run.trial127.stdout:/usr/bin/ceph: stderr
2026-02-20T01:09:44.440+0000 7fec5ad76640 1 --2- >> [v2:10.20.193.127:3300/0,v1:10.20.193.127:6789/0] conn(0x7fec5c10ba00 0x7fec5c1a0310 unknown :-1 s=HELLO_CONNECTING pgs=0 cs=0 l=1 rev1=1 crypto rx=0 tx=0 comp rx=0 tx=0).handle_hello peer v2:10.20.193.127:3300/0 says I am v2:10.20.193.127:33598/0 (socket says 10.20.193.127:33598)
2026-02-20T01:09:44.560 INFO:teuthology.orchestra.run.trial127.stdout:/usr/bin/ceph: stderr
2026-02-20T01:09:44.440+0000 7fec5ad76640 1 -- 10.20.193.127:0/1312315378 learned_addr learned my addr 10.20.193.127:0/1312315378 (peer_addr_for_me v2:10.20.193.127:0/0)
2026-02-20T01:09:44.560 INFO:teuthology.orchestra.run.trial127.stdout:/usr/bin/ceph: stderr
2026-02-20T01:09:44.440+0000 7fec5ad76640 1 -- 10.20.193.127:0/1312315378 --> [v2:10.20.193.127:3300/0,v1:10.20.193.127:6789/0] -- mon_subscribe({config=0+,monmap=0+}) -- 0x7fec5c1a0850 con 0x7fec5c10ba00
2026-02-20T01:09:44.560 INFO:teuthology.orchestra.run.trial127.stdout:/usr/bin/ceph: stderr
