2026-02-20T01:09:47.908+0000 7ff90ed59640 1 --2- >> [v2:10.20.193.127:3300/0,v1:10.20.193.127:6789/0] conn(0x7ff9081081e0 0x7ff90819e090 unknown :-1 s=NONE pgs=0 cs=0 l=1 rev1=0 crypto rx=0 tx=0 comp rx=0 tx=0).connect
2026-02-20T01:09:48.922 INFO:teuthology.orchestra.run.trial127.stdout:/usr/bin/ceph: stderr
2026-02-20T01:09:47.908+0000 7ff90ed59640 1 -- --> [v2:10.20.193.127:3300/0,v1:10.20.193.127:6789/0] -- mon_getmap magic: 0 -- 0x7ff90810c790 con 0x7ff9081081e0
2026-02-20T01:09:48.922 INFO:teuthology.orchestra.run.trial127.stdout:/usr/bin/ceph: stderr
2026-02-20T01:09:47.908+0000 7ff90cace640 1 --2- >> [v2:10.20.193.127:3300/0,v1:10.20.193.127:6789/0] conn(0x7ff9081081e0 0x7ff90819e090 unknown :-1 s=BANNER_CONNECTING pgs=0 cs=0 l=1 rev1=0 crypto rx=0 tx=0 comp rx=0 tx=0)._handle_peer_banner_payload supported=3 required=0
2026-02-20T01:09:48.922 INFO:teuthology.orchestra.run.trial127.stdout:/usr/bin/ceph: stderr
2026-02-20T01:09:47.908+0000 7ff90cace640 1 --2- >> [v2:10.20.193.127:3300/0,v1:10.20.193.127:6789/0] conn(0x7ff9081081e0 0x7ff90819e090 unknown :-1 s=HELLO_CONNECTING pgs=0 cs=0 l=1 rev1=1 crypto rx=0 tx=0 comp rx=0 tx=0).handle_hello peer v2:10.20.193.127:3300/0 says I am v2:10.20.193.127:33740/0 (socket says 10.20.193.127:33740)
2026-02-20T01:09:48.922 INFO:teuthology.orchestra.run.trial127.stdout:/usr/bin/ceph: stderr
2026-02-20T01:09:47.908+0000 7ff90cace640 1 -- 10.20.193.127:0/203163587 learned_addr learned my addr 10.20.193.127:0/203163587 (peer_addr_for_me v2:10.20.193.127:0/0)
2026-02-20T01:09:48.922 INFO:teuthology.orchestra.run.trial127.stdout:/usr/bin/ceph: stderr
2026-02-20T01:09:47.908+0000 7ff90cace640 1 -- 10.20.193.127:0/203163587 --> [v2:10.20.193.127:3300/0,v1:10.20.193.127:6789/0] -- mon_subscribe({config=0+,monmap=0+}) -- 0x7ff90819e5d0 con 0x7ff9081081e0
2026-02-20T01:09:48.922 INFO:teuthology.orchestra.run.trial127.stdout:/usr/bin/ceph: stderr
2026-02-20T01:09:47.908+0000 7ff90cace640 1 --2- 10.20.193.127:0/203163587 >> [v2:10.20.193.127:3300/0,v1:10.20.193.127:6789/0] conn(0x7ff9081081e0 0x7ff90819e090 secure :-1 s=READY pgs=54 cs=0 l=1 rev1=1 crypto rx=0x7ff8f8009a50 tx=0x7ff8f8037820 comp rx=0 tx=0).ready entity=mon.0 client_cookie=0 server_cookie=0 in_seq=0 out_seq=0
2026-02-20T01:09:48.922 INFO:teuthology.orchestra.run.trial127.stdout:/usr/bin/ceph: stderr
2026-02-20T01:09:47.908+0000 7ff8fdffb640 1 -- 10.20.193.127:0/203163587 <== mon.0 v2:10.20.193.127:3300/0 1 ==== mon_map magic: 0 ==== 205+0+0 (secure 0 0 0) 0x7ff8f8047070 con 0x7ff9081081e0
2026-02-20T01:09:48.922 INFO:teuthology.orchestra.run.trial127.stdout:/usr/bin/ceph: stderr
2026-02-20T01:09:47.908+0000 7ff90ed59640 1 -- 10.20.193.127:0/203163587 --> [v2:10.20.193.127:3300/0,v1:10.20.193.127:6789/0] -- mon_subscribe({mgrmap=0+}) -- 0x7ff90819e860 con 0x7ff9081081e0
2026-02-20T01:09:48.922 INFO:teuthology.orchestra.run.trial127.stdout:/usr/bin/ceph: stderr
2026-02-20T01:09:47.908+0000 7ff8fdffb640 1 -- 10.20.193.127:0/203163587 <== mon.0 v2:10.20.193.127:3300/0 2 ==== config(26 keys) ==== 1076+0+0 (secure 0 0 0) 0x7ff8f8035da0 con 0x7ff9081081e0
2026-02-20T01:09:48.923 INFO:teuthology.orchestra.run.trial127.stdout:/usr/bin/ceph: stderr
2026-02-20T01:09:47.908+0000 7ff8fdffb640 1 -- 10.20.193.127:0/203163587 <== mon.0 v2:10.20.193.127:3300/0 3 ==== mon_map magic: 0 ==== 205+0+0 (secure 0 0 0) 0x7ff8f803c070 con 0x7ff9081081e0
2026-02-20T01:09:48.923 INFO:teuthology.orchestra.run.trial127.stdout:/usr/bin/ceph: stderr
2026-02-20T01:09:47.908+0000 7ff90ed59640 1 -- 10.20.193.127:0/203163587 --> [v2:10.20.193.127:3300/0,v1:10.20.193.127:6789/0] -- mon_subscribe({osdmap=0}) -- 0x7ff9081a1550 con 0x7ff9081081e0
2026-02-20T01:09:48.923 INFO:teuthology.orchestra.run.trial127.stdout:/usr/bin/ceph: stderr
2026-02-20T01:09:47.908+0000 7ff90ed59640 1 -- 10.20.193.127:0/203163587 --> [v2:10.20.193.127:3300/0,v1:10.20.193.127:6789/0] -- mon_command({"prefix": "get_command_descriptions"} v 0) -- 0x7ff90810c910 con 0x7ff9081081e0
2026-02-20T01:09:48.923 INFO:teuthology.orchestra.run.trial127.stdout:/usr/bin/ceph: stderr
2026-02-20T01:09:47.909+0000 7ff8fdffb640 1 -- 10.20.193.127:0/203163587 <== mon.0 v2:10.20.193.127:3300/0 4 ==== mgrmap(e 8) ==== 50247+0+0 (secure 0 0 0) 0x7ff8f80426a0 con 0x7ff9081081e0
2026-02-20T01:09:48.923 INFO:teuthology.orchestra.run.trial127.stdout:/usr/bin/ceph: stderr
2026-02-20T01:09:47.909+0000 7ff8fdffb640 1 --2- 10.20.193.127:0/203163587 >> [v2:10.20.193.127:6800/845143869,v1:10.20.193.127:6801/845143869] conn(0x7ff8e403dbf0 0x7ff8e40400b0 unknown :-1 s=NONE pgs=0 cs=0 l=1 rev1=0 crypto rx=0 tx=0 comp rx=0 tx=0).connect
2026-02-20T01:09:48.923 INFO:teuthology.orchestra.run.trial127.stdout:/usr/bin/ceph: stderr
2026-02-20T01:09:47.909+0000 7ff8fdffb640 1 -- 10.20.193.127:0/203163587 <== mon.0 v2:10.20.193.127:3300/0 5 ==== osd_map(2..2 src has 1..2) ==== 940+0+0 (secure 0 0 0) 0x7ff8f8076c70 con 0x7ff9081081e0
2026-02-20T01:09:48.923 INFO:teuthology.orchestra.run.trial127.stdout:/usr/bin/ceph: stderr
2026-02-20T01:09:47.909+0000 7ff8fffff640 1 --2- 10.20.193.127:0/203163587 >> [v2:10.20.193.127:6800/845143869,v1:10.20.193.127:6801/845143869] conn(0x7ff8e403dbf0 0x7ff8e40400b0 unknown :-1 s=BANNER_CONNECTING pgs=0 cs=0 l=1 rev1=0 crypto rx=0 tx=0 comp rx=0 tx=0)._handle_peer_banner_payload supported=3 required=0
2026-02-20T01:09:48.923 INFO:teuthology.orchestra.run.trial127.stdout:/usr/bin/ceph: stderr
2026-02-20T01:09:47.909+0000 7ff8fffff640 1 --2- 10.20.193.127:0/203163587 >> [v2:10.20.193.127:6800/845143869,v1:10.20.193.127:6801/845143869] conn(0x7ff8e403dbf0 0x7ff8e40400b0 secure :-1 s=READY pgs=16 cs=0 l=1 rev1=1 crypto rx=0x7ff8f00099c0 tx=0x7ff8f0006eb0 comp rx=0 tx=0).ready entity=mgr.14118 client_cookie=0 server_cookie=0 in_seq=0 out_seq=0
2026-02-20T01:09:48.923 INFO:teuthology.orchestra.run.trial127.stdout:/usr/bin/ceph: stderr
2026-02-20T01:09:47.911+0000 7ff8fdffb640 1 -- 10.20.193.127:0/203163587 <== mon.0 v2:10.20.193.127:3300/0 6 ==== mon_command_ack([{"prefix": "get_command_descriptions"}]=0 v0) ==== 72+0+195034 (secure 0 0 0) 0x7ff8f80342a0 con 0x7ff9081081e0
2026-02-20T01:09:48.923 INFO:teuthology.orchestra.run.trial127.stdout:/usr/bin/ceph: stderr
2026-02-20T01:09:48.018+0000 7ff90ed59640 1 -- 10.20.193.127:0/203163587 --> [v2:10.20.193.127:3300/0,v1:10.20.193.127:6789/0] -- mon_command({"prefix": "mgr module enable", "module": "dashboard"} v 0) -- 0x7ff9081a1720 con 0x7ff9081081e0
2026-02-20T01:09:48.923 INFO:teuthology.orchestra.run.trial127.stdout:/usr/bin/ceph: stderr
2026-02-20T01:09:48.894+0000 7ff8fdffb640 1 -- 10.20.193.127:0/203163587 <== mon.0 v2:10.20.193.127:3300/0 7 ==== mon_command_ack([{"prefix": "mgr module enable", "module": "dashboard"}]=0 v9) ==== 88+0+0 (secure 0 0 0) 0x7ff9081a1720 con 0x7ff9081081e0
2026-02-20T01:09:48.923 INFO:teuthology.orchestra.run.trial127.stdout:/usr/bin/ceph: stderr
2026-02-20T01:09:48.896+0000 7ff8fdffb640 1 -- 10.20.193.127:0/203163587 <== mon.0 v2:10.20.193.127:3300/0 8 ==== mgrmap(e 9) ==== 50260+0+0 (secure 0 0 0) 0x7ff8f8035900 con 0x7ff9081081e0
2026-02-20T01:09:48.923 INFO:teuthology.orchestra.run.trial127.stdout:/usr/bin/ceph: stderr
2026-02-20T01:09:48.899+0000 7ff90ed59640 1 -- 10.20.193.127:0/203163587 >> [v2:10.20.193.127:6800/845143869,v1:10.20.193.127:6801/845143869] conn(0x7ff8e403dbf0 msgr2=0x7ff8e40400b0 secure :-1 s=STATE_CONNECTION_ESTABLISHED l=1).mark_down
2026-02-20T01:09:48.923 INFO:teuthology.orchestra.run.trial127.stdout:/usr/bin/ceph: stderr
2026-02-20T01:09:48.899+0000 7ff90ed59640 1 --2- 10.20.193.127:0/203163587 >> [v2:10.20.193.127:6800/845143869,v1:10.20.193.127:6801/845143869] conn(0x7ff8e403dbf0 0x7ff8e40400b0 secure :-1 s=READY pgs=16 cs=0 l=1 rev1=1 crypto rx=0x7ff8f00099c0 tx=0x7ff8f0006eb0 comp rx=0 tx=0).stop
2026-02-20T01:09:48.923 INFO:teuthology.orchestra.run.trial127.stdout:/usr/bin/ceph: stderr
2026-02-20T01:09:48.899+0000 7ff90ed59640 1 -- 10.20.193.127:0/203163587 >> [v2:10.20.193.127:3300/0,v1:10.20.193.127:6789/0] conn(0x7ff9081081e0 msgr2=0x7ff90819e090 secure :-1 s=STATE_CONNECTION_ESTABLISHED l=1).mark_down
2026-02-20T01:09:48.923 INFO:teuthology.orchestra.run.trial127.stdout:/usr/bin/ceph: stderr
2026-02-20T01:09:48.899+0000 7ff90ed59640 1 --2- 10.20.193.127:0/203163587 >> [v2:10.20.193.127:3300/0,v1:10.20.193.127:6789/0] conn(0x7ff9081081e0 0x7ff90819e090 secure :-1 s=READY pgs=54 cs=0 l=1 rev1=1 crypto rx=0x7ff8f8009a50 tx=0x7ff8f8037820 comp rx=0 tx=0).stop
2026-02-20T01:09:48.923 INFO:teuthology.orchestra.run.trial127.stdout:/usr/bin/ceph: stderr
2026-02-20T01:09:48.899+0000 7ff90ed59640 1 -- 10.20.193.127:0/203163587 shutdown_connections
2026-02-20T01:09:48.923 INFO:teuthology.orchestra.run.trial127.stdout:/usr/bin/ceph: stderr
2026-02-20T01:09:48.899+0000 7ff90ed59640 1 --2- 10.20.193.127:0/203163587 >> [v2:10.20.193.127:6800/845143869,v1:10.20.193.127:6801/845143869] conn(0x7ff8e403dbf0 0x7ff8e40400b0 unknown :-1 s=CLOSED pgs=16 cs=0 l=1 rev1=1 crypto rx=0 tx=0 comp rx=0 tx=0).stop
2026-02-20T01:09:48.923 INFO:teuthology.orchestra.run.trial127.stdout:/usr/bin/ceph: stderr
2026-02-20T01:09:48.899+0000 7ff90ed59640 1 --2- 10.20.193.127:0/203163587 >> [v2:10.20.193.127:3300/0,v1:10.20.193.127:6789/0] conn(0x7ff9081081e0 0x7ff90819e090 unknown :-1 s=CLOSED pgs=54 cs=0 l=1 rev1=1 crypto rx=0 tx=0 comp rx=0 tx=0).stop
2026-02-20T01:09:48.923 INFO:teuthology.orchestra.run.trial127.stdout:/usr/bin/ceph: stderr
2026-02-20T01:09:48.899+0000 7ff90ed59640 1 -- 10.20.193.127:0/203163587 >> 10.20.193.127:0/203163587 conn(0x7ff9081039d0 msgr2=0x7ff908104460 unknown :-1 s=STATE_NONE l=0).mark_down
2026-02-20T01:09:48.923 INFO:teuthology.orchestra.run.trial127.stdout:/usr/bin/ceph: stderr
2026-02-20T01:09:48.899+0000 7ff90ed59640 1 -- 10.20.193.127:0/203163587 shutdown_connections
2026-02-20T01:09:48.923 INFO:teuthology.orchestra.run.trial127.stdout:/usr/bin/ceph: stderr
2026-02-20T01:09:48.899+0000 7ff90ed59640 1 -- 10.20.193.127:0/203163587 wait complete.
2026-02-20T01:09:49.150 INFO:journalctl@ceph.mgr.x.trial127.stdout:Feb 20 01:09:48 trial127 ceph-c70dd21c-0df8-11f1-9a99-d404e6e7d460-mgr-x[39984]: ignoring --setuser ceph since I am not root
2026-02-20T01:09:49.150 INFO:journalctl@ceph.mgr.x.trial127.stdout:Feb 20 01:09:48 trial127 ceph-c70dd21c-0df8-11f1-9a99-d404e6e7d460-mgr-x[39984]: ignoring --setgroup ceph since I am not root
2026-02-20T01:09:49.164 INFO:teuthology.orchestra.run.trial127.stdout:/usr/bin/ceph: stdout {
2026-02-20T01:09:49.164 INFO:teuthology.orchestra.run.trial127.stdout:/usr/bin/ceph: stdout "epoch": 9,
2026-02-20T01:09:49.164 INFO:teuthology.orchestra.run.trial127.stdout:/usr/bin/ceph: stdout "available": true,
2026-02-20T01:09:49.164 INFO:teuthology.orchestra.run.trial127.stdout:/usr/bin/ceph: stdout "active_name": "x",
2026-02-20T01:09:49.164 INFO:teuthology.orchestra.run.trial127.stdout:/usr/bin/ceph: stdout "num_standby": 0
2026-02-20T01:09:49.164 INFO:teuthology.orchestra.run.trial127.stdout:/usr/bin/ceph: stdout }
2026-02-20T01:09:49.164 INFO:teuthology.orchestra.run.trial127.stdout:/usr/bin/ceph: stderr
2026-02-20T01:09:49.026+0000 7fbbc93c5640 1 Processor -- start
2026-02-20T01:09:49.164 INFO:teuthology.orchestra.run.trial127.stdout:/usr/bin/ceph: stderr
2026-02-20T01:09:49.027+0000 7fbbc93c5640 1 -- start start
2026-02-20T01:09:49.164 INFO:teuthology.orchestra.run.trial127.stdout:/usr/bin/ceph: stderr
2026-02-20T01:09:49.027+0000 7fbbc93c5640 1 --2- >> [v2:10.20.193.127:3300/0,v1:10.20.193.127:6789/0] conn(0x7fbbc41063a0 0x7fbbc41067a0 unknown :-1 s=NONE pgs=0 cs=0 l=0 rev1=0 crypto rx=0 tx=0 comp rx=0 tx=0).connect
2026-02-20T01:09:49.164 INFO:teuthology.orchestra.run.trial127.stdout:/usr/bin/ceph: stderr
2026-02-20T01:09:49.027+0000 7fbbc93c5640 1 -- --> [v2:10.20.193.127:3300/0,v1:10.20.193.127:6789/0] -- mon_getmap magic: 0 -- 0x7fbbc4106d70 con 0x7fbbc41063a0
2026-02-20T01:09:49.164 INFO:teuthology.orchestra.run.trial127.stdout:/usr/bin/ceph: stderr
2026-02-20T01:09:49.027+0000 7fbbc2ffd640 1 --2- >> [v2:10.20.193.127:3300/0,v1:10.20.193.127:6789/0] conn(0x7fbbc41063a0 0x7fbbc41067a0 unknown :-1 s=BANNER_CONNECTING pgs=0 cs=0 l=0 rev1=0 crypto rx=0 tx=0 comp rx=0 tx=0)._handle_peer_banner_payload supported=3 required=0
2026-02-20T01:09:49.164 INFO:teuthology.orchestra.run.trial127.stdout:/usr/bin/ceph: stderr
2026-02-20T01:09:49.027+0000 7fbbc2ffd640 1 --2- >> [v2:10.20.193.127:3300/0,v1:10.20.193.127:6789/0] conn(0x7fbbc41063a0 0x7fbbc41067a0 unknown :-1 s=HELLO_CONNECTING pgs=0 cs=0 l=0 rev1=1 crypto rx=0 tx=0 comp rx=0 tx=0).handle_hello peer v2:10.20.193.127:3300/0 says I am v2:10.20.193.127:33776/0 (socket says 10.20.193.127:33776)
2026-02-20T01:09:49.164 INFO:teuthology.orchestra.run.trial127.stdout:/usr/bin/ceph: stderr
2026-02-20T01:09:49.027+0000 7fbbc2ffd640 1 -- 10.20.193.127:0/381024844 learned_addr learned my addr 10.20.193.127:0/381024844 (peer_addr_for_me v2:10.20.193.127:0/0)
2026-02-20T01:09:49.164 INFO:teuthology.orchestra.run.trial127.stdout:/usr/bin/ceph: stderr
2026-02-20T01:09:49.027+0000 7fbbc2ffd640 1 -- 10.20.193.127:0/381024844 --> [v2:10.20.193.127:3300/0,v1:10.20.193.127:6789/0] -- mon_subscribe({config=0+,monmap=0+}) -- 0x7fbbc4106ef0 con 0x7fbbc41063a0
2026-02-20T01:09:49.164 INFO:teuthology.orchestra.run.trial127.stdout:/usr/bin/ceph: stderr
2026-02-20T01:09:49.028+0000 7fbbc2ffd640 1 --2- 10.20.193.127:0/381024844 >> [v2:10.20.193.127:3300/0,v1:10.20.193.127:6789/0] conn(0x7fbbc41063a0 0x7fbbc41067a0 secure :-1 s=READY pgs=57 cs=0 l=1 rev1=1 crypto rx=0x7fbbb8009920 tx=0x7fbbb802ef20 comp rx=0 tx=0).ready entity=mon.0 client_cookie=ad5522f52b8238ce server_cookie=0 in_seq=0 out_seq=0
2026-02-20T01:09:49.164 INFO:teuthology.orchestra.run.trial127.stdout:/usr/bin/ceph: stderr
2026-02-20T01:09:49.028+0000 7fbbc1ffb640 1 -- 10.20.193.127:0/381024844 <== mon.0 v2:10.20.193.127:3300/0 1 ==== mon_map magic: 0 ==== 205+0+0 (secure 0 0 0) 0x7fbbb803c070 con 0x7fbbc41063a0
2026-02-20T01:09:49.164 INFO:teuthology.orchestra.run.trial127.stdout:/usr/bin/ceph: stderr
2026-02-20T01:09:49.028+0000 7fbbc1ffb640 1 -- 10.20.193.127:0/381024844 <== mon.0 v2:10.20.193.127:3300/0 2 ==== config(26 keys) ==== 1076+0+0 (secure 0 0 0) 0x7fbbb8037440 con 0x7fbbc41063a0
2026-02-20T01:09:49.164 INFO:teuthology.orchestra.run.trial127.stdout:/usr/bin/ceph: stderr
2026-02-20T01:09:49.028+0000 7fbbc1ffb640 1 -- 10.20.193.127:0/381024844 <== mon.0 v2:10.20.193.127:3300/0 3 ==== mon_map magic: 0 ==== 205+0+0 (secure 0 0 0) 0x7fbbb80354d0 con 0x7fbbc41063a0
2026-02-20T01:09:49.164 INFO:teuthology.orchestra.run.trial127.stdout:/usr/bin/ceph: stderr
2026-02-20T01:09:49.028+0000 7fbbc93c5640 1 -- 10.20.193.127:0/381024844 >> [v2:10.20.193.127:3300/0,v1:10.20.193.127:6789/0] conn(0x7fbbc41063a0 msgr2=0x7fbbc41067a0 secure :-1 s=STATE_CONNECTION_ESTABLISHED l=1).mark_down
2026-02-20T01:09:49.164 INFO:teuthology.orchestra.run.trial127.stdout:/usr/bin/ceph: stderr
2026-02-20T01:09:49.028+0000 7fbbc93c5640 1 --2- 10.20.193.127:0/381024844 >> [v2:10.20.193.127:3300/0,v1:10.20.193.127:6789/0] conn(0x7fbbc41063a0 0x7fbbc41067a0 secure :-1 s=READY pgs=57 cs=0 l=1 rev1=1 crypto rx=0x7fbbb8009920 tx=0x7fbbb802ef20 comp rx=0 tx=0).stop
2026-02-20T01:09:49.164 INFO:teuthology.orchestra.run.trial127.stdout:/usr/bin/ceph: stderr
2026-02-20T01:09:49.028+0000 7fbbc93c5640 1 -- 10.20.193.127:0/381024844 shutdown_connections
2026-02-20T01:09:49.164 INFO:teuthology.orchestra.run.trial127.stdout:/usr/bin/ceph: stderr
2026-02-20T01:09:49.028+0000 7fbbc93c5640 1 --2- 10.20.193.127:0/381024844 >> [v2:10.20.193.127:3300/0,v1:10.20.193.127:6789/0] conn(0x7fbbc41063a0 0x7fbbc41067a0 unknown :-1 s=CLOSED pgs=57 cs=0 l=1 rev1=1 crypto rx=0 tx=0 comp rx=0 tx=0).stop
2026-02-20T01:09:49.164 INFO:teuthology.orchestra.run.trial127.stdout:/usr/bin/ceph: stderr
2026-02-20T01:09:49.028+0000 7fbbc93c5640 1 -- 10.20.193.127:0/381024844 >> 10.20.193.127:0/381024844 conn(0x7fbbc4101fa0 msgr2=0x7fbbc41043e0 unknown :-1 s=STATE_NONE l=0).mark_down
2026-02-20T01:09:49.164 INFO:teuthology.orchestra.run.trial127.stdout:/usr/bin/ceph: stderr
2026-02-20T01:09:49.028+0000 7fbbc93c5640 1 -- 10.20.193.127:0/381024844 shutdown_connections
2026-02-20T01:09:49.164 INFO:teuthology.orchestra.run.trial127.stdout:/usr/bin/ceph: stderr
2026-02-20T01:09:49.028+0000 7fbbc93c5640 1 -- 10.20.193.127:0/381024844 wait complete.
2026-02-20T01:09:49.165 INFO:teuthology.orchestra.run.trial127.stdout:/usr/bin/ceph: stderr
2026-02-20T01:09:49.029+0000 7fbbc93c5640 1 Processor -- start
2026-02-20T01:09:49.165 INFO:teuthology.orchestra.run.trial127.stdout:/usr/bin/ceph: stderr
2026-02-20T01:09:49.029+0000 7fbbc93c5640 1 -- start start
2026-02-20T01:09:49.165 INFO:teuthology.orchestra.run.trial127.stdout:/usr/bin/ceph: stderr
2026-02-20T01:09:49.029+0000 7fbbc93c5640 1 --2- >> [v2:10.20.193.127:3300/0,v1:10.20.193.127:6789/0] conn(0x7fbbc41063a0 0x7fbbc419e0e0 unknown :-1 s=NONE pgs=0 cs=0 l=1 rev1=0 crypto rx=0 tx=0 comp rx=0 tx=0).connect
2026-02-20T01:09:49.165 INFO:teuthology.orchestra.run.trial127.stdout:/usr/bin/ceph: stderr
2026-02-20T01:09:49.029+0000 7fbbc93c5640 1 -- --> [v2:10.20.193.127:3300/0,v1:10.20.193.127:6789/0] -- mon_getmap magic: 0 -- 0x7fbbc410c700 con 0x7fbbc41063a0
2026-02-20T01:09:49.165 INFO:teuthology.orchestra.run.trial127.stdout:/usr/bin/ceph: stderr
2026-02-20T01:09:49.029+0000 7fbbc2ffd640 1 --2- >> [v2:10.20.193.127:3300/0,v1:10.20.193.127:6789/0] conn(0x7fbbc41063a0 0x7fbbc419e0e0 unknown :-1 s=BANNER_CONNECTING pgs=0 cs=0 l=1 rev1=0 crypto rx=0 tx=0 comp rx=0 tx=0)._handle_peer_banner_payload supported=3 required=0
2026-02-20T01:09:49.165 INFO:teuthology.orchestra.run.trial127.stdout:/usr/bin/ceph: stderr
2026-02-20T01:09:49.029+0000 7fbbc2ffd640 1 --2- >> [v2:10.20.193.127:3300/0,v1:10.20.193.127:6789/0] conn(0x7fbbc41063a0 0x7fbbc419e0e0 unknown :-1 s=HELLO_CONNECTING pgs=0 cs=0 l=1 rev1=1 crypto rx=0 tx=0 comp rx=0 tx=0).handle_hello peer v2:10.20.193.127:3300/0 says I am v2:10.20.193.127:33786/0 (socket says 10.20.193.127:33786)
2026-02-20T01:09:49.165 INFO:teuthology.orchestra.run.trial127.stdout:/usr/bin/ceph: stderr
2026-02-20T01:09:49.029+0000 7fbbc2ffd640 1 -- 10.20.193.127:0/3181068267 learned_addr learned my addr 10.20.193.127:0/3181068267 (peer_addr_for_me v2:10.20.193.127:0/0)
2026-02-20T01:09:49.165 INFO:teuthology.orchestra.run.trial127.stdout:/usr/bin/ceph: stderr
2026-02-20T01:09:49.029+0000 7fbbc2ffd640 1 -- 10.20.193.127:0/3181068267 --> [v2:10.20.193.127:3300/0,v1:10.20.193.127:6789/0] -- mon_subscribe({config=0+,monmap=0+}) -- 0x7fbbc419e620 con 0x7fbbc41063a0
2026-02-20T01:09:49.165 INFO:teuthology.orchestra.run.trial127.stdout:/usr/bin/ceph: stderr
2026-02-20T01:09:49.029+0000 7fbbc2ffd640 1 --2- 10.20.193.127:0/3181068267 >> [v2:10.20.193.127:3300/0,v1:10.20.193.127:6789/0] conn(0x7fbbc41063a0 0x7fbbc419e0e0 secure :-1 s=READY pgs=58 cs=0 l=1 rev1=1 crypto rx=0x7fbbb8039000 tx=0x7fbbb8037820 comp rx=0 tx=0).ready entity=mon.0 client_cookie=0 server_cookie=0 in_seq=0 out_seq=0
2026-02-20T01:09:49.165 INFO:teuthology.orchestra.run.trial127.stdout:/usr/bin/ceph: stderr
2026-02-20T01:09:49.029+0000 7fbba3fff640 1 -- 10.20.193.127:0/3181068267 <== mon.0 v2:10.20.193.127:3300/0 1 ==== mon_map magic: 0 ==== 205+0+0 (secure 0 0 0) 0x7fbbb8047070 con 0x7fbbc41063a0
2026-02-20T01:09:49.165 INFO:teuthology.orchestra.run.trial127.stdout:/usr/bin/ceph: stderr
2026-02-20T01:09:49.029+0000 7fbbc93c5640 1 -- 10.20.193.127:0/3181068267 --> [v2:10.20.193.127:3300/0,v1:10.20.193.127:6789/0] -- mon_subscribe({mgrmap=0+}) -- 0x7fbbc419e8b0 con 0x7fbbc41063a0
2026-02-20T01:09:49.165 INFO:teuthology.orchestra.run.trial127.stdout:/usr/bin/ceph: stderr
2026-02-20T01:09:49.029+0000 7fbba3fff640 1 -- 10.20.193.127:0/3181068267 <== mon.0 v2:10.20.193.127:3300/0 2 ==== config(26 keys) ==== 1076+0+0 (secure 0 0 0) 0x7fbbb8035df0 con 0x7fbbc41063a0
2026-02-20T01:09:49.165 INFO:teuthology.orchestra.run.trial127.stdout:/usr/bin/ceph: stderr
2026-02-20T01:09:49.029+0000 7fbba3fff640 1 -- 10.20.193.127:0/3181068267 <== mon.0 v2:10.20.193.127:3300/0 3 ==== mon_map magic: 0 ==== 205+0+0 (secure 0 0 0) 0x7fbbb803c070 con 0x7fbbc41063a0
2026-02-20T01:09:49.165 INFO:teuthology.orchestra.run.trial127.stdout:/usr/bin/ceph: stderr
2026-02-20T01:09:49.029+0000 7fbbc93c5640 1 -- 10.20.193.127:0/3181068267 --> [v2:10.20.193.127:3300/0,v1:10.20.193.127:6789/0] -- mon_subscribe({osdmap=0}) -- 0x7fbbc41a15a0 con 0x7fbbc41063a0
2026-02-20T01:09:49.165 INFO:teuthology.orchestra.run.trial127.stdout:/usr/bin/ceph: stderr
2026-02-20T01:09:49.030+0000 7fbbc93c5640 1 -- 10.20.193.127:0/3181068267 --> [v2:10.20.193.127:3300/0,v1:10.20.193.127:6789/0] -- mon_command({"prefix": "get_command_descriptions"} v 0) -- 0x7fbbc4106820 con 0x7fbbc41063a0
2026-02-20T01:09:49.165 INFO:teuthology.orchestra.run.trial127.stdout:/usr/bin/ceph: stderr
2026-02-20T01:09:49.030+0000 7fbba3fff640 1 -- 10.20.193.127:0/3181068267 <== mon.0 v2:10.20.193.127:3300/0 4 ==== mgrmap(e 9) ==== 50260+0+0 (secure 0 0 0) 0x7fbbb8042640 con 0x7fbbc41063a0
2026-02-20T01:09:49.165 INFO:teuthology.orchestra.run.trial127.stdout:/usr/bin/ceph: stderr
2026-02-20T01:09:49.030+0000 7fbba3fff640 1 --2- 10.20.193.127:0/3181068267 >> [v2:10.20.193.127:6800/845143869,v1:10.20.193.127:6801/845143869] conn(0x7fbb9803dc40 0x7fbb98040100 unknown :-1 s=NONE pgs=0 cs=0 l=1 rev1=0 crypto rx=0 tx=0 comp rx=0 tx=0).connect
2026-02-20T01:09:49.165 INFO:teuthology.orchestra.run.trial127.stdout:/usr/bin/ceph: stderr
2026-02-20T01:09:49.030+0000 7fbbc27fc640 1 -- 10.20.193.127:0/3181068267 >> [v2:10.20.193.127:6800/845143869,v1:10.20.193.127:6801/845143869] conn(0x7fbb9803dc40 msgr2=0x7fbb98040100 unknown :-1 s=STATE_CONNECTING_RE l=1).process reconnect failed to v2:10.20.193.127:6800/845143869
2026-02-20T01:09:49.165 INFO:teuthology.orchestra.run.trial127.stdout:/usr/bin/ceph: stderr
2026-02-20T01:09:49.030+0000 7fbba3fff640 1 -- 10.20.193.127:0/3181068267 <== mon.0 v2:10.20.193.127:3300/0 5 ==== osd_map(2..2 src has 1..2) ==== 940+0+0 (secure 0 0 0) 0x7fbbb80768c0 con 0x7fbbc41063a0
2026-02-20T01:09:49.165 INFO:teuthology.orchestra.run.trial127.stdout:/usr/bin/ceph: stderr
2026-02-20T01:09:49.030+0000 7fbbc27fc640 1 --2- 10.20.193.127:0/3181068267 >> [v2:10.20.193.127:6800/845143869,v1:10.20.193.127:6801/845143869] conn(0x7fbb9803dc40 0x7fbb98040100 unknown :-1 s=START_CONNECT pgs=0 cs=0 l=1 rev1=0 crypto rx=0 tx=0 comp rx=0 tx=0)._fault waiting 0.200000
2026-02-20T01:09:49.165 INFO:teuthology.orchestra.run.trial127.stdout:/usr/bin/ceph: stderr
2026-02-20T01:09:49.033+0000 7fbba3fff640 1 -- 10.20.193.127:0/3181068267 <== mon.0 v2:10.20.193.127:3300/0 6 ==== mon_command_ack([{"prefix": "get_command_descriptions"}]=0 v0) ==== 72+0+195034 (secure 0 0 0) 0x7fbbb8033c90 con 0x7fbbc41063a0
2026-02-20T01:09:49.165 INFO:teuthology.orchestra.run.trial127.stdout:/usr/bin/ceph: stderr
2026-02-20T01:09:49.140+0000 7fbbc93c5640 1 -- 10.20.193.127:0/3181068267 --> [v2:10.20.193.127:3300/0,v1:10.20.193.127:6789/0] -- mon_command({"prefix": "mgr stat"} v 0) -- 0x7fbbc41a1c40 con 0x7fbbc41063a0
2026-02-20T01:09:49.165 INFO:teuthology.orchestra.run.trial127.stdout:/usr/bin/ceph: stderr
2026-02-20T01:09:49.140+0000 7fbba3fff640 1 -- 10.20.193.127:0/3181068267 <== mon.0 v2:10.20.193.127:3300/0 7 ==== mon_command_ack([{"prefix": "mgr stat"}]=0 v9) ==== 56+0+88 (secure 0 0 0) 0x7fbbb8076620 con 0x7fbbc41063a0
2026-02-20T01:09:49.165 INFO:teuthology.orchestra.run.trial127.stdout:/usr/bin/ceph: stderr
2026-02-20T01:09:49.142+0000 7fbbc93c5640 1 -- 10.20.193.127:0/3181068267 >> [v2:10.20.193.127:6800/845143869,v1:10.20.193.127:6801/845143869] conn(0x7fbb9803dc40 msgr2=0x7fbb98040100 unknown :-1 s=STATE_CONNECTING l=1).mark_down
2026-02-20T01:09:49.165 INFO:teuthology.orchestra.run.trial127.stdout:/usr/bin/ceph: stderr
2026-02-20T01:09:49.142+0000 7fbbc93c5640 1 --2- 10.20.193.127:0/3181068267 >> [v2:10.20.193.127:6800/845143869,v1:10.20.193.127:6801/845143869] conn(0x7fbb9803dc40 0x7fbb98040100 unknown :-1 s=START_CONNECT pgs=0 cs=0 l=1 rev1=0 crypto rx=0 tx=0 comp rx=0 tx=0).stop
2026-02-20T01:09:49.165 INFO:teuthology.orchestra.run.trial127.stdout:/usr/bin/ceph: stderr
2026-02-20T01:09:49.142+0000 7fbbc93c5640 1 -- 10.20.193.127:0/3181068267 >> [v2:10.20.193.127:3300/0,v1:10.20.193.127:6789/0] conn(0x7fbbc41063a0 msgr2=0x7fbbc419e0e0 secure :-1 s=STATE_CONNECTION_ESTABLISHED l=1).mark_down
2026-02-20T01:09:49.165 INFO:teuthology.orchestra.run.trial127.stdout:/usr/bin/ceph: stderr
2026-02-20T01:09:49.142+0000 7fbbc93c5640 1 --2- 10.20.193.127:0/3181068267 >> [v2:10.20.193.127:3300/0,v1:10.20.193.127:6789/0] conn(0x7fbbc41063a0 0x7fbbc419e0e0 secure :-1 s=READY pgs=58 cs=0 l=1 rev1=1 crypto rx=0x7fbbb8039000 tx=0x7fbbb8037820 comp rx=0 tx=0).stop
2026-02-20T01:09:49.165 INFO:teuthology.orchestra.run.trial127.stdout:/usr/bin/ceph: stderr
2026-02-20T01:09:49.142+0000 7fbbc93c5640 1 -- 10.20.193.127:0/3181068267 shutdown_connections
2026-02-20T01:09:49.165 INFO:teuthology.orchestra.run.trial127.stdout:/usr/bin/ceph: stderr
2026-02-20T01:09:49.142+0000 7fbbc93c5640 1 --2- 10.20.193.127:0/3181068267 >> [v2:10.20.193.127:6800/845143869,v1:10.20.193.127:6801/845143869] conn(0x7fbb9803dc40 0x7fbb98040100 unknown :-1 s=CLOSED pgs=0 cs=0 l=1 rev1=0 crypto rx=0 tx=0 comp rx=0 tx=0).stop
2026-02-20T01:09:49.165 INFO:teuthology.orchestra.run.trial127.stdout:/usr/bin/ceph: stderr
2026-02-20T01:09:49.142+0000 7fbbc93c5640 1 --2- 10.20.193.127:0/3181068267 >> [v2:10.20.193.127:3300/0,v1:10.20.193.127:6789/0] conn(0x7fbbc41063a0 0x7fbbc419e0e0 unknown :-1 s=CLOSED pgs=58 cs=0 l=1 rev1=1 crypto rx=0 tx=0 comp rx=0 tx=0).stop
2026-02-20T01:09:49.166 INFO:teuthology.orchestra.run.trial127.stdout:/usr/bin/ceph: stderr
2026-02-20T01:09:49.142+0000 7fbbc93c5640 1 -- 10.20.193.127:0/3181068267 >> 10.20.193.127:0/3181068267 conn(0x7fbbc4101fa0 msgr2=0x7fbbc4102b40 unknown :-1 s=STATE_NONE l=0).mark_down
2026-02-20T01:09:49.166 INFO:teuthology.orchestra.run.trial127.stdout:/usr/bin/ceph: stderr
2026-02-20T01:09:49.142+0000 7fbbc93c5640 1 -- 10.20.193.127:0/3181068267 shutdown_connections
2026-02-20T01:09:49.166 INFO:teuthology.orchestra.run.trial127.stdout:/usr/bin/ceph: stderr
2026-02-20T01:09:49.142+0000 7fbbc93c5640 1 -- 10.20.193.127:0/3181068267 wait complete.
2026-02-20T01:09:49.166 INFO:teuthology.orchestra.run.trial127.stdout:Waiting for the mgr to restart...
2026-02-20T01:09:49.166 INFO:teuthology.orchestra.run.trial127.stdout:Waiting for mgr epoch 9...
2026-02-20T01:09:49.737 INFO:journalctl@ceph.mgr.x.trial127.stdout:Feb 20 01:09:49 trial127 ceph-c70dd21c-0df8-11f1-9a99-d404e6e7d460-mgr-x[39984]:
2026-02-20T01:09:49.459+0000 7fb39577b140 -1 mgr[py] Module prometheus has missing NOTIFY_TYPES member
2026-02-20T01:09:49.737 INFO:journalctl@ceph.mgr.x.trial127.stdout:Feb 20 01:09:49 trial127 ceph-c70dd21c-0df8-11f1-9a99-d404e6e7d460-mgr-x[39984]:
2026-02-20T01:09:49.494+0000 7fb39577b140 -1 mgr[py] Module balancer has missing NOTIFY_TYPES member
2026-02-20T01:09:49.737 INFO:journalctl@ceph.mgr.x.trial127.stdout:Feb 20 01:09:49 trial127 ceph-c70dd21c-0df8-11f1-9a99-d404e6e7d460-mgr-x[39984]:
2026-02-20T01:09:49.535+0000 7fb39577b140 -1 mgr[py] Module rbd_support has missing NOTIFY_TYPES member
2026-02-20T01:09:49.737 INFO:journalctl@ceph.mgr.x.trial127.stdout:Feb 20 01:09:49 trial127 ceph-c70dd21c-0df8-11f1-9a99-d404e6e7d460-mgr-x[39984]:
2026-02-20T01:09:49.566+0000 7fb39577b140 -1 mgr[py] Module devicehealth has missing NOTIFY_TYPES member
2026-02-20T01:09:49.737 INFO:journalctl@ceph.mgr.x.trial127.stdout:Feb 20 01:09:49 trial127 ceph-c70dd21c-0df8-11f1-9a99-d404e6e7d460-mgr-x[39984]:
2026-02-20T01:09:49.601+0000 7fb39577b140 -1 mgr[py] Module alerts has missing NOTIFY_TYPES member
2026-02-20T01:09:49.737 INFO:journalctl@ceph.mgr.x.trial127.stdout:Feb 20 01:09:49 trial127 ceph-c70dd21c-0df8-11f1-9a99-d404e6e7d460-mgr-x[39984]:
2026-02-20T01:09:49.667+0000 7fb39577b140 -1 mgr[py] Module telemetry has missing NOTIFY_TYPES member
2026-02-20T01:09:49.737 INFO:journalctl@ceph.mgr.x.trial127.stdout:Feb 20 01:09:49 trial127 ceph-c70dd21c-0df8-11f1-9a99-d404e6e7d460-mgr-x[39984]: /lib64/python3.9/site-packages/scipy/__init__.py:73: UserWarning: NumPy was imported from a Python sub-interpreter but NumPy does not properly support sub-interpreters. This will likely work for most users but might cause hard to track down issues or subtle bugs. A common user of the rare sub-interpreter feature is wsgi which also allows single-interpreter mode.
2026-02-20T01:09:49.737 INFO:journalctl@ceph.mgr.x.trial127.stdout:Feb 20 01:09:49 trial127 ceph-c70dd21c-0df8-11f1-9a99-d404e6e7d460-mgr-x[39984]: Improvements in the case of bugs are welcome, but is not on the NumPy roadmap, and full support may require significant effort to achieve.
2026-02-20T01:09:49.737 INFO:journalctl@ceph.mgr.x.trial127.stdout:Feb 20 01:09:49 trial127 ceph-c70dd21c-0df8-11f1-9a99-d404e6e7d460-mgr-x[39984]: from numpy import show_config as show_numpy_config
2026-02-20T01:09:49.996 INFO:journalctl@ceph.mon.a.trial127.stdout:Feb 20 01:09:49 trial127 ceph-mon[39713]: from='client.? 10.20.193.127:0/203163587' entity='client.admin' cmd='[{"prefix": "mgr module enable", "module": "dashboard"}]': finished
2026-02-20T01:09:49.996 INFO:journalctl@ceph.mon.a.trial127.stdout:Feb 20 01:09:49 trial127 ceph-mon[39713]: mgrmap e9: x(active, since 5s)
2026-02-20T01:09:49.996 INFO:journalctl@ceph.mon.a.trial127.stdout:Feb 20 01:09:49 trial127 ceph-mon[39713]: from='client.? 10.20.193.127:0/3181068267' entity='client.admin' cmd=[{"prefix": "mgr stat"}]: dispatch
2026-02-20T01:09:49.996 INFO:journalctl@ceph.mgr.x.trial127.stdout:Feb 20 01:09:49 trial127 ceph-c70dd21c-0df8-11f1-9a99-d404e6e7d460-mgr-x[39984]:
2026-02-20T01:09:49.739+0000 7fb39577b140 -1 mgr[py] Module diskprediction_local has missing NOTIFY_TYPES member
2026-02-20T01:09:49.997 INFO:journalctl@ceph.mgr.x.trial127.stdout:Feb 20 01:09:49 trial127 ceph-c70dd21c-0df8-11f1-9a99-d404e6e7d460-mgr-x[39984]:
2026-02-20T01:09:49.773+0000 7fb39577b140 -1 mgr[py] Module status has missing NOTIFY_TYPES member
2026-02-20T01:09:49.997 INFO:journalctl@ceph.mgr.x.trial127.stdout:Feb 20 01:09:49 trial127 ceph-c70dd21c-0df8-11f1-9a99-d404e6e7d460-mgr-x[39984]:
2026-02-20T01:09:49.868+0000 7fb39577b140 -1 mgr[py] Module rgw has missing NOTIFY_TYPES member
2026-02-20T01:09:49.997 INFO:journalctl@ceph.mgr.x.trial127.stdout:Feb 20 01:09:49 trial127 ceph-c70dd21c-0df8-11f1-9a99-d404e6e7d460-mgr-x[39984]:
2026-02-20T01:09:49.928+0000 7fb39577b140 -1 mgr[py] Module iostat has missing NOTIFY_TYPES member
2026-02-20T01:09:49.997 INFO:journalctl@ceph.mgr.x.trial127.stdout:Feb 20 01:09:49 trial127 ceph-c70dd21c-0df8-11f1-9a99-d404e6e7d460-mgr-x[39984]:
2026-02-20T01:09:49.962+0000 7fb39577b140 -1 mgr[py] Module pg_autoscaler has missing NOTIFY_TYPES member
2026-02-20T01:09:49.997 INFO:journalctl@ceph.mgr.x.trial127.stdout:Feb 20 01:09:49 trial127 ceph-c70dd21c-0df8-11f1-9a99-d404e6e7d460-mgr-x[39984]:
2026-02-20T01:09:49.994+0000 7fb39577b140 -1 mgr[py] Module osd_perf_query has missing NOTIFY_TYPES member
2026-02-20T01:09:50.283 INFO:journalctl@ceph.mgr.x.trial127.stdout:Feb 20 01:09:50 trial127 ceph-c70dd21c-0df8-11f1-9a99-d404e6e7d460-mgr-x[39984]:
2026-02-20T01:09:50.029+0000 7fb39577b140 -1 mgr[py] Module crash has missing NOTIFY_TYPES member
2026-02-20T01:09:50.283 INFO:journalctl@ceph.mgr.x.trial127.stdout:Feb 20 01:09:50 trial127 ceph-c70dd21c-0df8-11f1-9a99-d404e6e7d460-mgr-x[39984]:
2026-02-20T01:09:50.061+0000 7fb39577b140 -1 mgr[py] Module progress has missing NOTIFY_TYPES member
2026-02-20T01:09:50.553 INFO:journalctl@ceph.mgr.x.trial127.stdout:Feb 20 01:09:50 trial127 ceph-c70dd21c-0df8-11f1-9a99-d404e6e7d460-mgr-x[39984]:
2026-02-20T01:09:50.298+0000 7fb39577b140 -1 mgr[py] Module rook has missing NOTIFY_TYPES member
2026-02-20T01:09:50.553 INFO:journalctl@ceph.mgr.x.trial127.stdout:Feb 20 01:09:50 trial127 ceph-c70dd21c-0df8-11f1-9a99-d404e6e7d460-mgr-x[39984]:
2026-02-20T01:09:50.397+0000 7fb39577b140 -1 mgr[py] Module nfs has missing NOTIFY_TYPES member
2026-02-20T01:09:50.553 INFO:journalctl@ceph.mgr.x.trial127.stdout:Feb 20 01:09:50 trial127 ceph-c70dd21c-0df8-11f1-9a99-d404e6e7d460-mgr-x[39984]:
2026-02-20T01:09:50.428+0000 7fb39577b140 -1 mgr[py] Module telegraf has missing NOTIFY_TYPES member
2026-02-20T01:09:50.553 INFO:journalctl@ceph.mgr.x.trial127.stdout:Feb 20 01:09:50 trial127 ceph-c70dd21c-0df8-11f1-9a99-d404e6e7d460-mgr-x[39984]:
2026-02-20T01:09:50.459+0000 7fb39577b140 -1 mgr[py] Module selftest has missing NOTIFY_TYPES member
2026-02-20T01:09:50.554 INFO:journalctl@ceph.mgr.x.trial127.stdout:Feb 20 01:09:50 trial127 ceph-c70dd21c-0df8-11f1-9a99-d404e6e7d460-mgr-x[39984]:
2026-02-20T01:09:50.552+0000 7fb39577b140 -1 mgr[py] Module test_orchestrator has missing NOTIFY_TYPES member
2026-02-20T01:09:51.033 INFO:journalctl@ceph.mgr.x.trial127.stdout:Feb 20 01:09:50 trial127 ceph-c70dd21c-0df8-11f1-9a99-d404e6e7d460-mgr-x[39984]:
2026-02-20T01:09:50.582+0000 7fb39577b140 -1 mgr[py] Module osd_support has missing NOTIFY_TYPES member
2026-02-20T01:09:51.033 INFO:journalctl@ceph.mgr.x.trial127.stdout:Feb 20 01:09:50 trial127 ceph-c70dd21c-0df8-11f1-9a99-d404e6e7d460-mgr-x[39984]:
2026-02-20T01:09:50.677+0000 7fb39577b140 -1 mgr[py] Module orchestrator has missing NOTIFY_TYPES member
2026-02-20T01:09:51.533 INFO:journalctl@ceph.mgr.x.trial127.stdout:Feb 20 01:09:51 trial127 ceph-c70dd21c-0df8-11f1-9a99-d404e6e7d460-mgr-x[39984]:
2026-02-20T01:09:51.138+0000 7fb39577b140 -1 mgr[py] Module volumes has missing NOTIFY_TYPES member
2026-02-20T01:09:51.533 INFO:journalctl@ceph.mgr.x.trial127.stdout:Feb 20 01:09:51 trial127 ceph-c70dd21c-0df8-11f1-9a99-d404e6e7d460-mgr-x[39984]:
2026-02-20T01:09:51.169+0000 7fb39577b140 -1 mgr[py] Module zabbix has missing NOTIFY_TYPES member
2026-02-20T01:09:51.923 INFO:journalctl@ceph.mgr.x.trial127.stdout:Feb 20 01:09:51 trial127 ceph-c70dd21c-0df8-11f1-9a99-d404e6e7d460-mgr-x[39984]:
2026-02-20T01:09:51.567+0000 7fb39577b140 -1 mgr[py] Module influx has missing NOTIFY_TYPES member
2026-02-20T01:09:51.924 INFO:journalctl@ceph.mon.a.trial127.stdout:Feb 20 01:09:51 trial127 ceph-mon[39713]: Active manager daemon x restarted
2026-02-20T01:09:51.924 INFO:journalctl@ceph.mon.a.trial127.stdout:Feb 20 01:09:51 trial127 ceph-mon[39713]: Activating manager daemon x
2026-02-20T01:09:51.924 INFO:journalctl@ceph.mon.a.trial127.stdout:Feb 20 01:09:51 trial127 ceph-mon[39713]: osdmap e3: 0 total, 0 up, 0 in
2026-02-20T01:09:51.924 INFO:journalctl@ceph.mon.a.trial127.stdout:Feb 20 01:09:51 trial127 ceph-mon[39713]: mgrmap e10: x(active, starting, since 0.00226625s)
2026-02-20T01:09:51.924 INFO:journalctl@ceph.mon.a.trial127.stdout:Feb 20 01:09:51 trial127 ceph-mon[39713]: from='mgr.14150 10.20.193.127:0/603321259' entity='mgr.x' cmd=[{"prefix": "mon metadata", "id": "a"}]: dispatch
2026-02-20T01:09:51.924 INFO:journalctl@ceph.mon.a.trial127.stdout:Feb 20 01:09:51 trial127 ceph-mon[39713]: from='mgr.14150 10.20.193.127:0/603321259' entity='mgr.x' cmd=[{"prefix": "mgr metadata", "who": "x", "id": "x"}]: dispatch
2026-02-20T01:09:51.924 INFO:journalctl@ceph.mon.a.trial127.stdout:Feb 20 01:09:51 trial127 ceph-mon[39713]: from='mgr.14150 10.20.193.127:0/603321259' entity='mgr.x' cmd=[{"prefix": "mds metadata"}]: dispatch
2026-02-20T01:09:51.924 INFO:journalctl@ceph.mon.a.trial127.stdout:Feb 20 01:09:51 trial127 ceph-mon[39713]: from='mgr.14150 10.20.193.127:0/603321259' entity='mgr.x' cmd=[{"prefix": "osd metadata"}]: dispatch
2026-02-20T01:09:51.924 INFO:journalctl@ceph.mon.a.trial127.stdout:Feb 20 01:09:51 trial127 ceph-mon[39713]: from='mgr.14150 10.20.193.127:0/603321259' entity='mgr.x' cmd=[{"prefix": "mon metadata"}]: dispatch
2026-02-20T01:09:51.925 INFO:journalctl@ceph.mon.a.trial127.stdout:Feb 20 01:09:51 trial127 ceph-mon[39713]: Manager daemon x is now available
2026-02-20T01:09:51.925 INFO:journalctl@ceph.mon.a.trial127.stdout:Feb 20 01:09:51 trial127 ceph-mon[39713]: from='mgr.14150 10.20.193.127:0/603321259' entity='mgr.x' cmd=[{"prefix": "config dump", "format": "json"}]: dispatch
2026-02-20T01:09:51.925 INFO:journalctl@ceph.mon.a.trial127.stdout:Feb 20 01:09:51 trial127 ceph-mon[39713]: from='mgr.14150 10.20.193.127:0/603321259' entity='mgr.x' cmd=[{"prefix":"config rm","who":"mgr","name":"mgr/rbd_support/x/mirror_snapshot_schedule"}]: dispatch
2026-02-20T01:09:51.925 INFO:journalctl@ceph.mon.a.trial127.stdout:Feb 20 01:09:51 trial127 ceph-mon[39713]: from='mgr.14150 10.20.193.127:0/603321259' entity='mgr.x' cmd=[{"prefix":"config rm","who":"mgr","name":"mgr/rbd_support/x/trash_purge_schedule"}]: dispatch
2026-02-20T01:09:52.601 INFO:teuthology.orchestra.run.trial127.stdout:/usr/bin/ceph: stdout {
2026-02-20T01:09:52.601 INFO:teuthology.orchestra.run.trial127.stdout:/usr/bin/ceph: stdout "mgrmap_epoch": 11,
2026-02-20T01:09:52.601 INFO:teuthology.orchestra.run.trial127.stdout:/usr/bin/ceph: stdout "initialized": true
2026-02-20T01:09:52.601 INFO:teuthology.orchestra.run.trial127.stdout:/usr/bin/ceph: stdout }
2026-02-20T01:09:52.601 INFO:teuthology.orchestra.run.trial127.stdout:/usr/bin/ceph: stderr
2026-02-20T01:09:49.261+0000 7f666a32a640 1 Processor -- start
2026-02-20T01:09:52.601 INFO:teuthology.orchestra.run.trial127.stdout:/usr/bin/ceph: stderr
2026-02-20T01:09:49.261+0000 7f666a32a640 1 -- start start
2026-02-20T01:09:52.601 INFO:teuthology.orchestra.run.trial127.stdout:/usr/bin/ceph: stderr
2026-02-20T01:09:49.261+0000 7f666a32a640 1 --2- >> [v2:10.20.193.127:3300/0,v1:10.20.193.127:6789/0] conn(0x7f666410b9c0 0x7f666410bdc0 unknown :-1 s=NONE pgs=0 cs=0 l=0 rev1=0 crypto rx=0 tx=0 comp rx=0 tx=0).connect
2026-02-20T01:09:52.601 INFO:teuthology.orchestra.run.trial127.stdout:/usr/bin/ceph: stderr
2026-02-20T01:09:49.261+0000 7f666a32a640 1 -- --> [v2:10.20.193.127:3300/0,v1:10.20.193.127:6789/0] -- mon_getmap magic: 0 -- 0x7f666410c390 con 0x7f666410b9c0
2026-02-20T01:09:52.601 INFO:teuthology.orchestra.run.trial127.stdout:/usr/bin/ceph: stderr
2026-02-20T01:09:49.261+0000 7f6663fff640 1 --2- >> [v2:10.20.193.127:3300/0,v1:10.20.193.127:6789/0] conn(0x7f666410b9c0 0x7f666410bdc0 unknown :-1 s=BANNER_CONNECTING pgs=0 cs=0 l=0 rev1=0 crypto rx=0 tx=0 comp rx=0 tx=0)._handle_peer_banner_payload supported=3 required=0
2026-02-20T01:09:52.601 INFO:teuthology.orchestra.run.trial127.stdout:/usr/bin/ceph: stderr
2026-02-20T01:09:49.261+0000 7f6663fff640 1 --2- >> [v2:10.20.193.127:3300/0,v1:10.20.193.127:6789/0] conn(0x7f666410b9c0 0x7f666410bdc0 unknown :-1 s=HELLO_CONNECTING pgs=0 cs=0 l=0 rev1=1 crypto rx=0 tx=0 comp rx=0 tx=0).handle_hello peer v2:10.20.193.127:3300/0 says I am v2:10.20.193.127:33794/0 (socket says 10.20.193.127:33794)
2026-02-20T01:09:52.601 INFO:teuthology.orchestra.run.trial127.stdout:/usr/bin/ceph: stderr
2026-02-20T01:09:49.261+0000 7f6663fff640 1 -- 10.20.193.127:0/571474532 learned_addr learned my addr 10.20.193.127:0/571474532 (peer_addr_for_me v2:10.20.193.127:0/0)
2026-02-20T01:09:52.601 INFO:teuthology.orchestra.run.trial127.stdout:/usr/bin/ceph: stderr
2026-02-20T01:09:49.261+0000 7f6663fff640 1 -- 10.20.193.127:0/571474532 --> [v2:10.20.193.127:3300/0,v1:10.20.193.127:6789/0] -- mon_subscribe({config=0+,monmap=0+}) -- 0x7f666410a6b0 con 0x7f666410b9c0
2026-02-20T01:09:52.601 INFO:teuthology.orchestra.run.trial127.stdout:/usr/bin/ceph: stderr
2026-02-20T01:09:49.262+0000 7f6663fff640 1 --2- 10.20.193.127:0/571474532 >> [v2:10.20.193.127:3300/0,v1:10.20.193.127:6789/0] conn(0x7f666410b9c0 0x7f666410bdc0 secure :-1 s=READY pgs=59 cs=0 l=1 rev1=1 crypto rx=0x7f6650009920 tx=0x7f665002ef20 comp rx=0 tx=0).ready entity=mon.0 client_cookie=4f0a98d74547cc78 server_cookie=0 in_seq=0 out_seq=0
2026-02-20T01:09:52.601 INFO:teuthology.orchestra.run.trial127.stdout:/usr/bin/ceph: stderr
2026-02-20T01:09:49.262+0000 7f6662ffd640 1 -- 10.20.193.127:0/571474532 <== mon.0 v2:10.20.193.127:3300/0 1 ==== mon_map magic: 0 ==== 205+0+0 (secure 0 0 0) 0x7f665003c070 con 0x7f666410b9c0
2026-02-20T01:09:52.602 INFO:teuthology.orchestra.run.trial127.stdout:/usr/bin/ceph: stderr
2026-02-20T01:09:49.262+0000 7f6662ffd640 1 -- 10.20.193.127:0/571474532 <== mon.0 v2:10.20.193.127:3300/0 2 ==== config(26 keys) ==== 1076+0+0 (secure 0 0 0) 0x7f6650037440 con 0x7f666410b9c0
2026-02-20T01:09:52.602 INFO:teuthology.orchestra.run.trial127.stdout:/usr/bin/ceph: stderr
2026-02-20T01:09:49.262+0000 7f6662ffd640 1 -- 10.20.193.127:0/571474532 <== mon.0 v2:10.20.193.127:3300/0 3 ==== mon_map magic: 0 ==== 205+0+0 (secure 0 0 0) 0x7f66500354d0 con 0x7f666410b9c0
2026-02-20T01:09:52.602 INFO:teuthology.orchestra.run.trial127.stdout:/usr/bin/ceph: stderr
2026-02-20T01:09:49.262+0000 7f666a32a640 1 -- 10.20.193.127:0/571474532 >> [v2:10.20.193.127:3300/0,v1:10.20.193.127:6789/0] conn(0x7f666410b9c0 msgr2=0x7f666410bdc0 secure :-1 s=STATE_CONNECTION_ESTABLISHED l=1).mark_down
2026-02-20T01:09:52.602 INFO:teuthology.orchestra.run.trial127.stdout:/usr/bin/ceph: stderr
2026-02-20T01:09:49.262+0000 7f666a32a640 1 --2- 10.20.193.127:0/571474532 >> [v2:10.20.193.127:3300/0,v1:10.20.193.127:6789/0] conn(0x7f666410b9c0 0x7f666410bdc0 secure :-1 s=READY pgs=59 cs=0 l=1 rev1=1 crypto rx=0x7f6650009920 tx=0x7f665002ef20 comp rx=0 tx=0).stop
2026-02-20T01:09:52.602 INFO:teuthology.orchestra.run.trial127.stdout:/usr/bin/ceph: stderr
2026-02-20T01:09:49.262+0000 7f666a32a640 1 -- 10.20.193.127:0/571474532 shutdown_connections
2026-02-20T01:09:52.602 INFO:teuthology.orchestra.run.trial127.stdout:/usr/bin/ceph: stderr
2026-02-20T01:09:49.262+0000 7f666a32a640 1 --2- 10.20.193.127:0/571474532 >> [v2:10.20.193.127:3300/0,v1:10.20.193.127:6789/0] conn(0x7f666410b9c0 0x7f666410bdc0 unknown :-1 s=CLOSED pgs=59 cs=0 l=1 rev1=1 crypto rx=0 tx=0 comp rx=0 tx=0).stop
2026-02-20T01:09:52.602 INFO:teuthology.orchestra.run.trial127.stdout:/usr/bin/ceph: stderr
2026-02-20T01:09:49.262+0000 7f666a32a640 1 -- 10.20.193.127:0/571474532 >> 10.20.193.127:0/571474532 conn(0x7f666407db40 msgr2=0x7f666407dfb0 unknown :-1 s=STATE_NONE l=0).mark_down
2026-02-20T01:09:52.602 INFO:teuthology.orchestra.run.trial127.stdout:/usr/bin/ceph: stderr
2026-02-20T01:09:49.262+0000 7f666a32a640 1 -- 10.20.193.127:0/571474532 shutdown_connections
2026-02-20T01:09:52.602 INFO:teuthology.orchestra.run.trial127.stdout:/usr/bin/ceph: stderr
2026-02-20T01:09:49.262+0000 7f666a32a640 1 -- 10.20.193.127:0/571474532 wait complete.
2026-02-20T01:09:52.602 INFO:teuthology.orchestra.run.trial127.stdout:/usr/bin/ceph: stderr
2026-02-20T01:09:49.263+0000 7f666a32a640 1 Processor -- start
2026-02-20T01:09:52.602 INFO:teuthology.orchestra.run.trial127.stdout:/usr/bin/ceph: stderr
2026-02-20T01:09:49.263+0000 7f666a32a640 1 -- start start
2026-02-20T01:09:52.602 INFO:teuthology.orchestra.run.trial127.stdout:/usr/bin/ceph: stderr
2026-02-20T01:09:49.263+0000 7f666a32a640 1 --2- >> [v2:10.20.193.127:3300/0,v1:10.20.193.127:6789/0] conn(0x7f666410b9c0 0x7f66641a02f0 unknown :-1 s=NONE pgs=0 cs=0 l=1 rev1=0 crypto rx=0 tx=0 comp rx=0 tx=0).connect
2026-02-20T01:09:52.602 INFO:teuthology.orchestra.run.trial127.stdout:/usr/bin/ceph: stderr
2026-02-20T01:09:49.263+0000 7f666a32a640 1 -- --> [v2:10.20.193.127:3300/0,v1:10.20.193.127:6789/0] -- mon_getmap magic: 0 -- 0x7f666410e8f0 con 0x7f666410b9c0
2026-02-20T01:09:52.602 INFO:teuthology.orchestra.run.trial127.stdout:/usr/bin/ceph: stderr
2026-02-20T01:09:49.263+0000 7f6663fff640 1 --2- >> [v2:10.20.193.127:3300/0,v1:10.20.193.127:6789/0] conn(0x7f666410b9c0 0x7f66641a02f0 unknown :-1 s=BANNER_CONNECTING pgs=0 cs=0 l=1 rev1=0 crypto rx=0 tx=0 comp rx=0 tx=0)._handle_peer_banner_payload supported=3 required=0
2026-02-20T01:09:52.602 INFO:teuthology.orchestra.run.trial127.stdout:/usr/bin/ceph: stderr
2026-02-20T01:09:49.263+0000 7f6663fff640 1 --2- >> [v2:10.20.193.127:3300/0,v1:10.20.193.127:6789/0] conn(0x7f666410b9c0 0x7f66641a02f0 unknown :-1 s=HELLO_CONNECTING pgs=0 cs=0 l=1 rev1=1 crypto rx=0 tx=0 comp rx=0 tx=0).handle_hello peer v2:10.20.193.127:3300/0 says I am v2:10.20.193.127:33806/0 (socket says 10.20.193.127:33806)
2026-02-20T01:09:52.602 INFO:teuthology.orchestra.run.trial127.stdout:/usr/bin/ceph: stderr
2026-02-20T01:09:49.263+0000 7f6663fff640 1 -- 10.20.193.127:0/2790958484 learned_addr learned my addr 10.20.193.127:0/2790958484 (peer_addr_for_me v2:10.20.193.127:0/0)
2026-02-20T01:09:52.602 INFO:teuthology.orchestra.run.trial127.stdout:/usr/bin/ceph: stderr
2026-02-20T01:09:49.263+0000 7f6663fff640 1 -- 10.20.193.127:0/2790958484 --> [v2:10.20.193.127:3300/0,v1:10.20.193.127:6789/0] -- mon_subscribe({config=0+,monmap=0+}) -- 0x7f66641a0830 con 0x7f666410b9c0
2026-02-20T01:09:52.602 INFO:teuthology.orchestra.run.trial127.stdout:/usr/bin/ceph: stderr
2026-02-20T01:09:49.263+0000 7f6663fff640 1 --2- 10.20.193.127:0/2790958484 >> [v2:10.20.193.127:3300/0,v1:10.20.193.127:6789/0] conn(0x7f666410b9c0 0x7f66641a02f0 secure :-1 s=READY pgs=60 cs=0 l=1 rev1=1 crypto rx=0x7f6650039000 tx=0x7f6650037820 comp rx=0 tx=0).ready entity=mon.0 client_cookie=0 server_cookie=0 in_seq=0 out_seq=0
2026-02-20T01:09:52.602 INFO:teuthology.orchestra.run.trial127.stdout:/usr/bin/ceph: stderr
2026-02-20T01:09:49.263+0000 7f66617fa640 1 -- 10.20.193.127:0/2790958484 <== mon.0 v2:10.20.193.127:3300/0 1 ==== mon_map magic: 0 ==== 205+0+0 (secure 0 0 0) 0x7f6650047070 con 0x7f666410b9c0
2026-02-20T01:09:52.602 INFO:teuthology.orchestra.run.trial127.stdout:/usr/bin/ceph: stderr
2026-02-20T01:09:49.263+0000 7f66617fa640 1 -- 10.20.193.127:0/2790958484 <== mon.0 v2:10.20.193.127:3300/0 2 ==== config(26 keys) ==== 1076+0+0 (secure 0 0 0) 0x7f6650035df0 con 0x7f666410b9c0
2026-02-20T01:09:52.602 INFO:teuthology.orchestra.run.trial127.stdout:/usr/bin/ceph: stderr
2026-02-20T01:09:49.263+0000 7f666a32a640 1 -- 10.20.193.127:0/2790958484 --> [v2:10.20.193.127:3300/0,v1:10.20.193.127:6789/0] -- mon_subscribe({mgrmap=0+}) -- 0x7f66641a0ac0 con 0x7f666410b9c0
2026-02-20T01:09:52.603 INFO:teuthology.orchestra.run.trial127.stdout:/usr/bin/ceph: stderr
2026-02-20T01:09:49.263+0000 7f66617fa640 1 -- 10.20.193.127:0/2790958484 <== mon.0 v2:10.20.193.127:3300/0 3 ==== mon_map magic: 0 ==== 205+0+0 (secure 0 0 0) 0x7f665003c070 con 0x7f666410b9c0
2026-02-20T01:09:52.603 INFO:teuthology.orchestra.run.trial127.stdout:/usr/bin/ceph: stderr
2026-02-20T01:09:49.263+0000 7f666a32a640 1 -- 10.20.193.127:0/2790958484 --> [v2:10.20.193.127:3300/0,v1:10.20.193.127:6789/0] -- mon_subscribe({osdmap=0}) -- 0x7f66641a37b0 con 0x7f666410b9c0
2026-02-20T01:09:52.603 INFO:teuthology.orchestra.run.trial127.stdout:/usr/bin/ceph: stderr
2026-02-20T01:09:49.264+0000 7f66617fa640 1 -- 10.20.193.127:0/2790958484 <== mon.0 v2:10.20.193.127:3300/0 4 ==== mgrmap(e 9) ==== 50260+0+0 (secure 0 0 0) 0x7f665004c440 con 0x7f666410b9c0
2026-02-20T01:09:52.603 INFO:teuthology.orchestra.run.trial127.stdout:/usr/bin/ceph: stderr
2026-02-20T01:09:49.264+0000 7f66617fa640 1 --2- 10.20.193.127:0/2790958484 >> [v2:10.20.193.127:6800/845143869,v1:10.20.193.127:6801/845143869] conn(0x7f663803dc40 0x7f6638040100 unknown :-1 s=NONE pgs=0 cs=0 l=1 rev1=0 crypto rx=0 tx=0 comp rx=0 tx=0).connect
2026-02-20T01:09:52.603 INFO:teuthology.orchestra.run.trial127.stdout:/usr/bin/ceph: stderr
2026-02-20T01:09:49.264+0000 7f66617fa640 1 -- 10.20.193.127:0/2790958484 --> [v2:10.20.193.127:6800/845143869,v1:10.20.193.127:6801/845143869] -- command(tid 0: {"prefix": "get_command_descriptions"}) -- 0x7f6638040810 con 0x7f663803dc40
2026-02-20T01:09:52.603 INFO:teuthology.orchestra.run.trial127.stdout:/usr/bin/ceph: stderr
2026-02-20T01:09:49.264+0000 7f66617fa640 1 -- 10.20.193.127:0/2790958484 <== mon.0 v2:10.20.193.127:3300/0 5 ==== osd_map(2..2 src has 1..2) ==== 940+0+0 (secure 0 0 0) 0x7f66500768f0 con 0x7f666410b9c0
2026-02-20T01:09:52.603 INFO:teuthology.orchestra.run.trial127.stdout:/usr/bin/ceph: stderr
2026-02-20T01:09:49.264+0000 7f66637fe640 1 -- 10.20.193.127:0/2790958484 >> [v2:10.20.193.127:6800/845143869,v1:10.20.193.127:6801/845143869] conn(0x7f663803dc40 msgr2=0x7f6638040100 unknown :-1 s=STATE_CONNECTING_RE l=1).process reconnect failed to v2:10.20.193.127:6800/845143869
2026-02-20T01:09:52.603 INFO:teuthology.orchestra.run.trial127.stdout:/usr/bin/ceph: stderr
2026-02-20T01:09:49.264+0000 7f66637fe640 1 --2- 10.20.193.127:0/2790958484 >> [v2:10.20.193.127:6800/845143869,v1:10.20.193.127:6801/845143869] conn(0x7f663803dc40 0x7f6638040100 unknown :-1 s=START_CONNECT pgs=0 cs=0 l=1 rev1=0 crypto rx=0 tx=0 comp rx=0 tx=0)._fault waiting 0.200000
2026-02-20T01:09:52.603 INFO:teuthology.orchestra.run.trial127.stdout:/usr/bin/ceph: stderr
2026-02-20T01:09:49.465+0000 7f66637fe640 1 -- 10.20.193.127:0/2790958484 >> [v2:10.20.193.127:6800/845143869,v1:10.20.193.127:6801/845143869] conn(0x7f663803dc40 msgr2=0x7f6638040100 unknown :-1 s=STATE_CONNECTING_RE l=1).process reconnect failed to v2:10.20.193.127:6800/845143869
2026-02-20T01:09:52.603 INFO:teuthology.orchestra.run.trial127.stdout:/usr/bin/ceph: stderr
2026-02-20T01:09:49.465+0000 7f66637fe640 1 --2- 10.20.193.127:0/2790958484 >> [v2:10.20.193.127:6800/845143869,v1:10.20.193.127:6801/845143869] conn(0x7f663803dc40 0x7f6638040100 unknown :-1 s=START_CONNECT pgs=0 cs=0 l=1 rev1=0 crypto rx=0 tx=0 comp rx=0 tx=0)._fault waiting 0.400000
2026-02-20T01:09:52.603 INFO:teuthology.orchestra.run.trial127.stdout:/usr/bin/ceph: stderr
2026-02-20T01:09:49.866+0000 7f66637fe640 1 -- 10.20.193.127:0/2790958484 >> [v2:10.20.193.127:6800/845143869,v1:10.20.193.127:6801/845143869] conn(0x7f663803dc40 msgr2=0x7f6638040100 unknown :-1 s=STATE_CONNECTING_RE l=1).process reconnect failed to v2:10.20.193.127:6800/845143869
2026-02-20T01:09:52.603 INFO:teuthology.orchestra.run.trial127.stdout:/usr/bin/ceph: stderr
2026-02-20T01:09:49.866+0000 7f66637fe640 1 --2- 10.20.193.127:0/2790958484 >> [v2:10.20.193.127:6800/845143869,v1:10.20.193.127:6801/845143869] conn(0x7f663803dc40 0x7f6638040100 unknown :-1 s=START_CONNECT pgs=0 cs=0 l=1 rev1=0 crypto rx=0 tx=0 comp rx=0 tx=0)._fault waiting 0.800000
